52.167.144.166 - - [05/Apr/2026:17:31:37 +0200] "GET /category/%D0%A1%D0%B2%D1%8F%D1%82/page/12/ HTTP/1.1" 200 14756 "-" "Mozilla/5.0 AppleWebKit/537.36 (KHTML, like Gecko; compatible; bingbot/2.0; +http://www.bing.com/bingbot.htm) Chrome/116.0.1938.76 Safari/537.36"
40.77.167.57 - - [05/Apr/2026:17:31:43 +0200] "GET /%D1%81%D0%BB%D0%B5%D0%B4-%D0%B1%D1%80%D0%B5%D0%BA%D0%B7%D0%B8%D1%82-%D0%BE%D1%87%D0%B0%D0%BA%D0%B2%D0%B0-%D0%BB%D0%B8-%D1%81%D0%B5-%D0%BC%D0%B0%D1%81%D0%BE%D0%B2%D0%BE-%D0%B7%D0%B0%D0%B2%D1%80%D1%8A/ HTTP/1.1" 200 18208 "-" "Mozilla/5.0 AppleWebKit/537.36 (KHTML, like Gecko; compatible; bingbot/2.0; +http://www.bing.com/bingbot.htm) Chrome/116.0.1938.76 Safari/537.36"
40.77.167.57 - - [05/Apr/2026:17:31:44 +0200] "GET /%D0%B3%D0%B5%D1%80%D0%BC%D0%B0%D0%BD%D0%B8%D1%8F-%D0%BD%D0%B5%D0%B2%D0%B5%D1%80%D0%BE%D1%8F%D1%82%D0%BD%D0%B0%D1%82%D0%B0-%D0%B8%D1%81%D1%82%D0%BE%D1%80%D0%B8%D1%8F/airbuss-380-696x391/ HTTP/1.1" 200 12522 "-" "Mozilla/5.0 AppleWebKit/537.36 (KHTML, like Gecko; compatible; bingbot/2.0; +http://www.bing.com/bingbot.htm) Chrome/116.0.1938.76 Safari/537.36"
92.222.108.116 - - [05/Apr/2026:17:31:49 +0200] "GET /wp-content/uploads/2017/10/item_item-696x391.jpg HTTP/1.1" 200 103782 "-" "Mozilla/5.0 (compatible; AhrefsBot/7.0; +http://ahrefs.com/robot/)"
51.75.236.128 - - [05/Apr/2026:17:31:50 +0200] "GET /%D0%B1%D1%80%D0%B8%D1%82%D0%B0%D0%BD%D1%81%D0%BA%D0%B8-%D0%B4%D0%B5%D0%BF%D1%83%D1%82%D0%B0%D1%82-%D0%B1%D1%8A%D0%BB%D0%B3%D0%B0%D1%80%D1%81%D0%BA%D0%B8%D1%82%D0%B5-%D1%80%D0%B0%D0%B1%D0%BE%D1%82/ HTTP/1.1" 200 17261 "-" "Mozilla/5.0 (compatible; AhrefsBot/7.0; +http://ahrefs.com/robot/)"
144.76.32.237 - - [05/Apr/2026:17:32:06 +0200] "GET /10-%D0%BC%D0%B8%D1%82%D0%B0-%D0%B7%D0%B0-%D0%B1%D1%8A%D0%BB%D0%B3%D0%B0%D1%80%D0%B8%D1%82%D0%B5-%D0%B2-%D1%87%D1%83%D0%B6%D0%B1%D0%B8%D0%BD%D0%B0/ HTTP/1.1" 200 22156 "-" "Mozilla/5.0 (compatible; SERankingBacklinksBot/1.0; +https://seranking.com/backlinks-crawler)"
144.76.32.237 - - [05/Apr/2026:17:32:19 +0200] "GET /%D0%B4%D0%B0-%D1%80%D0%B0%D0%B1%D0%BE%D1%82%D0%B8%D1%88-%D0%B4%D0%BE-%D0%BC%D0%B0%D1%80%D0%BA-%D0%B7%D1%83%D0%BA%D1%8A%D1%80%D0%B1%D1%8A%D1%80%D0%B3/ HTTP/1.1" 200 23439 "-" "Mozilla/5.0 (compatible; SERankingBacklinksBot/1.0; +https://seranking.com/backlinks-crawler)"
144.76.32.237 - - [05/Apr/2026:17:32:29 +0200] "GET /%D1%80%D0%BE%D0%B4%D0%B8%D0%BD%D0%B0%D1%82%D0%B0-%D0%BD%D0%B5-%D0%B5-%D0%B4%D1%8A%D1%80%D0%B6%D0%B0%D0%B2%D0%B0%D1%82%D0%B0-%D1%81%D0%B8%D0%BD%D0%B5/ HTTP/1.1" 200 20380 "-" "Mozilla/5.0 (compatible; SERankingBacklinksBot/1.0; +https://seranking.com/backlinks-crawler)"
144.76.32.237 - - [05/Apr/2026:17:32:47 +0200] "GET /%D1%83%D0%BD%D0%B8%D0%BA%D0%B0%D0%BB%D0%BD%D0%B0-%D0%B8%D1%81%D1%82%D0%BE%D1%80%D0%B8%D1%8F-%D0%BD%D0%B0-%D0%B1%D1%8A%D0%BB%D0%B3%D0%B0%D1%80%D0%B8%D0%BD/ HTTP/1.1" 200 23055 "-" "Mozilla/5.0 (compatible; SERankingBacklinksBot/1.0; +https://seranking.com/backlinks-crawler)"
144.76.32.237 - - [05/Apr/2026:17:33:07 +0200] "GET /%D1%81%D0%BE%D0%B7%D0%BE%D0%BF%D0%BE%D0%BB-%D0%B2-7-%D1%81%D0%BD%D0%B8%D0%BC%D0%BA%D0%B8-%D0%BE%D1%82-60-%D1%82%D0%B570-%D1%82%D0%B5-%D0%B8-80-%D1%82%D0%B5/ HTTP/1.1" 200 17367 "-" "Mozilla/5.0 (compatible; SERankingBacklinksBot/1.0; +https://seranking.com/backlinks-crawler)"
144.76.32.237 - - [05/Apr/2026:17:33:18 +0200] "GET /%D0%B0%D0%BC%D0%B1%D0%B8%D1%86%D0%B8%D0%BE%D0%B7%D0%BD%D0%B0-%D0%B1%D1%8A%D0%BB%D0%B3%D0%B0%D1%80%D0%BA%D0%B0-%D0%B2-%D1%87%D1%83%D0%B6%D0%B1%D0%B8%D0%BD%D0%B0/ HTTP/1.1" 200 20293 "-" "Mozilla/5.0 (compatible; SERankingBacklinksBot/1.0; +https://seranking.com/backlinks-crawler)"
144.76.32.237 - - [05/Apr/2026:17:33:43 +0200] "GET /%D0%BD%D0%B0-%D0%B1%D1%8A%D0%B4%D0%BD%D0%B8-%D0%B2%D0%B5%D1%87%D0%B5%D1%80-%D0%BD%D0%B5%D0%B1%D0%B5%D1%82%D0%BE-%D1%81%D0%B5-%D0%BE%D1%82%D0%B2%D0%B0%D1%80%D1%8F/ HTTP/1.1" 200 19981 "-" "Mozilla/5.0 (compatible; SERankingBacklinksBot/1.0; +https://seranking.com/backlinks-crawler)"
144.76.32.237 - - [05/Apr/2026:17:34:05 +0200] "GET /%D0%B3%D0%B5%D1%80%D0%BC%D0%B0%D0%BD%D0%B8%D1%8F-%D0%BD%D0%B5%D0%B2%D0%B5%D1%80%D0%BE%D1%8F%D1%82%D0%BD%D0%B0%D1%82%D0%B0-%D0%B8%D1%81%D1%82%D0%BE%D1%80%D0%B8%D1%8F/ HTTP/1.1" 502 150 "-" "Mozilla/5.0 (compatible; SERankingBacklinksBot/1.0; +https://seranking.com/backlinks-crawler)"
34.198.117.140 - - [05/Apr/2026:17:34:28 +0200] "GET /wp-json/oembed/1.0/embed?format=xml&url=https://bulpress.eu/%25d0%25bd%25d0%25be%25d0%25b2%25d0%25b8%25d1%258f%25d1%2582-%25d0%25b0%25d0%25b9%25d0%25bd%25d1%2589%25d0%25b0%25d0%25b9%25d0%25bd-%25d0%25b5-6-%25d0%25b3%25d0%25be%25d0%25b4%25d0%25b8%25d1%2588%25d0%25bd%25d0%25be-%25d0%25b1%25d1%258a%25d0%25bb%25d0%25b3%25d0%25b0%25d1%2580%25d1%2587%25d0%25b5/ HTTP/1.1" 200 1208 "-" "Mozilla/5.0 AppleWebKit/537.36 (KHTML, like Gecko; compatible; Amzn-SearchBot/0.1) Chrome/119.0.6045.214 Safari/537.36"
161.178.139.119 - - [05/Apr/2026:17:34:33 +0200] "POST /wp-login.php HTTP/1.1" 200 1527 "-" "Mozilla/5.0"
51.75.236.132 - - [05/Apr/2026:17:34:39 +0200] "GET /%D0%BE%D1%89%D0%B5-%D0%BF%D1%80%D0%B5%D0%B7-1934-%D0%B2-%D0%BF%D0%BB%D0%BE%D0%B2%D0%B4%D0%B8%D0%B2-%D0%BB%D0%B5%D0%BA%D1%83%D0%B2%D0%B0%D1%82-%D1%81-%D1%85%D0%BB%D0%BE%D1%80%D0%BE%D1%85%D0%B8%D0%BD/ HTTP/1.1" 200 19483 "-" "Mozilla/5.0 (compatible; AhrefsBot/7.0; +http://ahrefs.com/robot/)"
94.23.188.208 - - [05/Apr/2026:17:37:04 +0200] "GET /23-%D0%B2%D0%B5%D0%BB%D0%B8%D0%BA%D0%B8-%D0%BE%D1%82%D0%BA%D1%80%D0%B8%D1%82%D0%B8%D1%8F-%D0%BD%D0%B0-%D0%B1%D1%8A%D0%BB%D0%B3%D0%B0%D1%80%D0%B8%D1%82%D0%B5/ HTTP/1.1" 502 150 "-" "Mozilla/5.0 (compatible; AhrefsBot/7.0; +http://ahrefs.com/robot/)"
98.159.37.113 - - [05/Apr/2026:17:37:12 +0200] "POST /wp-login.php HTTP/1.1" 200 1537 "-" "Mozilla/5.0"
85.208.96.193 - - [05/Apr/2026:17:37:41 +0200] "GET /tag/%D0%BF%D0%BE%D1%81%D0%BB%D0%B5%D0%B4%D0%BD%D0%B8-%D0%BD%D0%BE%D0%B2%D0%B8%D0%BD%D0%B8/page/97/ HTTP/1.1" 200 14311 "-" "Mozilla/5.0 (compatible; SemrushBot/7~bl; +http://www.semrush.com/bot.html)"
92.222.104.200 - - [05/Apr/2026:17:39:37 +0200] "GET /50-%D0%B1%D1%80%D1%83%D1%82%D0%B0%D0%BB%D0%BD%D0%B8-%D0%B8%D1%81%D1%82%D0%B8%D0%BD%D0%B8-%D0%B7%D0%B0-%D0%B6%D0%B8%D0%B2%D0%BE%D1%82%D0%B0-%D0%BA%D0%BE%D0%B8%D1%82%D0%BE-%D0%BD%D0%B8%D0%BA%D0%BE/ HTTP/1.1" 200 18831 "-" "Mozilla/5.0 (compatible; AhrefsBot/7.0; +http://ahrefs.com/robot/)"
185.191.171.10 - - [05/Apr/2026:17:39:42 +0200] "GET /tag/%D0%9D%D0%BE%D0%B2%D0%B8%D0%BD%D0%B0%D1%82%D0%B0/page/33/ HTTP/1.1" 200 14450 "-" "Mozilla/5.0 (compatible; SemrushBot/7~bl; +http://www.semrush.com/bot.html)"
103.191.203.113 - - [05/Apr/2026:17:39:59 +0200] "POST /xmlrpc.php HTTP/1.1" 404 11890 "-" "Mozilla/5.0 (Macintosh; Intel Mac OS X 10_15_7; x86) AppleWebKit/537.36 (KHTML, like Gecko) Safari/14.0.0.0 Safari/537.36"
52.167.144.25 - - [05/Apr/2026:17:40:03 +0200] "GET /category/%D0%A1%D0%B2%D1%8F%D1%82/page/10/ HTTP/1.1" 502 552 "-" "Mozilla/5.0 AppleWebKit/537.36 (KHTML, like Gecko; compatible; bingbot/2.0; +http://www.bing.com/bingbot.htm) Chrome/116.0.1938.76 Safari/537.36"
216.73.160.178 - - [05/Apr/2026:17:40:12 +0200] "POST /wp-login.php HTTP/1.1" 200 1527 "-" "Mozilla/5.0"
74.7.227.18 - - [05/Apr/2026:17:40:47 +0200] "GET / HTTP/1.1" 301 0 "-" "Mozilla/5.0 AppleWebKit/537.36 (KHTML, like Gecko; compatible; GPTBot/1.3; +https://openai.com/gptbot)"
185.191.171.10 - - [05/Apr/2026:17:43:44 +0200] "GET /30-%D0%B3%D0%BE%D0%B4%D0%B8%D1%88%D0%BD%D0%B0-%D1%81-%D0%BD%D1%8F%D0%BA%D0%BE%D0%BB%D0%BA%D0%BE-%D0%B4%D0%B8%D0%BF%D0%BB%D0%BE%D0%BC%D0%B8-%D0%B3%D0%BB%D0%B5%D0%B4%D0%B0-%D1%81%D1%8A%D1%81-%D1%81/ HTTP/1.1" 200 20201 "-" "Mozilla/5.0 (compatible; SemrushBot/7~bl; +http://www.semrush.com/bot.html)"
188.213.202.135 - - [05/Apr/2026:17:43:55 +0200] "POST /wp-login.php HTTP/1.1" 200 1527 "-" "Mozilla/5.0"
66.249.64.72 - - [05/Apr/2026:17:44:21 +0200] "GET /robots.txt HTTP/1.1" 200 66 "-" "Mozilla/5.0 (compatible; Googlebot/2.1; +http://www.google.com/bot.html)"
66.249.64.73 - - [05/Apr/2026:17:44:23 +0200] "GET /wp-content/uploads/2019/04/troqn.jpg HTTP/1.1" 304 0 "-" "Googlebot-Image/1.0"
94.23.188.205 - - [05/Apr/2026:17:44:32 +0200] "GET /%D0%B8%D0%B7-%D0%B3%D0%B0%D0%B4%D0%B0%D0%BD%D0%B8%D1%8F%D1%82%D0%B0-%D0%BD%D0%B0-%D1%81%D1%82%D0%B0%D1%80%D0%B8%D1%82%D0%B5-%D0%B1%D1%8A%D0%BB%D0%B3%D0%B0%D1%80%D0%B8-%D0%BA%D0%B0%D0%BA%D0%B2%D0%BE/ HTTP/1.1" 200 17823 "-" "Mozilla/5.0 (compatible; AhrefsBot/7.0; +http://ahrefs.com/robot/)"
46.55.229.229 - - [05/Apr/2026:17:46:33 +0200] "GET /category/%D0%A1%D0%B2%D1%8F%D1%82/ HTTP/1.1" 200 14378 "-" "Mozilla/5.0 (Macintosh; U; Intel Mac OS X 10_7_8 rv:2.0; hak-TW) AppleWebKit/533.47.4 (KHTML, like Gecko) Version/4.0 Safari/533.47.4"
85.208.96.206 - - [05/Apr/2026:17:47:08 +0200] "GET /tag/%D0%9F%D0%BB%D0%B8%D1%81%D0%BA%D0%B0/page/2/ HTTP/1.1" 200 14486 "-" "Mozilla/5.0 (compatible; SemrushBot/7~bl; +http://www.semrush.com/bot.html)"
216.73.216.170 - - [05/Apr/2026:17:49:33 +0200] "GET /robots.txt HTTP/1.1" 200 66 "-" "Mozilla/5.0 AppleWebKit/537.36 (KHTML, like Gecko; compatible; Claude-SearchBot/1.0; +searchbot@anthropic.com)"
161.178.139.119 - - [05/Apr/2026:17:50:45 +0200] "POST /wp-login.php HTTP/1.1" 200 1527 "-" "Mozilla/5.0"
40.77.167.44 - - [05/Apr/2026:17:50:56 +0200] "GET /%D1%81%D1%82%D1%80%D0%B5%D0%BB%D0%B1%D0%B0-%D0%B2-%D1%81%D1%82%D1%80%D0%B0%D1%81%D0%B1%D1%83%D1%80%D0%B3-%D1%85%D0%BE%D1%80%D0%B0%D1%82%D0%B0-%D1%81%D0%B0-%D0%B2-%D0%BF%D0%B0%D0%BD%D0%B8%D0%BA%D0%B0/ HTTP/1.1" 200 16795 "-" "Mozilla/5.0 AppleWebKit/537.36 (KHTML, like Gecko; compatible; bingbot/2.0; +http://www.bing.com/bingbot.htm) Chrome/116.0.1938.76 Safari/537.36"
40.77.167.44 - - [05/Apr/2026:17:50:57 +0200] "GET /%D0%B5%D0%B2%D1%80%D0%BE%D0%BF%D0%B5%D0%B9%D1%81%D0%BA%D0%B8%D1%82%D0%B5-%D0%B6%D1%83%D1%80%D0%BD%D0%B0%D0%BB%D0%B8%D1%81%D1%82%D0%B8-%D0%BA%D1%8A%D0%BC-%D0%BF%D1%80%D0%B5%D0%B7%D0%B8%D0%B4%D0%B5/ HTTP/1.1" 200 18979 "-" "Mozilla/5.0 AppleWebKit/537.36 (KHTML, like Gecko; compatible; bingbot/2.0; +http://www.bing.com/bingbot.htm) Chrome/116.0.1938.76 Safari/537.36"
81.51.75.133 - - [05/Apr/2026:17:51:08 +0200] "GET /category/%d0%9d%d0%be%d0%b2%d0%b8%d0%bd%d0%b8/ HTTP/1.1" 200 14622 "-" "Mozilla/5.0 (Windows; U; Windows NT 6.2) AppleWebKit/535.16.1 (KHTML, like Gecko) Version/5.0.3 Safari/535.16.1"
40.77.167.35 - - [05/Apr/2026:17:51:09 +0200] "GET /%D1%87%D1%83%D0%B4%D0%BE-%D0%B2-%D1%80%D0%BE%D0%B4%D0%BE%D0%BF%D0%B8%D1%82%D0%B5-%D1%88%D0%B5%D1%81%D1%82%D0%B3%D0%BE%D0%B4%D0%B8%D1%88%D0%BD%D0%BE-%D0%B4%D0%B5%D1%82%D0%B5-%D0%BE%D1%82-%D0%B1%D1%8A/ HTTP/1.1" 200 17478 "-" "Mozilla/5.0 AppleWebKit/537.36 (KHTML, like Gecko; compatible; bingbot/2.0; +http://www.bing.com/bingbot.htm) Chrome/116.0.1938.76 Safari/537.36"
52.167.144.18 - - [05/Apr/2026:17:51:13 +0200] "GET /%D1%81-%D0%BA%D0%B0%D0%BA%D0%B2%D0%BE-%D0%B1%D1%8A%D0%BB%D0%B3%D0%B0%D1%80%D0%B8%D1%8F-%D0%BF%D1%80%D0%BE%D0%BC%D0%B5%D0%BD%D0%B8-%D1%81%D0%B2%D0%B5%D1%82%D0%B0/ HTTP/1.1" 200 24453 "-" "Mozilla/5.0 AppleWebKit/537.36 (KHTML, like Gecko; compatible; bingbot/2.0; +http://www.bing.com/bingbot.htm) Chrome/116.0.1938.76 Safari/537.36"
66.249.64.72 - - [05/Apr/2026:17:51:36 +0200] "GET /%D0%A3%D0%A1%D0%9F%D0%95%D0%9B%D0%98%D0%A2%D0%95-%D0%9D%D0%90%D0%A8%D0%95%D0%9D%D0%A6%D0%98-%D0%90%D0%BD%D1%82%D0%BE%D0%BD%D0%B8%D1%8F-%D0%93%D1%80%D0%BE%D0%B7%D0%B4%D0%B0%D0%BD%D0%BE%D0%B2%D0%B0/ HTTP/1.1" 200 20615 "-" "Mozilla/5.0 (Linux; Android 6.0.1; Nexus 5X Build/MMB29P) AppleWebKit/537.36 (KHTML, like Gecko) Chrome/146.0.7680.177 Mobile Safari/537.36 (compatible; Googlebot/2.1; +http://www.google.com/bot.html)"
40.77.167.35 - - [05/Apr/2026:17:51:52 +0200] "GET /%D0%BA%D0%BE%D0%BB%D0%B5%D0%B6%D0%BA%D0%B0-%D0%BD%D0%B0-%D0%B1%D1%80%D1%83%D1%82%D0%B0%D0%BB%D0%BD%D0%BE-%D1%83%D0%B1%D0%B8%D1%82%D0%B0%D1%82%D0%B0-%D0%B2%D0%B8%D0%BA%D1%82%D0%BE%D1%80%D0%B8%D1%8F/ HTTP/1.1" 200 19014 "-" "Mozilla/5.0 AppleWebKit/537.36 (KHTML, like Gecko; compatible; bingbot/2.0; +http://www.bing.com/bingbot.htm) Chrome/116.0.1938.76 Safari/537.36"
20.211.123.94 - - [05/Apr/2026:17:52:44 +0200] "GET /file.php HTTP/1.1" 301 0 "-" "Mozilla/5.0 (Windows NT 10.0; Win64; x64) AppleWebKit/537.36 (KHTML, like Gecko) Chrome/120.0.0.0 Safari/537.36"
20.211.123.94 - - [05/Apr/2026:17:52:45 +0200] "GET /gettest.php HTTP/1.1" 301 0 "-" "Mozilla/5.0 (Windows NT 10.0; Win64; x64) AppleWebKit/537.36 (KHTML, like Gecko) Chrome/120.0.0.0 Safari/537.36"
20.211.123.94 - - [05/Apr/2026:17:52:45 +0200] "GET /gg.php HTTP/1.1" 301 0 "-" "Mozilla/5.0 (Windows NT 10.0; Win64; x64) AppleWebKit/537.36 (KHTML, like Gecko) Chrome/120.0.0.0 Safari/537.36"
20.211.123.94 - - [05/Apr/2026:17:52:46 +0200] "GET /goods.php HTTP/1.1" 301 0 "-" "Mozilla/5.0 (Windows NT 10.0; Win64; x64) AppleWebKit/537.36 (KHTML, like Gecko) Chrome/120.0.0.0 Safari/537.36"
20.211.123.94 - - [05/Apr/2026:17:52:46 +0200] "GET /info.php HTTP/1.1" 301 0 "-" "Mozilla/5.0 (Windows NT 10.0; Win64; x64) AppleWebKit/537.36 (KHTML, like Gecko) Chrome/120.0.0.0 Safari/537.36"
20.211.123.94 - - [05/Apr/2026:17:52:47 +0200] "GET /install.php HTTP/1.1" 301 0 "-" "Mozilla/5.0 (Windows NT 10.0; Win64; x64) AppleWebKit/537.36 (KHTML, like Gecko) Chrome/120.0.0.0 Safari/537.36"
20.211.123.94 - - [05/Apr/2026:17:52:47 +0200] "GET /item.php HTTP/1.1" 301 0 "-" "Mozilla/5.0 (Windows NT 10.0; Win64; x64) AppleWebKit/537.36 (KHTML, like Gecko) Chrome/120.0.0.0 Safari/537.36"
20.211.123.94 - - [05/Apr/2026:17:52:48 +0200] "GET /jga.php HTTP/1.1" 301 0 "-" "Mozilla/5.0 (Windows NT 10.0; Win64; x64) AppleWebKit/537.36 (KHTML, like Gecko) Chrome/120.0.0.0 Safari/537.36"
20.211.123.94 - - [05/Apr/2026:17:52:49 +0200] "GET /leaf.php HTTP/1.1" 301 0 "-" "Mozilla/5.0 (Windows NT 10.0; Win64; x64) AppleWebKit/537.36 (KHTML, like Gecko) Chrome/120.0.0.0 Safari/537.36"
20.211.123.94 - - [05/Apr/2026:17:52:49 +0200] "GET /load.php HTTP/1.1" 301 0 "-" "Mozilla/5.0 (Windows NT 10.0; Win64; x64) AppleWebKit/537.36 (KHTML, like Gecko) Chrome/120.0.0.0 Safari/537.36"
20.211.123.94 - - [05/Apr/2026:17:52:50 +0200] "GET /lock.php HTTP/1.1" 301 0 "-" "Mozilla/5.0 (Windows NT 10.0; Win64; x64) AppleWebKit/537.36 (KHTML, like Gecko) Chrome/120.0.0.0 Safari/537.36"
20.211.123.94 - - [05/Apr/2026:17:52:50 +0200] "GET /lock360.php HTTP/1.1" 301 0 "-" "Mozilla/5.0 (Windows NT 10.0; Win64; x64) AppleWebKit/537.36 (KHTML, like Gecko) Chrome/120.0.0.0 Safari/537.36"
20.211.123.94 - - [05/Apr/2026:17:52:51 +0200] "GET /log.php HTTP/1.1" 301 0 "-" "Mozilla/5.0 (Windows NT 10.0; Win64; x64) AppleWebKit/537.36 (KHTML, like Gecko) Chrome/120.0.0.0 Safari/537.36"
20.211.123.94 - - [05/Apr/2026:17:52:51 +0200] "GET /manager.php HTTP/1.1" 301 0 "-" "Mozilla/5.0 (Windows NT 10.0; Win64; x64) AppleWebKit/537.36 (KHTML, like Gecko) Chrome/120.0.0.0 Safari/537.36"
20.211.123.94 - - [05/Apr/2026:17:52:52 +0200] "GET /meta.php HTTP/1.1" 301 0 "-" "Mozilla/5.0 (Windows NT 10.0; Win64; x64) AppleWebKit/537.36 (KHTML, like Gecko) Chrome/120.0.0.0 Safari/537.36"
20.211.123.94 - - [05/Apr/2026:17:52:52 +0200] "GET /mini.php HTTP/1.1" 301 0 "-" "Mozilla/5.0 (Windows NT 10.0; Win64; x64) AppleWebKit/537.36 (KHTML, like Gecko) Chrome/120.0.0.0 Safari/537.36"
20.211.123.94 - - [05/Apr/2026:17:52:53 +0200] "GET /mjq.php HTTP/1.1" 301 0 "-" "Mozilla/5.0 (Windows NT 10.0; Win64; x64) AppleWebKit/537.36 (KHTML, like Gecko) Chrome/120.0.0.0 Safari/537.36"
20.211.123.94 - - [05/Apr/2026:17:52:54 +0200] "GET /new.php HTTP/1.1" 301 0 "-" "Mozilla/5.0 (Windows NT 10.0; Win64; x64) AppleWebKit/537.36 (KHTML, like Gecko) Chrome/120.0.0.0 Safari/537.36"
20.211.123.94 - - [05/Apr/2026:17:52:54 +0200] "GET /onclickfuns.php HTTP/1.1" 301 0 "-" "Mozilla/5.0 (Windows NT 10.0; Win64; x64) AppleWebKit/537.36 (KHTML, like Gecko) Chrome/120.0.0.0 Safari/537.36"
20.211.123.94 - - [05/Apr/2026:17:52:55 +0200] "GET /option.php HTTP/1.1" 301 0 "-" "Mozilla/5.0 (Windows NT 10.0; Win64; x64) AppleWebKit/537.36 (KHTML, like Gecko) Chrome/120.0.0.0 Safari/537.36"
20.211.123.94 - - [05/Apr/2026:17:52:55 +0200] "GET /plugin-editor.php HTTP/1.1" 301 0 "-" "Mozilla/5.0 (Windows NT 10.0; Win64; x64) AppleWebKit/537.36 (KHTML, like Gecko) Chrome/120.0.0.0 Safari/537.36"
20.211.123.94 - - [05/Apr/2026:17:52:56 +0200] "GET /profile.php HTTP/1.1" 301 0 "-" "Mozilla/5.0 (Windows NT 10.0; Win64; x64) AppleWebKit/537.36 (KHTML, like Gecko) Chrome/120.0.0.0 Safari/537.36"
20.211.123.94 - - [05/Apr/2026:17:52:56 +0200] "GET /qw_03b4ad31.php HTTP/1.1" 301 0 "-" "Mozilla/5.0 (Windows NT 10.0; Win64; x64) AppleWebKit/537.36 (KHTML, like Gecko) Chrome/120.0.0.0 Safari/537.36"
20.211.123.94 - - [05/Apr/2026:17:52:57 +0200] "GET /radio.php HTTP/1.1" 301 0 "-" "Mozilla/5.0 (Windows NT 10.0; Win64; x64) AppleWebKit/537.36 (KHTML, like Gecko) Chrome/120.0.0.0 Safari/537.36"
20.211.123.94 - - [05/Apr/2026:17:52:58 +0200] "GET /sf.php HTTP/1.1" 301 0 "-" "Mozilla/5.0 (Windows NT 10.0; Win64; x64) AppleWebKit/537.36 (KHTML, like Gecko) Chrome/120.0.0.0 Safari/537.36"
20.211.123.94 - - [05/Apr/2026:17:52:58 +0200] "GET /simple.php HTTP/1.1" 301 0 "-" "Mozilla/5.0 (Windows NT 10.0; Win64; x64) AppleWebKit/537.36 (KHTML, like Gecko) Chrome/120.0.0.0 Safari/537.36"
20.211.123.94 - - [05/Apr/2026:17:52:59 +0200] "GET /sql.php HTTP/1.1" 301 0 "-" "Mozilla/5.0 (Windows NT 10.0; Win64; x64) AppleWebKit/537.36 (KHTML, like Gecko) Chrome/120.0.0.0 Safari/537.36"
20.211.123.94 - - [05/Apr/2026:17:52:59 +0200] "GET /test.php HTTP/1.1" 301 0 "-" "Mozilla/5.0 (Windows NT 10.0; Win64; x64) AppleWebKit/537.36 (KHTML, like Gecko) Chrome/120.0.0.0 Safari/537.36"
20.211.123.94 - - [05/Apr/2026:17:53:00 +0200] "GET /test1.php HTTP/1.1" 301 0 "-" "Mozilla/5.0 (Windows NT 10.0; Win64; x64) AppleWebKit/537.36 (KHTML, like Gecko) Chrome/120.0.0.0 Safari/537.36"
20.211.123.94 - - [05/Apr/2026:17:53:00 +0200] "GET /themes.php HTTP/1.1" 301 0 "-" "Mozilla/5.0 (Windows NT 10.0; Win64; x64) AppleWebKit/537.36 (KHTML, like Gecko) Chrome/120.0.0.0 Safari/537.36"
20.211.123.94 - - [05/Apr/2026:17:53:01 +0200] "GET /upload/medialibrary HTTP/1.1" 301 0 "-" "Mozilla/5.0 (Windows NT 10.0; Win64; x64) AppleWebKit/537.36 (KHTML, like Gecko) Chrome/120.0.0.0 Safari/537.36"
20.211.123.94 - - [05/Apr/2026:17:53:04 +0200] "GET /wp-admin.php HTTP/1.1" 502 552 "-" "Mozilla/5.0 (Windows NT 10.0; Win64; x64) AppleWebKit/537.36 (KHTML, like Gecko) Chrome/120.0.0.0 Safari/537.36"
20.211.123.94 - - [05/Apr/2026:17:53:04 +0200] "GET /wp-admin/ HTTP/1.1" 502 552 "-" "Mozilla/5.0 (Windows NT 10.0; Win64; x64) AppleWebKit/537.36 (KHTML, like Gecko) Chrome/120.0.0.0 Safari/537.36"
20.211.123.94 - - [05/Apr/2026:17:53:04 +0200] "GET /wp-blog-header.php HTTP/1.1" 502 552 "-" "Mozilla/5.0 (Windows NT 10.0; Win64; x64) AppleWebKit/537.36 (KHTML, like Gecko) Chrome/120.0.0.0 Safari/537.36"
20.211.123.94 - - [05/Apr/2026:17:53:05 +0200] "GET /wp-config-sample.php HTTP/1.1" 403 140 "-" "Mozilla/5.0 (Windows NT 10.0; Win64; x64) AppleWebKit/537.36 (KHTML, like Gecko) Chrome/120.0.0.0 Safari/537.36"
20.211.123.94 - - [05/Apr/2026:17:53:05 +0200] "GET /wp-content/languages/ HTTP/1.1" 301 0 "-" "Mozilla/5.0 (Windows NT 10.0; Win64; x64) AppleWebKit/537.36 (KHTML, like Gecko) Chrome/120.0.0.0 Safari/537.36"
20.211.123.94 - - [05/Apr/2026:17:53:06 +0200] "GET /wp-content/plugins/ HTTP/1.1" 301 0 "-" "Mozilla/5.0 (Windows NT 10.0; Win64; x64) AppleWebKit/537.36 (KHTML, like Gecko) Chrome/120.0.0.0 Safari/537.36"
20.211.123.94 - - [05/Apr/2026:17:53:06 +0200] "GET /wp-content/themes/ HTTP/1.1" 301 0 "-" "Mozilla/5.0 (Windows NT 10.0; Win64; x64) AppleWebKit/537.36 (KHTML, like Gecko) Chrome/120.0.0.0 Safari/537.36"
20.211.123.94 - - [05/Apr/2026:17:53:07 +0200] "GET /wp-includes/phpmailer/phpmailer.php HTTP/1.1" 301 0 "-" "Mozilla/5.0 (Windows NT 10.0; Win64; x64) AppleWebKit/537.36 (KHTML, like Gecko) Chrome/120.0.0.0 Safari/537.36"
20.211.123.94 - - [05/Apr/2026:17:53:08 +0200] "GET /wp.php HTTP/1.1" 301 0 "-" "Mozilla/5.0 (Windows NT 10.0; Win64; x64) AppleWebKit/537.36 (KHTML, like Gecko) Chrome/120.0.0.0 Safari/537.36"
20.211.123.94 - - [05/Apr/2026:17:53:08 +0200] "GET /xmlrpc.php HTTP/1.1" 301 0 "-" "Mozilla/5.0 (Windows NT 10.0; Win64; x64) AppleWebKit/537.36 (KHTML, like Gecko) Chrome/120.0.0.0 Safari/537.36"
52.167.144.136 - - [05/Apr/2026:17:53:16 +0200] "GET /%D0%BA%D0%BE%D0%BB%D0%BA%D0%BE-%D1%81%D1%82%D1%80%D1%83%D0%B2%D0%B0-%D1%81%D0%BF%D0%BE%D0%BA%D0%BE%D0%B5%D0%BD-%D0%B6%D0%B8%D0%B2%D0%BE%D1%82-%D0%BD%D0%B0-%D1%81%D0%B5%D0%BB%D0%BE/ HTTP/1.1" 200 19429 "-" "Mozilla/5.0 AppleWebKit/537.36 (KHTML, like Gecko; compatible; bingbot/2.0; +http://www.bing.com/bingbot.htm) Chrome/116.0.1938.76 Safari/537.36"
52.167.144.18 - - [05/Apr/2026:17:53:20 +0200] "GET /%D0%B2%D0%BA%D1%8A%D1%89%D0%B8-%D0%BD%D0%B8%D1%89%D0%BE-%D0%BD%D0%B5-%D0%B2%D1%8A%D1%80%D0%B2%D0%B5%D1%88%D0%B5-%D1%81%D0%BA%D0%B0%D0%BD%D0%B4%D0%B0%D0%BB%D0%B8-%D0%B1%D0%BE%D0%BB%D0%B5%D1%81%D1%82/ HTTP/1.1" 200 19862 "-" "Mozilla/5.0 AppleWebKit/537.36 (KHTML, like Gecko; compatible; bingbot/2.0; +http://www.bing.com/bingbot.htm) Chrome/116.0.1938.76 Safari/537.36"
40.77.167.35 - - [05/Apr/2026:17:53:26 +0200] "GET /%D0%B8%D1%81%D0%BF%D0%B0%D0%BD%D0%B8%D1%8F-%D1%83%D0%B6%D0%B0%D1%81%D1%8F%D0%B2%D0%B0%D1%89-%D1%80%D0%B0%D0%B7%D0%BA%D0%B0%D0%B7-%D0%BD%D0%B0-%D0%B1%D1%8A%D0%BB%D0%B3%D0%B0%D1%80%D0%BA%D0%B0-%D0%BC/ HTTP/1.1" 200 19595 "-" "Mozilla/5.0 AppleWebKit/537.36 (KHTML, like Gecko; compatible; bingbot/2.0; +http://www.bing.com/bingbot.htm) Chrome/116.0.1938.76 Safari/537.36"
216.73.160.35 - - [05/Apr/2026:17:54:15 +0200] "POST /wp-login.php HTTP/1.1" 200 1527 "-" "Mozilla/5.0"
85.208.96.205 - - [05/Apr/2026:17:54:41 +0200] "GET /tag/actualni-novini/page/99/ HTTP/1.1" 200 15077 "-" "Mozilla/5.0 (compatible; SemrushBot/7~bl; +http://www.semrush.com/bot.html)"
85.208.96.206 - - [05/Apr/2026:17:55:13 +0200] "GET /tag/%D0%95%D0%A1/page/89/ HTTP/1.1" 200 14623 "-" "Mozilla/5.0 (compatible; SemrushBot/7~bl; +http://www.semrush.com/bot.html)"
185.191.171.15 - - [05/Apr/2026:17:56:32 +0200] "GET /tag/adrian-dimitrov/page/4/ HTTP/1.1" 403 218 "-" "Mozilla/5.0 (compatible; SemrushBot/7~bl; +http://www.semrush.com/bot.html)"
85.208.96.209 - - [05/Apr/2026:17:57:55 +0200] "GET /tag/%D0%A1%D1%82%D0%B5%D1%84%D0%B0%D0%BD-%D0%9F%D1%80%D0%BE%D0%B9%D0%BD%D0%BE%D0%B2/page/17/ HTTP/1.1" 200 14666 "-" "Mozilla/5.0 (compatible; SemrushBot/7~bl; +http://www.semrush.com/bot.html)"
66.249.64.64 - - [05/Apr/2026:17:58:01 +0200] "GET /wp-content/uploads/2017/10/image_5688686_302.jpg HTTP/1.1" 502 150 "-" "Googlebot-Image/1.0"
52.167.144.195 - - [05/Apr/2026:17:59:15 +0200] "GET /%D0%B1%D1%80%D0%B8%D1%82%D0%B0%D0%BD%D1%81%D0%BA%D0%B8-%D0%B8%D1%81%D1%82%D0%BE%D1%80%D0%B8%D0%BA-%D0%B1%D1%8A%D0%BB%D0%B3%D0%B0%D1%80%D0%B8%D1%8F-%D0%B5-%D1%81%D1%8A%D0%B7%D0%B4%D0%B0%D1%82%D0%B5/ HTTP/1.1" 200 20869 "-" "Mozilla/5.0 AppleWebKit/537.36 (KHTML, like Gecko; compatible; bingbot/2.0; +http://www.bing.com/bingbot.htm) Chrome/116.0.1938.76 Safari/537.36"
185.191.171.13 - - [05/Apr/2026:17:59:33 +0200] "GET /tag/%D0%BD%D0%BE%D0%B2%D0%B8%D0%BD%D0%B8/page/18/ HTTP/1.1" 200 14446 "-" "Mozilla/5.0 (compatible; SemrushBot/7~bl; +http://www.semrush.com/bot.html)"
52.167.144.195 - - [05/Apr/2026:17:59:54 +0200] "GET /%D0%B3%D0%BE%D1%80%D0%B4%D0%BE%D1%81%D1%82-6-%D0%B3%D0%BE%D0%B4%D0%B8%D1%88%D0%BD%D0%BE-%D0%B1%D1%8A%D0%BB%D0%B3%D0%B0%D1%80%D1%87%D0%B5-%D1%81%D1%82%D0%B0%D0%BD%D0%B0-%D1%88%D0%B0%D0%BC%D0%BF%D0%B8/ HTTP/1.1" 200 17116 "-" "Mozilla/5.0 AppleWebKit/537.36 (KHTML, like Gecko; compatible; bingbot/2.0; +http://www.bing.com/bingbot.htm) Chrome/116.0.1938.76 Safari/537.36"
85.208.96.205 - - [05/Apr/2026:18:05:08 +0200] "GET /%D1%80%D0%BE%D0%B4%D0%BE%D0%BF%D0%B8%D1%82%D0%B5-%D1%81%D0%B0-%D0%B5%D0%B4%D0%B8%D0%BD%D1%81%D1%82%D0%B2%D0%B5%D0%BD%D0%B0%D1%82%D0%B0-%D0%BF%D0%BB%D0%B0%D0%BD%D0%B8%D0%BD%D0%B0-%D0%B2-%D0%B1%D1%8A/ HTTP/1.1" 200 18033 "-" "Mozilla/5.0 (compatible; SemrushBot/7~bl; +http://www.semrush.com/bot.html)"
216.24.210.192 - - [05/Apr/2026:18:06:06 +0200] "POST /wp-login.php HTTP/1.1" 200 1537 "-" "Mozilla/5.0"
176.31.139.7 - - [05/Apr/2026:18:06:40 +0200] "GET /%D0%B1%D1%8A%D0%BB%D0%B3%D0%B0%D1%80%D0%BA%D0%B0-%D0%B8%D1%80%D0%BE%D0%BD%D0%B8%D0%B7%D0%B8%D1%80%D0%B0-%D0%B8-%D1%81%D0%B5-%D0%BF%D0%BE%D0%B4%D0%B8%D0%B3%D1%80%D0%B0-%D1%81-%D0%B0%D0%BD%D0%B3%D0%BB/ HTTP/1.1" 200 21533 "-" "Mozilla/5.0 (compatible; AhrefsBot/7.0; +http://ahrefs.com/robot/)"
161.178.139.119 - - [05/Apr/2026:18:06:57 +0200] "POST /wp-login.php HTTP/1.1" 200 1527 "-" "Mozilla/5.0"
85.208.96.195 - - [05/Apr/2026:18:07:20 +0200] "GET /%D0%B2%D0%B4%D1%8A%D1%85%D0%BD%D0%BE%D0%B2%D1%8F%D1%89%D0%B0-%D0%B8%D1%81%D1%82%D0%BE%D1%80%D0%B8%D1%8F-%D0%BD%D0%B0-%D0%B4%D0%B2%D0%B5-%D1%85%D0%BB%D0%B0%D0%BF%D0%B5%D1%82%D0%B0-%D0%BE%D1%82-%D1%80/ HTTP/1.1" 200 18619 "-" "Mozilla/5.0 (compatible; SemrushBot/7~bl; +http://www.semrush.com/bot.html)"
188.213.202.146 - - [05/Apr/2026:18:07:36 +0200] "POST /wp-login.php HTTP/1.1" 200 1527 "-" "Mozilla/5.0"
85.208.96.194 - - [05/Apr/2026:18:07:38 +0200] "GET /%D0%B1%D1%8F%D0%BB-%D0%B5%D0%BB%D0%B5%D0%BD-%D1%81%D0%BB%D0%B5%D0%B7%D0%B5-%D0%BE%D1%82-%D0%BF%D0%BB%D0%B0%D0%BD%D0%B8%D0%BD%D0%B0%D1%82%D0%B0-%D0%BD%D0%B0%D1%80%D0%BE%D0%B4%D0%B0-%D0%B2%D0%B8%D0%B6/ HTTP/1.1" 200 17304 "-" "Mozilla/5.0 (compatible; SemrushBot/7~bl; +http://www.semrush.com/bot.html)"
75.101.144.251 - - [05/Apr/2026:18:08:08 +0200] "GET /page/19/ HTTP/1.1" 200 13481 "-" "Mozilla/5.0 AppleWebKit/537.36 (KHTML, like Gecko; compatible; Amzn-SearchBot/0.1) Chrome/119.0.6045.214 Safari/537.36"
216.73.160.31 - - [05/Apr/2026:18:08:16 +0200] "POST /wp-login.php HTTP/1.1" 200 1527 "-" "Mozilla/5.0"
85.208.96.207 - - [05/Apr/2026:18:09:21 +0200] "GET /tag/novinite/page/63/ HTTP/1.1" 200 14865 "-" "Mozilla/5.0 (compatible; SemrushBot/7~bl; +http://www.semrush.com/bot.html)"
2a03:2880:32ff:43:: - - [05/Apr/2026:18:09:25 +0200] "GET /wp-content/uploads/2018/04/783703.jpg HTTP/1.1" 200 75743 "-" "facebookexternalhit/1.1 (+http://www.facebook.com/externalhit_uatext.php)"
85.208.96.205 - - [05/Apr/2026:18:09:36 +0200] "GET /tag/novinite-dnes-i-utre/page/8/ HTTP/1.1" 200 14992 "-" "Mozilla/5.0 (compatible; SemrushBot/7~bl; +http://www.semrush.com/bot.html)"
20.198.83.136 - - [05/Apr/2026:18:10:31 +0200] "GET /file.php HTTP/1.1" 301 0 "-" "Mozilla/5.0 (Windows NT 10.0; Win64; x64) AppleWebKit/537.36 (KHTML, like Gecko) Chrome/120.0.0.0 Safari/537.36"
20.198.83.136 - - [05/Apr/2026:18:10:32 +0200] "GET /gettest.php HTTP/1.1" 301 0 "-" "Mozilla/5.0 (Windows NT 10.0; Win64; x64) AppleWebKit/537.36 (KHTML, like Gecko) Chrome/120.0.0.0 Safari/537.36"
20.198.83.136 - - [05/Apr/2026:18:10:33 +0200] "GET /gg.php HTTP/1.1" 301 0 "-" "Mozilla/5.0 (Windows NT 10.0; Win64; x64) AppleWebKit/537.36 (KHTML, like Gecko) Chrome/120.0.0.0 Safari/537.36"
20.198.83.136 - - [05/Apr/2026:18:10:33 +0200] "GET /goods.php HTTP/1.1" 301 0 "-" "Mozilla/5.0 (Windows NT 10.0; Win64; x64) AppleWebKit/537.36 (KHTML, like Gecko) Chrome/120.0.0.0 Safari/537.36"
20.198.83.136 - - [05/Apr/2026:18:10:34 +0200] "GET /info.php HTTP/1.1" 301 0 "-" "Mozilla/5.0 (Windows NT 10.0; Win64; x64) AppleWebKit/537.36 (KHTML, like Gecko) Chrome/120.0.0.0 Safari/537.36"
20.198.83.136 - - [05/Apr/2026:18:10:34 +0200] "GET /install.php HTTP/1.1" 301 0 "-" "Mozilla/5.0 (Windows NT 10.0; Win64; x64) AppleWebKit/537.36 (KHTML, like Gecko) Chrome/120.0.0.0 Safari/537.36"
20.198.83.136 - - [05/Apr/2026:18:10:35 +0200] "GET /item.php HTTP/1.1" 301 0 "-" "Mozilla/5.0 (Windows NT 10.0; Win64; x64) AppleWebKit/537.36 (KHTML, like Gecko) Chrome/120.0.0.0 Safari/537.36"
20.198.83.136 - - [05/Apr/2026:18:10:36 +0200] "GET /jga.php HTTP/1.1" 301 0 "-" "Mozilla/5.0 (Windows NT 10.0; Win64; x64) AppleWebKit/537.36 (KHTML, like Gecko) Chrome/120.0.0.0 Safari/537.36"
20.198.83.136 - - [05/Apr/2026:18:10:36 +0200] "GET /leaf.php HTTP/1.1" 301 0 "-" "Mozilla/5.0 (Windows NT 10.0; Win64; x64) AppleWebKit/537.36 (KHTML, like Gecko) Chrome/120.0.0.0 Safari/537.36"
20.198.83.136 - - [05/Apr/2026:18:10:37 +0200] "GET /load.php HTTP/1.1" 301 0 "-" "Mozilla/5.0 (Windows NT 10.0; Win64; x64) AppleWebKit/537.36 (KHTML, like Gecko) Chrome/120.0.0.0 Safari/537.36"
20.198.83.136 - - [05/Apr/2026:18:10:37 +0200] "GET /lock.php HTTP/1.1" 301 0 "-" "Mozilla/5.0 (Windows NT 10.0; Win64; x64) AppleWebKit/537.36 (KHTML, like Gecko) Chrome/120.0.0.0 Safari/537.36"
20.198.83.136 - - [05/Apr/2026:18:10:38 +0200] "GET /lock360.php HTTP/1.1" 301 0 "-" "Mozilla/5.0 (Windows NT 10.0; Win64; x64) AppleWebKit/537.36 (KHTML, like Gecko) Chrome/120.0.0.0 Safari/537.36"
20.198.83.136 - - [05/Apr/2026:18:10:38 +0200] "GET /log.php HTTP/1.1" 301 0 "-" "Mozilla/5.0 (Windows NT 10.0; Win64; x64) AppleWebKit/537.36 (KHTML, like Gecko) Chrome/120.0.0.0 Safari/537.36"
20.198.83.136 - - [05/Apr/2026:18:10:39 +0200] "GET /manager.php HTTP/1.1" 301 0 "-" "Mozilla/5.0 (Windows NT 10.0; Win64; x64) AppleWebKit/537.36 (KHTML, like Gecko) Chrome/120.0.0.0 Safari/537.36"
20.198.83.136 - - [05/Apr/2026:18:10:39 +0200] "GET /meta.php HTTP/1.1" 301 0 "-" "Mozilla/5.0 (Windows NT 10.0; Win64; x64) AppleWebKit/537.36 (KHTML, like Gecko) Chrome/120.0.0.0 Safari/537.36"
20.198.83.136 - - [05/Apr/2026:18:10:40 +0200] "GET /mini.php HTTP/1.1" 301 0 "-" "Mozilla/5.0 (Windows NT 10.0; Win64; x64) AppleWebKit/537.36 (KHTML, like Gecko) Chrome/120.0.0.0 Safari/537.36"
20.198.83.136 - - [05/Apr/2026:18:10:41 +0200] "GET /mjq.php HTTP/1.1" 301 0 "-" "Mozilla/5.0 (Windows NT 10.0; Win64; x64) AppleWebKit/537.36 (KHTML, like Gecko) Chrome/120.0.0.0 Safari/537.36"
20.198.83.136 - - [05/Apr/2026:18:10:41 +0200] "GET /new.php HTTP/1.1" 301 0 "-" "Mozilla/5.0 (Windows NT 10.0; Win64; x64) AppleWebKit/537.36 (KHTML, like Gecko) Chrome/120.0.0.0 Safari/537.36"
20.198.83.136 - - [05/Apr/2026:18:10:42 +0200] "GET /onclickfuns.php HTTP/1.1" 301 0 "-" "Mozilla/5.0 (Windows NT 10.0; Win64; x64) AppleWebKit/537.36 (KHTML, like Gecko) Chrome/120.0.0.0 Safari/537.36"
20.198.83.136 - - [05/Apr/2026:18:10:42 +0200] "GET /option.php HTTP/1.1" 301 0 "-" "Mozilla/5.0 (Windows NT 10.0; Win64; x64) AppleWebKit/537.36 (KHTML, like Gecko) Chrome/120.0.0.0 Safari/537.36"
20.198.83.136 - - [05/Apr/2026:18:10:43 +0200] "GET /plugin-editor.php HTTP/1.1" 301 0 "-" "Mozilla/5.0 (Windows NT 10.0; Win64; x64) AppleWebKit/537.36 (KHTML, like Gecko) Chrome/120.0.0.0 Safari/537.36"
20.198.83.136 - - [05/Apr/2026:18:10:43 +0200] "GET /profile.php HTTP/1.1" 301 0 "-" "Mozilla/5.0 (Windows NT 10.0; Win64; x64) AppleWebKit/537.36 (KHTML, like Gecko) Chrome/120.0.0.0 Safari/537.36"
20.198.83.136 - - [05/Apr/2026:18:10:44 +0200] "GET /qw_03b4ad31.php HTTP/1.1" 301 0 "-" "Mozilla/5.0 (Windows NT 10.0; Win64; x64) AppleWebKit/537.36 (KHTML, like Gecko) Chrome/120.0.0.0 Safari/537.36"
20.198.83.136 - - [05/Apr/2026:18:10:44 +0200] "GET /radio.php HTTP/1.1" 301 0 "-" "Mozilla/5.0 (Windows NT 10.0; Win64; x64) AppleWebKit/537.36 (KHTML, like Gecko) Chrome/120.0.0.0 Safari/537.36"
20.198.83.136 - - [05/Apr/2026:18:10:45 +0200] "GET /sf.php HTTP/1.1" 301 0 "-" "Mozilla/5.0 (Windows NT 10.0; Win64; x64) AppleWebKit/537.36 (KHTML, like Gecko) Chrome/120.0.0.0 Safari/537.36"
20.198.83.136 - - [05/Apr/2026:18:10:45 +0200] "GET /simple.php HTTP/1.1" 301 0 "-" "Mozilla/5.0 (Windows NT 10.0; Win64; x64) AppleWebKit/537.36 (KHTML, like Gecko) Chrome/120.0.0.0 Safari/537.36"
20.198.83.136 - - [05/Apr/2026:18:10:46 +0200] "GET /sql.php HTTP/1.1" 301 0 "-" "Mozilla/5.0 (Windows NT 10.0; Win64; x64) AppleWebKit/537.36 (KHTML, like Gecko) Chrome/120.0.0.0 Safari/537.36"
20.198.83.136 - - [05/Apr/2026:18:10:46 +0200] "GET /test.php HTTP/1.1" 301 0 "-" "Mozilla/5.0 (Windows NT 10.0; Win64; x64) AppleWebKit/537.36 (KHTML, like Gecko) Chrome/120.0.0.0 Safari/537.36"
20.198.83.136 - - [05/Apr/2026:18:10:47 +0200] "GET /test1.php HTTP/1.1" 301 0 "-" "Mozilla/5.0 (Windows NT 10.0; Win64; x64) AppleWebKit/537.36 (KHTML, like Gecko) Chrome/120.0.0.0 Safari/537.36"
20.198.83.136 - - [05/Apr/2026:18:10:47 +0200] "GET /themes.php HTTP/1.1" 301 0 "-" "Mozilla/5.0 (Windows NT 10.0; Win64; x64) AppleWebKit/537.36 (KHTML, like Gecko) Chrome/120.0.0.0 Safari/537.36"
20.198.83.136 - - [05/Apr/2026:18:10:48 +0200] "GET /upload/medialibrary HTTP/1.1" 301 0 "-" "Mozilla/5.0 (Windows NT 10.0; Win64; x64) AppleWebKit/537.36 (KHTML, like Gecko) Chrome/120.0.0.0 Safari/537.36"
20.198.83.136 - - [05/Apr/2026:18:10:48 +0200] "GET /wp-admin.php HTTP/1.1" 301 0 "-" "Mozilla/5.0 (Windows NT 10.0; Win64; x64) AppleWebKit/537.36 (KHTML, like Gecko) Chrome/120.0.0.0 Safari/537.36"
5.42.207.7 - - [05/Apr/2026:18:10:49 +0200] "GET /%d1%82%d0%b0%d0%bd%d1%8f-%d0%be%d1%82-%d0%bc%d0%b0%d1%82%d0%b5%d0%bc%d0%b0%d1%82%d0%b8%d1%87%d0%b5%d1%81%d0%ba%d0%b0%d1%82%d0%b0-%d0%bf%d1%80%d0%b5%d0%b1%d0%be%d1%80%d0%b8-%d0%bd%d0%b0%d0%b4-35-000/?fbclid=IwZXh0bgNhZW0CMTEAc3J0YwZhcHBfaWQQMjIyMDM5MTc4ODIwMDg5MgABHuaIvXPuhp5x57VZB-noT4OIfwztcFsLbstLtygl46nZOWJcQxUIovFxjYXb_aem_8lnbtkddcluiVO4-Shpxbw HTTP/1.1" 200 18060 "-" "Mozilla/5.0 (Windows NT 10.0; Win64; x64) AppleWebKit/537.36 (KHTML, like Gecko) Chrome/146.0.0.0 Safari/537.36"
5.42.207.7 - - [05/Apr/2026:18:10:49 +0200] "GET /wp-content/plugins/td-composer/css-live/assets/css/td_live_css_frontend.css?ver=4.9.26 HTTP/1.1" 200 768 "https://bulpress.eu/%d1%82%d0%b0%d0%bd%d1%8f-%d0%be%d1%82-%d0%bc%d0%b0%d1%82%d0%b5%d0%bc%d0%b0%d1%82%d0%b8%d1%87%d0%b5%d1%81%d0%ba%d0%b0%d1%82%d0%b0-%d0%bf%d1%80%d0%b5%d0%b1%d0%be%d1%80%d0%b8-%d0%bd%d0%b0%d0%b4-35-000/?fbclid=IwZXh0bgNhZW0CMTEAc3J0YwZhcHBfaWQQMjIyMDM5MTc4ODIwMDg5MgABHuaIvXPuhp5x57VZB-noT4OIfwztcFsLbstLtygl46nZOWJcQxUIovFxjYXb_aem_8lnbtkddcluiVO4-Shpxbw" "Mozilla/5.0 (Windows NT 10.0; Win64; x64) AppleWebKit/537.36 (KHTML, like Gecko) Chrome/146.0.0.0 Safari/537.36"
5.42.207.7 - - [05/Apr/2026:18:10:49 +0200] "GET /wp-content/themes/Newspaper/style.css?ver=8.0 HTTP/1.1" 200 107094 "https://bulpress.eu/%d1%82%d0%b0%d0%bd%d1%8f-%d0%be%d1%82-%d0%bc%d0%b0%d1%82%d0%b5%d0%bc%d0%b0%d1%82%d0%b8%d1%87%d0%b5%d1%81%d0%ba%d0%b0%d1%82%d0%b0-%d0%bf%d1%80%d0%b5%d0%b1%d0%be%d1%80%d0%b8-%d0%bd%d0%b0%d0%b4-35-000/?fbclid=IwZXh0bgNhZW0CMTEAc3J0YwZhcHBfaWQQMjIyMDM5MTc4ODIwMDg5MgABHuaIvXPuhp5x57VZB-noT4OIfwztcFsLbstLtygl46nZOWJcQxUIovFxjYXb_aem_8lnbtkddcluiVO4-Shpxbw" "Mozilla/5.0 (Windows NT 10.0; Win64; x64) AppleWebKit/537.36 (KHTML, like Gecko) Chrome/146.0.0.0 Safari/537.36"
5.42.207.7 - - [05/Apr/2026:18:10:49 +0200] "GET /wp-content/plugins/jetpack/css/jetpack.css?ver=7.0.2 HTTP/1.1" 200 12195 "https://bulpress.eu/%d1%82%d0%b0%d0%bd%d1%8f-%d0%be%d1%82-%d0%bc%d0%b0%d1%82%d0%b5%d0%bc%d0%b0%d1%82%d0%b8%d1%87%d0%b5%d1%81%d0%ba%d0%b0%d1%82%d0%b0-%d0%bf%d1%80%d0%b5%d0%b1%d0%be%d1%80%d0%b8-%d0%bd%d0%b0%d0%b4-35-000/?fbclid=IwZXh0bgNhZW0CMTEAc3J0YwZhcHBfaWQQMjIyMDM5MTc4ODIwMDg5MgABHuaIvXPuhp5x57VZB-noT4OIfwztcFsLbstLtygl46nZOWJcQxUIovFxjYXb_aem_8lnbtkddcluiVO4-Shpxbw" "Mozilla/5.0 (Windows NT 10.0; Win64; x64) AppleWebKit/537.36 (KHTML, like Gecko) Chrome/146.0.0.0 Safari/537.36"
20.198.83.136 - - [05/Apr/2026:18:10:49 +0200] "GET /wp-admin/ HTTP/1.1" 302 0 "-" "Mozilla/5.0 (Windows NT 10.0; Win64; x64) AppleWebKit/537.36 (KHTML, like Gecko) Chrome/120.0.0.0 Safari/537.36"
5.42.207.7 - - [05/Apr/2026:18:10:49 +0200] "GET /wp-includes/js/jquery/jquery.js?ver=1.12.4 HTTP/1.1" 200 32878 "https://bulpress.eu/%d1%82%d0%b0%d0%bd%d1%8f-%d0%be%d1%82-%d0%bc%d0%b0%d1%82%d0%b5%d0%bc%d0%b0%d1%82%d0%b8%d1%87%d0%b5%d1%81%d0%ba%d0%b0%d1%82%d0%b0-%d0%bf%d1%80%d0%b5%d0%b1%d0%be%d1%80%d0%b8-%d0%bd%d0%b0%d0%b4-35-000/?fbclid=IwZXh0bgNhZW0CMTEAc3J0YwZhcHBfaWQQMjIyMDM5MTc4ODIwMDg5MgABHuaIvXPuhp5x57VZB-noT4OIfwztcFsLbstLtygl46nZOWJcQxUIovFxjYXb_aem_8lnbtkddcluiVO4-Shpxbw" "Mozilla/5.0 (Windows NT 10.0; Win64; x64) AppleWebKit/537.36 (KHTML, like Gecko) Chrome/146.0.0.0 Safari/537.36"
5.42.207.7 - - [05/Apr/2026:18:10:49 +0200] "GET /wp-content/uploads/2018/04/783703.jpg HTTP/1.1" 200 75743 "https://bulpress.eu/%d1%82%d0%b0%d0%bd%d1%8f-%d0%be%d1%82-%d0%bc%d0%b0%d1%82%d0%b5%d0%bc%d0%b0%d1%82%d0%b8%d1%87%d0%b5%d1%81%d0%ba%d0%b0%d1%82%d0%b0-%d0%bf%d1%80%d0%b5%d0%b1%d0%be%d1%80%d0%b8-%d0%bd%d0%b0%d0%b4-35-000/?fbclid=IwZXh0bgNhZW0CMTEAc3J0YwZhcHBfaWQQMjIyMDM5MTc4ODIwMDg5MgABHuaIvXPuhp5x57VZB-noT4OIfwztcFsLbstLtygl46nZOWJcQxUIovFxjYXb_aem_8lnbtkddcluiVO4-Shpxbw" "Mozilla/5.0 (Windows NT 10.0; Win64; x64) AppleWebKit/537.36 (KHTML, like Gecko) Chrome/146.0.0.0 Safari/537.36"
5.42.207.7 - - [05/Apr/2026:18:10:49 +0200] "GET /wp-includes/js/jquery/jquery-migrate.min.js?ver=1.4.1 HTTP/1.1" 200 3836 "https://bulpress.eu/%d1%82%d0%b0%d0%bd%d1%8f-%d0%be%d1%82-%d0%bc%d0%b0%d1%82%d0%b5%d0%bc%d0%b0%d1%82%d0%b8%d1%87%d0%b5%d1%81%d0%ba%d0%b0%d1%82%d0%b0-%d0%bf%d1%80%d0%b5%d0%b1%d0%be%d1%80%d0%b8-%d0%bd%d0%b0%d0%b4-35-000/?fbclid=IwZXh0bgNhZW0CMTEAc3J0YwZhcHBfaWQQMjIyMDM5MTc4ODIwMDg5MgABHuaIvXPuhp5x57VZB-noT4OIfwztcFsLbstLtygl46nZOWJcQxUIovFxjYXb_aem_8lnbtkddcluiVO4-Shpxbw" "Mozilla/5.0 (Windows NT 10.0; Win64; x64) AppleWebKit/537.36 (KHTML, like Gecko) Chrome/146.0.0.0 Safari/537.36"
5.42.207.7 - - [05/Apr/2026:18:10:49 +0200] "GET /wp-content/uploads/2017/08/21013693_1457097874383825_943295698_n-300x128.jpg HTTP/1.1" 200 15457 "https://bulpress.eu/%d1%82%d0%b0%d0%bd%d1%8f-%d0%be%d1%82-%d0%bc%d0%b0%d1%82%d0%b5%d0%bc%d0%b0%d1%82%d0%b8%d1%87%d0%b5%d1%81%d0%ba%d0%b0%d1%82%d0%b0-%d0%bf%d1%80%d0%b5%d0%b1%d0%be%d1%80%d0%b8-%d0%bd%d0%b0%d0%b4-35-000/?fbclid=IwZXh0bgNhZW0CMTEAc3J0YwZhcHBfaWQQMjIyMDM5MTc4ODIwMDg5MgABHuaIvXPuhp5x57VZB-noT4OIfwztcFsLbstLtygl46nZOWJcQxUIovFxjYXb_aem_8lnbtkddcluiVO4-Shpxbw" "Mozilla/5.0 (Windows NT 10.0; Win64; x64) AppleWebKit/537.36 (KHTML, like Gecko) Chrome/146.0.0.0 Safari/537.36"
5.42.207.7 - - [05/Apr/2026:18:10:49 +0200] "GET /wp-content/uploads/2024/05/img_0752-1-218x150.jpeg HTTP/1.1" 200 6540 "https://bulpress.eu/%d1%82%d0%b0%d0%bd%d1%8f-%d0%be%d1%82-%d0%bc%d0%b0%d1%82%d0%b5%d0%bc%d0%b0%d1%82%d0%b8%d1%87%d0%b5%d1%81%d0%ba%d0%b0%d1%82%d0%b0-%d0%bf%d1%80%d0%b5%d0%b1%d0%be%d1%80%d0%b8-%d0%bd%d0%b0%d0%b4-35-000/?fbclid=IwZXh0bgNhZW0CMTEAc3J0YwZhcHBfaWQQMjIyMDM5MTc4ODIwMDg5MgABHuaIvXPuhp5x57VZB-noT4OIfwztcFsLbstLtygl46nZOWJcQxUIovFxjYXb_aem_8lnbtkddcluiVO4-Shpxbw" "Mozilla/5.0 (Windows NT 10.0; Win64; x64) AppleWebKit/537.36 (KHTML, like Gecko) Chrome/146.0.0.0 Safari/537.36"
20.198.83.136 - - [05/Apr/2026:18:10:50 +0200] "GET /wp-blog-header.php HTTP/1.1" 404 0 "-" "Mozilla/5.0 (Windows NT 10.0; Win64; x64) AppleWebKit/537.36 (KHTML, like Gecko) Chrome/120.0.0.0 Safari/537.36"
5.42.207.7 - - [05/Apr/2026:18:10:50 +0200] "GET /wp-includes/js/comment-reply.min.js?ver=4.9.26 HTTP/1.1" 200 499 "https://bulpress.eu/%d1%82%d0%b0%d0%bd%d1%8f-%d0%be%d1%82-%d0%bc%d0%b0%d1%82%d0%b5%d0%bc%d0%b0%d1%82%d0%b8%d1%87%d0%b5%d1%81%d0%ba%d0%b0%d1%82%d0%b0-%d0%bf%d1%80%d0%b5%d0%b1%d0%be%d1%80%d0%b8-%d0%bd%d0%b0%d0%b4-35-000/?fbclid=IwZXh0bgNhZW0CMTEAc3J0YwZhcHBfaWQQMjIyMDM5MTc4ODIwMDg5MgABHuaIvXPuhp5x57VZB-noT4OIfwztcFsLbstLtygl46nZOWJcQxUIovFxjYXb_aem_8lnbtkddcluiVO4-Shpxbw" "Mozilla/5.0 (Windows NT 10.0; Win64; x64) AppleWebKit/537.36 (KHTML, like Gecko) Chrome/146.0.0.0 Safari/537.36"
5.42.207.7 - - [05/Apr/2026:18:10:50 +0200] "GET /wp-content/themes/Newspaper/js/tagdiv_theme.js?ver=8.0 HTTP/1.1" 200 93773 "https://bulpress.eu/%d1%82%d0%b0%d0%bd%d1%8f-%d0%be%d1%82-%d0%bc%d0%b0%d1%82%d0%b5%d0%bc%d0%b0%d1%82%d0%b8%d1%87%d0%b5%d1%81%d0%ba%d0%b0%d1%82%d0%b0-%d0%bf%d1%80%d0%b5%d0%b1%d0%be%d1%80%d0%b8-%d0%bd%d0%b0%d0%b4-35-000/?fbclid=IwZXh0bgNhZW0CMTEAc3J0YwZhcHBfaWQQMjIyMDM5MTc4ODIwMDg5MgABHuaIvXPuhp5x57VZB-noT4OIfwztcFsLbstLtygl46nZOWJcQxUIovFxjYXb_aem_8lnbtkddcluiVO4-Shpxbw" "Mozilla/5.0 (Windows NT 10.0; Win64; x64) AppleWebKit/537.36 (KHTML, like Gecko) Chrome/146.0.0.0 Safari/537.36"
20.198.83.136 - - [05/Apr/2026:18:10:50 +0200] "GET /wp-config-sample.php HTTP/1.1" 403 140 "-" "Mozilla/5.0 (Windows NT 10.0; Win64; x64) AppleWebKit/537.36 (KHTML, like Gecko) Chrome/120.0.0.0 Safari/537.36"
5.42.207.7 - - [05/Apr/2026:18:10:50 +0200] "GET /wp-content/themes/Newspaper/images/icons/newspaper.woff?14 HTTP/1.1" 200 15184 "https://bulpress.eu/wp-content/themes/Newspaper/style.css?ver=8.0" "Mozilla/5.0 (Windows NT 10.0; Win64; x64) AppleWebKit/537.36 (KHTML, like Gecko) Chrome/146.0.0.0 Safari/537.36"
20.198.83.136 - - [05/Apr/2026:18:10:50 +0200] "GET /wp-content/languages/ HTTP/1.1" 301 0 "-" "Mozilla/5.0 (Windows NT 10.0; Win64; x64) AppleWebKit/537.36 (KHTML, like Gecko) Chrome/120.0.0.0 Safari/537.36"
5.42.207.7 - - [05/Apr/2026:18:10:50 +0200] "GET /wp-includes/js/wp-embed.min.js?ver=4.9.26 HTTP/1.1" 200 690 "https://bulpress.eu/%d1%82%d0%b0%d0%bd%d1%8f-%d0%be%d1%82-%d0%bc%d0%b0%d1%82%d0%b5%d0%bc%d0%b0%d1%82%d0%b8%d1%87%d0%b5%d1%81%d0%ba%d0%b0%d1%82%d0%b0-%d0%bf%d1%80%d0%b5%d0%b1%d0%be%d1%80%d0%b8-%d0%bd%d0%b0%d0%b4-35-000/?fbclid=IwZXh0bgNhZW0CMTEAc3J0YwZhcHBfaWQQMjIyMDM5MTc4ODIwMDg5MgABHuaIvXPuhp5x57VZB-noT4OIfwztcFsLbstLtygl46nZOWJcQxUIovFxjYXb_aem_8lnbtkddcluiVO4-Shpxbw" "Mozilla/5.0 (Windows NT 10.0; Win64; x64) AppleWebKit/537.36 (KHTML, like Gecko) Chrome/146.0.0.0 Safari/537.36"
20.198.83.136 - - [05/Apr/2026:18:10:51 +0200] "GET /wp-content/plugins/ HTTP/1.1" 301 0 "-" "Mozilla/5.0 (Windows NT 10.0; Win64; x64) AppleWebKit/537.36 (KHTML, like Gecko) Chrome/120.0.0.0 Safari/537.36"
5.42.207.7 - - [05/Apr/2026:18:10:51 +0200] "GET /wp-content/uploads/2024/05/vigo-sofiq-200-knigi-za-1-godina-1024x547-218x150.jpg HTTP/1.1" 200 9728 "https://bulpress.eu/%d1%82%d0%b0%d0%bd%d1%8f-%d0%be%d1%82-%d0%bc%d0%b0%d1%82%d0%b5%d0%bc%d0%b0%d1%82%d0%b8%d1%87%d0%b5%d1%81%d0%ba%d0%b0%d1%82%d0%b0-%d0%bf%d1%80%d0%b5%d0%b1%d0%be%d1%80%d0%b8-%d0%bd%d0%b0%d0%b4-35-000/?fbclid=IwZXh0bgNhZW0CMTEAc3J0YwZhcHBfaWQQMjIyMDM5MTc4ODIwMDg5MgABHuaIvXPuhp5x57VZB-noT4OIfwztcFsLbstLtygl46nZOWJcQxUIovFxjYXb_aem_8lnbtkddcluiVO4-Shpxbw" "Mozilla/5.0 (Windows NT 10.0; Win64; x64) AppleWebKit/537.36 (KHTML, like Gecko) Chrome/146.0.0.0 Safari/537.36"
5.42.207.7 - - [05/Apr/2026:18:10:51 +0200] "GET /wp-content/uploads/2023/12/409151855_10224959985253670_441206090113975039_n-218x150.jpg HTTP/1.1" 200 5304 "https://bulpress.eu/%d1%82%d0%b0%d0%bd%d1%8f-%d0%be%d1%82-%d0%bc%d0%b0%d1%82%d0%b5%d0%bc%d0%b0%d1%82%d0%b8%d1%87%d0%b5%d1%81%d0%ba%d0%b0%d1%82%d0%b0-%d0%bf%d1%80%d0%b5%d0%b1%d0%be%d1%80%d0%b8-%d0%bd%d0%b0%d0%b4-35-000/?fbclid=IwZXh0bgNhZW0CMTEAc3J0YwZhcHBfaWQQMjIyMDM5MTc4ODIwMDg5MgABHuaIvXPuhp5x57VZB-noT4OIfwztcFsLbstLtygl46nZOWJcQxUIovFxjYXb_aem_8lnbtkddcluiVO4-Shpxbw" "Mozilla/5.0 (Windows NT 10.0; Win64; x64) AppleWebKit/537.36 (KHTML, like Gecko) Chrome/146.0.0.0 Safari/537.36"
5.42.207.7 - - [05/Apr/2026:18:10:51 +0200] "GET /wp-content/uploads/2025/01/1417813-238674686292445-832185647-used-100x70.jpg HTTP/1.1" 200 2803 "https://bulpress.eu/%d1%82%d0%b0%d0%bd%d1%8f-%d0%be%d1%82-%d0%bc%d0%b0%d1%82%d0%b5%d0%bc%d0%b0%d1%82%d0%b8%d1%87%d0%b5%d1%81%d0%ba%d0%b0%d1%82%d0%b0-%d0%bf%d1%80%d0%b5%d0%b1%d0%be%d1%80%d0%b8-%d0%bd%d0%b0%d0%b4-35-000/?fbclid=IwZXh0bgNhZW0CMTEAc3J0YwZhcHBfaWQQMjIyMDM5MTc4ODIwMDg5MgABHuaIvXPuhp5x57VZB-noT4OIfwztcFsLbstLtygl46nZOWJcQxUIovFxjYXb_aem_8lnbtkddcluiVO4-Shpxbw" "Mozilla/5.0 (Windows NT 10.0; Win64; x64) AppleWebKit/537.36 (KHTML, like Gecko) Chrome/146.0.0.0 Safari/537.36"
5.42.207.7 - - [05/Apr/2026:18:10:51 +0200] "GET /wp-content/uploads/2025/01/1779ea65c6433903f5446fef57bc5c3e-100x70.jpeg HTTP/1.1" 200 3501 "https://bulpress.eu/%d1%82%d0%b0%d0%bd%d1%8f-%d0%be%d1%82-%d0%bc%d0%b0%d1%82%d0%b5%d0%bc%d0%b0%d1%82%d0%b8%d1%87%d0%b5%d1%81%d0%ba%d0%b0%d1%82%d0%b0-%d0%bf%d1%80%d0%b5%d0%b1%d0%be%d1%80%d0%b8-%d0%bd%d0%b0%d0%b4-35-000/?fbclid=IwZXh0bgNhZW0CMTEAc3J0YwZhcHBfaWQQMjIyMDM5MTc4ODIwMDg5MgABHuaIvXPuhp5x57VZB-noT4OIfwztcFsLbstLtygl46nZOWJcQxUIovFxjYXb_aem_8lnbtkddcluiVO4-Shpxbw" "Mozilla/5.0 (Windows NT 10.0; Win64; x64) AppleWebKit/537.36 (KHTML, like Gecko) Chrome/146.0.0.0 Safari/537.36"
5.42.207.7 - - [05/Apr/2026:18:10:51 +0200] "GET /wp-content/uploads/2025/01/470694187_122158217558271488_3623750124043927107_n-100x70.jpg HTTP/1.1" 200 3645 "https://bulpress.eu/%d1%82%d0%b0%d0%bd%d1%8f-%d0%be%d1%82-%d0%bc%d0%b0%d1%82%d0%b5%d0%bc%d0%b0%d1%82%d0%b8%d1%87%d0%b5%d1%81%d0%ba%d0%b0%d1%82%d0%b0-%d0%bf%d1%80%d0%b5%d0%b1%d0%be%d1%80%d0%b8-%d0%bd%d0%b0%d0%b4-35-000/?fbclid=IwZXh0bgNhZW0CMTEAc3J0YwZhcHBfaWQQMjIyMDM5MTc4ODIwMDg5MgABHuaIvXPuhp5x57VZB-noT4OIfwztcFsLbstLtygl46nZOWJcQxUIovFxjYXb_aem_8lnbtkddcluiVO4-Shpxbw" "Mozilla/5.0 (Windows NT 10.0; Win64; x64) AppleWebKit/537.36 (KHTML, like Gecko) Chrome/146.0.0.0 Safari/537.36"
5.42.207.7 - - [05/Apr/2026:18:10:51 +0200] "GET /wp-content/uploads/2017/08/20915167_1986014558344793_5444706933566107099_n-100x70.jpg HTTP/1.1" 200 4262 "https://bulpress.eu/%d1%82%d0%b0%d0%bd%d1%8f-%d0%be%d1%82-%d0%bc%d0%b0%d1%82%d0%b5%d0%bc%d0%b0%d1%82%d0%b8%d1%87%d0%b5%d1%81%d0%ba%d0%b0%d1%82%d0%b0-%d0%bf%d1%80%d0%b5%d0%b1%d0%be%d1%80%d0%b8-%d0%bd%d0%b0%d0%b4-35-000/?fbclid=IwZXh0bgNhZW0CMTEAc3J0YwZhcHBfaWQQMjIyMDM5MTc4ODIwMDg5MgABHuaIvXPuhp5x57VZB-noT4OIfwztcFsLbstLtygl46nZOWJcQxUIovFxjYXb_aem_8lnbtkddcluiVO4-Shpxbw" "Mozilla/5.0 (Windows NT 10.0; Win64; x64) AppleWebKit/537.36 (KHTML, like Gecko) Chrome/146.0.0.0 Safari/537.36"
5.42.207.7 - - [05/Apr/2026:18:10:51 +0200] "GET /wp-content/uploads/2017/08/%D0%91%D0%90%D0%91%D0%9032904b5f1df9b50fc5c103884151283b_XL-100x70.jpg HTTP/1.1" 200 3257 "https://bulpress.eu/%d1%82%d0%b0%d0%bd%d1%8f-%d0%be%d1%82-%d0%bc%d0%b0%d1%82%d0%b5%d0%bc%d0%b0%d1%82%d0%b8%d1%87%d0%b5%d1%81%d0%ba%d0%b0%d1%82%d0%b0-%d0%bf%d1%80%d0%b5%d0%b1%d0%be%d1%80%d0%b8-%d0%bd%d0%b0%d0%b4-35-000/?fbclid=IwZXh0bgNhZW0CMTEAc3J0YwZhcHBfaWQQMjIyMDM5MTc4ODIwMDg5MgABHuaIvXPuhp5x57VZB-noT4OIfwztcFsLbstLtygl46nZOWJcQxUIovFxjYXb_aem_8lnbtkddcluiVO4-Shpxbw" "Mozilla/5.0 (Windows NT 10.0; Win64; x64) AppleWebKit/537.36 (KHTML, like Gecko) Chrome/146.0.0.0 Safari/537.36"
5.42.207.7 - - [05/Apr/2026:18:10:51 +0200] "GET /wp-content/uploads/2017/10/1467614510-trygnaha-globite-za-ofshorki-s-nivi-v-bylgariq-329951-100x70.jpg HTTP/1.1" 200 2548 "https://bulpress.eu/%d1%82%d0%b0%d0%bd%d1%8f-%d0%be%d1%82-%d0%bc%d0%b0%d1%82%d0%b5%d0%bc%d0%b0%d1%82%d0%b8%d1%87%d0%b5%d1%81%d0%ba%d0%b0%d1%82%d0%b0-%d0%bf%d1%80%d0%b5%d0%b1%d0%be%d1%80%d0%b8-%d0%bd%d0%b0%d0%b4-35-000/?fbclid=IwZXh0bgNhZW0CMTEAc3J0YwZhcHBfaWQQMjIyMDM5MTc4ODIwMDg5MgABHuaIvXPuhp5x57VZB-noT4OIfwztcFsLbstLtygl46nZOWJcQxUIovFxjYXb_aem_8lnbtkddcluiVO4-Shpxbw" "Mozilla/5.0 (Windows NT 10.0; Win64; x64) AppleWebKit/537.36 (KHTML, like Gecko) Chrome/146.0.0.0 Safari/537.36"
20.198.83.136 - - [05/Apr/2026:18:10:51 +0200] "GET /wp-content/themes/ HTTP/1.1" 301 0 "-" "Mozilla/5.0 (Windows NT 10.0; Win64; x64) AppleWebKit/537.36 (KHTML, like Gecko) Chrome/120.0.0.0 Safari/537.36"
5.42.207.7 - - [05/Apr/2026:18:10:51 +0200] "GET /wp-includes/js/wp-emoji-release.min.js?ver=4.9.26 HTTP/1.1" 200 4066 "https://bulpress.eu/%d1%82%d0%b0%d0%bd%d1%8f-%d0%be%d1%82-%d0%bc%d0%b0%d1%82%d0%b5%d0%bc%d0%b0%d1%82%d0%b8%d1%87%d0%b5%d1%81%d0%ba%d0%b0%d1%82%d0%b0-%d0%bf%d1%80%d0%b5%d0%b1%d0%be%d1%80%d0%b8-%d0%bd%d0%b0%d0%b4-35-000/?fbclid=IwZXh0bgNhZW0CMTEAc3J0YwZhcHBfaWQQMjIyMDM5MTc4ODIwMDg5MgABHuaIvXPuhp5x57VZB-noT4OIfwztcFsLbstLtygl46nZOWJcQxUIovFxjYXb_aem_8lnbtkddcluiVO4-Shpxbw" "Mozilla/5.0 (Windows NT 10.0; Win64; x64) AppleWebKit/537.36 (KHTML, like Gecko) Chrome/146.0.0.0 Safari/537.36"
20.198.83.136 - - [05/Apr/2026:18:10:52 +0200] "GET /wp-includes/phpmailer/phpmailer.php HTTP/1.1" 301 0 "-" "Mozilla/5.0 (Windows NT 10.0; Win64; x64) AppleWebKit/537.36 (KHTML, like Gecko) Chrome/120.0.0.0 Safari/537.36"
20.198.83.136 - - [05/Apr/2026:18:10:53 +0200] "GET /wp.php HTTP/1.1" 301 0 "-" "Mozilla/5.0 (Windows NT 10.0; Win64; x64) AppleWebKit/537.36 (KHTML, like Gecko) Chrome/120.0.0.0 Safari/537.36"
20.198.83.136 - - [05/Apr/2026:18:10:53 +0200] "GET /xmlrpc.php HTTP/1.1" 301 0 "-" "Mozilla/5.0 (Windows NT 10.0; Win64; x64) AppleWebKit/537.36 (KHTML, like Gecko) Chrome/120.0.0.0 Safari/537.36"
5.42.207.7 - - [05/Apr/2026:18:10:54 +0200] "GET /wp-content/uploads/2017/08/21015343_1457098327717113_566289841_n-150x150.jpg HTTP/1.1" 200 4170 "https://bulpress.eu/%d1%82%d0%b0%d0%bd%d1%8f-%d0%be%d1%82-%d0%bc%d0%b0%d1%82%d0%b5%d0%bc%d0%b0%d1%82%d0%b8%d1%87%d0%b5%d1%81%d0%ba%d0%b0%d1%82%d0%b0-%d0%bf%d1%80%d0%b5%d0%b1%d0%be%d1%80%d0%b8-%d0%bd%d0%b0%d0%b4-35-000/?fbclid=IwZXh0bgNhZW0CMTEAc3J0YwZhcHBfaWQQMjIyMDM5MTc4ODIwMDg5MgABHuaIvXPuhp5x57VZB-noT4OIfwztcFsLbstLtygl46nZOWJcQxUIovFxjYXb_aem_8lnbtkddcluiVO4-Shpxbw" "Mozilla/5.0 (Windows NT 10.0; Win64; x64) AppleWebKit/537.36 (KHTML, like Gecko) Chrome/146.0.0.0 Safari/537.36"
17.246.19.115 - - [05/Apr/2026:18:14:21 +0200] "GET /category/%d0%a1%d0%b2%d1%8f%d1%82/feed/ HTTP/1.1" 200 22858 "-" "Mozilla/5.0 (Macintosh; Intel Mac OS X 10_15_7) AppleWebKit/605.1.15 (KHTML, like Gecko) Version/17.4 Safari/605.1.15 (Applebot/0.1; +http://www.apple.com/go/applebot)"
2a03:2880:f806:19:: - - [05/Apr/2026:18:15:05 +0200] "GET /news-sitemap.xml HTTP/1.1" 502 150 "-" "meta-webindexer/1.1 (+https://developers.facebook.com/docs/sharing/webmasters/crawler)"
85.208.96.210 - - [05/Apr/2026:18:15:54 +0200] "GET /tag/%D0%B2%D0%B5%D1%81%D1%82%D0%B8/page/80/ HTTP/1.1" 200 14598 "-" "Mozilla/5.0 (compatible; SemrushBot/7~bl; +http://www.semrush.com/bot.html)"
185.191.171.9 - - [05/Apr/2026:18:17:03 +0200] "GET /%D0%B8%D1%81%D0%BF%D0%B0%D0%BD%D0%B8%D1%8F-%D1%83%D0%B6%D0%B0%D1%81%D1%8F%D0%B2%D0%B0%D1%89-%D1%80%D0%B0%D0%B7%D0%BA%D0%B0%D0%B7-%D0%BD%D0%B0-%D0%B1%D1%8A%D0%BB%D0%B3%D0%B0%D1%80%D0%BA%D0%B0-%D0%BC/ HTTP/1.1" 200 19595 "-" "Mozilla/5.0 (compatible; SemrushBot/7~bl; +http://www.semrush.com/bot.html)"
40.77.167.13 - - [05/Apr/2026:18:17:06 +0200] "GET /%D0%B5%D0%B4%D0%BD%D0%BE-%D0%BF%D0%B8%D1%81%D0%BC%D0%BE-%D1%80%D0%B0%D0%B7%D1%82%D1%8A%D1%80%D1%81%D0%B8-%D0%B8%D1%82%D0%B0%D0%BB%D0%B8%D1%8F-%D1%85%D0%BE%D0%B4%D1%8F-%D0%BD%D0%B0-%D1%80%D0%B0%D0%B1/ HTTP/1.1" 200 18979 "-" "Mozilla/5.0 AppleWebKit/537.36 (KHTML, like Gecko; compatible; bingbot/2.0; +http://www.bing.com/bingbot.htm) Chrome/116.0.1938.76 Safari/537.36"
185.191.171.9 - - [05/Apr/2026:18:17:26 +0200] "GET /5-%D0%BB%D1%8E%D0%B1%D0%B8%D0%BC%D0%B8-%D0%BB%D0%B0%D0%BA%D0%BE%D0%BC%D1%81%D1%82%D0%B2%D0%B0-%D0%BE%D1%82-%D0%BD%D0%B0%D1%88%D0%B5%D1%82%D0%BE-%D0%B4%D0%B5%D1%82%D1%81%D1%82%D0%B2%D0%BE/ HTTP/1.1" 200 17679 "-" "Mozilla/5.0 (compatible; SemrushBot/7~bl; +http://www.semrush.com/bot.html)"
