161.97.137.93 - - [06/Apr/2026:01:03:24 +0200] "POST /wp-cron.php?doing_wp_cron=1775430203.5712869167327880859375 HTTP/1.1" 404 12950 "http://bulpress.top/wp-cron.php?doing_wp_cron=1775430203.5712869167327880859375" "WordPress/4.9.26; http://bulpress.top"
65.108.72.207 - - [06/Apr/2026:01:03:24 +0200] "GET /post-sitemap2.xml HTTP/1.1" 200 5260 "http://bulpress.top/sitemap_index.xml" "Mozilla/5.0 (compatible; SEOkicks; +https://www.seokicks.de/robot.html)"
65.108.72.207 - - [06/Apr/2026:01:03:28 +0200] "GET /page-sitemap.xml HTTP/1.1" 200 561 "http://bulpress.top/sitemap_index.xml" "Mozilla/5.0 (compatible; SEOkicks; +https://www.seokicks.de/robot.html)"
65.108.72.207 - - [06/Apr/2026:01:03:30 +0200] "GET /attachment-sitemap.xml HTTP/1.1" 200 109889 "http://bulpress.top/sitemap_index.xml" "Mozilla/5.0 (compatible; SEOkicks; +https://www.seokicks.de/robot.html)"
65.108.72.207 - - [06/Apr/2026:01:03:39 +0200] "GET /category-sitemap.xml HTTP/1.1" 200 521 "http://bulpress.top/sitemap_index.xml" "Mozilla/5.0 (compatible; SEOkicks; +https://www.seokicks.de/robot.html)"
65.108.72.207 - - [06/Apr/2026:01:03:41 +0200] "GET /post_tag-sitemap1.xml HTTP/1.1" 200 19786 "http://bulpress.top/sitemap_index.xml" "Mozilla/5.0 (compatible; SEOkicks; +https://www.seokicks.de/robot.html)"
65.108.72.207 - - [06/Apr/2026:01:03:49 +0200] "GET /post_tag-sitemap2.xml HTTP/1.1" 200 20816 "http://bulpress.top/sitemap_index.xml" "Mozilla/5.0 (compatible; SEOkicks; +https://www.seokicks.de/robot.html)"
65.108.72.207 - - [06/Apr/2026:01:03:56 +0200] "GET /post_tag-sitemap3.xml HTTP/1.1" 200 20961 "http://bulpress.top/sitemap_index.xml" "Mozilla/5.0 (compatible; SEOkicks; +https://www.seokicks.de/robot.html)"
65.108.72.207 - - [06/Apr/2026:01:04:04 +0200] "GET /post_tag-sitemap4.xml HTTP/1.1" 200 20298 "http://bulpress.top/sitemap_index.xml" "Mozilla/5.0 (compatible; SEOkicks; +https://www.seokicks.de/robot.html)"
65.108.72.207 - - [06/Apr/2026:01:04:11 +0200] "GET /post_tag-sitemap5.xml HTTP/1.1" 200 20433 "http://bulpress.top/sitemap_index.xml" "Mozilla/5.0 (compatible; SEOkicks; +https://www.seokicks.de/robot.html)"
65.108.72.207 - - [06/Apr/2026:01:04:19 +0200] "GET /post_tag-sitemap6.xml HTTP/1.1" 200 20557 "http://bulpress.top/sitemap_index.xml" "Mozilla/5.0 (compatible; SEOkicks; +https://www.seokicks.de/robot.html)"
8.228.88.249 - - [06/Apr/2026:01:04:23 +0200] "GET /news/feed/ HTTP/1.1" 200 514 "-" "Mozilla/5.0 (Windows NT 6.3; WOW64; rv:33.0) Gecko/20100101 Firefox/33.0"
161.97.137.93 - - [06/Apr/2026:01:04:25 +0200] "POST /wp-cron.php?doing_wp_cron=1775430264.9880990982055664062500 HTTP/1.1" 404 12967 "http://bulpress.top/wp-cron.php?doing_wp_cron=1775430264.9880990982055664062500" "WordPress/4.9.26; http://bulpress.top"
65.108.72.207 - - [06/Apr/2026:01:04:26 +0200] "GET /post_tag-sitemap7.xml HTTP/1.1" 200 20172 "http://bulpress.top/sitemap_index.xml" "Mozilla/5.0 (compatible; SEOkicks; +https://www.seokicks.de/robot.html)"
65.108.72.207 - - [06/Apr/2026:01:04:34 +0200] "GET /post_tag-sitemap8.xml HTTP/1.1" 200 12210 "http://bulpress.top/sitemap_index.xml" "Mozilla/5.0 (compatible; SEOkicks; +https://www.seokicks.de/robot.html)"
65.108.72.207 - - [06/Apr/2026:01:04:38 +0200] "GET /author-sitemap.xml HTTP/1.1" 200 373 "http://bulpress.top/sitemap_index.xml" "Mozilla/5.0 (compatible; SEOkicks; +https://www.seokicks.de/robot.html)"
65.108.72.207 - - [06/Apr/2026:01:04:41 +0200] "GET /category/%d0%9d%d0%be%d0%b2%d0%b8%d0%bd%d0%b8/page/2/ HTTP/1.1" 200 20099 "http://bulpress.top/category/%d0%9d%d0%be%d0%b2%d0%b8%d0%bd%d0%b8/" "Mozilla/5.0 (compatible; SEOkicks; +https://www.seokicks.de/robot.html)"
65.108.72.207 - - [06/Apr/2026:01:04:44 +0200] "GET /category/%d0%9d%d0%be%d0%b2%d0%b8%d0%bd%d0%b8/feed/ HTTP/1.1" 200 55048 "http://bulpress.top/category/%d0%9d%d0%be%d0%b2%d0%b8%d0%bd%d0%b8/" "Mozilla/5.0 (compatible; SEOkicks; +https://www.seokicks.de/robot.html)"
65.108.72.207 - - [06/Apr/2026:01:04:46 +0200] "GET /category/%d0%9d%d0%be%d0%b2%d0%b8%d0%bd%d0%b8/?filter_by=featured HTTP/1.1" 200 19556 "http://bulpress.top/category/%d0%9d%d0%be%d0%b2%d0%b8%d0%bd%d0%b8/" "Mozilla/5.0 (compatible; SEOkicks; +https://www.seokicks.de/robot.html)"
185.191.171.7 - - [06/Apr/2026:01:04:48 +0200] "GET /tag/%D0%BF%D1%80%D0%BE%D0%B1%D0%BB%D0%B5%D0%BC%D0%B8/ HTTP/1.1" 200 15186 "-" "Mozilla/5.0 (compatible; SemrushBot/7~bl; +http://www.semrush.com/bot.html)"
65.108.72.207 - - [06/Apr/2026:01:04:52 +0200] "GET /category/%d0%9d%d0%be%d0%b2%d0%b8%d0%bd%d0%b8/?filter_by=popular HTTP/1.1" 200 20271 "http://bulpress.top/category/%d0%9d%d0%be%d0%b2%d0%b8%d0%bd%d0%b8/" "Mozilla/5.0 (compatible; SEOkicks; +https://www.seokicks.de/robot.html)"
65.108.72.207 - - [06/Apr/2026:01:04:57 +0200] "GET /category/%d0%9d%d0%be%d0%b2%d0%b8%d0%bd%d0%b8/?filter_by=popular7 HTTP/1.1" 200 14990 "http://bulpress.top/category/%d0%9d%d0%be%d0%b2%d0%b8%d0%bd%d0%b8/" "Mozilla/5.0 (compatible; SEOkicks; +https://www.seokicks.de/robot.html)"
65.108.72.207 - - [06/Apr/2026:01:04:59 +0200] "GET /category/%d0%9d%d0%be%d0%b2%d0%b8%d0%bd%d0%b8/?filter_by=review_high HTTP/1.1" 200 15039 "http://bulpress.top/category/%d0%9d%d0%be%d0%b2%d0%b8%d0%bd%d0%b8/" "Mozilla/5.0 (compatible; SEOkicks; +https://www.seokicks.de/robot.html)"
65.108.72.207 - - [06/Apr/2026:01:05:06 +0200] "GET /category/%d0%9d%d0%be%d0%b2%d0%b8%d0%bd%d0%b8/?filter_by=random_posts HTTP/1.1" 200 20007 "http://bulpress.top/category/%d0%9d%d0%be%d0%b2%d0%b8%d0%bd%d0%b8/" "Mozilla/5.0 (compatible; SEOkicks; +https://www.seokicks.de/robot.html)"
65.108.72.207 - - [06/Apr/2026:01:05:11 +0200] "GET /%d0%bd%d0%b8%d0%bd%d0%be%d0%b2%d0%b0-%d0%b0%d0%ba%d0%be-%d0%b1%d0%be%d1%80%d0%b8%d1%81%d0%be%d0%b2-%d0%b8-%d0%ba%d0%b0%d1%80%d0%b0%d1%8f%d0%bd%d1%87%d0%b5%d0%b2%d0%b0-%d1%81%d0%b0-%d0%b0%d0%b1%d0%b4/ HTTP/1.1" 200 20988 "http://bulpress.top/category/%d0%9d%d0%be%d0%b2%d0%b8%d0%bd%d0%b8/" "Mozilla/5.0 (compatible; SEOkicks; +https://www.seokicks.de/robot.html)"
65.108.72.207 - - [06/Apr/2026:01:05:14 +0200] "GET /%d1%80%d0%b0%d0%b4%d0%b5%d0%b2-%d0%b1%d1%8a%d0%bb%d0%b3%d0%b0%d1%80%d0%b8%d1%82%d0%b5-%d0%b8%d0%bc%d0%b0%d1%82-%d0%bf%d1%80%d0%b0%d0%b2%d0%be-%d0%b4%d0%b0-%d0%b7%d0%bd%d0%b0%d1%8f%d1%82-%d0%b8%d1%81/ HTTP/1.1" 200 23911 "http://bulpress.top/category/%d0%9d%d0%be%d0%b2%d0%b8%d0%bd%d0%b8/" "Mozilla/5.0 (compatible; SEOkicks; +https://www.seokicks.de/robot.html)"
161.97.137.93 - - [06/Apr/2026:01:06:37 +0200] "POST /wp-cron.php?doing_wp_cron=1775430396.2662150859832763671875 HTTP/1.1" 404 12891 "http://bulpress.top/wp-cron.php?doing_wp_cron=1775430396.2662150859832763671875" "WordPress/4.9.26; http://bulpress.top"
66.249.74.164 - - [06/Apr/2026:01:06:37 +0200] "GET /%D0%BC%D0%BE%D0%BC%D0%B8%D1%87%D0%B5-%D1%82%D1%8A%D1%80%D1%81%D0%B8-%D0%B1%D0%B8%D0%BE%D0%BB%D0%BE%D0%B3%D0%B8%D1%87%D0%BD%D0%B0%D1%82%D0%B0-%D1%81%D0%B8-%D0%BC%D0%B0%D0%B9%D0%BA%D0%B0-%D0%BD%D0%B5/ HTTP/1.1" 200 20776 "-" "Mozilla/5.0 (Linux; Android 6.0.1; Nexus 5X Build/MMB29P) AppleWebKit/537.36 (KHTML, like Gecko) Chrome/146.0.7680.177 Mobile Safari/537.36 (compatible; Googlebot/2.1; +http://www.google.com/bot.html)"
216.244.66.232 - - [06/Apr/2026:01:06:44 +0200] "GET /%D1%89%D0%B5-%D0%B2%D0%B0%D0%BB%D0%B8-%D1%81%D0%BD%D1%8F%D0%B3-%D0%BD%D0%B0-%D0%B3%D0%B5%D1%80%D0%B3%D1%8C%D0%BE%D0%B2%D0%B4%D0%B5%D0%BD-%D0%B2-%D1%81%D1%82%D1%80%D0%B0%D0%BD%D0%B0%D1%82%D0%B0-%D0%BD/ HTTP/1.1" 200 21004 "-" "Mozilla/5.0 (compatible; DotBot/1.2; +https://opensiteexplorer.org/dotbot; help@moz.com)"
185.191.171.15 - - [06/Apr/2026:01:08:15 +0200] "GET /tag/%D0%BF%D0%BE%D0%B1%D1%83%D1%82%D0%B2%D0%B0%D0%BD%D0%B5/ HTTP/1.1" 403 285 "-" "Mozilla/5.0 (compatible; SemrushBot/7~bl; +http://www.semrush.com/bot.html)"
161.97.137.93 - - [06/Apr/2026:01:08:34 +0200] "POST /wp-cron.php?doing_wp_cron=1775430513.4660799503326416015625 HTTP/1.1" 404 12896 "http://bulpress.top/wp-cron.php?doing_wp_cron=1775430513.4660799503326416015625" "WordPress/4.9.26; http://bulpress.top"
185.191.171.4 - - [06/Apr/2026:01:08:34 +0200] "GET /%D0%9C%D0%90%D0%AF-%D0%94%D0%9E%D0%9D%D0%95%D0%92%D0%90-%D0%92%D0%A1%D0%95%D0%9A%D0%98-%D0%94%D0%95%D0%9D-%D0%A1%D0%95-%D0%A0%D0%90%D0%94%D0%92%D0%90%D0%9C-%D0%A7%D0%95-%D0%A1%D0%95-%D0%9F%D0%A0/ HTTP/1.1" 200 22902 "-" "Mozilla/5.0 (compatible; SemrushBot/7~bl; +http://www.semrush.com/bot.html)"
85.208.96.195 - - [06/Apr/2026:01:08:42 +0200] "GET /tag/%D0%BC%D1%8A%D0%BA%D0%B0%D1%82%D0%B0-%D0%BD%D0%B0-%D0%B5%D0%B4%D0%BD%D0%B0-%D0%BC%D0%B0%D0%B9%D0%BA%D0%B0/ HTTP/1.1" 200 15113 "-" "Mozilla/5.0 (compatible; SemrushBot/7~bl; +http://www.semrush.com/bot.html)"
144.76.32.187 - - [06/Apr/2026:01:08:53 +0200] "GET /%D0%BA%D0%B0%D1%82%D1%80%D0%B0%D0%BF%D1%81-%D0%B1%D1%8A%D0%BB%D0%B3%D0%B0%D1%80%D1%81%D0%BA%D0%B0%D1%82%D0%B0-%D0%B3%D0%BE%D1%80%D0%B4%D0%BE%D1%81%D1%82-%D0%BA%D0%BE%D1%8F%D1%82%D0%BE/ HTTP/1.1" 200 20967 "-" "Mozilla/5.0 (compatible; SERankingBacklinksBot/1.0; +https://seranking.com/backlinks-crawler)"
207.46.13.86 - - [06/Apr/2026:01:09:05 +0200] "GET /%D0%BA%D0%B0%D0%BA%D0%B2%D0%BE-%D0%B2%D0%B5%D1%87%D0%B5%D1%80%D1%8F%D1%85%D1%82%D0%B5-%D0%B4%D0%BD%D0%B5%D1%81-%D0%B3-%D0%BD-%D0%B1%D0%BE%D1%80%D0%B8%D1%81%D0%BE%D0%B2/ HTTP/1.1" 200 23387 "-" "Mozilla/5.0 AppleWebKit/537.36 (KHTML, like Gecko; compatible; bingbot/2.0; +http://www.bing.com/bingbot.htm) Chrome/116.0.1938.76 Safari/537.36"
161.97.137.93 - - [06/Apr/2026:01:09:53 +0200] "POST /wp-cron.php?doing_wp_cron=1775430592.6337039470672607421875 HTTP/1.1" 404 12896 "http://bulpress.top/wp-cron.php?doing_wp_cron=1775430592.6337039470672607421875" "WordPress/4.9.26; http://bulpress.top"
185.191.171.18 - - [06/Apr/2026:01:09:53 +0200] "GET /tag/top-novini/page/36/ HTTP/1.1" 200 20680 "-" "Mozilla/5.0 (compatible; SemrushBot/7~bl; +http://www.semrush.com/bot.html)"
185.191.171.18 - - [06/Apr/2026:01:09:59 +0200] "GET /tag/%D0%B1%D1%8A%D0%BB%D0%B3%D0%B0%D1%80%D0%B8%D0%BD%D1%8A%D1%82-%D1%80%D0%B0%D0%B1%D0%BE%D1%82%D0%B8-%D0%BA%D0%B0%D1%82%D0%BE-%D0%B2%D0%BE%D0%BB/ HTTP/1.1" 200 14758 "-" "Mozilla/5.0 (compatible; SemrushBot/7~bl; +http://www.semrush.com/bot.html)"
3.145.121.71 - - [06/Apr/2026:01:10:29 +0200] "GET /robots.txt HTTP/1.1" 200 80 "-" "Mozilla/5.0 (Macintosh; Intel Mac OS X 10_15_7) AppleWebKit/537.36 (KHTML, like Gecko) Chrome/131.0.0.0 Safari/537.36; ClaudeBot/1.0; +claudebot@anthropic.com)"
185.191.171.17 - - [06/Apr/2026:01:10:44 +0200] "GET /tag/%D0%B8%D0%BD%D0%B6-%D0%B7%D0%BB%D0%B0%D1%82%D0%B8-%D0%B7%D0%BB%D0%B0%D1%82%D0%B5%D0%B2/ HTTP/1.1" 200 14952 "-" "Mozilla/5.0 (compatible; SemrushBot/7~bl; +http://www.semrush.com/bot.html)"
85.208.96.206 - - [06/Apr/2026:01:10:51 +0200] "GET /tag/%D0%B4%D0%B8%D1%80%D0%B5%D0%BA%D1%82%D0%BE%D1%80-%D0%BD%D0%B0-%D0%B7%D0%B0%D0%B2%D0%BE%D0%B4%D0%B0/ HTTP/1.1" 200 14998 "-" "Mozilla/5.0 (compatible; SemrushBot/7~bl; +http://www.semrush.com/bot.html)"
161.97.137.93 - - [06/Apr/2026:01:11:31 +0200] "POST /wp-cron.php?doing_wp_cron=1775430691.3486430644989013671875 HTTP/1.1" 404 12854 "http://bulpress.top/wp-cron.php?doing_wp_cron=1775430691.3486430644989013671875" "WordPress/4.9.26; http://bulpress.top"
85.208.96.200 - - [06/Apr/2026:01:11:32 +0200] "GET /%D0%9B%D0%BE%D0%BD%D0%B4%D0%BE%D0%BD-%D0%9A%D0%A0%D0%90%D0%A1%D0%98%D0%92%D0%90-%D0%91%D0%AA%D0%9B%D0%93%D0%90%D0%A0%D0%9A%D0%90-%D0%9D%D0%90%D0%9F%D0%98%D0%A1%D0%90-%D0%9F%D0%9E%D0%A2%D0%A0%D0%95/ HTTP/1.1" 200 26896 "-" "Mozilla/5.0 (compatible; SemrushBot/7~bl; +http://www.semrush.com/bot.html)"
161.97.137.93 - - [06/Apr/2026:01:12:51 +0200] "POST /wp-cron.php?doing_wp_cron=1775430770.7246470451354980468750 HTTP/1.1" 404 12881 "http://bulpress.top/wp-cron.php?doing_wp_cron=1775430770.7246470451354980468750" "WordPress/4.9.26; http://bulpress.top"
185.191.171.7 - - [06/Apr/2026:01:12:51 +0200] "GET /tag/%D0%9D%D0%BE%D0%B2%D0%B8%D0%BD%D0%B8%D1%82%D0%B5-%D0%B4%D0%BD%D0%B5%D1%81-%D0%B8-%D1%83%D1%82%D1%80%D0%B5/page/23/ HTTP/1.1" 200 20933 "-" "Mozilla/5.0 (compatible; SemrushBot/7~bl; +http://www.semrush.com/bot.html)"
8.228.88.249 - - [06/Apr/2026:01:14:32 +0200] "GET /category/%d0%91%d1%8a%d0%bb%d0%b3%d0%b0%d1%80%d0%b8%d1%8f/feed/ HTTP/1.1" 200 55198 "-" "Mozilla/5.0 (Windows NT 6.3; WOW64; rv:33.0) Gecko/20100101 Firefox/33.0"
157.55.39.53 - - [06/Apr/2026:01:14:36 +0200] "GET /%D0%BF%D1%80%D0%B5%D0%B4%D0%BF%D1%80%D0%B8%D0%B5%D0%BC%D1%87%D0%B8%D0%B2-%D0%BD%D0%B0%D1%88%D0%B5%D0%BD%D0%B5%D1%86-%D0%B7%D0%B0%D0%B2%D1%8A%D1%80%D1%82%D1%8F-%D0%B4%D0%BE%D1%85%D0%BE%D0%B4%D0%BE/ HTTP/1.1" 200 21847 "-" "Mozilla/5.0 AppleWebKit/537.36 (KHTML, like Gecko; compatible; bingbot/2.0; +http://www.bing.com/bingbot.htm) Chrome/116.0.1938.76 Safari/537.36"
51.68.247.221 - - [06/Apr/2026:01:14:49 +0200] "GET /category/%D0%91%D1%8A%D0%BB%D0%B3%D0%B0%D1%80%D0%B8%D1%8F/page/9/ HTTP/1.1" 200 21846 "-" "Mozilla/5.0 (compatible; AhrefsBot/7.0; +http://ahrefs.com/robot/)"
161.97.137.93 - - [06/Apr/2026:01:15:26 +0200] "POST /wp-cron.php?doing_wp_cron=1775430926.1612238883972167968750 HTTP/1.1" 404 12932 "http://bulpress.top/wp-cron.php?doing_wp_cron=1775430926.1612238883972167968750" "WordPress/4.9.26; http://bulpress.top"
85.208.96.195 - - [06/Apr/2026:01:15:26 +0200] "GET /tag/bulgaria-bulpress/page/2/ HTTP/1.1" 200 21101 "-" "Mozilla/5.0 (compatible; SemrushBot/7~bl; +http://www.semrush.com/bot.html)"
161.97.137.93 - - [06/Apr/2026:01:16:35 +0200] "POST /wp-cron.php?doing_wp_cron=1775430995.0051031112670898437500 HTTP/1.1" 404 12857 "http://bulpress.top/wp-cron.php?doing_wp_cron=1775430995.0051031112670898437500" "WordPress/4.9.26; http://bulpress.top"
66.249.74.165 - - [06/Apr/2026:01:16:35 +0200] "GET /%D0%BB%D0%B5%D0%B3%D0%B5%D0%BD%D0%B4%D0%B0%D1%80%D0%B5%D0%BD-%D0%BB%D0%B5%D1%87%D0%B8%D1%82%D0%B5%D0%BB-%D0%BD%D0%B8-%D0%B4%D0%B0%D0%B4%D0%B5-%D1%83%D0%B1%D0%B8%D0%B5%D1%86%D0%B0-%D0%BD%D0%B0-%D1%80/ HTTP/1.1" 200 22323 "-" "Mozilla/5.0 (Linux; Android 6.0.1; Nexus 5X Build/MMB29P) AppleWebKit/537.36 (KHTML, like Gecko) Chrome/146.0.7680.177 Mobile Safari/537.36 (compatible; Googlebot/2.1; +http://www.google.com/bot.html)"
85.208.96.202 - - [06/Apr/2026:01:16:45 +0200] "GET /tag/%D0%BF%D1%80%D0%B0%D0%B2%D0%BE%D1%81%D0%BB%D0%B0%D0%B2%D0%B5%D0%BD-%D1%85%D1%80%D0%B0%D0%BC-%D0%B2-%D0%A2%D0%BE%D0%BA%D0%B8%D0%BE/ HTTP/1.1" 200 15027 "-" "Mozilla/5.0 (compatible; SemrushBot/7~bl; +http://www.semrush.com/bot.html)"
161.97.137.93 - - [06/Apr/2026:01:19:25 +0200] "POST /wp-cron.php?doing_wp_cron=1775431164.5572121143341064453125 HTTP/1.1" 404 12876 "http://bulpress.top/wp-cron.php?doing_wp_cron=1775431164.5572121143341064453125" "WordPress/4.9.26; http://bulpress.top"
185.191.171.19 - - [06/Apr/2026:01:19:25 +0200] "GET /tag/%D0%BD%D0%B5%D0%BF%D0%BE%D0%BD%D0%BE%D1%81%D0%B8%D0%BC%D0%B0/ HTTP/1.1" 200 14765 "-" "Mozilla/5.0 (compatible; SemrushBot/7~bl; +http://www.semrush.com/bot.html)"
85.208.96.200 - - [06/Apr/2026:01:19:35 +0200] "GET /tag/%D0%A1%D0%B5%D0%BB%D0%B8%D0%BD-%D0%94%D0%B8%D0%BE%D0%BD/ HTTP/1.1" 200 15032 "-" "Mozilla/5.0 (compatible; SemrushBot/7~bl; +http://www.semrush.com/bot.html)"
8.228.88.249 - - [06/Apr/2026:01:20:36 +0200] "GET /category/%d0%a1%d0%b2%d1%8f%d1%82/feed/ HTTP/1.1" 200 53868 "-" "Mozilla/5.0 (Windows NT 6.3; WOW64; rv:33.0) Gecko/20100101 Firefox/33.0"
161.97.137.93 - - [06/Apr/2026:01:20:37 +0200] "POST /wp-cron.php?doing_wp_cron=1775431236.6581740379333496093750 HTTP/1.1" 404 12883 "http://bulpress.top/wp-cron.php?doing_wp_cron=1775431236.6581740379333496093750" "WordPress/4.9.26; http://bulpress.top"
85.208.96.197 - - [06/Apr/2026:01:20:37 +0200] "GET /tag/vest/page/11/ HTTP/1.1" 200 20299 "-" "Mozilla/5.0 (compatible; SemrushBot/7~bl; +http://www.semrush.com/bot.html)"
85.208.96.199 - - [06/Apr/2026:01:20:55 +0200] "GET /tag/%D0%B1%D1%83%D1%82%D0%B8%D0%BB%D0%BA%D0%B0/ HTTP/1.1" 200 15365 "-" "Mozilla/5.0 (compatible; SemrushBot/7~bl; +http://www.semrush.com/bot.html)"
161.97.137.93 - - [06/Apr/2026:01:23:29 +0200] "POST /wp-cron.php?doing_wp_cron=1775431408.3703680038452148437500 HTTP/1.1" 404 12859 "http://bulpress.top/wp-cron.php?doing_wp_cron=1775431408.3703680038452148437500" "WordPress/4.9.26; http://bulpress.top"
185.191.171.18 - - [06/Apr/2026:01:23:29 +0200] "GET /tag/%D0%BB%D0%B5%D0%B4%D0%B5%D0%BD%D0%B8%D0%BA%D0%B0/ HTTP/1.1" 200 15008 "-" "Mozilla/5.0 (compatible; SemrushBot/7~bl; +http://www.semrush.com/bot.html)"
185.191.171.6 - - [06/Apr/2026:01:23:40 +0200] "GET /tag/%D0%BF%D0%BB%D0%B0%D0%BD%D0%B8%D0%BD%D0%B0%D1%82%D0%B0/ HTTP/1.1" 200 15309 "-" "Mozilla/5.0 (compatible; SemrushBot/7~bl; +http://www.semrush.com/bot.html)"
8.228.88.249 - - [06/Apr/2026:01:23:57 +0200] "GET /feed/ HTTP/1.1" 200 49033 "-" "Mozilla/5.0 (Windows NT 6.3; WOW64; rv:33.0) Gecko/20100101 Firefox/33.0"
161.97.137.93 - - [06/Apr/2026:01:24:56 +0200] "POST /wp-cron.php?doing_wp_cron=1775431496.1033959388732910156250 HTTP/1.1" 404 12975 "http://bulpress.top/wp-cron.php?doing_wp_cron=1775431496.1033959388732910156250" "WordPress/4.9.26; http://bulpress.top"
194.26.192.24 - - [06/Apr/2026:01:24:56 +0200] "GET /txets.php HTTP/1.1" 404 12939 "-" "Mozilla/5.0 (Linux; Android 7.0; SM-G892A) AppleWebKit/537.36 (KHTML, like Gecko) Chrome/60.0.3112.107 Mobile Safari/537.36"
194.26.192.24 - - [06/Apr/2026:01:24:57 +0200] "GET /postnews.php HTTP/1.1" 404 12936 "-" "Mozilla/5.0 (Linux; Android 7.0; SM-G892A) AppleWebKit/537.36 (KHTML, like Gecko) Chrome/60.0.3112.107 Mobile Safari/537.36"
194.26.192.24 - - [06/Apr/2026:01:24:58 +0200] "GET /cgi-bin/postnews.php HTTP/1.1" 404 12974 "-" "Mozilla/5.0 (Linux; Android 7.0; SM-G892A) AppleWebKit/537.36 (KHTML, like Gecko) Chrome/60.0.3112.107 Mobile Safari/537.36"
161.97.137.93 - - [06/Apr/2026:01:25:08 +0200] "GET /.well-known/acme-challenge/WLG7MA9DM_1HY-K9P684Y_Y7UE2Q5Z9- HTTP/1.1" 200 64 "-" "Cpanel-HTTP-Client/1.0"
161.97.137.93 - - [06/Apr/2026:01:25:10 +0200] "GET /.well-known/acme-challenge/RMIBU9WA_VMT4I49MSLM16XFS2OMC9S_ HTTP/1.1" 200 64 "-" "Cpanel-HTTP-Client/1.0"
161.97.137.93 - - [06/Apr/2026:01:25:12 +0200] "GET /.well-known/acme-challenge/HQJD5-A1BWVPXELCD92MMSG3FQJBGD57 HTTP/1.1" 200 64 "-" "Cpanel-HTTP-Client/1.0"
161.97.137.93 - - [06/Apr/2026:01:27:55 +0200] "POST /wp-cron.php?doing_wp_cron=1775431674.6424160003662109375000 HTTP/1.1" 404 12896 "http://bulpress.top/wp-cron.php?doing_wp_cron=1775431674.6424160003662109375000" "WordPress/4.9.26; http://bulpress.top"
85.208.96.204 - - [06/Apr/2026:01:27:55 +0200] "GET /tag/%D0%B8%D0%BA%D0%BE%D0%BD%D0%BE%D0%BC%D0%B8%D1%81%D1%82%D0%B8%D1%82%D0%B5/ HTTP/1.1" 200 14907 "-" "Mozilla/5.0 (compatible; SemrushBot/7~bl; +http://www.semrush.com/bot.html)"
85.208.96.208 - - [06/Apr/2026:01:30:11 +0200] "GET /tag/%D0%BA%D0%B0%D1%87%D0%B5%D1%81%D1%82%D0%B2%D0%BE/ HTTP/1.1" 403 285 "-" "Mozilla/5.0 (compatible; SemrushBot/7~bl; +http://www.semrush.com/bot.html)"
85.208.96.208 - - [06/Apr/2026:01:31:28 +0200] "GET /tag/%D0%95%D0%A1/page/32/ HTTP/1.1" 403 285 "-" "Mozilla/5.0 (compatible; SemrushBot/7~bl; +http://www.semrush.com/bot.html)"
161.97.137.93 - - [06/Apr/2026:01:32:01 +0200] "POST /wp-cron.php?doing_wp_cron=1775431920.4085109233856201171875 HTTP/1.1" 404 12935 "http://bulpress.top/wp-cron.php?doing_wp_cron=1775431920.4085109233856201171875" "WordPress/4.9.26; http://bulpress.top"
66.249.74.166 - - [06/Apr/2026:01:32:01 +0200] "GET /tag/%D0%A1%D0%B2%D0%B8%D0%BB%D0%B5%D0%BD%D0%B3%D1%80%D0%B0%D0%B4%D1%87%D0%B0%D0%BD%D0%B8%D0%BD%D1%8A%D1%82-%D0%A1%D0%BB%D0%B0%D0%B2%D0%B5%D0%B9-%D0%A1%D0%BB%D0%B0%D0%B2%D1%87%D0%B5%D0%B2/ HTTP/1.1" 200 15103 "-" "Mozilla/5.0 (Linux; Android 6.0.1; Nexus 5X Build/MMB29P) AppleWebKit/537.36 (KHTML, like Gecko) Chrome/146.0.7680.177 Mobile Safari/537.36 (compatible; Googlebot/2.1; +http://www.google.com/bot.html)"
185.191.171.8 - - [06/Apr/2026:01:32:25 +0200] "GET /%D0%BF%D0%BE%D0%BC%D0%BE%D1%89%D1%82%D0%B0-%D0%BD%D0%B8-%D0%B7%D0%B0-%D0%B8%D1%82%D0%B0%D0%BB%D0%B8%D1%8F-%D0%B5-%D0%B1%D0%B5%D0%B7-%D1%83%D1%81%D0%BB%D0%BE%D0%B2%D0%B8%D1%8F-%D0%B8-%D0%BF%D0%BE%D0%BB/ HTTP/1.1" 200 22535 "-" "Mozilla/5.0 (compatible; SemrushBot/7~bl; +http://www.semrush.com/bot.html)"
43.157.179.227 - - [06/Apr/2026:01:32:33 +0200] "GET / HTTP/1.1" 200 29323 "-" "Mozilla/5.0 (iPhone; CPU iPhone OS 13_2_3 like Mac OS X) AppleWebKit/605.1.15 (KHTML, like Gecko) Version/13.0.3 Mobile/15E148 Safari/604.1"
161.97.137.93 - - [06/Apr/2026:01:33:30 +0200] "POST /wp-cron.php?doing_wp_cron=1775432009.4959449768066406250000 HTTP/1.1" 404 12857 "http://bulpress.top/wp-cron.php?doing_wp_cron=1775432009.4959449768066406250000" "WordPress/4.9.26; http://bulpress.top"
85.208.96.205 - - [06/Apr/2026:01:33:30 +0200] "GET /tag/%D0%BF%D0%BE%D0%BA%D1%8A%D1%89%D0%BD%D0%B8%D0%BD%D0%B0%D1%82%D0%B0/ HTTP/1.1" 200 14995 "-" "Mozilla/5.0 (compatible; SemrushBot/7~bl; +http://www.semrush.com/bot.html)"
2a03:2880:32ff:8:: - - [06/Apr/2026:01:33:35 +0200] "GET /wp-content/uploads/2017/09/0000234533-article2.jpg HTTP/1.1" 200 50998 "-" "facebookexternalhit/1.1 (+http://www.facebook.com/externalhit_uatext.php)"
185.191.171.1 - - [06/Apr/2026:01:33:55 +0200] "GET /tag/%D0%B5%D0%BA%D1%81%D0%BF%D0%BE%D1%80%D1%82%D0%BD%D0%B8%D1%82%D0%B5-%D0%B6%D0%B8%D0%B2%D0%BE%D1%82%D0%BD%D0%B8/ HTTP/1.1" 200 14954 "-" "Mozilla/5.0 (compatible; SemrushBot/7~bl; +http://www.semrush.com/bot.html)"
161.97.137.93 - - [06/Apr/2026:01:35:42 +0200] "POST /wp-cron.php?doing_wp_cron=1775432142.1020689010620117187500 HTTP/1.1" 404 12933 "http://bulpress.top/wp-cron.php?doing_wp_cron=1775432142.1020689010620117187500" "WordPress/4.9.26; http://bulpress.top"
85.208.96.204 - - [06/Apr/2026:01:35:43 +0200] "GET /tag/%D0%B0%D1%81%D0%BF/ HTTP/1.1" 200 15281 "-" "Mozilla/5.0 (compatible; SemrushBot/7~bl; +http://www.semrush.com/bot.html)"
85.208.96.210 - - [06/Apr/2026:01:35:45 +0200] "GET /%D0%A1%D0%A2%D0%90%D0%A2%D0%98%D0%AF%D0%A2%D0%90-%D0%9E%D0%A2-%D0%91%D0%AA%D0%9B%D0%93%D0%90%D0%A0%D0%98%D0%AF-%D0%9A%D0%9E%D0%AF%D0%A2%D0%9E-%D0%97%D0%90%D0%A8%D0%98-%D0%A8%D0%90%D0%9C%D0%90%D0%A0/big_merki/ HTTP/1.1" 200 15565 "-" "Mozilla/5.0 (compatible; SemrushBot/7~bl; +http://www.semrush.com/bot.html)"
8.228.88.249 - - [06/Apr/2026:01:36:05 +0200] "GET /category/%d0%a1%d0%b2%d1%8f%d1%82/feed/ HTTP/1.1" 200 53868 "-" "Mozilla/5.0 (Windows NT 6.3; WOW64; rv:33.0) Gecko/20100101 Firefox/33.0"
85.208.96.205 - - [06/Apr/2026:01:37:20 +0200] "GET /tag/%D0%BD%D0%B0%D0%BF%D1%81%D1%83%D0%B2%D0%B0/ HTTP/1.1" 200 15117 "-" "Mozilla/5.0 (compatible; SemrushBot/7~bl; +http://www.semrush.com/bot.html)"
161.97.137.93 - - [06/Apr/2026:01:38:29 +0200] "POST /wp-cron.php?doing_wp_cron=1775432308.6701500415802001953125 HTTP/1.1" 404 12901 "http://bulpress.top/wp-cron.php?doing_wp_cron=1775432308.6701500415802001953125" "WordPress/4.9.26; http://bulpress.top"
185.191.171.12 - - [06/Apr/2026:01:38:29 +0200] "GET /tag/%D0%B1%D0%B0%D0%BB%D0%BA%D0%B0%D0%BD%D1%81%D0%BA%D0%B8%D1%82%D0%B5-%D0%BD%D0%B0%D1%80%D0%BE%D0%B4%D0%B8/ HTTP/1.1" 200 14896 "-" "Mozilla/5.0 (compatible; SemrushBot/7~bl; +http://www.semrush.com/bot.html)"
8.228.88.249 - - [06/Apr/2026:01:40:02 +0200] "GET /category/%d0%98%d1%81%d1%82%d0%be%d1%80%d0%b8%d0%b8/feed/ HTTP/1.1" 200 53803 "-" "Mozilla/5.0 (Windows NT 6.3; WOW64; rv:33.0) Gecko/20100101 Firefox/33.0"
216.244.66.232 - - [06/Apr/2026:01:40:44 +0200] "GET /robots.txt HTTP/1.1" 200 80 "-" "Mozilla/5.0 (compatible; DotBot/1.2; +https://opensiteexplorer.org/dotbot; help@moz.com)"
185.191.171.2 - - [06/Apr/2026:01:41:34 +0200] "GET /tag/%D0%BD%D0%BE%D0%B2%D0%B8%D0%BD%D0%B8%D1%82%D0%B5/page/9/ HTTP/1.1" 200 20540 "-" "Mozilla/5.0 (compatible; SemrushBot/7~bl; +http://www.semrush.com/bot.html)"
161.97.137.93 - - [06/Apr/2026:01:42:25 +0200] "POST /wp-cron.php?doing_wp_cron=1775432544.9358119964599609375000 HTTP/1.1" 404 12882 "http://bulpress.top/wp-cron.php?doing_wp_cron=1775432544.9358119964599609375000" "WordPress/4.9.26; http://bulpress.top"
85.208.96.205 - - [06/Apr/2026:01:42:25 +0200] "GET /tag/%D1%81%D0%B2%D0%B5%D1%82%D0%BB%D0%B0%D0%BD%D0%B0-%D1%81%D0%B0%D0%B2%D0%B8%D1%86%D0%BA%D0%B0%D1%8F/ HTTP/1.1" 200 15030 "-" "Mozilla/5.0 (compatible; SemrushBot/7~bl; +http://www.semrush.com/bot.html)"
154.64.230.239 - - [06/Apr/2026:01:43:01 +0200] "GET /wp-content/uploads/2020/03/90715681_2606131166325095_1342697297460330496_o.jpg HTTP/1.1" 502 552 "-" "Mozilla/5.0 (X11; Linux x86_64) AppleWebKit/537.36 (KHTML, like Gecko) Chrome/124.0.0.0 Safari/537.36"
8.228.88.249 - - [06/Apr/2026:01:45:01 +0200] "GET /category/%d0%91%d1%8a%d0%bb%d0%b3%d0%b0%d1%80%d0%b8%d1%8f/feed/ HTTP/1.1" 200 55198 "-" "Mozilla/5.0 (Windows NT 6.3; WOW64; rv:33.0) Gecko/20100101 Firefox/33.0"
161.97.137.93 - - [06/Apr/2026:01:45:01 +0200] "POST /wp-cron.php?doing_wp_cron=1775432701.1836578845977783203125 HTTP/1.1" 404 11239 "http://bulpress.top/wp-cron.php?doing_wp_cron=1775432701.1836578845977783203125" "WordPress/4.9.26; http://bulpress.top"
85.208.96.202 - - [06/Apr/2026:01:45:50 +0200] "GET /tag/%D0%BF%D0%B5%D1%80%D0%BB%D0%BE%D0%B2%D1%81%D0%BA%D0%B0%D1%82%D0%B0-%D1%80%D0%B5%D0%BA%D0%B0/ HTTP/1.1" 200 14731 "-" "Mozilla/5.0 (compatible; SemrushBot/7~bl; +http://www.semrush.com/bot.html)"
161.97.137.93 - - [06/Apr/2026:01:46:28 +0200] "POST /wp-cron.php?doing_wp_cron=1775432788.0199959278106689453125 HTTP/1.1" 404 12898 "http://bulpress.top/wp-cron.php?doing_wp_cron=1775432788.0199959278106689453125" "WordPress/4.9.26; http://bulpress.top"
85.208.96.195 - - [06/Apr/2026:01:46:28 +0200] "GET /tag/%D0%9F%D0%B0%D1%82%D1%80%D0%B8%D0%BA-%D0%A3%D0%B8%D0%BB%D1%8F%D0%BC%D1%81/ HTTP/1.1" 200 14892 "-" "Mozilla/5.0 (compatible; SemrushBot/7~bl; +http://www.semrush.com/bot.html)"
185.191.171.7 - - [06/Apr/2026:01:46:35 +0200] "GET /tag/%D1%81-300-000-%D0%B7%D0%BB%D0%B0%D1%82%D0%BD%D0%B8-%D0%BB%D0%B5%D0%B2%D0%B0/ HTTP/1.1" 200 14923 "-" "Mozilla/5.0 (compatible; SemrushBot/7~bl; +http://www.semrush.com/bot.html)"
161.97.137.93 - - [06/Apr/2026:01:48:20 +0200] "POST /wp-cron.php?doing_wp_cron=1775432900.1192579269409179687500 HTTP/1.1" 404 12891 "http://bulpress.top/wp-cron.php?doing_wp_cron=1775432900.1192579269409179687500" "WordPress/4.9.26; http://bulpress.top"
8.228.88.249 - - [06/Apr/2026:01:48:20 +0200] "GET /news/feed/ HTTP/1.1" 200 514 "-" "Mozilla/5.0 (Windows NT 6.3; WOW64; rv:33.0) Gecko/20100101 Firefox/33.0"
85.208.96.208 - - [06/Apr/2026:01:49:07 +0200] "GET /tag/%D0%B1%D1%80%D0%B5%D0%BC%D0%B5%D0%BD%D0%BD%D0%BE%D1%81%D1%82%D1%82%D0%B0/ HTTP/1.1" 403 285 "-" "Mozilla/5.0 (compatible; SemrushBot/7~bl; +http://www.semrush.com/bot.html)"
185.170.167.18 - - [06/Apr/2026:01:49:18 +0200] "GET /tag/%D0%B1%D1%80%D0%B5%D0%BC%D0%B5%D0%BD%D0%BD%D0%BE%D1%81%D1%82%D1%82%D0%B0/ HTTP/1.1" 200 15014 "-" "Mozilla/5.0 (compatible; BacklinksExtendedBot)"
85.208.96.208 - - [06/Apr/2026:01:49:42 +0200] "GET /%D0%BA%D0%B0%D0%BA-%D0%BF%D0%BE-%D0%B2%D1%80%D0%B5%D0%BC%D0%B5%D1%82%D0%BE-%D0%BD%D0%B0-%D1%81%D0%BE%D1%86%D0%B8%D0%B0%D0%BB%D0%B8%D0%B7%D0%BC%D0%B0-%D0%B1%D1%8A%D0%BB%D0%B3%D0%B0%D1%80%D0%B8%D1%8F/ HTTP/1.1" 403 285 "-" "Mozilla/5.0 (compatible; SemrushBot/7~bl; +http://www.semrush.com/bot.html)"
161.97.137.93 - - [06/Apr/2026:01:50:10 +0200] "POST /wp-cron.php?doing_wp_cron=1775433010.2792799472808837890625 HTTP/1.1" 404 12882 "http://bulpress.top/wp-cron.php?doing_wp_cron=1775433010.2792799472808837890625" "WordPress/4.9.26; http://bulpress.top"
185.191.171.3 - - [06/Apr/2026:01:50:11 +0200] "GET /tag/%D1%84%D0%B0%D0%BB%D1%88%D0%B8%D0%B2%D0%B8-%D1%83%D0%B5%D0%B1-%D0%BD%D0%BE%D0%B2%D0%B8%D0%BD%D0%B8/page/2/ HTTP/1.1" 200 21415 "-" "Mozilla/5.0 (compatible; SemrushBot/7~bl; +http://www.semrush.com/bot.html)"
185.170.167.18 - - [06/Apr/2026:01:50:43 +0200] "GET /%D0%BA%D0%B0%D0%BA-%D0%BF%D0%BE-%D0%B2%D1%80%D0%B5%D0%BC%D0%B5%D1%82%D0%BE-%D0%BD%D0%B0-%D1%81%D0%BE%D1%86%D0%B8%D0%B0%D0%BB%D0%B8%D0%B7%D0%BC%D0%B0-%D0%B1%D1%8A%D0%BB%D0%B3%D0%B0%D1%80%D0%B8%D1%8F/ HTTP/1.1" 200 20647 "-" "Mozilla/5.0 (compatible; BacklinksExtendedBot)"
185.191.171.16 - - [06/Apr/2026:01:50:48 +0200] "GET /tag/posledni-novini/page/46/ HTTP/1.1" 200 20805 "-" "Mozilla/5.0 (compatible; SemrushBot/7~bl; +http://www.semrush.com/bot.html)"
185.191.171.19 - - [06/Apr/2026:01:50:52 +0200] "GET /tag/%D0%B5%D0%BD%D0%B5%D1%80%D0%B3%D0%B5%D1%82%D0%B8%D0%BA%D0%B0/page/8/ HTTP/1.1" 200 21067 "-" "Mozilla/5.0 (compatible; SemrushBot/7~bl; +http://www.semrush.com/bot.html)"
185.191.171.19 - - [06/Apr/2026:01:51:11 +0200] "GET /tag/%D0%BF%D0%B8%D1%88%D0%B0%D1%82/ HTTP/1.1" 502 150 "-" "Mozilla/5.0 (compatible; SemrushBot/7~bl; +http://www.semrush.com/bot.html)"
161.97.137.93 - - [06/Apr/2026:01:51:58 +0200] "POST /wp-cron.php?doing_wp_cron=1775433117.6332709789276123046875 HTTP/1.1" 404 12950 "http://bulpress.top/wp-cron.php?doing_wp_cron=1775433117.6332709789276123046875" "WordPress/4.9.26; http://bulpress.top"
66.249.74.166 - - [06/Apr/2026:01:51:58 +0200] "GET /%D1%80%D0%B0%D0%B7%D1%85%D0%BE%D0%B4%D0%B5%D1%82%D0%B5-%D1%81%D0%B5-%D0%BF%D0%BE-%D0%B1%D1%8A%D0%BB%D0%B3%D0%B0%D1%80%D0%B8%D1%8F-%D0%B7%D0%B0-%D0%B4%D0%B0-%D0%B2%D0%B8%D0%B4%D0%B8%D1%82%D0%B5-%D0%BA/ HTTP/1.1" 200 20667 "-" "Mozilla/5.0 (Linux; Android 6.0.1; Nexus 5X Build/MMB29P) AppleWebKit/537.36 (KHTML, like Gecko) Chrome/146.0.7680.177 Mobile Safari/537.36 (compatible; Googlebot/2.1; +http://www.google.com/bot.html)"
37.59.21.100 - - [06/Apr/2026:01:52:05 +0200] "GET /feed/ HTTP/1.1" 200 49033 "-" "Mozilla/5.0 (X11; Linux i686) AppleWebKit/537.36 (KHTML, like Gecko) Chrome/30.0.1599.66 Safari/537.36"
85.208.96.200 - - [06/Apr/2026:01:52:33 +0200] "GET /%D0%B0%D0%B1%D1%81%D1%83%D1%80%D0%B4%D1%8A%D1%82-%D0%B4%D0%B0-%D1%81%D0%B8-%D1%87%D1%83%D0%B6%D0%B4%D0%B5%D0%BD%D0%B5%D1%86-%D0%B2-%D0%B1%D1%8A%D0%BB%D0%B3%D0%B0%D1%80%D0%B8%D1%8F/kontrol/ HTTP/1.1" 200 15532 "-" "Mozilla/5.0 (compatible; SemrushBot/7~bl; +http://www.semrush.com/bot.html)"
161.97.137.93 - - [06/Apr/2026:01:53:12 +0200] "POST /wp-cron.php?doing_wp_cron=1775433191.5154430866241455078125 HTTP/1.1" 404 12887 "http://bulpress.top/wp-cron.php?doing_wp_cron=1775433191.5154430866241455078125" "WordPress/4.9.26; http://bulpress.top"
85.208.96.205 - - [06/Apr/2026:01:53:12 +0200] "GET /tag/%D0%BB%D0%B5%D0%BD%D1%87%D0%B5/ HTTP/1.1" 200 15278 "-" "Mozilla/5.0 (compatible; SemrushBot/7~bl; +http://www.semrush.com/bot.html)"
85.208.96.200 - - [06/Apr/2026:01:53:15 +0200] "GET /tag/%D1%80%D0%B0%D0%B6%D0%B4%D0%B0%D0%BD%D0%B8%D1%8F%D1%82%D0%B0/ HTTP/1.1" 200 14802 "-" "Mozilla/5.0 (compatible; SemrushBot/7~bl; +http://www.semrush.com/bot.html)"
85.208.96.211 - - [06/Apr/2026:01:53:50 +0200] "GET /tag/top-novini/page/38/ HTTP/1.1" 200 21280 "-" "Mozilla/5.0 (compatible; SemrushBot/7~bl; +http://www.semrush.com/bot.html)"
85.208.96.209 - - [06/Apr/2026:01:53:55 +0200] "GET /homepage-sport/ HTTP/1.1" 200 33055 "-" "Mozilla/5.0 (compatible; SemrushBot/7~bl; +http://www.semrush.com/bot.html)"
161.97.137.93 - - [06/Apr/2026:01:54:55 +0200] "POST /wp-cron.php?doing_wp_cron=1775433294.9855420589447021484375 HTTP/1.1" 404 12840 "http://bulpress.top/wp-cron.php?doing_wp_cron=1775433294.9855420589447021484375" "WordPress/4.9.26; http://bulpress.top"
185.191.171.19 - - [06/Apr/2026:01:54:56 +0200] "GET /tag/%D0%BC%D0%B0%D0%BD%D0%B8%D0%BF%D1%83%D0%BB%D0%B8%D1%80%D0%B0%D1%82-%D1%85%D0%BE%D1%80%D0%B0%D1%82%D0%B0/ HTTP/1.1" 200 15038 "-" "Mozilla/5.0 (compatible; SemrushBot/7~bl; +http://www.semrush.com/bot.html)"
154.64.230.239 - - [06/Apr/2026:01:54:57 +0200] "GET /wp-content/uploads/2021/03/157745380_1602210690168360_8894121956435667645_n-218x150.jpg HTTP/1.1" 200 10821 "-" "Mozilla/5.0 (X11; Linux x86_64) AppleWebKit/537.36 (KHTML, like Gecko) Chrome/124.0.0.0 Safari/537.36"
85.208.96.196 - - [06/Apr/2026:01:55:24 +0200] "GET /tag/%D0%BA%D1%83%D0%BF%D1%83%D0%B2%D0%B0%D1%82%D0%B5/ HTTP/1.1" 200 15115 "-" "Mozilla/5.0 (compatible; SemrushBot/7~bl; +http://www.semrush.com/bot.html)"
161.97.137.93 - - [06/Apr/2026:01:56:24 +0200] "POST /wp-cron.php?doing_wp_cron=1775433384.1675429344177246093750 HTTP/1.1" 404 12882 "http://bulpress.top/wp-cron.php?doing_wp_cron=1775433384.1675429344177246093750" "WordPress/4.9.26; http://bulpress.top"
8.228.88.249 - - [06/Apr/2026:01:56:24 +0200] "GET /feed/ HTTP/1.1" 200 49033 "-" "Mozilla/5.0 (Windows NT 6.3; WOW64; rv:33.0) Gecko/20100101 Firefox/33.0"
45.154.98.131 - - [06/Apr/2026:01:56:26 +0200] "GET /xmlrpc.php HTTP/1.1" 404 12885 "-" "Mozilla/5.0 (Macintosh; Intel Mac OS X 14_2_1) AppleWebKit/537.36 (KHTML, like Gecko) Chrome/120.0.0.0 Safari/537.36"
216.244.66.232 - - [06/Apr/2026:01:56:30 +0200] "GET /%D0%9A%D0%B0%D0%BA-%D0%BD%D1%8F%D0%BA%D0%BE%D0%B3%D0%B0-%D0%BC%D0%BE%D0%B6%D0%B5%D1%88%D0%B5-%D0%B4%D0%B0-%D0%B7%D0%B0%D0%BA%D1%83%D1%81%D0%B2%D0%B0%D1%88-15-%D1%81%D1%82%D0%BE%D1%82/ HTTP/1.1" 200 22637 "-" "Mozilla/5.0 (compatible; DotBot/1.2; +https://opensiteexplorer.org/dotbot; help@moz.com)"
43.135.145.73 - - [06/Apr/2026:01:57:08 +0200] "GET /%d1%80%d0%b0%d0%b1%d0%be%d1%82%d0%b0-%d0%b2-%d0%b0%d0%bd%d0%b3%d0%bb%d0%b8%d1%8f-%d0%be%d0%bf%d0%b8%d1%82-%d0%be%d1%82-%d0%bf%d1%8a%d1%80%d0%b2%d0%be-%d0%bb%d0%b8%d1%86%d0%b5/ HTTP/1.1" 200 24147 "-" "Mozilla/5.0 (iPhone; CPU iPhone OS 13_2_3 like Mac OS X) AppleWebKit/605.1.15 (KHTML, like Gecko) Version/13.0.3 Mobile/15E148 Safari/604.1"
161.97.137.93 - - [06/Apr/2026:01:57:45 +0200] "POST /wp-cron.php?doing_wp_cron=1775433465.1119999885559082031250 HTTP/1.1" 404 12881 "http://bulpress.top/wp-cron.php?doing_wp_cron=1775433465.1119999885559082031250" "WordPress/4.9.26; http://bulpress.top"
185.191.171.19 - - [06/Apr/2026:01:57:46 +0200] "GET /tag/%D0%BF%D1%80%D0%B8%D0%B7%D0%BD%D0%B0%D0%BD%D0%B8%D0%B5/ HTTP/1.1" 200 14827 "-" "Mozilla/5.0 (compatible; SemrushBot/7~bl; +http://www.semrush.com/bot.html)"
161.97.137.93 - - [06/Apr/2026:01:59:42 +0200] "POST /wp-cron.php?doing_wp_cron=1775433581.5260550975799560546875 HTTP/1.1" 404 12844 "http://bulpress.top/wp-cron.php?doing_wp_cron=1775433581.5260550975799560546875" "WordPress/4.9.26; http://bulpress.top"
185.191.171.9 - - [06/Apr/2026:01:59:42 +0200] "GET /robots.txt HTTP/1.1" 200 80 "-" "Mozilla/5.0 (compatible; SemrushBot/7~bl; +http://www.semrush.com/bot.html)"
185.191.171.11 - - [06/Apr/2026:01:59:43 +0200] "GET /tag/%D0%BD%D0%B5%D0%BE%D0%B1%D1%85%D0%BE%D0%B4%D0%B8%D0%BC%D0%B8%D1%8F-%D0%B4%D0%BE%D0%BA%D1%83%D0%BC%D0%B5%D0%BD%D1%82/ HTTP/1.1" 200 15006 "-" "Mozilla/5.0 (compatible; SemrushBot/7~bl; +http://www.semrush.com/bot.html)"
161.97.137.93 - - [06/Apr/2026:02:02:07 +0200] "POST /wp-cron.php?doing_wp_cron=1775433726.5915870666503906250000 HTTP/1.1" 404 12979 "http://bulpress.top/wp-cron.php?doing_wp_cron=1775433726.5915870666503906250000" "WordPress/4.9.26; http://bulpress.top"
85.208.96.207 - - [06/Apr/2026:02:02:07 +0200] "GET /tag/%D0%BF%D1%80%D0%B0%D0%B2%D0%B5%D1%86-%D1%81%D1%82%D0%B0%D0%BD%D0%B0-%D0%B3%D1%80%D0%B0%D0%B4-%D0%B7%D0%B0%D1%80%D0%B0%D0%B4%D0%B8-%D0%B1%D0%B0%D0%B9-%D1%82%D0%BE%D1%88%D0%BE/ HTTP/1.1" 200 14948 "-" "Mozilla/5.0 (compatible; SemrushBot/7~bl; +http://www.semrush.com/bot.html)"
157.55.39.53 - - [06/Apr/2026:02:02:16 +0200] "GET /%D0%B4%D0%BE%D1%80%D0%B8-%D1%81%D0%BB%D0%B5%D0%B4-%D0%B2%D0%BE%D0%B9%D0%BD%D0%B0-%D1%81%D1%8A%D1%81%D1%82%D0%BE%D1%8F%D0%BD%D0%B8%D0%B5%D1%82%D0%BE-%D0%BD%D0%B0-%D0%B0%D1%80%D0%BC%D0%B8%D1%8F%D1%82/ HTTP/1.1" 200 22237 "-" "Mozilla/5.0 AppleWebKit/537.36 (KHTML, like Gecko; compatible; bingbot/2.0; +http://www.bing.com/bingbot.htm) Chrome/116.0.1938.76 Safari/537.36"
157.55.39.53 - - [06/Apr/2026:02:02:17 +0200] "GET /%D0%BA%D0%BC%D0%B5%D1%82-%D0%BD%D0%B0-%D1%81%D0%B5%D0%BB%D0%BE-%D0%B4%D0%B0%D0%B2%D0%B0-%D0%BF%D0%BE-4000-%D0%BB%D0%B5%D0%B2%D0%B0-%D0%B8-%D0%B4%D0%BE%D0%BC-%D0%B7%D0%B0-80%D0%BB%D0%B2-%D0%BD%D0%B0/ HTTP/1.1" 200 22856 "-" "Mozilla/5.0 AppleWebKit/537.36 (KHTML, like Gecko; compatible; bingbot/2.0; +http://www.bing.com/bingbot.htm) Chrome/116.0.1938.76 Safari/537.36"
157.55.39.53 - - [06/Apr/2026:02:02:19 +0200] "GET /6-%D0%BA%D1%83%D0%BF%D0%B8-%D0%B8-32-%D0%BC%D0%B5%D0%B4%D0%B0%D0%BB%D0%B0-%D0%B7%D0%B0-%D0%BC%D0%BB%D0%B0%D0%B4%D0%B8%D1%82%D0%B5-%D0%B1%D1%8A%D0%BB%D0%B3%D0%B0%D1%80%D1%81%D0%BA%D0%B8-%D0%BC%D0%B0/ HTTP/1.1" 200 21712 "-" "Mozilla/5.0 AppleWebKit/537.36 (KHTML, like Gecko; compatible; bingbot/2.0; +http://www.bing.com/bingbot.htm) Chrome/116.0.1938.76 Safari/537.36"
185.191.171.18 - - [06/Apr/2026:02:02:26 +0200] "GET /tag/%D0%BD%D0%B0%D0%B9-%D0%B0%D0%BA%D1%82%D0%B8%D0%B2%D0%BD%D0%B8%D1%8F%D1%82-%D1%82%D1%80%D0%BE%D0%BB/page/8/ HTTP/1.1" 200 21020 "-" "Mozilla/5.0 (compatible; SemrushBot/7~bl; +http://www.semrush.com/bot.html)"
8.228.88.249 - - [06/Apr/2026:02:02:41 +0200] "GET /category/%d0%91%d1%8a%d0%bb%d0%b3%d0%b0%d1%80%d0%b8%d1%8f/feed/ HTTP/1.1" 200 55198 "-" "Mozilla/5.0 (Windows NT 6.3; WOW64; rv:33.0) Gecko/20100101 Firefox/33.0"
157.55.39.53 - - [06/Apr/2026:02:02:43 +0200] "GET /%D0%91%D0%BE%D1%8F%D0%BD-%D0%A1%D0%B0%D1%80%D1%8A%D0%B5%D0%B2-%D0%A0%D0%B0%D0%B7%D0%B1%D0%B5%D1%80%D0%B5%D1%82%D0%B5-%D0%BC%D0%B5-%D0%BC%D0%BD%D0%BE%D0%B3%D0%BE-%D0%BF%D1%80%D0%B0%D0%B2%D0%B8%D0%BB/ HTTP/1.1" 200 21543 "-" "Mozilla/5.0 AppleWebKit/537.36 (KHTML, like Gecko; compatible; bingbot/2.0; +http://www.bing.com/bingbot.htm) Chrome/116.0.1938.76 Safari/537.36"
157.55.39.53 - - [06/Apr/2026:02:02:44 +0200] "GET /%D0%B4%D0%BE%D0%BA%D1%8A%D0%B4%D0%B5-%D1%81%D0%B5-%D0%B4%D0%BE%D0%BA%D0%B0%D1%80%D0%B0%D1%85%D0%BC%D0%B5-75-%D0%B3%D0%BE%D0%B4%D0%B8%D1%88%D0%BD%D0%B0-%D0%B1%D0%B0%D0%B1%D0%B0-%D0%B6%D0%B8%D0%B2/ HTTP/1.1" 200 21032 "-" "Mozilla/5.0 AppleWebKit/537.36 (KHTML, like Gecko; compatible; bingbot/2.0; +http://www.bing.com/bingbot.htm) Chrome/116.0.1938.76 Safari/537.36"
157.55.39.53 - - [06/Apr/2026:02:02:45 +0200] "GET /tag/%D0%BF%D1%80%D0%B0%D0%B2%D0%B0%D1%82%D0%B0-%D0%B8-%D0%BF%D0%B0%D1%80%D0%B8%D1%82%D0%B5-%D0%BD%D0%B0-%D1%80%D0%B0%D0%B1%D0%BE%D1%82%D0%BD%D0%B8%D1%86%D0%B8%D1%82%D0%B5/ HTTP/1.1" 200 15066 "-" "Mozilla/5.0 AppleWebKit/537.36 (KHTML, like Gecko; compatible; bingbot/2.0; +http://www.bing.com/bingbot.htm) Chrome/116.0.1938.76 Safari/537.36"
66.249.74.164 - - [06/Apr/2026:02:02:59 +0200] "GET /%D0%B0%D0%BA%D0%BE-%D1%81%D0%BF%D0%B0%D0%B7%D0%B2%D0%B0%D1%85%D0%BC%D0%B5-%D0%B7%D0%B0%D0%BA%D0%BE%D0%BD%D0%B8%D1%82%D0%B5-%D0%BD%D0%B0-%D1%85%D0%B0%D0%BD-%D0%BA%D1%80%D1%83%D0%BC/han-krum/ HTTP/1.1" 200 15576 "-" "Mozilla/5.0 (Linux; Android 6.0.1; Nexus 5X Build/MMB29P) AppleWebKit/537.36 (KHTML, like Gecko) Chrome/146.0.7680.177 Mobile Safari/537.36 (compatible; Googlebot/2.1; +http://www.google.com/bot.html)"
161.97.137.93 - - [06/Apr/2026:02:03:37 +0200] "POST /wp-cron.php?doing_wp_cron=1775433816.7890970706939697265625 HTTP/1.1" 404 12856 "http://bulpress.top/wp-cron.php?doing_wp_cron=1775433816.7890970706939697265625" "WordPress/4.9.26; http://bulpress.top"
66.249.74.166 - - [06/Apr/2026:02:03:37 +0200] "GET / HTTP/1.1" 200 28972 "-" "Mozilla/5.0 (compatible; Googlebot/2.1; +http://www.google.com/bot.html)"
85.208.96.209 - - [06/Apr/2026:02:03:52 +0200] "GET /%D0%BA%D0%BE%D0%BB%D0%BA%D0%BE-%D1%85%D1%83%D0%B1%D0%B0%D0%B2%D0%BE-%D0%B1%D0%B5%D1%88%D0%B5-%D0%B4%D0%B0-%D1%80%D0%B0%D1%81%D1%82%D0%B5%D0%BC-%D0%BF%D1%80%D0%B8-%D1%81%D0%BE%D1%86%D0%B8%D0%B0%D0%BB/ HTTP/1.1" 200 27383 "-" "Mozilla/5.0 (compatible; SemrushBot/7~bl; +http://www.semrush.com/bot.html)"
216.244.66.232 - - [06/Apr/2026:02:04:31 +0200] "GET /%D0%BC%D0%B0%D0%B9%D0%BA%D0%B0-%D1%80%D0%B0%D0%B7%D0%BF%D0%BB%D0%B0%D0%BA%D0%B0-%D1%86%D0%B5%D0%BB%D0%B8%D1%8F%D1%82-%D1%81%D0%B2%D1%8F%D1%82-%D1%81%D1%8A%D1%81-%D1%81%D0%B2%D0%BE%D0%B5%D1%82%D0%BE/ HTTP/1.1" 200 23218 "-" "Mozilla/5.0 (compatible; DotBot/1.2; +https://opensiteexplorer.org/dotbot; help@moz.com)"
8.228.88.249 - - [06/Apr/2026:02:05:46 +0200] "GET /news/feed/ HTTP/1.1" 200 514 "-" "Mozilla/5.0 (Windows NT 6.3; WOW64; rv:33.0) Gecko/20100101 Firefox/33.0"
161.97.137.93 - - [06/Apr/2026:02:07:39 +0200] "POST /wp-cron.php?doing_wp_cron=1775434059.2180180549621582031250 HTTP/1.1" 404 12900 "http://bulpress.top/wp-cron.php?doing_wp_cron=1775434059.2180180549621582031250" "WordPress/4.9.26; http://bulpress.top"
66.249.74.165 - - [06/Apr/2026:02:07:40 +0200] "GET /%D0%BF%D0%BE%D0%BB%D0%B7%D0%B8%D1%82%D0%B5-%D0%BE%D1%82-%D1%86%D0%B2%D0%B5%D1%82%D0%B5%D1%82%D0%BE-%D0%BF%D0%BE%D1%8F%D0%B2%D0%B8%D0%BB%D0%BE-%D1%81%D0%B5-%D0%BE%D1%82-%D1%81%D1%8A%D0%BB%D0%B7%D0%B8/ HTTP/1.1" 200 21059 "-" "Mozilla/5.0 (Linux; Android 6.0.1; Nexus 5X Build/MMB29P) AppleWebKit/537.36 (KHTML, like Gecko) Chrome/146.0.7680.177 Mobile Safari/537.36 (compatible; Googlebot/2.1; +http://www.google.com/bot.html)"
161.97.137.93 - - [06/Apr/2026:02:08:47 +0200] "POST /wp-cron.php?doing_wp_cron=1775434126.3299160003662109375000 HTTP/1.1" 404 12941 "http://bulpress.top/wp-cron.php?doing_wp_cron=1775434126.3299160003662109375000" "WordPress/4.9.26; http://bulpress.top"
8.228.88.249 - - [06/Apr/2026:02:08:47 +0200] "GET /category/%d0%98%d1%81%d1%82%d0%be%d1%80%d0%b8%d0%b8/feed/ HTTP/1.1" 200 53803 "-" "Mozilla/5.0 (Windows NT 6.3; WOW64; rv:33.0) Gecko/20100101 Firefox/33.0"
85.208.96.198 - - [06/Apr/2026:02:08:51 +0200] "GET /tag/%D0%BC%D0%B5%D1%88%D0%B0%D0%BD%D0%B0-%D1%81%D0%BA%D0%B0%D1%80%D0%B0/ HTTP/1.1" 200 15033 "-" "Mozilla/5.0 (compatible; SemrushBot/7~bl; +http://www.semrush.com/bot.html)"
85.208.96.212 - - [06/Apr/2026:02:08:55 +0200] "GET /tag/%D0%B2-%D0%BC%D0%BE%D1%81%D0%BA%D0%B2%D0%B0-%D0%B1%D0%BE%D1%80%D0%B8%D1%81-%D0%B0%D0%BD%D0%B7%D0%BE%D0%B2/ HTTP/1.1" 200 15113 "-" "Mozilla/5.0 (compatible; SemrushBot/7~bl; +http://www.semrush.com/bot.html)"
157.55.39.11 - - [06/Apr/2026:02:09:06 +0200] "GET /tag/%D0%BF%D1%80%D0%B5%D0%B7-%D1%81%D0%BE%D1%86%D0%B0-%D1%82%D0%BA%D0%B7%D1%81-%D1%82%D0%B0%D1%82%D0%B0-%D0%BF%D1%80%D0%BE%D1%86%D1%8A%D1%84%D1%82%D1%8F%D0%B2%D0%B0%D1%85%D0%B0/ HTTP/1.1" 200 15044 "-" "Mozilla/5.0 AppleWebKit/537.36 (KHTML, like Gecko; compatible; bingbot/2.0; +http://www.bing.com/bingbot.htm) Chrome/116.0.1938.76 Safari/537.36"
157.55.39.11 - - [06/Apr/2026:02:09:07 +0200] "GET /%D0%BD%D0%B5%D0%BA%D0%B0-%D1%81%D0%B8-%D1%81%D0%BF%D0%BE%D0%BC%D0%BD%D0%B8%D0%BC-%D0%B7%D0%B0-%D0%BB%D0%B5%D0%B3%D0%B5%D0%BD%D0%B4%D0%B0%D1%80%D0%BD%D0%B8%D1%8F-%D0%B0%D0%BA%D1%82%D1%8C%D0%BE%D1%80/ HTTP/1.1" 200 23326 "-" "Mozilla/5.0 AppleWebKit/537.36 (KHTML, like Gecko; compatible; bingbot/2.0; +http://www.bing.com/bingbot.htm) Chrome/116.0.1938.76 Safari/537.36"
185.191.171.6 - - [06/Apr/2026:02:09:09 +0200] "GET /%D0%BA%D0%B8%D1%82%D0%B5%D0%BD-%D1%81%D0%B5%D0%BB%D0%B8%D1%89%D0%B5%D1%82%D0%BE-%D1%81-%D0%BC%D0%BD%D0%BE%D0%B3%D0%BE-%D0%B4%D1%80%D0%B5%D0%B2%D0%BD%D0%B0-%D0%B8%D1%81%D1%82%D0%BE%D1%80%D0%B8%D1%8F/ HTTP/1.1" 200 21810 "-" "Mozilla/5.0 (compatible; SemrushBot/7~bl; +http://www.semrush.com/bot.html)"
161.97.137.93 - - [06/Apr/2026:02:10:06 +0200] "POST /wp-cron.php?doing_wp_cron=1775434205.2351379394531250000000 HTTP/1.1" 404 12844 "http://bulpress.top/wp-cron.php?doing_wp_cron=1775434205.2351379394531250000000" "WordPress/4.9.26; http://bulpress.top"
185.191.171.12 - - [06/Apr/2026:02:10:06 +0200] "GET /tag/%D0%BD%D0%B0%D1%82%D1%83%D1%80%D0%B0%D0%BB%D0%B8%D0%B7%D0%B8%D1%80%D0%B0%D0%BD%D0%B8/ HTTP/1.1" 200 15192 "-" "Mozilla/5.0 (compatible; SemrushBot/7~bl; +http://www.semrush.com/bot.html)"
85.208.96.199 - - [06/Apr/2026:02:10:54 +0200] "GET /tag/%D0%B2%D0%BD%D0%B8%D0%BC%D0%B0%D0%BD%D0%B8%D0%B5/ HTTP/1.1" 200 15227 "-" "Mozilla/5.0 (compatible; SemrushBot/7~bl; +http://www.semrush.com/bot.html)"
185.191.171.13 - - [06/Apr/2026:02:11:00 +0200] "GET /%D1%81%D1%82%D0%B0%D1%80%D1%82%D0%B8%D1%80%D0%B0-%D0%BF%D1%80%D0%BE%D0%B3%D1%80%D0%B0%D0%BC%D0%B0%D1%82%D0%B0-%D0%B7%D0%B0-%D0%BC%D0%BB%D0%B0%D0%B4%D0%B8-%D1%84%D0%B5%D1%80%D0%BC%D0%B5%D1%80%D0%B8/ HTTP/1.1" 200 22364 "-" "Mozilla/5.0 (compatible; SemrushBot/7~bl; +http://www.semrush.com/bot.html)"
161.97.137.93 - - [06/Apr/2026:02:11:28 +0200] "POST /wp-cron.php?doing_wp_cron=1775434287.3492569923400878906250 HTTP/1.1" 404 12854 "http://bulpress.top/wp-cron.php?doing_wp_cron=1775434287.3492569923400878906250" "WordPress/4.9.26; http://bulpress.top"
85.208.96.202 - - [06/Apr/2026:02:11:28 +0200] "GET /tag/20-%D0%B3%D0%BE%D0%B4%D0%B8%D1%88%D0%B5%D0%BD-%D1%82%D1%80%D0%BE%D0%BB-%D0%BE%D1%82-%D0%A8%D1%83%D0%BC%D0%B5%D0%BD/page/2/ HTTP/1.1" 200 21348 "-" "Mozilla/5.0 (compatible; SemrushBot/7~bl; +http://www.semrush.com/bot.html)"
161.97.137.93 - - [06/Apr/2026:02:12:52 +0200] "POST /wp-cron.php?doing_wp_cron=1775434372.1824519634246826171875 HTTP/1.1" 404 12900 "http://bulpress.top/wp-cron.php?doing_wp_cron=1775434372.1824519634246826171875" "WordPress/4.9.26; http://bulpress.top"
68.221.68.133 - - [06/Apr/2026:02:12:53 +0200] "GET /wp-content/plugins/hellopress/wp_filemanager.php HTTP/1.1" 404 12859 "-" "-"
68.221.68.133 - - [06/Apr/2026:02:12:53 +0200] "GET /CDX2.php HTTP/1.1" 404 12887 "-" "-"
68.221.68.133 - - [06/Apr/2026:02:12:54 +0200] "GET /gvg1bvpsgtot1rpklCdefault.php HTTP/1.1" 404 12872 "-" "-"
68.221.68.133 - - [06/Apr/2026:02:12:54 +0200] "GET /wtiiy.php HTTP/1.1" 404 12879 "-" "-"
68.221.68.133 - - [06/Apr/2026:02:12:55 +0200] "GET /file61.php HTTP/1.1" 404 12980 "-" "-"
68.221.68.133 - - [06/Apr/2026:02:12:55 +0200] "GET /term.php HTTP/1.1" 404 12952 "-" "-"
68.221.68.133 - - [06/Apr/2026:02:12:56 +0200] "GET /qiumnpor3orjwr6me3zmgqCdefault.php HTTP/1.1" 404 12905 "-" "-"
68.221.68.133 - - [06/Apr/2026:02:12:56 +0200] "GET /Ov-Simple1.php HTTP/1.1" 404 12901 "-" "-"
68.221.68.133 - - [06/Apr/2026:02:12:57 +0200] "GET /asasx.php HTTP/1.1" 404 12883 "-" "-"
68.221.68.133 - - [06/Apr/2026:02:12:57 +0200] "GET /only.php HTTP/1.1" 404 12953 "-" "-"
68.221.68.133 - - [06/Apr/2026:02:12:58 +0200] "GET /t2gorhwasq4vioshtatw5eCdefault.php HTTP/1.1" 404 13058 "-" "-"
68.221.68.133 - - [06/Apr/2026:02:12:58 +0200] "GET /xwx1.php HTTP/1.1" 404 12971 "-" "-"
68.221.68.133 - - [06/Apr/2026:02:12:59 +0200] "GET /bolt.php HTTP/1.1" 404 12938 "-" "-"
68.221.68.133 - - [06/Apr/2026:02:12:59 +0200] "GET /Sanskrit.php HTTP/1.1" 404 12859 "-" "-"
68.221.68.133 - - [06/Apr/2026:02:12:59 +0200] "GET /public/mI35rZhMg1zJ1vuXdefault.php HTTP/1.1" 404 12978 "-" "-"
68.221.68.133 - - [06/Apr/2026:02:13:00 +0200] "GET /ws88.php HTTP/1.1" 404 12883 "-" "-"
68.221.68.133 - - [06/Apr/2026:02:13:00 +0200] "GET /6xBAm3vODE05BSzkJZRAws.php HTTP/1.1" 404 12978 "-" "-"
68.221.68.133 - - [06/Apr/2026:02:13:01 +0200] "GET /CDX1.php HTTP/1.1" 404 12860 "-" "-"
68.221.68.133 - - [06/Apr/2026:02:13:01 +0200] "GET /8daf1238_1774208172.php HTTP/1.1" 404 6572 "-" "-"
68.221.68.133 - - [06/Apr/2026:02:13:03 +0200] "GET /ortasekerli1.php HTTP/1.1" 502 150 "-" "-"
68.221.68.133 - - [06/Apr/2026:02:13:03 +0200] "GET /bgymj.php HTTP/1.1" 502 150 "-" "-"
68.221.68.133 - - [06/Apr/2026:02:13:03 +0200] "GET /lmutxdvyp7u5yksqke8ozbjgCdefault.php HTTP/1.1" 502 150 "-" "-"
68.221.68.133 - - [06/Apr/2026:02:13:03 +0200] "GET /wziar1.php HTTP/1.1" 502 150 "-" "-"
68.221.68.133 - - [06/Apr/2026:02:13:03 +0200] "GET /jga.php HTTP/1.1" 502 150 "-" "-"
68.221.68.133 - - [06/Apr/2026:02:13:03 +0200] "GET /byypas.php HTTP/1.1" 502 150 "-" "-"
68.221.68.133 - - [06/Apr/2026:02:13:03 +0200] "GET /uuu.php HTTP/1.1" 502 150 "-" "-"
68.221.68.133 - - [06/Apr/2026:02:13:03 +0200] "GET /wmore1.php HTTP/1.1" 502 150 "-" "-"
68.221.68.133 - - [06/Apr/2026:02:13:03 +0200] "GET /ws.php HTTP/1.1" 502 150 "-" "-"
68.221.68.133 - - [06/Apr/2026:02:13:03 +0200] "GET /jlex.php HTTP/1.1" 502 150 "-" "-"
68.221.68.133 - - [06/Apr/2026:02:13:03 +0200] "GET /classwithtostring.php HTTP/1.1" 502 150 "-" "-"
68.221.68.133 - - [06/Apr/2026:02:13:03 +0200] "GET /kj.php HTTP/1.1" 502 150 "-" "-"
68.221.68.133 - - [06/Apr/2026:02:13:03 +0200] "GET /ws85.php HTTP/1.1" 502 150 "-" "-"
68.221.68.133 - - [06/Apr/2026:02:13:03 +0200] "GET /wp-png.php HTTP/1.1" 502 150 "-" "-"
68.221.68.133 - - [06/Apr/2026:02:13:03 +0200] "GET /666.php HTTP/1.1" 502 150 "-" "-"
68.221.68.133 - - [06/Apr/2026:02:13:04 +0200] "GET /b4txckoieeyhynhsrpi9lCdefault.php HTTP/1.1" 502 150 "-" "-"
68.221.68.133 - - [06/Apr/2026:02:13:04 +0200] "GET /amax.php HTTP/1.1" 502 150 "-" "-"
68.221.68.133 - - [06/Apr/2026:02:13:04 +0200] "GET /wp-content/plugins/hellopress/wp_filemanager.php HTTP/1.1" 502 150 "-" "-"
68.221.68.133 - - [06/Apr/2026:02:13:04 +0200] "GET /pass4.php HTTP/1.1" 502 150 "-" "-"
68.221.68.133 - - [06/Apr/2026:02:13:04 +0200] "GET /a5.php HTTP/1.1" 502 150 "-" "-"
68.221.68.133 - - [06/Apr/2026:02:13:04 +0200] "GET /ibcqocdtu3eovdx2hwj7Cdefault.php HTTP/1.1" 502 150 "-" "-"
68.221.68.133 - - [06/Apr/2026:02:13:05 +0200] "GET /sadcut1.php HTTP/1.1" 404 12886 "-" "-"
68.221.68.133 - - [06/Apr/2026:02:13:05 +0200] "GET /a4.php HTTP/1.1" 404 12886 "-" "-"
68.221.68.133 - - [06/Apr/2026:02:13:06 +0200] "GET /gpt-sh.php HTTP/1.1" 404 12934 "-" "-"
68.221.68.133 - - [06/Apr/2026:02:13:06 +0200] "GET /wp.php HTTP/1.1" 404 12993 "-" "-"
68.221.68.133 - - [06/Apr/2026:02:13:07 +0200] "GET /wp-the.php HTTP/1.1" 404 12902 "-" "-"
68.221.68.133 - - [06/Apr/2026:02:13:07 +0200] "GET /irpl4xz4fmlzm4tlvvu4h1mCdefault.php HTTP/1.1" 404 12935 "-" "-"
68.221.68.133 - - [06/Apr/2026:02:13:08 +0200] "GET /ogifomnzqnlvwh5womfjirvaCdefault.php HTTP/1.1" 404 12979 "-" "-"
68.221.68.133 - - [06/Apr/2026:02:13:08 +0200] "GET /wlld5fjtdpjmjhsds3qzmipfCdefault.php HTTP/1.1" 404 12885 "-" "-"
68.221.68.133 - - [06/Apr/2026:02:13:09 +0200] "GET /tfm.php HTTP/1.1" 404 12870 "-" "-"
68.221.68.133 - - [06/Apr/2026:02:13:09 +0200] "GET /lib.php HTTP/1.1" 404 12873 "-" "-"
68.221.68.133 - - [06/Apr/2026:02:13:10 +0200] "GET /rithin.php HTTP/1.1" 404 12901 "-" "-"
68.221.68.133 - - [06/Apr/2026:02:13:10 +0200] "GET /q7lhrgzoo7ijhnkcedq2Cdefault.php HTTP/1.1" 404 12878 "-" "-"
68.221.68.133 - - [06/Apr/2026:02:13:10 +0200] "GET /0yellow.php HTTP/1.1" 404 12903 "-" "-"
68.221.68.133 - - [06/Apr/2026:02:13:11 +0200] "GET /ws86.php HTTP/1.1" 404 12981 "-" "-"
68.221.68.133 - - [06/Apr/2026:02:13:12 +0200] "GET /exhds0ucw0ju9vjgasxqCdefault.php HTTP/1.1" 404 12856 "-" "-"
68.221.68.133 - - [06/Apr/2026:02:13:12 +0200] "GET /bless.php HTTP/1.1" 404 12874 "-" "-"
68.221.68.133 - - [06/Apr/2026:02:13:13 +0200] "GET /mI35rZhMg1zJ1vuXdefault.php HTTP/1.1" 404 12943 "-" "-"
68.221.68.133 - - [06/Apr/2026:02:13:14 +0200] "GET /aligk.php HTTP/1.1" 404 12853 "-" "-"
68.221.68.133 - - [06/Apr/2026:02:13:14 +0200] "GET /a7.php HTTP/1.1" 404 12924 "-" "-"
