shell bypass 403
UnknownSec Shell
:
/
home
/
blife
/
access-logs
/ [
drwxr-x---
]
upload
mass deface
mass delete
console
info server
name :
bulpress.top.blife.eu
66.249.74.165 - - [05/Apr/2026:14:06:14 +0200] "GET /wp-content/uploads/2019/10/ergergr.jpg HTTP/1.1" 200 113428 "-" "Googlebot-Image/1.0"
66.249.74.165 - - [05/Apr/2026:14:07:38 +0200] "GET /wp-content/uploads/2018/08/1480484415-1-1.jpg HTTP/1.1" 200 88823 "-" "Googlebot-Image/1.0"
161.97.137.93 - - [05/Apr/2026:14:08:07 +0200] "POST /wp-cron.php?doing_wp_cron=1775390886.9558889865875244140625 HTTP/1.1" 404 12872 "http://bulpress.top/wp-cron.php?doing_wp_cron=1775390886.9558889865875244140625" "WordPress/4.9.26; http://bulpress.top"
176.31.139.15 - - [05/Apr/2026:14:08:08 +0200] "GET /%D0%B7%D0%B0%D1%89%D0%BE-%D0%B4%D0%B8%D0%BC%D0%B8%D1%82%D1%8A%D1%80-%D0%B4%D0%B8%D0%BC%D0%B8%D1%82%D1%80%D0%BE%D0%B2-%D1%80%D0%B5%D1%88%D0%B8-%D0%B4%D0%B0-%D1%80%D0%B0%D0%B7%D0%B4%D0%B0%D0%B4%D0%B5/ HTTP/1.1" 200 24574 "-" "Mozilla/5.0 (compatible; AhrefsBot/7.0; +http://ahrefs.com/robot/)"
8.228.88.249 - - [05/Apr/2026:14:08:11 +0200] "GET /category/%d0%98%d1%81%d1%82%d0%be%d1%80%d0%b8%d0%b8/feed/ HTTP/1.1" 200 53803 "-" "Mozilla/5.0 (Windows NT 6.3; WOW64; rv:33.0) Gecko/20100101 Firefox/33.0"
66.249.74.166 - - [05/Apr/2026:14:10:34 +0200] "GET /wp-content/uploads/2019/07/bggranicasd.jpg HTTP/1.1" 200 111918 "-" "Googlebot-Image/1.0"
161.97.137.93 - - [05/Apr/2026:14:10:43 +0200] "POST /wp-cron.php?doing_wp_cron=1775391043.0084629058837890625000 HTTP/1.1" 404 12857 "http://bulpress.top/wp-cron.php?doing_wp_cron=1775391043.0084629058837890625000" "WordPress/4.9.26; http://bulpress.top"
185.191.171.9 - - [05/Apr/2026:14:10:43 +0200] "GET /%D0%B6%D1%83%D1%80%D0%BD%D0%B0%D0%BB%D0%B8%D1%81%D1%82%D0%B8-%D1%80%D0%B0%D0%B7%D0%BA%D1%80%D0%B8%D1%85%D0%B0-%D1%82%D0%B0%D0%B5%D0%BD-%D0%BF%D1%80%D0%BE%D0%B5%D0%BA%D1%82/ HTTP/1.1" 200 23452 "-" "Mozilla/5.0 (compatible; SemrushBot/7~bl; +http://www.semrush.com/bot.html)"
2a03:2880:32ff:3:: - - [05/Apr/2026:14:10:52 +0200] "GET /wp-content/uploads/2020/01/1918226_1068396459858931_316910412315266837_n.jpg HTTP/1.1" 200 45941 "-" "facebookexternalhit/1.1 (+http://www.facebook.com/externalhit_uatext.php)"
37.59.204.154 - - [05/Apr/2026:14:11:07 +0200] "GET /wp-content/uploads/2017/09/gurbetchii-696x385.jpg HTTP/1.1" 200 30878 "-" "Mozilla/5.0 (compatible; AhrefsBot/7.0; +http://ahrefs.com/robot/)"
161.97.137.93 - - [05/Apr/2026:14:12:01 +0200] "POST /wp-cron.php?doing_wp_cron=1775391120.8436028957366943359375 HTTP/1.1" 404 11240 "http://bulpress.top/wp-cron.php?doing_wp_cron=1775391120.8436028957366943359375" "WordPress/4.9.26; http://bulpress.top"
66.249.74.166 - - [05/Apr/2026:14:12:01 +0200] "GET /%D0%BF%D0%BE%D0%BC%D0%BD%D0%B8%D1%82%D0%B5-%D0%BB%D0%B8-%D1%87%D0%B0%D0%B2%D0%B4%D0%B0%D1%80%D1%81%D0%BA%D0%BE%D1%82%D0%BE-%D0%BA%D0%B0%D0%BB%D0%BF%D0%B0%D1%87%D0%B5/false HTTP/1.1" 502 150 "-" "Googlebot-Image/1.0"
51.75.236.145 - - [05/Apr/2026:14:12:28 +0200] "GET /%D1%89%D0%B5-%D1%83%D1%81%D0%BF%D0%B5%D0%B5-%D0%BB%D0%B8-%D0%BF%D0%BB%D0%B0%D0%BD%D1%8A%D1%82-%D0%B7%D0%B0-%D1%83%D0%BD%D0%B8%D1%89%D0%BE%D0%B6%D0%B5%D0%BD%D0%B8%D0%B5-%D0%BD%D0%B0-%D0%B1%D1%8A%D0%BB/ HTTP/1.1" 200 23714 "-" "Mozilla/5.0 (compatible; AhrefsBot/7.0; +http://ahrefs.com/robot/)"
66.249.74.165 - - [05/Apr/2026:14:14:55 +0200] "GET /wp-content/uploads/2018/01/Spartacus.jpg HTTP/1.1" 200 37322 "-" "Googlebot-Image/1.0"
161.97.137.93 - - [05/Apr/2026:14:16:06 +0200] "POST /wp-cron.php?doing_wp_cron=1775391366.0541310310363769531250 HTTP/1.1" 404 12883 "http://bulpress.top/wp-cron.php?doing_wp_cron=1775391366.0541310310363769531250" "WordPress/4.9.26; http://bulpress.top"
14.243.40.123 - - [05/Apr/2026:14:16:06 +0200] "GET /%D0%BA%D1%80%D0%B5%D0%B4%D0%B8%D1%82-%D0%BE%D1%82-232-%D0%BB%D0%B5%D0%B2%D0%B0-%D0%BE%D1%81%D1%82%D0%B0%D0%B2%D0%B8-69-%D0%B3%D0%BE%D0%B4%D0%B8%D1%88%D0%BD%D0%B0-%D0%B1%D0%B0%D0%B1%D0%B0-%D0%BD%D0%B0/ HTTP/1.1" 200 20813 "-" "Mozilla/5.0 (Windows NT 6.1) AppleWebKit/537.36 (KHTML, like Gecko) Chrome/90.0.4427.5 Safari/537.36"
176.31.139.12 - - [05/Apr/2026:14:16:08 +0200] "GET /wp-content/uploads/2019/06/reg-80x60.jpg HTTP/1.1" 200 1771 "-" "Mozilla/5.0 (compatible; AhrefsBot/7.0; +http://ahrefs.com/robot/)"
37.59.204.145 - - [05/Apr/2026:14:16:08 +0200] "GET /wp-content/uploads/2019/03/deindustrializacia.jpg HTTP/1.1" 200 121760 "-" "Mozilla/5.0 (compatible; AhrefsBot/7.0; +http://ahrefs.com/robot/)"
84.54.92.93 - - [05/Apr/2026:14:16:20 +0200] "GET /%D0%BA%D1%80%D0%B5%D0%B4%D0%B8%D1%82-%D0%BE%D1%82-232-%D0%BB%D0%B5%D0%B2%D0%B0-%D0%BE%D1%81%D1%82%D0%B0%D0%B2%D0%B8-69-%D0%B3%D0%BE%D0%B4%D0%B8%D1%88%D0%BD%D0%B0-%D0%B1%D0%B0%D0%B1%D0%B0-%D0%BD%D0%B0/ HTTP/1.1" 200 20813 "-" "Mozilla/5.0 (Macintosh; Intel Mac OS X 10_11_6) AppleWebKit/537.36 (KHTML, like Gecko) Chrome/96.0.4664.93 Safari/537.36"
8.228.88.249 - - [05/Apr/2026:14:16:20 +0200] "GET /category/%d0%a1%d0%b2%d1%8f%d1%82/feed/ HTTP/1.1" 200 53868 "-" "Mozilla/5.0 (Windows NT 6.3; WOW64; rv:33.0) Gecko/20100101 Firefox/33.0"
66.249.74.166 - - [05/Apr/2026:14:16:22 +0200] "GET /wp-content/uploads/2017/10/anglo1950-gif-100x70.jpg HTTP/1.1" 200 2726 "-" "Googlebot-Image/1.0"
85.208.96.200 - - [05/Apr/2026:14:16:42 +0200] "GET /%D1%81%D1%82%D0%B0%D1%80%D0%B8%D1%8F%D1%82-%D0%B8%D0%B6-%D1%81%D0%B5-%D0%B7%D0%B0%D0%B2%D1%80%D1%8A%D1%89%D0%B0-%D0%BF%D0%BE-%D1%81%D0%B8%D0%BB%D0%B5%D0%BD-%D0%BE%D1%82-%D0%B2%D1%81/ HTTP/1.1" 200 22035 "-" "Mozilla/5.0 (compatible; SemrushBot/7~bl; +http://www.semrush.com/bot.html)"
161.97.137.93 - - [05/Apr/2026:14:17:49 +0200] "POST /wp-cron.php?doing_wp_cron=1775391468.8339829444885253906250 HTTP/1.1" 404 12987 "http://bulpress.top/wp-cron.php?doing_wp_cron=1775391468.8339829444885253906250" "WordPress/4.9.26; http://bulpress.top"
185.191.171.7 - - [05/Apr/2026:14:17:49 +0200] "GET /tag/%D0%93%D1%80%D0%B0%D0%BD-%D0%BF%D1%80%D0%B8/ HTTP/1.1" 200 15288 "-" "Mozilla/5.0 (compatible; SemrushBot/7~bl; +http://www.semrush.com/bot.html)"
66.249.74.165 - - [05/Apr/2026:14:17:50 +0200] "GET /wp-content/uploads/2020/01/nnnnn2.jpg HTTP/1.1" 200 50831 "-" "Googlebot-Image/1.0"
8.228.88.249 - - [05/Apr/2026:14:18:21 +0200] "GET /news/feed/ HTTP/1.1" 200 514 "-" "Mozilla/5.0 (Windows NT 6.3; WOW64; rv:33.0) Gecko/20100101 Firefox/33.0"
8.228.88.249 - - [05/Apr/2026:14:18:21 +0200] "GET /category/%d0%91%d1%8a%d0%bb%d0%b3%d0%b0%d1%80%d0%b8%d1%8f/feed/ HTTP/1.1" 200 55198 "-" "Mozilla/5.0 (Windows NT 6.3; WOW64; rv:33.0) Gecko/20100101 Firefox/33.0"
98.142.241.62 - - [05/Apr/2026:14:20:07 +0200] "GET /wp-content/uploads/2018/03/14041804-265x198.jpg HTTP/1.1" 200 17194 "-" "Mozilla/5.0 (X11; Linux x86_64) AppleWebKit/537.36 (KHTML, like Gecko) Chrome/124.0.0.0 Safari/537.36"
161.97.137.93 - - [05/Apr/2026:14:21:39 +0200] "POST /wp-cron.php?doing_wp_cron=1775391699.2436659336090087890625 HTTP/1.1" 404 12859 "http://bulpress.top/wp-cron.php?doing_wp_cron=1775391699.2436659336090087890625" "WordPress/4.9.26; http://bulpress.top"
85.208.96.199 - - [05/Apr/2026:14:21:40 +0200] "GET /tag/%D1%81%D0%B2%D1%8A%D1%80%D1%88%D0%B8%D0%BB%D0%B0/ HTTP/1.1" 200 15002 "-" "Mozilla/5.0 (compatible; SemrushBot/7~bl; +http://www.semrush.com/bot.html)"
66.249.74.164 - - [05/Apr/2026:14:22:13 +0200] "GET /wp-content/uploads/2020/02/skara.jpg HTTP/1.1" 200 129811 "-" "Googlebot-Image/1.0"
66.249.74.165 - - [05/Apr/2026:14:23:42 +0200] "GET /wp-content/uploads/2020/02/IMG_7984.jpg HTTP/1.1" 200 184332 "-" "Googlebot-Image/1.0"
66.249.74.164 - - [05/Apr/2026:14:25:06 +0200] "GET /wp-content/uploads/2017/10/12963947_986685638076218_3053907046178468059_n-696x464-218x150.jpg HTTP/1.1" 200 13016 "-" "Googlebot-Image/1.0"
66.249.74.164 - - [05/Apr/2026:14:28:02 +0200] "GET /wp-content/uploads/2018/01/Screenshot_9.jpg HTTP/1.1" 502 150 "-" "Googlebot-Image/1.0"
161.97.137.93 - - [05/Apr/2026:14:28:42 +0200] "POST /wp-cron.php?doing_wp_cron=1775392121.5345699787139892578125 HTTP/1.1" 404 12857 "http://bulpress.top/wp-cron.php?doing_wp_cron=1775392121.5345699787139892578125" "WordPress/4.9.26; http://bulpress.top"
185.191.171.3 - - [05/Apr/2026:14:28:42 +0200] "GET /tag/%D0%BD%D0%B0%D0%BF%D1%80%D0%B0%D0%B2%D1%8F/ HTTP/1.1" 200 14920 "-" "Mozilla/5.0 (compatible; SemrushBot/7~bl; +http://www.semrush.com/bot.html)"
161.97.137.93 - - [05/Apr/2026:14:29:54 +0200] "POST /wp-cron.php?doing_wp_cron=1775392193.9536499977111816406250 HTTP/1.1" 404 12882 "http://bulpress.top/wp-cron.php?doing_wp_cron=1775392193.9536499977111816406250" "WordPress/4.9.26; http://bulpress.top"
37.59.204.156 - - [05/Apr/2026:14:29:54 +0200] "GET /%D1%82%D1%80%D1%8A%D0%B3%D0%BD%D0%B0%D1%85-%D1%81%D0%B8-%D0%BE%D1%82-%D0%B0%D0%BD%D0%B3%D0%BB%D0%B8%D1%8F-%D0%B8-%D1%86%D1%8F%D0%BB-%D0%B6%D0%B8%D0%B2%D0%BE%D1%82-%D1%89%D0%B5-%D1%81%D1%8A%D0%B6%D0%B0/ HTTP/1.1" 200 22518 "-" "Mozilla/5.0 (compatible; AhrefsBot/7.0; +http://ahrefs.com/robot/)"
8.228.88.249 - - [05/Apr/2026:14:30:35 +0200] "GET /category/%d0%98%d1%81%d1%82%d0%be%d1%80%d0%b8%d0%b8/feed/ HTTP/1.1" 200 53803 "-" "Mozilla/5.0 (Windows NT 6.3; WOW64; rv:33.0) Gecko/20100101 Firefox/33.0"
66.249.74.165 - - [05/Apr/2026:14:30:56 +0200] "GET /wp-content/uploads/2017/11/dubaik-696x392.jpg HTTP/1.1" 200 77372 "-" "Googlebot-Image/1.0"
8.228.88.249 - - [05/Apr/2026:14:31:32 +0200] "GET /category/%d0%a1%d0%b2%d1%8f%d1%82/feed/ HTTP/1.1" 200 53868 "-" "Mozilla/5.0 (Windows NT 6.3; WOW64; rv:33.0) Gecko/20100101 Firefox/33.0"
66.249.74.165 - - [05/Apr/2026:14:32:24 +0200] "GET /wp-content/uploads/2017/09/pouchitelni-prikazki-za-vsqka-zodiq-evolife.bg_-1.jpg HTTP/1.1" 200 42060 "-" "Googlebot-Image/1.0"
161.97.137.93 - - [05/Apr/2026:14:32:49 +0200] "POST /wp-cron.php?doing_wp_cron=1775392368.7026679515838623046875 HTTP/1.1" 404 12935 "http://bulpress.top/wp-cron.php?doing_wp_cron=1775392368.7026679515838623046875" "WordPress/4.9.26; http://bulpress.top"
74.7.228.55 - - [05/Apr/2026:14:32:49 +0200] "GET /robots.txt HTTP/1.1" 200 80 "-" "Mozilla/5.0 (Macintosh; Intel Mac OS X 10_15_7) AppleWebKit/537.36 (KHTML, like Gecko) Chrome/131.0.0.0 Safari/537.36; compatible; OAI-SearchBot/1.3; robots.txt; +https://openai.com/searchbot"
85.208.96.209 - - [05/Apr/2026:14:33:00 +0200] "GET /tag/%D0%B4%D0%B6%D0%B0%D0%BD%D1%82%D0%B8%D1%82%D0%B5/ HTTP/1.1" 200 14928 "-" "Mozilla/5.0 (compatible; SemrushBot/7~bl; +http://www.semrush.com/bot.html)"
66.249.74.166 - - [05/Apr/2026:14:33:51 +0200] "GET /wp-content/uploads/2018/01/sladki.jpg HTTP/1.1" 200 59677 "-" "Googlebot-Image/1.0"
161.97.137.93 - - [05/Apr/2026:14:34:10 +0200] "POST /wp-cron.php?doing_wp_cron=1775392449.5001320838928222656250 HTTP/1.1" 404 12947 "http://bulpress.top/wp-cron.php?doing_wp_cron=1775392449.5001320838928222656250" "WordPress/4.9.26; http://bulpress.top"
176.121.4.30 - - [05/Apr/2026:14:34:10 +0200] "GET /%D1%82%D1%80%D0%BE%D0%B3%D0%B0%D1%82%D0%B5%D0%BB%D0%BD%D0%B0%D1%82%D0%B0-%D0%B8%D1%81%D1%82%D0%BE%D1%80%D0%B8%D1%8F-%D0%BD%D0%B0-%D0%B4%D0%B2%D0%B5-%D0%B1%D1%8A%D0%BB%D0%B3%D0%B0%D1%80%D1%87%D0%B5/ HTTP/1.1" 200 23355 "-" "Mozilla/5.0 (Windows NT 10.0; Win64; x64) AppleWebKit/537.36 (KHTML, like Gecko) Chrome/86.0.4240.75 Safari/537.36"
2a03:2880:f806:49:: - - [05/Apr/2026:14:34:11 +0200] "GET /post_tag-sitemap4.xml HTTP/1.1" 200 20298 "-" "meta-webindexer/1.1 (+https://developers.facebook.com/docs/sharing/webmasters/crawler)"
92.222.108.104 - - [05/Apr/2026:14:34:39 +0200] "GET /wp-content/uploads/2017/11/missbulgariaphoto-100x70.jpg HTTP/1.1" 304 0 "-" "Mozilla/5.0 (compatible; AhrefsBot/7.0; +http://ahrefs.com/robot/)"
92.222.108.126 - - [05/Apr/2026:14:34:40 +0200] "GET /%D1%82%D1%80%D1%8A%D0%B3%D0%BD%D0%B0%D1%85-%D1%81%D0%B8-%D0%BE%D1%82-%D0%B0%D0%BD%D0%B3%D0%BB%D0%B8%D1%8F-%D0%B8-%D1%86%D1%8F%D0%BB-%D0%B6%D0%B8%D0%B2%D0%BE%D1%82-%D1%89%D0%B5-%D1%81%D1%8A%D0%B6%D0%B0/ HTTP/1.1" 200 22316 "-" "Mozilla/5.0 (compatible; AhrefsBot/7.0; +http://ahrefs.com/robot/)"
85.208.96.195 - - [05/Apr/2026:14:34:50 +0200] "GET /tag/%D0%B8%D0%B7%D0%BF%D0%BE%D0%BB%D0%B7%D0%B2%D0%B0%D0%BC%D0%B5/ HTTP/1.1" 200 14847 "-" "Mozilla/5.0 (compatible; SemrushBot/7~bl; +http://www.semrush.com/bot.html)"
8.228.88.249 - - [05/Apr/2026:14:34:56 +0200] "GET /news/feed/ HTTP/1.1" 200 514 "-" "Mozilla/5.0 (Windows NT 6.3; WOW64; rv:33.0) Gecko/20100101 Firefox/33.0"
66.249.74.165 - - [05/Apr/2026:14:35:18 +0200] "GET /wp-content/uploads/2017/10/640-03-01.jpg HTTP/1.1" 200 134806 "-" "Googlebot-Image/1.0"
161.97.137.93 - - [05/Apr/2026:14:35:56 +0200] "POST /wp-cron.php?doing_wp_cron=1775392556.1744740009307861328125 HTTP/1.1" 404 12938 "http://bulpress.top/wp-cron.php?doing_wp_cron=1775392556.1744740009307861328125" "WordPress/4.9.26; http://bulpress.top"
85.208.96.196 - - [05/Apr/2026:14:35:56 +0200] "GET /%D0%BA%D0%B0%D0%BA-%D0%B2%D1%81%D0%B5%D0%BA%D0%B8-%D0%B5%D0%B4%D0%B8%D0%BD-%D0%BE%D1%82-%D0%BD%D0%B0%D1%81-%D0%BC%D0%BE%D0%B6%D0%B5-%D0%B4%D0%B0-%D0%BF%D0%BE%D0%BC%D0%BE%D0%B3%D0%BD%D0%B5-%D0%BD%D0%B0/ HTTP/1.1" 200 24855 "-" "Mozilla/5.0 (compatible; SemrushBot/7~bl; +http://www.semrush.com/bot.html)"
157.55.39.51 - - [05/Apr/2026:14:36:12 +0200] "GET /%D0%B1%D1%8A%D0%BB%D0%B3%D0%B0%D1%80%D0%B8%D0%BD-%D0%BD%D0%B0%D0%BF%D1%80%D0%B0%D0%B2%D0%B8-%D0%BD%D0%B0%D0%B9-%D0%B3%D0%BE%D0%BB%D1%8F%D0%BC%D0%B0%D1%82%D0%B0-%D1%84%D0%B5%D1%80%D0%BC%D0%B0-%D0%B7/ HTTP/1.1" 200 21619 "-" "Mozilla/5.0 AppleWebKit/537.36 (KHTML, like Gecko; compatible; bingbot/2.0; +http://www.bing.com/bingbot.htm) Chrome/116.0.1938.76 Safari/537.36"
66.249.74.164 - - [05/Apr/2026:14:36:46 +0200] "GET /wp-content/uploads/2018/04/img_253406_1859207_l.jpg HTTP/1.1" 200 47578 "-" "Googlebot-Image/1.0"
64.81.112.26 - - [05/Apr/2026:14:37:42 +0200] "GET /wp-content/uploads/2020/01/20150207_165916-1024x786-324x160.jpg HTTP/1.1" 200 18664 "-" "Mozilla/5.0 (X11; Linux x86_64) AppleWebKit/537.36 (KHTML, like Gecko) Chrome/124.0.0.0 Safari/537.36"
66.249.74.165 - - [05/Apr/2026:14:41:08 +0200] "GET /wp-content/uploads/2020/01/primorsko-254916-810x0.jpg HTTP/1.1" 200 177289 "-" "Googlebot-Image/1.0"
161.97.137.93 - - [05/Apr/2026:14:41:28 +0200] "POST /wp-cron.php?doing_wp_cron=1775392887.8976469039916992187500 HTTP/1.1" 404 12885 "http://bulpress.top/wp-cron.php?doing_wp_cron=1775392887.8976469039916992187500" "WordPress/4.9.26; http://bulpress.top"
157.55.39.202 - - [05/Apr/2026:14:41:28 +0200] "GET /tag/%D0%B5%D0%BB%D1%85%D0%BE%D0%B2%D0%BE/ HTTP/1.1" 200 14872 "-" "Mozilla/5.0 AppleWebKit/537.36 (KHTML, like Gecko; compatible; bingbot/2.0; +http://www.bing.com/bingbot.htm) Chrome/116.0.1938.76 Safari/537.36"
185.191.171.12 - - [05/Apr/2026:14:42:01 +0200] "GET /robots.txt HTTP/1.1" 502 150 "-" "Mozilla/5.0 (compatible; SemrushBot/7~bl; +http://www.semrush.com/bot.html)"
8.228.88.249 - - [05/Apr/2026:14:42:06 +0200] "GET /category/%d0%91%d1%8a%d0%bb%d0%b3%d0%b0%d1%80%d0%b8%d1%8f/feed/ HTTP/1.1" 200 55198 "-" "Mozilla/5.0 (Windows NT 6.3; WOW64; rv:33.0) Gecko/20100101 Firefox/33.0"
185.191.171.19 - - [05/Apr/2026:14:42:07 +0200] "GET /%D0%BA%D0%B0%D0%BA%D0%B2%D0%BE-%D0%B2%D0%B5%D1%87%D0%B5%D1%80%D1%8F%D1%85%D1%82%D0%B5-%D0%B4%D0%BD%D0%B5%D1%81-%D0%B3-%D0%BD-%D0%B1%D0%BE%D1%80%D0%B8%D1%81%D0%BE%D0%B2/ HTTP/1.1" 200 23316 "-" "Mozilla/5.0 (compatible; SemrushBot/7~bl; +http://www.semrush.com/bot.html)"
66.249.74.165 - - [05/Apr/2026:14:42:42 +0200] "GET /wp-content/uploads/2017/09/960-540-iagodi.jpg HTTP/1.1" 200 176784 "-" "Googlebot-Image/1.0"
161.97.137.93 - - [05/Apr/2026:14:44:00 +0200] "POST /wp-cron.php?doing_wp_cron=1775393039.6919279098510742187500 HTTP/1.1" 404 12948 "http://bulpress.top/wp-cron.php?doing_wp_cron=1775393039.6919279098510742187500" "WordPress/4.9.26; http://bulpress.top"
8.228.88.249 - - [05/Apr/2026:14:44:00 +0200] "GET /feed/ HTTP/1.1" 200 49033 "-" "Mozilla/5.0 (Windows NT 6.3; WOW64; rv:33.0) Gecko/20100101 Firefox/33.0"
66.249.74.165 - - [05/Apr/2026:14:45:30 +0200] "GET /wp-content/uploads/2020/11/28576498_349351545565945_8983080011722257601_n-1.jpg HTTP/1.1" 200 320432 "-" "Googlebot-Image/1.0"
5.39.109.174 - - [05/Apr/2026:14:46:03 +0200] "GET /%D0%BD%D0%B0%D1%80%D0%BE%D0%B4%D0%BD%D0%B0-%D0%BF%D1%80%D0%B8%D0%BA%D0%B0%D0%B7%D0%BA%D0%B0-%D0%BB%D0%BE%D1%88%D0%B0-%D0%B4%D1%83%D0%BC%D0%B0-%D0%BD%D0%B5-%D1%81%D0%B5-%D0%B7%D0%B0%D0%B1%D1%80%D0%B0/ HTTP/1.1" 502 150 "-" "Mozilla/5.0 (compatible; AhrefsBot/7.0; +http://ahrefs.com/robot/)"
66.249.74.164 - - [05/Apr/2026:14:46:57 +0200] "GET /wp-content/uploads/2020/08/protesti.jpg HTTP/1.1" 200 45515 "-" "Googlebot-Image/1.0"
144.76.32.187 - - [05/Apr/2026:14:47:18 +0200] "GET /%D1%85%D0%BE%D1%80%D0%B0-%D1%87%D1%83%D0%B9%D1%82%D0%B5-%D0%BD%D0%B8-%D0%B1%D1%8A%D0%BB%D0%B3%D0%B0%D1%80%D0%B8%D1%8F-%D1%81%D0%B8-%D0%BE%D1%82%D0%B8%D0%B2%D0%B0/ HTTP/1.1" 200 26455 "-" "Mozilla/5.0 (compatible; SERankingBacklinksBot/1.0; +https://seranking.com/backlinks-crawler)"
144.76.32.187 - - [05/Apr/2026:14:47:23 +0200] "GET /%D0%B6%D0%B8%D0%B2%D0%B5%D1%8F-%D0%B2-%D0%B1%D1%8A%D0%BB%D0%B3%D0%B0%D1%80%D0%B8%D1%8F-%D0%B8-%D0%BD%D0%B8%D0%BA%D0%BE%D0%B3%D0%B0-%D0%BD%D0%B5-%D1%81%D1%8A%D0%BC/ HTTP/1.1" 200 23164 "-" "Mozilla/5.0 (compatible; SERankingBacklinksBot/1.0; +https://seranking.com/backlinks-crawler)"
144.76.32.187 - - [05/Apr/2026:14:47:29 +0200] "GET /%D0%BE%D1%82-%D0%B1%D0%B0%D1%82%D0%B0%D0%BA-%D1%81%D1%8A%D0%BC-%D1%87%D0%B8%D1%87%D0%BE-%D0%B7%D0%BD%D0%B0%D0%B5%D1%88-%D0%BB%D0%B8-%D0%B1%D0%B0%D1%82%D0%B0%D0%BA/ HTTP/1.1" 200 20424 "-" "Mozilla/5.0 (compatible; SERankingBacklinksBot/1.0; +https://seranking.com/backlinks-crawler)"
144.76.32.187 - - [05/Apr/2026:14:47:47 +0200] "GET /10-%D1%82%D0%B5-%D0%BD%D0%B0%D0%B9-%D0%BA%D1%80%D0%B0%D1%81%D0%B8%D0%B2%D0%B8-%D0%BC%D0%B5%D1%81%D1%82%D0%B0-%D0%B2-%D1%80%D0%BE%D0%B4%D0%BE%D0%BF%D0%B8%D1%82%D0%B5/ HTTP/1.1" 200 22088 "-" "Mozilla/5.0 (compatible; SERankingBacklinksBot/1.0; +https://seranking.com/backlinks-crawler)"
144.76.32.187 - - [05/Apr/2026:14:47:54 +0200] "GET /%D0%B3%D1%80%D0%B0%D0%BD%D0%B4%D0%B8%D0%BE%D0%B7%D0%B5%D0%BD-%D1%81%D0%BA%D0%B0%D0%BD%D0%B4%D0%B0%D0%BB-%D0%B2-%D0%B5%D0%B2%D1%80%D0%BE%D1%81%D1%8A%D1%8E%D0%B7%D0%B0/ HTTP/1.1" 200 22468 "-" "Mozilla/5.0 (compatible; SERankingBacklinksBot/1.0; +https://seranking.com/backlinks-crawler)"
161.97.137.93 - - [05/Apr/2026:14:48:04 +0200] "POST /wp-cron.php?doing_wp_cron=1775393283.9955320358276367187500 HTTP/1.1" 404 12884 "http://bulpress.top/wp-cron.php?doing_wp_cron=1775393283.9955320358276367187500" "WordPress/4.9.26; http://bulpress.top"
8.228.88.249 - - [05/Apr/2026:14:48:05 +0200] "GET /category/%d0%98%d1%81%d1%82%d0%be%d1%80%d0%b8%d0%b8/feed/ HTTP/1.1" 200 53803 "-" "Mozilla/5.0 (Windows NT 6.3; WOW64; rv:33.0) Gecko/20100101 Firefox/33.0"
144.76.32.187 - - [05/Apr/2026:14:48:08 +0200] "GET /%D0%BF%D0%BE%D0%BC%D0%BD%D0%B8%D1%82%D0%B5-%D0%BB%D0%B8-%D1%87%D0%B0%D0%B2%D0%B4%D0%B0%D1%80%D1%81%D0%BA%D0%BE%D1%82%D0%BE-%D0%BA%D0%B0%D0%BB%D0%BF%D0%B0%D1%87%D0%B5/ HTTP/1.1" 200 21624 "-" "Mozilla/5.0 (compatible; SERankingBacklinksBot/1.0; +https://seranking.com/backlinks-crawler)"
144.76.32.187 - - [05/Apr/2026:14:48:21 +0200] "GET /%D0%BF%D1%80%D0%B5%D0%B4%D1%83%D0%BF%D1%80%D0%B5%D0%B6%D0%B4%D0%B5%D0%BD%D0%B8%D0%B5-%D0%BA%D1%8A%D0%BC-e%D0%BC%D0%B8%D0%B3%D1%80%D0%B0%D0%BD%D1%82%D0%B8%D1%82%D0%B5/ HTTP/1.1" 200 20757 "-" "Mozilla/5.0 (compatible; SERankingBacklinksBot/1.0; +https://seranking.com/backlinks-crawler)"
144.76.32.187 - - [05/Apr/2026:14:48:26 +0200] "GET /%D0%B1%D1%8A%D0%BB%D0%B3%D0%B0%D1%80%D1%81%D0%BA%D0%B8%D1%82%D0%B5-%D0%B7%D0%B5%D0%BB%D0%B5%D0%BD%D1%87%D1%83%D1%86%D0%B8-%D0%B0%D1%83%D1%82-%D0%BE%D1%82-%D0%B5%D1%81/ HTTP/1.1" 200 21765 "-" "Mozilla/5.0 (compatible; SERankingBacklinksBot/1.0; +https://seranking.com/backlinks-crawler)"
144.76.32.187 - - [05/Apr/2026:14:48:32 +0200] "GET /%D0%B2%D0%B5%D0%BA%D0%BE%D0%B2%D0%BD%D0%B8%D1%82%D0%B5-%D0%B1%D1%83%D0%BA%D0%BE%D0%B2%D0%B8-%D0%B3%D0%BE%D1%80%D0%B8-%D0%B2-%D0%B1%D0%B0%D0%BB%D0%BA%D0%B0%D0%BD%D0%B0/ HTTP/1.1" 200 22481 "-" "Mozilla/5.0 (compatible; SERankingBacklinksBot/1.0; +https://seranking.com/backlinks-crawler)"
185.191.171.15 - - [05/Apr/2026:14:48:40 +0200] "GET /tag/%D0%B8%D0%BD%D0%B4%D1%83%D1%81%D1%82%D1%80%D0%B8%D0%B0%D0%BB%D0%BD%D0%B0-%D0%B1%D1%8A%D0%BB%D0%B3%D0%B0%D1%80%D0%B8%D1%8F/ HTTP/1.1" 403 285 "-" "Mozilla/5.0 (compatible; SemrushBot/7~bl; +http://www.semrush.com/bot.html)"
144.76.32.187 - - [05/Apr/2026:14:48:50 +0200] "GET /%D0%B2%D1%8A%D0%B7%D1%80%D0%B0%D1%81%D1%82%D0%B5%D0%BD-%D1%87%D0%BE%D0%B2%D0%B5%D0%BA-%D0%BE%D1%82%D0%B8%D1%88%D1%8A%D0%BB-%D0%B2-%D1%81%D0%B5%D1%80%D0%B2%D0%B8%D0%B7/ HTTP/1.1" 200 21596 "-" "Mozilla/5.0 (compatible; SERankingBacklinksBot/1.0; +https://seranking.com/backlinks-crawler)"
144.76.32.187 - - [05/Apr/2026:14:48:55 +0200] "GET /%D0%BA%D0%B0%D0%BA%D0%B2%D0%BE-%D1%82%D1%80%D1%83%D0%B4%D0%BE%D0%B2%D0%BE-%D0%BE%D0%B1%D1%83%D1%87%D0%B5%D0%BD%D0%B8%D0%B5-%D0%B8%D0%BC%D0%B0%D1%88%D0%B5-%D0%B5%D0%B9/ HTTP/1.1" 200 21554 "-" "Mozilla/5.0 (compatible; SERankingBacklinksBot/1.0; +https://seranking.com/backlinks-crawler)"
144.76.32.187 - - [05/Apr/2026:14:49:01 +0200] "GET /%D0%BF%D0%BE%D1%81%D0%BB%D0%B0%D0%BD%D0%B8%D0%B5-%D0%B4%D0%BE-%D0%B1%D1%8A%D0%BB%D0%B3%D0%B0%D1%80%D0%B8%D1%82%D0%B5-%D0%B2-%D1%87%D1%83%D0%B6%D0%B1%D0%B8%D0%BD%D0%B0/ HTTP/1.1" 200 22926 "-" "Mozilla/5.0 (compatible; SERankingBacklinksBot/1.0; +https://seranking.com/backlinks-crawler)"
85.208.96.208 - - [05/Apr/2026:14:49:03 +0200] "GET /%D0%B2%D1%81%D0%B5%D0%BA%D0%B8-%D0%B8%D1%81%D1%82%D0%B8%D0%BD%D1%81%D0%BA%D0%B8-%D1%80%D0%BE%D0%B4%D0%BE%D0%BB%D1%8E%D0%B1%D0%B5%D1%86-%D1%89%D0%B5-%D0%BD%D0%B0%D1%81%D1%82%D1%80%D1%8A%D1%85%D0%BD/ HTTP/1.1" 502 150 "-" "Mozilla/5.0 (compatible; SemrushBot/7~bl; +http://www.semrush.com/bot.html)"
161.97.137.93 - - [05/Apr/2026:14:49:07 +0200] "POST /wp-cron.php?doing_wp_cron=1775393346.2700281143188476562500 HTTP/1.1" 404 12934 "http://bulpress.top/wp-cron.php?doing_wp_cron=1775393346.2700281143188476562500" "WordPress/4.9.26; http://bulpress.top"
144.76.32.187 - - [05/Apr/2026:14:49:07 +0200] "GET /%D1%80%D0%B0%D0%B4%D0%B5%D0%B2-%D0%BD%D0%B0%D0%B9-%D1%81%D0%B8%D0%BB%D0%BD%D0%B8%D1%82%D0%B5-%D0%B2%D1%80%D1%8A%D0%B7%D0%BA%D0%B8-%D0%B1%D1%8A%D0%BB%D0%B3%D0%B0%D1%80/ HTTP/1.1" 200 21182 "-" "Mozilla/5.0 (compatible; SERankingBacklinksBot/1.0; +https://seranking.com/backlinks-crawler)"
144.76.32.187 - - [05/Apr/2026:14:49:16 +0200] "GET /%D0%B4%D0%B2%D0%B5-%D0%B3%D0%BE%D0%B4%D0%B8%D1%88%D0%BD%D0%BE-%D0%B1%D1%8A%D0%BB%D0%B3%D0%B0%D1%80%D1%87%D0%B5-%D1%87%D0%B5%D1%82%D0%B5-%D0%B8-%D0%BF%D0%B8%D1%88%D0%B5/ HTTP/1.1" 200 20165 "-" "Mozilla/5.0 (compatible; SERankingBacklinksBot/1.0; +https://seranking.com/backlinks-crawler)"
144.76.32.187 - - [05/Apr/2026:14:49:23 +0200] "GET /%D0%BA%D0%B0%D0%BA%D0%B2%D0%BE-%D0%B2%D0%B5%D1%87%D0%B5%D1%80%D1%8F%D1%85%D1%82%D0%B5-%D0%B4%D0%BD%D0%B5%D1%81-%D0%B3-%D0%BD-%D0%B1%D0%BE%D1%80%D0%B8%D1%81%D0%BE%D0%B2/ HTTP/1.1" 200 23230 "-" "Mozilla/5.0 (compatible; SERankingBacklinksBot/1.0; +https://seranking.com/backlinks-crawler)"
144.76.32.187 - - [05/Apr/2026:14:49:29 +0200] "GET /%D0%BA%D0%BE%D0%B8-%D1%81%D0%B0-%D0%BC%D0%B0%D0%BA%D0%B5%D0%B4%D0%BE%D0%BD%D1%86%D0%B8%D1%82%D0%B5-%D0%BF%D0%B8%D1%81%D0%BC%D0%BE-%D0%BD%D0%B0-%D0%B0%D0%BD%D0%B3%D0%BB/ HTTP/1.1" 200 21902 "-" "Mozilla/5.0 (compatible; SERankingBacklinksBot/1.0; +https://seranking.com/backlinks-crawler)"
144.76.32.187 - - [05/Apr/2026:14:49:34 +0200] "GET /%D1%81%D0%BB%D0%B5%D0%B4-%D0%B1%D1%80%D0%B5%D0%BA%D0%B7%D0%B8%D1%82-%D0%BE%D1%87%D0%B0%D0%BA%D0%B2%D0%B0-%D0%BB%D0%B8-%D1%81%D0%B5-%D0%BC%D0%B0%D1%81%D0%BE%D0%B2%D0%BE/ HTTP/1.1" 200 20746 "-" "Mozilla/5.0 (compatible; SERankingBacklinksBot/1.0; +https://seranking.com/backlinks-crawler)"
144.76.32.187 - - [05/Apr/2026:14:49:39 +0200] "GET /%D1%82%D0%BE%D0%B7%D0%B8-%D0%BC%D1%8A%D0%B6-%D0%B5-%D0%B8%D0%B7%D0%BB%D0%B5%D0%BA%D1%83%D0%B2%D0%B0%D0%BB-5000-%D0%B4%D1%83%D1%88%D0%B8-%D0%BE%D1%82-%D1%80%D0%B0%D0%BA/ HTTP/1.1" 200 23946 "-" "Mozilla/5.0 (compatible; SERankingBacklinksBot/1.0; +https://seranking.com/backlinks-crawler)"
144.76.32.187 - - [05/Apr/2026:14:49:45 +0200] "GET /%D1%89%D0%B5-%D0%BF%D0%BB%D0%B0%D1%87%D0%B5%D1%88-%D0%B7%D0%B0-%D0%B4%D0%B5%D1%86%D0%B0%D1%82%D0%B0-%D1%81%D0%B8-%D0%B1%D1%8A%D0%BB%D0%B3%D0%B0%D1%80%D0%B8%D0%B9%D0%BE/ HTTP/1.1" 200 21129 "-" "Mozilla/5.0 (compatible; SERankingBacklinksBot/1.0; +https://seranking.com/backlinks-crawler)"
185.191.171.18 - - [05/Apr/2026:14:49:48 +0200] "GET /tag/%D0%BC%D0%B5%D1%81%D0%B8%D0%BC/ HTTP/1.1" 200 14914 "-" "Mozilla/5.0 (compatible; SemrushBot/7~bl; +http://www.semrush.com/bot.html)"
66.249.74.165 - - [05/Apr/2026:14:49:52 +0200] "GET /wp-content/uploads/2019/07/6332.w625.jpg HTTP/1.1" 200 81926 "-" "Googlebot-Image/1.0"
144.76.32.187 - - [05/Apr/2026:14:49:59 +0200] "GET /%D0%B2%D0%B8%D0%B6%D1%82%D0%B5-%D1%80%D0%B0%D0%B7%D0%BA%D0%B0%D0%B7%D0%B0-%D0%B7%D0%B0-%D0%B5%D0%B4%D0%B8%D0%BD-%D0%BC%D1%8A%D0%B6-%D0%BE%D1%82-%D1%80%D1%83%D1%81%D0%B5/ HTTP/1.1" 200 22691 "-" "Mozilla/5.0 (compatible; SERankingBacklinksBot/1.0; +https://seranking.com/backlinks-crawler)"
144.76.32.187 - - [05/Apr/2026:14:50:06 +0200] "GET /%D0%B8%D0%B4%D0%B2%D0%B0-%D0%BB%D0%B8-%D1%81%D0%B5%D0%B7%D0%BE%D0%BD-2-%D0%BD%D0%B0-%D0%B0%D0%BF%D0%B0%D1%80%D1%82%D0%B0%D0%BC%D0%B5%D0%BD%D1%82%D0%B3%D0%B5%D0%B9%D1%82/ HTTP/1.1" 502 150 "-" "Mozilla/5.0 (compatible; SERankingBacklinksBot/1.0; +https://seranking.com/backlinks-crawler)"
161.97.137.93 - - [05/Apr/2026:14:51:24 +0200] "POST /wp-cron.php?doing_wp_cron=1775393483.6553709506988525390625 HTTP/1.1" 404 12990 "http://bulpress.top/wp-cron.php?doing_wp_cron=1775393483.6553709506988525390625" "WordPress/4.9.26; http://bulpress.top"
8.228.88.249 - - [05/Apr/2026:14:51:24 +0200] "GET /category/%d0%a1%d0%b2%d1%8f%d1%82/feed/ HTTP/1.1" 200 53868 "-" "Mozilla/5.0 (Windows NT 6.3; WOW64; rv:33.0) Gecko/20100101 Firefox/33.0"
66.249.74.166 - - [05/Apr/2026:14:52:47 +0200] "GET /wp-content/uploads/2018/02/487114_454580521273113_414410526_n-620x330-100x70.jpg HTTP/1.1" 200 2637 "-" "Googlebot-Image/1.0"
161.97.137.93 - - [05/Apr/2026:14:53:05 +0200] "POST /wp-cron.php?doing_wp_cron=1775393584.6811819076538085937500 HTTP/1.1" 404 12948 "http://bulpress.top/wp-cron.php?doing_wp_cron=1775393584.6811819076538085937500" "WordPress/4.9.26; http://bulpress.top"
92.222.108.123 - - [05/Apr/2026:14:53:05 +0200] "GET /%D0%BA%D1%8A%D0%BC-%D0%B2%D1%81%D0%B8%D1%87%D0%BA%D0%B8-%D0%B5%D0%BC%D0%B8%D0%B3%D1%80%D0%B0%D0%BD%D1%82%D0%B8-%D1%80%D0%B5%D1%88%D0%B8%D0%BB%D0%B8-%D0%B4%D0%B0-%D1%81%D0%B5-%D0%B7%D0%B0%D0%B2%D1%8A/ HTTP/1.1" 200 21221 "-" "Mozilla/5.0 (compatible; AhrefsBot/7.0; +http://ahrefs.com/robot/)"
8.228.88.249 - - [05/Apr/2026:14:54:02 +0200] "GET /news/feed/ HTTP/1.1" 502 150 "-" "Mozilla/5.0 (Windows NT 6.3; WOW64; rv:33.0) Gecko/20100101 Firefox/33.0"
66.249.74.165 - - [05/Apr/2026:14:54:14 +0200] "GET /wp-content/uploads/2018/02/slanina_a988274833_13911300.jpg HTTP/1.1" 200 208750 "-" "Googlebot-Image/1.0"
2a03:2880:32ff:73:: - - [05/Apr/2026:14:54:14 +0200] "GET /wp-content/uploads/2020/01/soc-ps.jpg HTTP/1.1" 200 74613 "-" "facebookexternalhit/1.1 (+http://www.facebook.com/externalhit_uatext.php)"
161.97.137.93 - - [05/Apr/2026:14:54:41 +0200] "POST /wp-cron.php?doing_wp_cron=1775393680.2303140163421630859375 HTTP/1.1" 404 12939 "http://bulpress.top/wp-cron.php?doing_wp_cron=1775393680.2303140163421630859375" "WordPress/4.9.26; http://bulpress.top"
17.241.219.97 - - [05/Apr/2026:14:54:41 +0200] "GET /robots.txt HTTP/1.1" 200 80 "-" "Mozilla/5.0 (Macintosh; Intel Mac OS X 10_15_7) AppleWebKit/605.1.15 (KHTML, like Gecko) Version/17.4 Safari/605.1.15 (Applebot/0.1; +http://www.apple.com/go/applebot)"
17.241.219.97 - - [05/Apr/2026:14:54:42 +0200] "GET /tag/%d0%b3%d0%b5%d0%bb%d0%b0/ HTTP/1.1" 200 15019 "-" "Mozilla/5.0 (Macintosh; Intel Mac OS X 10_15_7) AppleWebKit/605.1.15 (KHTML, like Gecko) Version/17.4 Safari/605.1.15 (Applebot/0.1; +http://www.apple.com/go/applebot)"
37.59.204.137 - - [05/Apr/2026:14:54:46 +0200] "GET /wp-content/uploads/2017/09/aeroport.jpg HTTP/1.1" 200 168954 "-" "Mozilla/5.0 (compatible; AhrefsBot/7.0; +http://ahrefs.com/robot/)"
66.249.74.164 - - [05/Apr/2026:14:55:43 +0200] "GET /wp-content/uploads/2020/11/28722020_350733048761128_354991200_n.jpg HTTP/1.1" 200 302388 "-" "Googlebot-Image/1.0"
161.97.137.93 - - [05/Apr/2026:14:56:53 +0200] "POST /wp-cron.php?doing_wp_cron=1775393813.1604599952697753906250 HTTP/1.1" 404 12855 "http://bulpress.top/wp-cron.php?doing_wp_cron=1775393813.1604599952697753906250" "WordPress/4.9.26; http://bulpress.top"
185.191.171.13 - - [05/Apr/2026:14:56:53 +0200] "GET /tag/%D0%BC%D0%B5%D1%82%D0%B0%D0%BB%D0%B5%D0%BD-%D0%B2%D0%BA%D1%83%D1%81/ HTTP/1.1" 200 14912 "-" "Mozilla/5.0 (compatible; SemrushBot/7~bl; +http://www.semrush.com/bot.html)"
17.241.75.37 - - [05/Apr/2026:14:56:57 +0200] "GET /tag/%D0%B3%D0%B5%D0%BB%D0%B0/ HTTP/1.1" 200 15132 "-" "Mozilla/5.0 (Macintosh; Intel Mac OS X 10_15_7) AppleWebKit/605.1.15 (KHTML, like Gecko) Version/17.4 Safari/605.1.15 (Applebot/0.1; +http://www.apple.com/go/applebot)"
161.97.137.93 - - [05/Apr/2026:14:58:08 +0200] "POST /wp-cron.php?doing_wp_cron=1775393887.8616890907287597656250 HTTP/1.1" 404 12948 "http://bulpress.top/wp-cron.php?doing_wp_cron=1775393887.8616890907287597656250" "WordPress/4.9.26; http://bulpress.top"
85.208.96.202 - - [05/Apr/2026:14:58:09 +0200] "GET /tag/novinite-sega/page/17/ HTTP/1.1" 200 20768 "-" "Mozilla/5.0 (compatible; SemrushBot/7~bl; +http://www.semrush.com/bot.html)"
66.249.74.165 - - [05/Apr/2026:14:58:36 +0200] "GET /wp-content/uploads/2019/02/so-218x150.jpg HTTP/1.1" 200 10846 "-" "Googlebot-Image/1.0"
66.249.74.164 - - [05/Apr/2026:15:00:05 +0200] "GET /wp-content/uploads/2019/10/wgreg.jpg HTTP/1.1" 502 150 "-" "Googlebot-Image/1.0"
185.191.171.2 - - [05/Apr/2026:15:00:30 +0200] "GET /tag/%D0%BD%D0%BE%D0%B2%D0%B8%D0%BD%D0%B8%D1%82%D0%B5-%D0%B4%D0%BD%D0%B5%D1%81/page/47/ HTTP/1.1" 200 19717 "-" "Mozilla/5.0 (compatible; SemrushBot/7~bl; +http://www.semrush.com/bot.html)"
161.97.137.93 - - [05/Apr/2026:15:01:24 +0200] "POST /wp-cron.php?doing_wp_cron=1775394083.9439880847930908203125 HTTP/1.1" 404 12957 "http://bulpress.top/wp-cron.php?doing_wp_cron=1775394083.9439880847930908203125" "WordPress/4.9.26; http://bulpress.top"
85.208.96.195 - - [05/Apr/2026:15:01:25 +0200] "GET /tag/%D1%81%D0%B0%D1%84%D1%80%D0%B8%D0%B4/ HTTP/1.1" 200 14969 "-" "Mozilla/5.0 (compatible; SemrushBot/7~bl; +http://www.semrush.com/bot.html)"
66.249.74.166 - - [05/Apr/2026:15:01:32 +0200] "GET /wp-content/uploads/2019/06/1-5.jpg HTTP/1.1" 200 84736 "-" "Googlebot-Image/1.0"
2a03:2880:32ff:1:: - - [05/Apr/2026:15:02:09 +0200] "GET /wp-content/uploads/2020/01/nrb.jpg HTTP/1.1" 200 71697 "-" "facebookexternalhit/1.1 (+http://www.facebook.com/externalhit_uatext.php)"
161.97.137.93 - - [05/Apr/2026:15:02:46 +0200] "POST /wp-cron.php?doing_wp_cron=1775394165.2508831024169921875000 HTTP/1.1" 404 12895 "http://bulpress.top/wp-cron.php?doing_wp_cron=1775394165.2508831024169921875000" "WordPress/4.9.26; http://bulpress.top"
85.208.96.209 - - [05/Apr/2026:15:02:46 +0200] "GET /tag/%D1%82%D1%80%D0%BE%D0%BB-%D0%BE%D1%82-%D0%A8%D1%83%D0%BC%D0%B5%D0%BD/page/6/ HTTP/1.1" 200 21343 "-" "Mozilla/5.0 (compatible; SemrushBot/7~bl; +http://www.semrush.com/bot.html)"
66.249.74.166 - - [05/Apr/2026:15:02:58 +0200] "GET /wp-content/uploads/2018/09/960-540-dzhoko-rosich-218x150.jpg HTTP/1.1" 200 5984 "-" "Googlebot-Image/1.0"
66.249.74.164 - - [05/Apr/2026:15:04:28 +0200] "GET /wp-content/uploads/2018/02/zx860y484_2841724.jpg HTTP/1.1" 200 144992 "-" "Googlebot-Image/1.0"
85.208.96.196 - - [05/Apr/2026:15:04:42 +0200] "GET /tag/%D0%BF%D0%BE%D0%BB%D0%B8%D1%82%D0%B8%D0%BA%D0%B0%D1%82%D0%B0-%D0%BD%D0%B0-%D0%B1%D1%8A%D0%BB%D0%B3%D0%B0%D1%80%D0%B8%D1%8F/ HTTP/1.1" 200 15109 "-" "Mozilla/5.0 (compatible; SemrushBot/7~bl; +http://www.semrush.com/bot.html)"
161.97.137.93 - - [05/Apr/2026:15:05:44 +0200] "POST /wp-cron.php?doing_wp_cron=1775394343.9859828948974609375000 HTTP/1.1" 404 12891 "http://bulpress.top/wp-cron.php?doing_wp_cron=1775394343.9859828948974609375000" "WordPress/4.9.26; http://bulpress.top"
85.208.96.211 - - [05/Apr/2026:15:05:45 +0200] "GET /tag/%D0%B2%D1%80%D0%B0%D1%82%D0%B0%D1%82%D0%B0/ HTTP/1.1" 200 15133 "-" "Mozilla/5.0 (compatible; SemrushBot/7~bl; +http://www.semrush.com/bot.html)"
66.249.74.164 - - [05/Apr/2026:15:05:53 +0200] "GET /wp-content/uploads/2020/08/protesti-1.jpg HTTP/1.1" 200 45515 "-" "Googlebot-Image/1.0"
15.181.97.144 - - [05/Apr/2026:15:06:24 +0200] "GET /wp-content/plugins/hellopress/wp_filemanager.php HTTP/1.1" 404 12881 "-" "-"
15.181.97.144 - - [05/Apr/2026:15:06:24 +0200] "GET /wp-2019.php HTTP/1.1" 404 12933 "-" "-"
15.181.97.144 - - [05/Apr/2026:15:06:25 +0200] "GET /atomlib.php HTTP/1.1" 404 12900 "-" "-"
15.181.97.144 - - [05/Apr/2026:15:06:26 +0200] "GET /css.php HTTP/1.1" 404 12934 "-" "-"
15.181.97.144 - - [05/Apr/2026:15:06:27 +0200] "GET /log.php HTTP/1.1" 404 12895 "-" "-"
15.181.97.144 - - [05/Apr/2026:15:06:27 +0200] "GET /index.php HTTP/1.1" 301 0 "-" "-"
15.181.97.144 - - [05/Apr/2026:15:06:29 +0200] "GET / HTTP/1.1" 200 28833 "-" "-"
15.181.97.144 - - [05/Apr/2026:15:06:30 +0200] "GET /mail.php HTTP/1.1" 404 12898 "-" "-"
15.181.97.144 - - [05/Apr/2026:15:06:31 +0200] "GET /lufix.php HTTP/1.1" 404 12922 "-" "-"
15.181.97.144 - - [05/Apr/2026:15:06:32 +0200] "GET /doc.php HTTP/1.1" 404 12873 "-" "-"
15.181.97.144 - - [05/Apr/2026:15:06:32 +0200] "GET /bak.php HTTP/1.1" 404 12949 "-" "-"
15.181.97.144 - - [05/Apr/2026:15:06:33 +0200] "GET /content.php HTTP/1.1" 404 12950 "-" "-"
15.181.97.144 - - [05/Apr/2026:15:06:34 +0200] "GET /upfile.php HTTP/1.1" 404 12892 "-" "-"
15.181.97.144 - - [05/Apr/2026:15:06:35 +0200] "GET /wp-conflg.php HTTP/1.1" 404 12872 "-" "-"
15.181.97.144 - - [05/Apr/2026:15:06:35 +0200] "GET /bypass.php HTTP/1.1" 404 12883 "-" "-"
15.181.97.144 - - [05/Apr/2026:15:06:37 +0200] "GET /wp-activate.php HTTP/1.1" 302 0 "-" "-"
15.181.97.144 - - [05/Apr/2026:15:06:37 +0200] "GET /wp-login.php?action=register HTTP/1.1" 200 4383 "-" "-"
15.181.97.144 - - [05/Apr/2026:15:06:38 +0200] "GET /updates.php HTTP/1.1" 404 12858 "-" "-"
15.181.97.144 - - [05/Apr/2026:15:06:39 +0200] "GET /plugins.php HTTP/1.1" 404 12894 "-" "-"
15.181.97.144 - - [05/Apr/2026:15:06:40 +0200] "GET /xmrlpc.php HTTP/1.1" 404 12954 "-" "-"
15.181.97.144 - - [05/Apr/2026:15:06:40 +0200] "GET /ae.php HTTP/1.1" 404 12880 "-" "-"
15.181.97.144 - - [05/Apr/2026:15:06:41 +0200] "GET /moon.php HTTP/1.1" 404 12933 "-" "-"
15.181.97.144 - - [05/Apr/2026:15:06:42 +0200] "GET /blog.php HTTP/1.1" 404 12899 "-" "-"
15.181.97.144 - - [05/Apr/2026:15:06:43 +0200] "GET /themes.php HTTP/1.1" 404 12937 "-" "-"
15.181.97.144 - - [05/Apr/2026:15:06:44 +0200] "GET /ini.php HTTP/1.1" 404 12918 "-" "-"
161.97.137.93 - - [05/Apr/2026:15:06:46 +0200] "POST /wp-cron.php?doing_wp_cron=1775394405.4328539371490478515625 HTTP/1.1" 404 12883 "http://bulpress.top/wp-cron.php?doing_wp_cron=1775394405.4328539371490478515625" "WordPress/4.9.26; http://bulpress.top"
15.181.97.144 - - [05/Apr/2026:15:06:46 +0200] "GET /as.php HTTP/1.1" 404 12948 "-" "-"
15.181.97.144 - - [05/Apr/2026:15:06:47 +0200] "GET /shell.php HTTP/1.1" 404 12881 "-" "-"
15.181.97.144 - - [05/Apr/2026:15:06:48 +0200] "GET /ws.php HTTP/1.1" 404 12947 "-" "-"
15.181.97.144 - - [05/Apr/2026:15:06:49 +0200] "GET /makeasmtp.php HTTP/1.1" 404 12845 "-" "-"
15.181.97.144 - - [05/Apr/2026:15:06:49 +0200] "GET /wp-sigunq.php HTTP/1.1" 404 12892 "-" "-"
15.181.97.144 - - [05/Apr/2026:15:06:50 +0200] "GET /wp-atom.php HTTP/1.1" 301 0 "-" "-"
15.181.97.144 - - [05/Apr/2026:15:06:51 +0200] "GET /feed/atom/ HTTP/1.1" 200 49360 "-" "-"
15.181.97.144 - - [05/Apr/2026:15:06:52 +0200] "GET /fw.php HTTP/1.1" 404 12859 "-" "-"
15.181.97.144 - - [05/Apr/2026:15:06:53 +0200] "GET /install.php HTTP/1.1" 404 12968 "-" "-"
15.181.97.144 - - [05/Apr/2026:15:06:54 +0200] "GET /wp-login.php HTTP/1.1" 200 4374 "-" "-"
15.181.97.144 - - [05/Apr/2026:15:06:54 +0200] "GET /wp-includes/Requests/about.php HTTP/1.1" 404 12888 "-" "-"
15.181.97.144 - - [05/Apr/2026:15:06:56 +0200] "GET /wp-includes/style-engine/about.php HTTP/1.1" 404 12879 "-" "-"
15.181.97.144 - - [05/Apr/2026:15:06:56 +0200] "GET /radio.php HTTP/1.1" 404 12939 "-" "-"
15.181.97.144 - - [05/Apr/2026:15:06:58 +0200] "GET /chosen.php HTTP/1.1" 404 12937 "-" "-"
15.181.97.144 - - [05/Apr/2026:15:07:01 +0200] "GET /simple.php HTTP/1.1" 404 6570 "-" "-"
15.181.97.144 - - [05/Apr/2026:15:07:06 +0200] "GET /class.api.php HTTP/1.1" 502 150 "-" "-"
15.181.97.144 - - [05/Apr/2026:15:07:06 +0200] "GET /wp-head.php HTTP/1.1" 502 150 "-" "-"
15.181.97.144 - - [05/Apr/2026:15:07:06 +0200] "GET /file.php HTTP/1.1" 502 150 "-" "-"
15.181.97.144 - - [05/Apr/2026:15:07:07 +0200] "GET /assets/css/403.php HTTP/1.1" 404 12858 "-" "-"
15.181.97.144 - - [05/Apr/2026:15:07:09 +0200] "GET /403.php HTTP/1.1" 404 12877 "-" "-"
15.181.97.144 - - [05/Apr/2026:15:07:10 +0200] "GET /wp-content/plugins/core/include.php HTTP/1.1" 404 12855 "-" "-"
15.181.97.144 - - [05/Apr/2026:15:07:11 +0200] "GET /.well-known/admin.php HTTP/1.1" 404 12858 "-" "-"
15.181.97.144 - - [05/Apr/2026:15:07:12 +0200] "GET /mah.php HTTP/1.1" 404 12870 "-" "-"
15.181.97.144 - - [05/Apr/2026:15:07:13 +0200] "GET /cong.php HTTP/1.1" 404 12885 "-" "-"
15.181.97.144 - - [05/Apr/2026:15:07:15 +0200] "GET /wp-includes/js/tinymce/skins/lightgray/img/index.php?p= HTTP/1.1" 301 0 "-" "-"
15.181.97.144 - - [05/Apr/2026:15:07:16 +0200] "GET /wp-includes/js/tinymce/skins/lightgray/img/ HTTP/1.1" 404 12951 "-" "-"
15.181.97.144 - - [05/Apr/2026:15:07:17 +0200] "GET /wp-admin/includes/class_api.php HTTP/1.1" 404 12950 "-" "-"
15.181.97.144 - - [05/Apr/2026:15:07:18 +0200] "GET /wp-mail.php HTTP/1.1" 403 1187 "-" "-"
15.181.97.144 - - [05/Apr/2026:15:07:19 +0200] "GET /wp-content/themes/twentyfive/include.php HTTP/1.1" 404 12977 "-" "-"
15.181.97.144 - - [05/Apr/2026:15:07:20 +0200] "GET /wp-content/themes/twentyseventeen/page/index.php?p= HTTP/1.1" 301 0 "-" "-"
15.181.97.144 - - [05/Apr/2026:15:07:20 +0200] "GET /wp-content/themes/twentyseventeen/page/ HTTP/1.1" 404 12947 "-" "-"
15.181.97.144 - - [05/Apr/2026:15:07:21 +0200] "GET /wp-apxupx.php?apx=upx HTTP/1.1" 404 12875 "-" "-"
15.181.97.144 - - [05/Apr/2026:15:07:22 +0200] "GET /wp-content/plugins/wp-apxupx.php?apx=upx HTTP/1.1" 404 12956 "-" "-"
15.181.97.144 - - [05/Apr/2026:15:07:23 +0200] "GET /.tmb/class_api.php HTTP/1.1" 404 12858 "-" "-"
15.181.97.144 - - [05/Apr/2026:15:07:24 +0200] "GET /cgi-bin/about.php HTTP/1.1" 404 12880 "-" "-"
15.181.97.144 - - [05/Apr/2026:15:07:25 +0200] "GET /.well-known/acme-challenge/cloud.php HTTP/1.1" 404 12843 "-" "-"
15.181.97.144 - - [05/Apr/2026:15:07:26 +0200] "GET /repeater.php HTTP/1.1" 404 12892 "-" "-"
15.181.97.144 - - [05/Apr/2026:15:07:27 +0200] "GET /wp-admin/dropdown.php HTTP/1.1" 404 12935 "-" "-"
15.181.97.144 - - [05/Apr/2026:15:07:28 +0200] "GET /wp-admin/css/index.php HTTP/1.1" 301 0 "-" "-"
15.181.97.144 - - [05/Apr/2026:15:07:28 +0200] "GET /wp-admin/css/ HTTP/1.1" 404 12899 "-" "-"
15.181.97.144 - - [05/Apr/2026:15:07:29 +0200] "GET /dropdown.php HTTP/1.1" 404 12934 "-" "-"
15.181.97.144 - - [05/Apr/2026:15:07:30 +0200] "GET /about.php HTTP/1.1" 404 12854 "-" "-"
15.181.97.144 - - [05/Apr/2026:15:07:31 +0200] "GET /admin.php HTTP/1.1" 404 12954 "-" "-"
15.181.97.144 - - [05/Apr/2026:15:07:32 +0200] "GET /.well-known/acme-challenge/cloud.php HTTP/1.1" 404 12885 "-" "-"
15.181.97.144 - - [05/Apr/2026:15:07:33 +0200] "GET /wp-admin/images/index.php HTTP/1.1" 301 0 "-" "-"
15.181.97.144 - - [05/Apr/2026:15:07:34 +0200] "GET /wp-admin/images/ HTTP/1.1" 404 12854 "-" "-"
15.181.97.144 - - [05/Apr/2026:15:07:35 +0200] "GET /wp-admin/css/colors/index.php HTTP/1.1" 301 0 "-" "-"
15.181.97.144 - - [05/Apr/2026:15:07:35 +0200] "GET /wp-admin/css/colors/ HTTP/1.1" 404 12947 "-" "-"
15.181.97.144 - - [05/Apr/2026:15:07:36 +0200] "GET /wp-content/themes/pridmag/db.php?u HTTP/1.1" 404 12950 "-" "-"
15.181.97.144 - - [05/Apr/2026:15:07:37 +0200] "GET /wp-content/themes/seotheme/mar.php HTTP/1.1" 404 12857 "-" "-"
15.181.97.144 - - [05/Apr/2026:15:07:38 +0200] "GET /wp-content/plugins/linkpreview/db.php?u HTTP/1.1" 404 12871 "-" "-"
15.181.97.144 - - [05/Apr/2026:15:07:39 +0200] "GET /wp-content/themes/seotheme/db.php?u HTTP/1.1" 404 12969 "-" "-"
15.181.97.144 - - [05/Apr/2026:15:07:40 +0200] "GET /wp-content/plugins/seoplugins/db.php?u HTTP/1.1" 404 12893 "-" "-"
15.181.97.144 - - [05/Apr/2026:15:07:41 +0200] "GET /wp-content/plugins/seoplugins/mar.php HTTP/1.1" 404 12938 "-" "-"
15.181.97.144 - - [05/Apr/2026:15:07:41 +0200] "GET /.well-known/pki-validation/xmrlpc.php?p= HTTP/1.1" 404 47 "-" "-"
15.181.97.144 - - [05/Apr/2026:15:07:42 +0200] "GET /.well-known/acme-challenge/xmrlpc.php?p= HTTP/1.1" 301 0 "-" "-"
15.181.97.144 - - [05/Apr/2026:15:07:43 +0200] "GET /.well-known/acme-challenge/xmrlpc.php HTTP/1.1" 404 12858 "-" "-"
15.181.97.144 - - [05/Apr/2026:15:07:43 +0200] "GET /wp-admin/network/xmrlpc.php?p= HTTP/1.1" 301 0 "-" "-"
15.181.97.144 - - [05/Apr/2026:15:07:44 +0200] "GET /wp-admin/network/xmrlpc.php HTTP/1.1" 404 12892 "-" "-"
15.181.97.144 - - [05/Apr/2026:15:07:45 +0200] "GET /cgi-bin/xmrlpc.php?p= HTTP/1.1" 301 0 "-" "-"
161.97.137.93 - - [05/Apr/2026:15:07:46 +0200] "POST /wp-cron.php?doing_wp_cron=1775394466.0853729248046875000000 HTTP/1.1" 404 12856 "http://bulpress.top/wp-cron.php?doing_wp_cron=1775394466.0853729248046875000000" "WordPress/4.9.26; http://bulpress.top"
15.181.97.144 - - [05/Apr/2026:15:07:46 +0200] "GET /cgi-bin/xmrlpc.php HTTP/1.1" 404 12938 "-" "-"
15.181.97.144 - - [05/Apr/2026:15:07:47 +0200] "GET /wp-admin/user/xmrlpc.php?p= HTTP/1.1" 301 0 "-" "-"
15.181.97.144 - - [05/Apr/2026:15:07:48 +0200] "GET /wp-admin/user/xmrlpc.php HTTP/1.1" 404 12899 "-" "-"
15.181.97.144 - - [05/Apr/2026:15:07:49 +0200] "GET /wp-admin/images/xmrlpc.php?p= HTTP/1.1" 301 0 "-" "-"
15.181.97.144 - - [05/Apr/2026:15:07:50 +0200] "GET /wp-admin/images/xmrlpc.php HTTP/1.1" 404 12940 "-" "-"
15.181.97.144 - - [05/Apr/2026:15:07:50 +0200] "GET /ccx/index.php HTTP/1.1" 301 0 "-" "-"
15.181.97.144 - - [05/Apr/2026:15:07:51 +0200] "GET /ccx/ HTTP/1.1" 404 12870 "-" "-"
15.181.97.144 - - [05/Apr/2026:15:07:52 +0200] "GET /wp-content/ccx/index.php HTTP/1.1" 301 0 "-" "-"
15.181.97.144 - - [05/Apr/2026:15:07:52 +0200] "GET /wp-content/ccx/ HTTP/1.1" 404 12891 "-" "-"
15.181.97.144 - - [05/Apr/2026:15:07:53 +0200] "GET /wp-admin/ccx/index.php HTTP/1.1" 301 0 "-" "-"
15.181.97.144 - - [05/Apr/2026:15:07:54 +0200] "GET /wp-admin/ccx/ HTTP/1.1" 404 12858 "-" "-"
15.181.97.144 - - [05/Apr/2026:15:07:55 +0200] "GET /wp-content/index.php HTTP/1.1" 301 0 "-" "-"
15.181.97.144 - - [05/Apr/2026:15:07:55 +0200] "GET /wp-content/ HTTP/1.1" 404 12842 "-" "-"
15.181.97.144 - - [05/Apr/2026:15:07:56 +0200] "GET /wp-info.php HTTP/1.1" 404 12941 "-" "-"
15.181.97.144 - - [05/Apr/2026:15:07:57 +0200] "GET /wp-blog.php HTTP/1.1" 404 12861 "-" "-"
98.142.241.62 - - [05/Apr/2026:15:07:57 +0200] "GET /wp-content/uploads/2018/01/stefaniq-324x160.jpg HTTP/1.1" 200 13368 "-" "Mozilla/5.0 (X11; Linux x86_64) AppleWebKit/537.36 (KHTML, like Gecko) Chrome/124.0.0.0 Safari/537.36"
15.181.97.144 - - [05/Apr/2026:15:07:58 +0200] "GET /wp-admin/x.php?action=768776e296b6f286f26796e2a72607e2972647 HTTP/1.1" 404 12872 "-" "-"
15.181.97.144 - - [05/Apr/2026:15:07:59 +0200] "GET /wp-admin/css/colors/blue/about.php HTTP/1.1" 404 12968 "-" "-"
15.181.97.144 - - [05/Apr/2026:15:07:59 +0200] "GET /cjfuns.php HTTP/1.1" 404 12977 "-" "-"
15.181.97.144 - - [05/Apr/2026:15:08:00 +0200] "GET /wp-config-sample.php HTTP/1.1" 403 146 "-" "-"
15.181.97.144 - - [05/Apr/2026:15:08:01 +0200] "GET /wp-content/plugins/index.php HTTP/1.1" 301 0 "-" "-"
15.181.97.144 - - [05/Apr/2026:15:08:01 +0200] "GET /wp-content/plugins/ HTTP/1.1" 502 150 "-" "-"
15.181.97.144 - - [05/Apr/2026:15:08:07 +0200] "GET /worm0.PhP7 HTTP/1.1" 502 150 "-" "-"
15.181.97.144 - - [05/Apr/2026:15:08:08 +0200] "GET /wp.php HTTP/1.1" 502 150 "-" "-"
15.181.97.144 - - [05/Apr/2026:15:08:08 +0200] "GET /404.php HTTP/1.1" 502 150 "-" "-"
15.181.97.144 - - [05/Apr/2026:15:08:09 +0200] "GET /gawean.PhP7 HTTP/1.1" 404 12948 "-" "-"
15.181.97.144 - - [05/Apr/2026:15:08:09 +0200] "GET /.well-known/acme-challenge/license.php HTTP/1.1" 403 146 "-" "-"
15.181.97.144 - - [05/Apr/2026:15:08:10 +0200] "GET /wp-includes/blocks/table/int/tmpl/index.php HTTP/1.1" 301 0 "-" "-"
15.181.97.144 - - [05/Apr/2026:15:08:11 +0200] "GET /wp-includes/blocks/table/int/tmpl/ HTTP/1.1" 404 12874 "-" "-"
15.181.97.144 - - [05/Apr/2026:15:08:11 +0200] "GET /wp-admin/css/colors/coffee/index.php HTTP/1.1" 301 0 "-" "-"
15.181.97.144 - - [05/Apr/2026:15:08:12 +0200] "GET /wp-admin/css/colors/coffee/ HTTP/1.1" 404 12933 "-" "-"
15.181.97.144 - - [05/Apr/2026:15:08:13 +0200] "GET /wp-includes/themes.php HTTP/1.1" 404 12844 "-" "-"
15.181.97.144 - - [05/Apr/2026:15:08:14 +0200] "GET /wp-includes/plugins.php HTTP/1.1" 404 12949 "-" "-"
15.181.97.144 - - [05/Apr/2026:15:08:14 +0200] "GET /wp-content/plugins/revslider/includes/external/page/index.php HTTP/1.1" 301 0 "-" "-"
15.181.97.144 - - [05/Apr/2026:15:08:15 +0200] "GET /wp-content/plugins/revslider/includes/external/page/ HTTP/1.1" 404 12894 "-" "-"
15.181.97.144 - - [05/Apr/2026:15:08:16 +0200] "GET /users.php HTTP/1.1" 404 12855 "-" "-"
15.181.97.144 - - [05/Apr/2026:15:08:17 +0200] "GET /wp-admin/js/about.php HTTP/1.1" 404 12936 "-" "-"
15.181.97.144 - - [05/Apr/2026:15:08:17 +0200] "GET /yanz.php HTTP/1.1" 404 12897 "-" "-"
15.181.97.144 - - [05/Apr/2026:15:08:18 +0200] "GET /wp-content/plugins/Cache/Cache.php HTTP/1.1" 403 146 "-" "-"
15.181.97.144 - - [05/Apr/2026:15:08:19 +0200] "GET /alfanew.php HTTP/1.1" 404 12849 "-" "-"
15.181.97.144 - - [05/Apr/2026:15:08:19 +0200] "GET /alfa-rex.php7 HTTP/1.1" 404 12899 "-" "-"
15.181.97.144 - - [05/Apr/2026:15:08:20 +0200] "GET /alfa-rex.php HTTP/1.1" 404 12853 "-" "-"
15.181.97.144 - - [05/Apr/2026:15:08:21 +0200] "GET /wp-includes/Requests/Text/admin.php HTTP/1.1" 404 12861 "-" "-"
15.181.97.144 - - [05/Apr/2026:15:08:22 +0200] "GET /images/cloud.php HTTP/1.1" 404 12979 "-" "-"
15.181.97.144 - - [05/Apr/2026:15:08:23 +0200] "GET /wp-admin/network/cloud.php HTTP/1.1" 404 12884 "-" "-"
15.181.97.144 - - [05/Apr/2026:15:08:23 +0200] "GET /.well-known/pki-validation/cloud.php HTTP/1.1" 404 47 "-" "-"
15.181.97.144 - - [05/Apr/2026:15:08:24 +0200] "GET /wp-admin/images/about.php HTTP/1.1" 404 12855 "-" "-"
15.181.97.144 - - [05/Apr/2026:15:08:24 +0200] "GET /wp-admin/css/about.php HTTP/1.1" 404 12856 "-" "-"
15.181.97.144 - - [05/Apr/2026:15:08:25 +0200] "GET /wp-content/gallery/about.php HTTP/1.1" 404 12883 "-" "-"
15.181.97.144 - - [05/Apr/2026:15:08:26 +0200] "GET /wp-includes/rest-api/about.php HTTP/1.1" 404 12931 "-" "-"
15.181.97.144 - - [05/Apr/2026:15:08:27 +0200] "GET /wp-includes/SimplePie/about.php HTTP/1.1" 404 12950 "-" "-"
15.181.97.144 - - [05/Apr/2026:15:08:28 +0200] "GET /wp-content/banners/about.php HTTP/1.1" 404 12938 "-" "-"
15.181.97.144 - - [05/Apr/2026:15:08:29 +0200] "GET /wp-content/about.php HTTP/1.1" 404 12890 "-" "-"
15.181.97.144 - - [05/Apr/2026:15:08:30 +0200] "GET /.well-known/about.php HTTP/1.1" 404 12977 "-" "-"
15.181.97.144 - - [05/Apr/2026:15:08:30 +0200] "GET /wp-includes/Text/about.php HTTP/1.1" 404 12884 "-" "-"
15.181.97.144 - - [05/Apr/2026:15:08:31 +0200] "GET /wp-includes/ID3/about.php HTTP/1.1" 404 12938 "-" "-"
15.181.97.144 - - [05/Apr/2026:15:08:32 +0200] "GET /wp-includes/widgets/about.php HTTP/1.1" 404 12946 "-" "-"
15.181.97.144 - - [05/Apr/2026:15:08:33 +0200] "GET /wp-includes/IXR/about.php HTTP/1.1" 404 12877 "-" "-"
15.181.97.144 - - [05/Apr/2026:15:08:35 +0200] "GET /wp-admin/js/about.php HTTP/1.1" 404 12889 "-" "-"
15.181.97.144 - - [05/Apr/2026:15:08:36 +0200] "GET /.well-known/pki-validation/about.php HTTP/1.1" 404 47 "-" "-"
15.181.97.144 - - [05/Apr/2026:15:08:36 +0200] "GET /wp-includes/pomo/about.php HTTP/1.1" 404 12947 "-" "-"
15.181.97.144 - - [05/Apr/2026:15:08:37 +0200] "GET /wp-includes/block-patterns/about.php HTTP/1.1" 404 12858 "-" "-"
15.181.97.144 - - [05/Apr/2026:15:08:38 +0200] "GET /wp-content/themes/about.php HTTP/1.1" 404 12936 "-" "-"
15.181.97.144 - - [05/Apr/2026:15:08:39 +0200] "GET /wp-admin/includes/about.php HTTP/1.1" 404 12872 "-" "-"
15.181.97.144 - - [05/Apr/2026:15:08:39 +0200] "GET /images/about.php HTTP/1.1" 404 12865 "-" "-"
15.181.97.144 - - [05/Apr/2026:15:08:40 +0200] "GET /wp-includes/images/about.php HTTP/1.1" 404 12853 "-" "-"
15.181.97.144 - - [05/Apr/2026:15:08:41 +0200] "GET /wp-includes/about.php HTTP/1.1" 404 12934 "-" "-"
15.181.97.144 - - [05/Apr/2026:15:08:42 +0200] "GET /nf_tracking.php HTTP/1.1" 404 12936 "-" "-"
15.181.97.144 - - [05/Apr/2026:15:08:43 +0200] "GET /wp-pano.php HTTP/1.1" 404 12858 "-" "-"
15.181.97.144 - - [05/Apr/2026:15:08:43 +0200] "GET /defaul1.php HTTP/1.1" 404 12889 "-" "-"
15.181.97.144 - - [05/Apr/2026:15:08:44 +0200] "GET /wp-content/wso.php HTTP/1.1" 404 12858 "-" "-"
15.181.97.144 - - [05/Apr/2026:15:08:45 +0200] "GET /themes.php HTTP/1.1" 404 12955 "-" "-"
15.181.97.144 - - [05/Apr/2026:15:08:46 +0200] "GET /xl2023.php HTTP/1.1" 404 12856 "-" "-"
161.97.137.93 - - [05/Apr/2026:15:08:47 +0200] "POST /wp-cron.php?doing_wp_cron=1775394526.7315669059753417968750 HTTP/1.1" 404 12881 "http://bulpress.top/wp-cron.php?doing_wp_cron=1775394526.7315669059753417968750" "WordPress/4.9.26; http://bulpress.top"
15.181.97.144 - - [05/Apr/2026:15:08:47 +0200] "GET /fm1.php HTTP/1.1" 404 12854 "-" "-"
15.181.97.144 - - [05/Apr/2026:15:08:48 +0200] "GET /wso112233.php HTTP/1.1" 404 12881 "-" "-"
15.181.97.144 - - [05/Apr/2026:15:08:49 +0200] "GET /shell20211028.php HTTP/1.1" 404 12951 "-" "-"
15.181.97.144 - - [05/Apr/2026:15:08:49 +0200] "GET /.well-known/wso112233.php HTTP/1.1" 404 12937 "-" "-"
15.181.97.144 - - [05/Apr/2026:15:08:50 +0200] "GET /wp-content/shell20211028.php HTTP/1.1" 404 12843 "-" "-"
15.181.97.144 - - [05/Apr/2026:15:08:51 +0200] "GET /wp-content/themes/travel/issue.php HTTP/1.1" 404 12877 "-" "-"
