159.203.181.154 - - [06/Apr/2026:04:17:13 +0200] "GET /wp-content/uploads/2019/03/sn-100x70.jpg%20100w,%20http://bulpress.top/wp-content/uploads/2019/03/sn-218x150.jpg%20218w HTTP/1.1" 404 277 "http://bulpress.top/" "Mozilla/5.0 (Windows NT 10.0; Win64; x64) AppleWebKit/537.36 (KHTML, like Gecko) Chrome/131.0.0.0 Safari/537.36"
14.169.4.200 - - [06/Apr/2026:04:17:15 +0200] "GET /wp-content/uploads/2019/03/sn-100x70.jpg%20100w,%20http://bulpress.top/wp-content/uploads/2019/03/sn-218x150.jpg%20218w HTTP/1.1" 404 277 "http://bulpress.top/" "Mozilla/5.0 (Windows NT 10.0; Win64; x64) AppleWebKit/537.36 (KHTML, like Gecko) Chrome/131.0.0.0 Safari/537.36"
185.191.171.1 - - [06/Apr/2026:04:19:23 +0200] "GET /tag/%D0%9D%D0%BE%D0%B2%D0%B8%D0%BD%D0%B8-%D0%B7%D0%B0-%D0%B2%D0%B0%D1%81/page/36/ HTTP/1.1" 404 277 "-" "Mozilla/5.0 (compatible; SemrushBot/7~bl; +http://www.semrush.com/bot.html)"
85.208.96.206 - - [06/Apr/2026:04:21:23 +0200] "GET /%D0%B0%D0%B3%D1%83%D1%88%D0%B5%D0%B2%D0%B8-%D0%BA%D0%BE%D0%BD%D0%B0%D1%86%D0%B8-%D0%BD%D0%B0%D0%B9-%D1%81%D1%82%D0%B0%D1%80%D0%B8%D1%8F%D1%82-%D1%84%D0%B5%D0%BE%D0%B4%D0%B0%D0%BB%D0%B5%D0%BD/agushevo/ HTTP/1.1" 404 277 "-" "Mozilla/5.0 (compatible; SemrushBot/7~bl; +http://www.semrush.com/bot.html)"
66.249.74.166 - - [06/Apr/2026:04:21:57 +0200] "GET /%D0%B1%D1%8A%D0%BB%D0%B3%D0%B0%D1%80%D0%B8%D0%BD-%D0%BD%D0%B0%D0%BF%D1%80%D0%B0%D0%B2%D0%B8-%D0%BD%D0%B0%D0%B9-%D0%B3%D0%BE%D0%BB%D1%8F%D0%BC%D0%B0%D1%82%D0%B0-%D1%84%D0%B5%D1%80%D0%BC%D0%B0-%D0%B7/ HTTP/1.1" 404 277 "-" "Mozilla/5.0 (Linux; Android 6.0.1; Nexus 5X Build/MMB29P) AppleWebKit/537.36 (KHTML, like Gecko) Chrome/146.0.7680.177 Mobile Safari/537.36 (compatible; Googlebot/2.1; +http://www.google.com/bot.html)"
85.208.96.205 - - [06/Apr/2026:04:22:11 +0200] "GET /tag/%D0%BF%D0%BB%D1%83%D0%B2%D0%BA%D0%B8%D0%BD%D1%8F/ HTTP/1.1" 404 277 "-" "Mozilla/5.0 (compatible; SemrushBot/7~bl; +http://www.semrush.com/bot.html)"
216.244.66.232 - - [06/Apr/2026:04:22:14 +0200] "GET /robots.txt HTTP/1.1" 404 277 "-" "Mozilla/5.0 (compatible; DotBot/1.2; +https://opensiteexplorer.org/dotbot; help@moz.com)"
8.228.88.249 - - [06/Apr/2026:04:22:30 +0200] "GET /feed/ HTTP/1.1" 200 49033 "-" "Mozilla/5.0 (Windows NT 6.3; WOW64; rv:33.0) Gecko/20100101 Firefox/33.0"
17.246.15.183 - - [06/Apr/2026:04:23:02 +0200] "GET /%d0%ba%d0%b0%d0%ba-%d1%80%d0%be%d0%b4%d0%b5%d0%bd-%d0%b3%d1%83%d1%80%d0%b1%d0%b5%d1%82%d1%87%d0%b8%d1%8f-%d0%b2-%d0%b0%d0%bd%d0%b3%d0%bb%d0%b8%d1%8f-%d1%81%d0%bf%d0%b5%d1%87%d0%b5%d0%bb%d0%b8-10/ HTTP/1.1" 502 150 "-" "Mozilla/5.0 (Macintosh; Intel Mac OS X 10_15_7) AppleWebKit/605.1.15 (KHTML, like Gecko) Version/17.4 Safari/605.1.15 (Applebot/0.1; +http://www.apple.com/go/applebot)"
161.97.137.93 - - [06/Apr/2026:04:25:08 +0200] "GET /.well-known/acme-challenge/X2Z-5_VITP_IM0AWVIV2A8ZQ5LXW_RO2 HTTP/1.1" 200 64 "-" "Cpanel-HTTP-Client/1.0"
161.97.137.93 - - [06/Apr/2026:04:25:10 +0200] "GET /.well-known/acme-challenge/4V87RI2B6H40S9UT-NI2Y1D02-T2MCGT HTTP/1.1" 200 64 "-" "Cpanel-HTTP-Client/1.0"
161.97.137.93 - - [06/Apr/2026:04:25:12 +0200] "GET /.well-known/acme-challenge/9GR5XXP0Z4IHRNTAL093SZBVKC6C2L0C HTTP/1.1" 200 64 "-" "Cpanel-HTTP-Client/1.0"
8.228.88.249 - - [06/Apr/2026:04:27:43 +0200] "GET /category/%d0%98%d1%81%d1%82%d0%be%d1%80%d0%b8%d0%b8/feed/ HTTP/1.1" 200 53803 "-" "Mozilla/5.0 (Windows NT 6.3; WOW64; rv:33.0) Gecko/20100101 Firefox/33.0"
185.191.171.12 - - [06/Apr/2026:04:28:17 +0200] "GET /tag/%D0%BA%D0%B0%D1%88%D0%BA%D0%B0%D0%B2%D0%B0%D0%BB%D0%B0/ HTTP/1.1" 404 277 "-" "Mozilla/5.0 (compatible; SemrushBot/7~bl; +http://www.semrush.com/bot.html)"
85.208.96.200 - - [06/Apr/2026:04:28:48 +0200] "GET /%D1%80%D0%B0%D0%B7%D0%BF%D1%80%D0%BE%D1%81%D1%82%D1%80%D0%B0%D0%BD%D0%B8-%D0%B4%D0%BE-%D1%86%D1%8F%D0%BB%D0%B0-%D0%B1%D1%8A%D0%BB%D0%B3%D0%B0%D1%80%D0%B8%D1%8F-%D0%B4%D1%83%D0%BC%D0%B8%D1%82%D0%B5/ HTTP/1.1" 404 277 "-" "Mozilla/5.0 (compatible; SemrushBot/7~bl; +http://www.semrush.com/bot.html)"
66.249.74.166 - - [06/Apr/2026:04:30:36 +0200] "GET /%D0%BA%D0%B0%D0%BA%D0%B2%D0%BE-%D0%B8%D0%BC%D0%B0%D1%88%D0%B5-%D0%B2-%D0%BA%D0%BE%D0%BB%D0%B1%D0%B0%D1%81%D0%B8%D1%82%D0%B5-%D0%BE%D1%82-%D0%B2%D1%80%D0%B5%D0%BC%D0%B5%D1%82%D0%BE-%D0%BD%D0%B0-%D1%81/false HTTP/1.1" 404 277 "-" "Googlebot-Image/1.0"
85.208.96.206 - - [06/Apr/2026:04:31:00 +0200] "GET /tag/%D0%BC%D0%B0%D0%B4%D0%B0%D0%B3%D0%B0%D1%81%D0%BA%D0%B0%D1%80/ HTTP/1.1" 404 277 "-" "Mozilla/5.0 (compatible; SemrushBot/7~bl; +http://www.semrush.com/bot.html)"
17.246.19.132 - - [06/Apr/2026:04:31:50 +0200] "GET /%D0%BA%D0%B0%D0%BA-%D1%80%D0%BE%D0%B4%D0%B5%D0%BD-%D0%B3%D1%83%D1%80%D0%B1%D0%B5%D1%82%D1%87%D0%B8%D1%8F-%D0%B2-%D0%B0%D0%BD%D0%B3%D0%BB%D0%B8%D1%8F-%D1%81%D0%BF%D0%B5%D1%87%D0%B5%D0%BB%D0%B8-10/ HTTP/1.1" 404 277 "-" "Mozilla/5.0 (Macintosh; Intel Mac OS X 10_15_7) AppleWebKit/605.1.15 (KHTML, like Gecko) Version/17.4 Safari/605.1.15 (Applebot/0.1; +http://www.apple.com/go/applebot)"
185.191.171.1 - - [06/Apr/2026:04:32:55 +0200] "GET /%D1%81-%D0%BA%D0%B0%D0%BA%D0%B2%D0%B8-%D0%BF%D0%B0%D1%80%D0%B8-%D0%B4%D0%B0-%D0%B4%D0%BE%D0%B9%D0%B4%D0%B0-%D0%BE%D1%82-%D0%B1%D1%8A%D0%BB%D0%B3%D0%B0%D1%80%D0%B8%D1%8F/ HTTP/1.1" 404 277 "-" "Mozilla/5.0 (compatible; SemrushBot/7~bl; +http://www.semrush.com/bot.html)"
185.191.171.2 - - [06/Apr/2026:04:33:39 +0200] "GET /tag/%D0%BC%D0%BE%D1%82%D0%BE%D1%80%D0%B8-%D0%BA%D0%B0%D1%80%D0%B0%D1%85%D0%BC%D0%B5-%D0%BF%D1%80%D0%B5%D0%B7-%D1%81%D0%BE%D1%86%D0%B0/ HTTP/1.1" 404 277 "-" "Mozilla/5.0 (compatible; SemrushBot/7~bl; +http://www.semrush.com/bot.html)"
85.208.96.205 - - [06/Apr/2026:04:34:37 +0200] "GET /tag/%D0%9D%D0%BE%D0%B2%D0%B8%D0%BD%D0%B0%D1%82%D0%B0/ HTTP/1.1" 404 277 "-" "Mozilla/5.0 (compatible; SemrushBot/7~bl; +http://www.semrush.com/bot.html)"
8.228.88.249 - - [06/Apr/2026:04:34:43 +0200] "GET /category/%d0%91%d1%8a%d0%bb%d0%b3%d0%b0%d1%80%d0%b8%d1%8f/feed/ HTTP/1.1" 404 277 "-" "Mozilla/5.0 (Windows NT 6.3; WOW64; rv:33.0) Gecko/20100101 Firefox/33.0"
147.182.135.171 - - [06/Apr/2026:04:37:03 +0200] "POST /wp-login.php HTTP/1.1" 502 150 "-" "Mozilla/5.0"
85.208.96.211 - - [06/Apr/2026:04:37:13 +0200] "GET /tag/%D0%B4%D0%B2%D0%BE%D0%B9%D0%BD%D0%B8%D1%8F%D1%82-%D1%81%D1%82%D0%B0%D0%BD%D0%B4%D0%B0%D1%80%D1%82-%D0%BF%D1%80%D0%B8-%D1%85%D1%80%D0%B0%D0%BD%D0%B8%D1%82%D0%B5-%D0%B7%D0%B0-%D0%B1%D1%8A%D0%BB%D0%B3/ HTTP/1.1" 404 277 "-" "Mozilla/5.0 (compatible; SemrushBot/7~bl; +http://www.semrush.com/bot.html)"
162.219.176.3 - - [06/Apr/2026:04:38:47 +0200] "HEAD /?author=1 HTTP/1.1" 301 0 "https://www.google.com" "Mozilla/5.0 (Windows NT 10.0; Win64; x64) AppleWebKit/537.36 (KHTML, like Gecko) Chrome/143.0.0.0 Safari/537.36"
85.208.96.202 - - [06/Apr/2026:04:40:55 +0200] "GET /tag/%D0%B2%D0%B5%D1%82%D1%80%D0%BE%D1%85%D0%BE%D0%B4/ HTTP/1.1" 404 277 "-" "Mozilla/5.0 (compatible; SemrushBot/7~bl; +http://www.semrush.com/bot.html)"
8.228.88.249 - - [06/Apr/2026:04:41:41 +0200] "GET /feed/ HTTP/1.1" 404 277 "-" "Mozilla/5.0 (Windows NT 6.3; WOW64; rv:33.0) Gecko/20100101 Firefox/33.0"
85.208.96.194 - - [06/Apr/2026:04:42:25 +0200] "GET /tag/%D1%81%D0%B0%D0%BD%D0%BA%D1%86%D0%B8%D0%B8%D1%82%D0%B5/ HTTP/1.1" 404 277 "-" "Mozilla/5.0 (compatible; SemrushBot/7~bl; +http://www.semrush.com/bot.html)"
185.191.171.19 - - [06/Apr/2026:04:42:36 +0200] "GET /tag/%D0%BF%D0%BE%D0%BC%D0%B5%D1%89%D0%B5%D0%BD%D0%B8%D1%8F%D1%82%D0%B0/ HTTP/1.1" 404 277 "-" "Mozilla/5.0 (compatible; SemrushBot/7~bl; +http://www.semrush.com/bot.html)"
216.244.66.232 - - [06/Apr/2026:04:42:43 +0200] "GET /%D0%B8%D0%BD%D0%B6%D0%B5%D0%BA%D1%86%D0%B8%D1%8F-%D1%81%D1%80%D0%B5%D1%89%D1%83-%D0%BD%D0%BE%D1%81%D1%82%D0%B0%D0%BB%D0%B3%D0%B8%D1%8F/ HTTP/1.1" 404 277 "-" "Mozilla/5.0 (compatible; DotBot/1.2; +https://opensiteexplorer.org/dotbot; help@moz.com)"
8.228.88.249 - - [06/Apr/2026:04:42:57 +0200] "GET /news/feed/ HTTP/1.1" 404 277 "-" "Mozilla/5.0 (Windows NT 6.3; WOW64; rv:33.0) Gecko/20100101 Firefox/33.0"
185.191.171.4 - - [06/Apr/2026:04:44:30 +0200] "GET /tag/%D0%BF%D0%B0%D0%BB%D0%BC%D0%BE%D0%B2%D0%BE-%D0%BC%D0%B0%D1%81%D0%BB%D0%BE/ HTTP/1.1" 404 277 "-" "Mozilla/5.0 (compatible; SemrushBot/7~bl; +http://www.semrush.com/bot.html)"
216.244.66.232 - - [06/Apr/2026:04:46:11 +0200] "GET /%D0%BA%D0%B0%D0%BA-%D1%81-%D0%BC%D0%BD%D0%BE%D0%B3%D0%BE-%D1%82%D1%80%D1%83%D0%B4-%D0%B0%D1%81%D0%B5%D0%BD%D0%BE%D0%B2%D0%B3%D1%80%D0%B0%D0%B4%D1%87%D0%B0%D0%BD%D0%B8%D0%BD-%D0%B8%D0%B7%D1%85%D1%80/ HTTP/1.1" 502 150 "-" "Mozilla/5.0 (compatible; DotBot/1.2; +https://opensiteexplorer.org/dotbot; help@moz.com)"
185.191.171.15 - - [06/Apr/2026:04:47:59 +0200] "GET /%D0%BF%D0%BE%D1%83%D1%87%D0%B8%D1%82%D0%B5%D0%BB%D0%BD%D0%B8-%D0%BF%D1%80%D0%B8%D0%BA%D0%B0%D0%B7%D0%BA%D0%B8-%D0%B7%D0%B0-%D0%B2%D1%81%D1%8F%D0%BA%D0%B0-%D0%B7%D0%BE%D0%B4%D0%B8%D1%8F/pouchitelni-prikazki-za-vsqka-zodiq-evolife-bg_-1/ HTTP/1.1" 404 277 "-" "Mozilla/5.0 (compatible; SemrushBot/7~bl; +http://www.semrush.com/bot.html)"
216.244.66.232 - - [06/Apr/2026:04:48:22 +0200] "GET /%D1%86%D1%8A%D1%80%D0%BA%D0%B2%D0%B0%D1%82%D0%B0-%D0%B8%D0%B7%D0%BE%D1%81%D1%82%D0%B0%D0%B2%D0%B8-%D0%BF%D0%BE%D1%82%D0%BE%D0%BF%D0%B5%D0%BD-%D0%BC%D0%B0%D0%BD%D0%B0%D1%81%D1%82%D0%B8%D1%80/ HTTP/1.1" 404 277 "-" "Mozilla/5.0 (compatible; DotBot/1.2; +https://opensiteexplorer.org/dotbot; help@moz.com)"
185.191.171.2 - - [06/Apr/2026:04:48:35 +0200] "GET /tag/%D0%BA%D1%80%D0%B0%D1%81%D0%B8%D0%B2%D0%BE%D1%82%D0%BE-%D0%BB%D0%B8%D1%86%D0%B5-%D0%BD%D0%B0-%D0%B1%D1%8A%D0%BB%D0%B3%D0%B0%D1%80%D1%81%D0%BA%D0%BE%D1%82%D0%BE-%D0%BA%D0%B8%D0%BD%D0%BE/ HTTP/1.1" 404 277 "-" "Mozilla/5.0 (compatible; SemrushBot/7~bl; +http://www.semrush.com/bot.html)"
8.228.88.249 - - [06/Apr/2026:04:48:48 +0200] "GET /category/%d0%a1%d0%b2%d1%8f%d1%82/feed/ HTTP/1.1" 404 277 "-" "Mozilla/5.0 (Windows NT 6.3; WOW64; rv:33.0) Gecko/20100101 Firefox/33.0"
85.208.96.195 - - [06/Apr/2026:04:52:15 +0200] "GET /tag/%D0%B4%D1%8A%D1%80%D0%B6%D0%B0%D0%BD%D0%B8%D0%B5/ HTTP/1.1" 404 277 "-" "Mozilla/5.0 (compatible; SemrushBot/7~bl; +http://www.semrush.com/bot.html)"
207.46.13.153 - - [06/Apr/2026:04:52:44 +0200] "GET /%D1%81%D0%BF%D0%BE%D0%BC%D0%B5%D0%BD%D0%B8%D1%82%D0%B5-%D0%BD%D0%B0-%D0%B5%D0%B4%D0%B8%D0%BD-%D0%B5%D0%BC%D0%B8%D0%B3%D1%80%D0%B0%D0%BD%D1%82/ HTTP/1.1" 404 277 "-" "Mozilla/5.0 AppleWebKit/537.36 (KHTML, like Gecko; compatible; bingbot/2.0; +http://www.bing.com/bingbot.htm) Chrome/116.0.1938.76 Safari/537.36"
161.97.137.93 - - [06/Apr/2026:04:52:46 +0200] "POST /wp-cron.php?doing_wp_cron=1775443965.9933130741119384765625 HTTP/1.1" 404 47 "http://bulpress.top/wp-cron.php?doing_wp_cron=1775443965.9933130741119384765625" "WordPress/4.9.26; http://bulpress.top"
207.46.13.153 - - [06/Apr/2026:04:52:46 +0200] "GET /?s=%D0%B1%D1%8A%D0%BB%D0%B3%D0%B0%D1%80%D0%BA%D0%B0 HTTP/1.1" 200 20293 "-" "Mozilla/5.0 AppleWebKit/537.36 (KHTML, like Gecko; compatible; bingbot/2.0; +http://www.bing.com/bingbot.htm) Chrome/116.0.1938.76 Safari/537.36"
207.46.13.153 - - [06/Apr/2026:04:52:46 +0200] "GET /%D0%BD%D0%B5%D1%88%D0%BA%D0%B0-%D1%80%D0%BE%D0%B1%D0%B5%D0%B2%D0%B0-%D1%81%D0%BB%D0%B5%D0%B4-%D0%BA%D0%B0%D1%82%D0%B0%D0%BA%D0%BB%D0%B8%D0%B7%D0%BC%D0%B8%D1%82%D0%B5-%D1%80%D0%B0%D0%B7%D1%82%D1%8A/ HTTP/1.1" 404 277 "-" "Mozilla/5.0 AppleWebKit/537.36 (KHTML, like Gecko; compatible; bingbot/2.0; +http://www.bing.com/bingbot.htm) Chrome/116.0.1938.76 Safari/537.36"
207.46.13.153 - - [06/Apr/2026:04:52:47 +0200] "GET /%D1%82%D0%BE%D0%B7%D0%B8-%D0%BC%D1%8A%D0%B6-%D0%B5-%D0%B8%D0%B7%D0%BB%D0%B5%D0%BA%D1%83%D0%B2%D0%B0%D0%BB-5000-%D0%B4%D1%83%D1%88%D0%B8-%D0%BE%D1%82-%D1%80%D0%B0%D0%BA/ HTTP/1.1" 404 277 "-" "Mozilla/5.0 AppleWebKit/537.36 (KHTML, like Gecko; compatible; bingbot/2.0; +http://www.bing.com/bingbot.htm) Chrome/116.0.1938.76 Safari/537.36"
207.46.13.153 - - [06/Apr/2026:04:52:48 +0200] "GET /%D0%B4%D0%B8%D0%B2%D0%B8%D1%8F%D1%82-%D0%BA%D0%B0%D0%BF%D0%B8%D1%82%D0%B0%D0%BB%D0%B8%D0%B7%D1%8A%D0%BC-%D0%B2-%D0%B1%D1%8A%D0%BB%D0%B3%D0%B0%D1%80%D0%B8%D1%8F-%D0%B1%D0%BE%D0%B3%D0%B0%D1%82/ HTTP/1.1" 404 277 "-" "Mozilla/5.0 AppleWebKit/537.36 (KHTML, like Gecko; compatible; bingbot/2.0; +http://www.bing.com/bingbot.htm) Chrome/116.0.1938.76 Safari/537.36"
185.191.171.15 - - [06/Apr/2026:04:55:10 +0200] "GET /7-%D0%BF%D1%80%D0%B8%D0%B7%D0%BD%D0%B0%D0%BA%D0%B0-%D1%87%D0%B5-%D1%81%D1%82%D0%B5-%D1%81%D1%80%D0%B5%D1%89%D0%BD%D0%B0%D0%BB%D0%B8-%D0%BD%D1%8F%D0%BA%D0%BE%D0%B3%D0%BE-%D0%BE%D1%82-%D0%BC%D0%B8/sunset-538286_1280/ HTTP/1.1" 404 277 "-" "Mozilla/5.0 (compatible; SemrushBot/7~bl; +http://www.semrush.com/bot.html)"
85.208.96.194 - - [06/Apr/2026:04:55:42 +0200] "GET /%D1%83%D0%BD%D0%B8%D0%BA%D0%B0%D0%BB%D0%BD%D0%B8%D1%8F%D1%82-%D1%80%D0%B0%D0%B7%D0%BA%D0%B0%D0%B7-%D0%B5%D0%B4%D0%B8%D0%BD-%D0%B0%D0%BD%D0%B3%D0%BB%D0%B8%D0%B9%D1%81%D0%BA%D0%B8-%D0%BF/ HTTP/1.1" 404 277 "-" "Mozilla/5.0 (compatible; SemrushBot/7~bl; +http://www.semrush.com/bot.html)"
185.191.171.16 - - [06/Apr/2026:04:55:56 +0200] "GET /tag/%D0%9D%D0%BE%D0%B2%D0%B8%D0%BD%D0%B0%D1%82%D0%B0-%D0%B4%D0%BD%D0%B5%D1%81/page/34/ HTTP/1.1" 404 277 "-" "Mozilla/5.0 (compatible; SemrushBot/7~bl; +http://www.semrush.com/bot.html)"
2a03:2880:f806:31:: - - [06/Apr/2026:04:56:33 +0200] "GET /robots.txt HTTP/1.1" 404 277 "-" "facebookexternalhit/1.1 (+http://www.facebook.com/externalhit_uatext.php)"
85.208.96.199 - - [06/Apr/2026:04:56:38 +0200] "GET /%D1%82%D0%B0%D0%B9%D0%BD%D1%81%D1%82%D0%B2%D0%B5%D0%BD%D0%B8%D1%82%D0%B5-%D0%B1%D1%8A%D0%BB%D0%B3%D0%B0%D1%80%D1%81%D0%BA%D0%B8-%D1%85%D0%BE%D1%80%D0%B0/05horo70_70/ HTTP/1.1" 404 277 "-" "Mozilla/5.0 (compatible; SemrushBot/7~bl; +http://www.semrush.com/bot.html)"
161.97.137.93 - - [06/Apr/2026:04:58:44 +0200] "POST /wp-cron.php?doing_wp_cron=1775444324.8656940460205078125000 HTTP/1.1" 404 47 "http://bulpress.top/wp-cron.php?doing_wp_cron=1775444324.8656940460205078125000" "WordPress/4.9.26; http://bulpress.top"
120.48.93.232 - - [06/Apr/2026:04:58:45 +0200] "POST /wp-comments-post.php HTTP/1.1" 403 1226 "http://bulpress.top/?p=4450" "Mozilla/5.0 (Windows NT 10.0; Win64; x64) AppleWebKit/537.36 (KHTML, like Gecko) Chrome/120.0.0.0 Safari/537.36"
8.228.88.249 - - [06/Apr/2026:05:00:15 +0200] "GET /category/%d0%91%d1%8a%d0%bb%d0%b3%d0%b0%d1%80%d0%b8%d1%8f/feed/ HTTP/1.1" 404 277 "-" "Mozilla/5.0 (Windows NT 6.3; WOW64; rv:33.0) Gecko/20100101 Firefox/33.0"
185.191.171.10 - - [06/Apr/2026:05:00:43 +0200] "GET /tag/%D0%BA%D1%80%D0%B5%D0%B4%D0%B8%D1%82%D0%B8%D1%82%D0%B5/ HTTP/1.1" 404 277 "-" "Mozilla/5.0 (compatible; SemrushBot/7~bl; +http://www.semrush.com/bot.html)"
85.208.96.201 - - [06/Apr/2026:05:04:35 +0200] "GET /robots.txt HTTP/1.1" 404 277 "-" "Mozilla/5.0 (compatible; SemrushBot/7~bl; +http://www.semrush.com/bot.html)"
185.191.171.14 - - [06/Apr/2026:05:04:37 +0200] "GET /tag/%D0%BD%D0%BE%D0%B2%D0%B8%D0%BD%D0%B0/page/36/ HTTP/1.1" 404 277 "-" "Mozilla/5.0 (compatible; SemrushBot/7~bl; +http://www.semrush.com/bot.html)"
8.228.88.249 - - [06/Apr/2026:05:05:13 +0200] "GET /feed/ HTTP/1.1" 404 277 "-" "Mozilla/5.0 (Windows NT 6.3; WOW64; rv:33.0) Gecko/20100101 Firefox/33.0"
161.97.137.93 - - [06/Apr/2026:05:06:29 +0200] "POST /wp-cron.php?doing_wp_cron=1775444789.1358110904693603515625 HTTP/1.1" 404 47 "http://bulpress.top/wp-cron.php?doing_wp_cron=1775444789.1358110904693603515625" "WordPress/4.9.26; http://bulpress.top"
176.56.39.105 - - [06/Apr/2026:05:06:29 +0200] "GET /wp-login.php HTTP/1.1" 200 1633 "-" "Mozilla/5.0"
176.56.39.105 - - [06/Apr/2026:05:06:29 +0200] "GET /?author=1 HTTP/1.1" 301 0 "-" "Mozilla/5.0"
176.56.39.105 - - [06/Apr/2026:05:06:29 +0200] "GET /?author=2 HTTP/1.1" 404 12865 "-" "Mozilla/5.0"
51.68.247.222 - - [06/Apr/2026:05:06:32 +0200] "GET /17-%D0%B3%D0%BE%D0%B4%D0%B8%D1%88%D0%BD%D0%B0%D1%82%D0%B0-%D1%81%D1%82%D0%B8%D0%BB%D0%B8%D1%8F%D0%BD%D0%B0-%D0%BD%D0%B0%D0%BF%D0%B8%D1%81%D0%B0-%D0%BF%D0%B8%D1%81%D0%BC%D0%BE-%D0%B4%D0%BE-%D0%B2%D1%81/ HTTP/1.1" 404 277 "-" "Mozilla/5.0 (compatible; AhrefsBot/7.0; +http://ahrefs.com/robot/)"
8.228.88.249 - - [06/Apr/2026:05:07:28 +0200] "GET /category/%d0%a1%d0%b2%d1%8f%d1%82/feed/ HTTP/1.1" 404 277 "-" "Mozilla/5.0 (Windows NT 6.3; WOW64; rv:33.0) Gecko/20100101 Firefox/33.0"
85.208.96.206 - - [06/Apr/2026:05:09:06 +0200] "GET /tag/%D0%BB%D0%B5%D1%87%D0%B5%D0%BD%D0%B8%D0%B5-%D0%BD%D0%B0-%D0%B3%D1%80%D0%B8%D0%BF/ HTTP/1.1" 404 277 "-" "Mozilla/5.0 (compatible; SemrushBot/7~bl; +http://www.semrush.com/bot.html)"
85.208.96.209 - - [06/Apr/2026:05:09:20 +0200] "GET /tag/%D0%BA%D0%BE%D0%BB%D0%B5%D0%BA%D1%82%D0%B8%D0%B2%D0%BD%D0%B0%D1%82%D0%B0-%D1%81%D0%B8%D0%BB%D0%B0/ HTTP/1.1" 404 277 "-" "Mozilla/5.0 (compatible; SemrushBot/7~bl; +http://www.semrush.com/bot.html)"
85.208.96.212 - - [06/Apr/2026:05:10:55 +0200] "GET /tag/%D0%B1%D1%80%D0%B5%D0%BC%D0%B5%D0%BD%D0%BD%D0%B0%D1%82%D0%B0/ HTTP/1.1" 404 277 "-" "Mozilla/5.0 (compatible; SemrushBot/7~bl; +http://www.semrush.com/bot.html)"
85.208.96.204 - - [06/Apr/2026:05:11:29 +0200] "GET /tag/%D0%BE%D0%BA%D0%B5%D0%B0%D0%BD%D0%B0/ HTTP/1.1" 404 277 "-" "Mozilla/5.0 (compatible; SemrushBot/7~bl; +http://www.semrush.com/bot.html)"
216.244.66.232 - - [06/Apr/2026:05:11:36 +0200] "GET /robots.txt HTTP/1.1" 404 277 "-" "Mozilla/5.0 (compatible; DotBot/1.2; +https://opensiteexplorer.org/dotbot; help@moz.com)"
185.191.171.3 - - [06/Apr/2026:05:11:49 +0200] "GET /tag/%D0%B0%D1%80%D0%B3%D0%B0%D1%82%D0%B8/ HTTP/1.1" 404 277 "-" "Mozilla/5.0 (compatible; SemrushBot/7~bl; +http://www.semrush.com/bot.html)"
185.191.171.14 - - [06/Apr/2026:05:13:02 +0200] "GET /tag/%D1%81%D0%B0%D0%B9%D1%82/ HTTP/1.1" 502 150 "-" "Mozilla/5.0 (compatible; SemrushBot/7~bl; +http://www.semrush.com/bot.html)"
144.76.32.187 - - [06/Apr/2026:05:14:14 +0200] "GET /%D0%BA%D0%B0%D0%BA%D0%B2%D0%BE-%D0%B1%D0%B5%D1%88%D0%B5-%D0%BD%D1%80%D0%B1-%D0%B7%D0%B0-99-%D0%BE%D1%82-%D0%BD%D0%B0%D1%80%D0%BE%D0%B4%D0%B0-%D0%B8%D0%B4%D0%B8%D0%BB%D0%B8%D1%8F-%D0%BF/ HTTP/1.1" 404 277 "-" "Mozilla/5.0 (compatible; SERankingBacklinksBot/1.0; +https://seranking.com/backlinks-crawler)"
8.228.88.249 - - [06/Apr/2026:05:16:28 +0200] "GET /category/%d0%91%d1%8a%d0%bb%d0%b3%d0%b0%d1%80%d0%b8%d1%8f/feed/ HTTP/1.1" 404 277 "-" "Mozilla/5.0 (Windows NT 6.3; WOW64; rv:33.0) Gecko/20100101 Firefox/33.0"
85.208.96.206 - - [06/Apr/2026:05:17:47 +0200] "GET /tag/bulpress/page/11/ HTTP/1.1" 404 277 "-" "Mozilla/5.0 (compatible; SemrushBot/7~bl; +http://www.semrush.com/bot.html)"
207.46.13.155 - - [06/Apr/2026:05:19:03 +0200] "GET /%D0%94%D0%BE%D0%B9%D0%B4%D0%BE%D1%85-%D0%B3%D0%BE%D1%81%D1%82%D0%B8-%D1%81%D0%B5%D0%BB%D0%BE-%D0%B2%D1%8A%D0%B7%D0%B4%D1%83%D1%85%D1%8A%D1%82-%D1%87%D0%B8%D1%81/ HTTP/1.1" 404 277 "-" "Mozilla/5.0 AppleWebKit/537.36 (KHTML, like Gecko; compatible; bingbot/2.0; +http://www.bing.com/bingbot.htm) Chrome/116.0.1938.76 Safari/537.36"
51.75.236.135 - - [06/Apr/2026:05:19:36 +0200] "GET /17-%D0%BF%D1%80%D0%BE%D1%81%D1%82%D0%B8-%D0%BF%D1%80%D0%B0%D0%B2%D0%B8%D0%BB%D0%B0-%D0%B7%D0%B0-%D1%83%D1%81%D0%BF%D0%B5%D1%88%D0%B5%D0%BD-%D0%BF%D1%80%D0%BE%D0%B1%D0%B8%D0%B2-%D0%B2-%D0%B6%D0%B8/ HTTP/1.1" 404 277 "-" "Mozilla/5.0 (compatible; AhrefsBot/7.0; +http://ahrefs.com/robot/)"
8.228.88.249 - - [06/Apr/2026:05:19:55 +0200] "GET /category/%d0%98%d1%81%d1%82%d0%be%d1%80%d0%b8%d0%b8/feed/ HTTP/1.1" 404 277 "-" "Mozilla/5.0 (Windows NT 6.3; WOW64; rv:33.0) Gecko/20100101 Firefox/33.0"
8.228.88.249 - - [06/Apr/2026:05:19:55 +0200] "GET /news/feed/ HTTP/1.1" 404 277 "-" "Mozilla/5.0 (Windows NT 6.3; WOW64; rv:33.0) Gecko/20100101 Firefox/33.0"
85.208.96.211 - - [06/Apr/2026:05:20:03 +0200] "GET /tag/%D0%BF%D1%80%D0%B5%D0%B7%D0%B8%D0%B4%D0%B5%D0%BD%D1%82%D1%8A%D1%82-%D0%BD%D0%B0-%D1%80%D1%83%D0%BC%D1%8A%D0%BD%D0%B8%D1%8F-%D0%BA%D0%BB%D0%B0%D1%83%D1%81-%D0%B9%D0%BE%D1%85%D0%B0%D0%BD%D0%B8%D1%81/ HTTP/1.1" 502 150 "-" "Mozilla/5.0 (compatible; SemrushBot/7~bl; +http://www.semrush.com/bot.html)"
85.208.96.209 - - [06/Apr/2026:05:23:34 +0200] "GET /tag/%D0%B2%D0%BF%D0%BE%D1%81%D0%BB%D0%B5%D0%B4%D1%81%D1%82%D0%B2%D0%B8%D0%B5/ HTTP/1.1" 404 277 "-" "Mozilla/5.0 (compatible; SemrushBot/7~bl; +http://www.semrush.com/bot.html)"
185.191.171.18 - - [06/Apr/2026:05:24:40 +0200] "GET /tag/%D0%A1%D0%90%D0%A9/ HTTP/1.1" 404 277 "-" "Mozilla/5.0 (compatible; SemrushBot/7~bl; +http://www.semrush.com/bot.html)"
65.108.72.207 - - [06/Apr/2026:05:26:21 +0200] "GET /%d0%b4%d0%b5%d1%80-%d1%89%d0%b0%d0%bd%d0%b4%d0%b0%d1%80%d1%82-%d0%bd%d0%b0%d0%b4%d0%b8%d0%b3%d0%bd%d0%b0%d0%bb%d0%b0%d1%82%d0%b0-%d1%81%d0%b5-%d0%b2%d1%8a%d0%bb%d0%bd%d0%b0-%d1%81%d1%80%d0%b5/ HTTP/1.1" 404 277 "http://bulpress.top/category/%d0%9d%d0%be%d0%b2%d0%b8%d0%bd%d0%b8/" "Mozilla/5.0 (compatible; SEOkicks; +https://www.seokicks.de/robot.html)"
65.108.72.207 - - [06/Apr/2026:05:26:23 +0200] "GET /%d0%b1%d1%8a%d0%bb%d0%b3%d0%b0%d1%80%d0%b8%d1%8f-%d1%81%d0%b5-%d1%82%d0%be%d0%bf%d0%b8-%d0%b7%d0%b0-30-%d0%b3%d0%be%d0%b4%d0%b8%d0%bd%d0%b8-%d0%bd%d0%b0%d0%bc%d0%b0%d0%bb%d1%8f%d1%85%d0%bc%d0%b5/ HTTP/1.1" 404 277 "http://bulpress.top/category/%d0%9d%d0%be%d0%b2%d0%b8%d0%bd%d0%b8/" "Mozilla/5.0 (compatible; SEOkicks; +https://www.seokicks.de/robot.html)"
65.108.72.207 - - [06/Apr/2026:05:26:25 +0200] "GET /%d0%b2-%d1%86%d1%8f%d0%bb%d0%b0%d1%82%d0%b0-%d0%b8%d1%81%d1%82%d0%be%d1%80%d0%b8%d1%8f-%d0%b1%d1%8a%d0%bb%d0%b3%d0%b0%d1%80%d1%81%d0%ba%d0%b0-%d0%bd%d1%8f%d0%bc%d0%b0-%d0%bf%d0%be-%d1%81%d0%b0%d0%bc/ HTTP/1.1" 404 277 "http://bulpress.top/category/%d0%9d%d0%be%d0%b2%d0%b8%d0%bd%d0%b8/" "Mozilla/5.0 (compatible; SEOkicks; +https://www.seokicks.de/robot.html)"
65.108.72.207 - - [06/Apr/2026:05:26:26 +0200] "GET /%d0%b2%d1%81%d0%b5%d0%bb%d0%b5%d0%bd%d0%b0%d1%82%d0%b0-%d0%bd%d0%b8%d0%ba%d0%be%d0%b3%d0%b0-%d0%bd%d0%b5-%d0%b2%d0%b8-%d0%be%d1%82%d0%bd%d0%b5%d0%bc%d0%b0-%d0%bd%d0%b5%d1%89%d0%be-%d0%b2%d0%b0%d0%b6/ HTTP/1.1" 404 277 "http://bulpress.top/category/%d0%9d%d0%be%d0%b2%d0%b8%d0%bd%d0%b8/" "Mozilla/5.0 (compatible; SEOkicks; +https://www.seokicks.de/robot.html)"
65.108.72.207 - - [06/Apr/2026:05:26:28 +0200] "GET /%d0%b4%d0%b0-%d0%bd%d0%b0%d0%bc%d0%b5%d1%80%d0%b8%d1%88-%d0%bc%d0%b8%d1%80-%d0%b2-%d1%82%d1%8a%d0%bc%d0%bd%d0%b8%d1%82%d0%b5-%d0%ba%d1%8a%d1%82%d1%87%d0%b5%d1%82%d0%b0-%d0%bd%d0%b0-%d0%b6%d0%b8%d0%b2/ HTTP/1.1" 404 277 "http://bulpress.top/category/%d0%9d%d0%be%d0%b2%d0%b8%d0%bd%d0%b8/" "Mozilla/5.0 (compatible; SEOkicks; +https://www.seokicks.de/robot.html)"
65.108.72.207 - - [06/Apr/2026:05:26:29 +0200] "GET /%d0%bd%d1%8f%d0%bc%d0%b0-%d0%b7%d0%bd%d0%b0%d1%87%d0%b5%d0%bd%d0%b8%d0%b5-%d0%b4%d0%b0%d0%bb%d0%b8-%d1%87%d0%b0%d1%88%d0%b0%d1%82%d0%b0-%d0%b2%d0%b8-%d0%b5-%d0%bd%d0%b0%d0%bf%d0%be%d0%bb%d0%be%d0%b2/ HTTP/1.1" 404 277 "http://bulpress.top/category/%d0%9d%d0%be%d0%b2%d0%b8%d0%bd%d0%b8/" "Mozilla/5.0 (compatible; SEOkicks; +https://www.seokicks.de/robot.html)"
65.108.72.207 - - [06/Apr/2026:05:26:31 +0200] "GET /%d0%bf%d0%be%d0%bd%d1%8f%d0%ba%d0%be%d0%b3%d0%b0-%d1%82%d0%b8%d1%88%d0%b8%d0%bd%d0%b0%d1%82%d0%b0-%d0%b5-%d0%bd%d0%b0%d0%b9-%d0%b4%d0%be%d0%b1%d1%80%d0%b8%d1%8f%d1%82-%d0%be%d1%82%d0%b3%d0%be%d0%b2/ HTTP/1.1" 404 277 "http://bulpress.top/category/%d0%9d%d0%be%d0%b2%d0%b8%d0%bd%d0%b8/" "Mozilla/5.0 (compatible; SEOkicks; +https://www.seokicks.de/robot.html)"
65.108.72.207 - - [06/Apr/2026:05:26:34 +0200] "GET /%d0%b2%d0%b8%d0%b6%d1%82%d0%b5-10-%d1%84%d0%b0%d0%ba%d1%82%d0%b0-%d0%ba%d0%be%d0%b8%d1%82%d0%be-%d0%bd%d0%b0%d0%bf%d1%8a%d0%bb%d0%bd%d0%be-%d1%89%d0%b5-%d0%bf%d1%80%d0%b5%d0%be%d0%b1%d1%8a%d1%80/ HTTP/1.1" 404 277 "http://bulpress.top/category/%d0%9d%d0%be%d0%b2%d0%b8%d0%bd%d0%b8/" "Mozilla/5.0 (compatible; SEOkicks; +https://www.seokicks.de/robot.html)"
65.108.72.207 - - [06/Apr/2026:05:26:35 +0200] "GET /%d0%ba%d0%be%d0%b3%d0%b0%d1%82%d0%be-%d0%b3%d0%be-%d0%b3%d1%83%d1%88%d0%bd%d0%b0%d1%85-%d1%82%d0%be%d0%b9-%d0%b7%d0%b0%d0%bf%d0%bb%d0%b0%d0%ba%d0%b0-%d0%bd%d0%b8%d0%ba%d0%be%d0%b3%d0%b0-%d0%bd%d0%b5/ HTTP/1.1" 404 277 "http://bulpress.top/category/%d0%9d%d0%be%d0%b2%d0%b8%d0%bd%d0%b8/" "Mozilla/5.0 (compatible; SEOkicks; +https://www.seokicks.de/robot.html)"
65.108.72.207 - - [06/Apr/2026:05:26:37 +0200] "GET /%d0%bb%d0%b5%d0%b3%d0%b5%d0%bd%d0%b4%d0%b0%d1%80%d0%b5%d0%bd-%d0%bb%d0%b5%d1%87%d0%b8%d1%82%d0%b5%d0%bb-%d0%bd%d0%b8-%d0%b4%d0%b0%d0%b4%d0%b5-%d1%83%d0%b1%d0%b8%d0%b5%d1%86%d0%b0-%d0%bd%d0%b0-%d1%80/ HTTP/1.1" 404 277 "http://bulpress.top/category/%d0%9d%d0%be%d0%b2%d0%b8%d0%bd%d0%b8/" "Mozilla/5.0 (compatible; SEOkicks; +https://www.seokicks.de/robot.html)"
65.108.72.207 - - [06/Apr/2026:05:26:39 +0200] "GET /%d0%b1%d1%8f%d1%85-%d1%80%d0%b0%d0%b7%d0%b2%d0%b0%d0%bb%d0%b8%d0%bd%d0%b0-%d0%bd%d0%be-%d1%81%d0%b5-%d0%b8%d0%b7%d0%bb%d0%b5%d0%ba%d1%83%d0%b2%d0%b0%d1%85-%d1%81-%d0%b2%d0%be%d0%b4%d0%b0/ HTTP/1.1" 404 277 "http://bulpress.top/category/%d0%9d%d0%be%d0%b2%d0%b8%d0%bd%d0%b8/" "Mozilla/5.0 (compatible; SEOkicks; +https://www.seokicks.de/robot.html)"
65.108.72.207 - - [06/Apr/2026:05:26:41 +0200] "GET /%d1%8f%d0%b6-%d0%b3%d0%bb%d0%b0%d0%b4%d1%83%d0%b2%d0%b0%d0%b9-%d0%b8-%d0%b6%d0%b8%d0%b2%d0%b5%d0%b9-%d0%bf%d0%be-%d0%b4%d1%8a%d0%bb%d0%b3%d0%be/ HTTP/1.1" 404 277 "http://bulpress.top/category/%d0%9d%d0%be%d0%b2%d0%b8%d0%bd%d0%b8/" "Mozilla/5.0 (compatible; SEOkicks; +https://www.seokicks.de/robot.html)"
65.108.72.207 - - [06/Apr/2026:05:26:42 +0200] "GET /%d0%ba%d0%be%d1%80%d0%b0%d1%82%d0%b0-%d0%be%d1%82-%d0%bb%d0%b8%d0%bc%d0%be%d0%bd-%d0%bb%d0%b5%d0%ba%d1%83%d0%b2%d0%b0-%d1%81%d1%82%d0%b0%d0%b2%d0%b8%d1%82%d0%b5-%d1%80%d0%b5%d1%86%d0%b5%d0%bf%d1%82/ HTTP/1.1" 404 277 "http://bulpress.top/category/%d0%9d%d0%be%d0%b2%d0%b8%d0%bd%d0%b8/" "Mozilla/5.0 (compatible; SEOkicks; +https://www.seokicks.de/robot.html)"
65.108.72.207 - - [06/Apr/2026:05:26:43 +0200] "GET /%d0%b2%d1%80%d0%b5%d0%bc%d0%b5-%d0%b5-%d0%b4%d0%b0-%d0%bf%d1%80%d0%be%d0%b1%d0%b2%d0%b0%d1%82%d0%b5-%d0%b3%d0%bb%d1%83%d1%85%d0%b0%d1%80%d1%87%d0%b5%d1%82%d0%b0-%d1%82%d0%be%d0%bb%d0%ba%d0%be%d0%b2/ HTTP/1.1" 404 277 "http://bulpress.top/category/%d0%9d%d0%be%d0%b2%d0%b8%d0%bd%d0%b8/" "Mozilla/5.0 (compatible; SEOkicks; +https://www.seokicks.de/robot.html)"
65.108.72.207 - - [06/Apr/2026:05:26:45 +0200] "GET /%d1%83%d1%87%d0%b5%d0%bd%d0%b8%d1%82%d0%b5-%d1%81%d0%b0-%d0%b4%d0%be%d0%ba%d0%b0%d0%b7%d0%b0%d0%bb%d0%b8-%d0%ba%d0%be%d1%82%d0%ba%d0%b0-%d1%82%d1%80%d1%8f%d0%b1%d0%b2%d0%b0-%d0%b4%d0%b0/ HTTP/1.1" 404 277 "http://bulpress.top/category/%d0%9d%d0%be%d0%b2%d0%b8%d0%bd%d0%b8/" "Mozilla/5.0 (compatible; SEOkicks; +https://www.seokicks.de/robot.html)"
65.108.72.207 - - [06/Apr/2026:05:26:47 +0200] "GET /%d0%b1%d1%8a%d0%bb%d0%b3%d0%b0%d1%80%d0%b8%d1%8f-%d0%b5-%d0%ba%d1%80%d0%b0%d1%81%d0%b8%d0%b2%d0%b0-%d0%bd%d0%be-%d1%81%d0%b0%d0%bc%d0%be-%d1%81-%d0%ba%d1%80%d0%b0%d1%81%d0%be%d1%82%d0%b0-%d0%bd%d0%b5/ HTTP/1.1" 404 277 "http://bulpress.top/category/%d0%9d%d0%be%d0%b2%d0%b8%d0%bd%d0%b8/" "Mozilla/5.0 (compatible; SEOkicks; +https://www.seokicks.de/robot.html)"
65.108.72.207 - - [06/Apr/2026:05:26:48 +0200] "GET /17-%d0%bf%d1%80%d0%be%d1%81%d1%82%d0%b8-%d0%bf%d1%80%d0%b0%d0%b2%d0%b8%d0%bb%d0%b0-%d0%b7%d0%b0-%d1%83%d1%81%d0%bf%d0%b5%d1%88%d0%b5%d0%bd-%d0%bf%d1%80%d0%be%d0%b1%d0%b8%d0%b2-%d0%b2-%d0%b6%d0%b8/ HTTP/1.1" 404 277 "http://bulpress.top/category/%d0%9d%d0%be%d0%b2%d0%b8%d0%bd%d0%b8/" "Mozilla/5.0 (compatible; SEOkicks; +https://www.seokicks.de/robot.html)"
65.108.72.207 - - [06/Apr/2026:05:26:50 +0200] "GET /%d0%bc%d0%b0%d0%b3%d0%b8%d1%8f%d1%82%d0%b0-%d0%bd%d0%b0-%d0%bc%d0%b0%d0%b9%d1%87%d0%b8%d0%bd%d0%b8%d1%82%d0%b5-%d0%b4%d1%83%d0%bc%d0%b8/ HTTP/1.1" 404 277 "http://bulpress.top/category/%d0%9d%d0%be%d0%b2%d0%b8%d0%bd%d0%b8/" "Mozilla/5.0 (compatible; SEOkicks; +https://www.seokicks.de/robot.html)"
65.108.72.207 - - [06/Apr/2026:05:26:51 +0200] "GET /category/%d0%9d%d0%be%d0%b2%d0%b8%d0%bd%d0%b8/page/3/ HTTP/1.1" 404 277 "http://bulpress.top/category/%d0%9d%d0%be%d0%b2%d0%b8%d0%bd%d0%b8/" "Mozilla/5.0 (compatible; SEOkicks; +https://www.seokicks.de/robot.html)"
65.108.72.207 - - [06/Apr/2026:05:26:54 +0200] "GET /category/%d0%9d%d0%be%d0%b2%d0%b8%d0%bd%d0%b8/page/8/ HTTP/1.1" 404 277 "http://bulpress.top/category/%d0%9d%d0%be%d0%b2%d0%b8%d0%bd%d0%b8/" "Mozilla/5.0 (compatible; SEOkicks; +https://www.seokicks.de/robot.html)"
65.108.72.207 - - [06/Apr/2026:05:26:56 +0200] "GET /%d0%b1%d1%8a%d0%bb%d0%b3%d0%b0%d1%80%d0%b8%d0%bd-%d0%bf%d0%b8%d1%82%d0%b0-%d0%b3%d1%80%d1%8a%d1%86%d0%ba%d0%b8%d1%82%d0%b5-%d1%85%d0%be%d1%82%d0%b5%d0%bb%d0%b8%d0%b5%d1%80%d0%b8-%d0%bf%d0%be-%d0%bc/ HTTP/1.1" 404 277 "http://bulpress.top/category/%d0%9d%d0%be%d0%b2%d0%b8%d0%bd%d0%b8/" "Mozilla/5.0 (compatible; SEOkicks; +https://www.seokicks.de/robot.html)"
65.108.72.207 - - [06/Apr/2026:05:26:58 +0200] "GET /%d0%bd%d0%b0%d1%88-%d1%81%d1%82%d1%83%d0%b4%d0%b5%d0%bd%d1%82-%d1%81%d0%ba%d1%80%d0%b8-%d1%88%d0%b0%d0%bf%d0%ba%d0%b0%d1%82%d0%b0-%d1%83%d0%bd%d0%b8%d0%b2%d0%b5%d1%80%d1%81%d0%b8%d1%82/ HTTP/1.1" 404 277 "http://bulpress.top/category/%d0%9d%d0%be%d0%b2%d0%b8%d0%bd%d0%b8/" "Mozilla/5.0 (compatible; SEOkicks; +https://www.seokicks.de/robot.html)"
65.108.72.207 - - [06/Apr/2026:05:27:00 +0200] "GET /%d1%82%d1%80%d1%8a%d0%b3%d0%bd%d0%b0%d1%85-%d1%81%d0%b8-%d0%be%d1%82-%d0%b0%d0%bd%d0%b3%d0%bb%d0%b8%d1%8f-%d0%b8-%d1%86%d1%8f%d0%bb-%d0%b6%d0%b8%d0%b2%d0%be%d1%82-%d1%89%d0%b5-%d1%81%d1%8a%d0%b6%d0%b0/ HTTP/1.1" 404 277 "http://bulpress.top/category/%d0%9d%d0%be%d0%b2%d0%b8%d0%bd%d0%b8/" "Mozilla/5.0 (compatible; SEOkicks; +https://www.seokicks.de/robot.html)"
65.108.72.207 - - [06/Apr/2026:05:27:03 +0200] "GET /%d1%84%d0%b8%d0%bb%d0%bc-%d0%b7%d0%b0-%d0%b1%d1%8a%d0%bb%d0%b3%d0%b0%d1%80%d0%b8%d1%82%d0%b5-%d0%b2-%d1%87%d1%83%d0%b6%d0%b1%d0%b8%d0%bd%d0%b0/ HTTP/1.1" 404 277 "http://bulpress.top/category/%d0%9d%d0%be%d0%b2%d0%b8%d0%bd%d0%b8/" "Mozilla/5.0 (compatible; SEOkicks; +https://www.seokicks.de/robot.html)"
65.108.72.207 - - [06/Apr/2026:05:27:04 +0200] "GET /%d0%bf%d0%be%d0%bc%d0%bd%d0%b8%d1%82%d0%b5-%d0%bb%d0%b8-%d1%87%d0%b5-%d0%b8%d0%bc%d0%b0%d1%88%d0%b5-%d1%82%d0%b0%d0%ba%d0%b0%d0%b2%d0%b0-%d0%b4%d1%8a%d1%80%d0%b6%d0%b0%d0%b2%d0%b0-%d0%b1%d0%b3/ HTTP/1.1" 404 277 "http://bulpress.top/category/%d0%9d%d0%be%d0%b2%d0%b8%d0%bd%d0%b8/" "Mozilla/5.0 (compatible; SEOkicks; +https://www.seokicks.de/robot.html)"
65.108.72.207 - - [06/Apr/2026:05:27:07 +0200] "GET /%d0%b4%d0%b5%d1%86%d0%b0%d1%82%d0%b0-%d0%bd%d0%b0-90-%d1%82%d0%b5-%d0%b8-20-%d0%bd%d0%b5%d1%89%d0%b0-%d0%ba%d0%be%d0%b8%d1%82%d0%be-%d0%bd%d0%b8%d0%ba%d0%be%d0%b3%d0%b0-%d0%bd%d1%8f%d0%bc%d0%b0-%d0%b4/ HTTP/1.1" 404 277 "http://bulpress.top/category/%d0%9d%d0%be%d0%b2%d0%b8%d0%bd%d0%b8/" "Mozilla/5.0 (compatible; SEOkicks; +https://www.seokicks.de/robot.html)"
65.108.72.207 - - [06/Apr/2026:05:27:09 +0200] "GET /%d0%ba%d1%80%d0%b0%d1%81%d0%b8%d0%bc%d0%b8%d1%80-%d0%b1%d0%be%d0%b3%d0%b4%d0%b0%d0%bd%d0%be%d0%b2-%d0%bd%d0%b0%d0%b3%d1%80%d0%b0%d0%b4%d0%b8-%d1%83%d1%87%d0%b0%d1%81%d1%82%d0%bd%d0%b8%d1%86%d0%b8/ HTTP/1.1" 404 277 "http://bulpress.top/category/%d0%9d%d0%be%d0%b2%d0%b8%d0%bd%d0%b8/" "Mozilla/5.0 (compatible; SEOkicks; +https://www.seokicks.de/robot.html)"
65.108.72.207 - - [06/Apr/2026:05:27:10 +0200] "GET /%d0%b1%d1%8a%d0%bb%d0%b3%d0%b0%d1%80%d0%ba%d0%b0-%d0%be%d1%82-%d1%8f%d0%bf%d0%be%d0%bd%d0%b8%d1%8f-%d0%b8%d0%b7%d0%b1%d1%80%d0%be%d0%b4%d0%b8%d1%80%d0%b0-%d1%81-%d1%88%d0%b5%d0%b2%d0%b8%d1%86%d0%b8/ HTTP/1.1" 404 277 "http://bulpress.top/category/%d0%9d%d0%be%d0%b2%d0%b8%d0%bd%d0%b8/" "Mozilla/5.0 (compatible; SEOkicks; +https://www.seokicks.de/robot.html)"
65.108.72.207 - - [06/Apr/2026:05:27:11 +0200] "GET /%d0%bc%d0%b5%d1%87%d1%82%d0%b0%d0%bd%d0%b8%d1%8f%d1%82-%d0%b6%d0%b8%d0%b2%d0%be%d1%82-%d0%b2-%d0%b0%d0%bd%d0%b3%d0%bb%d0%b8%d1%8f-%d0%bf%d1%80%d0%b5%d0%b7-%d0%bf%d0%be%d0%b3%d0%bb%d0%b5%d0%b4%d0%b0/ HTTP/1.1" 404 277 "http://bulpress.top/category/%d0%9d%d0%be%d0%b2%d0%b8%d0%bd%d0%b8/" "Mozilla/5.0 (compatible; SEOkicks; +https://www.seokicks.de/robot.html)"
65.108.72.207 - - [06/Apr/2026:05:27:12 +0200] "GET /category/%d0%a1%d0%b2%d1%8f%d1%82/page/2/ HTTP/1.1" 404 277 "http://bulpress.top/category/%d0%a1%d0%b2%d1%8f%d1%82/" "Mozilla/5.0 (compatible; SEOkicks; +https://www.seokicks.de/robot.html)"
65.108.72.207 - - [06/Apr/2026:05:27:15 +0200] "GET /category/%d0%a1%d0%b2%d1%8f%d1%82/feed/ HTTP/1.1" 404 277 "http://bulpress.top/category/%d0%a1%d0%b2%d1%8f%d1%82/" "Mozilla/5.0 (compatible; SEOkicks; +https://www.seokicks.de/robot.html)"
65.108.72.207 - - [06/Apr/2026:05:27:16 +0200] "GET /category/%d0%a1%d0%b2%d1%8f%d1%82/?filter_by=featured HTTP/1.1" 404 277 "http://bulpress.top/category/%d0%a1%d0%b2%d1%8f%d1%82/" "Mozilla/5.0 (compatible; SEOkicks; +https://www.seokicks.de/robot.html)"
65.108.72.207 - - [06/Apr/2026:05:27:24 +0200] "GET /category/%d0%a1%d0%b2%d1%8f%d1%82/?filter_by=popular HTTP/1.1" 404 277 "http://bulpress.top/category/%d0%a1%d0%b2%d1%8f%d1%82/" "Mozilla/5.0 (compatible; SEOkicks; +https://www.seokicks.de/robot.html)"
65.108.72.207 - - [06/Apr/2026:05:27:26 +0200] "GET /category/%d0%a1%d0%b2%d1%8f%d1%82/?filter_by=popular7 HTTP/1.1" 404 277 "http://bulpress.top/category/%d0%a1%d0%b2%d1%8f%d1%82/" "Mozilla/5.0 (compatible; SEOkicks; +https://www.seokicks.de/robot.html)"
65.108.72.207 - - [06/Apr/2026:05:27:27 +0200] "GET /category/%d0%a1%d0%b2%d1%8f%d1%82/?filter_by=review_high HTTP/1.1" 404 277 "http://bulpress.top/category/%d0%a1%d0%b2%d1%8f%d1%82/" "Mozilla/5.0 (compatible; SEOkicks; +https://www.seokicks.de/robot.html)"
65.108.72.207 - - [06/Apr/2026:05:27:28 +0200] "GET /category/%d0%a1%d0%b2%d1%8f%d1%82/?filter_by=random_posts HTTP/1.1" 404 277 "http://bulpress.top/category/%d0%a1%d0%b2%d1%8f%d1%82/" "Mozilla/5.0 (compatible; SEOkicks; +https://www.seokicks.de/robot.html)"
65.108.72.207 - - [06/Apr/2026:05:27:30 +0200] "GET /%d0%ba%d0%bc%d0%b5%d1%82-%d0%bd%d0%b0-%d1%81%d0%b5%d0%bb%d0%be-%d0%b4%d0%b0%d0%b2%d0%b0-%d0%bf%d0%be-4000-%d0%bb%d0%b5%d0%b2%d0%b0-%d0%b8-%d0%b4%d0%be%d0%bc-%d0%b7%d0%b0-80%d0%bb%d0%b2-%d0%bd%d0%b0/ HTTP/1.1" 404 277 "http://bulpress.top/category/%d0%a1%d0%b2%d1%8f%d1%82/" "Mozilla/5.0 (compatible; SEOkicks; +https://www.seokicks.de/robot.html)"
65.108.72.207 - - [06/Apr/2026:05:27:31 +0200] "GET /%d0%bc%d0%b5%d1%82%d0%b0%d0%bb%d0%be%d1%82%d1%8a%d1%80%d1%81%d0%b0%d1%87-%d0%b7%d0%b0%d1%81%d0%b5%d1%87%d0%b5-%d0%bd%d0%b0%d1%85%d0%be%d0%b4%d0%ba%d0%b0-%d0%bd%d0%b0-%d1%81%d1%82%d0%be%d0%b9%d0%bd/ HTTP/1.1" 404 277 "http://bulpress.top/category/%d0%a1%d0%b2%d1%8f%d1%82/" "Mozilla/5.0 (compatible; SEOkicks; +https://www.seokicks.de/robot.html)"
65.108.72.207 - - [06/Apr/2026:05:27:34 +0200] "GET /%d0%b0%d0%b7-%d0%be%d0%b1%d0%b8%d1%87%d0%b0%d0%bc-%d1%80%d1%83%d1%81%d0%b8%d1%8f-%d0%be%d0%b1%d0%b8%d1%87%d0%b0%d0%bc-%d1%81%d0%b2%d0%b5%d1%82%d0%b0-%d0%be%d0%b1%d0%b8%d1%87%d0%b0%d0%bc-%d1%85%d0%be/ HTTP/1.1" 404 277 "http://bulpress.top/category/%d0%a1%d0%b2%d1%8f%d1%82/" "Mozilla/5.0 (compatible; SEOkicks; +https://www.seokicks.de/robot.html)"
65.108.72.207 - - [06/Apr/2026:05:27:36 +0200] "GET /%d0%bf%d1%83%d1%82%d0%b8%d0%bd-%d0%b5%d0%bb%d0%b8%d0%b7%d0%b0%d0%b1%d0%b5%d1%82-ii-%d0%b8-%d0%bc%d0%bd%d0%be%d0%b3%d0%be-%d0%b4%d1%80%d1%83%d0%b3%d0%b8-%d0%bb%d0%b8%d0%b4%d0%b5%d1%80%d0%b8-%d1%81/ HTTP/1.1" 404 277 "http://bulpress.top/category/%d0%a1%d0%b2%d1%8f%d1%82/" "Mozilla/5.0 (compatible; SEOkicks; +https://www.seokicks.de/robot.html)"
65.108.72.207 - - [06/Apr/2026:05:27:38 +0200] "GET /%d0%b4-%d1%80-%d0%b3%d0%b5%d0%be%d1%80%d0%b3%d0%b8-%d0%b3%d0%b0%d0%b9%d0%b4%d1%83%d1%80%d0%ba%d0%be%d0%b2-%d1%81-%d0%b2%d0%b7%d1%80%d0%b8%d0%b2%d1%8f%d0%b2%d0%b0%d1%89-%d0%bf%d0%be%d1%81%d1%82-%d1%80/ HTTP/1.1" 404 277 "http://bulpress.top/category/%d0%a1%d0%b2%d1%8f%d1%82/" "Mozilla/5.0 (compatible; SEOkicks; +https://www.seokicks.de/robot.html)"
65.108.72.207 - - [06/Apr/2026:05:27:39 +0200] "GET /%d0%b8%d1%82%d0%b0%d0%bb%d0%b8%d0%b0%d0%bd%d1%81%d0%ba%d0%b8-%d0%bf%d1%80%d0%be%d1%84%d0%b5%d1%81%d0%be%d1%80-%d0%b8%d0%b7%d0%b4%d0%b0%d0%b4%d0%b5-%d0%bb%d0%b5%d0%ba%d0%b0%d1%80%d1%81%d1%82%d0%b2/ HTTP/1.1" 404 277 "http://bulpress.top/category/%d0%a1%d0%b2%d1%8f%d1%82/" "Mozilla/5.0 (compatible; SEOkicks; +https://www.seokicks.de/robot.html)"
65.108.72.207 - - [06/Apr/2026:05:27:42 +0200] "GET /%d1%87%d0%b5-%d0%b3%d0%b5%d0%b2%d0%b0%d1%80%d0%b0-%d0%b5-%d1%83%d0%bc%d1%80%d1%8f%d0%bb-%d0%bd%d0%be%d1%81%d0%b5%d0%b9%d0%ba%d0%b8-%d1%81%d0%bd%d0%b8%d0%bc%d0%ba%d0%b0%d1%82%d0%b0-%d0%bd%d0%b0-%d0%bb/ HTTP/1.1" 404 277 "http://bulpress.top/category/%d0%a1%d0%b2%d1%8f%d1%82/" "Mozilla/5.0 (compatible; SEOkicks; +https://www.seokicks.de/robot.html)"
186.60.11.13 - - [06/Apr/2026:05:27:42 +0200] "GET /%D0%B7%D0%B0%D1%89%D0%BE-%D0%BD%D0%B5-%D0%B7%D0%B0%D0%BF%D0%B0%D0%B7%D0%B8%D1%85%D0%BC%D0%B5-%D1%85%D1%83%D0%B1%D0%B0%D0%B2%D0%B8%D1%82%D0%B5-%D0%BD%D0%B5%D1%89%D0%B0-%D0%BE%D1%82-%D1%81%D0%BE%D1%86/ HTTP/1.1" 404 277 "-" "Mozilla/5.0 (Windows NT 10.0; Win64; x64) AppleWebKit/537.36 (KHTML, like Gecko) Chrome/72.0.3626.121 Safari/537.36"
65.108.72.207 - - [06/Apr/2026:05:27:43 +0200] "GET /%d0%b1%d1%8a%d0%bb%d0%b3%d0%b0%d1%80%d0%b8%d0%bd-%d0%bd%d0%b0%d0%bf%d1%8a%d0%bb%d0%bd%d0%b8-8-%d1%82%d0%be%d1%80%d0%b1%d0%b8-%d1%81-%d0%bf%d0%bb%d0%be%d0%b4%d0%be%d0%b2%d0%b5-%d0%b8-%d0%b7%d0%b5%d0%bb/ HTTP/1.1" 404 277 "http://bulpress.top/category/%d0%a1%d0%b2%d1%8f%d1%82/" "Mozilla/5.0 (compatible; SEOkicks; +https://www.seokicks.de/robot.html)"
65.108.72.207 - - [06/Apr/2026:05:27:44 +0200] "GET /%d0%bd%d0%be%d0%b2%d0%be%d0%b3%d0%be%d0%b4%d0%b8%d1%88%d0%bd%d0%b8-%d1%81%d0%bf%d0%be%d0%bc%d0%b5%d0%bd%d0%b8-%d0%be%d1%82-%d1%81%d0%be%d1%86%d0%b0/ HTTP/1.1" 404 277 "http://bulpress.top/category/%d0%a1%d0%b2%d1%8f%d1%82/" "Mozilla/5.0 (compatible; SEOkicks; +https://www.seokicks.de/robot.html)"
65.108.72.207 - - [06/Apr/2026:05:27:49 +0200] "GET /%d0%b2-%d1%83%d0%bd%d0%b3%d0%b0%d1%80%d0%b8%d1%8f-%d0%b4%d0%b0%d0%b4%d0%be%d1%85%d0%b0-23-%d0%bc%d0%b8%d0%bb%d0%b8%d0%b0%d1%80%d0%b4%d0%b0-%d0%b1%d0%be%d0%bd%d1%83%d1%81-%d0%bd%d0%b0-%d0%bf%d0%b5/ HTTP/1.1" 404 277 "http://bulpress.top/category/%d0%a1%d0%b2%d1%8f%d1%82/" "Mozilla/5.0 (compatible; SEOkicks; +https://www.seokicks.de/robot.html)"
185.191.171.12 - - [06/Apr/2026:05:27:52 +0200] "GET /tag/%D0%B5%D0%BA%D1%80%D0%B0%D0%BD%D0%B8%D0%B7%D0%B0%D1%86%D0%B8%D1%8F/ HTTP/1.1" 404 277 "-" "Mozilla/5.0 (compatible; SemrushBot/7~bl; +http://www.semrush.com/bot.html)"
65.108.72.207 - - [06/Apr/2026:05:27:53 +0200] "GET /%d1%81%d0%b5%d0%bb%d0%be-%d0%b2-%d0%b1%d1%8a%d0%bb%d0%b3%d0%b0%d1%80%d0%b8%d1%8f-%d0%b2-%d0%ba%d0%be%d0%b5%d1%82%d0%be-%d0%bd%d1%8f%d0%bc%d0%b0-%d0%bf%d1%80%d0%b5%d1%81%d1%82%d1%8a%d0%bf%d0%bd%d0%be/ HTTP/1.1" 404 277 "http://bulpress.top/category/%d0%a1%d0%b2%d1%8f%d1%82/" "Mozilla/5.0 (compatible; SEOkicks; +https://www.seokicks.de/robot.html)"
65.108.72.207 - - [06/Apr/2026:05:27:54 +0200] "GET /20-%d0%bd%d0%b5%d0%b2%d0%b5%d1%80%d0%be%d1%8f%d1%82%d0%bd%d0%b8-%d1%81%d0%bd%d0%b8%d0%bc%d0%ba%d0%b8-%d0%ba%d0%be%d0%b8%d1%82%d0%be-%d0%bd%d0%b0%d0%ba%d0%b0%d1%80%d0%b0%d1%85%d0%b0-%d1%87%d1%83%d0%b6/ HTTP/1.1" 404 277 "http://bulpress.top/category/%d0%a1%d0%b2%d1%8f%d1%82/" "Mozilla/5.0 (compatible; SEOkicks; +https://www.seokicks.de/robot.html)"
65.108.72.207 - - [06/Apr/2026:05:27:56 +0200] "GET /%d1%81%d1%82%d0%b0%d0%bc%d0%b5%d0%bd-%d0%be%d1%82-%d0%b4%d0%be%d0%bb%d0%b5%d0%bd-%d0%ba%d1%83%d0%bf%d0%b8%d0%bb-7-%d0%b4%d0%ba%d0%b0-%d0%b7%d0%b5%d0%bc%d1%8f-%d0%b2-%d1%88%d0%be%d1%82%d0%bb%d0%b0-2/ HTTP/1.1" 404 277 "http://bulpress.top/category/%d0%a1%d0%b2%d1%8f%d1%82/" "Mozilla/5.0 (compatible; SEOkicks; +https://www.seokicks.de/robot.html)"
65.108.72.207 - - [06/Apr/2026:05:27:57 +0200] "GET /%d0%ba%d0%b0%d0%ba-%d1%80%d0%be%d0%b4%d0%b5%d0%bd-%d0%b3%d1%83%d1%80%d0%b1%d0%b5%d1%82%d1%87%d0%b8%d1%8f-%d0%b2-%d0%b0%d0%bd%d0%b3%d0%bb%d0%b8%d1%8f-%d1%81%d0%bf%d0%b5%d1%87%d0%b5%d0%bb%d0%b8-10-2/ HTTP/1.1" 404 277 "http://bulpress.top/category/%d0%a1%d0%b2%d1%8f%d1%82/" "Mozilla/5.0 (compatible; SEOkicks; +https://www.seokicks.de/robot.html)"
65.108.72.207 - - [06/Apr/2026:05:27:59 +0200] "GET /%d0%bf%d1%80%d0%b8%d0%ba%d0%b0%d0%b7%d0%ba%d0%b0%d1%82%d0%b0%d0%b5%d0%b4%d0%bd%d0%b0-%d1%83%d1%81%d0%bf%d1%8f%d0%bb%d0%b0-%d0%b1%d1%83%d1%80%d0%b3%d0%b0%d0%b7%d0%bb%d0%b8%d0%b9%d0%ba%d0%b0-2/ HTTP/1.1" 404 277 "http://bulpress.top/category/%d0%a1%d0%b2%d1%8f%d1%82/" "Mozilla/5.0 (compatible; SEOkicks; +https://www.seokicks.de/robot.html)"
65.108.72.207 - - [06/Apr/2026:05:28:01 +0200] "GET /%d1%81%d0%bb%d1%83%d0%b6%d0%b8%d1%82%d0%b5%d0%bb%d0%b8-%d0%bd%d0%b0-%d1%8f%d0%bf%d0%be%d0%bd%d1%81%d0%ba%d0%b8%d1%82%d0%b5-%d0%b6%d0%b5%d0%bb%d0%b5%d0%b7%d0%bd%d0%b8%d1%86%d0%b8-%d0%b3%d1%80%d1%83-2/ HTTP/1.1" 502 150 "http://bulpress.top/category/%d0%a1%d0%b2%d1%8f%d1%82/" "Mozilla/5.0 (compatible; SEOkicks; +https://www.seokicks.de/robot.html)"
85.208.96.200 - - [06/Apr/2026:05:28:06 +0200] "GET /%D0%BD%D0%B0%D1%88%D0%B8%D1%8F%D1%82-%D0%BC%D0%B0%D1%81%D1%82%D1%8A%D1%80-%D1%82%D0%B0%D0%B9%D0%BD%D0%BE-%D0%BF%D0%BB%D0%B0%D1%89%D0%B0%D1%88%D0%B5-%D1%81%D0%B5%D0%BC%D0%B5%D1%81%D1%82%D1%80%D0%B8/ HTTP/1.1" 404 277 "-" "Mozilla/5.0 (compatible; SemrushBot/7~bl; +http://www.semrush.com/bot.html)"
65.108.72.207 - - [06/Apr/2026:05:28:10 +0200] "GET /%d0%b2%d0%b8%d0%b6%d1%82%d0%b5-%d1%82%d0%b0%d0%b9%d0%bd%d0%b0%d1%82%d0%b0-%d0%bd%d0%b0-%d0%b8%d1%82%d0%b0%d0%bb%d0%b8%d0%b0%d0%bd%d1%81%d0%ba%d0%be%d1%82%d0%be-%d1%81%d0%b5%d0%bb%d0%be-%d1%81-%d0%bd-2/ HTTP/1.1" 404 277 "http://bulpress.top/category/%d0%a1%d0%b2%d1%8f%d1%82/" "Mozilla/5.0 (compatible; SEOkicks; +https://www.seokicks.de/robot.html)"
65.108.72.207 - - [06/Apr/2026:05:28:13 +0200] "GET /%d0%ba%d0%b0%d0%ba-%d1%89%d0%b5%d1%88%d0%b5-%d0%b4%d0%b0-%d0%b8%d0%b7%d0%b3%d0%bb%d0%b5%d0%b6%d0%b4%d0%b0-%d0%b1%d1%8a%d0%bb%d0%b3%d0%b0%d1%80%d0%b8%d1%8f-%d0%b0%d0%ba%d0%be-%d1%81%d0%b8-%d0%b1%d0%b5/ HTTP/1.1" 404 277 "http://bulpress.top/category/%d0%a1%d0%b2%d1%8f%d1%82/" "Mozilla/5.0 (compatible; SEOkicks; +https://www.seokicks.de/robot.html)"
65.108.72.207 - - [06/Apr/2026:05:28:14 +0200] "GET /%d0%b7%d0%b0%d1%89%d0%be-%d0%b4%d0%b2%d0%b0%d0%bc%d0%b0-%d0%bc%d0%bb%d0%b0%d0%b4%d0%b8-%d0%b8%d0%b7%d0%b1%d0%b8%d1%80%d0%b0%d1%82-%d0%b6%d0%b8%d0%b2%d0%be%d1%82%d0%b0-%d0%bd%d0%b0-%d1%81%d0%b5%d0%bb/ HTTP/1.1" 404 277 "http://bulpress.top/category/%d0%a1%d0%b2%d1%8f%d1%82/" "Mozilla/5.0 (compatible; SEOkicks; +https://www.seokicks.de/robot.html)"
65.108.72.207 - - [06/Apr/2026:05:28:21 +0200] "GET /%d0%bc%d0%be%d0%bc%d0%b8%d1%87%d0%b5-%d1%82%d1%8a%d1%80%d1%81%d0%b8-%d0%b1%d0%b8%d0%be%d0%bb%d0%be%d0%b3%d0%b8%d1%87%d0%bd%d0%b0%d1%82%d0%b0-%d1%81%d0%b8-%d0%bc%d0%b0%d0%b9%d0%ba%d0%b0-%d0%bd%d0%b5/ HTTP/1.1" 404 277 "http://bulpress.top/category/%d0%a1%d0%b2%d1%8f%d1%82/" "Mozilla/5.0 (compatible; SEOkicks; +https://www.seokicks.de/robot.html)"
65.108.72.207 - - [06/Apr/2026:05:28:23 +0200] "GET /category/%d0%a1%d0%b2%d1%8f%d1%82/page/3/ HTTP/1.1" 404 277 "http://bulpress.top/category/%d0%a1%d0%b2%d1%8f%d1%82/" "Mozilla/5.0 (compatible; SEOkicks; +https://www.seokicks.de/robot.html)"
65.108.72.207 - - [06/Apr/2026:05:28:25 +0200] "GET /category/%d0%a1%d0%b2%d1%8f%d1%82/page/6/ HTTP/1.1" 404 277 "http://bulpress.top/category/%d0%a1%d0%b2%d1%8f%d1%82/" "Mozilla/5.0 (compatible; SEOkicks; +https://www.seokicks.de/robot.html)"
65.108.72.207 - - [06/Apr/2026:05:28:27 +0200] "GET /562-%d0%bb%d0%b5%d0%b2%d0%b0-%d0%b1%d0%b8%d0%bb%d0%b8-%d0%b4%d0%be%d1%81%d1%82%d0%b0%d1%82%d1%8a%d1%87%d0%bd%d0%b8-%d1%87%d0%be%d0%b2%d0%b5%d0%ba-%d0%b4%d0%b0-%d0%b6%d0%b8%d0%b2%d0%b5%d0%b5-%d0%b4/ HTTP/1.1" 404 277 "http://bulpress.top/category/%d0%a1%d0%b2%d1%8f%d1%82/" "Mozilla/5.0 (compatible; SEOkicks; +https://www.seokicks.de/robot.html)"
65.108.72.207 - - [06/Apr/2026:05:28:28 +0200] "GET /%d0%ba%d0%b0%d0%ba-%d0%b5%d0%b4%d0%b8%d0%bd-%d0%b7%d0%b0%d0%b2%d0%be%d0%b4-%d0%b4%d0%b0%d0%b2%d0%b0%d0%bb-%d1%80%d0%b0%d0%b1%d0%be%d1%82%d0%b0-%d0%bd%d0%b0-%d1%85%d0%b8%d0%bb%d1%8f%d0%b4%d0%b8-%d0%b5/ HTTP/1.1" 404 277 "http://bulpress.top/category/%d0%a1%d0%b2%d1%8f%d1%82/" "Mozilla/5.0 (compatible; SEOkicks; +https://www.seokicks.de/robot.html)"
65.108.72.207 - - [06/Apr/2026:05:28:29 +0200] "GET /%d1%81%d0%bf%d0%be%d0%bc%d0%b5%d0%bd%d0%b8-%d0%be%d1%82-%d1%81%d0%be%d1%86%d0%b0-%d1%81-%d0%b5%d0%b4%d0%bd%d0%b0-%d0%bf%d0%b5%d0%bd%d1%81%d0%b8%d1%8f-%d1%81%d0%b8-%d0%bf%d0%bb%d0%b0%d1%89%d0%b0%d1%85/ HTTP/1.1" 404 277 "http://bulpress.top/category/%d0%a1%d0%b2%d1%8f%d1%82/" "Mozilla/5.0 (compatible; SEOkicks; +https://www.seokicks.de/robot.html)"
65.108.72.207 - - [06/Apr/2026:05:28:31 +0200] "GET /%d1%81%d1%82%d0%b0%d1%80%d0%b8%d1%86%d0%b0%d1%82%d0%b0-%d0%ba%d0%be%d1%8f%d1%82%d0%be-%d0%b3%d0%b0%d0%b7%d0%b5%d1%88%d0%b5-%d1%81%d0%bd%d0%b5%d0%b3%d0%b0-%d1%81%d1%8a%d1%81-%d1%81%d0%ba%d1%8a%d1%81/ HTTP/1.1" 404 277 "http://bulpress.top/category/%d0%a1%d0%b2%d1%8f%d1%82/" "Mozilla/5.0 (compatible; SEOkicks; +https://www.seokicks.de/robot.html)"
65.108.72.207 - - [06/Apr/2026:05:28:33 +0200] "GET /10-%d0%bd%d0%b5%d1%89%d0%b0-%d0%ba%d0%be%d0%b8%d1%82%d0%be-%d0%be%d1%89%d0%b5-%d0%bd%d0%b8-%d0%bd%d0%b0%d0%b2%d1%8f%d0%b2%d0%b0%d1%82-%d1%81%d0%bf%d0%be%d0%bc%d0%b5%d0%bd%d0%b8-%d0%b7%d0%b0-%d1%81/ HTTP/1.1" 404 277 "http://bulpress.top/category/%d0%a1%d0%b2%d1%8f%d1%82/" "Mozilla/5.0 (compatible; SEOkicks; +https://www.seokicks.de/robot.html)"
65.108.72.207 - - [06/Apr/2026:05:28:34 +0200] "GET /category/%d0%a0%d1%83%d1%81%d0%b8%d1%8f/page/2/ HTTP/1.1" 404 277 "http://bulpress.top/category/%d0%a0%d1%83%d1%81%d0%b8%d1%8f/" "Mozilla/5.0 (compatible; SEOkicks; +https://www.seokicks.de/robot.html)"
65.108.72.207 - - [06/Apr/2026:05:28:38 +0200] "GET /category/%d0%a0%d1%83%d1%81%d0%b8%d1%8f/feed/ HTTP/1.1" 404 277 "http://bulpress.top/category/%d0%a0%d1%83%d1%81%d0%b8%d1%8f/" "Mozilla/5.0 (compatible; SEOkicks; +https://www.seokicks.de/robot.html)"
8.228.88.249 - - [06/Apr/2026:05:28:38 +0200] "GET /feed/ HTTP/1.1" 404 277 "-" "Mozilla/5.0 (Windows NT 6.3; WOW64; rv:33.0) Gecko/20100101 Firefox/33.0"
65.108.72.207 - - [06/Apr/2026:05:28:40 +0200] "GET /category/%d0%a0%d1%83%d1%81%d0%b8%d1%8f/?filter_by=featured HTTP/1.1" 404 277 "http://bulpress.top/category/%d0%a0%d1%83%d1%81%d0%b8%d1%8f/" "Mozilla/5.0 (compatible; SEOkicks; +https://www.seokicks.de/robot.html)"
65.108.72.207 - - [06/Apr/2026:05:28:42 +0200] "GET /category/%d0%a0%d1%83%d1%81%d0%b8%d1%8f/?filter_by=popular HTTP/1.1" 404 277 "http://bulpress.top/category/%d0%a0%d1%83%d1%81%d0%b8%d1%8f/" "Mozilla/5.0 (compatible; SEOkicks; +https://www.seokicks.de/robot.html)"
65.108.72.207 - - [06/Apr/2026:05:28:43 +0200] "GET /category/%d0%a0%d1%83%d1%81%d0%b8%d1%8f/?filter_by=popular7 HTTP/1.1" 404 277 "http://bulpress.top/category/%d0%a0%d1%83%d1%81%d0%b8%d1%8f/" "Mozilla/5.0 (compatible; SEOkicks; +https://www.seokicks.de/robot.html)"
65.108.72.207 - - [06/Apr/2026:05:28:45 +0200] "GET /category/%d0%a0%d1%83%d1%81%d0%b8%d1%8f/?filter_by=review_high HTTP/1.1" 404 277 "http://bulpress.top/category/%d0%a0%d1%83%d1%81%d0%b8%d1%8f/" "Mozilla/5.0 (compatible; SEOkicks; +https://www.seokicks.de/robot.html)"
65.108.72.207 - - [06/Apr/2026:05:28:47 +0200] "GET /category/%d0%a0%d1%83%d1%81%d0%b8%d1%8f/?filter_by=random_posts HTTP/1.1" 404 277 "http://bulpress.top/category/%d0%a0%d1%83%d1%81%d0%b8%d1%8f/" "Mozilla/5.0 (compatible; SEOkicks; +https://www.seokicks.de/robot.html)"
65.108.72.207 - - [06/Apr/2026:05:28:49 +0200] "GET /%d0%b7%d0%b0%d1%85%d0%b0%d1%80%d0%be%d0%b2%d0%b0-%d1%81%d0%be%d1%84%d0%b8%d1%8f-%d0%bf%d0%be%d0%bb%d1%83%d1%87%d0%b8-%d1%86%d0%b5%d0%bd%d0%bd%d0%b8-%d1%83%d0%ba%d0%b0%d0%b7%d0%b0%d0%bd%d0%b8%d1%8f/ HTTP/1.1" 404 277 "http://bulpress.top/category/%d0%a0%d1%83%d1%81%d0%b8%d1%8f/" "Mozilla/5.0 (compatible; SEOkicks; +https://www.seokicks.de/robot.html)"
65.108.72.207 - - [06/Apr/2026:05:28:51 +0200] "GET /%d0%bd%d0%b0%d0%b4-180-000-%d0%b4%d1%83%d1%88%d0%b8-%d0%bd%d0%b0-%d1%87%d0%b5%d1%80%d0%b2%d0%b5%d0%bd%d0%b8%d1%8f-%d0%bf%d0%bb%d0%be%d1%89%d0%b0%d0%b4-%d0%b7%d0%b0%d0%bf%d1%8f%d1%85/ HTTP/1.1" 404 277 "http://bulpress.top/category/%d0%a0%d1%83%d1%81%d0%b8%d1%8f/" "Mozilla/5.0 (compatible; SEOkicks; +https://www.seokicks.de/robot.html)"
65.108.72.207 - - [06/Apr/2026:05:28:52 +0200] "GET /%d0%bf%d1%83%d1%82%d0%b8%d0%bd-%d0%bf%d1%83%d1%81%d0%bd%d0%b0-%d0%b2%d0%b8%d0%b4%d0%b5%d0%be-%d0%ba%d0%b0%d0%ba-%d1%81%d0%b8-%d0%bf%d0%be%d1%87%d0%b8%d0%b2%d0%b0-%d1%81-%d1%88%d0%be%d0%b9%d0%b3%d1%83/ HTTP/1.1" 404 277 "http://bulpress.top/category/%d0%a0%d1%83%d1%81%d0%b8%d1%8f/" "Mozilla/5.0 (compatible; SEOkicks; +https://www.seokicks.de/robot.html)"
65.108.72.207 - - [06/Apr/2026:05:28:53 +0200] "GET /%d0%b7%d0%b0%d1%85%d0%b0%d1%80%d0%be%d0%b2%d0%b0-%d0%b7%d0%b0%d0%bf%d0%b0%d0%b4%d1%8a%d1%82-%d1%81%d0%b8-%d0%b8%d0%b7%d0%bc%d0%b8%d1%81%d0%bb%d1%8f-%d0%bf%d1%80%d0%b5%d1%82%d0%b5%d0%ba%d1%81%d1%82/ HTTP/1.1" 404 277 "http://bulpress.top/category/%d0%a0%d1%83%d1%81%d0%b8%d1%8f/" "Mozilla/5.0 (compatible; SEOkicks; +https://www.seokicks.de/robot.html)"
65.108.72.207 - - [06/Apr/2026:05:28:56 +0200] "GET /%d1%80%d1%83%d1%81%d0%ba%d0%b8%d1%8f%d1%82-%d0%bf%d0%be%d1%81%d0%bb%d0%b0%d0%bd%d0%b8%d0%ba-%d1%83-%d0%bd%d0%b0%d1%81-%d0%bd-%d0%bf%d1%80-%d0%bc%d0%b8%d1%82%d1%80%d0%be%d1%84%d0%b0%d0%bd%d0%be%d0%b2/ HTTP/1.1" 404 277 "http://bulpress.top/category/%d0%a0%d1%83%d1%81%d0%b8%d1%8f/" "Mozilla/5.0 (compatible; SEOkicks; +https://www.seokicks.de/robot.html)"
65.108.72.207 - - [06/Apr/2026:05:28:58 +0200] "GET /%d0%bf%d1%83%d1%82%d0%b8%d0%bd-%d1%80%d1%83%d1%81%d0%b8%d1%8f-%d1%81%d0%b5-%d1%81%d0%bf%d1%80%d0%b0%d0%b2%d1%8f-%d1%81-%d0%bf%d0%b0%d0%bd%d0%b4%d0%b5%d0%bc%d0%b8%d1%8f%d1%82%d0%b0-%d0%b4%d0%be%d1%81/ HTTP/1.1" 404 277 "http://bulpress.top/category/%d0%a0%d1%83%d1%81%d0%b8%d1%8f/" "Mozilla/5.0 (compatible; SEOkicks; +https://www.seokicks.de/robot.html)"
65.108.72.207 - - [06/Apr/2026:05:29:00 +0200] "GET /%d0%bc%d0%be%d1%81%d0%ba%d0%b2%d0%b0-%d0%bf%d1%80%d0%b5%d0%b4%d1%83%d0%bf%d1%80%d0%b5%d0%b6%d0%b4%d0%b0%d0%b2%d0%b0-%d1%80%d0%b0%d0%b1%d0%be%d1%82%d0%b8-%d1%81%d0%b5-%d0%bd%d0%b0-%d0%b1%d0%b0%d0%bb/ HTTP/1.1" 404 277 "http://bulpress.top/category/%d0%a0%d1%83%d1%81%d0%b8%d1%8f/" "Mozilla/5.0 (compatible; SEOkicks; +https://www.seokicks.de/robot.html)"
