43.157.179.227 - - [05/Apr/2026:18:43:38 +0200] "GET /%d0%bf%d0%b5%d0%bd%d1%81%d0%b8%d0%be%d0%bd%d0%b5%d1%80%d0%b8%d1%82%d0%b5-%d0%b4%d0%b0-%d0%bc%d1%80%d0%b5%d0%bc-%d0%be%d1%82-%d0%b3%d0%bb%d0%b0%d0%b4-%d0%bb%d0%b8/ HTTP/1.1" 200 20906 "-" "Mozilla/5.0 (iPhone; CPU iPhone OS 13_2_3 like Mac OS X) AppleWebKit/605.1.15 (KHTML, like Gecko) Version/13.0.3 Mobile/15E148 Safari/604.1"
161.97.137.93 - - [05/Apr/2026:18:43:40 +0200] "POST /wp-cron.php?doing_wp_cron=1775407419.5943129062652587890625 HTTP/1.1" 404 12858 "http://bulpress.top/wp-cron.php?doing_wp_cron=1775407419.5943129062652587890625" "WordPress/4.9.26; http://bulpress.top"
85.208.96.198 - - [05/Apr/2026:18:43:40 +0200] "GET /tag/%D1%80%D0%B0%D0%B1%D0%BE%D1%82%D0%B0/ HTTP/1.1" 200 17861 "-" "Mozilla/5.0 (compatible; SemrushBot/7~bl; +http://www.semrush.com/bot.html)"
85.208.96.206 - - [05/Apr/2026:18:43:43 +0200] "GET /tag/%D0%BF%D1%83%D0%B1%D0%BB%D0%B8%D0%BA%D0%B0%D1%86%D0%B8%D0%B8/ HTTP/1.1" 200 15031 "-" "Mozilla/5.0 (compatible; SemrushBot/7~bl; +http://www.semrush.com/bot.html)"
161.97.137.93 - - [05/Apr/2026:18:44:43 +0200] "POST /wp-cron.php?doing_wp_cron=1775407482.3018460273742675781250 HTTP/1.1" 404 12899 "http://bulpress.top/wp-cron.php?doing_wp_cron=1775407482.3018460273742675781250" "WordPress/4.9.26; http://bulpress.top"
185.191.171.4 - - [05/Apr/2026:18:44:43 +0200] "GET /tag/bulgaria-news/ HTTP/1.1" 200 20681 "-" "Mozilla/5.0 (compatible; SemrushBot/7~bl; +http://www.semrush.com/bot.html)"
92.222.104.203 - - [05/Apr/2026:18:44:44 +0200] "GET /%D0%B7%D0%B0%D0%B1%D1%80%D0%B0%D0%B2%D0%B8%D1%85%D0%BC%D0%B5-%D0%B3%D1%80%D0%B5%D1%8F%D0%BD%D0%B0%D1%82%D0%B0-%D1%80%D0%B0%D0%BA%D0%B8%D1%8F-%D0%B5%D0%B9-%D0%BA%D0%B0%D0%BA-%D1%8F-%D0%BF/ HTTP/1.1" 200 24547 "-" "Mozilla/5.0 (compatible; AhrefsBot/7.0; +http://ahrefs.com/robot/)"
85.208.96.197 - - [05/Apr/2026:18:44:49 +0200] "GET /tag/%D0%BD%D0%BE%D0%B2%D0%B0%D1%82%D0%B0-%D0%B3%D0%BE%D0%B4%D0%B8%D0%BD%D0%B0-%D0%BD%D0%B0-%D0%BC%D0%BE%D0%B5%D1%82%D0%BE-%D0%B4%D0%B5%D1%82%D1%81%D1%82%D0%B2%D0%BE-%D0%BF%D1%80%D0%B5%D0%B7-70-%D1%82/ HTTP/1.1" 200 14960 "-" "Mozilla/5.0 (compatible; SemrushBot/7~bl; +http://www.semrush.com/bot.html)"
40.77.167.48 - - [05/Apr/2026:18:44:49 +0200] "GET /?s=2025 HTTP/1.1" 200 16764 "-" "Mozilla/5.0 AppleWebKit/537.36 (KHTML, like Gecko; compatible; bingbot/2.0; +http://www.bing.com/bingbot.htm) Chrome/116.0.1938.76 Safari/537.36"
161.97.137.93 - - [05/Apr/2026:18:46:16 +0200] "POST /wp-cron.php?doing_wp_cron=1775407575.4427120685577392578125 HTTP/1.1" 404 12860 "http://bulpress.top/wp-cron.php?doing_wp_cron=1775407575.4427120685577392578125" "WordPress/4.9.26; http://bulpress.top"
8.228.88.249 - - [05/Apr/2026:18:46:16 +0200] "GET /news/feed/ HTTP/1.1" 200 514 "-" "Mozilla/5.0 (Windows NT 6.3; WOW64; rv:33.0) Gecko/20100101 Firefox/33.0"
161.97.137.93 - - [05/Apr/2026:18:47:51 +0200] "POST /wp-cron.php?doing_wp_cron=1775407670.8041551113128662109375 HTTP/1.1" 404 12949 "http://bulpress.top/wp-cron.php?doing_wp_cron=1775407670.8041551113128662109375" "WordPress/4.9.26; http://bulpress.top"
51.68.247.212 - - [05/Apr/2026:18:47:51 +0200] "GET /%D1%86%D1%8F%D0%BB%D0%B0-%D0%B1%D1%8A%D0%BB%D0%B3%D0%B0%D1%80%D0%B8%D1%8F-%D1%81%D0%B5-%D0%BF%D1%80%D0%BE%D1%81%D1%8A%D0%BB%D0%B7%D0%B8-%D0%B1%D0%B0%D0%B1%D0%B0-%D0%B2%D0%B8%D0%B4%D1%8F-%D0%B2%D0%BD/ HTTP/1.1" 200 21674 "-" "Mozilla/5.0 (compatible; AhrefsBot/7.0; +http://ahrefs.com/robot/)"
92.222.108.121 - - [05/Apr/2026:18:48:17 +0200] "GET /%D0%B7%D0%B0%D0%B1%D1%80%D0%B0%D0%B2%D0%B8%D1%85%D0%BC%D0%B5-%D0%B3%D1%80%D0%B5%D1%8F%D0%BD%D0%B0%D1%82%D0%B0-%D1%80%D0%B0%D0%BA%D0%B8%D1%8F-%D0%B5%D0%B9-%D0%BA%D0%B0%D0%BA-%D1%8F-%D0%BF/ HTTP/1.1" 200 24547 "-" "Mozilla/5.0 (compatible; AhrefsBot/7.0; +http://ahrefs.com/robot/)"
92.222.108.122 - - [05/Apr/2026:18:48:18 +0200] "GET /wp-content/uploads/2019/03/swiss-100x70.jpg HTTP/1.1" 200 3851 "-" "Mozilla/5.0 (compatible; AhrefsBot/7.0; +http://ahrefs.com/robot/)"
8.228.88.249 - - [05/Apr/2026:18:48:27 +0200] "GET /category/%d0%98%d1%81%d1%82%d0%be%d1%80%d0%b8%d0%b8/feed/ HTTP/1.1" 200 53803 "-" "Mozilla/5.0 (Windows NT 6.3; WOW64; rv:33.0) Gecko/20100101 Firefox/33.0"
176.31.139.10 - - [05/Apr/2026:18:52:27 +0200] "GET /wp-content/uploads/2017/10/22279955_10155686117433798_8980305478981477010_n-218x150.jpg HTTP/1.1" 200 7845 "-" "Mozilla/5.0 (compatible; AhrefsBot/7.0; +http://ahrefs.com/robot/)"
161.97.137.93 - - [05/Apr/2026:18:52:41 +0200] "POST /wp-cron.php?doing_wp_cron=1775407960.4747800827026367187500 HTTP/1.1" 404 12854 "http://bulpress.top/wp-cron.php?doing_wp_cron=1775407960.4747800827026367187500" "WordPress/4.9.26; http://bulpress.top"
185.191.171.6 - - [05/Apr/2026:18:52:41 +0200] "GET /tag/%D0%9C%D0%B5%D1%80%D0%B8-%D0%A1%D1%82%D0%BE%D0%B5%D0%B2%D0%B0/ HTTP/1.1" 200 15051 "-" "Mozilla/5.0 (compatible; SemrushBot/7~bl; +http://www.semrush.com/bot.html)"
164.68.124.27 - - [05/Apr/2026:18:54:21 +0200] "GET / HTTP/1.1" 200 28974 "-" "Mozilla/5.0 (Windows NT 10.0; Win64; x64) AppleWebKit/537.36 (KHTML, like Gecko) Chrome/80.0.3987.149 Safari/537.36"
161.97.137.93 - - [05/Apr/2026:18:54:21 +0200] "POST /wp-cron.php?doing_wp_cron=1775408060.7274429798126220703125 HTTP/1.1" 404 12881 "http://bulpress.top/wp-cron.php?doing_wp_cron=1775408060.7274429798126220703125" "WordPress/4.9.26; http://bulpress.top"
164.68.124.27 - - [05/Apr/2026:18:54:22 +0200] "GET /?author=1 HTTP/1.1" 301 0 "-" "Mozilla/5.0 (Windows NT 10.0; Win64; x64) AppleWebKit/537.36 (KHTML, like Gecko) Chrome/80.0.3987.149 Safari/537.36"
92.222.104.221 - - [05/Apr/2026:18:54:22 +0200] "GET /%D1%80%D0%B0%D0%B7%D0%BF%D1%80%D0%BE%D1%81%D1%82%D1%80%D0%B0%D0%BD%D0%B8-%D0%B4%D0%BE-%D0%B2%D1%81%D0%B8%D1%87%D0%BA%D0%B8-%D0%B3%D0%BE%D1%80%D0%B4%D0%BE%D1%81%D1%82-%D0%B7%D0%B0-%D0%B1%D0%B3/ HTTP/1.1" 200 22770 "-" "Mozilla/5.0 (compatible; AhrefsBot/7.0; +http://ahrefs.com/robot/)"
164.68.124.27 - - [05/Apr/2026:18:54:22 +0200] "GET /?author=2 HTTP/1.1" 404 12858 "-" "Mozilla/5.0 (Windows NT 10.0; Win64; x64) AppleWebKit/537.36 (KHTML, like Gecko) Chrome/80.0.3987.149 Safari/537.36"
164.68.124.27 - - [05/Apr/2026:18:54:23 +0200] "GET /wp-json/wp/v2/users/ HTTP/1.1" 200 276 "-" "Mozilla/5.0 (Windows NT 10.0; Win64; x64) AppleWebKit/537.36 (KHTML, like Gecko) Chrome/80.0.3987.149 Safari/537.36"
164.68.124.27 - - [05/Apr/2026:18:54:23 +0200] "POST /xmlrpc.php HTTP/1.1" 404 12938 "-" "Mozilla/5.0 (Windows NT 10.0; Win64; x64) AppleWebKit/537.36 (KHTML, like Gecko) Chrome/80.0.3987.149 Safari/537.36"
161.97.137.93 - - [05/Apr/2026:18:56:23 +0200] "POST /wp-cron.php?doing_wp_cron=1775408182.3501770496368408203125 HTTP/1.1" 404 12858 "http://bulpress.top/wp-cron.php?doing_wp_cron=1775408182.3501770496368408203125" "WordPress/4.9.26; http://bulpress.top"
85.208.96.200 - - [05/Apr/2026:18:56:23 +0200] "GET /%D1%82%D0%BE%D0%B2%D0%B0-%D0%B5-%D0%BF%D1%8A%D1%80%D0%B2%D0%B8%D1%8F%D1%82-%D0%B1%D1%8A%D0%BB%D0%B3%D0%B0%D1%80%D1%81%D0%BA%D0%B8-%D0%BC%D0%BE%D0%B1%D0%B8%D0%BB%D0%B5%D0%BD-%D1%82%D0%B5%D0%BB%D0%B5/1111parviyat-balgarski-gsm-1/ HTTP/1.1" 200 15607 "-" "Mozilla/5.0 (compatible; SemrushBot/7~bl; +http://www.semrush.com/bot.html)"
8.228.88.249 - - [05/Apr/2026:18:57:16 +0200] "GET /category/%d0%91%d1%8a%d0%bb%d0%b3%d0%b0%d1%80%d0%b8%d1%8f/feed/ HTTP/1.1" 200 55198 "-" "Mozilla/5.0 (Windows NT 6.3; WOW64; rv:33.0) Gecko/20100101 Firefox/33.0"
37.59.204.143 - - [05/Apr/2026:18:58:20 +0200] "GET /%D1%80%D0%B0%D0%B7%D0%BF%D1%80%D0%BE%D1%81%D1%82%D1%80%D0%B0%D0%BD%D0%B8-%D0%B4%D0%BE-%D0%B2%D1%81%D0%B8%D1%87%D0%BA%D0%B8-%D0%B3%D0%BE%D1%80%D0%B4%D0%BE%D1%81%D1%82-%D0%B7%D0%B0-%D0%B1%D0%B3/ HTTP/1.1" 200 22770 "-" "Mozilla/5.0 (compatible; AhrefsBot/7.0; +http://ahrefs.com/robot/)"
92.222.108.111 - - [05/Apr/2026:18:58:50 +0200] "GET /wp-content/uploads/2018/01/nemec-80x60.jpg HTTP/1.1" 304 0 "-" "Mozilla/5.0 (compatible; AhrefsBot/7.0; +http://ahrefs.com/robot/)"
8.228.88.249 - - [05/Apr/2026:18:59:25 +0200] "GET /category/%d0%a1%d0%b2%d1%8f%d1%82/feed/ HTTP/1.1" 200 53868 "-" "Mozilla/5.0 (Windows NT 6.3; WOW64; rv:33.0) Gecko/20100101 Firefox/33.0"
185.191.171.10 - - [05/Apr/2026:19:00:27 +0200] "GET /%D0%B7a-18-%D0%B3%D0%BE%D0%B4%D0%B8%D0%BD%D0%B8-%D0%BF%D1%83%D1%82%D0%B8%D0%BD-%D1%83%D0%B2%D0%B5%D0%BB%D0%B8%D1%87%D0%B8-%D0%B1%D1%8E%D0%B4%D0%B6%D0%B5%D1%82%D0%B0-%D0%BD%D0%B0-%D1%80%D1%83%D1%81/putin-za-budjet/ HTTP/1.1" 200 15673 "-" "Mozilla/5.0 (compatible; SemrushBot/7~bl; +http://www.semrush.com/bot.html)"
185.191.171.6 - - [05/Apr/2026:19:00:41 +0200] "GET /tag/%D1%80%D1%83%D1%81%D0%BA%D0%B0%D1%82%D0%B0-%D1%84%D0%B5%D0%B4%D0%B5%D1%80%D0%B0%D1%86%D0%B8%D1%8F/ HTTP/1.1" 200 20946 "-" "Mozilla/5.0 (compatible; SemrushBot/7~bl; +http://www.semrush.com/bot.html)"
161.97.137.93 - - [05/Apr/2026:19:01:17 +0200] "POST /wp-cron.php?doing_wp_cron=1775408476.2038760185241699218750 HTTP/1.1" 404 12924 "http://bulpress.top/wp-cron.php?doing_wp_cron=1775408476.2038760185241699218750" "WordPress/4.9.26; http://bulpress.top"
185.191.171.10 - - [05/Apr/2026:19:01:17 +0200] "GET /%D0%BE%D1%81%D0%B5%D0%BC-%D0%B7%D0%BD%D0%B0%D0%BA%D0%B0-%D1%87%D0%B5-%D1%81%D1%82%D0%B5-%D0%BF%D0%BE-%D1%83%D0%BC%D0%BD%D0%B8-%D0%BE%D1%82-%D1%81%D1%80%D0%B5%D0%B4%D0%BD%D0%BE%D1%82%D0%BE-%D0%BD/ HTTP/1.1" 200 22057 "-" "Mozilla/5.0 (compatible; SemrushBot/7~bl; +http://www.semrush.com/bot.html)"
185.191.171.1 - - [05/Apr/2026:19:01:21 +0200] "GET /tag/%D1%80%D0%B0%D0%B4%D0%BE%D1%81%D1%82%D0%B8/ HTTP/1.1" 200 14838 "-" "Mozilla/5.0 (compatible; SemrushBot/7~bl; +http://www.semrush.com/bot.html)"
161.97.137.93 - - [05/Apr/2026:19:03:19 +0200] "POST /wp-cron.php?doing_wp_cron=1775408599.1477758884429931640625 HTTP/1.1" 404 12979 "http://bulpress.top/wp-cron.php?doing_wp_cron=1775408599.1477758884429931640625" "WordPress/4.9.26; http://bulpress.top"
92.222.104.206 - - [05/Apr/2026:19:03:20 +0200] "GET /category/%D0%98%D1%81%D1%82%D0%BE%D1%80%D0%B8%D0%B8/page/4/ HTTP/1.1" 200 19961 "-" "Mozilla/5.0 (compatible; AhrefsBot/7.0; +http://ahrefs.com/robot/)"
54.37.118.65 - - [05/Apr/2026:19:05:10 +0200] "GET /wp-content/uploads/2018/07/time_traveller-1-324x160.jpg HTTP/1.1" 200 10477 "-" "Mozilla/5.0 (compatible; AhrefsBot/7.0; +http://ahrefs.com/robot/)"
5.39.1.236 - - [05/Apr/2026:19:05:11 +0200] "GET /wp-content/uploads/2017/12/24301038_794260027425732_8970496427495651286_n-100x70.jpg HTTP/1.1" 200 2939 "-" "Mozilla/5.0 (compatible; AhrefsBot/7.0; +http://ahrefs.com/robot/)"
92.222.108.123 - - [05/Apr/2026:19:05:11 +0200] "GET /wp-content/uploads/2017/11/big_big_ne-vsichki-pensioneri-sa-poluchili-uvelichenieto-ot-2-4-na-sto-na-pensiite-prez-iuli-472694-696x368-324x160.jpg HTTP/1.1" 200 14901 "-" "Mozilla/5.0 (compatible; AhrefsBot/7.0; +http://ahrefs.com/robot/)"
92.222.108.108 - - [05/Apr/2026:19:05:12 +0200] "GET /wp-content/uploads/2018/05/nevski-25-324x160.jpg HTTP/1.1" 200 13632 "-" "Mozilla/5.0 (compatible; AhrefsBot/7.0; +http://ahrefs.com/robot/)"
5.39.1.249 - - [05/Apr/2026:19:05:13 +0200] "GET /wp-content/uploads/2018/03/0000306016-article2-218x150.jpg HTTP/1.1" 200 10040 "-" "Mozilla/5.0 (compatible; AhrefsBot/7.0; +http://ahrefs.com/robot/)"
54.37.118.86 - - [05/Apr/2026:19:05:14 +0200] "GET /category/%D0%98%D1%81%D1%82%D0%BE%D1%80%D0%B8%D0%B8/page/4/ HTTP/1.1" 200 19961 "-" "Mozilla/5.0 (compatible; AhrefsBot/7.0; +http://ahrefs.com/robot/)"
5.39.1.238 - - [05/Apr/2026:19:05:15 +0200] "GET /wp-content/uploads/2017/12/maika-324x160.jpg HTTP/1.1" 200 10823 "-" "Mozilla/5.0 (compatible; AhrefsBot/7.0; +http://ahrefs.com/robot/)"
161.97.137.93 - - [05/Apr/2026:19:05:18 +0200] "POST /wp-cron.php?doing_wp_cron=1775408717.2280828952789306640625 HTTP/1.1" 404 12899 "http://bulpress.top/wp-cron.php?doing_wp_cron=1775408717.2280828952789306640625" "WordPress/4.9.26; http://bulpress.top"
185.191.171.3 - - [05/Apr/2026:19:05:18 +0200] "GET /tag/%D1%80%D1%8A%D0%BA%D0%B0%D1%82%D0%B0/ HTTP/1.1" 200 14834 "-" "Mozilla/5.0 (compatible; SemrushBot/7~bl; +http://www.semrush.com/bot.html)"
92.222.108.122 - - [05/Apr/2026:19:05:25 +0200] "GET /wp-content/uploads/2018/05/20140408.ujaykkwyzv-324x160.jpg HTTP/1.1" 200 10101 "-" "Mozilla/5.0 (compatible; AhrefsBot/7.0; +http://ahrefs.com/robot/)"
92.222.108.126 - - [05/Apr/2026:19:05:26 +0200] "GET /wp-content/uploads/2018/03/4-11-864x450-324x160.jpg HTTP/1.1" 304 0 "-" "Mozilla/5.0 (compatible; AhrefsBot/7.0; +http://ahrefs.com/robot/)"
94.23.188.204 - - [05/Apr/2026:19:05:27 +0200] "GET /wp-content/uploads/2017/11/zamrazenkralstwo-696x464-324x160.jpg HTTP/1.1" 200 16918 "-" "Mozilla/5.0 (compatible; AhrefsBot/7.0; +http://ahrefs.com/robot/)"
54.37.118.76 - - [05/Apr/2026:19:05:39 +0200] "GET /wp-content/uploads/2018/03/1-324x160.jpg HTTP/1.1" 200 7314 "-" "Mozilla/5.0 (compatible; AhrefsBot/7.0; +http://ahrefs.com/robot/)"
5.39.1.240 - - [05/Apr/2026:19:05:39 +0200] "GET /wp-content/uploads/2017/11/11701028_10206607015924464_8355831077163291277_n-324x160.jpg HTTP/1.1" 200 18123 "-" "Mozilla/5.0 (compatible; AhrefsBot/7.0; +http://ahrefs.com/robot/)"
161.97.137.93 - - [05/Apr/2026:19:06:20 +0200] "POST /wp-cron.php?doing_wp_cron=1775408779.4481489658355712890625 HTTP/1.1" 404 12935 "http://bulpress.top/wp-cron.php?doing_wp_cron=1775408779.4481489658355712890625" "WordPress/4.9.26; http://bulpress.top"
37.59.204.149 - - [05/Apr/2026:19:06:20 +0200] "GET /category/%D0%91%D1%8A%D0%BB%D0%B3%D0%B0%D1%80%D0%B8%D1%8F/page/11/ HTTP/1.1" 200 21788 "-" "Mozilla/5.0 (compatible; AhrefsBot/7.0; +http://ahrefs.com/robot/)"
17.246.15.158 - - [05/Apr/2026:19:08:21 +0200] "GET /%d1%86%d1%8f%d0%bb%d0%b0-%d0%b1%d1%8a%d0%bb%d0%b3%d0%b0%d1%80%d0%b8%d1%8f-%d1%81%d0%b5-%d0%bf%d1%80%d0%be%d1%81%d1%8a%d0%bb%d0%b7%d0%b8-%d0%b1%d0%b0%d0%b1%d0%b0-%d0%b2%d0%b8%d0%b4%d1%8f-%d0%b2%d0%bd/feed/ HTTP/1.1" 200 1289 "-" "Mozilla/5.0 (Macintosh; Intel Mac OS X 10_15_7) AppleWebKit/605.1.15 (KHTML, like Gecko) Version/17.4 Safari/605.1.15 (Applebot/0.1; +http://www.apple.com/go/applebot)"
5.39.109.176 - - [05/Apr/2026:19:09:58 +0200] "GET /wp-content/uploads/2019/12/rgegerg-324x160.jpg HTTP/1.1" 200 11620 "-" "Mozilla/5.0 (compatible; AhrefsBot/7.0; +http://ahrefs.com/robot/)"
54.37.118.67 - - [05/Apr/2026:19:10:07 +0200] "GET /wp-content/uploads/2019/11/lambo-123-324x160.jpg HTTP/1.1" 200 11178 "-" "Mozilla/5.0 (compatible; AhrefsBot/7.0; +http://ahrefs.com/robot/)"
51.75.236.131 - - [05/Apr/2026:19:10:08 +0200] "GET /category/%D0%91%D1%8A%D0%BB%D0%B3%D0%B0%D1%80%D0%B8%D1%8F/page/11/ HTTP/1.1" 200 21788 "-" "Mozilla/5.0 (compatible; AhrefsBot/7.0; +http://ahrefs.com/robot/)"
54.37.118.72 - - [05/Apr/2026:19:10:10 +0200] "GET /wp-content/uploads/2019/12/grgerger-324x160.jpg HTTP/1.1" 200 9091 "-" "Mozilla/5.0 (compatible; AhrefsBot/7.0; +http://ahrefs.com/robot/)"
54.37.118.77 - - [05/Apr/2026:19:10:20 +0200] "GET /wp-content/uploads/2019/12/vazov-1-324x160.jpg HTTP/1.1" 200 10913 "-" "Mozilla/5.0 (compatible; AhrefsBot/7.0; +http://ahrefs.com/robot/)"
161.97.137.93 - - [05/Apr/2026:19:12:21 +0200] "POST /wp-cron.php?doing_wp_cron=1775409140.2736489772796630859375 HTTP/1.1" 499 0 "http://bulpress.top/wp-cron.php?doing_wp_cron=1775409140.2736489772796630859375" "WordPress/4.9.26; http://bulpress.top"
20.104.77.6 - - [05/Apr/2026:19:12:21 +0200] "GET /wp-content/plugins/hellopress/wp_filemanager.php HTTP/1.1" 404 12980 "-" "-"
20.104.77.6 - - [05/Apr/2026:19:12:22 +0200] "GET /txets.php HTTP/1.1" 404 12990 "-" "-"
20.104.77.6 - - [05/Apr/2026:19:12:22 +0200] "GET /7logs.php HTTP/1.1" 404 12855 "-" "-"
20.104.77.6 - - [05/Apr/2026:19:12:23 +0200] "GET /css/xp.php HTTP/1.1" 404 12857 "-" "-"
85.208.96.201 - - [05/Apr/2026:19:12:23 +0200] "GET /tag/%D1%81%D0%B2%D1%8A%D1%80%D1%88%D0%B8/ HTTP/1.1" 200 14742 "-" "Mozilla/5.0 (compatible; SemrushBot/7~bl; +http://www.semrush.com/bot.html)"
20.104.77.6 - - [05/Apr/2026:19:12:24 +0200] "GET /wp-admin/network/admin.php HTTP/1.1" 302 0 "-" "-"
20.104.77.6 - - [05/Apr/2026:19:12:24 +0200] "GET /wp-login.php?redirect_to=http%3A%2F%2Fbulpress.top%2Fwp-admin%2Fnetwork%2Fadmin.php&reauth=1 HTTP/1.1" 200 1429 "-" "-"
20.104.77.6 - - [05/Apr/2026:19:12:25 +0200] "GET /chosen.php HTTP/1.1" 404 12941 "-" "-"
20.104.77.6 - - [05/Apr/2026:19:12:26 +0200] "GET /pp.php HTTP/1.1" 404 12939 "-" "-"
20.104.77.6 - - [05/Apr/2026:19:12:26 +0200] "GET /wp-includes/ID3/rk2.php HTTP/1.1" 404 12925 "-" "-"
20.104.77.6 - - [05/Apr/2026:19:12:27 +0200] "GET /gfile.php HTTP/1.1" 404 12967 "-" "-"
20.104.77.6 - - [05/Apr/2026:19:12:28 +0200] "GET /a2.php HTTP/1.1" 404 12904 "-" "-"
20.104.77.6 - - [05/Apr/2026:19:12:29 +0200] "GET /sys.php HTTP/1.1" 404 12898 "-" "-"
20.104.77.6 - - [05/Apr/2026:19:12:29 +0200] "GET /path.php HTTP/1.1" 404 12891 "-" "-"
20.104.77.6 - - [05/Apr/2026:19:12:30 +0200] "GET /wp-tem.php HTTP/1.1" 404 12939 "-" "-"
20.104.77.6 - - [05/Apr/2026:19:12:31 +0200] "GET /mga.php HTTP/1.1" 404 12932 "-" "-"
20.104.77.6 - - [05/Apr/2026:19:12:31 +0200] "GET /agg.php HTTP/1.1" 404 12941 "-" "-"
20.104.77.6 - - [05/Apr/2026:19:12:32 +0200] "GET /G-In.php HTTP/1.1" 404 12873 "-" "-"
20.104.77.6 - - [05/Apr/2026:19:12:33 +0200] "GET /edit.php HTTP/1.1" 404 12843 "-" "-"
20.104.77.6 - - [05/Apr/2026:19:12:33 +0200] "GET /ioxi-o.php HTTP/1.1" 404 12949 "-" "-"
20.104.77.6 - - [05/Apr/2026:19:12:34 +0200] "GET /wp-content/admin.php HTTP/1.1" 404 12870 "-" "-"
20.104.77.6 - - [05/Apr/2026:19:12:35 +0200] "GET /66.php HTTP/1.1" 404 12878 "-" "-"
20.104.77.6 - - [05/Apr/2026:19:12:35 +0200] "GET /wp-includes/assets/index.php HTTP/1.1" 301 0 "-" "-"
20.104.77.6 - - [05/Apr/2026:19:12:36 +0200] "GET /wp-includes/assets/ HTTP/1.1" 404 12836 "-" "-"
20.104.77.6 - - [05/Apr/2026:19:12:36 +0200] "GET /assets/css/index.php HTTP/1.1" 301 0 "-" "-"
20.104.77.6 - - [05/Apr/2026:19:12:37 +0200] "GET /assets/css/ HTTP/1.1" 404 12976 "-" "-"
20.104.77.6 - - [05/Apr/2026:19:12:38 +0200] "GET /alfa.php HTTP/1.1" 404 12968 "-" "-"
20.104.77.6 - - [05/Apr/2026:19:12:39 +0200] "GET /fm.php HTTP/1.1" 404 12941 "-" "-"
20.104.77.6 - - [05/Apr/2026:19:12:40 +0200] "GET /admin.php HTTP/1.1" 404 12949 "-" "-"
20.104.77.6 - - [05/Apr/2026:19:12:40 +0200] "GET /wp-admin/css/colors/blue/index.php HTTP/1.1" 301 0 "-" "-"
20.104.77.6 - - [05/Apr/2026:19:12:41 +0200] "GET /wp-admin/css/colors/blue/ HTTP/1.1" 404 12988 "-" "-"
20.104.77.6 - - [05/Apr/2026:19:12:41 +0200] "GET /bjfl.php HTTP/1.1" 404 12892 "-" "-"
20.104.77.6 - - [05/Apr/2026:19:12:42 +0200] "GET /ad1.php HTTP/1.1" 404 12841 "-" "-"
8.228.88.249 - - [05/Apr/2026:19:12:42 +0200] "GET /category/%d0%98%d1%81%d1%82%d0%be%d1%80%d0%b8%d0%b8/feed/ HTTP/1.1" 200 53803 "-" "Mozilla/5.0 (Windows NT 6.3; WOW64; rv:33.0) Gecko/20100101 Firefox/33.0"
20.104.77.6 - - [05/Apr/2026:19:12:43 +0200] "GET /nz.php HTTP/1.1" 404 12857 "-" "-"
20.104.77.6 - - [05/Apr/2026:19:12:43 +0200] "GET /inwp.php HTTP/1.1" 404 12978 "-" "-"
20.104.77.6 - - [05/Apr/2026:19:12:44 +0200] "GET /X7T6.php HTTP/1.1" 404 12859 "-" "-"
20.104.77.6 - - [05/Apr/2026:19:12:44 +0200] "GET /p.php HTTP/1.1" 404 12885 "-" "-"
20.104.77.6 - - [05/Apr/2026:19:12:45 +0200] "GET /Rk41.php HTTP/1.1" 404 12856 "-" "-"
20.104.77.6 - - [05/Apr/2026:19:12:46 +0200] "GET /fgd.php HTTP/1.1" 404 12979 "-" "-"
20.104.77.6 - - [05/Apr/2026:19:12:46 +0200] "GET /wp-mail.php/wp-includes/admin.php HTTP/1.1" 403 1187 "-" "-"
20.104.77.6 - - [05/Apr/2026:19:12:47 +0200] "GET /wp-admin/user/content.php HTTP/1.1" 404 12989 "-" "-"
20.104.77.6 - - [05/Apr/2026:19:12:47 +0200] "GET /wp-content/plugins/wp.php HTTP/1.1" 404 12856 "-" "-"
20.104.77.6 - - [05/Apr/2026:19:12:48 +0200] "GET /wp-includes/Text/wp-conflg.php HTTP/1.1" 404 12853 "-" "-"
20.104.77.6 - - [05/Apr/2026:19:12:49 +0200] "GET /wp-content/plugin.php HTTP/1.1" 404 12886 "-" "-"
20.104.77.6 - - [05/Apr/2026:19:12:49 +0200] "GET /wp-admin/network/chosen.php HTTP/1.1" 404 12857 "-" "-"
20.104.77.6 - - [05/Apr/2026:19:12:50 +0200] "GET /wp-includes/images/chosen.php HTTP/1.1" 404 12887 "-" "-"
20.104.77.6 - - [05/Apr/2026:19:12:51 +0200] "GET /inputs.php HTTP/1.1" 404 12855 "-" "-"
20.104.77.6 - - [05/Apr/2026:19:12:51 +0200] "GET /css.php HTTP/1.1" 404 12979 "-" "-"
20.104.77.6 - - [05/Apr/2026:19:12:52 +0200] "GET /lock.php HTTP/1.1" 404 12938 "-" "-"
20.104.77.6 - - [05/Apr/2026:19:12:52 +0200] "GET /wp-admin/wp-admin.php HTTP/1.1" 404 12857 "-" "-"
20.104.77.6 - - [05/Apr/2026:19:12:53 +0200] "GET /byp.php HTTP/1.1" 404 12872 "-" "-"
20.104.77.6 - - [05/Apr/2026:19:12:54 +0200] "GET /wp-admin/includes/install.php HTTP/1.1" 404 12877 "-" "-"
20.104.77.6 - - [05/Apr/2026:19:12:54 +0200] "GET /admin/ty.php HTTP/1.1" 404 12922 "-" "-"
20.104.77.6 - - [05/Apr/2026:19:12:55 +0200] "GET /wp-admin/upgrade.php HTTP/1.1" 200 635 "-" "-"
20.104.77.6 - - [05/Apr/2026:19:12:55 +0200] "GET /wp-admin/media.php HTTP/1.1" 302 0 "-" "-"
20.104.77.6 - - [05/Apr/2026:19:12:56 +0200] "GET /wp-login.php?redirect_to=http%3A%2F%2Fbulpress.top%2Fwp-admin%2Fmedia.php&reauth=1 HTTP/1.1" 200 1424 "-" "-"
20.104.77.6 - - [05/Apr/2026:19:12:56 +0200] "GET /about.php HTTP/1.1" 404 12858 "-" "-"
20.104.77.6 - - [05/Apr/2026:19:12:57 +0200] "GET /shell.php HTTP/1.1" 404 12883 "-" "-"
20.104.77.6 - - [05/Apr/2026:19:12:57 +0200] "GET /index/lock.php HTTP/1.1" 404 12938 "-" "-"
20.104.77.6 - - [05/Apr/2026:19:12:58 +0200] "GET /file.php HTTP/1.1" 404 12890 "-" "-"
20.104.77.6 - - [05/Apr/2026:19:12:59 +0200] "GET /assets/edit.php HTTP/1.1" 404 12856 "-" "-"
20.104.77.6 - - [05/Apr/2026:19:12:59 +0200] "GET /wp-admin/user/chosen.php HTTP/1.1" 404 12891 "-" "-"
20.104.77.6 - - [05/Apr/2026:19:13:00 +0200] "GET /themes.php HTTP/1.1" 404 12940 "-" "-"
20.104.77.6 - - [05/Apr/2026:19:13:01 +0200] "GET /wp-includes/assets/themes.php HTTP/1.1" 404 12902 "-" "-"
20.104.77.6 - - [05/Apr/2026:19:13:01 +0200] "GET /403.php HTTP/1.1" 404 12948 "-" "-"
20.104.77.6 - - [05/Apr/2026:19:13:12 +0200] "GET /plugin.php HTTP/1.1" 502 150 "-" "-"
20.104.77.6 - - [05/Apr/2026:19:13:12 +0200] "GET /wp-includes/Text/wp.php HTTP/1.1" 502 150 "-" "-"
20.104.77.6 - - [05/Apr/2026:19:13:12 +0200] "GET /network.php HTTP/1.1" 502 150 "-" "-"
20.104.77.6 - - [05/Apr/2026:19:13:12 +0200] "GET /css/index.php HTTP/1.1" 502 150 "-" "-"
20.104.77.6 - - [05/Apr/2026:19:13:12 +0200] "GET /user.php HTTP/1.1" 502 150 "-" "-"
20.104.77.6 - - [05/Apr/2026:19:13:12 +0200] "GET /wp-admin/js/about.php HTTP/1.1" 502 150 "-" "-"
20.104.77.6 - - [05/Apr/2026:19:13:12 +0200] "GET /wp-admin/images/index.php HTTP/1.1" 502 150 "-" "-"
20.104.77.6 - - [05/Apr/2026:19:13:14 +0200] "GET /wp-content/plugins/index.php?p= HTTP/1.1" 301 0 "-" "-"
20.104.77.6 - - [05/Apr/2026:19:13:15 +0200] "GET /wp-content/plugins/ HTTP/1.1" 404 12943 "-" "-"
20.104.77.6 - - [05/Apr/2026:19:13:15 +0200] "GET /wp-mail.php/wp-includes/ID3/rk2.php HTTP/1.1" 403 1187 "-" "-"
20.104.77.6 - - [05/Apr/2026:19:13:16 +0200] "GET /wp-content/upgrade-temp-backup/wp-login.php HTTP/1.1" 404 13045 "-" "-"
20.104.77.6 - - [05/Apr/2026:19:13:17 +0200] "GET /wp-admin/css/colors/index.php HTTP/1.1" 301 0 "-" "-"
20.104.77.6 - - [05/Apr/2026:19:13:18 +0200] "GET /wp-admin/css/colors/ HTTP/1.1" 404 12872 "-" "-"
20.104.77.6 - - [05/Apr/2026:19:13:18 +0200] "GET /wp-includes/SimplePie/about.php HTTP/1.1" 404 12857 "-" "-"
20.104.77.6 - - [05/Apr/2026:19:13:19 +0200] "GET /abcd.php HTTP/1.1" 404 12980 "-" "-"
20.104.77.6 - - [05/Apr/2026:19:13:20 +0200] "GET /fi.php HTTP/1.1" 404 12949 "-" "-"
161.97.137.93 - - [05/Apr/2026:19:13:21 +0200] "POST /wp-cron.php?doing_wp_cron=1775409200.6814110279083251953125 HTTP/1.1" 404 12938 "http://bulpress.top/wp-cron.php?doing_wp_cron=1775409200.6814110279083251953125" "WordPress/4.9.26; http://bulpress.top"
20.104.77.6 - - [05/Apr/2026:19:13:21 +0200] "GET /class-t.api.php HTTP/1.1" 404 12855 "-" "-"
20.104.77.6 - - [05/Apr/2026:19:13:22 +0200] "GET /wp9.php HTTP/1.1" 404 12898 "-" "-"
20.104.77.6 - - [05/Apr/2026:19:13:23 +0200] "GET /file59.php HTTP/1.1" 404 12885 "-" "-"
20.104.77.6 - - [05/Apr/2026:19:13:23 +0200] "GET /file.php? HTTP/1.1" 404 12846 "-" "-"
20.104.77.6 - - [05/Apr/2026:19:13:24 +0200] "GET /wp-admin/images/users.php HTTP/1.1" 404 12949 "-" "-"
20.104.77.6 - - [05/Apr/2026:19:13:25 +0200] "GET /wp-admin/includes/index.php HTTP/1.1" 301 0 "-" "-"
20.104.77.6 - - [05/Apr/2026:19:13:25 +0200] "GET /wp-admin/includes/ HTTP/1.1" 404 12857 "-" "-"
20.104.77.6 - - [05/Apr/2026:19:13:26 +0200] "GET /wp-includes/js/wp-login.php HTTP/1.1" 404 12935 "-" "-"
20.104.77.6 - - [05/Apr/2026:19:13:27 +0200] "GET /default.php HTTP/1.1" 404 12939 "-" "-"
20.104.77.6 - - [05/Apr/2026:19:13:28 +0200] "GET /js/fm.php HTTP/1.1" 404 12872 "-" "-"
20.104.77.6 - - [05/Apr/2026:19:13:29 +0200] "GET /wp-includes/Text/network.php HTTP/1.1" 404 12943 "-" "-"
20.104.77.6 - - [05/Apr/2026:19:13:29 +0200] "GET /info.php HTTP/1.1" 404 12934 "-" "-"
20.104.77.6 - - [05/Apr/2026:19:13:29 +0200] "GET /wordpress/wp-includes/wp-config-sample.php HTTP/1.1" 403 146 "-" "-"
20.104.77.6 - - [05/Apr/2026:19:13:30 +0200] "GET /images/cjfuns.php HTTP/1.1" 404 12988 "-" "-"
20.104.77.6 - - [05/Apr/2026:19:13:31 +0200] "GET /js/style.php HTTP/1.1" 404 12939 "-" "-"
20.104.77.6 - - [05/Apr/2026:19:13:32 +0200] "GET /index/x.php HTTP/1.1" 404 12859 "-" "-"
20.104.77.6 - - [05/Apr/2026:19:13:33 +0200] "GET /wp-content/languages/chosen.php HTTP/1.1" 404 12859 "-" "-"
20.104.77.6 - - [05/Apr/2026:19:13:34 +0200] "GET /wp-content/themes/classic/inc/json.php HTTP/1.1" 404 12976 "-" "-"
20.104.77.6 - - [05/Apr/2026:19:13:35 +0200] "GET /wp-mail.php/wp-includes/ID3/Core32.php HTTP/1.1" 403 1187 "-" "-"
20.104.77.6 - - [05/Apr/2026:19:13:35 +0200] "GET /wp-includes/sitemaps/providers/index.php HTTP/1.1" 301 0 "-" "-"
20.104.77.6 - - [05/Apr/2026:19:13:36 +0200] "GET /wp-includes/sitemaps/providers/ HTTP/1.1" 404 12882 "-" "-"
20.104.77.6 - - [05/Apr/2026:19:13:36 +0200] "GET /uploads/test.php HTTP/1.1" 404 12979 "-" "-"
20.104.77.6 - - [05/Apr/2026:19:13:37 +0200] "GET /wp-includes/fonts/about.php HTTP/1.1" 404 12852 "-" "-"
20.104.77.6 - - [05/Apr/2026:19:13:38 +0200] "GET /1.php HTTP/1.1" 404 12949 "-" "-"
20.104.77.6 - - [05/Apr/2026:19:13:39 +0200] "GET /cgi-bin/about.php HTTP/1.1" 404 12858 "-" "-"
20.104.77.6 - - [05/Apr/2026:19:13:39 +0200] "GET /wp-includes/style-engine/wp-login.php HTTP/1.1" 404 12940 "-" "-"
20.104.77.6 - - [05/Apr/2026:19:13:40 +0200] "GET /wp-includes/images/about.php HTTP/1.1" 404 12979 "-" "-"
20.104.77.6 - - [05/Apr/2026:19:13:41 +0200] "GET /wp-content/upgrade-temp-backup/about.php HTTP/1.1" 404 12948 "-" "-"
20.104.77.6 - - [05/Apr/2026:19:13:42 +0200] "GET /wp-admin/wp-conflg.php HTTP/1.1" 404 12886 "-" "-"
8.228.88.249 - - [05/Apr/2026:19:13:51 +0200] "GET /category/%d0%91%d1%8a%d0%bb%d0%b3%d0%b0%d1%80%d0%b8%d1%8f/feed/ HTTP/1.1" 200 55198 "-" "Mozilla/5.0 (Windows NT 6.3; WOW64; rv:33.0) Gecko/20100101 Firefox/33.0"
8.228.88.249 - - [05/Apr/2026:19:14:57 +0200] "GET /category/%d0%a1%d0%b2%d1%8f%d1%82/feed/ HTTP/1.1" 200 53868 "-" "Mozilla/5.0 (Windows NT 6.3; WOW64; rv:33.0) Gecko/20100101 Firefox/33.0"
161.97.137.93 - - [05/Apr/2026:19:15:00 +0200] "POST /wp-cron.php?doing_wp_cron=1775409299.0797209739685058593750 HTTP/1.1" 499 0 "http://bulpress.top/wp-cron.php?doing_wp_cron=1775409299.0797209739685058593750" "WordPress/4.9.26; http://bulpress.top"
144.76.32.187 - - [05/Apr/2026:19:15:00 +0200] "GET /%D0%BC%D0%B0%D0%BB%D0%BA%D0%B8%D1%8F%D1%82-%D0%B2%D0%B8%D0%BA%D1%82%D0%BE%D1%80-%D0%BF%D1%8A%D1%80%D0%B2%D0%B8-%D0%B8-%D0%BA%D0%BE%D0%BD%D0%BA%D1%83%D1%80%D1%81-%D0%BF%D0%B8/ HTTP/1.1" 200 21819 "-" "Mozilla/5.0 (compatible; SERankingBacklinksBot/1.0; +https://seranking.com/backlinks-crawler)"
85.208.96.207 - - [05/Apr/2026:19:17:58 +0200] "GET /%D0%BF%D0%BB%D0%B0%D1%87%D0%B5%D1%89%D0%B0%D1%82%D0%B0-%D0%B1%D0%BE%D0%B3%D0%BE%D1%80%D0%BE%D0%B4%D0%B8%D1%86%D0%B0-%D0%BD%D0%B0%D0%B9-%D1%81%D0%B8%D0%BB%D0%BD%D0%B0%D1%82/ HTTP/1.1" 200 20289 "-" "Mozilla/5.0 (compatible; SemrushBot/7~bl; +http://www.semrush.com/bot.html)"
161.97.137.93 - - [05/Apr/2026:19:18:10 +0200] "POST /wp-cron.php?doing_wp_cron=1775409489.4040670394897460937500 HTTP/1.1" 404 12859 "http://bulpress.top/wp-cron.php?doing_wp_cron=1775409489.4040670394897460937500" "WordPress/4.9.26; http://bulpress.top"
8.228.88.249 - - [05/Apr/2026:19:18:10 +0200] "GET /feed/ HTTP/1.1" 200 49033 "-" "Mozilla/5.0 (Windows NT 6.3; WOW64; rv:33.0) Gecko/20100101 Firefox/33.0"
85.208.96.195 - - [05/Apr/2026:19:18:14 +0200] "GET /%D0%B1%D1%8A%D0%BB%D0%B3%D0%B0%D1%80%D0%B8-%D0%BC%D0%B0%D1%81%D0%BE%D0%B2%D0%BE-%D1%81%D0%B5-%D0%B2%D1%80%D1%8A%D1%89%D0%B0%D1%82-%D0%BE%D1%82-%D1%87%D1%83%D0%B6%D0%B1%D0%B8%D0%BD%D0%B0-%D0%B7%D0%B0/ HTTP/1.1" 200 21773 "-" "Mozilla/5.0 (compatible; SemrushBot/7~bl; +http://www.semrush.com/bot.html)"
176.121.109.4 - - [05/Apr/2026:19:18:26 +0200] "GET /sftp-config.json HTTP/1.1" 404 12948 "-" "Mozilla/5.0 (Windows NT 10.0; Win64; x64) AppleWebKit/537.36 (KHTML, like Gecko) Chrome/119.0.0.0 Safari/537.36"
178.212.207.5 - - [05/Apr/2026:19:18:26 +0200] "GET /.vscode/sftp.json HTTP/1.1" 404 12975 "-" "Mozilla/5.0 (Macintosh; Intel Mac OS X 10_15_7) AppleWebKit/537.36 (KHTML, like Gecko) Chrome/119.0.0.0 Safari/537.36"
161.97.137.93 - - [05/Apr/2026:19:19:17 +0200] "POST /wp-cron.php?doing_wp_cron=1775409556.8836650848388671875000 HTTP/1.1" 404 12979 "http://bulpress.top/wp-cron.php?doing_wp_cron=1775409556.8836650848388671875000" "WordPress/4.9.26; http://bulpress.top"
176.56.39.105 - - [05/Apr/2026:19:19:18 +0200] "POST /wp-login.php HTTP/1.1" 401 3738 "-" "Mozilla/5.0"
161.97.137.93 - - [05/Apr/2026:19:21:19 +0200] "POST /wp-cron.php?doing_wp_cron=1775409678.4890069961547851562500 HTTP/1.1" 404 12891 "http://bulpress.top/wp-cron.php?doing_wp_cron=1775409678.4890069961547851562500" "WordPress/4.9.26; http://bulpress.top"
85.208.96.195 - - [05/Apr/2026:19:21:19 +0200] "GET /tag/%D0%B2%D0%B8%D0%BD%D0%B5%D1%82%D0%BA%D0%B8/ HTTP/1.1" 200 14983 "-" "Mozilla/5.0 (compatible; SemrushBot/7~bl; +http://www.semrush.com/bot.html)"
199.7.140.183 - - [05/Apr/2026:19:21:25 +0200] "GET /wp-content/uploads/2017/11/supermarketcart-696x437.jpg HTTP/1.1" 200 50103 "-" "Mozilla/5.0 (X11; Linux x86_64) AppleWebKit/537.36 (KHTML, like Gecko) Chrome/124.0.0.0 Safari/537.36"
5.39.1.247 - - [05/Apr/2026:19:22:18 +0200] "GET /11-%D0%BD%D0%B5%D0%B7%D0%B0%D0%B1%D1%80%D0%B0%D0%B2%D0%B8%D0%BC%D0%B8-%D0%BC%D1%8A%D0%B4%D1%80%D0%BE%D1%81%D1%82%D0%B8-%D0%BE%D1%82-%D1%87%D1%83%D0%B4%D0%BE%D0%BC%D0%B8%D1%80/ HTTP/1.1" 200 21016 "-" "Mozilla/5.0 (compatible; AhrefsBot/7.0; +http://ahrefs.com/robot/)"
2a03:2880:32ff:6:: - - [05/Apr/2026:19:22:40 +0200] "GET /wp-content/uploads/2017/09/bulgarian-iland.jpg HTTP/1.1" 304 0 "-" "facebookexternalhit/1.1 (+http://www.facebook.com/externalhit_uatext.php)"
161.97.137.93 - - [05/Apr/2026:19:23:45 +0200] "POST /wp-cron.php?doing_wp_cron=1775409824.4625639915466308593750 HTTP/1.1" 404 12839 "http://bulpress.top/wp-cron.php?doing_wp_cron=1775409824.4625639915466308593750" "WordPress/4.9.26; http://bulpress.top"
85.208.96.207 - - [05/Apr/2026:19:23:45 +0200] "GET /tag/%D0%BC%D0%B0%D0%BD%D0%B8%D1%84%D0%B5%D1%81%D1%82%D0%B0%D1%86%D0%B8%D1%8F/ HTTP/1.1" 200 14954 "-" "Mozilla/5.0 (compatible; SemrushBot/7~bl; +http://www.semrush.com/bot.html)"
161.97.137.93 - - [05/Apr/2026:19:25:08 +0200] "GET /.well-known/acme-challenge/GEUKCXN7N45DLWS9N6Z8_O6S9LJU06J2 HTTP/1.1" 200 64 "-" "Cpanel-HTTP-Client/1.0"
161.97.137.93 - - [05/Apr/2026:19:25:11 +0200] "GET /.well-known/acme-challenge/I-CBS2EIO3HVW7NF1DG72CU0TUME6F_Y HTTP/1.1" 200 64 "-" "Cpanel-HTTP-Client/1.0"
161.97.137.93 - - [05/Apr/2026:19:25:13 +0200] "GET /.well-known/acme-challenge/883YRS893_DRHQL-DV7UVCYSU5KA5U1X HTTP/1.1" 200 64 "-" "Cpanel-HTTP-Client/1.0"
8.228.88.249 - - [05/Apr/2026:19:26:18 +0200] "GET /news/feed/ HTTP/1.1" 200 514 "-" "Mozilla/5.0 (Windows NT 6.3; WOW64; rv:33.0) Gecko/20100101 Firefox/33.0"
185.191.171.15 - - [05/Apr/2026:19:26:25 +0200] "GET /tag/%D0%9B%D1%8E%D0%B1%D0%BE%D1%81%D0%BB%D0%BE%D0%B2%D0%B8%D0%B5/ HTTP/1.1" 403 285 "-" "Mozilla/5.0 (compatible; SemrushBot/7~bl; +http://www.semrush.com/bot.html)"
154.37.213.224 - - [05/Apr/2026:19:26:54 +0200] "GET /wp-content/uploads/2018/07/bulgarianincostum-356x220.jpg HTTP/1.1" 200 19205 "-" "Mozilla/5.0 (X11; Linux x86_64) AppleWebKit/537.36 (KHTML, like Gecko) Chrome/124.0.0.0 Safari/537.36"
185.191.171.7 - - [05/Apr/2026:19:27:16 +0200] "GET /tag/%D0%B1%D0%BE%D0%B3%D0%B0%D1%82/ HTTP/1.1" 200 15212 "-" "Mozilla/5.0 (compatible; SemrushBot/7~bl; +http://www.semrush.com/bot.html)"
8.228.88.249 - - [05/Apr/2026:19:29:06 +0200] "GET /category/%d0%98%d1%81%d1%82%d0%be%d1%80%d0%b8%d0%b8/feed/ HTTP/1.1" 200 53803 "-" "Mozilla/5.0 (Windows NT 6.3; WOW64; rv:33.0) Gecko/20100101 Firefox/33.0"
185.191.171.14 - - [05/Apr/2026:19:30:19 +0200] "GET /tag/%D0%B3%D0%B0%D0%B4%D0%B0%D1%82%D0%B5%D0%BB%D0%BA%D0%B0%D1%82%D0%B0/ HTTP/1.1" 200 15154 "-" "Mozilla/5.0 (compatible; SemrushBot/7~bl; +http://www.semrush.com/bot.html)"
161.97.137.93 - - [05/Apr/2026:19:32:37 +0200] "POST /wp-cron.php?doing_wp_cron=1775410356.7355558872222900390625 HTTP/1.1" 499 0 "http://bulpress.top/wp-cron.php?doing_wp_cron=1775410356.7355558872222900390625" "WordPress/4.9.26; http://bulpress.top"
185.191.171.11 - - [05/Apr/2026:19:32:38 +0200] "GET /tag/%D0%B4%D0%B0-%D0%BF%D0%BE%D0%BC%D0%BE%D0%BB%D0%B8%D0%BC-%D1%81%D0%B2%D0%B5%D1%82%D0%B8-%D0%B3%D0%B5%D0%BE%D1%80%D0%B3%D0%B8/ HTTP/1.1" 200 14889 "-" "Mozilla/5.0 (compatible; SemrushBot/7~bl; +http://www.semrush.com/bot.html)"
8.228.88.249 - - [05/Apr/2026:19:33:05 +0200] "GET /category/%d0%a1%d0%b2%d1%8f%d1%82/feed/ HTTP/1.1" 200 53868 "-" "Mozilla/5.0 (Windows NT 6.3; WOW64; rv:33.0) Gecko/20100101 Firefox/33.0"
85.208.96.197 - - [05/Apr/2026:19:33:56 +0200] "GET /tag/%D0%B2%D0%BB%D0%B8%D1%8F%D0%BD%D0%B8%D0%B5%D1%82%D0%BE-%D0%BD%D0%B0-%D0%B1%D1%8A%D0%BB%D0%B3%D0%B0%D1%80%D1%81%D0%BA%D0%B0%D1%82%D0%B0-%D1%88%D0%B5%D0%B2%D0%B8%D1%86%D0%B0/ HTTP/1.1" 200 15096 "-" "Mozilla/5.0 (compatible; SemrushBot/7~bl; +http://www.semrush.com/bot.html)"
185.191.171.16 - - [05/Apr/2026:19:34:42 +0200] "GET /10-%D0%BD%D0%B5%D1%89%D0%B0-%D0%BE%D1%82-%D1%81%D0%BE%D1%86%D0%B8%D0%B0%D0%BB%D0%B8%D0%B7%D0%BC%D0%B0-%D0%BA%D0%BE%D0%B8%D1%82%D0%BE-%D0%BD%D0%B0%D0%B9-%D0%B2%D0%B5%D1%80%D0%BE%D1%8F%D1%82%D0%BD/ HTTP/1.1" 200 20990 "-" "Mozilla/5.0 (compatible; SemrushBot/7~bl; +http://www.semrush.com/bot.html)"
161.97.137.93 - - [05/Apr/2026:19:36:22 +0200] "POST /wp-cron.php?doing_wp_cron=1775410581.7497489452362060546875 HTTP/1.1" 404 12979 "http://bulpress.top/wp-cron.php?doing_wp_cron=1775410581.7497489452362060546875" "WordPress/4.9.26; http://bulpress.top"
194.26.192.110 - - [05/Apr/2026:19:36:22 +0200] "GET /txets.php HTTP/1.1" 404 12980 "-" "Mozilla/5.0 (Windows NT 10.0; Win64; x64) AppleWebKit/537.36 (KHTML, like Gecko) Chrome/91.0.4472.124 Safari/537.36"
194.26.192.110 - - [05/Apr/2026:19:36:23 +0200] "GET /wp-content/txets.php HTTP/1.1" 404 12939 "-" "Mozilla/5.0 (Windows NT 10.0; Win64; x64) AppleWebKit/537.36 (KHTML, like Gecko) Chrome/91.0.4472.124 Safari/537.36"
194.26.192.110 - - [05/Apr/2026:19:36:24 +0200] "GET /wp-includes/widgets/txets.php HTTP/1.1" 404 12953 "-" "Mozilla/5.0 (Windows NT 10.0; Win64; x64) AppleWebKit/537.36 (KHTML, like Gecko) Chrome/91.0.4472.124 Safari/537.36"
194.26.192.110 - - [05/Apr/2026:19:36:24 +0200] "GET /wp-includes/rest-api/txets.php HTTP/1.1" 404 12897 "-" "Mozilla/5.0 (Windows NT 10.0; Win64; x64) AppleWebKit/537.36 (KHTML, like Gecko) Chrome/91.0.4472.124 Safari/537.36"
194.26.192.110 - - [05/Apr/2026:19:36:25 +0200] "GET /wp-includes/blocks/post-template/txets.php HTTP/1.1" 404 12979 "-" "Mozilla/5.0 (Windows NT 10.0; Win64; x64) AppleWebKit/537.36 (KHTML, like Gecko) Chrome/91.0.4472.124 Safari/537.36"
194.26.192.110 - - [05/Apr/2026:19:36:25 +0200] "GET /wp-admin/txets.php HTTP/1.1" 404 12881 "-" "Mozilla/5.0 (Windows NT 10.0; Win64; x64) AppleWebKit/537.36 (KHTML, like Gecko) Chrome/91.0.4472.124 Safari/537.36"
194.26.192.110 - - [05/Apr/2026:19:36:26 +0200] "GET /wp-includes/txets.php HTTP/1.1" 404 12933 "-" "Mozilla/5.0 (Windows NT 10.0; Win64; x64) AppleWebKit/537.36 (KHTML, like Gecko) Chrome/91.0.4472.124 Safari/537.36"
194.26.192.110 - - [05/Apr/2026:19:36:27 +0200] "GET /schallfuns.php HTTP/1.1" 404 12980 "-" "Mozilla/5.0 (Windows NT 10.0; Win64; x64) AppleWebKit/537.36 (KHTML, like Gecko) Chrome/91.0.4472.124 Safari/537.36"
194.26.192.110 - - [05/Apr/2026:19:36:27 +0200] "GET /postnews.php HTTP/1.1" 404 12952 "-" "Mozilla/5.0 (Windows NT 10.0; Win64; x64) AppleWebKit/537.36 (KHTML, like Gecko) Chrome/91.0.4472.124 Safari/537.36"
92.222.108.112 - - [05/Apr/2026:19:37:13 +0200] "GET /%D0%BD%D0%BE%D0%B2%D0%B8-%D1%80%D0%B0%D0%B7%D0%BA%D1%80%D0%B8%D1%82%D0%B8%D1%8F-%D0%B3%D1%80%D0%BE%D0%B1%D1%8A%D1%82-%D0%BD%D0%B0-%D0%B2%D0%B0%D1%81%D0%B8%D0%BB-%D0%BB%D0%B5%D0%B2%D1%81%D0%BA%D0%B8/ HTTP/1.1" 200 20951 "-" "Mozilla/5.0 (compatible; AhrefsBot/7.0; +http://ahrefs.com/robot/)"
8.228.88.249 - - [05/Apr/2026:19:37:25 +0200] "GET /feed/ HTTP/1.1" 200 49033 "-" "Mozilla/5.0 (Windows NT 6.3; WOW64; rv:33.0) Gecko/20100101 Firefox/33.0"
161.97.137.93 - - [05/Apr/2026:19:37:58 +0200] "POST /wp-cron.php?doing_wp_cron=1775410677.7214050292968750000000 HTTP/1.1" 404 12856 "http://bulpress.top/wp-cron.php?doing_wp_cron=1775410677.7214050292968750000000" "WordPress/4.9.26; http://bulpress.top"
2a03:2880:f806:21:: - - [05/Apr/2026:19:37:59 +0200] "GET /post_tag-sitemap8.xml HTTP/1.1" 200 12210 "-" "meta-webindexer/1.1 (+https://developers.facebook.com/docs/sharing/webmasters/crawler)"
2a03:2880:32ff:73:: - - [05/Apr/2026:19:39:31 +0200] "GET /wp-content/uploads/2019/12/orig-2-768x554.jpg HTTP/1.1" 200 76994 "-" "facebookexternalhit/1.1 (+http://www.facebook.com/externalhit_uatext.php)"
161.97.137.93 - - [05/Apr/2026:19:39:38 +0200] "POST /wp-cron.php?doing_wp_cron=1775410777.2886660099029541015625 HTTP/1.1" 404 12921 "http://bulpress.top/wp-cron.php?doing_wp_cron=1775410777.2886660099029541015625" "WordPress/4.9.26; http://bulpress.top"
2a03:2880:32ff:7:: - - [05/Apr/2026:19:39:38 +0200] "GET /%D0%BA%D1%80%D0%B0%D1%81%D0%B8%D0%B2%D0%BE%D1%82%D0%BE-%D0%BB%D0%B8%D1%86%D0%B5-%D0%BD%D0%B0-%D0%B1%D1%8A%D0%BB%D0%B3%D0%B0%D1%80%D1%81%D0%BA%D0%BE%D1%82%D0%BE-%D0%BA%D0%B8%D0%BD%D0%BE-%D1%80%D0%BE/ HTTP/1.1" 200 27575 "-" "facebookexternalhit/1.1 (+http://www.facebook.com/externalhit_uatext.php)"
51.68.247.200 - - [05/Apr/2026:19:39:52 +0200] "GET /wp-content/uploads/2019/05/chujdozemec-proizwodstwo-80x60.jpg HTTP/1.1" 200 3080 "-" "Mozilla/5.0 (compatible; AhrefsBot/7.0; +http://ahrefs.com/robot/)"
51.75.236.137 - - [05/Apr/2026:19:39:53 +0200] "GET /wp-content/uploads/2019/05/ad23052019-696x385.jpg HTTP/1.1" 200 52465 "-" "Mozilla/5.0 (compatible; AhrefsBot/7.0; +http://ahrefs.com/robot/)"
51.75.236.154 - - [05/Apr/2026:19:39:57 +0200] "GET /wp-content/uploads/2018/11/8b4f6d6a9bf4200e10b781ab0c6be647_w829_h533_cp-80x60.jpg HTTP/1.1" 200 2865 "-" "Mozilla/5.0 (compatible; AhrefsBot/7.0; +http://ahrefs.com/robot/)"
66.249.74.165 - - [05/Apr/2026:19:40:11 +0200] "GET /%D0%B7a%D1%89o-%D1%82o%D0%B2a-%D0%B1%D1%8A%D0%BB%D0%B3apcko-ce%D0%BBo-%D0%B2p%D1%8A%D1%89a-%D0%B1%D1%8A%D0%BB%D0%B3ap%D0%B8-o%D1%82-%D1%87y%D0%B6%D0%B1%D0%B8%D0%BDa-b%D0%B8%D0%B6%D1%82e-ca/ HTTP/1.1" 200 20430 "-" "Mozilla/5.0 (Linux; Android 6.0.1; Nexus 5X Build/MMB29P) AppleWebKit/537.36 (KHTML, like Gecko) Chrome/146.0.7680.177 Mobile Safari/537.36 (compatible; Googlebot/2.1; +http://www.google.com/bot.html)"
8.228.88.249 - - [05/Apr/2026:19:41:24 +0200] "GET /category/%d0%91%d1%8a%d0%bb%d0%b3%d0%b0%d1%80%d0%b8%d1%8f/feed/ HTTP/1.1" 200 55198 "-" "Mozilla/5.0 (Windows NT 6.3; WOW64; rv:33.0) Gecko/20100101 Firefox/33.0"
161.97.137.93 - - [05/Apr/2026:19:43:41 +0200] "POST /wp-cron.php?doing_wp_cron=1775411020.3358991146087646484375 HTTP/1.1" 499 0 "http://bulpress.top/wp-cron.php?doing_wp_cron=1775411020.3358991146087646484375" "WordPress/4.9.26; http://bulpress.top"
185.191.171.17 - - [05/Apr/2026:19:43:41 +0200] "GET /%D0%BF%D0%BE%D0%BB%D0%BE%D0%B2%D0%B8%D0%BD%D0%B0%D1%82%D0%B0-%D0%B1%D1%8A%D0%BB%D0%B3%D0%B0%D1%80%D0%B8-%D0%B8%D0%B7%D0%B1%D0%B8%D1%80%D0%B0%D1%82-%D0%B4%D0%B0-%D0%B6%D0%B8%D0%B2%D0%B5%D1%8F%D1%82/768x432-2/ HTTP/1.1" 200 15356 "-" "Mozilla/5.0 (compatible; SemrushBot/7~bl; +http://www.semrush.com/bot.html)"
85.208.96.205 - - [05/Apr/2026:19:44:27 +0200] "GET /tag/%D0%B8%D0%BD%D0%B4%D1%83%D1%81%D1%82%D1%80%D0%B8%D1%8F/ HTTP/1.1" 200 15680 "-" "Mozilla/5.0 (compatible; SemrushBot/7~bl; +http://www.semrush.com/bot.html)"
161.97.137.93 - - [05/Apr/2026:19:49:51 +0200] "POST /wp-cron.php?doing_wp_cron=1775411390.6796998977661132812500 HTTP/1.1" 404 12844 "http://bulpress.top/wp-cron.php?doing_wp_cron=1775411390.6796998977661132812500" "WordPress/4.9.26; http://bulpress.top"
8.228.88.249 - - [05/Apr/2026:19:49:51 +0200] "GET /category/%d0%98%d1%81%d1%82%d0%be%d1%80%d0%b8%d0%b8/feed/ HTTP/1.1" 200 53803 "-" "Mozilla/5.0 (Windows NT 6.3; WOW64; rv:33.0) Gecko/20100101 Firefox/33.0"
8.228.88.249 - - [05/Apr/2026:19:51:31 +0200] "GET /category/%d0%a1%d0%b2%d1%8f%d1%82/feed/ HTTP/1.1" 200 53868 "-" "Mozilla/5.0 (Windows NT 6.3; WOW64; rv:33.0) Gecko/20100101 Firefox/33.0"
161.97.137.93 - - [05/Apr/2026:19:51:48 +0200] "POST /wp-cron.php?doing_wp_cron=1775411507.1119070053100585937500 HTTP/1.1" 499 0 "http://bulpress.top/wp-cron.php?doing_wp_cron=1775411507.1119070053100585937500" "WordPress/4.9.26; http://bulpress.top"
17.241.227.120 - - [05/Apr/2026:19:51:48 +0200] "GET /category/%D0%A1%D0%B2%D1%8F%D1%82/page/5/?filter_by=random_posts HTTP/1.1" 200 19570 "-" "Mozilla/5.0 (Macintosh; Intel Mac OS X 10_15_7) AppleWebKit/605.1.15 (KHTML, like Gecko) Version/17.4 Safari/605.1.15 (Applebot/0.1; +http://www.apple.com/go/applebot)"
85.208.96.203 - - [05/Apr/2026:19:52:13 +0200] "GET /tag/%D1%80%D0%B5%D1%81%D0%BF%D0%B5%D0%BA%D1%82-%D0%BA%D1%8A%D0%BC-%D1%82%D0%BE%D0%B4%D0%BE%D1%80-%D0%B6%D0%B8%D0%B2%D0%BA%D0%BE%D0%B2/ HTTP/1.1" 200 14915 "-" "Mozilla/5.0 (compatible; SemrushBot/7~bl; +http://www.semrush.com/bot.html)"
14.180.165.207 - - [05/Apr/2026:19:52:21 +0200] "GET /%D0%B7%D0%B0%D1%89%D0%BE-%D0%BD%D0%B8%D0%B5-%D0%B1%D1%8A%D0%BB%D0%B3%D0%B0%D1%80%D0%B8%D1%82%D0%B5-%D0%B5%D0%BC%D0%B8%D0%B3%D1%80%D0%B8%D1%80%D0%B0%D0%BC%D0%B5/ HTTP/1.1" 200 23291 "-" "Mozilla/5.0 (Macintosh; Intel Mac OS X 10_8_3) AppleWebKit/537.36 (KHTML, like Gecko) Chrome/27.0.1453.93 Safari/537.36"
85.208.96.199 - - [05/Apr/2026:19:52:27 +0200] "GET /tag/%D0%B2-%D1%81%D1%8A%D1%80%D1%86%D0%B5%D1%82%D0%BE-%D0%BD%D0%B0-%D0%9B%D0%B0%D1%81-%D0%92%D0%B5%D0%B3%D0%B0%D1%81/ HTTP/1.1" 200 14984 "-" "Mozilla/5.0 (compatible; SemrushBot/7~bl; +http://www.semrush.com/bot.html)"
161.97.137.93 - - [05/Apr/2026:19:53:44 +0200] "POST /wp-cron.php?doing_wp_cron=1775411624.0968830585479736328125 HTTP/1.1" 404 12844 "http://bulpress.top/wp-cron.php?doing_wp_cron=1775411624.0968830585479736328125" "WordPress/4.9.26; http://bulpress.top"
8.228.88.249 - - [05/Apr/2026:19:53:45 +0200] "GET /news/feed/ HTTP/1.1" 200 514 "-" "Mozilla/5.0 (Windows NT 6.3; WOW64; rv:33.0) Gecko/20100101 Firefox/33.0"
161.97.137.93 - - [05/Apr/2026:19:55:29 +0200] "POST /wp-cron.php?doing_wp_cron=1775411728.2011620998382568359375 HTTP/1.1" 404 12856 "http://bulpress.top/wp-cron.php?doing_wp_cron=1775411728.2011620998382568359375" "WordPress/4.9.26; http://bulpress.top"
85.208.96.195 - - [05/Apr/2026:19:55:29 +0200] "GET /tag/%D0%B1%D0%BE%D0%B6%D0%B5%D1%81%D1%82%D0%B2%D0%B5%D0%BD%D0%BE/ HTTP/1.1" 200 14750 "-" "Mozilla/5.0 (compatible; SemrushBot/7~bl; +http://www.semrush.com/bot.html)"
185.191.171.7 - - [05/Apr/2026:19:56:23 +0200] "GET /robots.txt HTTP/1.1" 200 80 "-" "Mozilla/5.0 (compatible; SemrushBot/7~bl; +http://www.semrush.com/bot.html)"
185.191.171.8 - - [05/Apr/2026:19:56:25 +0200] "GET /tag/%D0%B2%D0%B5%D1%81%D1%82%D0%B8/page/25/ HTTP/1.1" 200 21120 "-" "Mozilla/5.0 (compatible; SemrushBot/7~bl; +http://www.semrush.com/bot.html)"
85.208.96.201 - - [05/Apr/2026:19:57:01 +0200] "GET /tag/%D0%97%D0%B4%D1%80%D0%B0%D0%B2%D0%BA%D0%B0/ HTTP/1.1" 502 150 "-" "Mozilla/5.0 (compatible; SemrushBot/7~bl; +http://www.semrush.com/bot.html)"
161.97.137.93 - - [05/Apr/2026:19:57:01 +0200] "POST /wp-cron.php?doing_wp_cron=1775411820.9579548835754394531250 HTTP/1.1" 404 7625 "http://bulpress.top/wp-cron.php?doing_wp_cron=1775411820.9579548835754394531250" "WordPress/4.9.26; http://bulpress.top"
2a03:2880:31ff:6:: - - [05/Apr/2026:19:57:10 +0200] "GET /wp-content/uploads/2017/08/otec_bojan_saruev_bulfoto.jpg HTTP/1.1" 304 0 "-" "facebookexternalhit/1.1 (+http://www.facebook.com/externalhit_uatext.php)"
85.208.96.194 - - [05/Apr/2026:19:57:46 +0200] "GET /%D0%B6%D0%B8%D0%B3%D1%83%D0%BB%D0%B0-%D0%BD%D0%B0-40-%D0%B3%D0%BE%D0%B4%D0%B8%D0%BD%D0%B8-%D1%81-%D0%BF%D1%80%D0%BE%D0%B1%D0%B5%D0%B3-378-%D0%BA%D0%BC/lada-2/ HTTP/1.1" 200 15501 "-" "Mozilla/5.0 (compatible; SemrushBot/7~bl; +http://www.semrush.com/bot.html)"
161.97.137.93 - - [05/Apr/2026:19:58:36 +0200] "POST /wp-cron.php?doing_wp_cron=1775411915.6710040569305419921875 HTTP/1.1" 404 12872 "http://bulpress.top/wp-cron.php?doing_wp_cron=1775411915.6710040569305419921875" "WordPress/4.9.26; http://bulpress.top"
185.191.171.14 - - [05/Apr/2026:19:58:36 +0200] "GET /tag/%D0%B2%D0%B8%D0%B6%D1%82%D0%B5-%D0%BA%D0%BE%D0%B8-%D0%BF%D1%80%D0%BE%D0%B4%D1%83%D0%BA%D1%82%D0%B8-%D0%BD%D0%B8-%D1%82%D1%80%D0%BE%D0%B2%D1%8F%D1%82-%D0%B8-%D1%80%D0%B0%D0%B7%D0%B1%D0%BE%D0%BB%D1%8F/ HTTP/1.1" 200 14959 "-" "Mozilla/5.0 (compatible; SemrushBot/7~bl; +http://www.semrush.com/bot.html)"
185.191.171.3 - - [05/Apr/2026:19:59:00 +0200] "GET /%D0%B8%D0%B2%D0%B5%D1%82-%D0%BB%D0%B0%D0%BB%D0%BE%D0%B2%D0%B0-%D1%81%D1%87%D1%83%D0%BF%D0%B8-%D1%80%D0%B5%D0%BA%D0%BE%D1%80%D0%B4-%D0%B8-%D0%B2%D0%B7%D0%B5-%D0%BA%D0%B2%D0%BE%D1%82%D0%B0-%D0%B7%D0%B0/ HTTP/1.1" 200 20621 "-" "Mozilla/5.0 (compatible; SemrushBot/7~bl; +http://www.semrush.com/bot.html)"
2a03:2880:32ff:8:: - - [05/Apr/2026:19:59:12 +0200] "GET /wp-content/uploads/2020/04/f9cbe0f8031c1e9ef5689e933f8f5f86.jpg HTTP/1.1" 200 140881 "-" "facebookexternalhit/1.1 (+http://www.facebook.com/externalhit_uatext.php)"
43.157.153.236 - - [05/Apr/2026:19:59:22 +0200] "GET / HTTP/1.1" 200 29002 "-" "Mozilla/5.0 (iPhone; CPU iPhone OS 13_2_3 like Mac OS X) AppleWebKit/605.1.15 (KHTML, like Gecko) Version/13.0.3 Mobile/15E148 Safari/604.1"
37.59.204.139 - - [05/Apr/2026:19:59:24 +0200] "GET /category/%D0%91%D1%8A%D0%BB%D0%B3%D0%B0%D1%80%D0%B8%D1%8F/page/10/ HTTP/1.1" 200 21408 "-" "Mozilla/5.0 (compatible; AhrefsBot/7.0; +http://ahrefs.com/robot/)"
34.174.19.156 - - [05/Apr/2026:19:59:29 +0200] "HEAD /old/ HTTP/1.1" 404 0 "-" "Mozilla/5.0 (Windows NT 10.0; Win64; x64) AppleWebKit/537.36 (KHTML, like Gecko) Chrome/127.0.6534.42 Safari/537.36"
34.174.19.156 - - [05/Apr/2026:19:59:29 +0200] "HEAD /backup/ HTTP/1.1" 404 0 "-" "Mozilla/5.0 (Linux; U; Android 10; en-US; CPH2015) AppleWebKit/537.36 (KHTML, like Gecko) UCBrowser/13.5.8.1311 Mobile Safari/537.36"
34.174.19.156 - - [05/Apr/2026:19:59:30 +0200] "HEAD /wp/ HTTP/1.1" 404 0 "-" "Mozilla/5.0 (iPad; CPU OS 17_4 like Mac OS X) AppleWebKit/605.1.15 (KHTML, like Gecko) Version/17.4 Mobile/15E148 Safari/604.1"
34.174.19.156 - - [05/Apr/2026:19:59:30 +0200] "HEAD / HTTP/1.1" 200 0 "-" "Mozilla/5.0 (Windows NT 11.0; Win64; x64) AppleWebKit/537.36 (KHTML, like Gecko) Chrome/128.0.6540.18 Safari/537.36"
34.174.19.156 - - [05/Apr/2026:19:59:30 +0200] "HEAD /wordpress/ HTTP/1.1" 404 0 "-" "Mozilla/5.0 (Linux; Android 14; RMX3842) AppleWebKit/537.36 (KHTML, like Gecko) Chrome/126.0.6478.44 Mobile Safari/537.36"
34.174.19.156 - - [05/Apr/2026:19:59:31 +0200] "HEAD /new/ HTTP/1.1" 301 0 "-" "Mozilla/5.0 (Linux; Android 13; Pixel 7a) AppleWebKit/537.36 (KHTML, like Gecko) Chrome/124.0.6367.82 Mobile Safari/537.36"
34.174.19.156 - - [05/Apr/2026:19:59:31 +0200] "HEAD / HTTP/1.1" 200 0 "http://bulpress.top/new/" "Mozilla/5.0 (Linux; Android 13; Pixel 7a) AppleWebKit/537.36 (KHTML, like Gecko) Chrome/124.0.6367.82 Mobile Safari/537.36"
34.174.19.156 - - [05/Apr/2026:19:59:31 +0200] "HEAD /blog/ HTTP/1.1" 404 0 "-" "Mozilla/5.0 (Macintosh; Intel Mac OS X 15_0) AppleWebKit/537.36 (KHTML, like Gecko) Chrome/125.0.6422.141 Safari/537.36"
17.241.227.93 - - [05/Apr/2026:20:00:05 +0200] "GET /wp-includes/js/wp-emoji-release.min.js?ver=4.9.26 HTTP/1.1" 502 150 "http://bulpress.top/category/%D0%A1%D0%B2%D1%8F%D1%82/page/5/?filter_by=random_posts" "Mozilla/5.0 (Macintosh; Intel Mac OS X 10_15_7) AppleWebKit/605.1.15 (KHTML, like Gecko) Version/17.4 Safari/605.1.15 (Applebot/0.1; +http://www.apple.com/go/applebot)"
17.241.219.248 - - [05/Apr/2026:20:00:05 +0200] "GET /wp-content/themes/Newspaper/style.css?ver=8.0 HTTP/1.1" 502 150 "http://bulpress.top/category/%D0%A1%D0%B2%D1%8F%D1%82/page/5/?filter_by=random_posts" "Mozilla/5.0 (Macintosh; Intel Mac OS X 10_15_7) AppleWebKit/605.1.15 (KHTML, like Gecko) Version/17.4 Safari/605.1.15 (Applebot/0.1; +http://www.apple.com/go/applebot)"
17.241.227.16 - - [05/Apr/2026:20:00:06 +0200] "GET /wp-content/plugins/jetpack/modules/wpgroho.js?ver=4.9.26 HTTP/1.1" 502 150 "http://bulpress.top/category/%D0%A1%D0%B2%D1%8F%D1%82/page/5/?filter_by=random_posts" "Mozilla/5.0 (Macintosh; Intel Mac OS X 10_15_7) AppleWebKit/605.1.15 (KHTML, like Gecko) Version/17.4 Safari/605.1.15 (Applebot/0.1; +http://www.apple.com/go/applebot)"
17.241.219.239 - - [05/Apr/2026:20:00:06 +0200] "GET /wp-includes/js/jquery/jquery.js?ver=1.12.4 HTTP/1.1" 502 150 "http://bulpress.top/category/%D0%A1%D0%B2%D1%8F%D1%82/page/5/?filter_by=random_posts" "Mozilla/5.0 (Macintosh; Intel Mac OS X 10_15_7) AppleWebKit/605.1.15 (KHTML, like Gecko) Version/17.4 Safari/605.1.15 (Applebot/0.1; +http://www.apple.com/go/applebot)"
17.241.227.16 - - [05/Apr/2026:20:00:07 +0200] "GET /wp-content/themes/Newspaper/js/tagdiv_theme.js?ver=8.0 HTTP/1.1" 304 0 "http://bulpress.top/category/%D0%A1%D0%B2%D1%8F%D1%82/page/5/?filter_by=random_posts" "Mozilla/5.0 (Macintosh; Intel Mac OS X 10_15_7) AppleWebKit/605.1.15 (KHTML, like Gecko) Version/17.4 Safari/605.1.15 (Applebot/0.1; +http://www.apple.com/go/applebot)"
