15.181.49.93 - - [05/Apr/2026:16:04:53 +0200] "GET /blog//wp-admin/images/about.php HTTP/1.1" 301 0 "-" "-"
15.181.49.93 - - [05/Apr/2026:16:04:54 +0200] "GET /blog/wp-admin/images/about.php HTTP/1.1" 404 12933 "-" "-"
15.181.49.93 - - [05/Apr/2026:16:04:56 +0200] "GET /blog//wp-admin/css/about.php HTTP/1.1" 301 0 "-" "-"
15.181.49.93 - - [05/Apr/2026:16:04:56 +0200] "GET /blog/wp-admin/css/about.php HTTP/1.1" 404 12860 "-" "-"
15.181.49.93 - - [05/Apr/2026:16:04:57 +0200] "GET /blog//wp-content/gallery/about.php HTTP/1.1" 301 0 "-" "-"
15.181.49.93 - - [05/Apr/2026:16:04:58 +0200] "GET /blog/wp-content/gallery/about.php HTTP/1.1" 404 12952 "-" "-"
15.181.49.93 - - [05/Apr/2026:16:04:59 +0200] "GET /blog//wp-includes/rest-api/about.php HTTP/1.1" 301 0 "-" "-"
15.181.49.93 - - [05/Apr/2026:16:05:00 +0200] "GET /blog/wp-includes/rest-api/about.php HTTP/1.1" 404 12958 "-" "-"
15.181.49.93 - - [05/Apr/2026:16:05:01 +0200] "GET /blog//wp-includes/SimplePie/about.php HTTP/1.1" 502 150 "-" "-"
15.181.49.93 - - [05/Apr/2026:16:05:02 +0200] "GET /blog//wp-content/banners/about.php HTTP/1.1" 502 150 "-" "-"
15.181.49.93 - - [05/Apr/2026:16:05:03 +0200] "GET /blog//wp-content/about.php HTTP/1.1" 502 150 "-" "-"
161.97.137.93 - - [05/Apr/2026:16:05:04 +0200] "POST /wp-cron.php?doing_wp_cron=1775397904.1212630271911621093750 HTTP/1.1" 404 12840 "http://bulpress.top/wp-cron.php?doing_wp_cron=1775397904.1212630271911621093750" "WordPress/4.9.26; http://bulpress.top"
15.181.49.93 - - [05/Apr/2026:16:05:05 +0200] "GET /blog//.well-known/about.php HTTP/1.1" 301 0 "-" "-"
15.181.49.93 - - [05/Apr/2026:16:05:06 +0200] "GET /blog/.well-known/about.php HTTP/1.1" 404 12859 "-" "-"
15.181.49.93 - - [05/Apr/2026:16:05:07 +0200] "GET /blog//wp-includes/Text/about.php HTTP/1.1" 301 0 "-" "-"
15.181.49.93 - - [05/Apr/2026:16:05:08 +0200] "GET /blog/wp-includes/Text/about.php HTTP/1.1" 404 12884 "-" "-"
15.181.49.93 - - [05/Apr/2026:16:05:09 +0200] "GET /blog//wp-includes/ID3/about.php HTTP/1.1" 301 0 "-" "-"
15.181.49.93 - - [05/Apr/2026:16:05:10 +0200] "GET /blog/wp-includes/ID3/about.php HTTP/1.1" 404 12935 "-" "-"
15.181.49.93 - - [05/Apr/2026:16:05:11 +0200] "GET /blog//wp-includes/widgets/about.php HTTP/1.1" 301 0 "-" "-"
15.181.49.93 - - [05/Apr/2026:16:05:12 +0200] "GET /blog/wp-includes/widgets/about.php HTTP/1.1" 404 12855 "-" "-"
15.181.49.93 - - [05/Apr/2026:16:05:13 +0200] "GET /blog//wp-includes/IXR/about.php HTTP/1.1" 301 0 "-" "-"
15.181.49.93 - - [05/Apr/2026:16:05:14 +0200] "GET /blog/wp-includes/IXR/about.php HTTP/1.1" 404 12948 "-" "-"
15.181.49.93 - - [05/Apr/2026:16:05:15 +0200] "GET /blog//wp-admin/js/about.php HTTP/1.1" 301 0 "-" "-"
15.181.49.93 - - [05/Apr/2026:16:05:16 +0200] "GET /blog/wp-admin/js/about.php HTTP/1.1" 404 12939 "-" "-"
15.181.49.93 - - [05/Apr/2026:16:05:17 +0200] "GET /blog//.well-known/pki-validation/about.php HTTP/1.1" 301 0 "-" "-"
15.181.49.93 - - [05/Apr/2026:16:05:18 +0200] "GET /blog/.well-known/pki-validation/about.php HTTP/1.1" 404 12955 "-" "-"
15.181.49.93 - - [05/Apr/2026:16:05:19 +0200] "GET /blog//wp-includes/pomo/about.php HTTP/1.1" 301 0 "-" "-"
15.181.49.93 - - [05/Apr/2026:16:05:20 +0200] "GET /blog/wp-includes/pomo/about.php HTTP/1.1" 404 12937 "-" "-"
15.181.49.93 - - [05/Apr/2026:16:05:21 +0200] "GET /blog//wp-includes/block-patterns/about.php HTTP/1.1" 301 0 "-" "-"
15.181.49.93 - - [05/Apr/2026:16:05:21 +0200] "GET /blog/wp-includes/block-patterns/about.php HTTP/1.1" 404 12900 "-" "-"
15.181.49.93 - - [05/Apr/2026:16:05:24 +0200] "GET /blog//wp-content/themes/about.php HTTP/1.1" 301 0 "-" "-"
15.181.49.93 - - [05/Apr/2026:16:05:26 +0200] "GET /blog/wp-content/themes/about.php HTTP/1.1" 404 12857 "-" "-"
15.181.49.93 - - [05/Apr/2026:16:05:27 +0200] "GET /blog//wp-admin/includes/about.php HTTP/1.1" 301 0 "-" "-"
15.181.49.93 - - [05/Apr/2026:16:05:28 +0200] "GET /blog/wp-admin/includes/about.php HTTP/1.1" 404 12933 "-" "-"
185.191.171.14 - - [05/Apr/2026:16:05:28 +0200] "GET /tag/%D1%80%D0%B0%D0%B7%D0%B4%D1%8A%D1%80%D0%B6%D0%B0%D0%B2%D1%8F%D0%B2%D0%B0%D0%BD%D0%B5%D1%82%D0%BE/ HTTP/1.1" 200 14866 "-" "Mozilla/5.0 (compatible; SemrushBot/7~bl; +http://www.semrush.com/bot.html)"
15.181.49.93 - - [05/Apr/2026:16:05:29 +0200] "GET /blog//images/about.php HTTP/1.1" 301 0 "-" "-"
15.181.49.93 - - [05/Apr/2026:16:05:30 +0200] "GET /blog/images/about.php HTTP/1.1" 404 12892 "-" "-"
15.181.49.93 - - [05/Apr/2026:16:05:32 +0200] "GET /blog//wp-includes/images/about.php HTTP/1.1" 301 0 "-" "-"
15.181.49.93 - - [05/Apr/2026:16:05:33 +0200] "GET /blog/wp-includes/images/about.php HTTP/1.1" 404 12924 "-" "-"
15.181.49.93 - - [05/Apr/2026:16:05:34 +0200] "GET /blog//wp-includes/about.php HTTP/1.1" 301 0 "-" "-"
15.181.49.93 - - [05/Apr/2026:16:05:35 +0200] "GET /blog/wp-includes/about.php HTTP/1.1" 404 12856 "-" "-"
15.181.49.93 - - [05/Apr/2026:16:05:36 +0200] "GET /blog//nf_tracking.php HTTP/1.1" 301 0 "-" "-"
15.181.49.93 - - [05/Apr/2026:16:05:37 +0200] "GET /blog/nf_tracking.php HTTP/1.1" 404 12939 "-" "-"
15.181.49.93 - - [05/Apr/2026:16:05:38 +0200] "GET /blog//wp-pano.php HTTP/1.1" 301 0 "-" "-"
15.181.49.93 - - [05/Apr/2026:16:05:40 +0200] "GET /blog/wp-pano.php HTTP/1.1" 404 12861 "-" "-"
15.181.49.93 - - [05/Apr/2026:16:05:41 +0200] "GET /blog//defaul1.php HTTP/1.1" 301 0 "-" "-"
15.181.49.93 - - [05/Apr/2026:16:05:42 +0200] "GET /blog/defaul1.php HTTP/1.1" 404 12951 "-" "-"
15.181.49.93 - - [05/Apr/2026:16:05:44 +0200] "GET /blog//wp-content/wso.php HTTP/1.1" 301 0 "-" "-"
15.181.49.93 - - [05/Apr/2026:16:05:44 +0200] "GET /blog/wp-content/wso.php HTTP/1.1" 404 12979 "-" "-"
15.181.49.93 - - [05/Apr/2026:16:05:46 +0200] "GET /blog//themes.php HTTP/1.1" 301 0 "-" "-"
15.181.49.93 - - [05/Apr/2026:16:05:47 +0200] "GET /blog/themes.php HTTP/1.1" 404 12898 "-" "-"
15.181.49.93 - - [05/Apr/2026:16:05:48 +0200] "GET /blog//xl2023.php HTTP/1.1" 301 0 "-" "-"
15.181.49.93 - - [05/Apr/2026:16:05:49 +0200] "GET /blog/xl2023.php HTTP/1.1" 404 12939 "-" "-"
15.181.49.93 - - [05/Apr/2026:16:05:51 +0200] "GET /blog//fm1.php HTTP/1.1" 301 0 "-" "-"
15.181.49.93 - - [05/Apr/2026:16:05:52 +0200] "GET /blog/fm1.php HTTP/1.1" 404 12851 "-" "-"
15.181.49.93 - - [05/Apr/2026:16:05:53 +0200] "GET /blog//wso112233.php HTTP/1.1" 301 0 "-" "-"
15.181.49.93 - - [05/Apr/2026:16:05:56 +0200] "GET /blog/wso112233.php HTTP/1.1" 404 12898 "-" "-"
15.181.49.93 - - [05/Apr/2026:16:05:57 +0200] "GET /blog//shell20211028.php HTTP/1.1" 301 0 "-" "-"
15.181.49.93 - - [05/Apr/2026:16:05:58 +0200] "GET /blog/shell20211028.php HTTP/1.1" 404 12933 "-" "-"
15.181.49.93 - - [05/Apr/2026:16:05:59 +0200] "GET /blog//.well-known/wso112233.php HTTP/1.1" 301 0 "-" "-"
15.181.49.93 - - [05/Apr/2026:16:06:00 +0200] "GET /blog/.well-known/wso112233.php HTTP/1.1" 404 12933 "-" "-"
15.181.49.93 - - [05/Apr/2026:16:06:02 +0200] "GET /blog//wp-content/shell20211028.php HTTP/1.1" 502 150 "-" "-"
15.181.49.93 - - [05/Apr/2026:16:06:04 +0200] "GET /blog//wp-content/themes/travel/issue.php HTTP/1.1" 301 0 "-" "-"
161.97.137.93 - - [05/Apr/2026:16:06:05 +0200] "POST /wp-cron.php?doing_wp_cron=1775397964.8845210075378417968750 HTTP/1.1" 404 12976 "http://bulpress.top/wp-cron.php?doing_wp_cron=1775397964.8845210075378417968750" "WordPress/4.9.26; http://bulpress.top"
15.181.49.93 - - [05/Apr/2026:16:06:05 +0200] "GET /blog/wp-content/themes/travel/issue.php HTTP/1.1" 404 12884 "-" "-"
15.181.49.93 - - [05/Apr/2026:16:06:06 +0200] "GET /blog//wp-content/themes/travelscape/json.php HTTP/1.1" 301 0 "-" "-"
15.181.49.93 - - [05/Apr/2026:16:06:08 +0200] "GET /blog/wp-content/themes/travelscape/json.php HTTP/1.1" 404 12879 "-" "-"
15.181.49.93 - - [05/Apr/2026:16:06:10 +0200] "GET /blog//wp-content/plugins/contact-form-7/includes/js/jquery-ui/themes/smoothness/admin.php HTTP/1.1" 301 0 "-" "-"
15.181.49.93 - - [05/Apr/2026:16:06:12 +0200] "GET /blog/wp-content/plugins/contact-form-7/includes/js/jquery-ui/themes/smoothness/admin.php HTTP/1.1" 404 12853 "-" "-"
15.181.49.93 - - [05/Apr/2026:16:06:13 +0200] "GET /blog//wp-admin/admin.php HTTP/1.1" 301 0 "-" "-"
15.181.49.93 - - [05/Apr/2026:16:06:14 +0200] "GET /blog/wp-admin/admin.php HTTP/1.1" 404 12885 "-" "-"
15.181.49.93 - - [05/Apr/2026:16:06:15 +0200] "GET /blog//wp-content/plugins/fix/up.php HTTP/1.1" 301 0 "-" "-"
15.181.49.93 - - [05/Apr/2026:16:06:16 +0200] "GET /blog/wp-content/plugins/fix/up.php HTTP/1.1" 404 12856 "-" "-"
15.181.49.93 - - [05/Apr/2026:16:06:17 +0200] "GET /blog//.well-known/ans.php HTTP/1.1" 301 0 "-" "-"
15.181.49.93 - - [05/Apr/2026:16:06:18 +0200] "GET /blog/.well-known/ans.php HTTP/1.1" 404 12930 "-" "-"
15.181.49.93 - - [05/Apr/2026:16:06:19 +0200] "GET /blog//index/function.php HTTP/1.1" 301 0 "-" "-"
15.181.49.93 - - [05/Apr/2026:16:06:20 +0200] "GET /blog/index/function.php HTTP/1.1" 404 12953 "-" "-"
15.181.49.93 - - [05/Apr/2026:16:06:23 +0200] "GET /blog//.well-known/lo.php HTTP/1.1" 301 0 "-" "-"
15.181.49.93 - - [05/Apr/2026:16:06:24 +0200] "GET /blog/.well-known/lo.php HTTP/1.1" 404 12874 "-" "-"
15.181.49.93 - - [05/Apr/2026:16:06:26 +0200] "GET /blog//wp-includes/block-supports/abe.php HTTP/1.1" 301 0 "-" "-"
15.181.49.93 - - [05/Apr/2026:16:06:27 +0200] "GET /blog/wp-includes/block-supports/abe.php HTTP/1.1" 404 12886 "-" "-"
15.181.49.93 - - [05/Apr/2026:16:06:28 +0200] "GET /blog//wp-content/plugins/wp-mail-smtp/src/content.php HTTP/1.1" 301 0 "-" "-"
15.181.49.93 - - [05/Apr/2026:16:06:28 +0200] "GET /blog/wp-content/plugins/wp-mail-smtp/src/content.php HTTP/1.1" 404 12898 "-" "-"
15.181.49.93 - - [05/Apr/2026:16:06:29 +0200] "GET /blog//wp-site-analytics.php HTTP/1.1" 301 0 "-" "-"
15.181.49.93 - - [05/Apr/2026:16:06:30 +0200] "GET /blog/wp-site-analytics.php HTTP/1.1" 404 12950 "-" "-"
17.246.23.202 - - [05/Apr/2026:16:06:30 +0200] "GET /tag/%d0%bb%d0%be%d0%bd%d0%b4%d0%be%d0%bd%d1%81%d0%ba%d0%be%d1%82%d0%be-%d0%bb%d0%b5%d1%82%d0%b8%d1%89%d0%b5/ HTTP/1.1" 200 15182 "-" "Mozilla/5.0 (Macintosh; Intel Mac OS X 10_15_7) AppleWebKit/605.1.15 (KHTML, like Gecko) Version/17.4 Safari/605.1.15 (Applebot/0.1; +http://www.apple.com/go/applebot)"
15.181.49.93 - - [05/Apr/2026:16:06:31 +0200] "GET /blog//wp-content/languages/plugins/admin.php HTTP/1.1" 301 0 "-" "-"
15.181.49.93 - - [05/Apr/2026:16:06:32 +0200] "GET /blog/wp-content/languages/plugins/admin.php HTTP/1.1" 404 12899 "-" "-"
15.181.49.93 - - [05/Apr/2026:16:06:34 +0200] "GET /blog//wp-includes/js/tinymce/plugins/fullscreen/about.php HTTP/1.1" 301 0 "-" "-"
15.181.49.93 - - [05/Apr/2026:16:06:35 +0200] "GET /blog/wp-includes/js/tinymce/plugins/fullscreen/about.php HTTP/1.1" 404 12882 "-" "-"
15.181.49.93 - - [05/Apr/2026:16:06:36 +0200] "GET /blog//.well-known/admin.php HTTP/1.1" 301 0 "-" "-"
15.181.49.93 - - [05/Apr/2026:16:06:37 +0200] "GET /blog/.well-known/admin.php HTTP/1.1" 404 12892 "-" "-"
15.181.49.93 - - [05/Apr/2026:16:06:39 +0200] "GET /blog//.well-known/pki-validation/admin.php HTTP/1.1" 301 0 "-" "-"
15.181.49.93 - - [05/Apr/2026:16:06:39 +0200] "GET /blog/.well-known/pki-validation/admin.php HTTP/1.1" 404 12948 "-" "-"
15.181.49.93 - - [05/Apr/2026:16:06:40 +0200] "GET /blog//upload/uday.php HTTP/1.1" 301 0 "-" "-"
15.181.49.93 - - [05/Apr/2026:16:06:41 +0200] "GET /blog/upload/uday.php HTTP/1.1" 404 12938 "-" "-"
15.181.49.93 - - [05/Apr/2026:16:06:42 +0200] "GET /blog//wp-includes/assets/wp-trackback.php HTTP/1.1" 301 0 "-" "-"
15.181.49.93 - - [05/Apr/2026:16:06:43 +0200] "GET /blog/wp-includes/assets/wp-trackback.php HTTP/1.1" 404 12885 "-" "-"
15.181.49.93 - - [05/Apr/2026:16:06:44 +0200] "GET /blog//wp-includes/js/470594182XmX.php HTTP/1.1" 301 0 "-" "-"
15.181.49.93 - - [05/Apr/2026:16:06:45 +0200] "GET /blog/wp-includes/js/470594182XmX.php HTTP/1.1" 404 12869 "-" "-"
15.181.49.93 - - [05/Apr/2026:16:06:46 +0200] "GET /blog//images/resumes/by.php HTTP/1.1" 301 0 "-" "-"
15.181.49.93 - - [05/Apr/2026:16:06:47 +0200] "GET /blog/images/resumes/by.php HTTP/1.1" 404 12859 "-" "-"
15.181.49.93 - - [05/Apr/2026:16:06:48 +0200] "GET /blog//wp-admin/plugin.php HTTP/1.1" 301 0 "-" "-"
15.181.49.93 - - [05/Apr/2026:16:06:49 +0200] "GET /blog/wp-admin/plugin.php HTTP/1.1" 404 12956 "-" "-"
15.181.49.93 - - [05/Apr/2026:16:06:50 +0200] "GET /blog//.well-known/pki-validation/worksec.php HTTP/1.1" 301 0 "-" "-"
15.181.49.93 - - [05/Apr/2026:16:06:50 +0200] "GET /blog/.well-known/pki-validation/worksec.php HTTP/1.1" 404 12861 "-" "-"
15.181.49.93 - - [05/Apr/2026:16:06:51 +0200] "GET /blog//wp-includes/random_compat/bala.php HTTP/1.1" 301 0 "-" "-"
15.181.49.93 - - [05/Apr/2026:16:06:52 +0200] "GET /blog/wp-includes/random_compat/bala.php HTTP/1.1" 404 12979 "-" "-"
15.181.49.93 - - [05/Apr/2026:16:06:53 +0200] "GET /blog//upload/2021_02_08/config.inc.php HTTP/1.1" 301 0 "-" "-"
15.181.49.93 - - [05/Apr/2026:16:06:54 +0200] "GET /blog/upload/2021_02_08/config.inc.php HTTP/1.1" 404 12885 "-" "-"
15.181.49.93 - - [05/Apr/2026:16:06:55 +0200] "GET /blog//wp-includes/css/dist/editor/radio.php HTTP/1.1" 301 0 "-" "-"
15.181.49.93 - - [05/Apr/2026:16:06:56 +0200] "GET /blog/wp-includes/css/dist/editor/radio.php HTTP/1.1" 404 12882 "-" "-"
15.181.49.93 - - [05/Apr/2026:16:06:57 +0200] "GET /blog//wp-includes/Requests/Transport/post.Php HTTP/1.1" 301 0 "-" "-"
15.181.49.93 - - [05/Apr/2026:16:06:58 +0200] "GET /blog/wp-includes/Requests/Transport/post.Php HTTP/1.1" 404 12941 "-" "-"
15.181.49.93 - - [05/Apr/2026:16:06:59 +0200] "GET /blog//wp-includes/Requests/Auth/images.php HTTP/1.1" 301 0 "-" "-"
15.181.49.93 - - [05/Apr/2026:16:07:00 +0200] "GET /blog/wp-includes/Requests/Auth/images.php HTTP/1.1" 404 12979 "-" "-"
15.181.49.93 - - [05/Apr/2026:16:07:01 +0200] "GET /blog//wp-includes/Text/about.php HTTP/1.1" 301 0 "-" "-"
15.181.49.93 - - [05/Apr/2026:16:07:02 +0200] "GET /blog/wp-includes/Text/about.php HTTP/1.1" 502 150 "-" "-"
15.181.49.93 - - [05/Apr/2026:16:07:02 +0200] "GET /blog//shell20211028.php HTTP/1.1" 502 150 "-" "-"
15.181.49.93 - - [05/Apr/2026:16:07:03 +0200] "GET /blog//wp-includes/wp-class.php HTTP/1.1" 301 0 "-" "-"
66.249.74.165 - - [05/Apr/2026:16:07:03 +0200] "GET /wp-content/uploads/2018/05/soca.jpg HTTP/1.1" 200 140585 "-" "Googlebot-Image/1.0"
15.181.49.93 - - [05/Apr/2026:16:07:04 +0200] "GET /blog/wp-includes/wp-class.php HTTP/1.1" 404 12886 "-" "-"
161.97.137.93 - - [05/Apr/2026:16:07:06 +0200] "POST /wp-cron.php?doing_wp_cron=1775398025.5564050674438476562500 HTTP/1.1" 404 12845 "http://bulpress.top/wp-cron.php?doing_wp_cron=1775398025.5564050674438476562500" "WordPress/4.9.26; http://bulpress.top"
15.181.49.93 - - [05/Apr/2026:16:07:06 +0200] "GET /blog//wp-content/shell20211028.php HTTP/1.1" 301 0 "-" "-"
15.181.49.93 - - [05/Apr/2026:16:07:07 +0200] "GET /blog/wp-content/shell20211028.php HTTP/1.1" 404 12935 "-" "-"
15.181.49.93 - - [05/Apr/2026:16:07:08 +0200] "GET /blog//wp-includes/ID3/about.php HTTP/1.1" 301 0 "-" "-"
15.181.49.93 - - [05/Apr/2026:16:07:08 +0200] "GET /blog/wp-includes/ID3/about.php HTTP/1.1" 404 12932 "-" "-"
15.181.49.93 - - [05/Apr/2026:16:07:10 +0200] "GET /blog//wp-2019.php HTTP/1.1" 301 0 "-" "-"
15.181.49.93 - - [05/Apr/2026:16:07:11 +0200] "GET /blog/wp-2019.php HTTP/1.1" 404 12844 "-" "-"
185.191.171.12 - - [05/Apr/2026:16:07:16 +0200] "GET /tag/%D0%B4%D0%B5%D0%BA%D0%B5%D0%BC%D0%B2%D1%80%D0%B8/ HTTP/1.1" 200 15060 "-" "Mozilla/5.0 (compatible; SemrushBot/7~bl; +http://www.semrush.com/bot.html)"
66.249.74.166 - - [05/Apr/2026:16:08:33 +0200] "GET /%D1%81%D0%BF%D0%BE%D0%BC%D0%B5%D0%BD%D0%B8-%D0%BE%D1%82-%D1%81%D0%BD%D0%B5%D0%B6%D0%BD%D0%B8%D1%82%D0%B5-%D0%B7%D0%B8%D0%BC%D0%B8-%D0%BA%D0%BE%D0%B3%D0%B0%D1%82%D0%BE-%D0%B1%D1%8F%D1%85%D0%BC%D0%B5/false HTTP/1.1" 404 12884 "-" "Googlebot-Image/1.0"
38.244.14.250 - - [05/Apr/2026:16:10:48 +0200] "GET /wp-content/uploads/2018/01/Spartacus-265x198.jpg HTTP/1.1" 200 11504 "-" "Mozilla/5.0 (X11; Linux x86_64) AppleWebKit/537.36 (KHTML, like Gecko) Chrome/124.0.0.0 Safari/537.36"
161.97.137.93 - - [05/Apr/2026:16:11:14 +0200] "POST /wp-cron.php?doing_wp_cron=1775398273.9712419509887695312500 HTTP/1.1" 404 12939 "http://bulpress.top/wp-cron.php?doing_wp_cron=1775398273.9712419509887695312500" "WordPress/4.9.26; http://bulpress.top"
17.246.15.61 - - [05/Apr/2026:16:11:14 +0200] "GET /tag/%D0%BB%D0%BE%D0%BD%D0%B4%D0%BE%D0%BD%D1%81%D0%BA%D0%BE%D1%82%D0%BE-%D0%BB%D0%B5%D1%82%D0%B8%D1%89%D0%B5/ HTTP/1.1" 200 15166 "-" "Mozilla/5.0 (Macintosh; Intel Mac OS X 10_15_7) AppleWebKit/605.1.15 (KHTML, like Gecko) Version/17.4 Safari/605.1.15 (Applebot/0.1; +http://www.apple.com/go/applebot)"
161.97.137.93 - - [05/Apr/2026:16:12:33 +0200] "POST /wp-cron.php?doing_wp_cron=1775398352.5746269226074218750000 HTTP/1.1" 499 0 "http://bulpress.top/wp-cron.php?doing_wp_cron=1775398352.5746269226074218750000" "WordPress/4.9.26; http://bulpress.top"
143.198.162.70 - - [05/Apr/2026:16:12:33 +0200] "GET /wp-content/uploads/2018/03/cveta.jpg%20696w,%20http://bulpress.top/wp-content/uploads/2018/03/cveta-300x198.jpg%20300w,%20http://bulpress.top/wp-content/uploads/2018/03/cveta-637x420.jpg%20637w HTTP/1.1" 301 0 "http://bulpress.top/" "Mozilla/5.0 (Windows NT 10.0; Win64; x64) AppleWebKit/537.36 (KHTML, like Gecko) Chrome/131.0.0.0 Safari/537.36"
143.198.162.70 - - [05/Apr/2026:16:12:35 +0200] "GET /wp-content/uploads/2018/03/cveta.jpg%20696w,%20http:/bulpress.top/wp-content/uploads/2018/03/cveta-300x198.jpg%20300w,%20http:/bulpress.top/wp-content/uploads/2018/03/cveta-637x420.jpg%20637w HTTP/1.1" 404 12883 "http://bulpress.top/" "Mozilla/5.0 (Windows NT 10.0; Win64; x64) AppleWebKit/537.36 (KHTML, like Gecko) Chrome/131.0.0.0 Safari/537.36"
113.190.177.96 - - [05/Apr/2026:16:12:42 +0200] "GET /wp-content/uploads/2018/03/cveta.jpg%20696w,%20http://bulpress.top/wp-content/uploads/2018/03/cveta-300x198.jpg%20300w,%20http://bulpress.top/wp-content/uploads/2018/03/cveta-637x420.jpg%20637w HTTP/1.1" 301 0 "http://bulpress.top/" "Mozilla/5.0 (Windows NT 10.0; Win64; x64) AppleWebKit/537.36 (KHTML, like Gecko) Chrome/131.0.0.0 Safari/537.36"
14.242.9.198 - - [05/Apr/2026:16:12:44 +0200] "GET /wp-content/uploads/2018/03/cveta.jpg%20696w,%20http:/bulpress.top/wp-content/uploads/2018/03/cveta-300x198.jpg%20300w,%20http:/bulpress.top/wp-content/uploads/2018/03/cveta-637x420.jpg%20637w HTTP/1.1" 404 12899 "http://bulpress.top/" "Mozilla/5.0 (Windows NT 10.0; Win64; x64) AppleWebKit/537.36 (KHTML, like Gecko) Chrome/131.0.0.0 Safari/537.36"
66.249.74.164 - - [05/Apr/2026:16:12:52 +0200] "GET /wp-content/uploads/2017/12/20370884_10213386340044081_622118933_n-696x484.jpg HTTP/1.1" 200 95724 "-" "Googlebot-Image/1.0"
66.249.74.166 - - [05/Apr/2026:16:15:47 +0200] "GET /wp-content/uploads/2019/06/582380_467460599985105_2141968084_n-1.jpg HTTP/1.1" 200 197761 "-" "Googlebot-Image/1.0"
8.228.88.249 - - [05/Apr/2026:16:15:57 +0200] "GET /category/%d0%91%d1%8a%d0%bb%d0%b3%d0%b0%d1%80%d0%b8%d1%8f/feed/ HTTP/1.1" 200 55198 "-" "Mozilla/5.0 (Windows NT 6.3; WOW64; rv:33.0) Gecko/20100101 Firefox/33.0"
161.97.137.93 - - [05/Apr/2026:16:16:14 +0200] "POST /wp-cron.php?doing_wp_cron=1775398574.0358159542083740234375 HTTP/1.1" 404 12860 "http://bulpress.top/wp-cron.php?doing_wp_cron=1775398574.0358159542083740234375" "WordPress/4.9.26; http://bulpress.top"
143.14.6.79 - - [05/Apr/2026:16:16:14 +0200] "GET /%d1%88%d0%b2%d0%b5%d0%b9%d1%86%d0%b0%d1%80%d1%86%d0%b8-%d1%81%d0%b5-%d0%b2%d0%b5%d0%bd%d1%87%d0%b0%d1%85%d0%b0-%d0%b2-%d0%bd%d0%b0%d1%80%d0%be%d0%b4%d0%bd%d0%b8-%d0%bd%d0%be%d1%81%d0%b8%d0%b8/6 HTTP/1.1" 301 0 "http://bulpress.top/" "Mozilla/5.0 (Windows NT 10.0; Win64; x64) AppleWebKit/537.36 (KHTML, like Gecko) Chrome/103.0.0.0 Safari/537.36"
143.14.6.18 - - [05/Apr/2026:16:16:16 +0200] "GET /%d1%88%d0%b2%d0%b5%d0%b9%d1%86%d0%b0%d1%80%d1%86%d0%b8-%d1%81%d0%b5-%d0%b2%d0%b5%d0%bd%d1%87%d0%b0%d1%85%d0%b0-%d0%b2-%d0%bd%d0%b0%d1%80%d0%be%d0%b4%d0%bd%d0%b8-%d0%bd%d0%be%d1%81%d0%b8%d0%b8/6/ HTTP/1.1" 200 22367 "http://bulpress.top/" "Mozilla/5.0 (Windows NT 10.0; Win64; x64) AppleWebKit/537.36 (KHTML, like Gecko) Chrome/103.0.0.0 Safari/537.36"
161.97.137.93 - - [05/Apr/2026:16:18:09 +0200] "POST /wp-cron.php?doing_wp_cron=1775398688.5331349372863769531250 HTTP/1.1" 404 12979 "http://bulpress.top/wp-cron.php?doing_wp_cron=1775398688.5331349372863769531250" "WordPress/4.9.26; http://bulpress.top"
8.228.88.249 - - [05/Apr/2026:16:18:09 +0200] "GET /feed/ HTTP/1.1" 200 49033 "-" "Mozilla/5.0 (Windows NT 6.3; WOW64; rv:33.0) Gecko/20100101 Firefox/33.0"
66.249.74.165 - - [05/Apr/2026:16:18:44 +0200] "GET /wp-content/uploads/2020/05/vr3-fotor-collage-620x330.jpg HTTP/1.1" 200 37515 "-" "Googlebot-Image/1.0"
161.97.137.93 - - [05/Apr/2026:16:19:38 +0200] "POST /wp-cron.php?doing_wp_cron=1775398778.1354639530181884765625 HTTP/1.1" 404 12901 "http://bulpress.top/wp-cron.php?doing_wp_cron=1775398778.1354639530181884765625" "WordPress/4.9.26; http://bulpress.top"
185.191.171.14 - - [05/Apr/2026:16:19:39 +0200] "GET /tag/%D0%B8%D1%82%D0%B0%D0%BB%D0%B8%D0%B0%D0%BD%D1%81%D0%BA%D0%BE%D1%82%D0%BE-%D1%81%D0%B5%D0%BB%D0%BE/ HTTP/1.1" 200 14793 "-" "Mozilla/5.0 (compatible; SemrushBot/7~bl; +http://www.semrush.com/bot.html)"
185.191.171.12 - - [05/Apr/2026:16:20:24 +0200] "GET /tag/%D0%B4%D0%B5%D1%86%D0%B0%D1%82%D0%B0-%D0%BD%D0%B0-90-%D1%82%D0%B5/ HTTP/1.1" 200 14921 "-" "Mozilla/5.0 (compatible; SemrushBot/7~bl; +http://www.semrush.com/bot.html)"
104.194.149.230 - - [05/Apr/2026:16:21:55 +0200] "GET / HTTP/1.1" 200 28929 "http://bulpress.bg" "Mozilla/5.0 (Windows NT 10.0; Win64; x64) AppleWebKit/537.36 (KHTML, like Gecko) Firefox/89.0"
161.97.137.93 - - [05/Apr/2026:16:23:46 +0200] "POST /wp-cron.php?doing_wp_cron=1775399026.0537779331207275390625 HTTP/1.1" 404 12947 "http://bulpress.top/wp-cron.php?doing_wp_cron=1775399026.0537779331207275390625" "WordPress/4.9.26; http://bulpress.top"
216.244.66.232 - - [05/Apr/2026:16:23:47 +0200] "GET /%D0%BD%D0%B5-%D1%81%D0%B8-%D0%B1%D1%8A%D0%BB%D0%B3%D0%B0%D1%80%D0%B8%D0%BD-%D0%B0%D0%BA%D0%BE-%D0%BD%D0%B5-%D0%B7%D0%BD%D0%B0%D0%B5%D1%88-%D0%BD%D0%B0%D0%B9-%D1%81%D1%82%D0%B0%D1%80%D0%BE%D1%82%D0%BE/ HTTP/1.1" 200 26401 "-" "Mozilla/5.0 (compatible; DotBot/1.2; +https://opensiteexplorer.org/dotbot; help@moz.com)"
64.81.112.26 - - [05/Apr/2026:16:23:59 +0200] "GET /wp-content/uploads/2018/12/kashta.jpg HTTP/1.1" 200 107423 "-" "Mozilla/5.0 (X11; Linux x86_64) AppleWebKit/537.36 (KHTML, like Gecko) Chrome/124.0.0.0 Safari/537.36"
66.249.74.166 - - [05/Apr/2026:16:24:33 +0200] "GET /wp-content/uploads/2019/10/1-31.jpg HTTP/1.1" 200 124353 "-" "Googlebot-Image/1.0"
161.97.137.93 - - [05/Apr/2026:16:25:07 +0200] "GET /.well-known/acme-challenge/8KT-1LZ2ZTILH-66Q42QVC9N9UOR8RTU HTTP/1.1" 200 64 "-" "Cpanel-HTTP-Client/1.0"
161.97.137.93 - - [05/Apr/2026:16:25:09 +0200] "GET /.well-known/acme-challenge/397MG8MU5XAFBIU5F960ZG7_JRETCVFE HTTP/1.1" 200 64 "-" "Cpanel-HTTP-Client/1.0"
161.97.137.93 - - [05/Apr/2026:16:25:11 +0200] "GET /.well-known/acme-challenge/P02VDI60RF4UR--3NWP3V2E3UFD_R05I HTTP/1.1" 200 64 "-" "Cpanel-HTTP-Client/1.0"
8.228.88.249 - - [05/Apr/2026:16:26:15 +0200] "GET /category/%d0%a1%d0%b2%d1%8f%d1%82/feed/ HTTP/1.1" 200 53868 "-" "Mozilla/5.0 (Windows NT 6.3; WOW64; rv:33.0) Gecko/20100101 Firefox/33.0"
157.230.54.32 - - [05/Apr/2026:16:26:28 +0200] "GET /wp-content/uploads/2017/12/kontrol-100x70.jpg%20100w,%20http://bulpress.top/wp-content/uploads/2017/12/kontrol-218x150.jpg%20218w HTTP/1.1" 301 0 "http://bulpress.top/" "Mozilla/5.0 (Windows NT 10.0; Win64; x64) AppleWebKit/537.36 (KHTML, like Gecko) Chrome/110.0.0.0 Safari/537.36"
157.230.54.32 - - [05/Apr/2026:16:26:30 +0200] "GET /wp-content/uploads/2017/12/kontrol-100x70.jpg%20100w,%20http:/bulpress.top/wp-content/uploads/2017/12/kontrol-218x150.jpg%20218w HTTP/1.1" 404 12933 "http://bulpress.top/" "Mozilla/5.0 (Windows NT 10.0; Win64; x64) AppleWebKit/537.36 (KHTML, like Gecko) Chrome/110.0.0.0 Safari/537.36"
217.216.37.56 - - [05/Apr/2026:16:27:07 +0200] "GET / HTTP/1.1" 200 28921 "-" "Go-http-client/1.1"
217.216.37.56 - - [05/Apr/2026:16:27:08 +0200] "GET /wp-includes/css/buttons.css HTTP/1.1" 200 2413 "-" "Go-http-client/1.1"
85.208.96.202 - - [05/Apr/2026:16:28:01 +0200] "GET /tag/%D0%A0%D0%B0%D0%B7%D0%BB%D0%BE%D0%B3/ HTTP/1.1" 502 150 "-" "Mozilla/5.0 (compatible; SemrushBot/7~bl; +http://www.semrush.com/bot.html)"
17.241.219.187 - - [05/Apr/2026:16:29:39 +0200] "GET /wp-content/uploads/2017/08/big_1a3f-534x462.jpg HTTP/1.1" 200 42921 "-" "Mozilla/5.0 (Macintosh; Intel Mac OS X 10_15_7) AppleWebKit/605.1.15 (KHTML, like Gecko) Version/17.4 Safari/605.1.15 (Applebot/0.1; +http://www.apple.com/go/applebot)"
185.191.171.15 - - [05/Apr/2026:16:31:17 +0200] "GET /tag/%D0%BF%D1%80%D0%B8%D1%80%D0%BE%D0%B4%D0%B5%D0%BD-%D0%B3%D0%B0%D0%B7/ HTTP/1.1" 403 285 "-" "Mozilla/5.0 (compatible; SemrushBot/7~bl; +http://www.semrush.com/bot.html)"
161.97.137.93 - - [05/Apr/2026:16:32:07 +0200] "POST /wp-cron.php?doing_wp_cron=1775399526.7645139694213867187500 HTTP/1.1" 404 12923 "http://bulpress.top/wp-cron.php?doing_wp_cron=1775399526.7645139694213867187500" "WordPress/4.9.26; http://bulpress.top"
185.191.171.13 - - [05/Apr/2026:16:32:07 +0200] "GET /tag/%D0%BF%D1%80%D0%B0%D0%B2%D0%B8%D0%BB%D0%BD%D0%B0%D1%82%D0%B0-%D0%BF%D0%BE%D1%81%D0%BE%D0%BA%D0%B0/ HTTP/1.1" 200 14860 "-" "Mozilla/5.0 (compatible; SemrushBot/7~bl; +http://www.semrush.com/bot.html)"
161.97.137.93 - - [05/Apr/2026:16:33:53 +0200] "POST /wp-cron.php?doing_wp_cron=1775399632.5240199565887451171875 HTTP/1.1" 404 12938 "http://bulpress.top/wp-cron.php?doing_wp_cron=1775399632.5240199565887451171875" "WordPress/4.9.26; http://bulpress.top"
85.208.96.201 - - [05/Apr/2026:16:33:53 +0200] "GET /tag/%D0%BD%D0%B0%D1%80%D0%BA%D0%BE%D0%BC%D0%B0%D0%BD%D0%B8%D1%8F/ HTTP/1.1" 200 18084 "-" "Mozilla/5.0 (compatible; SemrushBot/7~bl; +http://www.semrush.com/bot.html)"
176.56.39.105 - - [05/Apr/2026:16:34:08 +0200] "POST /wp-login.php HTTP/1.1" 401 3738 "-" "Mozilla/5.0"
8.228.88.249 - - [05/Apr/2026:16:34:11 +0200] "GET /feed/ HTTP/1.1" 200 49033 "-" "Mozilla/5.0 (Windows NT 6.3; WOW64; rv:33.0) Gecko/20100101 Firefox/33.0"
161.97.137.93 - - [05/Apr/2026:16:36:55 +0200] "POST /wp-cron.php?doing_wp_cron=1775399814.0797460079193115234375 HTTP/1.1" 404 12969 "http://bulpress.top/wp-cron.php?doing_wp_cron=1775399814.0797460079193115234375" "WordPress/4.9.26; http://bulpress.top"
14.234.49.108 - - [05/Apr/2026:16:36:55 +0200] "GET /%D0%B0%D0%BA%D0%BE-%D1%81%D0%BF%D0%B0%D0%B7%D0%B2%D0%B0%D1%85%D0%BC%D0%B5-%D0%B7%D0%B0%D0%BA%D0%BE%D0%BD%D0%B8%D1%82%D0%B5-%D0%BD%D0%B0-%D1%85%D0%B0%D0%BD-%D0%BA%D1%80%D1%83%D0%BC/ HTTP/1.1" 200 22266 "-" "Mozilla/5.0 (Macintosh; Intel Mac OS X 10_7_3) AppleWebKit/537.36 (KHTML, like Gecko, Mediapartners-Google) Chrome/88.0.4324.175 Safari/537.36"
8.228.88.249 - - [05/Apr/2026:16:37:19 +0200] "GET /news/feed/ HTTP/1.1" 200 514 "-" "Mozilla/5.0 (Windows NT 6.3; WOW64; rv:33.0) Gecko/20100101 Firefox/33.0"
161.97.137.93 - - [05/Apr/2026:16:38:33 +0200] "POST /wp-cron.php?doing_wp_cron=1775399912.0524990558624267578125 HTTP/1.1" 499 0 "http://bulpress.top/wp-cron.php?doing_wp_cron=1775399912.0524990558624267578125" "WordPress/4.9.26; http://bulpress.top"
185.191.171.12 - - [05/Apr/2026:16:38:33 +0200] "GET /tag/%D0%BC%D0%B8%D0%BD%D0%B8%D1%81%D1%82%D1%8A%D1%80%D0%B0-%D0%BD%D0%B0-%D0%BE%D1%82%D0%B1%D1%80%D0%B0%D0%BD%D0%B0%D1%82%D0%B0-%D1%81%D0%B5%D1%80%D0%B3%D0%B5%D0%B9-%D1%88%D0%BE%D0%B9%D0%B3%D1%83/ HTTP/1.1" 200 19879 "-" "Mozilla/5.0 (compatible; SemrushBot/7~bl; +http://www.semrush.com/bot.html)"
161.97.137.93 - - [05/Apr/2026:16:40:37 +0200] "POST /wp-cron.php?doing_wp_cron=1775400036.2456390857696533203125 HTTP/1.1" 499 0 "http://bulpress.top/wp-cron.php?doing_wp_cron=1775400036.2456390857696533203125" "WordPress/4.9.26; http://bulpress.top"
85.208.96.212 - - [05/Apr/2026:16:40:37 +0200] "GET /%D0%BD%D0%B0%D1%88-%D0%B3%D1%83%D1%80%D0%B1%D0%B5%D1%82%D1%87%D0%B8%D1%8F-%D0%B1%D0%B5%D1%81%D0%B5%D0%BD-%D0%BE%D1%82-%D1%85%D0%BB%D0%B5%D0%BD%D1%87%D0%B5%D0%BD%D0%B5%D1%82%D0%BE/1467614510-trygnaha-globite-za-ofshorki-s-nivi-v-bylgariq-329951/ HTTP/1.1" 200 15495 "-" "Mozilla/5.0 (compatible; SemrushBot/7~bl; +http://www.semrush.com/bot.html)"
8.228.88.249 - - [05/Apr/2026:16:40:40 +0200] "GET /category/%d0%98%d1%81%d1%82%d0%be%d1%80%d0%b8%d0%b8/feed/ HTTP/1.1" 200 53803 "-" "Mozilla/5.0 (Windows NT 6.3; WOW64; rv:33.0) Gecko/20100101 Firefox/33.0"
157.55.39.53 - - [05/Apr/2026:16:44:31 +0200] "GET /wp-content/uploads/2022/09/metaldetector-1.jpg HTTP/1.1" 200 115272 "-" "Mozilla/5.0 AppleWebKit/537.36 (KHTML, like Gecko; compatible; bingbot/2.0; +http://www.bing.com/bingbot.htm) Chrome/116.0.1938.76 Safari/537.36"
161.97.137.93 - - [05/Apr/2026:16:44:33 +0200] "POST /wp-cron.php?doing_wp_cron=1775400272.8233790397644042968750 HTTP/1.1" 404 12934 "http://bulpress.top/wp-cron.php?doing_wp_cron=1775400272.8233790397644042968750" "WordPress/4.9.26; http://bulpress.top"
157.55.39.53 - - [05/Apr/2026:16:44:34 +0200] "GET /%D0%B1%D0%B5%D0%B7-%D0%B4%D0%B5%D0%BD%D1%8F-%D0%BD%D0%B0-%D0%BF%D0%BE%D0%B1%D0%B5%D0%B4%D0%B0%D1%82%D0%B0-%D0%BD%D1%8F%D0%BC%D0%B0%D1%88%D0%B5-%D0%B4%D0%B0-%D0%B8%D0%BC%D0%B0-%D0%B4%D0%B5%D0%BD-%D0%BD/ HTTP/1.1" 200 25325 "-" "Mozilla/5.0 AppleWebKit/537.36 (KHTML, like Gecko; compatible; bingbot/2.0; +http://www.bing.com/bingbot.htm) Chrome/116.0.1938.76 Safari/537.36"
157.55.39.53 - - [05/Apr/2026:16:44:35 +0200] "GET /%D0%BF%D1%80%D0%B5%D0%B4%D0%B8-1989-%D0%B3-%D1%83-%D0%BD%D0%B0%D1%81-%D0%B1%D0%B5%D1%88%D0%B5-%D0%B8%D0%B7%D0%B3%D1%80%D0%B0%D0%B4%D0%B5%D0%BD%D0%B0-%D1%81%D0%B8%D1%81%D1%82%D0%B5%D0%BC%D0%B0-%D0%BD/ HTTP/1.1" 200 21362 "-" "Mozilla/5.0 AppleWebKit/537.36 (KHTML, like Gecko; compatible; bingbot/2.0; +http://www.bing.com/bingbot.htm) Chrome/116.0.1938.76 Safari/537.36"
157.55.39.53 - - [05/Apr/2026:16:44:36 +0200] "GET /%D0%BD%D0%B0%D1%88-%D1%83%D1%87%D0%B5%D0%BD%D0%B8%D0%BA-%D0%BE%D1%88%D0%B0%D1%88%D0%B0%D0%B2%D0%B8-%D0%B1%D0%B8%D0%BB-%D0%B3%D0%B5%D0%B9%D1%82%D1%81/ HTTP/1.1" 200 21409 "-" "Mozilla/5.0 AppleWebKit/537.36 (KHTML, like Gecko; compatible; bingbot/2.0; +http://www.bing.com/bingbot.htm) Chrome/116.0.1938.76 Safari/537.36"
157.55.39.53 - - [05/Apr/2026:16:44:37 +0200] "GET /%D0%BD%D0%B0%D1%88-%D0%B5%D0%BC%D0%B8%D0%B3%D1%80%D0%B0%D0%BD%D1%82-%D0%BA%D0%B0%D0%BD%D0%B0%D0%B4%D0%B0-%D0%B1%D1%8A%D0%B4%D0%B5%D1%82%D0%B5-%D0%BF%D0%BE%D0%B2%D0%B5%D1%87%D0%B5-%D0%B1%D1%8A/ HTTP/1.1" 200 24371 "-" "Mozilla/5.0 AppleWebKit/537.36 (KHTML, like Gecko; compatible; bingbot/2.0; +http://www.bing.com/bingbot.htm) Chrome/116.0.1938.76 Safari/537.36"
8.228.88.249 - - [05/Apr/2026:16:44:41 +0200] "GET /category/%d0%a1%d0%b2%d1%8f%d1%82/feed/ HTTP/1.1" 200 53868 "-" "Mozilla/5.0 (Windows NT 6.3; WOW64; rv:33.0) Gecko/20100101 Firefox/33.0"
147.185.132.78 - - [05/Apr/2026:16:48:04 +0200] "GET / HTTP/1.1" 200 28921 "-" "Hello from Palo Alto Networks, find out more about our scans in https://docs-cortex.paloaltonetworks.com/r/1/Cortex-Xpanse/Scanning-activity"
161.97.137.93 - - [05/Apr/2026:16:52:22 +0200] "POST /wp-cron.php?doing_wp_cron=1775400741.4968779087066650390625 HTTP/1.1" 404 12926 "http://bulpress.top/wp-cron.php?doing_wp_cron=1775400741.4968779087066650390625" "WordPress/4.9.26; http://bulpress.top"
185.191.171.12 - - [05/Apr/2026:16:52:22 +0200] "GET /tag/20-%D0%B3%D0%BE%D0%B4%D0%B8%D1%88%D0%B5%D0%BD/page/2/ HTTP/1.1" 200 21196 "-" "Mozilla/5.0 (compatible; SemrushBot/7~bl; +http://www.semrush.com/bot.html)"
85.208.96.194 - - [05/Apr/2026:16:53:04 +0200] "GET /tag/%D0%A1%D1%82%D0%B5%D1%84%D0%B0%D0%BD-%D0%98%D0%B2%D0%B0%D0%BD%D0%BE%D0%B2-%D0%9F%D1%80%D0%BE%D0%B9%D0%BD%D0%BE%D0%B2/page/10/ HTTP/1.1" 200 20866 "-" "Mozilla/5.0 (compatible; SemrushBot/7~bl; +http://www.semrush.com/bot.html)"
2a03:2880:31ff:59:: - - [05/Apr/2026:16:53:23 +0200] "GET /wp-content/uploads/2017/10/6_Meri-Stoeva-7-1024x740-msgkl4fm3us7lrjbjzto8sk5vyxtuj5xkjhovejpge.jpg HTTP/1.1" 304 0 "-" "facebookexternalhit/1.1 (+http://www.facebook.com/externalhit_uatext.php)"
2a03:2880:32ff:2:: - - [05/Apr/2026:16:53:26 +0200] "GET /wp-content/uploads/2018/12/tn_20150717_163808-1.jpg HTTP/1.1" 304 0 "-" "facebookexternalhit/1.1 (+http://www.facebook.com/externalhit_uatext.php)"
2a03:2880:32ff:7:: - - [05/Apr/2026:16:53:26 +0200] "GET /wp-content/uploads/2018/01/sladki.jpg HTTP/1.1" 304 0 "-" "facebookexternalhit/1.1 (+http://www.facebook.com/externalhit_uatext.php)"
161.97.137.93 - - [05/Apr/2026:16:54:21 +0200] "POST /wp-cron.php?doing_wp_cron=1775400860.6101999282836914062500 HTTP/1.1" 404 12845 "http://bulpress.top/wp-cron.php?doing_wp_cron=1775400860.6101999282836914062500" "WordPress/4.9.26; http://bulpress.top"
85.208.96.193 - - [05/Apr/2026:16:54:21 +0200] "GET /%D0%B7%D0%B0%D1%85%D0%B0%D1%80%D0%BE%D0%B2%D0%B0-%D0%B7%D0%B0%D0%BF%D0%B0%D0%B4%D1%8A%D1%82-%D1%81%D0%B8-%D0%B8%D0%B7%D0%BC%D0%B8%D1%81%D0%BB%D1%8F-%D0%BF%D1%80%D0%B5%D1%82%D0%B5%D0%BA%D1%81%D1%82/maria-zaxarova/ HTTP/1.1" 200 15367 "-" "Mozilla/5.0 (compatible; SemrushBot/7~bl; +http://www.semrush.com/bot.html)"
85.208.96.212 - - [05/Apr/2026:16:54:48 +0200] "GET /tag/ka%D0%BF%D0%B8%D1%82a%D0%BD%D1%8A%D1%82/ HTTP/1.1" 200 14885 "-" "Mozilla/5.0 (compatible; SemrushBot/7~bl; +http://www.semrush.com/bot.html)"
2a03:2880:18ff:56:: - - [05/Apr/2026:16:54:58 +0200] "GET /%d0%b7%d0%b0-30-%d0%b3%d0%be%d0%b4%d0%b8%d0%bd%d0%b8-%d1%81%d1%8a%d1%81%d0%b8%d0%bf%d0%b0%d1%85%d0%b0-%d0%bf%d0%be%d1%81%d1%82%d1%80%d0%be%d0%b5%d0%bd%d0%be%d1%82%d0%be-%d0%be%d1%82-%d1%82%d0%be-3/ HTTP/1.1" 404 12934 "-" "facebookexternalhit/1.1 (+http://www.facebook.com/externalhit_uatext.php)"
2a03:2880:18ff:4a:: - - [05/Apr/2026:16:54:58 +0200] "GET /%d0%b7%d0%b0-30-%d0%b3%d0%be%d0%b4%d0%b8%d0%bd%d0%b8-%d1%81%d1%8a%d1%81%d0%b8%d0%bf%d0%b0%d1%85%d0%b0-%d0%bf%d0%be%d1%81%d1%82%d1%80%d0%be%d0%b5%d0%bd%d0%be%d1%82%d0%be-%d0%be%d1%82-%d1%82%d0%be-3/ HTTP/1.1" 404 12949 "-" "facebookexternalhit/1.1 (+http://www.facebook.com/externalhit_uatext.php)"
161.97.137.93 - - [05/Apr/2026:16:56:06 +0200] "POST /wp-cron.php?doing_wp_cron=1775400965.1991899013519287109375 HTTP/1.1" 404 12941 "http://bulpress.top/wp-cron.php?doing_wp_cron=1775400965.1991899013519287109375" "WordPress/4.9.26; http://bulpress.top"
8.228.88.249 - - [05/Apr/2026:16:56:06 +0200] "GET /category/%d0%91%d1%8a%d0%bb%d0%b3%d0%b0%d1%80%d0%b8%d1%8f/feed/ HTTP/1.1" 200 55198 "-" "Mozilla/5.0 (Windows NT 6.3; WOW64; rv:33.0) Gecko/20100101 Firefox/33.0"
8.228.88.249 - - [05/Apr/2026:16:58:50 +0200] "GET /feed/ HTTP/1.1" 200 49033 "-" "Mozilla/5.0 (Windows NT 6.3; WOW64; rv:33.0) Gecko/20100101 Firefox/33.0"
185.191.171.10 - - [05/Apr/2026:16:59:11 +0200] "GET /tag/%D0%B7%D0%B0%D1%85%D0%B0%D1%80%D0%B8-%D0%B7%D0%BE%D0%B3%D1%80%D0%B0%D1%84/ HTTP/1.1" 200 15139 "-" "Mozilla/5.0 (compatible; SemrushBot/7~bl; +http://www.semrush.com/bot.html)"
161.97.137.93 - - [05/Apr/2026:16:59:58 +0200] "POST /wp-cron.php?doing_wp_cron=1775401197.3832199573516845703125 HTTP/1.1" 404 12926 "http://bulpress.top/wp-cron.php?doing_wp_cron=1775401197.3832199573516845703125" "WordPress/4.9.26; http://bulpress.top"
8.228.88.249 - - [05/Apr/2026:16:59:58 +0200] "GET /category/%d0%a1%d0%b2%d1%8f%d1%82/feed/ HTTP/1.1" 200 53868 "-" "Mozilla/5.0 (Windows NT 6.3; WOW64; rv:33.0) Gecko/20100101 Firefox/33.0"
144.76.32.187 - - [05/Apr/2026:17:00:25 +0200] "GET /%D0%B7%D0%B0%D0%B1%D1%80%D0%B0%D0%BD%D0%B5%D0%BD%D0%B0%D1%82%D0%B0-%D0%BE%D0%B1%D0%B5%D0%B4%D0%B8%D0%BD%D0%B5%D0%BD%D0%B0-%D0%B1%D1%8A%D0%BB%D0%B3%D0%B0%D1%80%D0%B8%D1%8F/ HTTP/1.1" 200 27227 "-" "Mozilla/5.0 (compatible; SERankingBacklinksBot/1.0; +https://seranking.com/backlinks-crawler)"
144.76.32.187 - - [05/Apr/2026:17:00:36 +0200] "GET /%D0%B8%D0%B7%D0%BB%D0%B5%D0%B7%D0%B5-%D1%82%D0%BE%D0%BF-15-%D0%BD%D0%B0-%D0%BD%D0%B0%D0%B9-%D0%B2%D1%80%D0%B5%D0%B4%D0%BD%D0%B8%D1%82%D0%B5-%D1%85%D1%80%D0%B0%D0%BD%D0%B8/ HTTP/1.1" 200 25247 "-" "Mozilla/5.0 (compatible; SERankingBacklinksBot/1.0; +https://seranking.com/backlinks-crawler)"
144.76.32.187 - - [05/Apr/2026:17:00:52 +0200] "GET /%D0%B1%D1%8A%D0%BB%D0%B3%D0%B0%D1%80%D0%BA%D0%B0%D1%82%D0%B0-%D1%81%D0%B2%D0%B5%D1%82%D0%BB%D0%B0-%D0%BA%D0%BE%D1%8F%D1%82%D0%BE-%D0%B0%D0%BD%D0%B8%D0%BC%D0%B8%D1%80%D0%B0/ HTTP/1.1" 200 24738 "-" "Mozilla/5.0 (compatible; SERankingBacklinksBot/1.0; +https://seranking.com/backlinks-crawler)"
144.76.32.187 - - [05/Apr/2026:17:01:08 +0200] "GET /%D0%B6%D1%83%D1%80%D0%BD%D0%B0%D0%BB%D0%B8%D1%81%D1%82%D0%B8-%D1%80%D0%B0%D0%B7%D0%BA%D1%80%D0%B8%D1%85%D0%B0-%D1%82%D0%B0%D0%B5%D0%BD-%D0%BF%D1%80%D0%BE%D0%B5%D0%BA%D1%82/ HTTP/1.1" 200 23489 "-" "Mozilla/5.0 (compatible; SERankingBacklinksBot/1.0; +https://seranking.com/backlinks-crawler)"
8.228.88.249 - - [05/Apr/2026:17:01:09 +0200] "GET /news/feed/ HTTP/1.1" 200 514 "-" "Mozilla/5.0 (Windows NT 6.3; WOW64; rv:33.0) Gecko/20100101 Firefox/33.0"
144.76.32.187 - - [05/Apr/2026:17:01:22 +0200] "GET /%D0%BA%D0%BE%D1%88%D0%BC%D0%B0%D1%80%D1%8A%D1%82-%D0%BA%D1%80%D0%B0%D0%B9-%D0%BA%D0%B8%D1%82%D0%B5%D0%BD-%D0%BF%D1%80%D0%B5%D0%B7-1972-%D0%B3%D0%BE%D0%B4%D0%B8%D0%BD%D0%B0/ HTTP/1.1" 200 25134 "-" "Mozilla/5.0 (compatible; SERankingBacklinksBot/1.0; +https://seranking.com/backlinks-crawler)"
66.249.74.164 - - [05/Apr/2026:17:01:30 +0200] "GET /wp-content/uploads/2018/01/Spartacus.jpg HTTP/1.1" 304 0 "-" "Googlebot-Image/1.0"
144.76.32.187 - - [05/Apr/2026:17:01:37 +0200] "GET /%D0%BE%D1%82%D0%BB%D0%B8%D1%87%D0%BD%D0%B0%D1%82%D0%B0-%D0%B4%D0%B8%D0%BF%D0%BB%D0%BE%D0%BC%D0%B0-%D0%BE%D1%82-%D1%85%D0%B0%D0%B9%D0%B4%D0%B5%D0%BB%D0%B1%D0%B5%D1%80%D0%B3/ HTTP/1.1" 200 24134 "-" "Mozilla/5.0 (compatible; SERankingBacklinksBot/1.0; +https://seranking.com/backlinks-crawler)"
144.76.32.187 - - [05/Apr/2026:17:01:45 +0200] "GET /%D0%BF%D0%BB%D0%B0%D1%87%D0%B5%D1%89%D0%B0%D1%82%D0%B0-%D0%B1%D0%BE%D0%B3%D0%BE%D1%80%D0%BE%D0%B4%D0%B8%D1%86%D0%B0-%D0%BD%D0%B0%D0%B9-%D1%81%D0%B8%D0%BB%D0%BD%D0%B0%D1%82/ HTTP/1.1" 200 20268 "-" "Mozilla/5.0 (compatible; SERankingBacklinksBot/1.0; +https://seranking.com/backlinks-crawler)"
144.76.32.187 - - [05/Apr/2026:17:01:56 +0200] "GET /%D1%81%D0%BF%D0%BE%D0%BC%D0%B5%D0%BD%D0%B8-%D1%81%D0%BE%D1%86%D0%B0-%D0%BE%D1%82%D0%B8%D0%B4%D0%BE%D1%85-%D0%B0%D0%B1%D0%B8%D1%82%D1%83%D1%80%D0%B5%D0%BD%D1%82%D1%81%D0%BA/ HTTP/1.1" 200 23801 "-" "Mozilla/5.0 (compatible; SERankingBacklinksBot/1.0; +https://seranking.com/backlinks-crawler)"
161.97.137.93 - - [05/Apr/2026:17:02:05 +0200] "POST /wp-cron.php?doing_wp_cron=1775401324.9501969814300537109375 HTTP/1.1" 404 12949 "http://bulpress.top/wp-cron.php?doing_wp_cron=1775401324.9501969814300537109375" "WordPress/4.9.26; http://bulpress.top"
144.76.32.187 - - [05/Apr/2026:17:02:06 +0200] "GET /%D0%A8%D0%B2%D0%B5%D0%B9%D1%86%D0%B0%D1%80%D0%B8%D1%8F-%D0%BE%D1%82%D0%B2%D0%B0%D1%80%D1%8F-%D0%BF%D0%B0%D0%B7%D0%B0%D1%80%D0%B0-%D1%82%D1%80%D1%83%D0%B4%D0%B0-%D0%B1%D1%8A/ HTTP/1.1" 200 21201 "-" "Mozilla/5.0 (compatible; SERankingBacklinksBot/1.0; +https://seranking.com/backlinks-crawler)"
144.76.32.187 - - [05/Apr/2026:17:02:10 +0200] "GET /%D0%B0-%D0%BD%D1%8F%D0%BA%D0%BE%D0%B3%D0%B0-%D0%B4%D0%B5%D1%82%D1%81%D1%82%D0%B2%D0%BE%D1%82%D0%BE-%D0%B1%D0%B5-%D1%82%D0%B0%D0%BA%D0%BE%D0%B2%D0%B0%D0%B1%D0%B0%D0%B1%D0%BE/ HTTP/1.1" 200 22034 "-" "Mozilla/5.0 (compatible; SERankingBacklinksBot/1.0; +https://seranking.com/backlinks-crawler)"
144.76.32.187 - - [05/Apr/2026:17:02:16 +0200] "GET /%D0%B1%D1%8A%D0%BB%D0%B3%D0%B0%D1%80%D0%B8%D1%82%D0%B5-%D0%BA%D0%B0%D1%80%D0%B0%D1%82-%D0%BD%D0%B0%D0%B9-%D1%81%D1%82%D0%B0%D1%80%D0%B8%D1%82%D0%B5-%D0%BA%D0%BE%D0%BB%D0%B8/ HTTP/1.1" 200 21875 "-" "Mozilla/5.0 (compatible; SERankingBacklinksBot/1.0; +https://seranking.com/backlinks-crawler)"
144.76.32.187 - - [05/Apr/2026:17:02:30 +0200] "GET /%D0%B1%D1%8A%D0%BB%D0%B3%D0%B0%D1%80%D0%B8%D1%8F-%D1%81%D1%8A%D1%81%D1%82%D0%B0%D0%B2%D0%B8-%D0%BF%D0%BB%D0%B0%D0%BD-%D0%B7%D0%B0-%D0%B2%D1%80%D1%8A%D1%89%D0%B0%D0%BD%D0%B5/ HTTP/1.1" 200 22460 "-" "Mozilla/5.0 (compatible; SERankingBacklinksBot/1.0; +https://seranking.com/backlinks-crawler)"
144.76.32.187 - - [05/Apr/2026:17:02:38 +0200] "GET /%D0%B3%D1%80%D0%B0%D1%86%D0%B8%D0%B8%D1%82%D0%B5-%D1%81-%D0%B2%D1%82%D0%BE%D1%80%D0%BE-%D0%B7%D0%BB%D0%B0%D1%82%D0%BE-%D1%81%D0%B2%D0%B5%D1%82%D0%BE%D0%B2%D0%BD%D0%BE%D1%82/ HTTP/1.1" 200 21044 "-" "Mozilla/5.0 (compatible; SERankingBacklinksBot/1.0; +https://seranking.com/backlinks-crawler)"
144.76.32.187 - - [05/Apr/2026:17:02:44 +0200] "GET /%D0%B5%D0%BC%D0%B8%D0%B3%D1%80%D0%B0%D0%BD%D1%82-%D0%BF%D0%BE%D0%B4%D0%B0%D1%80%D0%B8-%D1%80%D0%BE%D0%B6%D0%B4%D0%B5%D0%BD%D0%B8%D1%8F-%D0%B4%D0%B5%D0%BD-%D0%B1%D1%83%D1%81/ HTTP/1.1" 200 22331 "-" "Mozilla/5.0 (compatible; SERankingBacklinksBot/1.0; +https://seranking.com/backlinks-crawler)"
144.76.32.187 - - [05/Apr/2026:17:02:58 +0200] "GET /%D0%B7%D0%B0%D0%B1%D1%80%D0%B0%D0%B2%D0%B5%D0%BD%D0%B8%D1%82%D0%B5-%D0%BB%D0%B5%D1%82%D0%BD%D0%B8%D1%82%D0%B5-%D0%B8%D0%B3%D1%80%D0%B8-%D0%BD%D0%B0-%D1%81%D0%BE%D1%86%D0%B0/ HTTP/1.1" 200 22144 "-" "Mozilla/5.0 (compatible; SERankingBacklinksBot/1.0; +https://seranking.com/backlinks-crawler)"
144.76.32.187 - - [05/Apr/2026:17:03:04 +0200] "GET /%D0%B7%D0%B0%D0%B2%D1%8A%D1%80%D0%BD%D0%B0%D0%BB%D0%B0-%D1%81%D0%B5-%D0%B1%D1%8A%D0%BB%D0%B3%D0%B0%D1%80%D0%BA%D0%B0-%D0%BE%D1%82-%D1%87%D1%83%D0%B6%D0%B1%D0%B8%D0%BD%D0%B0/ HTTP/1.1" 200 24110 "-" "Mozilla/5.0 (compatible; SERankingBacklinksBot/1.0; +https://seranking.com/backlinks-crawler)"
144.76.32.187 - - [05/Apr/2026:17:03:18 +0200] "GET /%D0%B8%D1%81%D1%82%D0%B8%D0%BD%D0%B0%D1%82%D0%B0-%D0%B5%D0%BC%D0%B8%D0%B3%D1%80%D0%B0%D0%BD%D1%82%D0%B0-%D0%BD%D0%B0-%D1%87%D1%83%D0%B6%D0%B4%D0%B0-%D0%BC%D0%B0%D1%81%D0%B0/ HTTP/1.1" 200 25425 "-" "Mozilla/5.0 (compatible; SERankingBacklinksBot/1.0; +https://seranking.com/backlinks-crawler)"
144.76.32.187 - - [05/Apr/2026:17:03:31 +0200] "GET /%D0%BC%D0%B0%D0%BB%D0%BA%D0%BE-%D1%81%D0%B5%D0%BB%D1%86%D0%B5-%D0%B4%D0%B0%D0%B2%D0%B0-2000-%D0%B5%D0%B2%D1%80%D0%BE-%D0%B4%D0%B0-%D0%B6%D0%B8%D0%B2%D0%B5%D0%B5%D1%82%D0%B5/ HTTP/1.1" 200 21909 "-" "Mozilla/5.0 (compatible; SERankingBacklinksBot/1.0; +https://seranking.com/backlinks-crawler)"
144.76.32.187 - - [05/Apr/2026:17:03:56 +0200] "GET /%D0%BD%D0%BE%D0%B2-%D1%83%D0%BD%D0%B8%D0%BA%D0%B0%D0%BB%D0%B5%D0%BD-%D0%BC%D0%BE%D0%BC%D0%B5%D0%BD%D1%82-%D1%81-%D0%BF%D1%80%D0%B5%D0%B7%D0%B8%D0%B4%D0%B5%D0%BD%D1%82%D0%B0/ HTTP/1.1" 200 21253 "-" "Mozilla/5.0 (compatible; SERankingBacklinksBot/1.0; +https://seranking.com/backlinks-crawler)"
144.76.32.187 - - [05/Apr/2026:17:04:01 +0200] "GET /%D0%BF%D0%BE%D1%80%D0%B5%D0%B4%D0%BD%D0%B0%D1%82%D0%B0-%D0%B8%D0%B4%D0%B8%D0%BE%D1%82%D0%B8%D1%8F-%D0%B1%D0%B0%D0%B1%D0%B8%D1%82%D0%B5-%D0%BD%D0%B0-%D1%81%D0%B5%D0%BB%D0%BE/ HTTP/1.1" 502 150 "-" "Mozilla/5.0 (compatible; SERankingBacklinksBot/1.0; +https://seranking.com/backlinks-crawler)"
66.249.74.164 - - [05/Apr/2026:17:05:31 +0200] "GET /ads.txt HTTP/1.1" 200 58 "-" "Mozilla/5.0 (compatible; Googlebot/2.1; +http://www.google.com/bot.html)"
161.97.137.93 - - [05/Apr/2026:17:07:12 +0200] "POST /wp-cron.php?doing_wp_cron=1775401631.2653310298919677734375 HTTP/1.1" 404 12882 "http://bulpress.top/wp-cron.php?doing_wp_cron=1775401631.2653310298919677734375" "WordPress/4.9.26; http://bulpress.top"
85.208.96.202 - - [05/Apr/2026:17:07:12 +0200] "GET /tag/%D0%BA%D0%B0%D0%BA%D0%B2%D0%BE-%D0%B1%D0%B5%D1%88%D0%B5-%D0%B7%D0%B4%D1%80%D0%B0%D0%B2%D0%B5%D0%BE%D0%BF%D0%B0%D0%B7%D0%B2%D0%B0%D0%BD%D0%B5%D1%82%D0%BE-%D0%BF%D0%BE-%D0%B2%D1%80%D0%B5%D0%BC%D0%B5/ HTTP/1.1" 200 14965 "-" "Mozilla/5.0 (compatible; SemrushBot/7~bl; +http://www.semrush.com/bot.html)"
37.59.21.100 - - [05/Apr/2026:17:07:43 +0200] "GET /comments/feed/ HTTP/1.1" 200 5841 "-" "Mozilla/5.0 (X11; Linux i686) AppleWebKit/537.36 (KHTML, like Gecko) Chrome/30.0.1599.66 Safari/537.36"
85.208.96.202 - - [05/Apr/2026:17:08:00 +0200] "GET /tag/%D0%B8%D0%B7%D1%87%D0%B8%D1%81%D0%BB%D1%8F%D0%B2%D0%B0%D0%BD%D0%B5/ HTTP/1.1" 200 15045 "-" "Mozilla/5.0 (compatible; SemrushBot/7~bl; +http://www.semrush.com/bot.html)"
199.7.140.198 - - [05/Apr/2026:17:08:22 +0200] "GET /wp-content/uploads/2017/09/08_Flughafen_Frankfurt_AlumniseiteBild1-1024x674-218x150.jpg HTTP/1.1" 200 14105 "-" "Mozilla/5.0 (X11; Linux x86_64) AppleWebKit/537.36 (KHTML, like Gecko) Chrome/124.0.0.0 Safari/537.36"
8.228.88.249 - - [05/Apr/2026:17:09:06 +0200] "GET /category/%d0%98%d1%81%d1%82%d0%be%d1%80%d0%b8%d0%b8/feed/ HTTP/1.1" 200 53803 "-" "Mozilla/5.0 (Windows NT 6.3; WOW64; rv:33.0) Gecko/20100101 Firefox/33.0"
161.97.137.93 - - [05/Apr/2026:17:10:34 +0200] "POST /wp-cron.php?doing_wp_cron=1775401833.7185709476470947265625 HTTP/1.1" 404 12887 "http://bulpress.top/wp-cron.php?doing_wp_cron=1775401833.7185709476470947265625" "WordPress/4.9.26; http://bulpress.top"
85.208.96.207 - - [05/Apr/2026:17:10:35 +0200] "GET /tag/%D0%95%D0%A1/page/34/ HTTP/1.1" 200 21087 "-" "Mozilla/5.0 (compatible; SemrushBot/7~bl; +http://www.semrush.com/bot.html)"
161.97.137.93 - - [05/Apr/2026:17:13:00 +0200] "POST /wp-cron.php?doing_wp_cron=1775401979.6484849452972412109375 HTTP/1.1" 499 0 "http://bulpress.top/wp-cron.php?doing_wp_cron=1775401979.6484849452972412109375" "WordPress/4.9.26; http://bulpress.top"
176.56.39.105 - - [05/Apr/2026:17:13:01 +0200] "POST /wp-login.php HTTP/1.1" 502 150 "-" "Mozilla/5.0"
161.97.137.93 - - [05/Apr/2026:17:17:01 +0200] "POST /wp-cron.php?doing_wp_cron=1775402220.8462359905242919921875 HTTP/1.1" 499 0 "http://bulpress.top/wp-cron.php?doing_wp_cron=1775402220.8462359905242919921875" "WordPress/4.9.26; http://bulpress.top"
144.91.103.84 - - [05/Apr/2026:17:17:02 +0200] "GET /wp-content/plugins/shell/about.php HTTP/1.1" 404 4843 "www.google.com" "Mozlila/5.0 (Linux; Android 7.0; SM-G892A Bulid/NRD90M; wv) AppleWebKit/537.36 (KHTML, like Gecko) Version/4.0 Chrome/60.0.3112.107 Moblie Safari/537.36"
144.91.103.84 - - [05/Apr/2026:17:17:55 +0200] "GET /wp-content/plugins/fix/up.php HTTP/1.1" 404 12947 "www.google.com" "Mozlila/5.0 (Linux; Android 7.0; SM-G892A Bulid/NRD90M; wv) AppleWebKit/537.36 (KHTML, like Gecko) Version/4.0 Chrome/60.0.3112.107 Moblie Safari/537.36"
161.97.137.93 - - [05/Apr/2026:17:19:31 +0200] "POST /wp-cron.php?doing_wp_cron=1775402370.7204608917236328125000 HTTP/1.1" 499 0 "http://bulpress.top/wp-cron.php?doing_wp_cron=1775402370.7204608917236328125000" "WordPress/4.9.26; http://bulpress.top"
144.91.103.84 - - [05/Apr/2026:17:19:32 +0200] "GET /wp-content/plugins/wp-help/mini.php HTTP/1.1" 404 12941 "www.google.com" "Mozlila/5.0 (Linux; Android 7.0; SM-G892A Bulid/NRD90M; wv) AppleWebKit/537.36 (KHTML, like Gecko) Version/4.0 Chrome/60.0.3112.107 Moblie Safari/537.36"
8.228.88.249 - - [05/Apr/2026:17:21:32 +0200] "GET /news/feed/ HTTP/1.1" 200 514 "-" "Mozilla/5.0 (Windows NT 6.3; WOW64; rv:33.0) Gecko/20100101 Firefox/33.0"
85.208.96.206 - - [05/Apr/2026:17:21:40 +0200] "GET /tag/stefan/page/2/ HTTP/1.1" 200 21174 "-" "Mozilla/5.0 (compatible; SemrushBot/7~bl; +http://www.semrush.com/bot.html)"
161.97.137.93 - - [05/Apr/2026:17:22:18 +0200] "POST /wp-cron.php?doing_wp_cron=1775402538.0180909633636474609375 HTTP/1.1" 404 12884 "http://bulpress.top/wp-cron.php?doing_wp_cron=1775402538.0180909633636474609375" "WordPress/4.9.26; http://bulpress.top"
185.191.171.11 - - [05/Apr/2026:17:22:19 +0200] "GET /tag/%D0%BF%D0%BB%D0%BE%D0%B2%D0%B4%D0%B8%D0%B2%D1%81%D0%BA%D0%B0%D1%82%D0%B0-%D0%B3%D0%BB%D0%B0%D0%B2%D0%BD%D0%B0-%D1%83%D0%BB%D0%B8%D1%86%D0%B0/ HTTP/1.1" 200 14859 "-" "Mozilla/5.0 (compatible; SemrushBot/7~bl; +http://www.semrush.com/bot.html)"
161.97.137.93 - - [05/Apr/2026:17:26:00 +0200] "POST /wp-cron.php?doing_wp_cron=1775402760.0252420902252197265625 HTTP/1.1" 404 12948 "http://bulpress.top/wp-cron.php?doing_wp_cron=1775402760.0252420902252197265625" "WordPress/4.9.26; http://bulpress.top"
17.246.15.217 - - [05/Apr/2026:17:26:01 +0200] "GET /%D0%BD%D0%B5-%D1%81%D0%B8-%D0%B1%D1%8A%D0%BB%D0%B3%D0%B0%D1%80%D0%B8%D0%BD-%D0%B0%D0%BA%D0%BE-%D0%BD%D0%B5-%D0%B7%D0%BD%D0%B0%D0%B5%D1%88-%D0%BD%D0%B0%D0%B9-%D1%81%D1%82%D0%B0%D1%80%D0%BE%D1%82%D0%BE/ HTTP/1.1" 200 26425 "-" "Mozilla/5.0 (Macintosh; Intel Mac OS X 10_15_7) AppleWebKit/605.1.15 (KHTML, like Gecko) Version/17.4 Safari/605.1.15 (Applebot/0.1; +http://www.apple.com/go/applebot)"
85.208.96.208 - - [05/Apr/2026:17:27:23 +0200] "GET /tag/%D0%B8%D0%BD%D1%84%D0%BE%D1%80%D0%BC%D0%B0%D1%86%D0%B8%D1%8F/page/33/ HTTP/1.1" 403 285 "-" "Mozilla/5.0 (compatible; SemrushBot/7~bl; +http://www.semrush.com/bot.html)"
161.97.137.93 - - [05/Apr/2026:17:27:24 +0200] "POST /wp-cron.php?doing_wp_cron=1775402843.9211909770965576171875 HTTP/1.1" 404 12936 "http://bulpress.top/wp-cron.php?doing_wp_cron=1775402843.9211909770965576171875" "WordPress/4.9.26; http://bulpress.top"
8.228.88.249 - - [05/Apr/2026:17:27:24 +0200] "GET /feed/ HTTP/1.1" 200 49033 "-" "Mozilla/5.0 (Windows NT 6.3; WOW64; rv:33.0) Gecko/20100101 Firefox/33.0"
185.170.167.18 - - [05/Apr/2026:17:27:39 +0200] "GET /tag/%D0%B8%D0%BD%D1%84%D0%BE%D1%80%D0%BC%D0%B0%D1%86%D0%B8%D1%8F/page/33/ HTTP/1.1" 200 29671 "-" "Mozilla/5.0 (compatible; BacklinksExtendedBot)"
161.97.137.93 - - [05/Apr/2026:17:28:24 +0200] "POST /wp-cron.php?doing_wp_cron=1775402904.4151771068572998046875 HTTP/1.1" 404 12949 "http://bulpress.top/wp-cron.php?doing_wp_cron=1775402904.4151771068572998046875" "WordPress/4.9.26; http://bulpress.top"
161.97.137.93 - - [05/Apr/2026:17:28:25 +0200] "POST /wp-cron.php?doing_wp_cron=1775402904.2252299785614013671875 HTTP/1.1" 404 12900 "http://bulpress.top/wp-cron.php?doing_wp_cron=1775402904.2252299785614013671875" "WordPress/4.9.26; http://bulpress.top"
2a03:2880:25ff:56:: - - [05/Apr/2026:17:28:25 +0200] "GET /%D1%81%D0%BF%D0%BE%D0%BC%D0%B5%D0%BD%D0%B8-%D0%BE%D1%82-%D1%81%D0%BE%D1%86%D0%B0-%D0%BF%D0%B0%D1%80%D0%BD%D0%BE%D1%82%D0%BE-%D0%B1%D0%B5%D1%88%D0%B5-15-%D0%BB%D0%B2-%D0%BD%D0%B0-%D0%BC%D0%B5%D1%81/ HTTP/1.1" 200 21593 "-" "facebookexternalhit/1.1 (+http://www.facebook.com/externalhit_uatext.php)"
