2a03:2880:25ff:7:: - - [05/Apr/2026:17:28:25 +0200] "GET /%D1%81%D0%BF%D0%BE%D0%BC%D0%B5%D0%BD%D0%B8-%D0%BE%D1%82-%D1%81%D0%BE%D1%86%D0%B0-%D0%BF%D0%B0%D1%80%D0%BD%D0%BE%D1%82%D0%BE-%D0%B1%D0%B5%D1%88%D0%B5-15-%D0%BB%D0%B2-%D0%BD%D0%B0-%D0%BC%D0%B5%D1%81/ HTTP/1.1" 200 21599 "-" "facebookexternalhit/1.1 (+http://www.facebook.com/externalhit_uatext.php)"
2a03:2880:25ff:5c:: - - [05/Apr/2026:17:28:25 +0200] "GET /wp-content/uploads/2018/12/Screenshot_4-8.jpg HTTP/1.1" 200 95462 "-" "facebookexternalhit/1.1 (+http://www.facebook.com/externalhit_uatext.php)"
2a03:2880:32ff:3:: - - [05/Apr/2026:17:28:26 +0200] "GET /wp-content/uploads/2018/12/Screenshot_4-8.jpg HTTP/1.1" 200 95462 "-" "facebookexternalhit/1.1 (+http://www.facebook.com/externalhit_uatext.php)"
2a03:2880:16ff:51:: - - [05/Apr/2026:17:29:17 +0200] "GET /%D1%81%D0%BF%D0%BE%D0%BC%D0%B5%D0%BD%D0%B8-%D0%BE%D1%82-%D1%81%D0%BE%D1%86%D0%B0-%D0%BF%D0%B0%D1%80%D0%BD%D0%BE%D1%82%D0%BE-%D0%B1%D0%B5%D1%88%D0%B5-15-%D0%BB%D0%B2-%D0%BD%D0%B0-%D0%BC%D0%B5%D1%81/ HTTP/1.1" 200 21599 "-" "facebookexternalhit/1.1 (+http://www.facebook.com/externalhit_uatext.php)"
17.246.23.27 - - [05/Apr/2026:17:31:15 +0200] "GET /wp-includes/js/comment-reply.min.js?ver=4.9.26 HTTP/1.1" 304 0 "http://bulpress.top/%D0%BD%D0%B5-%D1%81%D0%B8-%D0%B1%D1%8A%D0%BB%D0%B3%D0%B0%D1%80%D0%B8%D0%BD-%D0%B0%D0%BA%D0%BE-%D0%BD%D0%B5-%D0%B7%D0%BD%D0%B0%D0%B5%D1%88-%D0%BD%D0%B0%D0%B9-%D1%81%D1%82%D0%B0%D1%80%D0%BE%D1%82%D0%BE/" "Mozilla/5.0 (Macintosh; Intel Mac OS X 10_15_7) AppleWebKit/605.1.15 (KHTML, like Gecko) Version/17.4 Safari/605.1.15 (Applebot/0.1; +http://www.apple.com/go/applebot)"
161.97.137.93 - - [05/Apr/2026:17:31:52 +0200] "POST /wp-cron.php?doing_wp_cron=1775403111.3235940933227539062500 HTTP/1.1" 404 12951 "http://bulpress.top/wp-cron.php?doing_wp_cron=1775403111.3235940933227539062500" "WordPress/4.9.26; http://bulpress.top"
85.208.96.202 - - [05/Apr/2026:17:31:52 +0200] "GET /tag/%D1%80%D0%B0%D0%B1%D0%BE%D1%82%D0%B0-%D0%BD%D0%B0-%D0%BD%D0%B8%D0%B2%D0%B0%D1%82%D0%B0/ HTTP/1.1" 200 15000 "-" "Mozilla/5.0 (compatible; SemrushBot/7~bl; +http://www.semrush.com/bot.html)"
98.142.241.145 - - [05/Apr/2026:17:33:14 +0200] "GET /wp-content/uploads/2017/10/899dd495e62b938ece2df342434aa4d9-1-696x463-324x160.jpg HTTP/1.1" 200 11184 "-" "Mozilla/5.0 (X11; Linux x86_64) AppleWebKit/537.36 (KHTML, like Gecko) Chrome/124.0.0.0 Safari/537.36"
161.97.137.93 - - [05/Apr/2026:17:33:45 +0200] "POST /wp-cron.php?doing_wp_cron=1775403224.6042520999908447265625 HTTP/1.1" 404 12886 "http://bulpress.top/wp-cron.php?doing_wp_cron=1775403224.6042520999908447265625" "WordPress/4.9.26; http://bulpress.top"
85.208.96.194 - - [05/Apr/2026:17:33:45 +0200] "GET /tag/%D0%B1%D1%8A%D0%BB%D0%B3%D0%B0%D1%80%D0%B8%D1%8F-%D0%B4%D0%BD%D0%B5%D1%81/ HTTP/1.1" 200 14901 "-" "Mozilla/5.0 (compatible; SemrushBot/7~bl; +http://www.semrush.com/bot.html)"
8.228.88.249 - - [05/Apr/2026:17:33:48 +0200] "GET /category/%d0%98%d1%81%d1%82%d0%be%d1%80%d0%b8%d0%b8/feed/ HTTP/1.1" 200 53803 "-" "Mozilla/5.0 (Windows NT 6.3; WOW64; rv:33.0) Gecko/20100101 Firefox/33.0"
161.97.137.93 - - [05/Apr/2026:17:36:06 +0200] "POST /wp-cron.php?doing_wp_cron=1775403365.5224258899688720703125 HTTP/1.1" 404 12947 "http://bulpress.top/wp-cron.php?doing_wp_cron=1775403365.5224258899688720703125" "WordPress/4.9.26; http://bulpress.top"
185.191.171.19 - - [05/Apr/2026:17:36:06 +0200] "GET /tag/%D0%BC%D0%BE%D1%80%D1%84%D0%B8%D0%BD%D0%B0/ HTTP/1.1" 200 14930 "-" "Mozilla/5.0 (compatible; SemrushBot/7~bl; +http://www.semrush.com/bot.html)"
185.191.171.11 - - [05/Apr/2026:17:36:57 +0200] "GET /tag/%D1%80%D0%B5%D1%86%D0%B5%D0%BF%D1%82%D0%B0/ HTTP/1.1" 200 15627 "-" "Mozilla/5.0 (compatible; SemrushBot/7~bl; +http://www.semrush.com/bot.html)"
8.228.88.249 - - [05/Apr/2026:17:37:00 +0200] "GET /category/%d0%a1%d0%b2%d1%8f%d1%82/feed/ HTTP/1.1" 200 53868 "-" "Mozilla/5.0 (Windows NT 6.3; WOW64; rv:33.0) Gecko/20100101 Firefox/33.0"
161.97.137.93 - - [05/Apr/2026:17:37:25 +0200] "POST /wp-cron.php?doing_wp_cron=1775403444.7853760719299316406250 HTTP/1.1" 404 12898 "http://bulpress.top/wp-cron.php?doing_wp_cron=1775403444.7853760719299316406250" "WordPress/4.9.26; http://bulpress.top"
185.191.171.5 - - [05/Apr/2026:17:37:25 +0200] "GET /tag/%D0%92%D0%98%D0%A2%D0%98%D0%97/ HTTP/1.1" 200 15701 "-" "Mozilla/5.0 (compatible; SemrushBot/7~bl; +http://www.semrush.com/bot.html)"
216.244.66.232 - - [05/Apr/2026:17:38:17 +0200] "GET /robots.txt HTTP/1.1" 200 80 "-" "Mozilla/5.0 (compatible; DotBot/1.2; +https://opensiteexplorer.org/dotbot; help@moz.com)"
8.228.88.249 - - [05/Apr/2026:17:38:54 +0200] "GET /news/feed/ HTTP/1.1" 200 514 "-" "Mozilla/5.0 (Windows NT 6.3; WOW64; rv:33.0) Gecko/20100101 Firefox/33.0"
162.62.231.139 - - [05/Apr/2026:17:39:41 +0200] "GET /%d1%81%d1%82%d0%b0%d1%80%d0%b0%d1%82%d0%b0-%d1%81%d0%b5%d0%bb%d1%81%d0%ba%d0%b0-%d0%ba%d1%8a%d1%89%d0%b0-%d0%bd%d0%b8-%d1%81%d0%bf%d0%b0%d1%81%d0%b8/ HTTP/1.1" 200 20918 "-" "Mozilla/5.0 (iPhone; CPU iPhone OS 13_2_3 like Mac OS X) AppleWebKit/605.1.15 (KHTML, like Gecko) Version/13.0.3 Mobile/15E148 Safari/604.1"
2a03:2880:22ff:48:: - - [05/Apr/2026:17:40:58 +0200] "GET /wp-content/uploads/2020/05/La_pattuglia_turca.jpg HTTP/1.1" 200 93781 "-" "facebookexternalhit/1.1 (+http://www.facebook.com/externalhit_uatext.php)"
207.46.13.86 - - [05/Apr/2026:17:41:36 +0200] "GET /wp-content/uploads/2017/09/618x346-265x198.jpg HTTP/1.1" 200 15135 "-" "Mozilla/5.0 AppleWebKit/537.36 (KHTML, like Gecko; compatible; bingbot/2.0; +http://www.bing.com/bingbot.htm) Chrome/116.0.1938.76 Safari/537.36"
207.46.13.86 - - [05/Apr/2026:17:41:37 +0200] "GET /wp-content/uploads/2017/09/bulgarian-iland-534x406.jpg HTTP/1.1" 200 29234 "-" "Mozilla/5.0 AppleWebKit/537.36 (KHTML, like Gecko; compatible; bingbot/2.0; +http://www.bing.com/bingbot.htm) Chrome/116.0.1938.76 Safari/537.36"
161.97.137.93 - - [05/Apr/2026:17:41:39 +0200] "POST /wp-cron.php?doing_wp_cron=1775403698.3409190177917480468750 HTTP/1.1" 404 12939 "http://bulpress.top/wp-cron.php?doing_wp_cron=1775403698.3409190177917480468750" "WordPress/4.9.26; http://bulpress.top"
207.46.13.86 - - [05/Apr/2026:17:41:39 +0200] "GET /%D0%B1%D1%8A%D0%BB%D0%B3%D0%B0%D1%80%D0%B8-%D0%B7%D0%B0%D0%B2%D1%8A%D1%80%D1%88%D0%B8%D0%BB%D0%B8-%D0%B2%D0%B8%D1%81%D1%88%D0%B5-%D0%BE%D0%B1%D1%80%D0%B0%D0%B7%D0%BE%D0%B2%D0%B0%D0%BD%D0%B8%D0%B5/ HTTP/1.1" 200 22039 "-" "Mozilla/5.0 AppleWebKit/537.36 (KHTML, like Gecko; compatible; bingbot/2.0; +http://www.bing.com/bingbot.htm) Chrome/116.0.1938.76 Safari/537.36"
207.46.13.86 - - [05/Apr/2026:17:41:40 +0200] "GET /%D0%BD%D0%B0-%D1%82%D0%B8-%D0%B4%D0%B2%D0%B5-%D0%BB%D1%83%D0%BA%D1%87%D0%B5%D1%82%D0%B0-%D1%87%D0%B5-%D0%BD%D1%8F%D0%BC%D0%B0%D0%BC-%D0%B4%D0%B0-%D1%82%D0%B8-%D0%B2%D1%8A%D1%80%D0%BD%D0%B0-56-%D0%B7/ HTTP/1.1" 200 23344 "-" "Mozilla/5.0 AppleWebKit/537.36 (KHTML, like Gecko; compatible; bingbot/2.0; +http://www.bing.com/bingbot.htm) Chrome/116.0.1938.76 Safari/537.36"
207.46.13.86 - - [05/Apr/2026:17:41:41 +0200] "GET /2-%D1%85%D0%B8%D0%BB%D1%8F%D0%B4%D0%B8-%D0%B4%D1%83%D1%88%D0%B8-%D1%80%D0%B0%D0%B1%D0%BE%D1%82%D0%B5%D1%85%D0%BC%D0%B5-%D0%B2-%D0%B7%D0%B0%D0%B2%D0%BE%D0%B4%D0%B0-%D0%B4%D0%BD%D0%B5%D1%81-%D1%82/ HTTP/1.1" 200 21533 "-" "Mozilla/5.0 AppleWebKit/537.36 (KHTML, like Gecko; compatible; bingbot/2.0; +http://www.bing.com/bingbot.htm) Chrome/116.0.1938.76 Safari/537.36"
207.46.13.86 - - [05/Apr/2026:17:41:42 +0200] "GET /%D0%BE%D0%B1%D0%B8%D1%87%D0%B0%D0%BC-%D1%82%D0%B5-%D0%B1%D0%B5%D0%B7%D0%BA%D1%80%D0%B0%D0%B9/ HTTP/1.1" 200 21012 "-" "Mozilla/5.0 AppleWebKit/537.36 (KHTML, like Gecko; compatible; bingbot/2.0; +http://www.bing.com/bingbot.htm) Chrome/116.0.1938.76 Safari/537.36"
207.46.13.86 - - [05/Apr/2026:17:41:44 +0200] "GET /%D0%B8%D0%B2%D0%B0%D0%BD-%D0%B2%D0%B0%D0%B7%D0%BE%D0%B2-%D0%B5%D0%B7%D0%B8%D0%BA-%D1%81%D0%B2%D0%B5%D1%89%D0%B5%D0%BD-%D0%BD%D0%B0-%D0%BC%D0%BE%D0%B8%D1%82%D0%B5-%D0%B4%D0%B5%D0%B4%D0%B8-%D0%B5/ HTTP/1.1" 200 20655 "-" "Mozilla/5.0 AppleWebKit/537.36 (KHTML, like Gecko; compatible; bingbot/2.0; +http://www.bing.com/bingbot.htm) Chrome/116.0.1938.76 Safari/537.36"
207.46.13.86 - - [05/Apr/2026:17:41:45 +0200] "GET /tag/%D0%B4%D0%BE%D0%BC%D0%B0%D1%88%D0%BD%D0%B0%D1%82%D0%B0-%D1%80%D0%B0%D0%BA%D0%B8%D1%8F-%D0%B8-%D0%B2%D0%B8%D0%BD%D0%BE/ HTTP/1.1" 200 15199 "-" "Mozilla/5.0 AppleWebKit/537.36 (KHTML, like Gecko; compatible; bingbot/2.0; +http://www.bing.com/bingbot.htm) Chrome/116.0.1938.76 Safari/537.36"
207.46.13.86 - - [05/Apr/2026:17:41:46 +0200] "GET /%D0%B1%D0%B8%D0%B2%D1%88%D0%B0-%D0%B5%D0%BC%D0%B8%D0%B3%D1%80%D0%B0%D0%BD%D1%82%D0%BA%D0%B0-%D1%80%D0%B0%D0%B7%D0%BA%D0%B0%D0%B7%D0%B2%D0%B0-%D0%B1%D1%8A%D0%BB%D0%B3%D0%B0%D1%80%D0%B8%D1%8F/ HTTP/1.1" 200 24125 "-" "Mozilla/5.0 AppleWebKit/537.36 (KHTML, like Gecko; compatible; bingbot/2.0; +http://www.bing.com/bingbot.htm) Chrome/116.0.1938.76 Safari/537.36"
85.208.96.196 - - [05/Apr/2026:17:42:18 +0200] "GET /tag/%D0%BF%D0%B0%D0%BD%D0%B0%D1%86%D0%B5%D1%8F/ HTTP/1.1" 200 14931 "-" "Mozilla/5.0 (compatible; SemrushBot/7~bl; +http://www.semrush.com/bot.html)"
8.228.88.249 - - [05/Apr/2026:17:44:05 +0200] "GET /feed/ HTTP/1.1" 200 49033 "-" "Mozilla/5.0 (Windows NT 6.3; WOW64; rv:33.0) Gecko/20100101 Firefox/33.0"
161.97.137.93 - - [05/Apr/2026:17:47:04 +0200] "POST /wp-cron.php?doing_wp_cron=1775404023.3271439075469970703125 HTTP/1.1" 404 12899 "http://bulpress.top/wp-cron.php?doing_wp_cron=1775404023.3271439075469970703125" "WordPress/4.9.26; http://bulpress.top"
185.191.171.16 - - [05/Apr/2026:17:47:04 +0200] "GET /tag/%D0%BC%D0%BD%D0%BE%D0%B7%D0%B8%D0%BD%D1%81%D1%82%D0%B2%D0%BE/ HTTP/1.1" 200 14981 "-" "Mozilla/5.0 (compatible; SemrushBot/7~bl; +http://www.semrush.com/bot.html)"
85.208.96.204 - - [05/Apr/2026:17:47:56 +0200] "GET /%D1%82%D1%8A%D0%B6%D0%BD%D0%B0%D1%82%D0%B0-%D0%B8%D0%B7%D0%BF%D0%BE%D0%B2%D0%B5%D0%B4-%D0%BD%D0%B0-%D0%B5%D0%B4%D0%B8%D0%BD-%D0%B5%D0%BC%D0%B8%D0%B3%D1%80%D0%B0%D0%BD%D1%82/ HTTP/1.1" 200 24694 "-" "Mozilla/5.0 (compatible; SemrushBot/7~bl; +http://www.semrush.com/bot.html)"
8.228.88.249 - - [05/Apr/2026:17:48:09 +0200] "GET /category/%d0%91%d1%8a%d0%bb%d0%b3%d0%b0%d1%80%d0%b8%d1%8f/feed/ HTTP/1.1" 200 55198 "-" "Mozilla/5.0 (Windows NT 6.3; WOW64; rv:33.0) Gecko/20100101 Firefox/33.0"
161.97.137.93 - - [05/Apr/2026:17:48:47 +0200] "POST /wp-cron.php?doing_wp_cron=1775404126.2091069221496582031250 HTTP/1.1" 404 12947 "http://bulpress.top/wp-cron.php?doing_wp_cron=1775404126.2091069221496582031250" "WordPress/4.9.26; http://bulpress.top"
185.191.171.12 - - [05/Apr/2026:17:48:47 +0200] "GET /tag/%D0%B4%D0%BE%D0%BC%D0%B8%D0%BD%D0%B8%D0%BA%D0%B0%D0%BD%D1%81%D0%BA%D0%B0%D1%82%D0%B0-%D1%80%D0%B5%D0%BF%D1%83%D0%B1%D0%BB%D0%B8%D0%BA%D0%B0/ HTTP/1.1" 200 14976 "-" "Mozilla/5.0 (compatible; SemrushBot/7~bl; +http://www.semrush.com/bot.html)"
161.97.137.93 - - [05/Apr/2026:17:49:52 +0200] "POST /wp-cron.php?doing_wp_cron=1775404191.8832249641418457031250 HTTP/1.1" 404 12891 "http://bulpress.top/wp-cron.php?doing_wp_cron=1775404191.8832249641418457031250" "WordPress/4.9.26; http://bulpress.top"
216.244.66.232 - - [05/Apr/2026:17:49:53 +0200] "GET /%D0%B8%D0%B4%D0%B2%D0%B0-%D0%BB%D0%B8-%D1%87%D1%83%D0%BC%D0%B0-%D0%BF%D0%BE-%D0%B4%D0%BE%D0%BC%D0%B0%D1%82%D0%B8%D1%82%D0%B5-%D1%89%D0%B5-%D1%82%D1%80%D1%8A%D0%B3%D0%BD%D0%B0%D1%82-%D0%BB%D0%B8/ HTTP/1.1" 200 21115 "-" "Mozilla/5.0 (compatible; DotBot/1.2; +https://opensiteexplorer.org/dotbot; help@moz.com)"
216.73.216.37 - - [05/Apr/2026:17:50:09 +0200] "GET /robots.txt HTTP/1.1" 200 80 "-" "Mozilla/5.0 AppleWebKit/537.36 (KHTML, like Gecko; compatible; Claude-SearchBot/1.0; +searchbot@anthropic.com)"
8.228.88.249 - - [05/Apr/2026:17:50:09 +0200] "GET /category/%d0%98%d1%81%d1%82%d0%be%d1%80%d0%b8%d0%b8/feed/ HTTP/1.1" 200 53803 "-" "Mozilla/5.0 (Windows NT 6.3; WOW64; rv:33.0) Gecko/20100101 Firefox/33.0"
185.191.171.12 - - [05/Apr/2026:17:50:16 +0200] "GET /%D0%BC%D0%BE%D0%B4%D0%B5%D1%80%D0%BD%D0%B0-%D0%B1%D1%8A%D0%BB%D0%B3%D0%B0%D1%80%D0%B8%D1%8F-%D1%83%D1%87%D0%B8%D1%82%D0%B5%D0%BB%D0%BA%D0%B0-%D1%81-40-%D0%B3%D0%BE%D0%B4%D0%B8%D0%BD%D0%B8-%D1%81/ HTTP/1.1" 200 21211 "-" "Mozilla/5.0 (compatible; SemrushBot/7~bl; +http://www.semrush.com/bot.html)"
161.97.137.93 - - [05/Apr/2026:17:54:19 +0200] "POST /wp-cron.php?doing_wp_cron=1775404458.9936521053314208984375 HTTP/1.1" 404 12857 "http://bulpress.top/wp-cron.php?doing_wp_cron=1775404458.9936521053314208984375" "WordPress/4.9.26; http://bulpress.top"
185.191.171.4 - - [05/Apr/2026:17:54:19 +0200] "GET /robots.txt HTTP/1.1" 200 80 "-" "Mozilla/5.0 (compatible; SemrushBot/7~bl; +http://www.semrush.com/bot.html)"
85.208.96.202 - - [05/Apr/2026:17:54:20 +0200] "GET /tag/%D0%BC%D0%B5%D1%81%D1%82%D0%BE%D0%BF%D0%BE%D0%BB%D0%BE%D0%B6%D0%B5%D0%BD%D0%B8%D0%B5/ HTTP/1.1" 200 15140 "-" "Mozilla/5.0 (compatible; SemrushBot/7~bl; +http://www.semrush.com/bot.html)"
176.56.39.105 - - [05/Apr/2026:17:54:21 +0200] "POST /wp-login.php HTTP/1.1" 401 3738 "-" "Mozilla/5.0"
43.157.43.147 - - [05/Apr/2026:17:55:01 +0200] "GET /%d0%bf%d0%b5%d0%bd%d1%81%d0%b8%d0%be%d0%bd%d0%b5%d1%80%d0%b8%d1%82%d0%b5-%d0%b4%d0%b0-%d0%bc%d1%80%d0%b5%d0%bc-%d0%be%d1%82-%d0%b3%d0%bb%d0%b0%d0%b4-%d0%bb%d0%b8/ HTTP/1.1" 200 20906 "-" "Mozilla/5.0 (iPhone; CPU iPhone OS 13_2_3 like Mac OS X) AppleWebKit/605.1.15 (KHTML, like Gecko) Version/13.0.3 Mobile/15E148 Safari/604.1"
8.228.88.249 - - [05/Apr/2026:17:55:11 +0200] "GET /category/%d0%a1%d0%b2%d1%8f%d1%82/feed/ HTTP/1.1" 200 53868 "-" "Mozilla/5.0 (Windows NT 6.3; WOW64; rv:33.0) Gecko/20100101 Firefox/33.0"
2a03:2880:ff:d:: - - [05/Apr/2026:17:56:29 +0200] "GET /wp-content/uploads/2018/01/tn_20151030_150108-1-1.jpg HTTP/1.1" 200 92519 "-" "facebookexternalhit/1.1 (+http://www.facebook.com/externalhit_uatext.php)"
161.97.137.93 - - [05/Apr/2026:17:57:08 +0200] "POST /wp-cron.php?doing_wp_cron=1775404627.2629110813140869140625 HTTP/1.1" 404 12858 "http://bulpress.top/wp-cron.php?doing_wp_cron=1775404627.2629110813140869140625" "WordPress/4.9.26; http://bulpress.top"
185.191.171.6 - - [05/Apr/2026:17:57:08 +0200] "GET /tag/%D0%BF%D0%BE%D1%81%D0%BB%D0%B5%D0%B4%D0%BD%D0%BE/page/24/ HTTP/1.1" 200 20763 "-" "Mozilla/5.0 (compatible; SemrushBot/7~bl; +http://www.semrush.com/bot.html)"
176.31.139.18 - - [05/Apr/2026:17:57:43 +0200] "GET / HTTP/1.1" 200 28982 "-" "Mozilla/5.0 (compatible; AhrefsBot/7.0; +http://ahrefs.com/robot/)"
52.167.144.169 - - [05/Apr/2026:17:58:47 +0200] "GET /wp-content/uploads/2019/05/film-33.jpg HTTP/1.1" 200 12891 "-" "Mozilla/5.0 AppleWebKit/537.36 (KHTML, like Gecko; compatible; bingbot/2.0; +http://www.bing.com/bingbot.htm) Chrome/116.0.1938.76 Safari/537.36"
161.97.137.93 - - [05/Apr/2026:17:58:48 +0200] "POST /wp-cron.php?doing_wp_cron=1775404727.8037250041961669921875 HTTP/1.1" 404 12858 "http://bulpress.top/wp-cron.php?doing_wp_cron=1775404727.8037250041961669921875" "WordPress/4.9.26; http://bulpress.top"
52.167.144.169 - - [05/Apr/2026:17:58:48 +0200] "GET /%D0%91%D1%8A%D0%BB%D0%B3%D0%B0%D1%80%D0%B8%D0%BD-e-%D1%81%D1%80%D0%B5%D0%B4-%D1%81%D1%8A%D0%B7%D0%B4%D0%B0%D1%82%D0%B5%D0%BB%D0%B8%D1%82%D0%B5-%D1%81%D1%8A%D1%80%D1%86%D0%B5/ HTTP/1.1" 200 22652 "-" "Mozilla/5.0 AppleWebKit/537.36 (KHTML, like Gecko; compatible; bingbot/2.0; +http://www.bing.com/bingbot.htm) Chrome/116.0.1938.76 Safari/537.36"
52.167.144.169 - - [05/Apr/2026:17:58:49 +0200] "GET /%D0%BA%D0%B0%D0%BA-%D0%B4%D0%B0-%D0%BF%D0%B0%D0%B7%D0%B0%D1%80%D1%83%D0%B2%D0%B0%D1%88-%D0%B1%D0%B5%D0%B7-%D0%B4%D0%B0-%D0%BF%D0%BB%D0%B0%D1%89%D0%B0%D1%88-%D0%B2%D1%8A%D0%B2-%D0%B2%D0%B5%D0%BB%D0%B8/ HTTP/1.1" 200 24875 "-" "Mozilla/5.0 AppleWebKit/537.36 (KHTML, like Gecko; compatible; bingbot/2.0; +http://www.bing.com/bingbot.htm) Chrome/116.0.1938.76 Safari/537.36"
94.23.188.200 - - [05/Apr/2026:18:02:48 +0200] "GET /wp-content/uploads/2019/07/hilda3-218x150.jpg HTTP/1.1" 200 7528 "-" "Mozilla/5.0 (compatible; AhrefsBot/7.0; +http://ahrefs.com/robot/)"
51.68.247.207 - - [05/Apr/2026:18:02:56 +0200] "GET /wp-content/uploads/2019/05/vrab4e-324x235.jpg HTTP/1.1" 200 22706 "-" "Mozilla/5.0 (compatible; AhrefsBot/7.0; +http://ahrefs.com/robot/)"
8.228.88.249 - - [05/Apr/2026:18:03:15 +0200] "GET /news/feed/ HTTP/1.1" 200 514 "-" "Mozilla/5.0 (Windows NT 6.3; WOW64; rv:33.0) Gecko/20100101 Firefox/33.0"
54.37.118.66 - - [05/Apr/2026:18:03:25 +0200] "GET /wp-content/uploads/2020/11/07-10_6570209285278658903_big-356x220.jpg HTTP/1.1" 200 10948 "-" "Mozilla/5.0 (compatible; AhrefsBot/7.0; +http://ahrefs.com/robot/)"
51.68.247.207 - - [05/Apr/2026:18:03:32 +0200] "GET /wp-content/uploads/2017/08/acca1c9e-04d7-40c9-8ad8-1cc301950c8d-100x70.jpg HTTP/1.1" 200 4047 "-" "Mozilla/5.0 (compatible; AhrefsBot/7.0; +http://ahrefs.com/robot/)"
37.59.204.144 - - [05/Apr/2026:18:03:33 +0200] "GET /wp-content/uploads/2018/11/tyga-100x70.jpg HTTP/1.1" 200 3038 "-" "Mozilla/5.0 (compatible; AhrefsBot/7.0; +http://ahrefs.com/robot/)"
8.228.88.249 - - [05/Apr/2026:18:07:14 +0200] "GET /feed/ HTTP/1.1" 200 49033 "-" "Mozilla/5.0 (Windows NT 6.3; WOW64; rv:33.0) Gecko/20100101 Firefox/33.0"
161.97.137.93 - - [05/Apr/2026:18:09:07 +0200] "POST /wp-cron.php?doing_wp_cron=1775405347.0278699398040771484375 HTTP/1.1" 404 12884 "http://bulpress.top/wp-cron.php?doing_wp_cron=1775405347.0278699398040771484375" "WordPress/4.9.26; http://bulpress.top"
144.76.32.187 - - [05/Apr/2026:18:09:08 +0200] "GET /robots.txt HTTP/1.1" 200 80 "-" "Mozilla/5.0 (compatible; SERankingBacklinksBot/1.0; +https://seranking.com/backlinks-crawler)"
144.76.32.187 - - [05/Apr/2026:18:09:08 +0200] "GET /%D1%80%D0%BE%D0%B4%D0%BE%D0%BF%D1%87%D0%B0%D0%BD%D0%BA%D0%B0-%D1%81%D0%B5-%D0%B7%D0%B0%D0%B2%D1%80%D1%8A%D1%89%D0%B0-%D0%BE%D1%82-%D1%87%D1%83%D0%B6%D0%B1%D0%B8%D0%BD%D0%B0/ HTTP/1.1" 200 23582 "-" "Mozilla/5.0 (compatible; SERankingBacklinksBot/1.0; +https://seranking.com/backlinks-crawler)"
45.92.1.214 - - [05/Apr/2026:18:09:15 +0200] "GET /wp-login.php HTTP/1.1" 200 4373 "-" "Mozilla/5.0 (Linux; Android 14; SM-G998B) AppleWebKit/537.36 (KHTML, like Gecko) Chrome/121.0.0.0 Mobile Safari/537.36"
144.76.32.187 - - [05/Apr/2026:18:09:22 +0200] "GET /%D1%81%D1%82%D0%BE%D1%82%D0%B8%D1%86%D0%B8-%D0%B1%D1%8A%D0%BB%D0%B3%D0%B0%D1%80%D0%B8-%D1%80%D0%BE%D0%B1%D1%83%D0%B2%D0%B0%D1%82-%D0%B2-%D0%B5%D0%B2%D1%80%D0%BE%D0%BF%D0%B0/ HTTP/1.1" 200 21223 "-" "Mozilla/5.0 (compatible; SERankingBacklinksBot/1.0; +https://seranking.com/backlinks-crawler)"
144.76.32.187 - - [05/Apr/2026:18:09:36 +0200] "GET /%D1%82%D0%B0%D0%BD%D0%BA%D0%B5%D1%80%D1%8A%D1%82-%D1%85%D0%B0%D0%BD-%D0%B0%D1%81%D0%BF%D0%B0%D1%80%D1%83%D1%85-%D1%84%D0%BB%D0%B0%D0%B3%D0%BC%D0%B0%D0%BD%D1%8A%D1%82-%D0%BD/ HTTP/1.1" 200 26176 "-" "Mozilla/5.0 (compatible; SERankingBacklinksBot/1.0; +https://seranking.com/backlinks-crawler)"
144.76.32.187 - - [05/Apr/2026:18:09:47 +0200] "GET /%D1%82%D1%8A%D0%B6%D0%BD%D0%B0%D1%82%D0%B0-%D0%B8%D0%B7%D0%BF%D0%BE%D0%B2%D0%B5%D0%B4-%D0%BD%D0%B0-%D0%B5%D0%B4%D0%B8%D0%BD-%D0%B5%D0%BC%D0%B8%D0%B3%D1%80%D0%B0%D0%BD%D1%82/ HTTP/1.1" 200 24694 "-" "Mozilla/5.0 (compatible; SERankingBacklinksBot/1.0; +https://seranking.com/backlinks-crawler)"
144.76.32.187 - - [05/Apr/2026:18:09:52 +0200] "GET /%D1%86%D0%B8%D0%B3%D0%B0%D1%80%D0%B8%D1%82%D0%B5-%D1%81%D1%82%D1%8E%D0%B0%D1%80%D0%B4%D0%B5%D1%81%D0%B0-%D0%BC%D0%B5%D1%87%D1%82%D0%B0%D1%82%D0%B0-%D0%BD%D0%B0-%D1%81%D1%8A/ HTTP/1.1" 200 20210 "-" "Mozilla/5.0 (compatible; SERankingBacklinksBot/1.0; +https://seranking.com/backlinks-crawler)"
144.76.32.187 - - [05/Apr/2026:18:09:58 +0200] "GET /%D0%91%D1%8A%D0%BB%D0%B3%D0%B0%D1%80%D0%B8%D0%BD-e-%D1%81%D1%80%D0%B5%D0%B4-%D1%81%D1%8A%D0%B7%D0%B4%D0%B0%D1%82%D0%B5%D0%BB%D0%B8%D1%82%D0%B5-%D1%81%D1%8A%D1%80%D1%86%D0%B5/ HTTP/1.1" 200 22652 "-" "Mozilla/5.0 (compatible; SERankingBacklinksBot/1.0; +https://seranking.com/backlinks-crawler)"
144.76.32.187 - - [05/Apr/2026:18:10:02 +0200] "GET /%D0%BB%D1%83%D0%BA%D0%B0%D0%BD%D0%BA%D0%B0-%D1%81%D0%B5-%D0%BA%D1%83%D0%BF%D1%83%D0%B2%D0%B0%D1%88%D0%B5-%D1%81%D0%B0%D0%BC%D0%BE-%D0%B7%D0%B0-%D0%B3%D0%BE%D1%81%D1%82%D0%B8/ HTTP/1.1" 502 150 "-" "Mozilla/5.0 (compatible; SERankingBacklinksBot/1.0; +https://seranking.com/backlinks-crawler)"
161.97.137.93 - - [05/Apr/2026:18:10:31 +0200] "POST /wp-cron.php?doing_wp_cron=1775405430.8198659420013427734375 HTTP/1.1" 404 12857 "http://bulpress.top/wp-cron.php?doing_wp_cron=1775405430.8198659420013427734375" "WordPress/4.9.26; http://bulpress.top"
207.46.13.130 - - [05/Apr/2026:18:10:31 +0200] "GET /%D0%BF%D1%8A%D0%BB%D0%B5%D0%BD-%D0%BA%D1%83%D1%84%D0%B0%D1%80-%D1%81-%D0%BA%D0%BD%D0%B8%D0%B3%D0%B8-%D0%B7%D0%B0-%D0%B0%D0%BC%D0%B5%D1%80%D0%B8%D0%BA%D0%B0-%D0%B8%D0%BB%D0%B8-%D0%BA%D0%B0%D0%BA-30/ HTTP/1.1" 200 24034 "-" "Mozilla/5.0 AppleWebKit/537.36 (KHTML, like Gecko; compatible; bingbot/2.0; +http://www.bing.com/bingbot.htm) Chrome/116.0.1938.76 Safari/537.36"
185.191.171.9 - - [05/Apr/2026:18:12:12 +0200] "GET /tag/%D0%BD%D0%BE%D0%B2%D0%B8%D0%BD%D0%B0/page/16/ HTTP/1.1" 200 20772 "-" "Mozilla/5.0 (compatible; SemrushBot/7~bl; +http://www.semrush.com/bot.html)"
85.208.96.193 - - [05/Apr/2026:18:12:29 +0200] "GET /%D0%B2%D1%80%D0%B5%D0%BC%D0%B5-%D0%B5-%D0%B4%D0%B0-%D0%BF%D1%80%D0%BE%D0%B1%D0%B2%D0%B0%D1%82%D0%B5-%D0%B3%D0%BB%D1%83%D1%85%D0%B0%D1%80%D1%87%D0%B5%D1%82%D0%B0-%D1%82%D0%BE%D0%BB%D0%BA%D0%BE%D0%B2/ HTTP/1.1" 200 21704 "-" "Mozilla/5.0 (compatible; SemrushBot/7~bl; +http://www.semrush.com/bot.html)"
161.97.137.93 - - [05/Apr/2026:18:13:24 +0200] "POST /wp-cron.php?doing_wp_cron=1775405603.9641530513763427734375 HTTP/1.1" 404 12920 "http://bulpress.top/wp-cron.php?doing_wp_cron=1775405603.9641530513763427734375" "WordPress/4.9.26; http://bulpress.top"
40.77.167.63 - - [05/Apr/2026:18:13:25 +0200] "GET /%D0%B8%D0%BC%D0%B0%D0%BC-%D0%BF%D0%BB%D0%BE%D0%BC%D0%B1%D0%B0-%D0%BE%D1%82-4-%D0%BA%D0%BB%D0%B0%D1%81-%D0%BA%D0%BE%D1%8F%D1%82%D0%BE-%D0%B8-%D0%B4%D0%BE-%D0%B4%D0%BD%D0%B5%D1%81-%D0%B5-%D0%BC%D1%80/ HTTP/1.1" 200 21103 "-" "Mozilla/5.0 AppleWebKit/537.36 (KHTML, like Gecko; compatible; bingbot/2.0; +http://www.bing.com/bingbot.htm) Chrome/116.0.1938.76 Safari/537.36"
43.135.211.148 - - [05/Apr/2026:18:13:44 +0200] "GET /%d0%b3%d1%80%d0%b0%d1%86%d0%b8%d0%b8%d1%82%d0%b5-%d1%81-%d0%b2%d1%82%d0%be%d1%80%d0%be-%d0%b7%d0%bb%d0%b0%d1%82%d0%be-%d1%81%d0%b2%d0%b5%d1%82%d0%be%d0%b2%d0%bd%d0%be%d1%82/ HTTP/1.1" 200 21091 "-" "Mozilla/5.0 (iPhone; CPU iPhone OS 13_2_3 like Mac OS X) AppleWebKit/605.1.15 (KHTML, like Gecko) Version/13.0.3 Mobile/15E148 Safari/604.1"
185.191.171.19 - - [05/Apr/2026:18:15:42 +0200] "GET /%D1%82%D0%B0%D0%B9%D0%BD%D0%B8%D1%82%D0%B5-%D0%BD%D0%B0-%D0%B1%D1%8A%D0%BB%D0%B3%D0%B0%D1%80%D1%81%D0%BA%D0%B0%D1%82%D0%B0-%D0%BD%D0%BE%D1%81%D0%B8%D1%8F/ HTTP/1.1" 200 24183 "-" "Mozilla/5.0 (compatible; SemrushBot/7~bl; +http://www.semrush.com/bot.html)"
85.208.96.200 - - [05/Apr/2026:18:16:07 +0200] "GET /tag/%D1%80%D0%B5%D0%B2%D0%BE%D0%BB%D1%8E%D1%86%D0%B8%D0%B8%D1%82%D0%B5/ HTTP/1.1" 200 15019 "-" "Mozilla/5.0 (compatible; SemrushBot/7~bl; +http://www.semrush.com/bot.html)"
85.208.96.199 - - [05/Apr/2026:18:16:24 +0200] "GET /%D0%BA%D0%B0%D0%BA-%D0%B6%D0%B8%D0%B2%D1%8F%D1%85%D0%BC%D0%B5-%D0%BF%D1%80%D0%B5%D0%B4%D0%B8-10-%D0%BD%D0%BE%D0%B5%D0%BC%D0%B2%D1%80%D0%B8-1989-%D0%B3%D0%BE%D0%B4-ii-%D1%87%D0%B0%D1%81%D1%82/ HTTP/1.1" 200 26675 "-" "Mozilla/5.0 (compatible; SemrushBot/7~bl; +http://www.semrush.com/bot.html)"
66.249.74.166 - - [05/Apr/2026:18:16:30 +0200] "GET /wp-content/uploads/2018/01/Screenshot_9.jpg HTTP/1.1" 200 71827 "-" "Googlebot-Image/1.0"
161.97.137.93 - - [05/Apr/2026:18:16:48 +0200] "POST /wp-cron.php?doing_wp_cron=1775405807.7608540058135986328125 HTTP/1.1" 404 12925 "http://bulpress.top/wp-cron.php?doing_wp_cron=1775405807.7608540058135986328125" "WordPress/4.9.26; http://bulpress.top"
8.228.88.249 - - [05/Apr/2026:18:16:48 +0200] "GET /category/%d0%91%d1%8a%d0%bb%d0%b3%d0%b0%d1%80%d0%b8%d1%8f/feed/ HTTP/1.1" 200 55198 "-" "Mozilla/5.0 (Windows NT 6.3; WOW64; rv:33.0) Gecko/20100101 Firefox/33.0"
185.191.171.3 - - [05/Apr/2026:18:17:47 +0200] "GET /%D1%8F%D0%BD%D0%B0-%D0%B4%D0%BE%D0%B1%D1%80%D0%B5%D0%B2%D0%B0-%D0%BD%D0%B5-%D0%B7%D0%BD%D0%B0%D0%B5%D0%BC-%D0%BA%D0%BE%D0%B8-%D1%81%D0%BC%D0%B5/11701028_10206607015924464_8355831077163291277_n/ HTTP/1.1" 200 15564 "-" "Mozilla/5.0 (compatible; SemrushBot/7~bl; +http://www.semrush.com/bot.html)"
161.97.137.93 - - [05/Apr/2026:18:18:52 +0200] "POST /wp-cron.php?doing_wp_cron=1775405931.4636669158935546875000 HTTP/1.1" 404 12939 "http://bulpress.top/wp-cron.php?doing_wp_cron=1775405931.4636669158935546875000" "WordPress/4.9.26; http://bulpress.top"
8.228.88.249 - - [05/Apr/2026:18:18:52 +0200] "GET /category/%d0%a1%d0%b2%d1%8f%d1%82/feed/ HTTP/1.1" 200 53868 "-" "Mozilla/5.0 (Windows NT 6.3; WOW64; rv:33.0) Gecko/20100101 Firefox/33.0"
14.247.254.251 - - [05/Apr/2026:18:22:38 +0200] "GET /8-%D0%BD%D0%B5%D1%89%D0%B0-%D0%BA%D0%BE%D0%B8%D1%82%D0%BE-%D0%B4%D0%B0-%D0%BF%D0%BE%D0%BC%D0%BD%D0%B8%D1%82%D0%B5-%D0%BA%D0%BE%D0%B3%D0%B0%D1%82%D0%BE-%D0%BD%D0%B8%D1%89%D0%BE-%D0%BD%D0%B5-%D0%B5/ HTTP/1.1" 200 24764 "-" "Mozilla/5.0 (Macintosh; Intel Mac OS X 10_12_6) AppleWebKit/537.36 (KHTML, like Gecko) Brave Chrome/88.0.4324.152 Safari/537.36"
64.81.112.26 - - [05/Apr/2026:18:23:23 +0200] "GET /wp-content/uploads/2020/02/IMG_6133-1-324x160.jpg HTTP/1.1" 200 15244 "-" "Mozilla/5.0 (X11; Linux x86_64) AppleWebKit/537.36 (KHTML, like Gecko) Chrome/124.0.0.0 Safari/537.36"
8.228.88.249 - - [05/Apr/2026:18:25:40 +0200] "GET /news/feed/ HTTP/1.1" 200 514 "-" "Mozilla/5.0 (Windows NT 6.3; WOW64; rv:33.0) Gecko/20100101 Firefox/33.0"
8.228.88.249 - - [05/Apr/2026:18:27:07 +0200] "GET /feed/ HTTP/1.1" 200 49033 "-" "Mozilla/5.0 (Windows NT 6.3; WOW64; rv:33.0) Gecko/20100101 Firefox/33.0"
8.228.88.249 - - [05/Apr/2026:18:27:18 +0200] "GET /category/%d0%98%d1%81%d1%82%d0%be%d1%80%d0%b8%d0%b8/feed/ HTTP/1.1" 200 53803 "-" "Mozilla/5.0 (Windows NT 6.3; WOW64; rv:33.0) Gecko/20100101 Firefox/33.0"
161.97.137.93 - - [05/Apr/2026:18:28:01 +0200] "POST /wp-cron.php?doing_wp_cron=1775406480.3647201061248779296875 HTTP/1.1" 404 12937 "http://bulpress.top/wp-cron.php?doing_wp_cron=1775406480.3647201061248779296875" "WordPress/4.9.26; http://bulpress.top"
52.167.144.157 - - [05/Apr/2026:18:28:01 +0200] "GET /%D0%B2-%D0%B1%D0%B5%D0%BB%D0%B3%D0%B8%D1%8F-%D0%BE%D0%BF%D1%80%D0%B5%D0%B4%D0%B5%D0%BB%D0%B8%D1%85%D0%B0-%D0%B1%D1%8A%D0%BB%D0%B3%D0%B0%D1%80%D1%81%D0%BA%D0%B0%D1%82%D0%B0-%D0%B1%D0%B0%D0%BD%D0%B8/ HTTP/1.1" 200 23374 "-" "Mozilla/5.0 AppleWebKit/537.36 (KHTML, like Gecko; compatible; bingbot/2.0; +http://www.bing.com/bingbot.htm) Chrome/116.0.1938.76 Safari/537.36"
52.167.144.157 - - [05/Apr/2026:18:28:01 +0200] "GET /%D0%B1%D1%8A%D0%BB%D0%B3%D0%B0%D1%80%D0%B8-%D0%B6%D0%B8%D0%B2%D0%B5%D1%8F%D1%82-%D0%B2-%D1%80%D0%B0%D1%8F-%D1%81-200-%D0%BD%D0%B0-%D0%BC%D0%B5%D1%81%D0%B5%D1%86/ HTTP/1.1" 502 552 "-" "Mozilla/5.0 AppleWebKit/537.36 (KHTML, like Gecko; compatible; bingbot/2.0; +http://www.bing.com/bingbot.htm) Chrome/116.0.1938.76 Safari/537.36"
52.167.144.157 - - [05/Apr/2026:18:28:03 +0200] "GET /%D0%BF%D0%B0%D0%B4%D0%B0-%D0%BD%D0%B0%D1%86%D0%B8%D0%BE%D0%BD%D0%B0%D0%BB%D0%BD%D0%B0%D1%82%D0%B0-%D0%B7%D0%B0%D1%89%D0%B8%D1%82%D0%B0-%D0%BD%D0%B0-%D0%B1%D1%8A%D0%BB%D0%B3%D0%B0%D1%80%D1%81%D0%BA/ HTTP/1.1" 200 22161 "-" "Mozilla/5.0 AppleWebKit/537.36 (KHTML, like Gecko; compatible; bingbot/2.0; +http://www.bing.com/bingbot.htm) Chrome/116.0.1938.76 Safari/537.36"
85.208.96.204 - - [05/Apr/2026:18:31:05 +0200] "GET /tag/%D0%B0%D0%BA%D1%82%D1%83%D0%B0%D0%BB%D0%BD%D0%B8-%D0%BD%D0%BE%D0%B2%D0%B8%D0%BD%D0%B8/page/36/ HTTP/1.1" 502 150 "-" "Mozilla/5.0 (compatible; SemrushBot/7~bl; +http://www.semrush.com/bot.html)"
193.36.118.237 - - [05/Apr/2026:18:31:55 +0200] "GET / HTTP/1.1" 200 28974 "-" "Mozilla/5.0 (Macintosh; Intel Mac OS X 10_15_7) AppleWebKit/537.36 (KHTML, like Gecko) Chrome/146.0.0.0 Safari/537.36"
193.36.118.237 - - [05/Apr/2026:18:31:57 +0200] "GET /wp-content/plugins/td-composer/css-live/assets/css/td_live_css_frontend.css?ver=4.9.26 HTTP/1.1" 304 0 "http://bulpress.top/" "Mozilla/5.0 (Macintosh; Intel Mac OS X 10_15_7) AppleWebKit/537.36 (KHTML, like Gecko) Chrome/146.0.0.0 Safari/537.36"
193.36.118.237 - - [05/Apr/2026:18:31:57 +0200] "GET /wp-includes/js/wp-emoji-release.min.js?ver=4.9.26 HTTP/1.1" 304 0 "http://bulpress.top/" "Mozilla/5.0 (Macintosh; Intel Mac OS X 10_15_7) AppleWebKit/537.36 (KHTML, like Gecko) Chrome/146.0.0.0 Safari/537.36"
193.36.118.237 - - [05/Apr/2026:18:31:57 +0200] "GET /wp-content/themes/Newspaper/style.css?ver=8.0 HTTP/1.1" 304 0 "http://bulpress.top/" "Mozilla/5.0 (Macintosh; Intel Mac OS X 10_15_7) AppleWebKit/537.36 (KHTML, like Gecko) Chrome/146.0.0.0 Safari/537.36"
193.36.118.237 - - [05/Apr/2026:18:31:58 +0200] "GET /wp-content/plugins/jetpack/css/jetpack.css?ver=7.0.2 HTTP/1.1" 200 12967 "http://bulpress.top/" "Mozilla/5.0 (Macintosh; Intel Mac OS X 10_15_7) AppleWebKit/537.36 (KHTML, like Gecko) Chrome/146.0.0.0 Safari/537.36"
193.36.118.237 - - [05/Apr/2026:18:31:58 +0200] "GET /wp-includes/js/jquery/jquery.js?ver=1.12.4 HTTP/1.1" 200 34040 "http://bulpress.top/" "Mozilla/5.0 (Macintosh; Intel Mac OS X 10_15_7) AppleWebKit/537.36 (KHTML, like Gecko) Chrome/146.0.0.0 Safari/537.36"
193.36.118.237 - - [05/Apr/2026:18:31:59 +0200] "GET /wp-includes/js/jquery/jquery-migrate.min.js?ver=1.4.1 HTTP/1.1" 304 0 "http://bulpress.top/" "Mozilla/5.0 (Macintosh; Intel Mac OS X 10_15_7) AppleWebKit/537.36 (KHTML, like Gecko) Chrome/146.0.0.0 Safari/537.36"
193.36.118.237 - - [05/Apr/2026:18:31:59 +0200] "GET /wp-content/uploads/2017/08/logo-1-%D0%9A%D0%BE%D0%BF%D0%B8%D0%B5.png HTTP/1.1" 200 4143 "http://bulpress.top/" "Mozilla/5.0 (Macintosh; Intel Mac OS X 10_15_7) AppleWebKit/537.36 (KHTML, like Gecko) Chrome/146.0.0.0 Safari/537.36"
193.36.118.237 - - [05/Apr/2026:18:31:59 +0200] "GET /wp-content/uploads/2025/01/aimg-4675-534x462.jpg HTTP/1.1" 304 0 "http://bulpress.top/" "Mozilla/5.0 (Macintosh; Intel Mac OS X 10_15_7) AppleWebKit/537.36 (KHTML, like Gecko) Chrome/146.0.0.0 Safari/537.36"
193.36.118.237 - - [05/Apr/2026:18:32:00 +0200] "GET /wp-content/uploads/2025/01/tumblr-533x261.jpg HTTP/1.1" 200 35267 "http://bulpress.top/" "Mozilla/5.0 (Macintosh; Intel Mac OS X 10_15_7) AppleWebKit/537.36 (KHTML, like Gecko) Chrome/146.0.0.0 Safari/537.36"
193.36.118.237 - - [05/Apr/2026:18:32:02 +0200] "GET /wp-content/plugins/jetpack/modules/wpgroho.js?ver=4.9.26 HTTP/1.1" 502 552 "http://bulpress.top/" "Mozilla/5.0 (Macintosh; Intel Mac OS X 10_15_7) AppleWebKit/537.36 (KHTML, like Gecko) Chrome/146.0.0.0 Safari/537.36"
193.36.118.237 - - [05/Apr/2026:18:32:03 +0200] "GET /wp-content/themes/Newspaper/images/icons/newspaper.woff?14 HTTP/1.1" 200 15184 "http://bulpress.top/wp-content/themes/Newspaper/style.css?ver=8.0" "Mozilla/5.0 (Macintosh; Intel Mac OS X 10_15_7) AppleWebKit/537.36 (KHTML, like Gecko) Chrome/146.0.0.0 Safari/537.36"
193.36.118.237 - - [05/Apr/2026:18:32:05 +0200] "GET /wp-content/uploads/2017/08/8.jpg HTTP/1.1" 304 0 "http://bulpress.top/" "Mozilla/5.0 (Macintosh; Intel Mac OS X 10_15_7) AppleWebKit/537.36 (KHTML, like Gecko) Chrome/146.0.0.0 Safari/537.36"
193.36.118.237 - - [05/Apr/2026:18:32:05 +0200] "GET /wp-content/uploads/2025/01/1432053328-560x420.jpg HTTP/1.1" 304 0 "http://bulpress.top/" "Mozilla/5.0 (Macintosh; Intel Mac OS X 10_15_7) AppleWebKit/537.36 (KHTML, like Gecko) Chrome/146.0.0.0 Safari/537.36"
193.36.118.237 - - [05/Apr/2026:18:32:05 +0200] "GET /wp-content/uploads/2024/06/d241eed74617430949369c3f0fec2bad-265x198.jpg HTTP/1.1" 200 17950 "http://bulpress.top/" "Mozilla/5.0 (Macintosh; Intel Mac OS X 10_15_7) AppleWebKit/537.36 (KHTML, like Gecko) Chrome/146.0.0.0 Safari/537.36"
193.36.118.237 - - [05/Apr/2026:18:32:07 +0200] "GET /wp-includes/js/comment-reply.min.js?ver=4.9.26 HTTP/1.1" 200 592 "http://bulpress.top/" "Mozilla/5.0 (Macintosh; Intel Mac OS X 10_15_7) AppleWebKit/537.36 (KHTML, like Gecko) Chrome/146.0.0.0 Safari/537.36"
193.36.118.237 - - [05/Apr/2026:18:32:07 +0200] "GET /wp-content/themes/Newspaper/js/tagdiv_theme.js?ver=8.0 HTTP/1.1" 200 103049 "http://bulpress.top/" "Mozilla/5.0 (Macintosh; Intel Mac OS X 10_15_7) AppleWebKit/537.36 (KHTML, like Gecko) Chrome/146.0.0.0 Safari/537.36"
193.36.118.237 - - [05/Apr/2026:18:32:07 +0200] "GET /wp-includes/js/wp-embed.min.js?ver=4.9.26 HTTP/1.1" 200 789 "http://bulpress.top/" "Mozilla/5.0 (Macintosh; Intel Mac OS X 10_15_7) AppleWebKit/537.36 (KHTML, like Gecko) Chrome/146.0.0.0 Safari/537.36"
193.36.118.237 - - [05/Apr/2026:18:32:08 +0200] "GET /wp-content/uploads/2019/05/vrab4e-800x580.jpg HTTP/1.1" 200 102056 "http://bulpress.top/" "Mozilla/5.0 (Macintosh; Intel Mac OS X 10_15_7) AppleWebKit/537.36 (KHTML, like Gecko) Chrome/146.0.0.0 Safari/537.36"
193.36.118.237 - - [05/Apr/2026:18:32:08 +0200] "GET /wp-content/uploads/2019/05/mama-218x150.jpg HTTP/1.1" 200 12140 "http://bulpress.top/" "Mozilla/5.0 (Macintosh; Intel Mac OS X 10_15_7) AppleWebKit/537.36 (KHTML, like Gecko) Chrome/146.0.0.0 Safari/537.36"
193.36.118.237 - - [05/Apr/2026:18:32:09 +0200] "GET /wp-content/uploads/2017/11/dubaik-696x392-218x150.jpg HTTP/1.1" 200 9367 "http://bulpress.top/" "Mozilla/5.0 (Macintosh; Intel Mac OS X 10_15_7) AppleWebKit/537.36 (KHTML, like Gecko) Chrome/146.0.0.0 Safari/537.36"
193.36.118.237 - - [05/Apr/2026:18:32:11 +0200] "GET /wp-content/uploads/2019/07/photo_verybig_1018586-218x150.jpg HTTP/1.1" 200 12642 "http://bulpress.top/" "Mozilla/5.0 (Macintosh; Intel Mac OS X 10_15_7) AppleWebKit/537.36 (KHTML, like Gecko) Chrome/146.0.0.0 Safari/537.36"
193.36.118.237 - - [05/Apr/2026:18:32:11 +0200] "GET /wp-content/uploads/2022/03/kesteni-1-324x235.jpg HTTP/1.1" 304 0 "http://bulpress.top/" "Mozilla/5.0 (Macintosh; Intel Mac OS X 10_15_7) AppleWebKit/537.36 (KHTML, like Gecko) Chrome/146.0.0.0 Safari/537.36"
193.36.118.237 - - [05/Apr/2026:18:32:12 +0200] "GET /wp-content/uploads/2022/02/voda-1-218x150.jpg HTTP/1.1" 304 0 "http://bulpress.top/" "Mozilla/5.0 (Macintosh; Intel Mac OS X 10_15_7) AppleWebKit/537.36 (KHTML, like Gecko) Chrome/146.0.0.0 Safari/537.36"
193.36.118.237 - - [05/Apr/2026:18:32:12 +0200] "GET /wp-content/uploads/2021/12/gerergfd-218x150.jpg HTTP/1.1" 200 8248 "http://bulpress.top/" "Mozilla/5.0 (Macintosh; Intel Mac OS X 10_15_7) AppleWebKit/537.36 (KHTML, like Gecko) Chrome/146.0.0.0 Safari/537.36"
193.36.118.237 - - [05/Apr/2026:18:32:12 +0200] "GET /wp-content/uploads/2021/12/1d5c09c39fd348598556f505744b9c28-1-218x150.jpg HTTP/1.1" 304 0 "http://bulpress.top/" "Mozilla/5.0 (Macintosh; Intel Mac OS X 10_15_7) AppleWebKit/537.36 (KHTML, like Gecko) Chrome/146.0.0.0 Safari/537.36"
193.36.118.237 - - [05/Apr/2026:18:32:13 +0200] "GET /wp-content/uploads/2020/08/guncheva1-1-218x150.jpg HTTP/1.1" 304 0 "http://bulpress.top/" "Mozilla/5.0 (Macintosh; Intel Mac OS X 10_15_7) AppleWebKit/537.36 (KHTML, like Gecko) Chrome/146.0.0.0 Safari/537.36"
193.36.118.237 - - [05/Apr/2026:18:32:13 +0200] "GET /wp-content/uploads/2025/01/aimg-4675-324x235.jpg HTTP/1.1" 200 12726 "http://bulpress.top/" "Mozilla/5.0 (Macintosh; Intel Mac OS X 10_15_7) AppleWebKit/537.36 (KHTML, like Gecko) Chrome/146.0.0.0 Safari/537.36"
193.36.118.237 - - [05/Apr/2026:18:32:13 +0200] "GET /wp-content/uploads/2025/01/tumblr-218x150.jpg HTTP/1.1" 200 11386 "http://bulpress.top/" "Mozilla/5.0 (Macintosh; Intel Mac OS X 10_15_7) AppleWebKit/537.36 (KHTML, like Gecko) Chrome/146.0.0.0 Safari/537.36"
193.36.118.237 - - [05/Apr/2026:18:32:15 +0200] "GET /wp-content/uploads/2025/01/1432053328-218x150.jpg HTTP/1.1" 304 0 "http://bulpress.top/" "Mozilla/5.0 (Macintosh; Intel Mac OS X 10_15_7) AppleWebKit/537.36 (KHTML, like Gecko) Chrome/146.0.0.0 Safari/537.36"
193.36.118.237 - - [05/Apr/2026:18:32:16 +0200] "GET /wp-content/uploads/2023/12/412387611_6898794213547224_5216660481092104954_n-218x150.jpg HTTP/1.1" 304 0 "http://bulpress.top/" "Mozilla/5.0 (Macintosh; Intel Mac OS X 10_15_7) AppleWebKit/537.36 (KHTML, like Gecko) Chrome/146.0.0.0 Safari/537.36"
193.36.118.237 - - [05/Apr/2026:18:32:16 +0200] "GET /wp-content/uploads/2022/04/qna-gfd-1-218x150.jpg HTTP/1.1" 304 0 "http://bulpress.top/" "Mozilla/5.0 (Macintosh; Intel Mac OS X 10_15_7) AppleWebKit/537.36 (KHTML, like Gecko) Chrome/146.0.0.0 Safari/537.36"
193.36.118.237 - - [05/Apr/2026:18:32:16 +0200] "GET /wp-content/uploads/2019/11/velkofwe-218x150.jpg HTTP/1.1" 200 8059 "http://bulpress.top/" "Mozilla/5.0 (Macintosh; Intel Mac OS X 10_15_7) AppleWebKit/537.36 (KHTML, like Gecko) Chrome/146.0.0.0 Safari/537.36"
193.36.118.237 - - [05/Apr/2026:18:32:17 +0200] "GET /wp-content/uploads/2019/08/darvoto-na-zhivota-vav-vashiya-dom-218x150.jpg HTTP/1.1" 200 11880 "http://bulpress.top/" "Mozilla/5.0 (Macintosh; Intel Mac OS X 10_15_7) AppleWebKit/537.36 (KHTML, like Gecko) Chrome/146.0.0.0 Safari/537.36"
193.36.118.237 - - [05/Apr/2026:18:32:17 +0200] "GET /wp-content/uploads/2019/07/zx620_2449431-218x150.jpg HTTP/1.1" 200 13072 "http://bulpress.top/" "Mozilla/5.0 (Macintosh; Intel Mac OS X 10_15_7) AppleWebKit/537.36 (KHTML, like Gecko) Chrome/146.0.0.0 Safari/537.36"
193.36.118.237 - - [05/Apr/2026:18:32:18 +0200] "GET /wp-content/uploads/2017/10/1472300467-2111160116-218x150.jpg HTTP/1.1" 200 6548 "http://bulpress.top/" "Mozilla/5.0 (Macintosh; Intel Mac OS X 10_15_7) AppleWebKit/537.36 (KHTML, like Gecko) Chrome/146.0.0.0 Safari/537.36"
193.36.118.237 - - [05/Apr/2026:18:32:18 +0200] "GET /wp-content/uploads/2019/03/neshka-356x220.jpg HTTP/1.1" 200 14805 "http://bulpress.top/" "Mozilla/5.0 (Macintosh; Intel Mac OS X 10_15_7) AppleWebKit/537.36 (KHTML, like Gecko) Chrome/146.0.0.0 Safari/537.36"
193.36.118.237 - - [05/Apr/2026:18:32:18 +0200] "GET /wp-content/uploads/2019/01/tr-265x198.jpg HTTP/1.1" 200 18416 "http://bulpress.top/" "Mozilla/5.0 (Macintosh; Intel Mac OS X 10_15_7) AppleWebKit/537.36 (KHTML, like Gecko) Chrome/146.0.0.0 Safari/537.36"
193.36.118.237 - - [05/Apr/2026:18:32:19 +0200] "GET /wp-content/uploads/2018/12/maika3-600x397-265x198.jpg HTTP/1.1" 200 7341 "http://bulpress.top/" "Mozilla/5.0 (Macintosh; Intel Mac OS X 10_15_7) AppleWebKit/537.36 (KHTML, like Gecko) Chrome/146.0.0.0 Safari/537.36"
193.36.118.237 - - [05/Apr/2026:18:32:19 +0200] "GET /wp-content/uploads/2017/12/levove-265x198.png HTTP/1.1" 200 85259 "http://bulpress.top/" "Mozilla/5.0 (Macintosh; Intel Mac OS X 10_15_7) AppleWebKit/537.36 (KHTML, like Gecko) Chrome/146.0.0.0 Safari/537.36"
193.36.118.237 - - [05/Apr/2026:18:32:19 +0200] "GET /wp-content/uploads/2020/11/07-10_6570209285278658903_big-356x220.jpg HTTP/1.1" 200 10948 "http://bulpress.top/" "Mozilla/5.0 (Macintosh; Intel Mac OS X 10_15_7) AppleWebKit/537.36 (KHTML, like Gecko) Chrome/146.0.0.0 Safari/537.36"
193.36.118.237 - - [05/Apr/2026:18:32:20 +0200] "GET /wp-content/uploads/2019/05/2019-05-10_080916-265x198.png HTTP/1.1" 200 94936 "http://bulpress.top/" "Mozilla/5.0 (Macintosh; Intel Mac OS X 10_15_7) AppleWebKit/537.36 (KHTML, like Gecko) Chrome/146.0.0.0 Safari/537.36"
193.36.118.237 - - [05/Apr/2026:18:32:21 +0200] "GET /wp-content/uploads/2019/12/schatalova-d-r-265x198.jpg HTTP/1.1" 200 9343 "http://bulpress.top/" "Mozilla/5.0 (Macintosh; Intel Mac OS X 10_15_7) AppleWebKit/537.36 (KHTML, like Gecko) Chrome/146.0.0.0 Safari/537.36"
193.36.118.237 - - [05/Apr/2026:18:32:21 +0200] "GET /wp-content/uploads/2019/03/Screenshot_20-1-1-265x198.jpg HTTP/1.1" 200 9269 "http://bulpress.top/" "Mozilla/5.0 (Macintosh; Intel Mac OS X 10_15_7) AppleWebKit/537.36 (KHTML, like Gecko) Chrome/146.0.0.0 Safari/537.36"
193.36.118.237 - - [05/Apr/2026:18:32:21 +0200] "GET /wp-content/uploads/2018/12/bg-usa-356x220.jpeg HTTP/1.1" 200 25027 "http://bulpress.top/" "Mozilla/5.0 (Macintosh; Intel Mac OS X 10_15_7) AppleWebKit/537.36 (KHTML, like Gecko) Chrome/146.0.0.0 Safari/537.36"
193.36.118.237 - - [05/Apr/2026:18:32:22 +0200] "GET /wp-content/uploads/2017/09/jeni-las-vegas-696x391-265x198.jpg HTTP/1.1" 200 17350 "http://bulpress.top/" "Mozilla/5.0 (Macintosh; Intel Mac OS X 10_15_7) AppleWebKit/537.36 (KHTML, like Gecko) Chrome/146.0.0.0 Safari/537.36"
193.36.118.237 - - [05/Apr/2026:18:32:22 +0200] "GET /wp-content/uploads/2017/10/14-11-simeon-265x198.jpg HTTP/1.1" 200 11436 "http://bulpress.top/" "Mozilla/5.0 (Macintosh; Intel Mac OS X 10_15_7) AppleWebKit/537.36 (KHTML, like Gecko) Chrome/146.0.0.0 Safari/537.36"
193.36.118.237 - - [05/Apr/2026:18:32:22 +0200] "GET /wp-content/uploads/2017/10/photo_verybig_1601335-265x198.jpg HTTP/1.1" 200 15520 "http://bulpress.top/" "Mozilla/5.0 (Macintosh; Intel Mac OS X 10_15_7) AppleWebKit/537.36 (KHTML, like Gecko) Chrome/146.0.0.0 Safari/537.36"
193.36.118.237 - - [05/Apr/2026:18:32:23 +0200] "GET /wp-content/uploads/2018/04/Dobrinka-Tabakova-top.jpg HTTP/1.1" 200 104358 "http://bulpress.top/" "Mozilla/5.0 (Macintosh; Intel Mac OS X 10_15_7) AppleWebKit/537.36 (KHTML, like Gecko) Chrome/146.0.0.0 Safari/537.36"
37.221.113.185 - - [05/Apr/2026:18:32:24 +0200] "GET /wp-content/uploads/2025/01/aimg-4675-533x261.jpg HTTP/1.1" 304 0 "http://bulpress.top/" "Mozilla/5.0 (Macintosh; Intel Mac OS X 10_15_7) AppleWebKit/537.36 (KHTML, like Gecko) Chrome/146.0.0.0 Safari/537.36"
37.221.113.182 - - [05/Apr/2026:18:32:26 +0200] "GET /wp-content/uploads/2023/12/408142699_843435747789636_1768848898766548244_n-533x261.jpg HTTP/1.1" 304 0 "http://bulpress.top/" "Mozilla/5.0 (Macintosh; Intel Mac OS X 10_15_7) AppleWebKit/537.36 (KHTML, like Gecko) Chrome/146.0.0.0 Safari/537.36"
37.221.113.182 - - [05/Apr/2026:18:32:26 +0200] "GET /wp-content/uploads/2023/11/vanga-533x261.jpg HTTP/1.1" 304 0 "http://bulpress.top/" "Mozilla/5.0 (Macintosh; Intel Mac OS X 10_15_7) AppleWebKit/537.36 (KHTML, like Gecko) Chrome/146.0.0.0 Safari/537.36"
37.221.113.182 - - [05/Apr/2026:18:32:26 +0200] "GET /wp-content/uploads/2020/01/PC300032-678x381-1-533x261.jpg HTTP/1.1" 304 0 "http://bulpress.top/" "Mozilla/5.0 (Macintosh; Intel Mac OS X 10_15_7) AppleWebKit/537.36 (KHTML, like Gecko) Chrome/146.0.0.0 Safari/537.36"
37.221.113.182 - - [05/Apr/2026:18:32:27 +0200] "GET /wp-content/uploads/2018/11/tyga-218x150.jpg HTTP/1.1" 200 8790 "http://bulpress.top/" "Mozilla/5.0 (Macintosh; Intel Mac OS X 10_15_7) AppleWebKit/537.36 (KHTML, like Gecko) Chrome/146.0.0.0 Safari/537.36"
37.221.113.182 - - [05/Apr/2026:18:32:27 +0200] "GET /wp-content/uploads/2017/08/acca1c9e-04d7-40c9-8ad8-1cc301950c8d-218x150.jpg HTTP/1.1" 304 0 "http://bulpress.top/" "Mozilla/5.0 (Macintosh; Intel Mac OS X 10_15_7) AppleWebKit/537.36 (KHTML, like Gecko) Chrome/146.0.0.0 Safari/537.36"
37.221.113.182 - - [05/Apr/2026:18:32:27 +0200] "GET /wp-content/uploads/2019/05/bulgari-218x150.jpg HTTP/1.1" 200 11542 "http://bulpress.top/" "Mozilla/5.0 (Macintosh; Intel Mac OS X 10_15_7) AppleWebKit/537.36 (KHTML, like Gecko) Chrome/146.0.0.0 Safari/537.36"
37.221.113.182 - - [05/Apr/2026:18:32:27 +0200] "GET /wp-content/uploads/2019/07/hilda3-218x150.jpg HTTP/1.1" 200 7528 "http://bulpress.top/" "Mozilla/5.0 (Macintosh; Intel Mac OS X 10_15_7) AppleWebKit/537.36 (KHTML, like Gecko) Chrome/146.0.0.0 Safari/537.36"
37.221.113.182 - - [05/Apr/2026:18:32:28 +0200] "GET /wp-content/uploads/2019/06/danoo-218x150.jpg HTTP/1.1" 200 11819 "http://bulpress.top/" "Mozilla/5.0 (Macintosh; Intel Mac OS X 10_15_7) AppleWebKit/537.36 (KHTML, like Gecko) Chrome/146.0.0.0 Safari/537.36"
37.221.113.182 - - [05/Apr/2026:18:32:28 +0200] "GET /wp-content/uploads/2018/08/05horo70_70-218x150.jpg HTTP/1.1" 200 11110 "http://bulpress.top/" "Mozilla/5.0 (Macintosh; Intel Mac OS X 10_15_7) AppleWebKit/537.36 (KHTML, like Gecko) Chrome/146.0.0.0 Safari/537.36"
37.221.113.182 - - [05/Apr/2026:18:32:28 +0200] "GET /wp-content/uploads/2019/05/ad23052019-218x150.jpg HTTP/1.1" 200 10280 "http://bulpress.top/" "Mozilla/5.0 (Macintosh; Intel Mac OS X 10_15_7) AppleWebKit/537.36 (KHTML, like Gecko) Chrome/146.0.0.0 Safari/537.36"
37.221.113.182 - - [05/Apr/2026:18:32:28 +0200] "GET /wp-content/uploads/2025/01/aimg-4675-218x150.jpg HTTP/1.1" 304 0 "http://bulpress.top/" "Mozilla/5.0 (Macintosh; Intel Mac OS X 10_15_7) AppleWebKit/537.36 (KHTML, like Gecko) Chrome/146.0.0.0 Safari/537.36"
37.221.113.182 - - [05/Apr/2026:18:32:28 +0200] "GET /wp-content/uploads/2017/08/big_1a3f-218x150.jpg HTTP/1.1" 304 0 "http://bulpress.top/" "Mozilla/5.0 (Macintosh; Intel Mac OS X 10_15_7) AppleWebKit/537.36 (KHTML, like Gecko) Chrome/146.0.0.0 Safari/537.36"
37.221.113.182 - - [05/Apr/2026:18:32:28 +0200] "GET /wp-content/uploads/2017/08/umna-bulgarka-london-218x150.jpg HTTP/1.1" 304 0 "http://bulpress.top/" "Mozilla/5.0 (Macintosh; Intel Mac OS X 10_15_7) AppleWebKit/537.36 (KHTML, like Gecko) Chrome/146.0.0.0 Safari/537.36"
37.221.113.182 - - [05/Apr/2026:18:32:28 +0200] "GET /wp-content/uploads/2017/09/08_Flughafen_Frankfurt_AlumniseiteBild1-1024x674-218x150.jpg HTTP/1.1" 200 14105 "http://bulpress.top/" "Mozilla/5.0 (Macintosh; Intel Mac OS X 10_15_7) AppleWebKit/537.36 (KHTML, like Gecko) Chrome/146.0.0.0 Safari/537.36"
161.97.137.93 - - [05/Apr/2026:18:34:28 +0200] "POST /wp-cron.php?doing_wp_cron=1775406868.1050219535827636718750 HTTP/1.1" 404 12882 "http://bulpress.top/wp-cron.php?doing_wp_cron=1775406868.1050219535827636718750" "WordPress/4.9.26; http://bulpress.top"
85.208.96.194 - - [05/Apr/2026:18:34:29 +0200] "GET /tag/%D0%B5%D1%82%D0%BE-%D0%BA%D0%B0%D0%BA-%D1%80%D0%B0%D1%81%D1%82%D1%8F%D1%85%D0%BC%D0%B5/ HTTP/1.1" 200 15070 "-" "Mozilla/5.0 (compatible; SemrushBot/7~bl; +http://www.semrush.com/bot.html)"
43.165.190.5 - - [05/Apr/2026:18:34:57 +0200] "GET /?s=%D0%9C%D0%B8%D0%BB%D0%B5%D0%BD%D0%B0 HTTP/1.1" 200 15859 "-" "Mozilla/5.0 (iPhone; CPU iPhone OS 13_2_3 like Mac OS X) AppleWebKit/605.1.15 (KHTML, like Gecko) Version/13.0.3 Mobile/15E148 Safari/604.1"
185.191.171.15 - - [05/Apr/2026:18:36:06 +0200] "GET /tag/%D1%80%D0%B0%D0%B9%D0%BE%D0%BD/ HTTP/1.1" 403 285 "-" "Mozilla/5.0 (compatible; SemrushBot/7~bl; +http://www.semrush.com/bot.html)"
154.37.213.224 - - [05/Apr/2026:18:36:46 +0200] "GET /wp-content/uploads/2019/08/0076463001384870964_555771_600x458-218x150.jpg HTTP/1.1" 200 5971 "-" "Mozilla/5.0 (X11; Linux x86_64) AppleWebKit/537.36 (KHTML, like Gecko) Chrome/124.0.0.0 Safari/537.36"
161.97.137.93 - - [05/Apr/2026:18:36:47 +0200] "POST /wp-cron.php?doing_wp_cron=1775407006.4448690414428710937500 HTTP/1.1" 404 12949 "http://bulpress.top/wp-cron.php?doing_wp_cron=1775407006.4448690414428710937500" "WordPress/4.9.26; http://bulpress.top"
176.56.39.105 - - [05/Apr/2026:18:36:47 +0200] "POST /wp-login.php HTTP/1.1" 401 3738 "-" "Mozilla/5.0"
92.222.104.205 - - [05/Apr/2026:18:37:14 +0200] "GET /%D0%BB%D0%B0%D1%83%D1%80%D0%B0-%D0%BA%D1%8C%D0%BE%D0%B2%D0%B5%D1%88%D0%B8-%D0%B5-%D1%81%D1%80%D0%B5%D0%B4-%D0%BF%D0%B5%D1%82%D0%B8%D0%BC%D0%B0%D1%82%D0%B0-%D0%BA%D0%B0%D0%BD%D0%B4%D0%B8%D0%B4%D0%B0/ HTTP/1.1" 200 21424 "-" "Mozilla/5.0 (compatible; AhrefsBot/7.0; +http://ahrefs.com/robot/)"
8.228.88.249 - - [05/Apr/2026:18:39:00 +0200] "GET /category/%d0%a1%d0%b2%d1%8f%d1%82/feed/ HTTP/1.1" 200 53868 "-" "Mozilla/5.0 (Windows NT 6.3; WOW64; rv:33.0) Gecko/20100101 Firefox/33.0"
51.75.236.147 - - [05/Apr/2026:18:39:44 +0200] "GET /wp-content/uploads/2017/11/85150_660_370.jpg.pagespeed.ce_.b2weW-z0As-80x60.jpg HTTP/1.1" 200 1891 "-" "Mozilla/5.0 (compatible; AhrefsBot/7.0; +http://ahrefs.com/robot/)"
92.222.108.125 - - [05/Apr/2026:18:39:44 +0200] "GET /wp-content/uploads/2018/04/chalga-696x385.jpg HTTP/1.1" 200 39106 "-" "Mozilla/5.0 (compatible; AhrefsBot/7.0; +http://ahrefs.com/robot/)"
161.97.137.93 - - [05/Apr/2026:18:39:53 +0200] "POST /wp-cron.php?doing_wp_cron=1775407192.1269850730895996093750 HTTP/1.1" 404 12874 "http://bulpress.top/wp-cron.php?doing_wp_cron=1775407192.1269850730895996093750" "WordPress/4.9.26; http://bulpress.top"
185.191.171.1 - - [05/Apr/2026:18:39:53 +0200] "GET /%D0%BE%D0%BF%D1%80%D0%B5%D0%B4%D0%B5%D0%BB%D0%B8%D1%85%D0%B0-%D0%BD%D0%B0%D0%B9-%D0%BA%D1%8A%D1%81%D0%BC%D0%B5%D1%82%D0%BB%D0%B8%D0%B9%D1%81%D0%BA%D0%B8%D1%82%D0%B5-%D0%B6%D0%B5%D0%BD%D1%81%D0%BA/grgreg/ HTTP/1.1" 200 15458 "-" "Mozilla/5.0 (compatible; SemrushBot/7~bl; +http://www.semrush.com/bot.html)"
185.191.171.11 - - [05/Apr/2026:18:40:13 +0200] "GET /tag/20-%D0%B3%D0%BE%D0%B4%D0%B8%D1%88%D0%BD%D0%B8%D1%8F%D1%82-%D0%90%D0%B4%D1%80%D0%B8%D0%B0%D0%BD-%D0%94%D0%B8%D0%BC%D0%B8%D1%82%D1%80%D0%BE%D0%B2-%D0%BE%D1%82-%D0%A8%D1%83%D0%BC%D0%B5%D0%BD/page/11/ HTTP/1.1" 200 21521 "-" "Mozilla/5.0 (compatible; SemrushBot/7~bl; +http://www.semrush.com/bot.html)"
5.39.1.240 - - [05/Apr/2026:18:40:50 +0200] "GET /%D0%B1%D1%8A%D0%BB%D0%B3%D0%B0%D1%80%D0%B8%D1%8F-%D0%B5-%D0%BD%D0%B0-%D0%BF%D1%8A%D1%80%D0%B2%D0%BE-%D0%BC%D1%8F%D1%81%D1%82%D0%BE-%D0%B2-%D1%81%D0%B2%D0%B5%D1%82%D0%B0-%D0%BF%D0%BE-%D0%B1%D1%80%D0%BE/ HTTP/1.1" 200 22329 "-" "Mozilla/5.0 (compatible; AhrefsBot/7.0; +http://ahrefs.com/robot/)"
8.228.88.249 - - [05/Apr/2026:18:40:57 +0200] "GET /category/%d0%91%d1%8a%d0%bb%d0%b3%d0%b0%d1%80%d0%b8%d1%8f/feed/ HTTP/1.1" 200 55198 "-" "Mozilla/5.0 (Windows NT 6.3; WOW64; rv:33.0) Gecko/20100101 Firefox/33.0"
161.97.137.93 - - [05/Apr/2026:18:42:29 +0200] "POST /wp-cron.php?doing_wp_cron=1775407348.2394359111785888671875 HTTP/1.1" 404 12953 "http://bulpress.top/wp-cron.php?doing_wp_cron=1775407348.2394359111785888671875" "WordPress/4.9.26; http://bulpress.top"
85.208.96.211 - - [05/Apr/2026:18:42:29 +0200] "GET /tag/%D0%B1%D1%8A%D0%BB%D0%B3%D0%B0%D1%80%D0%B8%D1%8F-%D1%81%D0%B5-%D0%BA%D1%8A%D0%BF%D0%B5-%D0%B2-%D0%B7%D0%BB%D0%B0%D1%82%D0%BE/ HTTP/1.1" 200 14399 "-" "Mozilla/5.0 (compatible; SemrushBot/7~bl; +http://www.semrush.com/bot.html)"
85.208.96.203 - - [05/Apr/2026:18:43:04 +0200] "GET /tag/%D1%81%D0%B0%D0%BC%D0%BE%D1%82%D1%80%D0%B0%D0%BA%D0%B8/ HTTP/1.1" 200 14934 "-" "Mozilla/5.0 (compatible; SemrushBot/7~bl; +http://www.semrush.com/bot.html)"
