65.108.72.207 - - [06/Apr/2026:05:29:02 +0200] "GET /%d0%b4%d0%b8%d0%bf%d0%bb%d0%be%d0%bc%d0%b0%d1%82%d0%b8%d1%87%d0%b5%d1%81%d0%ba%d0%b8-%d1%81%d0%ba%d0%b0%d0%bd%d0%b4%d0%b0%d0%bb-%d1%80%d1%83%d1%81%d0%b8%d1%8f-%d0%be%d0%b1%d0%b2%d0%b8%d0%bd%d0%b8/ HTTP/1.1" 404 277 "http://bulpress.top/category/%d0%a0%d1%83%d1%81%d0%b8%d1%8f/" "Mozilla/5.0 (compatible; SEOkicks; +https://www.seokicks.de/robot.html)"
65.108.72.207 - - [06/Apr/2026:05:29:08 +0200] "GET /%d0%bf%d1%83%d1%82%d0%b8%d0%bd-%d0%bd%d0%b8%d0%b5-%d0%bd%d0%b5-%d1%81%d0%bc%d0%b5-%d0%b1%d1%8a%d0%bb%d0%b3%d0%b0%d1%80%d0%b8%d1%8f-%d1%83-%d0%bd%d0%b0%d1%81-%d0%bf%d0%b5%d0%bd%d1%81%d0%b8%d0%be/ HTTP/1.1" 404 277 "http://bulpress.top/category/%d0%a0%d1%83%d1%81%d0%b8%d1%8f/" "Mozilla/5.0 (compatible; SEOkicks; +https://www.seokicks.de/robot.html)"
65.108.72.207 - - [06/Apr/2026:05:29:10 +0200] "GET /%d0%bf%d1%83%d1%82%d0%b8%d0%bd-%d0%bf%d0%b0%d0%ba-%d1%80%d0%b0%d0%b7%d1%81%d0%b8%d0%bf%d0%b0-%d0%b7%d0%b0%d0%bf%d0%b0%d0%b4%d0%b0-%d0%be%d0%b1%d0%b5%d1%89%d0%b0-%d0%bf%d0%be%d0%b1%d0%b5%d0%b4%d0%b0/ HTTP/1.1" 404 277 "http://bulpress.top/category/%d0%a0%d1%83%d1%81%d0%b8%d1%8f/" "Mozilla/5.0 (compatible; SEOkicks; +https://www.seokicks.de/robot.html)"
65.108.72.207 - - [06/Apr/2026:05:29:13 +0200] "GET /%d0%bf%d1%83%d1%82%d0%b8%d0%bd-%d0%ba%d1%8a%d0%bc-%d1%81%d0%b2%d0%b5%d1%82%d0%be%d0%b2%d0%bd%d0%b8%d1%82%d0%b5-%d0%bb%d0%b8%d0%b4%d0%b5%d1%80%d0%b8-%d1%82%d1%80%d1%8f%d0%b1%d0%b2%d0%b0-%d0%bd%d0%b8/ HTTP/1.1" 404 277 "http://bulpress.top/category/%d0%a0%d1%83%d1%81%d0%b8%d1%8f/" "Mozilla/5.0 (compatible; SEOkicks; +https://www.seokicks.de/robot.html)"
65.108.72.207 - - [06/Apr/2026:05:29:16 +0200] "GET /%d0%bf%d1%83%d1%82%d0%b8%d0%bd-%d0%b7%d0%b0%d1%80%d0%b0%d0%b4%d0%b8-%d0%bf%d0%b0%d0%bd%d0%b4%d0%b5%d0%bc%d0%b8%d1%8f%d1%82%d0%b0-%d1%81%d0%be%d1%86%d0%b8%d0%b0%d0%bb%d0%bd%d0%b8%d1%82%d0%b5-%d0%bf/ HTTP/1.1" 404 277 "http://bulpress.top/category/%d0%a0%d1%83%d1%81%d0%b8%d1%8f/" "Mozilla/5.0 (compatible; SEOkicks; +https://www.seokicks.de/robot.html)"
65.108.72.207 - - [06/Apr/2026:05:29:18 +0200] "GET /%d0%bf%d0%be%d0%bc%d0%be%d1%89%d1%82%d0%b0-%d0%bd%d0%b8-%d0%b7%d0%b0-%d0%b8%d1%82%d0%b0%d0%bb%d0%b8%d1%8f-%d0%b5-%d0%b1%d0%b5%d0%b7-%d1%83%d1%81%d0%bb%d0%be%d0%b2%d0%b8%d1%8f-%d0%b8-%d0%bf%d0%be%d0%bb/ HTTP/1.1" 404 277 "http://bulpress.top/category/%d0%a0%d1%83%d1%81%d0%b8%d1%8f/" "Mozilla/5.0 (compatible; SEOkicks; +https://www.seokicks.de/robot.html)"
216.244.66.232 - - [06/Apr/2026:05:29:19 +0200] "GET /%D1%81%D1%82%D0%BE%D1%82%D0%B8%D1%86%D0%B8-%D0%B1%D1%8A%D0%BB%D0%B3%D0%B0%D1%80%D0%B8-%D1%80%D0%BE%D0%B1%D1%83%D0%B2%D0%B0%D1%82-%D0%B2-%D0%B5%D0%B2%D1%80%D0%BE%D0%BF%D0%B0/ HTTP/1.1" 404 277 "-" "Mozilla/5.0 (compatible; DotBot/1.2; +https://opensiteexplorer.org/dotbot; help@moz.com)"
65.108.72.207 - - [06/Apr/2026:05:29:19 +0200] "GET /%d1%80%d1%83%d1%81%d0%b8%d1%8f-%d0%b5-%d1%82%d0%be%d0%b2%d0%b0-%d0%bd%d0%b5-%d0%b5%d1%81/ HTTP/1.1" 404 277 "http://bulpress.top/category/%d0%a0%d1%83%d1%81%d0%b8%d1%8f/" "Mozilla/5.0 (compatible; SEOkicks; +https://www.seokicks.de/robot.html)"
65.108.72.207 - - [06/Apr/2026:05:29:25 +0200] "GET /%d0%bf%d1%83%d1%82%d0%b8%d0%bd-%d0%bf%d0%be%d0%b7%d0%b4%d1%80%d0%b0%d0%b2%d0%b8-%d0%b1%d1%8a%d0%bb%d0%b3%d0%b0%d1%80%d0%b8%d1%8f-%d0%bf%d0%be-%d0%bf%d0%be%d0%b2%d0%be%d0%b4-3-%d0%bc%d0%b0%d1%80%d1%82/ HTTP/1.1" 404 277 "http://bulpress.top/category/%d0%a0%d1%83%d1%81%d0%b8%d1%8f/" "Mozilla/5.0 (compatible; SEOkicks; +https://www.seokicks.de/robot.html)"
65.108.72.207 - - [06/Apr/2026:05:29:29 +0200] "GET /%d0%bb%d0%b0%d0%b4%d0%b0-%d0%bd%d0%b8%d0%b2%d0%b0-%d1%80%d1%83%d1%81%d0%ba%d0%b0%d1%82%d0%b0-%d0%ba%d0%be%d0%bb%d0%b0-%d0%ba%d0%be%d1%8f%d1%82%d0%be-%d0%bf%d1%80%d0%b5%d0%b2%d0%b7%d0%b5-%d1%81%d0%b2/ HTTP/1.1" 404 277 "http://bulpress.top/category/%d0%a0%d1%83%d1%81%d0%b8%d1%8f/" "Mozilla/5.0 (compatible; SEOkicks; +https://www.seokicks.de/robot.html)"
65.108.72.207 - - [06/Apr/2026:05:29:31 +0200] "GET /%d0%b7a-18-%d0%b3%d0%be%d0%b4%d0%b8%d0%bd%d0%b8-%d0%bf%d1%83%d1%82%d0%b8%d0%bd-%d1%83%d0%b2%d0%b5%d0%bb%d0%b8%d1%87%d0%b8-%d0%b1%d1%8e%d0%b4%d0%b6%d0%b5%d1%82%d0%b0-%d0%bd%d0%b0-%d1%80%d1%83%d1%81/ HTTP/1.1" 404 277 "http://bulpress.top/category/%d0%a0%d1%83%d1%81%d0%b8%d1%8f/" "Mozilla/5.0 (compatible; SEOkicks; +https://www.seokicks.de/robot.html)"
65.108.72.207 - - [06/Apr/2026:05:29:34 +0200] "GET /%d0%bd%d0%be%d0%b2%d0%b0%d1%82%d0%b0-%d0%bb%d0%b0%d0%b4%d0%b0-%d1%81%d0%ba%d1%80%d0%b8-%d1%82%d0%be%d0%bf%d0%ba%d0%b0%d1%82%d0%b0-%d0%b4%d0%be%d1%80%d0%b8-%d0%b8-%d0%bd%d0%b0/ HTTP/1.1" 404 277 "http://bulpress.top/category/%d0%a0%d1%83%d1%81%d0%b8%d1%8f/" "Mozilla/5.0 (compatible; SEOkicks; +https://www.seokicks.de/robot.html)"
65.108.72.207 - - [06/Apr/2026:05:29:35 +0200] "GET /%d1%81%d0%b1%d0%be%d0%b3%d0%be%d0%bc-%d0%bd%d0%b0-%d0%b7%d0%b8%d0%bb-%d0%b0-%d0%ba%d0%b0%d0%bc%d0%b8%d0%be%d0%bd%d1%8a%d1%82-%d0%ba%d0%be%d0%b9%d1%82%d0%be-%d0%bf%d0%be%d1%81%d1%82%d1%80%d0%be%d0%b8/ HTTP/1.1" 404 277 "http://bulpress.top/category/%d0%a0%d1%83%d1%81%d0%b8%d1%8f/" "Mozilla/5.0 (compatible; SEOkicks; +https://www.seokicks.de/robot.html)"
65.108.72.207 - - [06/Apr/2026:05:29:37 +0200] "GET /%d1%80%d1%83%d1%81%d0%b8%d1%8f-%d1%86%d0%b5%d0%bb%d0%b5%d0%bd%d0%b0%d1%81%d0%be%d1%87%d0%b5%d0%bd%d0%be-%d1%82%d1%80%d0%be%d0%b2%d1%8f%d1%82-%d0%b4%d1%80%d1%83%d0%b6%d0%b1%d0%b0%d1%82%d0%b0-%d0%bd/ HTTP/1.1" 404 277 "http://bulpress.top/category/%d0%a0%d1%83%d1%81%d0%b8%d1%8f/" "Mozilla/5.0 (compatible; SEOkicks; +https://www.seokicks.de/robot.html)"
65.108.72.207 - - [06/Apr/2026:05:29:39 +0200] "GET /%d1%81%d1%82%d0%b0%d1%80%d0%b8%d1%8f%d1%82-%d0%b8%d0%b6-%d1%81%d0%b5-%d0%b7%d0%b0%d0%b2%d1%80%d1%8a%d1%89%d0%b0-%d0%bf%d0%be-%d1%81%d0%b8%d0%bb%d0%b5%d0%bd-%d0%be%d1%82-%d0%b2%d1%81/ HTTP/1.1" 404 277 "http://bulpress.top/category/%d0%a0%d1%83%d1%81%d0%b8%d1%8f/" "Mozilla/5.0 (compatible; SEOkicks; +https://www.seokicks.de/robot.html)"
65.108.72.207 - - [06/Apr/2026:05:29:40 +0200] "GET /%d0%bd%d0%be%d0%b2%d0%b0%d1%82%d0%b0-%d0%bb%d0%b0%d0%b4%d0%b0-%d1%81%d0%b5-%d0%b7%d0%b0%d0%b2%d1%80%d1%8a%d1%89%d0%b0-%d1%81-%d1%80%d0%b5%d1%82%d1%80%d0%be-%d0%b4%d0%b8%d0%b7%d0%b0%d0%b9%d0%bd/ HTTP/1.1" 404 277 "http://bulpress.top/category/%d0%a0%d1%83%d1%81%d0%b8%d1%8f/" "Mozilla/5.0 (compatible; SEOkicks; +https://www.seokicks.de/robot.html)"
65.108.72.207 - - [06/Apr/2026:05:29:42 +0200] "GET /%d0%bf%d1%83%d1%82%d0%b8%d0%bd-%d0%b8%d1%81%d0%ba%d0%b0-%d0%bf%d0%be%d0%b2%d0%b5%d1%87%d0%b5-%d0%b8-%d0%bf%d0%be-%d0%b1%d0%be%d0%b3%d0%b0%d1%82%d0%b8-%d1%80%d1%83%d1%81%d0%bd%d0%b0%d1%86%d0%b8/ HTTP/1.1" 404 277 "http://bulpress.top/category/%d0%a0%d1%83%d1%81%d0%b8%d1%8f/" "Mozilla/5.0 (compatible; SEOkicks; +https://www.seokicks.de/robot.html)"
65.108.72.207 - - [06/Apr/2026:05:29:44 +0200] "GET /10-%d0%bd%d0%b5%d1%89%d0%b0-%d0%ba%d0%be%d0%b8%d1%82%d0%be-%d1%89%d0%b5-%d0%b2%d0%b8-%d1%81%d0%b5-%d1%81%d0%bb%d1%83%d1%87%d0%b0%d1%82-%d0%b0%d0%ba%d0%be-%d1%80%d0%b5%d1%88%d0%b8%d1%82%d0%b5-%d0%b4/ HTTP/1.1" 404 277 "http://bulpress.top/category/%d0%a0%d1%83%d1%81%d0%b8%d1%8f/" "Mozilla/5.0 (compatible; SEOkicks; +https://www.seokicks.de/robot.html)"
65.108.72.207 - - [06/Apr/2026:05:29:46 +0200] "GET /%d0%ba%d0%be%d0%bb%d0%ba%d0%be-%d0%b8%d1%81%d1%82%d0%b8%d0%bd%d1%81%d0%ba%d0%be-%d0%b5-%d0%b1%d1%8a%d0%bb%d0%b3%d0%b0%d1%80%d1%81%d0%ba%d0%be%d1%82%d0%be-%d0%ba%d0%b8%d1%81%d0%b5%d0%bb%d0%be-%d0%bc/ HTTP/1.1" 404 277 "http://bulpress.top/category/%d0%a0%d1%83%d1%81%d0%b8%d1%8f/" "Mozilla/5.0 (compatible; SEOkicks; +https://www.seokicks.de/robot.html)"
65.108.72.207 - - [06/Apr/2026:05:29:50 +0200] "GET /%d0%b5%d0%b4%d0%b8%d0%bd%d1%81%d1%82%d0%b2%d0%b5%d0%bd%d0%b8%d1%8f%d1%82-%d0%b1%d1%8a%d0%bb%d0%b3%d0%b0%d1%80%d0%b8%d0%bd-%d0%b1%d0%b8%d0%bb-%d0%ba%d0%b0%d0%bf%d0%b8%d1%82%d0%b0%d0%bd/ HTTP/1.1" 404 277 "http://bulpress.top/category/%d0%a0%d1%83%d1%81%d0%b8%d1%8f/" "Mozilla/5.0 (compatible; SEOkicks; +https://www.seokicks.de/robot.html)"
65.108.72.207 - - [06/Apr/2026:05:29:54 +0200] "GET /%d1%82%d0%b0%d0%ba%d0%b8%d0%b2%d0%b0-%d0%bf%d0%b0%d0%bb%d0%b0%d1%87%d0%b8%d0%bd%d0%ba%d0%b8-%d0%bd%d0%b5-%d1%81%d1%82%d0%b5-%d1%8f%d0%bb%d0%b8-1-%d1%81%d1%8a%d1%81%d1%82%d0%b0%d0%b2%d0%ba%d0%b0/ HTTP/1.1" 404 277 "http://bulpress.top/category/%d0%a0%d1%83%d1%81%d0%b8%d1%8f/" "Mozilla/5.0 (compatible; SEOkicks; +https://www.seokicks.de/robot.html)"
65.108.72.207 - - [06/Apr/2026:05:29:55 +0200] "GET /%d0%b5%d0%b4%d0%bd%d0%be-%d0%b1%d1%8a%d0%bb%d0%b3%d0%b0%d1%80%d1%81%d0%ba%d0%be-%d0%bc%d0%be%d0%bc%d0%b8%d1%87%d0%b5-%d0%bd%d0%b0%d0%bf%d0%b8%d1%81%d0%b0-%d0%bf%d0%b8%d1%81%d0%bc%d0%be-%d0%b4%d0%be/ HTTP/1.1" 404 277 "http://bulpress.top/category/%d0%a0%d1%83%d1%81%d0%b8%d1%8f/" "Mozilla/5.0 (compatible; SEOkicks; +https://www.seokicks.de/robot.html)"
65.108.72.207 - - [06/Apr/2026:05:29:57 +0200] "GET /%d1%81%d0%b1%d1%8a%d0%b4%d0%b2%d0%b0-%d1%81%d0%b5-%d0%bf%d1%80%d0%be%d1%80%d0%be%d1%87%d0%b5%d1%81%d1%82%d0%b2%d0%be-%d0%bd%d0%b0-%d0%b2%d0%b0%d0%bd%d0%b3%d0%b0-%d0%bf%d0%be%d0%ba%d0%b0%d0%b7%d0%b0/ HTTP/1.1" 404 277 "http://bulpress.top/category/%d0%a0%d1%83%d1%81%d0%b8%d1%8f/" "Mozilla/5.0 (compatible; SEOkicks; +https://www.seokicks.de/robot.html)"
65.108.72.207 - - [06/Apr/2026:05:30:11 +0200] "GET /%d0%b4%d0%be-%d0%b1%d1%8a%d0%bb%d0%b3%d0%b0%d1%80%d0%b8%d1%82%d0%b5-%d0%b2-%d1%87%d1%83%d0%b6%d0%b1%d0%b8%d0%bd%d0%b0-%d0%bd%d0%b5-%d1%81%d0%b5-%d0%bf%d1%80%d0%b8%d1%82%d0%b5%d1%81%d0%bd%d1%8f%d0%b2/ HTTP/1.1" 502 150 "http://bulpress.top/category/%d0%a0%d1%83%d1%81%d0%b8%d1%8f/" "Mozilla/5.0 (compatible; SEOkicks; +https://www.seokicks.de/robot.html)"
65.108.72.207 - - [06/Apr/2026:05:30:15 +0200] "GET /category/%d0%a1%d0%90%d0%a9/page/2/ HTTP/1.1" 404 277 "http://bulpress.top/category/%d0%a1%d0%90%d0%a9/" "Mozilla/5.0 (compatible; SEOkicks; +https://www.seokicks.de/robot.html)"
15.235.27.160 - - [06/Apr/2026:05:32:10 +0200] "GET /robots.txt HTTP/1.1" 404 277 "-" "Mozilla/5.0 (compatible; AhrefsBot/7.0; +http://ahrefs.com/robot/)"
148.113.130.18 - - [06/Apr/2026:05:32:11 +0200] "GET /24-%D0%B3%D0%BE%D0%B4%D0%B8%D1%88%D0%B5%D0%BD-%D0%B1%D1%8A%D0%BB%D0%B3%D0%B0%D1%80%D1%81%D0%BA%D0%B8-%D0%BE%D1%82%D0%BB%D0%B8%D1%87%D0%BD%D0%B8%D0%BA-%D1%81%D1%80%D0%B8%D0%BD%D0%B0-%D0%BF%D0%BE%D0%BB/feed/ HTTP/1.1" 404 277 "-" "Mozilla/5.0 (compatible; AhrefsBot/7.0; +http://ahrefs.com/robot/)"
8.228.88.249 - - [06/Apr/2026:05:32:45 +0200] "GET /category/%d0%a1%d0%b2%d1%8f%d1%82/feed/ HTTP/1.1" 404 277 "-" "Mozilla/5.0 (Windows NT 6.3; WOW64; rv:33.0) Gecko/20100101 Firefox/33.0"
185.191.171.9 - - [06/Apr/2026:05:33:04 +0200] "GET /tag/%D0%BB%D0%B5%D0%BA%D0%B0%D1%80%D0%B8/ HTTP/1.1" 404 277 "-" "Mozilla/5.0 (compatible; SemrushBot/7~bl; +http://www.semrush.com/bot.html)"
185.191.171.14 - - [06/Apr/2026:05:33:19 +0200] "GET /%D0%BD%D0%B0%D0%BA%D1%8A%D0%B4%D0%B5-%D0%BE%D1%82%D0%B8%D0%B2%D0%B0%D1%88-%D0%B1%D1%8A%D0%BB%D0%B3%D0%B0%D1%80%D0%B8%D0%B9%D0%BE-%D0%BD%D0%B5%D0%B3%D1%80%D0%B0%D0%BC%D0%BE%D1%82%D0%BD%D0%B8%D1%82/ HTTP/1.1" 404 277 "-" "Mozilla/5.0 (compatible; SemrushBot/7~bl; +http://www.semrush.com/bot.html)"
216.244.66.232 - - [06/Apr/2026:05:34:02 +0200] "GET /%D0%B5%D1%85-%D0%BC%D0%B8%D0%BD%D0%B0%D0%BB%D0%BE-%D0%BC%D0%B8%D0%BD%D0%B0%D0%BB%D0%BE/ HTTP/1.1" 404 277 "-" "Mozilla/5.0 (compatible; DotBot/1.2; +https://opensiteexplorer.org/dotbot; help@moz.com)"
66.249.74.164 - - [06/Apr/2026:05:36:57 +0200] "GET /%D0%BD%D0%B5%D0%BA%D0%B0-%D1%81%D0%B8-%D1%81%D0%BF%D0%BE%D0%BC%D0%BD%D0%B8%D0%BC-%D0%B7%D0%B0-%D0%BB%D0%B5%D0%B3%D0%B5%D0%BD%D0%B4%D0%B0%D1%80%D0%BD%D0%B8%D1%8F-%D0%B0%D0%BA%D1%82%D1%8C%D0%BE%D1%80/ HTTP/1.1" 404 277 "-" "Mozilla/5.0 (Linux; Android 6.0.1; Nexus 5X Build/MMB29P) AppleWebKit/537.36 (KHTML, like Gecko) Chrome/146.0.7680.177 Mobile Safari/537.36 (compatible; Googlebot/2.1; +http://www.google.com/bot.html)"
8.228.88.249 - - [06/Apr/2026:05:38:10 +0200] "GET /category/%d0%91%d1%8a%d0%bb%d0%b3%d0%b0%d1%80%d0%b8%d1%8f/feed/ HTTP/1.1" 404 277 "-" "Mozilla/5.0 (Windows NT 6.3; WOW64; rv:33.0) Gecko/20100101 Firefox/33.0"
85.208.96.202 - - [06/Apr/2026:05:38:10 +0200] "GET /%D0%91%D1%8A%D0%BB%D0%B3%D0%B0%D1%80%D0%B8-%D1%87%D1%83%D0%B6%D0%B1%D0%B8%D0%BD%D0%B0-%D0%BD%D0%B5-%D0%B7%D0%B0%D0%B1%D1%80%D0%B0%D0%B2%D1%8F%D0%B9%D1%82%D0%B5-%D1%87%D0%B5-%D0%BD%D0%B0%D1%88/ HTTP/1.1" 404 277 "-" "Mozilla/5.0 (compatible; SemrushBot/7~bl; +http://www.semrush.com/bot.html)"
185.191.171.7 - - [06/Apr/2026:05:38:27 +0200] "GET /tag/%D0%B4%D1%83%D1%85-%D0%BD%D0%B0-%D0%BC%D0%BB%D0%B0%D0%B4%D0%B0-%D0%B4%D0%B5%D0%B2%D0%BE%D0%B9%D0%BA%D0%B0/ HTTP/1.1" 404 277 "-" "Mozilla/5.0 (compatible; SemrushBot/7~bl; +http://www.semrush.com/bot.html)"
85.208.96.202 - - [06/Apr/2026:05:38:52 +0200] "GET /tag/%D0%BF%D1%80%D0%BE%D1%80%D0%BE%D1%87%D0%B8%D1%86%D0%B0/ HTTP/1.1" 404 277 "-" "Mozilla/5.0 (compatible; SemrushBot/7~bl; +http://www.semrush.com/bot.html)"
142.44.233.8 - - [06/Apr/2026:05:39:08 +0200] "GET /%D0%BA%D0%B0%D0%BA-%D0%B6%D0%B8%D0%B2%D1%8F%D1%85%D0%BC%D0%B5-%D0%BF%D1%80%D0%B5%D0%B4%D0%B8-10-%D0%BD%D0%BE%D0%B5%D0%BC%D0%B2%D1%80%D0%B8-1989-%D0%B3%D0%BE%D0%B4-iv-%D1%87%D0%B0%D1%81%D1%82-%D0%BC/ HTTP/1.1" 404 277 "-" "Mozilla/5.0 (compatible; AhrefsBot/7.0; +http://ahrefs.com/robot/)"
85.208.96.211 - - [06/Apr/2026:05:39:27 +0200] "GET /tag/%D0%B4%D0%B5%D0%BC%D0%BE%D0%B3%D1%80%D0%B0%D1%84%D1%81%D0%BA%D0%B0%D1%82%D0%B0-%D0%BF%D0%BE%D0%BB%D0%B8%D1%82%D0%B8%D0%BA%D0%B0/ HTTP/1.1" 404 277 "-" "Mozilla/5.0 (compatible; SemrushBot/7~bl; +http://www.semrush.com/bot.html)"
85.208.96.199 - - [06/Apr/2026:05:41:31 +0200] "GET /tag/%D1%80%D0%B0%D0%B1%D0%BE%D1%82%D0%BD%D0%B8%D1%87%D0%B5%D1%81%D0%BA%D0%BE-%D1%82%D0%B5%D1%85%D0%BD%D0%B8%D1%87%D0%B5%D1%81%D0%BA%D0%B0%D1%82%D0%B0-%D0%BA%D0%BB%D0%B0%D1%81%D0%B0/ HTTP/1.1" 404 277 "-" "Mozilla/5.0 (compatible; SemrushBot/7~bl; +http://www.semrush.com/bot.html)"
8.228.88.249 - - [06/Apr/2026:05:42:19 +0200] "GET /news/feed/ HTTP/1.1" 404 277 "-" "Mozilla/5.0 (Windows NT 6.3; WOW64; rv:33.0) Gecko/20100101 Firefox/33.0"
185.191.171.8 - - [06/Apr/2026:05:42:47 +0200] "GET /%D0%BA%D1%80%D0%B5%D0%B4%D0%B8%D1%82-%D0%BE%D1%82-232-%D0%BB%D0%B5%D0%B2%D0%B0-%D0%BE%D1%81%D1%82%D0%B0%D0%B2%D0%B8-69-%D0%B3%D0%BE%D0%B4%D0%B8%D1%88%D0%BD%D0%B0-%D0%B1%D0%B0%D0%B1%D0%B0-%D0%BD%D0%B0/ HTTP/1.1" 404 277 "-" "Mozilla/5.0 (compatible; SemrushBot/7~bl; +http://www.semrush.com/bot.html)"
85.208.96.194 - - [06/Apr/2026:05:42:54 +0200] "GET /tag/%D0%B3%D0%BE%D0%B4%D0%B8%D0%BD%D0%B0/ HTTP/1.1" 404 277 "-" "Mozilla/5.0 (compatible; SemrushBot/7~bl; +http://www.semrush.com/bot.html)"
161.97.137.93 - - [06/Apr/2026:05:42:57 +0200] "POST /wp-cron.php?doing_wp_cron=1775446977.8454511165618896484375 HTTP/1.1" 404 47 "http://bulpress.top/wp-cron.php?doing_wp_cron=1775446977.8454511165618896484375" "WordPress/4.9.26; http://bulpress.top"
176.56.39.105 - - [06/Apr/2026:05:42:58 +0200] "POST /wp-login.php HTTP/1.1" 401 3738 "-" "Mozilla/5.0"
85.208.96.207 - - [06/Apr/2026:05:43:09 +0200] "GET /tag/%D0%B1%D0%BE%D0%BB%D0%BD%D0%BE-%D1%81%D1%8A%D1%80%D1%86%D0%B5/ HTTP/1.1" 404 277 "-" "Mozilla/5.0 (compatible; SemrushBot/7~bl; +http://www.semrush.com/bot.html)"
185.191.171.18 - - [06/Apr/2026:05:43:16 +0200] "GET /tag/%D0%BA%D0%B8%D1%81%D0%B5%D0%BB%D0%BE%D1%82%D0%BE-%D0%BC%D0%BB%D1%8F%D0%BA%D0%BE-%D0%B4%D0%B0%D1%80-%D0%BE%D1%82-%D0%B1%D0%BE%D0%B3%D0%BE%D0%B2%D0%B5%D1%82%D0%B5/ HTTP/1.1" 404 277 "-" "Mozilla/5.0 (compatible; SemrushBot/7~bl; +http://www.semrush.com/bot.html)"
2a03:2880:f806:5:: - - [06/Apr/2026:05:44:02 +0200] "GET /author-sitemap.xml HTTP/1.1" 502 150 "-" "meta-webindexer/1.1 (+https://developers.facebook.com/docs/sharing/webmasters/crawler)"
185.191.171.18 - - [06/Apr/2026:05:45:26 +0200] "GET /tag/%D0%B8%D0%B7%D0%BF%D0%BE%D0%B2%D0%B5%D0%B4/ HTTP/1.1" 404 277 "-" "Mozilla/5.0 (compatible; SemrushBot/7~bl; +http://www.semrush.com/bot.html)"
66.249.74.166 - - [06/Apr/2026:05:45:36 +0200] "GET /wp-content/uploads/2019/02/325345-6.jpg HTTP/1.1" 200 43685 "-" "Googlebot-Image/1.0"
161.97.137.93 - - [06/Apr/2026:05:46:00 +0200] "POST /wp-cron.php?doing_wp_cron=1775447160.1142590045928955078125 HTTP/1.1" 404 47 "http://bulpress.top/wp-cron.php?doing_wp_cron=1775447160.1142590045928955078125" "WordPress/4.9.26; http://bulpress.top"
51.161.65.222 - - [06/Apr/2026:05:46:00 +0200] "GET / HTTP/1.1" 200 29121 "-" "Mozilla/5.0 (compatible; AhrefsBot/7.0; +http://ahrefs.com/robot/)"
85.208.96.200 - - [06/Apr/2026:05:46:33 +0200] "GET /%D1%81%D0%BB%D1%83%D0%B6%D0%B8%D1%82%D0%B5%D0%BB%D0%B8-%D0%BD%D0%B0-%D1%8F%D0%BF%D0%BE%D0%BD%D1%81%D0%BA%D0%B8%D1%82%D0%B5-%D0%B6%D0%B5%D0%BB%D0%B5%D0%B7%D0%BD%D0%B8%D1%86%D0%B8-%D0%B3%D1%80%D1%83/japan_900/ HTTP/1.1" 404 277 "-" "Mozilla/5.0 (compatible; SemrushBot/7~bl; +http://www.semrush.com/bot.html)"
54.39.210.249 - - [06/Apr/2026:05:47:28 +0200] "GET /wp-content/uploads/2017/12/a843a9f1212a3e586b01d1239bee79ed_600x460-1-100x70.jpg HTTP/1.1" 200 3638 "-" "Mozilla/5.0 (compatible; AhrefsBot/7.0; +http://ahrefs.com/robot/)"
51.222.95.204 - - [06/Apr/2026:05:47:29 +0200] "GET /wp-content/uploads/2017/10/14-11-simeon-356x220.jpg HTTP/1.1" 200 14308 "-" "Mozilla/5.0 (compatible; AhrefsBot/7.0; +http://ahrefs.com/robot/)"
15.235.98.28 - - [06/Apr/2026:05:47:30 +0200] "GET /wp-content/uploads/2018/05/nevski-25-218x150.jpg HTTP/1.1" 200 10926 "-" "Mozilla/5.0 (compatible; AhrefsBot/7.0; +http://ahrefs.com/robot/)"
54.39.0.109 - - [06/Apr/2026:05:47:31 +0200] "GET /wp-content/uploads/2017/09/balgarskoto-kiselo-mlyako-mozhe-da-lekuva-bolestta-na-parkinson-100x70.jpg HTTP/1.1" 200 2483 "-" "Mozilla/5.0 (compatible; AhrefsBot/7.0; +http://ahrefs.com/robot/)"
142.44.220.101 - - [06/Apr/2026:05:47:32 +0200] "GET /wp-content/uploads/2018/02/Image_6735723_128-324x235.jpg HTTP/1.1" 200 21254 "-" "Mozilla/5.0 (compatible; AhrefsBot/7.0; +http://ahrefs.com/robot/)"
51.161.37.209 - - [06/Apr/2026:05:47:34 +0200] "GET /wp-content/uploads/2017/10/1-99-80x60.jpg HTTP/1.1" 200 2557 "-" "Mozilla/5.0 (compatible; AhrefsBot/7.0; +http://ahrefs.com/robot/)"
54.39.0.248 - - [06/Apr/2026:05:47:35 +0200] "GET /wp-content/uploads/2020/11/maria-zaharova-356x220.jpg HTTP/1.1" 200 12871 "-" "Mozilla/5.0 (compatible; AhrefsBot/7.0; +http://ahrefs.com/robot/)"
15.235.98.149 - - [06/Apr/2026:05:47:36 +0200] "GET /wp-content/uploads/2019/03/Screenshot_11-12-80x60.jpg HTTP/1.1" 200 2678 "-" "Mozilla/5.0 (compatible; AhrefsBot/7.0; +http://ahrefs.com/robot/)"
185.191.171.6 - - [06/Apr/2026:05:47:57 +0200] "GET /tag/%D0%BA%D0%BE%D0%BF%D0%B5%D0%BD%D1%85%D0%B0%D0%B3%D0%B5%D0%BD/ HTTP/1.1" 404 277 "-" "Mozilla/5.0 (compatible; SemrushBot/7~bl; +http://www.semrush.com/bot.html)"
185.191.171.14 - - [06/Apr/2026:05:48:13 +0200] "GET /tag/%D0%9A%D1%80%D0%B0%D0%BB%D1%81%D0%BA%D0%BE%D1%82%D0%BE-%D0%B1%D0%B0%D0%BB%D0%B5%D1%82%D0%BD%D0%BE-%D1%83%D1%87%D0%B8%D0%BB%D0%B8%D1%89%D0%B5/ HTTP/1.1" 404 277 "-" "Mozilla/5.0 (compatible; SemrushBot/7~bl; +http://www.semrush.com/bot.html)"
185.191.171.7 - - [06/Apr/2026:05:49:03 +0200] "GET /tag/%D0%BF%D0%BE%D0%B7%D0%B8%D1%86%D0%B8%D0%B8/ HTTP/1.1" 404 277 "-" "Mozilla/5.0 (compatible; SemrushBot/7~bl; +http://www.semrush.com/bot.html)"
8.228.88.249 - - [06/Apr/2026:05:51:26 +0200] "GET /feed/ HTTP/1.1" 404 277 "-" "Mozilla/5.0 (Windows NT 6.3; WOW64; rv:33.0) Gecko/20100101 Firefox/33.0"
85.208.96.206 - - [06/Apr/2026:05:51:40 +0200] "GET /tag/%D0%BA%D0%BE%D0%B3%D0%B0%D1%82%D0%BE-%D0%BD%D0%B8%D1%89%D0%BE-%D0%BD%D0%B5-%D0%B5-%D0%BD%D0%B0%D1%80%D0%B5%D0%B4/ HTTP/1.1" 404 277 "-" "Mozilla/5.0 (compatible; SemrushBot/7~bl; +http://www.semrush.com/bot.html)"
185.191.171.15 - - [06/Apr/2026:05:52:02 +0200] "GET /tag/%D0%9D%D0%BE%D0%B2%D0%B8%D0%BD%D0%B8%D1%82%D0%B5-%D0%B4%D0%BD%D0%B5%D1%81-%D0%B8-%D1%83%D1%82%D1%80%D0%B5/page/32/ HTTP/1.1" 404 277 "-" "Mozilla/5.0 (compatible; SemrushBot/7~bl; +http://www.semrush.com/bot.html)"
185.191.171.16 - - [06/Apr/2026:05:52:59 +0200] "GET /tag/%D1%80%D0%B5%D1%85%D0%B0%D0%B1%D0%B8%D0%BB%D0%B8%D1%82%D0%B0%D1%86%D0%B8%D1%8F/ HTTP/1.1" 404 277 "-" "Mozilla/5.0 (compatible; SemrushBot/7~bl; +http://www.semrush.com/bot.html)"
8.228.88.249 - - [06/Apr/2026:05:54:07 +0200] "GET /category/%d0%98%d1%81%d1%82%d0%be%d1%80%d0%b8%d0%b8/feed/ HTTP/1.1" 404 277 "-" "Mozilla/5.0 (Windows NT 6.3; WOW64; rv:33.0) Gecko/20100101 Firefox/33.0"
185.191.171.13 - - [06/Apr/2026:05:55:02 +0200] "GET /tag/%D0%BF%D1%80%D0%BE%D1%84%D0%B5%D1%81%D0%B8%D0%BE%D0%BD%D0%B0%D0%BB%D0%BD%D0%BE/ HTTP/1.1" 404 277 "-" "Mozilla/5.0 (compatible; SemrushBot/7~bl; +http://www.semrush.com/bot.html)"
54.39.210.233 - - [06/Apr/2026:05:55:53 +0200] "GET /%D1%89%D0%B0%D1%81%D1%82%D0%BB%D0%B8%D0%B2%D0%BE%D1%82%D0%BE-%D0%B4%D0%B5%D1%82%D1%81%D1%82%D0%B2%D0%BE-%D0%B2-%D0%BD%D1%80%D0%B1-%D0%BF%D0%BE%D1%81%D0%B2%D0%B5%D1%89%D0%B0%D0%B2%D0%B0-%D1%81%D0%B5/ HTTP/1.1" 404 277 "-" "Mozilla/5.0 (compatible; AhrefsBot/7.0; +http://ahrefs.com/robot/)"
85.208.96.205 - - [06/Apr/2026:05:56:04 +0200] "GET /tag/%D0%BD%D0%B8%D0%BA%D0%BE%D0%BB%D0%B0-%D0%BA%D1%80%D1%83%D0%BC%D0%BE%D0%B2/ HTTP/1.1" 404 277 "-" "Mozilla/5.0 (compatible; SemrushBot/7~bl; +http://www.semrush.com/bot.html)"
31.56.177.209 - - [06/Apr/2026:05:58:06 +0200] "GET /%d0%bd%d0%b0%d0%b4-180-000-%d0%b4%d1%83%d1%88%d0%b8-%d0%bd%d0%b0-%d1%87%d0%b5%d1%80%d0%b2%d0%b5%d0%bd%d0%b8%d1%8f-%d0%bf%d0%bb%d0%be%d1%89%d0%b0%d0%b4-%d0%b7%d0%b0%d0%bf%d1%8f%d1%85/ HTTP/1.1" 404 277 "http://bulpress.top/" "Mozilla/5.0 (Macintosh; Intel Mac OS X 12_5) AppleWebKit/537.36 (KHTML, like Gecko) Chrome/114.0.0.0 Safari/537.36 OPR/89.0.4447.51"
31.56.177.209 - - [06/Apr/2026:05:58:06 +0200] "GET / HTTP/1.1" 200 29113 "-" "Mozilla/5.0 (Macintosh; Intel Mac OS X 12_5) AppleWebKit/537.36 (KHTML, like Gecko) Chrome/114.0.0.0 Safari/537.36 OPR/89.0.4447.51"
31.56.177.209 - - [06/Apr/2026:05:58:08 +0200] "GET /wp-content/plugins/td-composer/css-live/assets/css/td_live_css_frontend.css?ver=4.9.26 HTTP/1.1" 200 903 "http://bulpress.top" "Mozilla/5.0 (Windows NT 10.0; Win64; x64) AppleWebKit/537.36 (KHTML, like Gecko) Chrome/143.0.0.0 Safari/537.36"
31.56.177.209 - - [06/Apr/2026:05:58:08 +0200] "GET /wp-content/themes/Newspaper/style.css?ver=8.0 HTTP/1.1" 200 123979 "http://bulpress.top" "Mozilla/5.0 (Windows NT 10.0; Win64; x64) AppleWebKit/537.36 (KHTML, like Gecko) Chrome/143.0.0.0 Safari/537.36"
31.56.177.209 - - [06/Apr/2026:05:58:08 +0200] "GET /wp-content/plugins/jetpack/css/jetpack.css?ver=7.0.2 HTTP/1.1" 200 12967 "http://bulpress.top" "Mozilla/5.0 (Windows NT 10.0; Win64; x64) AppleWebKit/537.36 (KHTML, like Gecko) Chrome/143.0.0.0 Safari/537.36"
31.56.177.209 - - [06/Apr/2026:05:58:08 +0200] "GET /%d0%b5%d0%b4%d0%b8%d0%bd-%d0%bf%d1%80%d0%b5%d1%83%d1%81%d0%bf%d1%8f%d0%bb-%d0%ba%d1%8a%d1%80%d0%b4%d0%b6%d0%b0%d0%bb%d0%b8%d0%b5%d1%86-%d0%b2-%d1%81%d0%b0%d1%89/ HTTP/1.1" 404 277 "http://bulpress.top/%d0%b5%d0%b4%d0%b8%d0%bd-%d0%bf%d1%80%d0%b5%d1%83%d1%81%d0%bf%d1%8f%d0%bb-%d0%ba%d1%8a%d1%80%d0%b4%d0%b6%d0%b0%d0%bb%d0%b8%d0%b5%d1%86-%d0%b2-%d1%81%d0%b0%d1%89/" "Mozilla/5.0 (Macintosh; Intel Mac OS X 12_5) AppleWebKit/537.36 (KHTML, like Gecko) Chrome/114.0.0.0 Safari/537.36 OPR/89.0.4447.51"
31.56.177.209 - - [06/Apr/2026:05:58:08 +0200] "GET / HTTP/1.1" 200 29113 "http://bulpress.top/%d0%b5%d0%b4%d0%b8%d0%bd-%d0%bf%d1%80%d0%b5%d1%83%d1%81%d0%bf%d1%8f%d0%bb-%d0%ba%d1%8a%d1%80%d0%b4%d0%b6%d0%b0%d0%bb%d0%b8%d0%b5%d1%86-%d0%b2-%d1%81%d0%b0%d1%89/" "Mozilla/5.0 (Macintosh; Intel Mac OS X 12_5) AppleWebKit/537.36 (KHTML, like Gecko) Chrome/114.0.0.0 Safari/537.36 OPR/89.0.4447.51"
185.191.171.4 - - [06/Apr/2026:06:00:30 +0200] "GET /%D0%BF%D0%BE%D1%82%D1%83%D0%BB%D0%B5%D0%BD%D0%B0%D1%82%D0%B0-%D0%B8%D1%81%D1%82%D0%B8%D0%BD%D0%B0-%D0%B7%D0%B0-%D1%81%D0%BF%D0%B0%D1%80%D1%82%D0%B0%D0%BA-%D1%81%D0%B8%D0%BD%D1%8A%D1%82/spartacus/ HTTP/1.1" 404 277 "-" "Mozilla/5.0 (compatible; SemrushBot/7~bl; +http://www.semrush.com/bot.html)"
216.244.66.232 - - [06/Apr/2026:06:00:58 +0200] "GET /robots.txt HTTP/1.1" 404 277 "-" "Mozilla/5.0 (compatible; DotBot/1.2; +https://opensiteexplorer.org/dotbot; help@moz.com)"
185.191.171.5 - - [06/Apr/2026:06:01:22 +0200] "GET /tag/%D0%BA%D0%B8%D0%BD%D0%BE/ HTTP/1.1" 404 277 "-" "Mozilla/5.0 (compatible; SemrushBot/7~bl; +http://www.semrush.com/bot.html)"
185.191.171.3 - - [06/Apr/2026:06:01:27 +0200] "GET /tag/%D0%B3%D1%80%D0%B0%D0%B4%D0%B8%D0%BD%D0%B8/ HTTP/1.1" 404 277 "-" "Mozilla/5.0 (compatible; SemrushBot/7~bl; +http://www.semrush.com/bot.html)"
8.228.88.249 - - [06/Apr/2026:06:02:31 +0200] "GET /news/feed/ HTTP/1.1" 404 277 "-" "Mozilla/5.0 (Windows NT 6.3; WOW64; rv:33.0) Gecko/20100101 Firefox/33.0"
185.191.171.1 - - [06/Apr/2026:06:03:06 +0200] "GET /tag/%D0%BF%D1%80%D0%BE%D0%B8%D0%B7%D1%88%D0%B5%D1%81%D1%82%D0%B2%D0%B8%D0%B5%D1%82%D0%BE/ HTTP/1.1" 404 277 "-" "Mozilla/5.0 (compatible; SemrushBot/7~bl; +http://www.semrush.com/bot.html)"
216.73.216.150 - - [06/Apr/2026:06:03:33 +0200] "GET /robots.txt HTTP/1.1" 404 277 "-" "Mozilla/5.0 AppleWebKit/537.36 (KHTML, like Gecko; compatible; ClaudeBot/1.0; +claudebot@anthropic.com)"
54.39.6.168 - - [06/Apr/2026:06:03:43 +0200] "GET /%D0%B4%D0%B5%D0%BF%D1%83%D1%82%D0%B0%D1%82-%D0%B4%D0%B0-%D0%B4%D0%BE%D0%B9%D0%B4%D0%B5-%D0%B8-%D0%B4%D0%B0-%D0%B6%D0%B8%D0%B2%D0%B5%D0%B5-%D1%81-%D0%BC%D0%B5%D0%BD%D0%B5-%D0%B5%D0%B4%D0%B8%D0%BD/ HTTP/1.1" 404 277 "-" "Mozilla/5.0 (compatible; AhrefsBot/7.0; +http://ahrefs.com/robot/)"
8.228.88.249 - - [06/Apr/2026:06:05:37 +0200] "GET /category/%d0%91%d1%8a%d0%bb%d0%b3%d0%b0%d1%80%d0%b8%d1%8f/feed/ HTTP/1.1" 404 277 "-" "Mozilla/5.0 (Windows NT 6.3; WOW64; rv:33.0) Gecko/20100101 Firefox/33.0"
85.208.96.212 - - [06/Apr/2026:06:05:39 +0200] "GET /%D0%BF%D1%80%D0%B8%D0%BA%D0%B0%D0%B7%D0%BA%D0%B0%D1%82%D0%B0-%D0%BD%D0%B0-%D0%B5%D0%B4%D0%BD%D0%B0-%D1%83%D1%81%D0%BF%D1%8F%D0%BB%D0%B0-%D0%B1%D1%83%D1%80%D0%B3%D0%B0%D0%B7%D0%BB%D0%B8%D0%B9%D0%BA/dubaik-1024x576/ HTTP/1.1" 404 277 "-" "Mozilla/5.0 (compatible; SemrushBot/7~bl; +http://www.semrush.com/bot.html)"
85.208.96.193 - - [06/Apr/2026:06:08:29 +0200] "GET /tag/%D0%BA%D0%B0%D1%80%D0%B0%D0%B2%D0%B0%D0%BD%D0%B0/ HTTP/1.1" 404 277 "-" "Mozilla/5.0 (compatible; SemrushBot/7~bl; +http://www.semrush.com/bot.html)"
185.191.171.13 - - [06/Apr/2026:06:08:49 +0200] "GET /tag/%D0%BF%D1%80%D0%B5%D0%B2%D0%B5%D0%B6%D0%B4%D0%B0%D1%82/ HTTP/1.1" 404 277 "-" "Mozilla/5.0 (compatible; SemrushBot/7~bl; +http://www.semrush.com/bot.html)"
85.208.96.206 - - [06/Apr/2026:06:10:09 +0200] "GET /tag/%D0%B2%D0%B5%D1%81%D1%82%D0%B8/page/33/ HTTP/1.1" 404 277 "-" "Mozilla/5.0 (compatible; SemrushBot/7~bl; +http://www.semrush.com/bot.html)"
216.244.66.232 - - [06/Apr/2026:06:10:53 +0200] "GET /%D1%81%D1%8A%D0%B4%D0%B1%D0%B8-%D0%B3%D0%BE%D1%80%D0%BD%D0%BE%D0%BE%D1%80%D1%8F%D1%85%D0%BE%D0%B2%D0%BA%D0%B0-%D1%81%D1%82%D0%B0%D0%BD%D0%B0-%D1%82%D0%B8%D1%80%D0%B0%D0%B4%D0%B6%D0%B8%D0%B9%D0%BA/ HTTP/1.1" 404 277 "-" "Mozilla/5.0 (compatible; DotBot/1.2; +https://opensiteexplorer.org/dotbot; help@moz.com)"
8.228.88.249 - - [06/Apr/2026:06:10:57 +0200] "GET /category/%d0%a1%d0%b2%d1%8f%d1%82/feed/ HTTP/1.1" 404 277 "-" "Mozilla/5.0 (Windows NT 6.3; WOW64; rv:33.0) Gecko/20100101 Firefox/33.0"
185.191.171.14 - - [06/Apr/2026:06:12:40 +0200] "GET /tag/%D0%BE%D1%82%D0%B2%D1%8A%D0%B4%D0%BD%D0%BE%D1%82%D0%BE/ HTTP/1.1" 404 277 "-" "Mozilla/5.0 (compatible; SemrushBot/7~bl; +http://www.semrush.com/bot.html)"
85.208.96.194 - - [06/Apr/2026:06:13:05 +0200] "GET /tag/%D0%92%D0%B5%D1%81%D0%B5%D0%BB%D0%B0-%D0%91%D0%BE%D0%BD%D0%B5%D0%B2%D0%B0/ HTTP/1.1" 404 277 "-" "Mozilla/5.0 (compatible; SemrushBot/7~bl; +http://www.semrush.com/bot.html)"
216.244.66.232 - - [06/Apr/2026:06:14:50 +0200] "GET /%D0%BF%D1%80%D0%B5%D0%B1%D1%80%D0%BE%D0%B8%D1%85%D0%B0-%D0%B1%D1%8A%D0%BB%D0%B3%D0%B0%D1%80%D0%B8%D1%82%D0%B5-%D0%BD%D0%B0-%D0%BF%D0%BB%D0%B0%D0%BD%D0%B5%D1%82%D0%B0%D1%82%D0%B0-%D0%BD%D0%B5-%D0%B5/ HTTP/1.1" 404 277 "-" "Mozilla/5.0 (compatible; DotBot/1.2; +https://opensiteexplorer.org/dotbot; help@moz.com)"
161.97.137.93 - - [06/Apr/2026:06:15:25 +0200] "POST /wp-cron.php?doing_wp_cron=1775448925.2113189697265625000000 HTTP/1.1" 404 47 "http://bulpress.top/wp-cron.php?doing_wp_cron=1775448925.2113189697265625000000" "WordPress/4.9.26; http://bulpress.top"
176.56.39.105 - - [06/Apr/2026:06:15:25 +0200] "POST /wp-login.php HTTP/1.1" 401 3738 "-" "Mozilla/5.0"
154.64.230.239 - - [06/Apr/2026:06:16:28 +0200] "GET /wp-content/uploads/2021/03/maria-zaxarova-356x220.jpg HTTP/1.1" 200 16564 "-" "Mozilla/5.0 (X11; Linux x86_64) AppleWebKit/537.36 (KHTML, like Gecko) Chrome/124.0.0.0 Safari/537.36"
8.228.88.249 - - [06/Apr/2026:06:17:51 +0200] "GET /category/%d0%98%d1%81%d1%82%d0%be%d1%80%d0%b8%d0%b8/feed/ HTTP/1.1" 404 277 "-" "Mozilla/5.0 (Windows NT 6.3; WOW64; rv:33.0) Gecko/20100101 Firefox/33.0"
85.208.96.212 - - [06/Apr/2026:06:18:20 +0200] "GET /tag/%D0%BC%D0%B8%D1%82%D0%BA%D0%BE-%D0%B3%D1%80%D1%8A%D0%B1%D0%BB%D0%B5%D0%B2/ HTTP/1.1" 404 277 "-" "Mozilla/5.0 (compatible; SemrushBot/7~bl; +http://www.semrush.com/bot.html)"
185.191.171.15 - - [06/Apr/2026:06:18:42 +0200] "GET /tag/%D0%BC%D1%83%D0%B7%D0%B8%D0%BA%D0%B0%D1%82%D0%B0/ HTTP/1.1" 404 277 "-" "Mozilla/5.0 (compatible; SemrushBot/7~bl; +http://www.semrush.com/bot.html)"
8.228.88.249 - - [06/Apr/2026:06:19:05 +0200] "GET /news/feed/ HTTP/1.1" 404 277 "-" "Mozilla/5.0 (Windows NT 6.3; WOW64; rv:33.0) Gecko/20100101 Firefox/33.0"
185.191.171.16 - - [06/Apr/2026:06:19:26 +0200] "GET /tag/%D0%B3%D0%BB%D0%B0%D0%B4%D1%83%D0%B2%D0%B0%D1%88%D0%B5/ HTTP/1.1" 404 277 "-" "Mozilla/5.0 (compatible; SemrushBot/7~bl; +http://www.semrush.com/bot.html)"
85.208.96.209 - - [06/Apr/2026:06:19:27 +0200] "GET /tag/%D0%BA%D0%BE%D0%BC%D0%BF%D0%BE%D0%B7%D0%B8%D1%82%D0%BE%D1%80%D0%B8%D1%82%D0%B5/ HTTP/1.1" 404 277 "-" "Mozilla/5.0 (compatible; SemrushBot/7~bl; +http://www.semrush.com/bot.html)"
85.208.96.199 - - [06/Apr/2026:06:20:20 +0200] "GET /tag/%D0%BF%D0%BE%D0%BD%D1%8F%D0%BA%D0%BE%D0%B3%D0%B0/ HTTP/1.1" 404 277 "-" "Mozilla/5.0 (compatible; SemrushBot/7~bl; +http://www.semrush.com/bot.html)"
185.191.171.11 - - [06/Apr/2026:06:20:54 +0200] "GET /tag/%D0%B8%D1%81%D1%82%D0%B8%D0%BD%D0%B0%D1%82%D0%B0-%D0%B7%D0%B0-%D0%B1%D1%8A%D0%BB%D0%B3%D0%B0%D1%80%D0%B8%D1%8F/ HTTP/1.1" 404 277 "-" "Mozilla/5.0 (compatible; SemrushBot/7~bl; +http://www.semrush.com/bot.html)"
216.244.66.232 - - [06/Apr/2026:06:22:06 +0200] "GET /%D0%BA%D0%B0%D0%BA-%D0%BF%D1%80%D0%B5%D0%B1%D0%BE%D1%80%D0%B2%D0%B0%D1%85%D0%BC%D0%B5-%D1%81%D0%BD%D0%B5%D0%B3%D0%B0-%D0%BF%D1%80%D0%B5%D0%B4%D0%B8-1989-%D0%B3/ HTTP/1.1" 404 277 "-" "Mozilla/5.0 (compatible; DotBot/1.2; +https://opensiteexplorer.org/dotbot; help@moz.com)"
85.208.96.205 - - [06/Apr/2026:06:22:10 +0200] "GET /tag/%D1%81%D0%B0%D0%BB%D0%B8%D1%85-%D0%B0%D0%B3%D0%B0/ HTTP/1.1" 404 277 "-" "Mozilla/5.0 (compatible; SemrushBot/7~bl; +http://www.semrush.com/bot.html)"
216.244.66.232 - - [06/Apr/2026:06:22:11 +0200] "GET /%D0%BD%D0%B0%D1%88-%D0%B0%D0%BA%D0%BE%D1%80%D0%B4%D0%B5%D0%BE%D0%BD%D0%B8%D1%81%D1%82-%D0%BF%D0%BE%D0%BF%D1%83%D0%BB%D1%8F%D1%80%D0%B8%D0%B7%D0%B8%D1%80%D0%B0-%D1%80%D0%BE%D0%B4%D0%BD%D0%B8%D1%8F/ HTTP/1.1" 404 277 "-" "Mozilla/5.0 (compatible; DotBot/1.2; +https://opensiteexplorer.org/dotbot; help@moz.com)"
185.191.171.4 - - [06/Apr/2026:06:24:23 +0200] "GET /tag/%D0%BA%D0%BE%D1%80%D1%83%D0%BC%D0%BF%D0%B8%D1%80%D0%B0%D0%BD%D0%B8%D1%82%D0%B5-%D0%B2%D0%BB%D0%B0%D1%81%D1%82%D0%B8%D0%BC%D0%B0%D1%89%D0%B8/ HTTP/1.1" 404 277 "-" "Mozilla/5.0 (compatible; SemrushBot/7~bl; +http://www.semrush.com/bot.html)"
8.228.88.249 - - [06/Apr/2026:06:25:00 +0200] "GET /category/%d0%91%d1%8a%d0%bb%d0%b3%d0%b0%d1%80%d0%b8%d1%8f/feed/ HTTP/1.1" 404 277 "-" "Mozilla/5.0 (Windows NT 6.3; WOW64; rv:33.0) Gecko/20100101 Firefox/33.0"
216.244.66.232 - - [06/Apr/2026:06:25:10 +0200] "GET /1-%D0%BC%D0%BB%D0%BD-%D0%B1%D0%B5%D0%B4%D0%BD%D0%B8-%D0%B3%D1%8A%D1%80%D1%86%D0%B8-%D1%81-%D0%BA%D0%BE%D0%BB%D0%B5%D0%B4%D0%BD%D0%B8-%D0%B1%D0%BE%D0%BD%D1%83%D1%81%D0%B8-e1000-%D0%B0/ HTTP/1.1" 404 277 "-" "Mozilla/5.0 (compatible; DotBot/1.2; +https://opensiteexplorer.org/dotbot; help@moz.com)"
207.46.13.51 - - [06/Apr/2026:06:25:21 +0200] "GET /%D0%B2%D0%B0%D0%BD%D0%B3%D0%B0-%D0%BA%D0%B0%D0%BA%D0%B2%D0%BE-%D0%BD%D0%B8-%D0%B7%D0%B0%D0%B2%D0%B5%D1%89%D0%B0-%D0%B7%D0%B0%D1%89%D0%BE-%D0%BD%D0%B5-%D1%8F-%D1%80%D0%B0%D0%B7%D0%B1%D1%80/ HTTP/1.1" 404 277 "-" "Mozilla/5.0 AppleWebKit/537.36 (KHTML, like Gecko; compatible; bingbot/2.0; +http://www.bing.com/bingbot.htm) Chrome/116.0.1938.76 Safari/537.36"
207.46.13.51 - - [06/Apr/2026:06:25:21 +0200] "GET /%D1%8F%D0%B7%D0%BE%D0%B2%D0%B8%D1%80-%D0%BA%D1%8A%D1%80%D0%B4%D0%B6%D0%B0%D0%BB%D0%B8-%D0%BD%D0%B0%D0%B9-%D0%B3%D0%BE%D0%BB%D1%8F%D0%BC%D0%B0%D1%82%D0%B0-%D0%B2%D0%BE%D0%B4/ HTTP/1.1" 404 277 "-" "Mozilla/5.0 AppleWebKit/537.36 (KHTML, like Gecko; compatible; bingbot/2.0; +http://www.bing.com/bingbot.htm) Chrome/116.0.1938.76 Safari/537.36"
207.46.13.51 - - [06/Apr/2026:06:25:21 +0200] "GET /category/%D0%9D%D0%BE%D0%B2%D0%B8%D0%BD%D0%B8/?filter_by=random_posts HTTP/1.1" 404 277 "-" "Mozilla/5.0 AppleWebKit/537.36 (KHTML, like Gecko; compatible; bingbot/2.0; +http://www.bing.com/bingbot.htm) Chrome/116.0.1938.76 Safari/537.36"
207.46.13.51 - - [06/Apr/2026:06:25:22 +0200] "GET /%D1%81%D1%82%D0%BE%D1%80%D0%B5%D0%BD%D0%BE%D1%82%D0%BE-%D0%BE%D1%82-%D1%82%D0%B5%D0%B1-%D1%81%D0%B5-%D0%B2%D1%80%D1%8A%D1%89%D0%B0/ HTTP/1.1" 404 277 "-" "Mozilla/5.0 AppleWebKit/537.36 (KHTML, like Gecko; compatible; bingbot/2.0; +http://www.bing.com/bingbot.htm) Chrome/116.0.1938.76 Safari/537.36"
207.46.13.51 - - [06/Apr/2026:06:25:22 +0200] "GET /2-%D1%85%D0%B8%D0%BB%D1%8F%D0%B4%D0%B8-%D0%B4%D1%83%D1%88%D0%B8-%D1%80%D0%B0%D0%B1%D0%BE%D1%82%D0%B5%D1%85%D0%BC%D0%B5-%D0%B2-%D0%B7%D0%B0%D0%B2%D0%BE%D0%B4%D0%B0-%D0%B4%D0%BD%D0%B5%D1%81-%D1%82/ HTTP/1.1" 404 277 "-" "Mozilla/5.0 AppleWebKit/537.36 (KHTML, like Gecko; compatible; bingbot/2.0; +http://www.bing.com/bingbot.htm) Chrome/116.0.1938.76 Safari/537.36"
207.46.13.51 - - [06/Apr/2026:06:25:23 +0200] "GET / HTTP/1.1" 200 29113 "-" "Mozilla/5.0 AppleWebKit/537.36 (KHTML, like Gecko; compatible; bingbot/2.0; +http://www.bing.com/bingbot.htm) Chrome/116.0.1938.76 Safari/537.36"
185.191.171.3 - - [06/Apr/2026:06:26:04 +0200] "GET /tag/%D0%B3%D1%83%D1%80%D0%B1%D0%B5%D1%82%D1%87%D0%B8%D0%B9%D0%BA%D0%B8%D1%82%D0%B5/ HTTP/1.1" 404 277 "-" "Mozilla/5.0 (compatible; SemrushBot/7~bl; +http://www.semrush.com/bot.html)"
85.208.96.207 - - [06/Apr/2026:06:26:05 +0200] "GET /tag/%D0%B2%D0%B4%D0%BE%D0%B2%D0%B8%D1%86%D0%B0/ HTTP/1.1" 404 277 "-" "Mozilla/5.0 (compatible; SemrushBot/7~bl; +http://www.semrush.com/bot.html)"
87.121.84.99 - - [06/Apr/2026:06:29:09 +0200] "GET /public/plugins/plupload/examples/upload.php HTTP/1.1" 404 277 "-" "ALittle Client"
185.191.171.19 - - [06/Apr/2026:06:29:46 +0200] "GET /tag/%D0%BA%D1%80%D0%B0%D0%B9%D0%B1%D1%80%D0%B5%D0%B6%D0%BD%D0%B0-%D1%83%D0%BB%D0%B8%D1%87%D0%BA%D0%B0/ HTTP/1.1" 404 277 "-" "Mozilla/5.0 (compatible; SemrushBot/7~bl; +http://www.semrush.com/bot.html)"
185.191.171.6 - - [06/Apr/2026:06:30:33 +0200] "GET /%D1%82%D0%BE%D0%BF-33-%D0%BD%D0%B0-%D0%BD%D0%B0%D0%B9-%D0%BA%D1%83%D0%BB%D1%82%D0%BE%D0%B2%D0%B8%D1%82%D0%B5-%D1%86%D0%B8%D1%82%D0%B0%D1%82%D0%B8-%D0%BE%D1%82-%D0%B1%D1%8A%D0%BB%D0%B3%D0%B0%D1%80/film-33/ HTTP/1.1" 404 277 "-" "Mozilla/5.0 (compatible; SemrushBot/7~bl; +http://www.semrush.com/bot.html)"
85.208.96.201 - - [06/Apr/2026:06:33:53 +0200] "GET /tag/%D1%84%D0%B0%D0%B1%D1%80%D0%B8%D0%BA%D0%B0-%D0%B7%D0%B0-%D1%84%D0%B0%D0%BB%D1%88%D0%B8%D0%B2%D0%B8-%D0%BD%D0%BE%D0%B2%D0%B8%D0%BD%D0%B8/page/10/ HTTP/1.1" 404 277 "-" "Mozilla/5.0 (compatible; SemrushBot/7~bl; +http://www.semrush.com/bot.html)"
8.228.88.249 - - [06/Apr/2026:06:34:24 +0200] "GET /category/%d0%98%d1%81%d1%82%d0%be%d1%80%d0%b8%d0%b8/feed/ HTTP/1.1" 404 277 "-" "Mozilla/5.0 (Windows NT 6.3; WOW64; rv:33.0) Gecko/20100101 Firefox/33.0"
185.191.171.2 - - [06/Apr/2026:06:34:32 +0200] "GET /tag/%D0%9D%D0%BE%D0%B2%D0%B8%D0%BD%D0%B8%D1%82%D0%B5-%D0%B4%D0%BD%D0%B5%D1%81-%D0%B8-%D1%83%D1%82%D1%80%D0%B5/page/42/ HTTP/1.1" 404 277 "-" "Mozilla/5.0 (compatible; SemrushBot/7~bl; +http://www.semrush.com/bot.html)"
54.205.7.250 - - [06/Apr/2026:06:35:47 +0200] "GET /author/bulpress/page/12/ HTTP/1.1" 404 277 "-" "Mozilla/5.0 AppleWebKit/537.36 (KHTML, like Gecko; compatible; Amzn-SearchBot/0.1) Chrome/119.0.6045.214 Safari/537.36"
37.221.113.190 - - [06/Apr/2026:06:36:01 +0200] "GET / HTTP/1.1" 200 29113 "-" "Mozilla/5.0 (Macintosh; Intel Mac OS X 10_15_7) AppleWebKit/537.36 (KHTML, like Gecko) Chrome/146.0.0.0 Safari/537.36"
37.221.113.190 - - [06/Apr/2026:06:36:02 +0200] "GET /wp-content/plugins/td-composer/css-live/assets/css/td_live_css_frontend.css?ver=4.9.26 HTTP/1.1" 304 0 "http://bulpress.top/" "Mozilla/5.0 (Macintosh; Intel Mac OS X 10_15_7) AppleWebKit/537.36 (KHTML, like Gecko) Chrome/146.0.0.0 Safari/537.36"
37.221.113.190 - - [06/Apr/2026:06:36:02 +0200] "GET /wp-content/themes/Newspaper/style.css?ver=8.0 HTTP/1.1" 304 0 "http://bulpress.top/" "Mozilla/5.0 (Macintosh; Intel Mac OS X 10_15_7) AppleWebKit/537.36 (KHTML, like Gecko) Chrome/146.0.0.0 Safari/537.36"
37.221.113.190 - - [06/Apr/2026:06:36:03 +0200] "GET /wp-content/plugins/jetpack/css/jetpack.css?ver=7.0.2 HTTP/1.1" 304 0 "http://bulpress.top/" "Mozilla/5.0 (Macintosh; Intel Mac OS X 10_15_7) AppleWebKit/537.36 (KHTML, like Gecko) Chrome/146.0.0.0 Safari/537.36"
37.221.113.190 - - [06/Apr/2026:06:36:03 +0200] "GET /wp-includes/js/jquery/jquery.js?ver=1.12.4 HTTP/1.1" 304 0 "http://bulpress.top/" "Mozilla/5.0 (Macintosh; Intel Mac OS X 10_15_7) AppleWebKit/537.36 (KHTML, like Gecko) Chrome/146.0.0.0 Safari/537.36"
37.221.113.190 - - [06/Apr/2026:06:36:03 +0200] "GET /wp-includes/js/jquery/jquery-migrate.min.js?ver=1.4.1 HTTP/1.1" 304 0 "http://bulpress.top/" "Mozilla/5.0 (Macintosh; Intel Mac OS X 10_15_7) AppleWebKit/537.36 (KHTML, like Gecko) Chrome/146.0.0.0 Safari/537.36"
37.221.113.190 - - [06/Apr/2026:06:36:03 +0200] "GET /wp-content/uploads/2017/08/logo-1-%D0%9A%D0%BE%D0%BF%D0%B8%D0%B5.png HTTP/1.1" 304 0 "http://bulpress.top/" "Mozilla/5.0 (Macintosh; Intel Mac OS X 10_15_7) AppleWebKit/537.36 (KHTML, like Gecko) Chrome/146.0.0.0 Safari/537.36"
37.221.113.190 - - [06/Apr/2026:06:36:03 +0200] "GET /wp-content/uploads/2025/01/aimg-4675-534x462.jpg HTTP/1.1" 304 0 "http://bulpress.top/" "Mozilla/5.0 (Macintosh; Intel Mac OS X 10_15_7) AppleWebKit/537.36 (KHTML, like Gecko) Chrome/146.0.0.0 Safari/537.36"
37.221.113.190 - - [06/Apr/2026:06:36:04 +0200] "GET /wp-content/uploads/2025/01/tumblr-533x261.jpg HTTP/1.1" 304 0 "http://bulpress.top/" "Mozilla/5.0 (Macintosh; Intel Mac OS X 10_15_7) AppleWebKit/537.36 (KHTML, like Gecko) Chrome/146.0.0.0 Safari/537.36"
37.221.113.190 - - [06/Apr/2026:06:36:06 +0200] "GET /wp-content/plugins/jetpack/modules/wpgroho.js?ver=4.9.26 HTTP/1.1" 304 0 "http://bulpress.top/" "Mozilla/5.0 (Macintosh; Intel Mac OS X 10_15_7) AppleWebKit/537.36 (KHTML, like Gecko) Chrome/146.0.0.0 Safari/537.36"
37.221.113.190 - - [06/Apr/2026:06:36:06 +0200] "GET /wp-content/themes/Newspaper/js/tagdiv_theme.js?ver=8.0 HTTP/1.1" 304 0 "http://bulpress.top/" "Mozilla/5.0 (Macintosh; Intel Mac OS X 10_15_7) AppleWebKit/537.36 (KHTML, like Gecko) Chrome/146.0.0.0 Safari/537.36"
37.221.113.190 - - [06/Apr/2026:06:36:07 +0200] "GET /wp-includes/js/comment-reply.min.js?ver=4.9.26 HTTP/1.1" 304 0 "http://bulpress.top/" "Mozilla/5.0 (Macintosh; Intel Mac OS X 10_15_7) AppleWebKit/537.36 (KHTML, like Gecko) Chrome/146.0.0.0 Safari/537.36"
37.221.113.190 - - [06/Apr/2026:06:36:09 +0200] "GET /wp-content/themes/Newspaper/images/icons/newspaper.woff?14 HTTP/1.1" 304 0 "http://bulpress.top/wp-content/themes/Newspaper/style.css?ver=8.0" "Mozilla/5.0 (Macintosh; Intel Mac OS X 10_15_7) AppleWebKit/537.36 (KHTML, like Gecko) Chrome/146.0.0.0 Safari/537.36"
37.221.113.190 - - [06/Apr/2026:06:36:11 +0200] "GET /wp-content/uploads/2017/08/8.jpg HTTP/1.1" 304 0 "http://bulpress.top/" "Mozilla/5.0 (Macintosh; Intel Mac OS X 10_15_7) AppleWebKit/537.36 (KHTML, like Gecko) Chrome/146.0.0.0 Safari/537.36"
37.221.113.190 - - [06/Apr/2026:06:36:11 +0200] "GET /wp-content/uploads/2025/01/1432053328-560x420.jpg HTTP/1.1" 304 0 "http://bulpress.top/" "Mozilla/5.0 (Macintosh; Intel Mac OS X 10_15_7) AppleWebKit/537.36 (KHTML, like Gecko) Chrome/146.0.0.0 Safari/537.36"
37.221.113.190 - - [06/Apr/2026:06:36:11 +0200] "GET /wp-content/uploads/2024/06/d241eed74617430949369c3f0fec2bad-265x198.jpg HTTP/1.1" 304 0 "http://bulpress.top/" "Mozilla/5.0 (Macintosh; Intel Mac OS X 10_15_7) AppleWebKit/537.36 (KHTML, like Gecko) Chrome/146.0.0.0 Safari/537.36"
37.221.113.190 - - [06/Apr/2026:06:36:12 +0200] "GET /wp-includes/js/wp-embed.min.js?ver=4.9.26 HTTP/1.1" 304 0 "http://bulpress.top/" "Mozilla/5.0 (Macintosh; Intel Mac OS X 10_15_7) AppleWebKit/537.36 (KHTML, like Gecko) Chrome/146.0.0.0 Safari/537.36"
37.221.113.190 - - [06/Apr/2026:06:36:13 +0200] "GET /wp-content/uploads/2018/02/Image_6735723_128-324x235.jpg HTTP/1.1" 200 21254 "http://bulpress.top/" "Mozilla/5.0 (Macintosh; Intel Mac OS X 10_15_7) AppleWebKit/537.36 (KHTML, like Gecko) Chrome/146.0.0.0 Safari/537.36"
37.221.113.190 - - [06/Apr/2026:06:36:13 +0200] "GET /wp-content/uploads/2017/09/balgarskoto-kiselo-mlyako-mozhe-da-lekuva-bolestta-na-parkinson-218x150.jpg HTTP/1.1" 200 6339 "http://bulpress.top/" "Mozilla/5.0 (Macintosh; Intel Mac OS X 10_15_7) AppleWebKit/537.36 (KHTML, like Gecko) Chrome/146.0.0.0 Safari/537.36"
37.221.113.190 - - [06/Apr/2026:06:36:13 +0200] "GET /wp-content/uploads/2019/06/japan_900-218x150.jpg HTTP/1.1" 200 9892 "http://bulpress.top/" "Mozilla/5.0 (Macintosh; Intel Mac OS X 10_15_7) AppleWebKit/537.36 (KHTML, like Gecko) Chrome/146.0.0.0 Safari/537.36"
37.221.113.190 - - [06/Apr/2026:06:36:15 +0200] "GET /wp-content/uploads/2017/12/selce-696x363-218x150.png HTTP/1.1" 200 62477 "http://bulpress.top/" "Mozilla/5.0 (Macintosh; Intel Mac OS X 10_15_7) AppleWebKit/537.36 (KHTML, like Gecko) Chrome/146.0.0.0 Safari/537.36"
37.221.113.190 - - [06/Apr/2026:06:36:18 +0200] "GET /wp-content/uploads/2022/03/kesteni-1-324x235.jpg HTTP/1.1" 304 0 "http://bulpress.top/" "Mozilla/5.0 (Macintosh; Intel Mac OS X 10_15_7) AppleWebKit/537.36 (KHTML, like Gecko) Chrome/146.0.0.0 Safari/537.36"
37.221.113.190 - - [06/Apr/2026:06:36:18 +0200] "GET /wp-content/uploads/2022/02/voda-1-218x150.jpg HTTP/1.1" 304 0 "http://bulpress.top/" "Mozilla/5.0 (Macintosh; Intel Mac OS X 10_15_7) AppleWebKit/537.36 (KHTML, like Gecko) Chrome/146.0.0.0 Safari/537.36"
37.221.113.190 - - [06/Apr/2026:06:36:19 +0200] "GET /wp-content/uploads/2021/12/gerergfd-218x150.jpg HTTP/1.1" 304 0 "http://bulpress.top/" "Mozilla/5.0 (Macintosh; Intel Mac OS X 10_15_7) AppleWebKit/537.36 (KHTML, like Gecko) Chrome/146.0.0.0 Safari/537.36"
37.221.113.190 - - [06/Apr/2026:06:36:21 +0200] "GET /wp-content/uploads/2021/12/1d5c09c39fd348598556f505744b9c28-1-218x150.jpg HTTP/1.1" 304 0 "http://bulpress.top/" "Mozilla/5.0 (Macintosh; Intel Mac OS X 10_15_7) AppleWebKit/537.36 (KHTML, like Gecko) Chrome/146.0.0.0 Safari/537.36"
37.221.113.190 - - [06/Apr/2026:06:36:21 +0200] "GET /wp-content/uploads/2020/08/guncheva1-1-218x150.jpg HTTP/1.1" 304 0 "http://bulpress.top/" "Mozilla/5.0 (Macintosh; Intel Mac OS X 10_15_7) AppleWebKit/537.36 (KHTML, like Gecko) Chrome/146.0.0.0 Safari/537.36"
37.221.113.190 - - [06/Apr/2026:06:36:22 +0200] "GET /wp-content/uploads/2025/01/aimg-4675-324x235.jpg HTTP/1.1" 304 0 "http://bulpress.top/" "Mozilla/5.0 (Macintosh; Intel Mac OS X 10_15_7) AppleWebKit/537.36 (KHTML, like Gecko) Chrome/146.0.0.0 Safari/537.36"
37.221.113.190 - - [06/Apr/2026:06:36:22 +0200] "GET /wp-content/uploads/2025/01/tumblr-218x150.jpg HTTP/1.1" 304 0 "http://bulpress.top/" "Mozilla/5.0 (Macintosh; Intel Mac OS X 10_15_7) AppleWebKit/537.36 (KHTML, like Gecko) Chrome/146.0.0.0 Safari/537.36"
37.221.113.190 - - [06/Apr/2026:06:36:22 +0200] "GET /wp-content/uploads/2025/01/1432053328-218x150.jpg HTTP/1.1" 304 0 "http://bulpress.top/" "Mozilla/5.0 (Macintosh; Intel Mac OS X 10_15_7) AppleWebKit/537.36 (KHTML, like Gecko) Chrome/146.0.0.0 Safari/537.36"
37.221.113.190 - - [06/Apr/2026:06:36:24 +0200] "GET /wp-content/uploads/2023/12/412387611_6898794213547224_5216660481092104954_n-218x150.jpg HTTP/1.1" 304 0 "http://bulpress.top/" "Mozilla/5.0 (Macintosh; Intel Mac OS X 10_15_7) AppleWebKit/537.36 (KHTML, like Gecko) Chrome/146.0.0.0 Safari/537.36"
37.221.113.190 - - [06/Apr/2026:06:36:24 +0200] "GET /wp-content/uploads/2022/04/qna-gfd-1-218x150.jpg HTTP/1.1" 304 0 "http://bulpress.top/" "Mozilla/5.0 (Macintosh; Intel Mac OS X 10_15_7) AppleWebKit/537.36 (KHTML, like Gecko) Chrome/146.0.0.0 Safari/537.36"
37.221.113.190 - - [06/Apr/2026:06:36:24 +0200] "GET /wp-content/uploads/2018/01/BG_RU-218x150.jpg HTTP/1.1" 200 8059 "http://bulpress.top/" "Mozilla/5.0 (Macintosh; Intel Mac OS X 10_15_7) AppleWebKit/537.36 (KHTML, like Gecko) Chrome/146.0.0.0 Safari/537.36"
37.221.113.190 - - [06/Apr/2026:06:36:25 +0200] "GET /wp-content/uploads/2017/12/kontrol-218x150.jpg HTTP/1.1" 200 11864 "http://bulpress.top/" "Mozilla/5.0 (Macintosh; Intel Mac OS X 10_15_7) AppleWebKit/537.36 (KHTML, like Gecko) Chrome/146.0.0.0 Safari/537.36"
37.221.113.190 - - [06/Apr/2026:06:36:25 +0200] "GET /wp-content/uploads/2018/03/selo-Ilindentsi-e-v-podnozhieto-na-Pirin-planina-218x150.jpg HTTP/1.1" 200 9875 "http://bulpress.top/" "Mozilla/5.0 (Macintosh; Intel Mac OS X 10_15_7) AppleWebKit/537.36 (KHTML, like Gecko) Chrome/146.0.0.0 Safari/537.36"
37.221.113.190 - - [06/Apr/2026:06:36:25 +0200] "GET /wp-content/uploads/2019/03/safe_image-1-24-324x235.jpg HTTP/1.1" 200 22750 "http://bulpress.top/" "Mozilla/5.0 (Macintosh; Intel Mac OS X 10_15_7) AppleWebKit/537.36 (KHTML, like Gecko) Chrome/146.0.0.0 Safari/537.36"
37.221.113.190 - - [06/Apr/2026:06:36:26 +0200] "GET /wp-content/uploads/2017/12/a843a9f1212a3e586b01d1239bee79ed_600x460-1-218x150.jpg HTTP/1.1" 200 10838 "http://bulpress.top/" "Mozilla/5.0 (Macintosh; Intel Mac OS X 10_15_7) AppleWebKit/537.36 (KHTML, like Gecko) Chrome/146.0.0.0 Safari/537.36"
37.221.113.190 - - [06/Apr/2026:06:36:26 +0200] "GET /wp-content/uploads/2019/03/Screenshot_11-12-265x198.jpg HTTP/1.1" 200 17574 "http://bulpress.top/" "Mozilla/5.0 (Macintosh; Intel Mac OS X 10_15_7) AppleWebKit/537.36 (KHTML, like Gecko) Chrome/146.0.0.0 Safari/537.36"
37.221.113.190 - - [06/Apr/2026:06:36:27 +0200] "GET /wp-content/uploads/2020/11/maria-zaharova-356x220.jpg HTTP/1.1" 200 12871 "http://bulpress.top/" "Mozilla/5.0 (Macintosh; Intel Mac OS X 10_15_7) AppleWebKit/537.36 (KHTML, like Gecko) Chrome/146.0.0.0 Safari/537.36"
37.221.113.190 - - [06/Apr/2026:06:36:27 +0200] "GET /wp-content/uploads/2020/01/putin-god-265x198.jpg HTTP/1.1" 200 11809 "http://bulpress.top/" "Mozilla/5.0 (Macintosh; Intel Mac OS X 10_15_7) AppleWebKit/537.36 (KHTML, like Gecko) Chrome/146.0.0.0 Safari/537.36"
37.221.113.190 - - [06/Apr/2026:06:36:27 +0200] "GET /wp-content/uploads/2020/04/putin-1-265x198.jpg HTTP/1.1" 304 0 "http://bulpress.top/" "Mozilla/5.0 (Macintosh; Intel Mac OS X 10_15_7) AppleWebKit/537.36 (KHTML, like Gecko) Chrome/146.0.0.0 Safari/537.36"
37.221.113.190 - - [06/Apr/2026:06:36:27 +0200] "GET /wp-content/uploads/2019/03/kara-bunar-265x198.jpg HTTP/1.1" 200 15677 "http://bulpress.top/" "Mozilla/5.0 (Macintosh; Intel Mac OS X 10_15_7) AppleWebKit/537.36 (KHTML, like Gecko) Chrome/146.0.0.0 Safari/537.36"
37.221.113.190 - - [06/Apr/2026:06:36:27 +0200] "GET /wp-content/uploads/2017/10/14-11-simeon-356x220.jpg HTTP/1.1" 200 14308 "http://bulpress.top/" "Mozilla/5.0 (Macintosh; Intel Mac OS X 10_15_7) AppleWebKit/537.36 (KHTML, like Gecko) Chrome/146.0.0.0 Safari/537.36"
37.221.113.190 - - [06/Apr/2026:06:36:28 +0200] "GET /wp-content/uploads/2018/12/bg-usa-265x198.jpeg HTTP/1.1" 200 17688 "http://bulpress.top/" "Mozilla/5.0 (Macintosh; Intel Mac OS X 10_15_7) AppleWebKit/537.36 (KHTML, like Gecko) Chrome/146.0.0.0 Safari/537.36"
37.221.113.190 - - [06/Apr/2026:06:36:28 +0200] "GET /wp-content/uploads/2017/10/1-99-265x198.jpg HTTP/1.1" 200 14895 "http://bulpress.top/" "Mozilla/5.0 (Macintosh; Intel Mac OS X 10_15_7) AppleWebKit/537.36 (KHTML, like Gecko) Chrome/146.0.0.0 Safari/537.36"
37.221.113.190 - - [06/Apr/2026:06:36:28 +0200] "GET /wp-content/uploads/2018/11/Kasttata-1024x768-356x220.jpg HTTP/1.1" 200 21449 "http://bulpress.top/" "Mozilla/5.0 (Macintosh; Intel Mac OS X 10_15_7) AppleWebKit/537.36 (KHTML, like Gecko) Chrome/146.0.0.0 Safari/537.36"
37.221.113.190 - - [06/Apr/2026:06:36:28 +0200] "GET /wp-content/uploads/2017/10/23_8-265x198.jpg HTTP/1.1" 304 0 "http://bulpress.top/" "Mozilla/5.0 (Macintosh; Intel Mac OS X 10_15_7) AppleWebKit/537.36 (KHTML, like Gecko) Chrome/146.0.0.0 Safari/537.36"
37.221.113.190 - - [06/Apr/2026:06:36:29 +0200] "GET /wp-includes/js/wp-emoji-release.min.js?ver=4.9.26 HTTP/1.1" 304 0 "http://bulpress.top/" "Mozilla/5.0 (Macintosh; Intel Mac OS X 10_15_7) AppleWebKit/537.36 (KHTML, like Gecko) Chrome/146.0.0.0 Safari/537.36"
37.221.113.190 - - [06/Apr/2026:06:36:29 +0200] "GET /wp-content/uploads/2019/02/agushevo-356x220.jpg HTTP/1.1" 200 18714 "http://bulpress.top/" "Mozilla/5.0 (Macintosh; Intel Mac OS X 10_15_7) AppleWebKit/537.36 (KHTML, like Gecko) Chrome/146.0.0.0 Safari/537.36"
37.221.113.190 - - [06/Apr/2026:06:36:29 +0200] "GET /wp-content/uploads/2025/01/aimg-4675-533x261.jpg HTTP/1.1" 304 0 "http://bulpress.top/" "Mozilla/5.0 (Macintosh; Intel Mac OS X 10_15_7) AppleWebKit/537.36 (KHTML, like Gecko) Chrome/146.0.0.0 Safari/537.36"
37.221.113.190 - - [06/Apr/2026:06:36:29 +0200] "GET /wp-content/uploads/2025/01/1432053328-533x261.jpg HTTP/1.1" 304 0 "http://bulpress.top/" "Mozilla/5.0 (Macintosh; Intel Mac OS X 10_15_7) AppleWebKit/537.36 (KHTML, like Gecko) Chrome/146.0.0.0 Safari/537.36"
37.221.113.190 - - [06/Apr/2026:06:36:29 +0200] "GET /wp-content/uploads/2024/06/d241eed74617430949369c3f0fec2bad-533x261.jpg HTTP/1.1" 304 0 "http://bulpress.top/" "Mozilla/5.0 (Macintosh; Intel Mac OS X 10_15_7) AppleWebKit/537.36 (KHTML, like Gecko) Chrome/146.0.0.0 Safari/537.36"
