8.228.88.249 - - [06/Apr/2026:00:21:32 +0200] "GET /category/%d0%91%d1%8a%d0%bb%d0%b3%d0%b0%d1%80%d0%b8%d1%8f/feed/ HTTP/1.1" 200 55198 "-" "Mozilla/5.0 (Windows NT 6.3; WOW64; rv:33.0) Gecko/20100101 Firefox/33.0"
161.97.137.93 - - [06/Apr/2026:00:22:13 +0200] "POST /wp-cron.php?doing_wp_cron=1775427733.1520431041717529296875 HTTP/1.1" 404 12950 "http://bulpress.top/wp-cron.php?doing_wp_cron=1775427733.1520431041717529296875" "WordPress/4.9.26; http://bulpress.top"
20.63.84.172 - - [06/Apr/2026:00:22:14 +0200] "GET //wp-content/plugins/fix/up.php HTTP/1.1" 301 0 "-" "Mozilla/5.0 (Windows NT 10.0; Win64; x64) AppleWebKit/537.36 (KHTML, like Gecko) Chrome/85.0.4183.102 Safari/537.36"
20.63.84.172 - - [06/Apr/2026:00:22:14 +0200] "GET /wp-content/plugins/fix/up.php HTTP/1.1" 404 12871 "-" "Mozilla/5.0 (Windows NT 10.0; Win64; x64) AppleWebKit/537.36 (KHTML, like Gecko) Chrome/85.0.4183.102 Safari/537.36"
216.244.66.232 - - [06/Apr/2026:00:22:31 +0200] "GET /70-%D0%BE%D1%82-%D0%B1%D1%8A%D0%BB%D0%B3%D0%B0%D1%80%D0%B8%D1%82%D0%B5-%D1%81%D0%B8%D0%BC%D0%BF%D0%B0%D1%82%D0%B8%D0%B7%D0%B8%D1%80%D0%B0%D1%82-%D0%BD%D0%B0-%D0%B2%D0%BB%D0%B0%D0%B4%D0%B8%D0%BC%D0%B8/ HTTP/1.1" 200 21048 "-" "Mozilla/5.0 (compatible; DotBot/1.2; +https://opensiteexplorer.org/dotbot; help@moz.com)"
51.75.236.155 - - [06/Apr/2026:00:22:35 +0200] "GET /wp-content/uploads/2019/06/bulgaria-e1523548056279-678x381-324x235.jpg HTTP/1.1" 200 20461 "-" "Mozilla/5.0 (compatible; AhrefsBot/7.0; +http://ahrefs.com/robot/)"
54.37.118.71 - - [06/Apr/2026:00:22:36 +0200] "GET /wp-content/uploads/2019/09/grgreg-218x150.jpg HTTP/1.1" 304 0 "-" "Mozilla/5.0 (compatible; AhrefsBot/7.0; +http://ahrefs.com/robot/)"
51.68.247.198 - - [06/Apr/2026:00:22:38 +0200] "GET /wp-content/uploads/2019/07/btrt-100x70.jpg HTTP/1.1" 200 2182 "-" "Mozilla/5.0 (compatible; AhrefsBot/7.0; +http://ahrefs.com/robot/)"
92.222.104.223 - - [06/Apr/2026:00:22:38 +0200] "GET /wp-content/uploads/2018/12/selo-100x70.jpg HTTP/1.1" 200 2824 "-" "Mozilla/5.0 (compatible; AhrefsBot/7.0; +http://ahrefs.com/robot/)"
94.23.188.201 - - [06/Apr/2026:00:22:39 +0200] "GET /wp-content/uploads/2019/07/grayscale_sigmund_freud_psychoanalysis_desktop_4048x3057_hd-wallpaper-8977001-696x525-356x220.jpg HTTP/1.1" 200 14882 "-" "Mozilla/5.0 (compatible; AhrefsBot/7.0; +http://ahrefs.com/robot/)"
37.59.204.130 - - [06/Apr/2026:00:22:40 +0200] "GET /wp-content/uploads/2019/06/Stefcho83-snimka-1-24-03-2017-11-34-47-356x220.jpg HTTP/1.1" 200 9790 "-" "Mozilla/5.0 (compatible; AhrefsBot/7.0; +http://ahrefs.com/robot/)"
51.75.236.150 - - [06/Apr/2026:00:22:41 +0200] "GET /wp-content/uploads/2020/11/0000364522-article2-100x70.jpg HTTP/1.1" 304 0 "-" "Mozilla/5.0 (compatible; AhrefsBot/7.0; +http://ahrefs.com/robot/)"
92.222.108.126 - - [06/Apr/2026:00:23:11 +0200] "GET /wp-content/uploads/2018/07/Simona-Galabova-480x360-480x350-356x220.jpg HTTP/1.1" 200 22112 "-" "Mozilla/5.0 (compatible; AhrefsBot/7.0; +http://ahrefs.com/robot/)"
37.59.204.159 - - [06/Apr/2026:00:23:12 +0200] "GET /wp-content/uploads/2019/06/sege-218x150.jpg HTTP/1.1" 200 13149 "-" "Mozilla/5.0 (compatible; AhrefsBot/7.0; +http://ahrefs.com/robot/)"
94.23.188.207 - - [06/Apr/2026:00:23:13 +0200] "GET /wp-content/uploads/2019/07/Un3333titled_2-620x330-80x60.jpg HTTP/1.1" 200 2767 "-" "Mozilla/5.0 (compatible; AhrefsBot/7.0; +http://ahrefs.com/robot/)"
161.97.137.93 - - [06/Apr/2026:00:23:28 +0200] "POST /wp-cron.php?doing_wp_cron=1775427807.2327950000762939453125 HTTP/1.1" 404 12887 "http://bulpress.top/wp-cron.php?doing_wp_cron=1775427807.2327950000762939453125" "WordPress/4.9.26; http://bulpress.top"
8.228.88.249 - - [06/Apr/2026:00:23:28 +0200] "GET /news/feed/ HTTP/1.1" 200 514 "-" "Mozilla/5.0 (Windows NT 6.3; WOW64; rv:33.0) Gecko/20100101 Firefox/33.0"
85.208.96.212 - - [06/Apr/2026:00:23:40 +0200] "GET /tag/%D0%9A%D1%8A%D1%80%D0%B4%D0%B6%D0%B0%D0%BB%D0%B8/ HTTP/1.1" 200 16068 "-" "Mozilla/5.0 (compatible; SemrushBot/7~bl; +http://www.semrush.com/bot.html)"
85.208.96.211 - - [06/Apr/2026:00:23:45 +0200] "GET /tag/%D0%BF%D0%B0%D1%80%D1%82%D0%BD%D1%8C%D0%BE%D1%80/ HTTP/1.1" 200 15091 "-" "Mozilla/5.0 (compatible; SemrushBot/7~bl; +http://www.semrush.com/bot.html)"
85.208.96.193 - - [06/Apr/2026:00:24:05 +0200] "GET /%D0%BD%D0%B0%D0%B4-180-000-%D0%B4%D1%83%D1%88%D0%B8-%D0%BD%D0%B0-%D1%87%D0%B5%D1%80%D0%B2%D0%B5%D0%BD%D0%B8%D1%8F-%D0%BF%D0%BB%D0%BE%D1%89%D0%B0%D0%B4-%D0%B7%D0%B0%D0%BF%D1%8F%D1%85/ HTTP/1.1" 200 21471 "-" "Mozilla/5.0 (compatible; SemrushBot/7~bl; +http://www.semrush.com/bot.html)"
161.97.137.93 - - [06/Apr/2026:00:26:32 +0200] "POST /wp-cron.php?doing_wp_cron=1775427992.2383170127868652343750 HTTP/1.1" 404 12953 "http://bulpress.top/wp-cron.php?doing_wp_cron=1775427992.2383170127868652343750" "WordPress/4.9.26; http://bulpress.top"
85.208.96.206 - - [06/Apr/2026:00:26:33 +0200] "GET /tag/%D0%BF%D1%80%D0%BE%D0%B2%D0%BE%D0%BA%D0%B0%D1%86%D0%B8%D0%BE%D0%BD%D0%BD%D0%B8-%D1%81%D1%82%D1%8A%D0%BF%D0%BA%D0%B8/ HTTP/1.1" 200 15074 "-" "Mozilla/5.0 (compatible; SemrushBot/7~bl; +http://www.semrush.com/bot.html)"
161.97.137.93 - - [06/Apr/2026:00:27:58 +0200] "POST /wp-cron.php?doing_wp_cron=1775428077.8065700531005859375000 HTTP/1.1" 404 12898 "http://bulpress.top/wp-cron.php?doing_wp_cron=1775428077.8065700531005859375000" "WordPress/4.9.26; http://bulpress.top"
85.208.96.193 - - [06/Apr/2026:00:27:58 +0200] "GET /tag/%D0%B8%D0%BD%D0%B4%D1%83%D1%81%D1%82%D1%80%D0%B8%D0%B0%D0%BB%D1%86%D0%B8%D1%82%D0%B5-%D0%B2-%D0%B1%D1%8A%D0%BB%D0%B3%D0%B0%D1%80%D0%B8%D1%8F/ HTTP/1.1" 200 14928 "-" "Mozilla/5.0 (compatible; SemrushBot/7~bl; +http://www.semrush.com/bot.html)"
85.208.96.210 - - [06/Apr/2026:00:28:37 +0200] "GET /tag/%D0%BC%D0%BE%D0%B4%D0%B5%D0%BB%D0%B8-%D0%B1%D1%83%D0%BB%D0%B3%D0%B0%D1%80%D1%80%D0%B5%D0%BD%D0%BE/ HTTP/1.1" 200 15039 "-" "Mozilla/5.0 (compatible; SemrushBot/7~bl; +http://www.semrush.com/bot.html)"
161.97.137.93 - - [06/Apr/2026:00:29:29 +0200] "POST /wp-cron.php?doing_wp_cron=1775428169.1000890731811523437500 HTTP/1.1" 404 12966 "http://bulpress.top/wp-cron.php?doing_wp_cron=1775428169.1000890731811523437500" "WordPress/4.9.26; http://bulpress.top"
8.228.88.249 - - [06/Apr/2026:00:29:29 +0200] "GET /category/%d0%98%d1%81%d1%82%d0%be%d1%80%d0%b8%d0%b8/feed/ HTTP/1.1" 200 53803 "-" "Mozilla/5.0 (Windows NT 6.3; WOW64; rv:33.0) Gecko/20100101 Firefox/33.0"
185.177.72.100 - - [06/Apr/2026:00:30:29 +0200] "GET /wp-includes/js/jquery/jquery.js HTTP/1.1" 200 34040 "-" "curl/8.7.1"
185.177.72.100 - - [06/Apr/2026:00:30:29 +0200] "GET /wp-includes/js/jquery/jquery-migrate.min.js HTTP/1.1" 200 4028 "-" "curl/8.7.1"
185.177.72.100 - - [06/Apr/2026:00:30:29 +0200] "GET /wp-content/plugins/jetpack/modules/wpgroho.js HTTP/1.1" 200 501 "-" "curl/8.7.1"
185.177.72.100 - - [06/Apr/2026:00:30:29 +0200] "GET /wp-content/themes/Newspaper/js/tagdiv_theme.js HTTP/1.1" 200 103049 "-" "curl/8.7.1"
185.177.72.100 - - [06/Apr/2026:00:30:29 +0200] "GET /wp-includes/js/comment-reply.min.js HTTP/1.1" 200 592 "-" "curl/8.7.1"
185.177.72.100 - - [06/Apr/2026:00:30:29 +0200] "GET /wp-includes/js/wp-embed.min.js HTTP/1.1" 200 789 "-" "curl/8.7.1"
161.97.137.93 - - [06/Apr/2026:00:30:31 +0200] "POST /wp-cron.php?doing_wp_cron=1775428230.1396470069885253906250 HTTP/1.1" 404 12856 "http://bulpress.top/wp-cron.php?doing_wp_cron=1775428230.1396470069885253906250" "WordPress/4.9.26; http://bulpress.top"
185.177.72.100 - - [06/Apr/2026:00:30:31 +0200] "POST /RSC/ewqwk0ul2eiuox5.txt HTTP/1.1" 404 12869 "-" "Mozilla/5.0 (Windows NT 10.0; Win64; x64) AppleWebKit/537.36"
185.177.72.100 - - [06/Apr/2026:00:30:31 +0200] "POST /RSC/R/thhre0k3i7w08zl.txt HTTP/1.1" 404 12898 "-" "Mozilla/5.0 (Windows NT 10.0; Win64; x64) AppleWebKit/537.36"
185.177.72.100 - - [06/Apr/2026:00:30:35 +0200] "POST /RSC/modm1n8lftep2jj.txt HTTP/1.1" 404 12932 "-" "Mozilla/5.0 (Windows NT 10.0; Win64; x64) AppleWebKit/537.36"
185.177.72.100 - - [06/Apr/2026:00:30:35 +0200] "POST /RSC/R/0vy7ri89bf4lkmz.txt HTTP/1.1" 404 12895 "-" "Mozilla/5.0 (Windows NT 10.0; Win64; x64) AppleWebKit/537.36"
161.97.137.93 - - [06/Apr/2026:00:32:07 +0200] "POST /wp-cron.php?doing_wp_cron=1775428327.2271239757537841796875 HTTP/1.1" 404 12977 "http://bulpress.top/wp-cron.php?doing_wp_cron=1775428327.2271239757537841796875" "WordPress/4.9.26; http://bulpress.top"
185.177.72.205 - - [06/Apr/2026:00:32:08 +0200] "POST /RSC/ezv7u8d8wgocifq.txt HTTP/1.1" 404 12900 "-" "Mozilla/5.0 (Windows NT 10.0; Win64; x64) AppleWebKit/537.36"
185.177.72.205 - - [06/Apr/2026:00:32:08 +0200] "POST /RSC/R/eonfq2il74fynnm.txt HTTP/1.1" 404 12963 "-" "Mozilla/5.0 (Windows NT 10.0; Win64; x64) AppleWebKit/537.36"
199.7.140.198 - - [06/Apr/2026:00:35:51 +0200] "GET /wp-content/uploads/2018/11/7244_big-534x360.jpg HTTP/1.1" 200 77750 "-" "Mozilla/5.0 (X11; Linux x86_64) AppleWebKit/537.36 (KHTML, like Gecko) Chrome/124.0.0.0 Safari/537.36"
161.97.137.93 - - [06/Apr/2026:00:35:51 +0200] "POST /wp-cron.php?doing_wp_cron=1775428550.6605980396270751953125 HTTP/1.1" 404 12959 "http://bulpress.top/wp-cron.php?doing_wp_cron=1775428550.6605980396270751953125" "WordPress/4.9.26; http://bulpress.top"
85.208.96.201 - - [06/Apr/2026:00:35:51 +0200] "GET /tag/%D0%B4%D1%8F%D0%B4%D0%BE/ HTTP/1.1" 200 15014 "-" "Mozilla/5.0 (compatible; SemrushBot/7~bl; +http://www.semrush.com/bot.html)"
161.97.137.93 - - [06/Apr/2026:00:37:14 +0200] "POST /wp-cron.php?doing_wp_cron=1775428633.4838640689849853515625 HTTP/1.1" 404 12857 "http://bulpress.top/wp-cron.php?doing_wp_cron=1775428633.4838640689849853515625" "WordPress/4.9.26; http://bulpress.top"
185.191.171.16 - - [06/Apr/2026:00:37:14 +0200] "GET /%D0%98%D1%81%D0%BF%D0%B0%D0%BD%D0%B8%D1%8F-%D0%A3%D0%B6%D0%B0%D1%81%D1%8F%D0%B2%D0%B0%D1%89-%D1%80%D0%B0%D0%B7%D0%BA%D0%B0%D0%B7-%D0%B1%D1%8A%D0%BB%D0%B3%D0%B0%D1%80%D0%BA%D0%B0-%D0%BC/bulgarka-robstvo-qgodi/ HTTP/1.1" 200 24268 "-" "Mozilla/5.0 (compatible; SemrushBot/7~bl; +http://www.semrush.com/bot.html)"
185.191.171.15 - - [06/Apr/2026:00:37:26 +0200] "GET /tag/%D0%B5%D1%81%D1%82%D0%BE%D0%BD%D1%86%D0%B8/ HTTP/1.1" 403 285 "-" "Mozilla/5.0 (compatible; SemrushBot/7~bl; +http://www.semrush.com/bot.html)"
185.191.171.5 - - [06/Apr/2026:00:37:51 +0200] "GET /tag/novena/page/39/ HTTP/1.1" 200 21152 "-" "Mozilla/5.0 (compatible; SemrushBot/7~bl; +http://www.semrush.com/bot.html)"
161.97.137.93 - - [06/Apr/2026:00:38:49 +0200] "POST /wp-cron.php?doing_wp_cron=1775428729.1151640415191650390625 HTTP/1.1" 404 12952 "http://bulpress.top/wp-cron.php?doing_wp_cron=1775428729.1151640415191650390625" "WordPress/4.9.26; http://bulpress.top"
85.208.96.197 - - [06/Apr/2026:00:38:50 +0200] "GET /tag/%D0%BF%D0%BE%D1%81%D0%BB%D0%B5%D0%B4%D0%BD%D0%BE/page/27/ HTTP/1.1" 200 23815 "-" "Mozilla/5.0 (compatible; SemrushBot/7~bl; +http://www.semrush.com/bot.html)"
161.97.137.93 - - [06/Apr/2026:00:40:06 +0200] "POST /wp-cron.php?doing_wp_cron=1775428805.4479839801788330078125 HTTP/1.1" 404 12932 "http://bulpress.top/wp-cron.php?doing_wp_cron=1775428805.4479839801788330078125" "WordPress/4.9.26; http://bulpress.top"
85.208.96.209 - - [06/Apr/2026:00:40:06 +0200] "GET /tag/%D1%81%D0%B0%D0%BF%D1%83%D0%BD-fa/ HTTP/1.1" 200 15099 "-" "Mozilla/5.0 (compatible; SemrushBot/7~bl; +http://www.semrush.com/bot.html)"
2a03:2880:24ff:40:: - - [06/Apr/2026:00:40:20 +0200] "GET /%D0%B7%D0%B0-30-%D0%B3%D0%BE%D0%B4%D0%B8%D0%BD%D0%B8-%D0%BA%D0%BE%D0%BC%D1%83%D0%BD%D0%B8%D1%81%D1%82%D0%B8%D1%82%D0%B5-%D0%BF%D0%BE%D1%81%D1%82%D1%80%D0%BE%D0%B8%D1%85%D0%B0-%D0%BD%D0%BE%D0%B2-2/ HTTP/1.1" 200 28789 "-" "facebookexternalhit/1.1 (+http://www.facebook.com/externalhit_uatext.php)"
2a03:2880:24ff:5:: - - [06/Apr/2026:00:40:21 +0200] "GET /%d0%b7%d0%b0-30-%d0%b3%d0%be%d0%b4%d0%b8%d0%bd%d0%b8-%d0%ba%d0%be%d0%bc%d1%83%d0%bd%d0%b8%d1%81%d1%82%d0%b8%d1%82%d0%b5-%d0%bf%d0%be%d1%81%d1%82%d1%80%d0%be%d0%b8%d1%85%d0%b0-%d0%bd%d0%be%d0%b2-2/ HTTP/1.1" 200 28991 "-" "facebookexternalhit/1.1 (+http://www.facebook.com/externalhit_uatext.php)"
85.208.96.212 - - [06/Apr/2026:00:40:30 +0200] "GET /tag/3-%D0%BC%D0%B0%D1%80%D1%82-1878/ HTTP/1.1" 200 14898 "-" "Mozilla/5.0 (compatible; SemrushBot/7~bl; +http://www.semrush.com/bot.html)"
20.63.84.172 - - [06/Apr/2026:00:40:40 +0200] "GET //wp-content/plugins/fix/up.php HTTP/1.1" 301 0 "-" "Mozilla/5.0 (Windows NT 10.0; Win64; x64) AppleWebKit/537.36 (KHTML, like Gecko) Chrome/85.0.4183.102 Safari/537.36"
20.63.84.172 - - [06/Apr/2026:00:40:40 +0200] "GET /wp-content/plugins/fix/up.php HTTP/1.1" 404 12884 "-" "Mozilla/5.0 (Windows NT 10.0; Win64; x64) AppleWebKit/537.36 (KHTML, like Gecko) Chrome/85.0.4183.102 Safari/537.36"
8.228.88.249 - - [06/Apr/2026:00:41:00 +0200] "GET /news/feed/ HTTP/1.1" 200 514 "-" "Mozilla/5.0 (Windows NT 6.3; WOW64; rv:33.0) Gecko/20100101 Firefox/33.0"
161.97.137.93 - - [06/Apr/2026:00:41:37 +0200] "POST /wp-cron.php?doing_wp_cron=1775428896.5555849075317382812500 HTTP/1.1" 404 12899 "http://bulpress.top/wp-cron.php?doing_wp_cron=1775428896.5555849075317382812500" "WordPress/4.9.26; http://bulpress.top"
185.191.171.5 - - [06/Apr/2026:00:41:37 +0200] "GET /tag/%D0%B2%D1%8A%D0%B7%D0%BC%D0%BE%D0%B6%D0%BD%D0%BE%D1%81%D1%82%D0%B8/ HTTP/1.1" 200 14991 "-" "Mozilla/5.0 (compatible; SemrushBot/7~bl; +http://www.semrush.com/bot.html)"
161.97.137.93 - - [06/Apr/2026:00:44:42 +0200] "POST /wp-cron.php?doing_wp_cron=1775429081.4402430057525634765625 HTTP/1.1" 404 13057 "http://bulpress.top/wp-cron.php?doing_wp_cron=1775429081.4402430057525634765625" "WordPress/4.9.26; http://bulpress.top"
51.68.247.201 - - [06/Apr/2026:00:44:42 +0200] "GET /%D0%B1%D0%B8%D1%82%D0%BA%D0%B0%D1%82%D0%B0-%D0%BF%D1%80%D0%B8-%D0%BA%D0%BB%D0%BE%D0%BA%D0%BE%D1%82%D0%BD%D0%B8%D1%86%D0%B0-%D1%81%D0%BB%D0%B5%D0%B4-%D0%BA%D0%BE%D1%8F%D1%82%D0%BE-%D0%B1%D1%8A%D0%BB/ HTTP/1.1" 200 24899 "-" "Mozilla/5.0 (compatible; AhrefsBot/7.0; +http://ahrefs.com/robot/)"
94.23.188.215 - - [06/Apr/2026:00:44:53 +0200] "GET /%D0%B1%D0%B8%D1%82%D0%BA%D0%B0%D1%82%D0%B0-%D0%BF%D1%80%D0%B8-%D0%BA%D0%BB%D0%BE%D0%BA%D0%BE%D1%82%D0%BD%D0%B8%D1%86%D0%B0-%D1%81%D0%BB%D0%B5%D0%B4-%D0%BA%D0%BE%D1%8F%D1%82%D0%BE-%D0%B1%D1%8A%D0%BB/ HTTP/1.1" 200 24899 "-" "Mozilla/5.0 (compatible; AhrefsBot/7.0; +http://ahrefs.com/robot/)"
185.191.171.6 - - [06/Apr/2026:00:45:06 +0200] "GET /tag/%D0%BA%D0%BE%D0%BC%D1%83%D0%BD%D0%B8%D1%81%D1%82%D0%B8/ HTTP/1.1" 200 15157 "-" "Mozilla/5.0 (compatible; SemrushBot/7~bl; +http://www.semrush.com/bot.html)"
161.97.137.93 - - [06/Apr/2026:00:48:14 +0200] "POST /wp-cron.php?doing_wp_cron=1775429293.3436470031738281250000 HTTP/1.1" 404 12890 "http://bulpress.top/wp-cron.php?doing_wp_cron=1775429293.3436470031738281250000" "WordPress/4.9.26; http://bulpress.top"
185.191.171.16 - - [06/Apr/2026:00:48:14 +0200] "GET /tag/%D0%B5%D0%BA%D0%B8%D0%BF/ HTTP/1.1" 200 15283 "-" "Mozilla/5.0 (compatible; SemrushBot/7~bl; +http://www.semrush.com/bot.html)"
185.191.171.19 - - [06/Apr/2026:00:48:36 +0200] "GET /tag/%D0%BF%D0%BE%D0%BB%D0%BE%D0%B2%D0%B8%D0%BD%D0%B0-%D0%BF%D0%B5%D1%87%D0%B0%D0%BB%D0%B1%D0%B0/ HTTP/1.1" 200 15077 "-" "Mozilla/5.0 (compatible; SemrushBot/7~bl; +http://www.semrush.com/bot.html)"
85.208.96.209 - - [06/Apr/2026:00:49:01 +0200] "GET /%D0%B8%D1%81%D1%82%D0%B8%D0%BD%D0%B0%D1%82%D0%B0-%D0%B7%D0%B0-%D0%B1%D1%8A%D0%BB%D0%B3%D0%B0%D1%80%D0%B8%D1%8F-%D0%BA%D0%BE%D1%8F%D1%82%D0%BE-%D0%B5-%D0%B2%D1%80%D0%B5%D0%BC%D0%B5-%D0%B4%D0%B0-%D0%B2/asparuh3/ HTTP/1.1" 200 11395 "-" "Mozilla/5.0 (compatible; SemrushBot/7~bl; +http://www.semrush.com/bot.html)"
161.97.137.93 - - [06/Apr/2026:00:49:30 +0200] "POST /wp-cron.php?doing_wp_cron=1775429370.0962569713592529296875 HTTP/1.1" 404 12876 "http://bulpress.top/wp-cron.php?doing_wp_cron=1775429370.0962569713592529296875" "WordPress/4.9.26; http://bulpress.top"
85.208.96.194 - - [06/Apr/2026:00:49:31 +0200] "GET /%D0%B8%D1%81%D0%BA%D0%B0%D1%82-%D0%BB%D0%B8-bg-%D0%B3%D1%80%D0%B0%D0%B6%D0%B4%D0%B0%D0%BD%D1%81%D1%82%D0%B2%D0%BE-%D0%BC%D0%B0%D0%BA%D0%B5%D0%B4%D0%BE%D0%BD%D1%86%D0%B8/ HTTP/1.1" 200 21842 "-" "Mozilla/5.0 (compatible; SemrushBot/7~bl; +http://www.semrush.com/bot.html)"
185.191.171.1 - - [06/Apr/2026:00:50:13 +0200] "GET /%D1%86%D1%8F%D0%BB%D0%B0%D1%82%D0%B0-%D0%B8%D1%81%D1%82%D0%B8%D0%BD%D0%B0-%D0%B7%D0%B0-%D0%B3%D0%B0%D1%81%D1%82%D0%B0%D1%80%D0%B1%D0%B0%D0%B9%D1%82%D0%B5%D1%80%D1%81%D0%BA%D0%B8%D1%8F-%D0%B6%D0%B8/ HTTP/1.1" 200 27192 "-" "Mozilla/5.0 (compatible; SemrushBot/7~bl; +http://www.semrush.com/bot.html)"
161.97.137.93 - - [06/Apr/2026:00:50:56 +0200] "POST /wp-cron.php?doing_wp_cron=1775429456.1230430603027343750000 HTTP/1.1" 404 12978 "http://bulpress.top/wp-cron.php?doing_wp_cron=1775429456.1230430603027343750000" "WordPress/4.9.26; http://bulpress.top"
51.68.247.192 - - [06/Apr/2026:00:50:57 +0200] "GET /%D0%BF%D0%B8%D1%81%D0%BC%D0%BE-%D0%B4%D0%BE-%D0%B2%D1%81%D0%B8%D1%87%D0%BA%D0%B8-%D0%B5%D0%BC%D0%B8%D0%B3%D1%80%D0%B0%D0%BD%D1%82%D0%B8/ HTTP/1.1" 200 21858 "-" "Mozilla/5.0 (compatible; AhrefsBot/7.0; +http://ahrefs.com/robot/)"
8.228.88.249 - - [06/Apr/2026:00:51:14 +0200] "GET /category/%d0%a1%d0%b2%d1%8f%d1%82/feed/ HTTP/1.1" 200 53868 "-" "Mozilla/5.0 (Windows NT 6.3; WOW64; rv:33.0) Gecko/20100101 Firefox/33.0"
161.97.137.93 - - [06/Apr/2026:00:52:11 +0200] "POST /wp-cron.php?doing_wp_cron=1775429530.2253170013427734375000 HTTP/1.1" 404 12953 "http://bulpress.top/wp-cron.php?doing_wp_cron=1775429530.2253170013427734375000" "WordPress/4.9.26; http://bulpress.top"
85.208.96.201 - - [06/Apr/2026:00:52:11 +0200] "GET /tag/posledni-novini/page/12/ HTTP/1.1" 200 20481 "-" "Mozilla/5.0 (compatible; SemrushBot/7~bl; +http://www.semrush.com/bot.html)"
199.7.140.198 - - [06/Apr/2026:00:52:19 +0200] "GET /wp-content/uploads/2018/10/Bulgarian-Exarchate-1870-1913-218x150.jpg HTTP/1.1" 200 15478 "-" "Mozilla/5.0 (X11; Linux x86_64) AppleWebKit/537.36 (KHTML, like Gecko) Chrome/124.0.0.0 Safari/537.36"
161.97.137.93 - - [06/Apr/2026:00:53:26 +0200] "POST /wp-cron.php?doing_wp_cron=1775429605.9747979640960693359375 HTTP/1.1" 404 12858 "http://bulpress.top/wp-cron.php?doing_wp_cron=1775429605.9747979640960693359375" "WordPress/4.9.26; http://bulpress.top"
185.191.171.17 - - [06/Apr/2026:00:53:26 +0200] "GET /%D0%BF%D0%BE%D0%BB%D0%B7%D0%B8%D1%82%D0%B5-%D0%BE%D1%82-%D1%86%D0%B2%D0%B5%D1%82%D0%B5%D1%82%D0%BE-%D0%BF%D0%BE%D1%8F%D0%B2%D0%B8%D0%BB%D0%BE-%D1%81%D0%B5-%D0%BE%D1%82-%D1%81%D1%8A%D0%BB%D0%B7%D0%B8/sadef/ HTTP/1.1" 200 15397 "-" "Mozilla/5.0 (compatible; SemrushBot/7~bl; +http://www.semrush.com/bot.html)"
8.228.88.249 - - [06/Apr/2026:00:54:14 +0200] "GET /feed/ HTTP/1.1" 200 49033 "-" "Mozilla/5.0 (Windows NT 6.3; WOW64; rv:33.0) Gecko/20100101 Firefox/33.0"
54.37.118.89 - - [06/Apr/2026:00:54:53 +0200] "GET /wp-content/uploads/2017/11/0056280001446721943_505804_600x458_actualno.jpg HTTP/1.1" 200 40304 "-" "Mozilla/5.0 (compatible; AhrefsBot/7.0; +http://ahrefs.com/robot/)"
51.75.236.157 - - [06/Apr/2026:00:54:54 +0200] "GET /%D0%BF%D0%B8%D1%81%D0%BC%D0%BE-%D0%B4%D0%BE-%D0%B2%D1%81%D0%B8%D1%87%D0%BA%D0%B8-%D0%B5%D0%BC%D0%B8%D0%B3%D1%80%D0%B0%D0%BD%D1%82%D0%B8/ HTTP/1.1" 200 21858 "-" "Mozilla/5.0 (compatible; AhrefsBot/7.0; +http://ahrefs.com/robot/)"
51.75.236.135 - - [06/Apr/2026:00:54:55 +0200] "GET /wp-content/uploads/2019/06/thet-218x150.jpg HTTP/1.1" 304 0 "-" "Mozilla/5.0 (compatible; AhrefsBot/7.0; +http://ahrefs.com/robot/)"
176.31.139.1 - - [06/Apr/2026:00:55:06 +0200] "GET /wp-content/uploads/2019/08/stiv_hanke-696x471-100x70.jpg HTTP/1.1" 304 0 "-" "Mozilla/5.0 (compatible; AhrefsBot/7.0; +http://ahrefs.com/robot/)"
51.68.247.193 - - [06/Apr/2026:00:55:07 +0200] "GET /wp-content/uploads/2019/06/640_317517-218x150.jpeg HTTP/1.1" 200 12155 "-" "Mozilla/5.0 (compatible; AhrefsBot/7.0; +http://ahrefs.com/robot/)"
161.97.137.93 - - [06/Apr/2026:00:56:07 +0200] "POST /wp-cron.php?doing_wp_cron=1775429766.8877580165863037109375 HTTP/1.1" 404 12927 "http://bulpress.top/wp-cron.php?doing_wp_cron=1775429766.8877580165863037109375" "WordPress/4.9.26; http://bulpress.top"
185.191.171.9 - - [06/Apr/2026:00:56:07 +0200] "GET /tag/%D0%B2-%D0%BD%D1%80%D0%B1-%D0%BE%D1%81%D1%82%D0%B0%D0%B2%D1%8F%D1%85%D0%BC%D0%B5-%D0%BA%D0%BB%D1%8E%D1%87%D0%B0-%D0%BF%D0%BE%D0%B4-%D0%B8%D0%B7%D1%82%D1%80%D0%B8%D0%B2%D0%B0%D0%BB%D0%BA%D0%B0%D1%82/ HTTP/1.1" 200 15032 "-" "Mozilla/5.0 (compatible; SemrushBot/7~bl; +http://www.semrush.com/bot.html)"
66.249.74.166 - - [06/Apr/2026:00:56:37 +0200] "GET /10-%D0%BD%D0%B5%D1%89%D0%B0-%D0%BA%D0%BE%D0%B8%D1%82%D0%BE-%D0%BE%D1%89%D0%B5-%D0%BD%D0%B8-%D0%BD%D0%B0%D0%B2%D1%8F%D0%B2%D0%B0%D1%82-%D1%81%D0%BF%D0%BE%D0%BC%D0%B5%D0%BD%D0%B8-%D0%B7%D0%B0-%D1%81/ HTTP/1.1" 200 23850 "-" "Mozilla/5.0 (Linux; Android 6.0.1; Nexus 5X Build/MMB29P) AppleWebKit/537.36 (KHTML, like Gecko) Chrome/146.0.7680.177 Mobile Safari/537.36 (compatible; Googlebot/2.1; +http://www.google.com/bot.html)"
66.249.74.164 - - [06/Apr/2026:00:56:41 +0200] "GET /wp-includes/js/jquery/jquery-migrate.min.js?ver=1.4.1 HTTP/1.1" 304 0 "http://bulpress.top/10-%D0%BD%D0%B5%D1%89%D0%B0-%D0%BA%D0%BE%D0%B8%D1%82%D0%BE-%D0%BE%D1%89%D0%B5-%D0%BD%D0%B8-%D0%BD%D0%B0%D0%B2%D1%8F%D0%B2%D0%B0%D1%82-%D1%81%D0%BF%D0%BE%D0%BC%D0%B5%D0%BD%D0%B8-%D0%B7%D0%B0-%D1%81/" "Mozilla/5.0 (Linux; Android 6.0.1; Nexus 5X Build/MMB29P) AppleWebKit/537.36 (KHTML, like Gecko) Chrome/146.0.7680.177 Mobile Safari/537.36 (compatible; Googlebot/2.1; +http://www.google.com/bot.html)"
66.249.74.164 - - [06/Apr/2026:00:56:41 +0200] "GET /wp-content/themes/Newspaper/js/tagdiv_theme.js?ver=8.0 HTTP/1.1" 304 0 "http://bulpress.top/10-%D0%BD%D0%B5%D1%89%D0%B0-%D0%BA%D0%BE%D0%B8%D1%82%D0%BE-%D0%BE%D1%89%D0%B5-%D0%BD%D0%B8-%D0%BD%D0%B0%D0%B2%D1%8F%D0%B2%D0%B0%D1%82-%D1%81%D0%BF%D0%BE%D0%BC%D0%B5%D0%BD%D0%B8-%D0%B7%D0%B0-%D1%81/" "Mozilla/5.0 (Linux; Android 6.0.1; Nexus 5X Build/MMB29P) AppleWebKit/537.36 (KHTML, like Gecko) Chrome/146.0.7680.177 Mobile Safari/537.36 (compatible; Googlebot/2.1; +http://www.google.com/bot.html)"
66.249.74.164 - - [06/Apr/2026:00:56:42 +0200] "GET /wp-content/plugins/jetpack/modules/wpgroho.js?ver=4.9.26 HTTP/1.1" 304 0 "http://bulpress.top/10-%D0%BD%D0%B5%D1%89%D0%B0-%D0%BA%D0%BE%D0%B8%D1%82%D0%BE-%D0%BE%D1%89%D0%B5-%D0%BD%D0%B8-%D0%BD%D0%B0%D0%B2%D1%8F%D0%B2%D0%B0%D1%82-%D1%81%D0%BF%D0%BE%D0%BC%D0%B5%D0%BD%D0%B8-%D0%B7%D0%B0-%D1%81/" "Mozilla/5.0 (Linux; Android 6.0.1; Nexus 5X Build/MMB29P) AppleWebKit/537.36 (KHTML, like Gecko) Chrome/146.0.7680.177 Mobile Safari/537.36 (compatible; Googlebot/2.1; +http://www.google.com/bot.html)"
8.228.88.249 - - [06/Apr/2026:00:57:59 +0200] "GET /category/%d0%98%d1%81%d1%82%d0%be%d1%80%d0%b8%d0%b8/feed/ HTTP/1.1" 200 53803 "-" "Mozilla/5.0 (Windows NT 6.3; WOW64; rv:33.0) Gecko/20100101 Firefox/33.0"
8.228.88.249 - - [06/Apr/2026:00:58:00 +0200] "GET /category/%d0%91%d1%8a%d0%bb%d0%b3%d0%b0%d1%80%d0%b8%d1%8f/feed/ HTTP/1.1" 200 55198 "-" "Mozilla/5.0 (Windows NT 6.3; WOW64; rv:33.0) Gecko/20100101 Firefox/33.0"
161.97.137.93 - - [06/Apr/2026:00:58:16 +0200] "POST /wp-cron.php?doing_wp_cron=1775429896.2285890579223632812500 HTTP/1.1" 404 12871 "http://bulpress.top/wp-cron.php?doing_wp_cron=1775429896.2285890579223632812500" "WordPress/4.9.26; http://bulpress.top"
65.108.72.207 - - [06/Apr/2026:00:58:16 +0200] "GET /robots.txt HTTP/1.1" 200 80 "-" "Mozilla/5.0 (compatible; SEOkicks; +https://www.seokicks.de/robot.html)"
65.108.72.207 - - [06/Apr/2026:00:58:20 +0200] "GET / HTTP/1.1" 200 29331 "-" "Mozilla/5.0 (compatible; SEOkicks; +https://www.seokicks.de/robot.html)"
65.108.72.207 - - [06/Apr/2026:00:58:25 +0200] "GET /sitemap.xml HTTP/1.1" 301 0 "-" "Mozilla/5.0 (compatible; SEOkicks; +https://www.seokicks.de/robot.html)"
65.108.72.207 - - [06/Apr/2026:00:58:28 +0200] "GET /%d0%bf%d1%83%d1%82%d0%b8%d0%bd-%d0%be%d1%82%d0%bb%d0%be%d0%b6%d0%b8-%d0%bf%d0%b0%d1%80%d0%b0%d0%b4%d0%b0-%d0%b7%d0%b0-9-%d0%bc%d0%b0%d0%b9-%d0%b7%d0%b0%d1%80%d0%b0%d0%b4%d0%b8-%d0%ba%d0%be%d1%80%d0%be/ HTTP/1.1" 404 12872 "-" "Mozilla/5.0 (compatible; SEOkicks; +https://www.seokicks.de/robot.html)"
65.108.72.207 - - [06/Apr/2026:00:58:35 +0200] "GET /sitemap_index.xml HTTP/1.1" 200 446 "http://bulpress.top/sitemap.xml" "Mozilla/5.0 (compatible; SEOkicks; +https://www.seokicks.de/robot.html)"
65.108.72.207 - - [06/Apr/2026:00:58:38 +0200] "GET /feed/ HTTP/1.1" 200 49033 "http://bulpress.top/" "Mozilla/5.0 (compatible; SEOkicks; +https://www.seokicks.de/robot.html)"
65.108.72.207 - - [06/Apr/2026:00:58:40 +0200] "GET /comments/feed/ HTTP/1.1" 200 5841 "http://bulpress.top/" "Mozilla/5.0 (compatible; SEOkicks; +https://www.seokicks.de/robot.html)"
65.108.72.207 - - [06/Apr/2026:00:58:41 +0200] "GET /news/feed/ HTTP/1.1" 200 514 "http://bulpress.top/" "Mozilla/5.0 (compatible; SEOkicks; +https://www.seokicks.de/robot.html)"
65.108.72.207 - - [06/Apr/2026:00:58:43 +0200] "GET /category/%d0%9d%d0%be%d0%b2%d0%b8%d0%bd%d0%b8/ HTTP/1.1" 200 19558 "http://bulpress.top/" "Mozilla/5.0 (compatible; SEOkicks; +https://www.seokicks.de/robot.html)"
65.108.72.207 - - [06/Apr/2026:00:58:46 +0200] "GET /category/%d0%a1%d0%b2%d1%8f%d1%82/ HTTP/1.1" 200 19115 "http://bulpress.top/" "Mozilla/5.0 (compatible; SEOkicks; +https://www.seokicks.de/robot.html)"
65.108.72.207 - - [06/Apr/2026:00:58:53 +0200] "GET /category/%d0%a0%d1%83%d1%81%d0%b8%d1%8f/ HTTP/1.1" 200 21844 "http://bulpress.top/" "Mozilla/5.0 (compatible; SEOkicks; +https://www.seokicks.de/robot.html)"
65.108.72.207 - - [06/Apr/2026:00:59:00 +0200] "GET /category/%d0%a1%d0%90%d0%a9/ HTTP/1.1" 200 18962 "http://bulpress.top/" "Mozilla/5.0 (compatible; SEOkicks; +https://www.seokicks.de/robot.html)"
65.108.72.207 - - [06/Apr/2026:00:59:03 +0200] "GET /category/%d0%91%d1%8a%d0%bb%d0%b3%d0%b0%d1%80%d0%b8%d1%8f/ HTTP/1.1" 502 150 "http://bulpress.top/" "Mozilla/5.0 (compatible; SEOkicks; +https://www.seokicks.de/robot.html)"
65.108.72.207 - - [06/Apr/2026:00:59:05 +0200] "GET /category/%d0%98%d1%81%d1%82%d0%be%d1%80%d0%b8%d0%b8/ HTTP/1.1" 200 19306 "http://bulpress.top/" "Mozilla/5.0 (compatible; SEOkicks; +https://www.seokicks.de/robot.html)"
65.108.72.207 - - [06/Apr/2026:00:59:10 +0200] "GET /%d1%81%d0%bf%d0%be%d0%bc%d0%b5%d0%bd%d0%b8-%d0%be%d1%82-%d1%81%d0%bd%d0%b5%d0%b6%d0%bd%d0%b8%d1%82%d0%b5-%d0%b7%d0%b8%d0%bc%d0%b8-%d0%ba%d0%be%d0%b3%d0%b0%d1%82%d0%be-%d0%b1%d1%8f%d1%85%d0%bc%d0%b5/ HTTP/1.1" 200 21193 "http://bulpress.top/" "Mozilla/5.0 (compatible; SEOkicks; +https://www.seokicks.de/robot.html)"
161.97.137.93 - - [06/Apr/2026:00:59:17 +0200] "POST /wp-cron.php?doing_wp_cron=1775429956.5350370407104492187500 HTTP/1.1" 404 12979 "http://bulpress.top/wp-cron.php?doing_wp_cron=1775429956.5350370407104492187500" "WordPress/4.9.26; http://bulpress.top"
65.108.72.207 - - [06/Apr/2026:00:59:17 +0200] "GET /%d0%ba%d0%be%d0%b3%d0%b0%d1%82%d0%be-%d0%bd%d1%8f%d0%bc%d0%b0%d1%88%d0%b5-%d0%bc%d0%be%d0%b1%d0%b8%d0%bb%d0%bd%d0%b8-%d1%82%d0%b5%d0%bb%d0%b5%d1%84%d0%be%d0%bd%d0%b8-%d0%b0%d0%b1%d0%b2-%d0%bf%d0%be/ HTTP/1.1" 200 19682 "http://bulpress.top/" "Mozilla/5.0 (compatible; SEOkicks; +https://www.seokicks.de/robot.html)"
65.108.72.207 - - [06/Apr/2026:00:59:22 +0200] "GET /%d0%92%d0%95%d0%a7%d0%95-%d0%95-%d0%97%d0%90%d0%9a%d0%9e%d0%9d-%d0%97%d0%90%d0%a1%d0%af%d0%93%d0%90-%d0%97%d0%90%d0%9f%d0%9b%d0%90%d0%a2%d0%98%d0%a2%d0%95-%d0%9d%d0%90-%d0%92%d0%a1%d0%98%d0%a7%d0%9a/ HTTP/1.1" 200 22784 "http://bulpress.top/" "Mozilla/5.0 (compatible; SEOkicks; +https://www.seokicks.de/robot.html)"
65.108.72.207 - - [06/Apr/2026:00:59:24 +0200] "GET /%d0%9b%d0%be%d0%bd%d0%b4%d0%be%d0%bd-%d0%9a%d0%a0%d0%90%d0%a1%d0%98%d0%92%d0%90-%d0%91%d0%aa%d0%9b%d0%93%d0%90%d0%a0%d0%9a%d0%90-%d0%9d%d0%90%d0%9f%d0%98%d0%a1%d0%90-%d0%9f%d0%9e%d0%a2%d0%a0%d0%95/ HTTP/1.1" 200 26797 "http://bulpress.top/" "Mozilla/5.0 (compatible; SEOkicks; +https://www.seokicks.de/robot.html)"
65.108.72.207 - - [06/Apr/2026:00:59:27 +0200] "GET /%d0%ba%d0%b0%d0%ba-%d0%bf%d0%be-%d0%b2%d1%80%d0%b5%d0%bc%d0%b5%d1%82%d0%be-%d0%bd%d0%b0-%d1%81%d0%be%d1%86%d0%b8%d0%b0%d0%bb%d0%b8%d0%b7%d0%bc%d0%b0-%d0%b2-%d0%b1%d0%b3/ HTTP/1.1" 200 20194 "http://bulpress.top/" "Mozilla/5.0 (compatible; SEOkicks; +https://www.seokicks.de/robot.html)"
65.108.72.207 - - [06/Apr/2026:00:59:30 +0200] "GET /%d0%be%d0%b1%d0%b8%d1%87%d0%b0%d0%bc-%d1%82%d0%b5-%d0%b1%d0%b5%d0%b7%d0%ba%d1%80%d0%b0%d0%b9/ HTTP/1.1" 200 20870 "http://bulpress.top/" "Mozilla/5.0 (compatible; SEOkicks; +https://www.seokicks.de/robot.html)"
65.108.72.207 - - [06/Apr/2026:00:59:34 +0200] "GET /%d0%b0%d0%b7-%d0%b2%d1%8f%d1%80%d0%b2%d0%b0%d0%bc-%d0%b2-%d0%bc%d1%8a%d0%bb%d1%87%d0%b0%d0%bb%d0%b8%d0%b2%d0%b0%d1%82%d0%b0-%d0%bb%d1%8e%d0%b1%d0%be%d0%b2/ HTTP/1.1" 200 20980 "http://bulpress.top/" "Mozilla/5.0 (compatible; SEOkicks; +https://www.seokicks.de/robot.html)"
65.108.72.207 - - [06/Apr/2026:00:59:37 +0200] "GET /%d0%be%d0%b1%d0%b8%d1%87%d0%b0%d0%bb-%d0%bb%d0%b8-%d1%81%d0%b8-%d0%bd%d1%8f%d0%ba%d0%be%d0%b3%d0%b0-%d1%82%d0%b0%d0%ba%d0%b0/ HTTP/1.1" 200 21278 "http://bulpress.top/" "Mozilla/5.0 (compatible; SEOkicks; +https://www.seokicks.de/robot.html)"
65.108.72.207 - - [06/Apr/2026:00:59:41 +0200] "GET /40-%d0%be%d1%82-%d1%82%d0%b5%d1%80%d0%b8%d1%82%d0%be%d1%80%d0%b8%d1%8f%d1%82%d0%b0-%d0%bd%d0%b0-%d0%b1%d1%8a%d0%bb%d0%b3%d0%b0%d1%80%d0%b8%d1%8f-%d0%b5-%d0%b4%d0%b5%d0%bc%d0%be%d0%b3%d1%80%d0%b0%d1%84/ HTTP/1.1" 200 21613 "http://bulpress.top/" "Mozilla/5.0 (compatible; SEOkicks; +https://www.seokicks.de/robot.html)"
65.108.72.207 - - [06/Apr/2026:00:59:56 +0200] "GET /%d0%b2%d0%b8%d0%b6%d1%82%d0%b5-%d0%b8%d1%81%d1%82%d0%b8%d0%bd%d0%b0%d1%82%d0%b0-%d0%b7%d0%b0-%d1%85%d0%bb%d1%8f%d0%b1%d0%b0-%d0%bc%d0%b5%d0%ba-%d0%b1%d1%8f%d0%bb-%d0%b2%d0%ba%d1%83%d1%81%d0%b5%d0%bd/ HTTP/1.1" 200 25212 "http://bulpress.top/" "Mozilla/5.0 (compatible; SEOkicks; +https://www.seokicks.de/robot.html)"
65.108.72.207 - - [06/Apr/2026:01:00:00 +0200] "GET /%d0%ba%d0%b0%d0%ba-%d0%b6%d0%b8%d0%b2%d1%8f%d1%85%d0%bc%d0%b5-%d0%bf%d1%80%d0%b5%d0%b4%d0%b8-10-%d0%bd%d0%be%d0%b5%d0%bc%d0%b2%d1%80%d0%b8-1989-%d0%b3%d0%be%d0%b4-iv-%d1%87%d0%b0%d1%81%d1%82-%d0%bc/ HTTP/1.1" 200 28640 "http://bulpress.top/" "Mozilla/5.0 (compatible; SEOkicks; +https://www.seokicks.de/robot.html)"
65.108.72.207 - - [06/Apr/2026:01:00:02 +0200] "GET /%d1%80%d0%b0%d0%b1%d0%be%d1%82%d0%b0-%d0%b2-%d0%b0%d0%bd%d0%b3%d0%bb%d0%b8%d1%8f-%d0%be%d0%bf%d0%b8%d1%82-%d0%be%d1%82-%d0%bf%d1%8a%d1%80%d0%b2%d0%be-%d0%bb%d0%b8%d1%86%d0%b5/ HTTP/1.1" 502 150 "http://bulpress.top/" "Mozilla/5.0 (compatible; SEOkicks; +https://www.seokicks.de/robot.html)"
65.108.72.207 - - [06/Apr/2026:01:00:06 +0200] "GET /%d0%bd%d0%be%d0%b2%d0%b0%d1%82%d0%b0-%d0%b1%d0%b8%d1%81%d0%ba%d0%b2%d0%b8%d1%82%d0%b5%d0%bd%d0%b0-%d1%82%d0%be%d1%80%d1%82%d0%b0-%d0%b1%d0%b5%d0%b7-%d0%bf%d0%b5%d1%87%d0%b5%d0%bd%d0%b5-%d0%b7%d0%b0/ HTTP/1.1" 502 150 "http://bulpress.top/" "Mozilla/5.0 (compatible; SEOkicks; +https://www.seokicks.de/robot.html)"
65.108.72.207 - - [06/Apr/2026:01:00:11 +0200] "GET /%d0%ba%d0%b0%d0%ba-%d1%88%d0%b0%d1%88%d0%bd%d0%b0%d1%85%d0%bc%d0%b5-%d0%b3%d0%be%d1%80%d0%b1%d0%b0%d1%87%d0%be%d0%b2-%d1%81-%d0%ba%d0%be%d0%bc%d0%bf%d1%8e%d1%82%d1%80%d0%b8%d1%82%d0%b5-%d0%b2-%d0%b4/ HTTP/1.1" 200 23187 "http://bulpress.top/" "Mozilla/5.0 (compatible; SEOkicks; +https://www.seokicks.de/robot.html)"
65.108.72.207 - - [06/Apr/2026:01:00:15 +0200] "GET /%d0%ba%d0%be%d0%bd%d1%81%d0%ba%d0%b8%d1%82%d0%b5-%d0%ba%d0%b5%d1%81%d1%82%d0%b5%d0%bd%d0%b8-%d0%bc%d0%b5-%d1%81%d0%bf%d0%b0%d1%81%d1%8f%d0%b2%d0%b0%d1%82-%d0%be%d1%82-%d0%b1%d0%be%d0%bb%d0%ba%d0%b8/ HTTP/1.1" 200 24927 "http://bulpress.top/" "Mozilla/5.0 (compatible; SEOkicks; +https://www.seokicks.de/robot.html)"
161.97.137.93 - - [06/Apr/2026:01:00:18 +0200] "POST /wp-cron.php?doing_wp_cron=1775430017.7307939529418945312500 HTTP/1.1" 404 12952 "http://bulpress.top/wp-cron.php?doing_wp_cron=1775430017.7307939529418945312500" "WordPress/4.9.26; http://bulpress.top"
85.208.96.196 - - [06/Apr/2026:01:00:18 +0200] "GET /tag/%D0%B2%D0%BE%D0%B4%D0%B0/ HTTP/1.1" 200 18131 "-" "Mozilla/5.0 (compatible; SemrushBot/7~bl; +http://www.semrush.com/bot.html)"
65.108.72.207 - - [06/Apr/2026:01:00:20 +0200] "GET /%d1%83%d0%bd%d0%b8%d0%ba%d0%b0%d0%bb%d0%bd%d0%b8%d1%82%d0%b5-%d0%bf%d0%be%d0%bb%d0%b7%d0%b8-%d0%be%d1%82-%d0%bf%d0%b8%d0%b5%d0%bd%d0%b5%d1%82%d0%be-%d0%bd%d0%b0-%d1%82%d0%be%d0%bf%d0%bb%d0%b0-%d0%b2/ HTTP/1.1" 200 22359 "http://bulpress.top/" "Mozilla/5.0 (compatible; SEOkicks; +https://www.seokicks.de/robot.html)"
65.108.72.207 - - [06/Apr/2026:01:00:23 +0200] "GET /%d1%80%d0%b5%d1%86%d0%b5%d0%bf%d1%82%d0%b0-%d0%b7%d0%b0-%d0%b4%d0%be%d0%bc%d0%b0%d1%88%d0%b5%d0%bd-%d1%82%d0%be%d0%bd%d0%b8%d0%ba-%d0%ba%d0%be%d0%b9%d1%82%d0%be-%d1%83%d0%b1%d0%b8%d0%b2%d0%b0-%d0%b8/ HTTP/1.1" 200 21843 "http://bulpress.top/" "Mozilla/5.0 (compatible; SEOkicks; +https://www.seokicks.de/robot.html)"
65.108.72.207 - - [06/Apr/2026:01:00:28 +0200] "GET /%d0%b5%d0%b6%d0%b5%d0%b4%d0%bd%d0%b5%d0%b2%d0%bd%d0%b8-%d0%bd%d0%b0%d0%b2%d0%b8%d1%86%d0%b8-%d0%ba%d0%be%d0%b8%d1%82%d0%be-%d0%b8%d0%b7%d0%bf%d0%b8%d0%b2%d0%b0%d1%82-%d0%b5%d0%bd%d0%b5%d1%80%d0%b3/ HTTP/1.1" 200 23494 "http://bulpress.top/" "Mozilla/5.0 (compatible; SEOkicks; +https://www.seokicks.de/robot.html)"
85.208.96.197 - - [06/Apr/2026:01:00:28 +0200] "GET /%D1%84%D0%B5%D0%B9%D1%81%D0%B1%D1%83%D0%BA%D1%8A%D1%82-%D0%BD%D0%B0-%D0%BD%D0%B0%D1%88%D0%B5%D1%82%D0%BE-%D0%B4%D0%B5%D1%82%D1%81%D1%82%D0%B2%D0%BE/ HTTP/1.1" 200 26337 "-" "Mozilla/5.0 (compatible; SemrushBot/7~bl; +http://www.semrush.com/bot.html)"
65.108.72.207 - - [06/Apr/2026:01:00:31 +0200] "GET /%d0%b7%d0%b0-%d0%bf%d0%be%d0%b2%d0%b5%d1%87%d0%b5-%d0%be%d1%82-%d0%b4%d0%b5%d1%81%d0%b5%d1%82%d0%b8%d0%bb%d0%b5%d1%82%d0%b8%d0%b5-%d0%b3%d0%b5%d1%80%d0%b1-%d1%81%d0%b5-%d1%83%d1%82%d0%b2%d1%8a%d1%80/ HTTP/1.1" 200 22267 "http://bulpress.top/" "Mozilla/5.0 (compatible; SEOkicks; +https://www.seokicks.de/robot.html)"
65.108.72.207 - - [06/Apr/2026:01:00:34 +0200] "GET /%d0%b0%d0%b7-%d0%bf%d0%be-%d0%b3%d0%be%d0%bb%d1%8f%d0%bc-%d1%83%d1%80%d0%be%d0%ba-%d0%bf%d0%be-%d0%bf%d0%b0%d1%82%d1%80%d0%b8%d0%be%d1%82%d0%b8%d0%b7%d1%8a%d0%bc-%d0%bd%d0%b5-%d1%81%d1%8a%d0%bc-%d1%87/ HTTP/1.1" 200 21987 "http://bulpress.top/" "Mozilla/5.0 (compatible; SEOkicks; +https://www.seokicks.de/robot.html)"
65.108.72.207 - - [06/Apr/2026:01:00:37 +0200] "GET /%d1%8f%d0%bd%d0%b0-%d0%bc%d0%b0%d1%80%d0%b8%d0%bd%d0%be%d0%b2%d0%b0-%d0%ba%d1%80%d0%b0%d0%b9-%d0%b0%d0%b7-%d0%b1%d1%8f%d1%85-%d0%b4%d0%be-%d1%82%d1%83%d0%ba-%d0%bf%d0%be%d0%b2%d0%b5%d1%87%d0%b5/ HTTP/1.1" 200 22099 "http://bulpress.top/" "Mozilla/5.0 (compatible; SEOkicks; +https://www.seokicks.de/robot.html)"
65.108.72.207 - - [06/Apr/2026:01:00:42 +0200] "GET /%d0%bb%d1%8a%d1%81%d0%bd%d0%b0-%d0%bd%d0%b0%d0%b9-%d0%b3%d0%be%d0%bb%d1%8f%d0%bc%d0%b0%d1%82%d0%b0-%d1%82%d0%b0%d0%b9%d0%bd%d0%b0-%d0%bd%d0%b0-%d0%b1%d1%8a%d0%bb%d0%b3%d0%b0%d1%80%d0%b8%d1%8f/ HTTP/1.1" 200 21941 "http://bulpress.top/" "Mozilla/5.0 (compatible; SEOkicks; +https://www.seokicks.de/robot.html)"
65.108.72.207 - - [06/Apr/2026:01:00:47 +0200] "GET /%d0%bc%d0%be%d1%8f%d1%82%d0%b0-%d0%ba%d0%b0%d1%83%d0%b7%d0%b0-%d0%b5-%d0%b4%d0%b0-%d0%b2%d1%8a%d0%b7%d1%80%d0%be%d0%b4%d0%b8%d0%bc-%d0%b1%d1%8a%d0%bb%d0%b3%d0%b0%d1%80%d1%81%d0%ba%d0%be%d1%82%d0%be/ HTTP/1.1" 200 28907 "http://bulpress.top/" "Mozilla/5.0 (compatible; SEOkicks; +https://www.seokicks.de/robot.html)"
65.108.72.207 - - [06/Apr/2026:01:00:50 +0200] "GET /%d0%b1%d1%8a%d0%bb%d0%b3%d0%b0%d1%80%d0%ba%d0%b0-%d0%b2-%d1%87%d1%83%d0%b6%d0%b1%d0%b8%d0%bd%d0%b0-%d0%bd%d0%b0%d0%bf%d0%b8%d1%81%d0%b0-%d0%bd%d0%b0-%d0%b1%d0%be%d0%b9%d0%ba%d0%be/ HTTP/1.1" 200 22319 "http://bulpress.top/" "Mozilla/5.0 (compatible; SEOkicks; +https://www.seokicks.de/robot.html)"
65.108.72.207 - - [06/Apr/2026:01:00:53 +0200] "GET /%d1%81%d0%bf%d1%8f%d1%85%d0%bc%d0%b5-%d0%b2-%d0%bc%d0%b5%d1%82%d0%b0%d0%bb%d0%bd%d0%b8-%d0%b1%d1%83%d0%bd%d0%b3%d0%b0%d0%bb%d0%b0-%d0%b2-%d1%81%d1%82%d0%b0%d0%bd%d1%86%d0%b8%d1%8f%d1%82%d0%b0-%d0%b2/ HTTP/1.1" 200 21358 "http://bulpress.top/" "Mozilla/5.0 (compatible; SEOkicks; +https://www.seokicks.de/robot.html)"
65.108.72.207 - - [06/Apr/2026:01:00:56 +0200] "GET /%d0%b1%d1%8a%d0%bb%d0%b3%d0%b0%d1%80%d0%b8%d1%82%d0%b5-%d1%81%d0%b0-%d0%be%d1%81%d0%bd%d0%be%d0%b2%d0%b0%d1%82%d0%b0-%d1%87%d0%be%d0%b2%d0%b5%d1%88%d0%ba%d0%b0%d1%82%d0%b0-%d1%86/ HTTP/1.1" 200 27427 "http://bulpress.top/" "Mozilla/5.0 (compatible; SEOkicks; +https://www.seokicks.de/robot.html)"
65.108.72.207 - - [06/Apr/2026:01:00:59 +0200] "GET /17-%d0%b3%d0%be%d0%b4%d0%b8%d1%88%d0%bd%d0%b0%d1%82%d0%b0-%d1%81%d1%82%d0%b8%d0%bb%d0%b8%d1%8f%d0%bd%d0%b0-%d0%bd%d0%b0%d0%bf%d0%b8%d1%81%d0%b0-%d0%bf%d0%b8%d1%81%d0%bc%d0%be-%d0%b4%d0%be-%d0%b2%d1%81/ HTTP/1.1" 200 24891 "http://bulpress.top/" "Mozilla/5.0 (compatible; SEOkicks; +https://www.seokicks.de/robot.html)"
65.108.72.207 - - [06/Apr/2026:01:01:02 +0200] "GET /%d0%b5%d1%82%d0%be-%d0%ba%d0%b0%d0%ba-%d0%b2%d0%bb%d0%b0%d0%b4%d0%b8%d0%bc%d0%b8%d1%80-%d0%bf%d1%83%d1%82%d0%b8%d0%bd-%d0%bf%d0%be%d0%b7%d0%b4%d1%80%d0%b0%d0%b2%d0%b8-%d1%80%d1%83%d1%81%d0%bd%d0%b0/ HTTP/1.1" 502 150 "http://bulpress.top/" "Mozilla/5.0 (compatible; SEOkicks; +https://www.seokicks.de/robot.html)"
65.108.72.207 - - [06/Apr/2026:01:01:06 +0200] "GET /%d0%be%d1%82%d1%80%d0%be%d0%b2%d0%bd%d0%b8-%d1%81%d0%b0%d0%bc%d0%be%d0%bb%d0%b5%d1%82%d0%b8-%d0%bf%d1%80%d1%8a%d1%81%d0%ba%d0%b0%d1%82-%d0%b1%d1%8a%d0%bb%d0%b3%d0%b0%d1%80%d0%b8%d1%8f-%d0%b4%d0%b0/ HTTP/1.1" 200 21028 "http://bulpress.top/" "Mozilla/5.0 (compatible; SEOkicks; +https://www.seokicks.de/robot.html)"
65.108.72.207 - - [06/Apr/2026:01:01:08 +0200] "GET /%d1%81%d0%be%d1%86%d0%b8%d0%b0%d0%bb%d0%b8%d1%81%d1%82%d0%b8%d1%87%d0%b5%d1%81%d0%ba%d0%b0-%d0%b1%d1%8a%d0%bb%d0%b3%d0%b0%d1%80%d0%b8%d1%8f-%d0%b8%d0%bc%d0%b0%d1%88%d0%b5-%d1%81%d0%b2%d0%b5%d1%82/ HTTP/1.1" 200 22387 "http://bulpress.top/" "Mozilla/5.0 (compatible; SEOkicks; +https://www.seokicks.de/robot.html)"
65.108.72.207 - - [06/Apr/2026:01:01:11 +0200] "GET /%d0%b1%d1%8a%d0%bb%d0%b3%d0%b0%d1%80%d0%b8%d0%bd%d1%8a%d1%82-%d0%ba%d0%be%d0%b9%d1%82%d0%be-%d0%bf%d1%80%d0%b5%d0%b7-80-%d1%82%d0%b5-%d0%be%d1%82%d0%ba%d1%80%d0%b8-%d0%bb%d0%b5%d0%ba-%d1%81%d1%80/ HTTP/1.1" 200 30467 "http://bulpress.top/" "Mozilla/5.0 (compatible; SEOkicks; +https://www.seokicks.de/robot.html)"
65.108.72.207 - - [06/Apr/2026:01:01:14 +0200] "GET /%d1%82%d0%be%d0%b7%d0%b8-%d0%bc%d1%8a%d0%b6-%d0%b5-%d0%b8%d0%b7%d0%bb%d0%b5%d0%ba%d1%83%d0%b2%d0%b0%d0%bb-5000-%d0%b4%d1%83%d1%88%d0%b8-%d0%be%d1%82-%d1%80%d0%b0%d0%ba/embed/ HTTP/1.1" 200 6954 "http://bulpress.top/%d0%b1%d1%8a%d0%bb%d0%b3%d0%b0%d1%80%d0%b8%d0%bd%d1%8a%d1%82-%d0%ba%d0%be%d0%b9%d1%82%d0%be-%d0%bf%d1%80%d0%b5%d0%b7-80-%d1%82%d0%b5-%d0%be%d1%82%d0%ba%d1%80%d0%b8-%d0%bb%d0%b5%d0%ba-%d1%81%d1%80/" "Mozilla/5.0 (compatible; SEOkicks; +https://www.seokicks.de/robot.html)"
65.108.72.207 - - [06/Apr/2026:01:01:16 +0200] "GET /%d0%bf%d0%be%d0%bc%d0%bd%d0%b8%d0%bc-%d0%b4%d0%b5%d1%84%d0%b8%d1%86%d0%b8%d1%82%d0%b0-%d0%b8-%d0%be%d0%bf%d0%b0%d1%88%d0%ba%d0%b8%d1%82%d0%b5-%d0%bd%d0%be-%d0%b1%d1%8f%d1%85%d0%bc%d0%b5-%d0%b3%d1%80/ HTTP/1.1" 200 21470 "http://bulpress.top/" "Mozilla/5.0 (compatible; SEOkicks; +https://www.seokicks.de/robot.html)"
161.97.137.93 - - [06/Apr/2026:01:01:20 +0200] "POST /wp-cron.php?doing_wp_cron=1775430080.1985690593719482421875 HTTP/1.1" 404 12978 "http://bulpress.top/wp-cron.php?doing_wp_cron=1775430080.1985690593719482421875" "WordPress/4.9.26; http://bulpress.top"
65.108.72.207 - - [06/Apr/2026:01:01:21 +0200] "GET /%d0%b7%d0%b0%d0%ba%d1%80%d0%b8%d0%b2%d0%b0%d1%82-%d0%bb%d0%b8-%d0%bf%d0%be%d1%81%d0%be%d0%bb%d1%81%d1%82%d0%b2%d0%be%d1%82%d0%be-%d0%bd%d0%b8-%d0%b2-%d0%bc%d0%be%d1%81%d0%ba%d0%b2%d0%b0/ HTTP/1.1" 200 20038 "http://bulpress.top/" "Mozilla/5.0 (compatible; SEOkicks; +https://www.seokicks.de/robot.html)"
65.108.72.207 - - [06/Apr/2026:01:01:25 +0200] "GET /%d0%bd%d1%8f%d0%ba%d0%be%d0%b8-%d0%b4%d0%b0%d0%b2%d0%b0%d1%82-%d0%bf%d0%be-%d0%b4%d0%b2%d0%b5-%d0%b7%d0%b0%d0%bf%d0%bb%d0%b0%d1%82%d0%b8-%d0%b7%d0%b0-%d0%b4%d0%b0-%d1%81%d0%b8-%d0%bb%d0%b5%d0%ba/ HTTP/1.1" 200 22550 "http://bulpress.top/" "Mozilla/5.0 (compatible; SEOkicks; +https://www.seokicks.de/robot.html)"
65.108.72.207 - - [06/Apr/2026:01:01:28 +0200] "GET /%d1%82%d0%b2-%d1%80%d1%83%d1%81%d0%b8%d1%8f-1-%d0%bf%d0%be%d0%ba%d0%b0%d0%b7%d0%b0-%d1%81%d0%bf%d0%b8%d1%81%d1%8a%d0%ba-%d1%81-%d0%bd%d0%b5%d0%bf%d1%80%d0%b8%d1%8f%d1%82%d0%b5%d0%bb/ HTTP/1.1" 200 22122 "http://bulpress.top/" "Mozilla/5.0 (compatible; SEOkicks; +https://www.seokicks.de/robot.html)"
65.108.72.207 - - [06/Apr/2026:01:01:31 +0200] "GET /%d0%b1%d1%8a%d0%bb%d0%b3%d0%b0%d1%80%d0%b8-%d1%81%d0%bf%d0%b5%d1%87%d0%b5%d0%bb%d0%b8%d1%85%d0%b0-250-%d0%bc%d0%bb%d0%bd-10-%d0%b3%d0%be%d0%b4%d0%b8%d0%bd%d0%b8/ HTTP/1.1" 200 26532 "http://bulpress.top/" "Mozilla/5.0 (compatible; SEOkicks; +https://www.seokicks.de/robot.html)"
65.108.72.207 - - [06/Apr/2026:01:01:36 +0200] "GET /%d0%be%d1%82-%d0%ba%d1%80%d0%b8%d1%87%d0%b8%d0%bc-%d0%b4%d0%be-%d1%85%d0%b0%d1%80%d0%b2%d0%b0%d1%80%d0%b4-%d0%bc%d0%be%d0%bd%d0%b4-%d0%be%d0%b1%d1%8f%d0%b2%d0%b8-%d1%81%d1%82%d0%b5/ HTTP/1.1" 200 21629 "http://bulpress.top/" "Mozilla/5.0 (compatible; SEOkicks; +https://www.seokicks.de/robot.html)"
65.108.72.207 - - [06/Apr/2026:01:01:39 +0200] "GET /%d0%b7%d0%b0-%d0%bf%d0%be%d1%80%d0%b5%d0%b4%d0%b5%d0%bd-%d0%bf%d1%8a%d1%82-%d0%b1%d1%8a%d0%bb%d0%b3%d0%b0%d1%80%d0%ba%d0%b0-%d0%b5-%d0%bd%d0%b0%d0%b9-%d0%ba%d1%80%d0%b0%d1%81%d0%b8%d0%b2%d0%b0%d1%82/ HTTP/1.1" 200 22746 "http://bulpress.top/" "Mozilla/5.0 (compatible; SEOkicks; +https://www.seokicks.de/robot.html)"
65.108.72.207 - - [06/Apr/2026:01:01:43 +0200] "GET /%d1%82%d0%be%d0%b7%d0%b8-%d0%bc%d1%8a%d0%b6-%d0%b5-%d0%b8%d0%b7%d0%bb%d0%b5%d0%ba%d1%83%d0%b2%d0%b0%d0%bb-5000-%d0%b4%d1%83%d1%88%d0%b8-%d0%be%d1%82-%d1%80%d0%b0%d0%ba/ HTTP/1.1" 200 23991 "http://bulpress.top/" "Mozilla/5.0 (compatible; SEOkicks; +https://www.seokicks.de/robot.html)"
85.208.96.210 - - [06/Apr/2026:01:01:47 +0200] "GET /tag/%D0%BC%D0%B5%D0%B4%D0%B0%D0%BB%D0%B8/ HTTP/1.1" 200 14909 "-" "Mozilla/5.0 (compatible; SemrushBot/7~bl; +http://www.semrush.com/bot.html)"
65.108.72.207 - - [06/Apr/2026:01:01:48 +0200] "GET /%d0%b1%d1%8a%d0%bb%d0%b3%d0%b0%d1%80%d0%ba%d0%b0-%d0%b5-%d0%be%d1%82-%d0%bd%d0%b0%d0%b9-%d1%85%d0%b8%d1%82%d0%be%d0%b2%d0%b8%d1%82%d0%b5-%d0%ba%d0%be%d0%bc%d0%bf%d0%be%d0%b7%d0%b8%d1%82%d0%be%d1%80/ HTTP/1.1" 200 25798 "http://bulpress.top/" "Mozilla/5.0 (compatible; SEOkicks; +https://www.seokicks.de/robot.html)"
65.108.72.207 - - [06/Apr/2026:01:01:54 +0200] "GET /%d1%80%d0%b0%d0%b7%d1%82%d1%8a%d1%80%d1%81%d0%b2%d0%b0%d1%89%d0%b0-%d0%b4%d1%80%d0%b0%d0%bc%d0%b0-%d1%80%d0%b0%d0%b7%d0%ba%d1%8a%d1%81%d0%b2%d0%b0%d1%88%d0%b5-%d0%bc%d0%b5-%d0%bc%d1%8a%d0%ba%d0%b0/ HTTP/1.1" 200 22098 "http://bulpress.top/" "Mozilla/5.0 (compatible; SEOkicks; +https://www.seokicks.de/robot.html)"
65.108.72.207 - - [06/Apr/2026:01:01:56 +0200] "GET /%d0%b4%d0%b0-%d1%81%d0%b5-%d0%b2%d1%8a%d1%80%d0%bd%d0%b5-%d0%bb%d0%b8-%d1%82%d0%be%d0%b4%d0%be%d1%80-%d0%b6%d0%b8%d0%b2%d0%ba%d0%be%d0%b2-%d0%b8-%d1%89%d0%b5-%d1%81%d0%bf%d0%b0%d1%81%d0%b8-%d0%bb/ HTTP/1.1" 200 20726 "http://bulpress.top/" "Mozilla/5.0 (compatible; SEOkicks; +https://www.seokicks.de/robot.html)"
65.108.72.207 - - [06/Apr/2026:01:02:01 +0200] "GET /%d0%b8%d0%b2%d0%b0%d0%bd-%d0%b2%d0%b0%d0%b7%d0%be%d0%b2-%d0%b5%d0%b7%d0%b8%d0%ba-%d1%81%d0%b2%d0%b5%d1%89%d0%b5%d0%bd-%d0%bd%d0%b0-%d0%bc%d0%be%d0%b8%d1%82%d0%b5-%d0%b4%d0%b5%d0%b4%d0%b8-%d1%81/ HTTP/1.1" 200 22001 "http://bulpress.top/" "Mozilla/5.0 (compatible; SEOkicks; +https://www.seokicks.de/robot.html)"
65.108.72.207 - - [06/Apr/2026:01:02:04 +0200] "GET /%d0%ba%d0%b0%d0%ba%d0%b2%d0%be-%d1%82%d1%80%d1%83%d0%b4%d0%be%d0%b2%d0%be-%d0%be%d0%b1%d1%83%d1%87%d0%b5%d0%bd%d0%b8%d0%b5-%d0%b8%d0%bc%d0%b0%d1%88%d0%b5-%d0%b5%d0%b9/ HTTP/1.1" 200 21595 "http://bulpress.top/" "Mozilla/5.0 (compatible; SEOkicks; +https://www.seokicks.de/robot.html)"
65.108.72.207 - - [06/Apr/2026:01:02:07 +0200] "GET /%d0%b3%d1%80%d1%83%d0%b1%d0%b0%d1%82%d0%b0-%d1%80%d0%b5%d1%87-%d1%80%d0%b0%d0%b7%d1%80%d1%83%d1%88%d0%b0%d0%b2%d0%b0-%d1%87%d0%be%d0%b2%d0%b5%d0%ba%d0%b0-%d0%be%d1%82%d0%b2%d1%8a%d1%82%d1%80%d0%b5/ HTTP/1.1" 200 23581 "http://bulpress.top/" "Mozilla/5.0 (compatible; SEOkicks; +https://www.seokicks.de/robot.html)"
65.108.72.207 - - [06/Apr/2026:01:02:09 +0200] "GET /%d0%bf%d0%be-%d0%b5%d0%b4%d0%bd%d0%be-%d0%bc%d0%b0%d0%bb%d0%ba%d0%be-%d1%81%d0%b5%d0%bb%d0%be-%d0%b2%d1%81%d0%b5%d0%ba%d0%b8-%d0%b4%d0%b5%d0%bd-%d0%bd%d0%b0%d0%bf%d1%83%d1%81%d0%ba%d0%b0-%d0%b1%d1%8a/ HTTP/1.1" 200 23156 "http://bulpress.top/" "Mozilla/5.0 (compatible; SEOkicks; +https://www.seokicks.de/robot.html)"
65.108.72.207 - - [06/Apr/2026:01:02:14 +0200] "GET /%d0%ba%d0%b0%d0%ba-%d1%89%d0%b5-%d1%81%d0%b5-%d0%bf%d1%80%d0%be%d0%bc%d0%b5%d0%bd%d0%b8-%d1%81%d0%b2%d0%b5%d1%82%d1%8a%d1%82-%d0%b4%d0%be-2025-%d0%b3%d0%be%d0%b4%d0%b8%d0%bd%d0%b0/ HTTP/1.1" 200 24255 "http://bulpress.top/" "Mozilla/5.0 (compatible; SEOkicks; +https://www.seokicks.de/robot.html)"
65.108.72.207 - - [06/Apr/2026:01:02:16 +0200] "GET /page/2/ HTTP/1.1" 200 16945 "http://bulpress.top/" "Mozilla/5.0 (compatible; SEOkicks; +https://www.seokicks.de/robot.html)"
161.97.137.93 - - [06/Apr/2026:01:02:23 +0200] "POST /wp-cron.php?doing_wp_cron=1775430142.9288549423217773437500 HTTP/1.1" 404 13058 "http://bulpress.top/wp-cron.php?doing_wp_cron=1775430142.9288549423217773437500" "WordPress/4.9.26; http://bulpress.top"
185.191.171.14 - - [06/Apr/2026:01:02:23 +0200] "GET /tag/%D0%B6%D1%83%D1%80%D0%BD%D0%B0%D0%BB%D0%B8%D1%81%D1%82/ HTTP/1.1" 200 15111 "-" "Mozilla/5.0 (compatible; SemrushBot/7~bl; +http://www.semrush.com/bot.html)"
65.108.72.207 - - [06/Apr/2026:01:02:24 +0200] "GET /page/3/ HTTP/1.1" 200 17007 "http://bulpress.top/" "Mozilla/5.0 (compatible; SEOkicks; +https://www.seokicks.de/robot.html)"
65.108.72.207 - - [06/Apr/2026:01:02:34 +0200] "GET /page/104/ HTTP/1.1" 200 15630 "http://bulpress.top/" "Mozilla/5.0 (compatible; SEOkicks; +https://www.seokicks.de/robot.html)"
65.108.72.207 - - [06/Apr/2026:01:02:37 +0200] "GET /%d0%b8%d0%b7%d0%bf%d0%be%d0%b2%d0%b5%d0%b4%d1%82%d0%b0-%d0%bd%d0%b0-%d0%b5%d0%b4%d0%bd%d0%b0-%d0%b1%d1%8a%d0%bb%d0%b3%d0%b0%d1%80%d0%ba%d0%b0-%d0%ba%d0%b0%d0%ba-%d0%be%d1%82-%d0%b7%d0%bb%d0%b0%d1%82/ HTTP/1.1" 200 22295 "http://bulpress.top/" "Mozilla/5.0 (compatible; SEOkicks; +https://www.seokicks.de/robot.html)"
65.108.72.207 - - [06/Apr/2026:01:02:41 +0200] "GET /23-%d0%b2%d0%b5%d0%bb%d0%b8%d0%ba%d0%b8-%d0%be%d1%82%d0%ba%d1%80%d0%b8%d1%82%d0%b8%d1%8f-%d0%bd%d0%b0-%d0%b1%d1%8a%d0%bb%d0%b3%d0%b0%d1%80%d0%b8%d1%82%d0%b5-%d0%ba%d0%be%d0%b8%d1%82%d0%be-%d0%bf/ HTTP/1.1" 200 27732 "http://bulpress.top/" "Mozilla/5.0 (compatible; SEOkicks; +https://www.seokicks.de/robot.html)"
65.108.72.207 - - [06/Apr/2026:01:02:43 +0200] "GET /%d0%ba%d1%80%d0%b5%d0%b4%d0%b8%d1%82-%d0%be%d1%82-232-%d0%bb%d0%b5%d0%b2%d0%b0-%d0%be%d1%81%d1%82%d0%b0%d0%b2%d0%b8-69-%d0%b3%d0%be%d0%b4%d0%b8%d1%88%d0%bd%d0%b0-%d0%b1%d0%b0%d0%b1%d0%b0-%d0%bd%d0%b0/ HTTP/1.1" 200 20952 "http://bulpress.top/" "Mozilla/5.0 (compatible; SEOkicks; +https://www.seokicks.de/robot.html)"
65.108.72.207 - - [06/Apr/2026:01:02:46 +0200] "GET /%d0%b5%d0%ba%d1%81%d0%ba%d0%bb%d1%83%d0%b7%d0%b8%d0%b2%d0%bd%d0%be-%d0%bd%d0%be%d0%b2%d0%b0%d1%82%d0%b0-%d0%bb%d0%b0%d0%b4%d0%b0-%d1%81%d0%ba%d1%80%d0%b8-%d1%82%d0%be%d0%bf%d0%ba/ HTTP/1.1" 200 22501 "http://bulpress.top/" "Mozilla/5.0 (compatible; SEOkicks; +https://www.seokicks.de/robot.html)"
65.108.72.207 - - [06/Apr/2026:01:02:49 +0200] "GET /%d1%82%d0%b8%d0%ba%d0%b2%d0%b8%d1%87%d0%ba%d0%b8%d1%82%d0%b5-%d0%bf%d1%80%d0%b8%d0%b3%d0%be%d1%82%d0%b2%d0%b5%d0%bd%d0%b8-%d1%82%d0%b0%d0%ba%d0%b0-%d0%bd%d0%b0%d0%ba%d0%b0%d1%80%d0%b0%d1%85%d0%b0/ HTTP/1.1" 200 21877 "http://bulpress.top/" "Mozilla/5.0 (compatible; SEOkicks; +https://www.seokicks.de/robot.html)"
65.108.72.207 - - [06/Apr/2026:01:02:53 +0200] "GET /%d0%b2-%d1%86%d0%b0%d1%80%d1%81%d0%ba%d0%b0-%d0%b1%d1%8a%d0%bb%d0%b3%d0%b0%d1%80%d0%b8%d1%8f-%d0%bf%d1%80%d0%b5%d0%b7-1940%d0%b3-%d0%ba%d0%b0%d1%80%d1%82%d0%b8%d0%bd%d0%b0%d1%82%d0%b0-%d0%bd%d0%b0/ HTTP/1.1" 200 20887 "http://bulpress.top/" "Mozilla/5.0 (compatible; SEOkicks; +https://www.seokicks.de/robot.html)"
65.108.72.207 - - [06/Apr/2026:01:02:57 +0200] "GET /%d1%80%d0%b0%d0%b7%d0%bf%d1%80%d0%be%d1%81%d1%82%d1%80%d0%b0%d0%bd%d0%b8-%d0%b4%d0%be-%d1%86%d1%8f%d0%bb%d0%b0-%d0%b1%d1%8a%d0%bb%d0%b3%d0%b0%d1%80%d0%b8%d1%8f-%d0%b4%d1%83%d0%bc%d0%b8%d1%82%d0%b5/ HTTP/1.1" 200 22827 "http://bulpress.top/" "Mozilla/5.0 (compatible; SEOkicks; +https://www.seokicks.de/robot.html)"
65.108.72.207 - - [06/Apr/2026:01:03:00 +0200] "GET /%d0%b1%d0%b0%d0%b1%d0%b0%d1%82%d0%b0-%d0%b8-%d0%b4%d1%8f%d0%b4%d0%be%d1%82%d0%be-%d0%ba%d0%be%d0%b8%d1%82%d0%be-%d1%85%d0%be%d0%b4%d1%8f%d1%82-%d1%85%d0%b2%d0%b0%d0%bd%d0%b0%d1%82%d0%b8-%d0%b7%d0%b0/ HTTP/1.1" 200 22652 "http://bulpress.top/" "Mozilla/5.0 (compatible; SEOkicks; +https://www.seokicks.de/robot.html)"
65.108.72.207 - - [06/Apr/2026:01:03:04 +0200] "GET /%d0%b4%d1%8a%d1%89%d0%b5%d1%80%d1%8f%d1%82%d0%b0-%d0%bd%d0%b0-%d1%80%d0%b0%d0%b4%d0%b5%d0%b2-%d0%bf%d1%80%d0%b5%d0%b4%d0%b8%d0%b7%d0%b2%d0%b8%d0%ba%d0%b0-%d0%b8%d1%81%d1%82%d0%b8%d0%bd%d1%81%d0%ba/ HTTP/1.1" 200 21594 "http://bulpress.top/" "Mozilla/5.0 (compatible; SEOkicks; +https://www.seokicks.de/robot.html)"
65.108.72.207 - - [06/Apr/2026:01:03:06 +0200] "GET /%d0%ba%d1%8a%d0%bc-%d0%b2%d1%81%d0%b8%d1%87%d0%ba%d0%b8-%d0%b5%d0%bc%d0%b8%d0%b3%d1%80%d0%b0%d0%bd%d1%82%d0%b8-%d1%80%d0%b5%d1%88%d0%b8%d0%bb%d0%b8-%d0%b4%d0%b0-%d1%81%d0%b5-%d0%b7%d0%b0%d0%b2%d1%8a/ HTTP/1.1" 200 21326 "http://bulpress.top/" "Mozilla/5.0 (compatible; SEOkicks; +https://www.seokicks.de/robot.html)"
65.108.72.207 - - [06/Apr/2026:01:03:11 +0200] "GET /wp-content/plugins/wordpress-seo/css/main-sitemap.xsl HTTP/1.1" 200 1403 "http://bulpress.top/sitemap_index.xml" "Mozilla/5.0 (compatible; SEOkicks; +https://www.seokicks.de/robot.html)"
65.108.72.207 - - [06/Apr/2026:01:03:16 +0200] "GET /post-sitemap1.xml HTTP/1.1" 200 143828 "http://bulpress.top/sitemap_index.xml" "Mozilla/5.0 (compatible; SEOkicks; +https://www.seokicks.de/robot.html)"
