15.181.97.144 - - [05/Apr/2026:15:08:52 +0200] "GET /wp-content/themes/travelscape/json.php HTTP/1.1" 404 12896 "-" "-"
15.181.97.144 - - [05/Apr/2026:15:08:53 +0200] "GET /wp-content/plugins/contact-form-7/includes/js/jquery-ui/themes/smoothness/admin.php HTTP/1.1" 404 12854 "-" "-"
15.181.97.144 - - [05/Apr/2026:15:08:54 +0200] "GET /wp-admin/admin.php HTTP/1.1" 302 0 "-" "-"
15.181.97.144 - - [05/Apr/2026:15:08:54 +0200] "GET /wp-login.php?redirect_to=http%3A%2F%2Fbulpress.top%2Fwp-admin%2Fadmin.php&reauth=1 HTTP/1.1" 200 4427 "-" "-"
15.181.97.144 - - [05/Apr/2026:15:08:55 +0200] "GET /wp-content/plugins/fix/up.php HTTP/1.1" 404 12864 "-" "-"
15.181.97.144 - - [05/Apr/2026:15:08:56 +0200] "GET /.well-known/ans.php HTTP/1.1" 404 12853 "-" "-"
15.181.97.144 - - [05/Apr/2026:15:08:57 +0200] "GET /index/function.php HTTP/1.1" 404 12978 "-" "-"
15.181.97.144 - - [05/Apr/2026:15:08:58 +0200] "GET /.well-known/lo.php HTTP/1.1" 404 12891 "-" "-"
15.181.97.144 - - [05/Apr/2026:15:08:59 +0200] "GET /wp-includes/block-supports/abe.php HTTP/1.1" 404 12915 "-" "-"
15.181.97.144 - - [05/Apr/2026:15:08:59 +0200] "GET /wp-content/plugins/wp-mail-smtp/src/content.php HTTP/1.1" 404 12886 "-" "-"
15.181.97.144 - - [05/Apr/2026:15:09:00 +0200] "GET /wp-site-analytics.php HTTP/1.1" 404 12979 "-" "-"
15.181.97.144 - - [05/Apr/2026:15:09:01 +0200] "GET /wp-content/languages/plugins/admin.php HTTP/1.1" 404 12939 "-" "-"
15.181.97.144 - - [05/Apr/2026:15:09:02 +0200] "GET /wp-includes/js/tinymce/plugins/fullscreen/about.php HTTP/1.1" 502 150 "-" "-"
15.181.97.144 - - [05/Apr/2026:15:09:02 +0200] "GET /.well-known/admin.php HTTP/1.1" 502 150 "-" "-"
15.181.97.144 - - [05/Apr/2026:15:09:03 +0200] "GET /.well-known/pki-validation/admin.php HTTP/1.1" 404 47 "-" "-"
15.181.97.144 - - [05/Apr/2026:15:09:04 +0200] "GET /upload/uday.php HTTP/1.1" 404 12950 "-" "-"
15.181.97.144 - - [05/Apr/2026:15:09:05 +0200] "GET /wp-includes/assets/wp-trackback.php HTTP/1.1" 404 12934 "-" "-"
15.181.97.144 - - [05/Apr/2026:15:09:05 +0200] "GET /wp-includes/js/470594182XmX.php HTTP/1.1" 404 12946 "-" "-"
15.181.97.144 - - [05/Apr/2026:15:09:06 +0200] "GET /images/resumes/by.php HTTP/1.1" 404 12884 "-" "-"
15.181.97.144 - - [05/Apr/2026:15:09:07 +0200] "GET /wp-admin/plugin.php HTTP/1.1" 404 12882 "-" "-"
15.181.97.144 - - [05/Apr/2026:15:09:07 +0200] "GET /.well-known/pki-validation/worksec.php HTTP/1.1" 404 47 "-" "-"
15.181.97.144 - - [05/Apr/2026:15:09:08 +0200] "GET /wp-includes/random_compat/bala.php HTTP/1.1" 404 12842 "-" "-"
15.181.97.144 - - [05/Apr/2026:15:09:09 +0200] "GET /upload/2021_02_08/config.inc.php HTTP/1.1" 404 12856 "-" "-"
15.181.97.144 - - [05/Apr/2026:15:09:10 +0200] "GET /wp-includes/css/dist/editor/radio.php HTTP/1.1" 404 12939 "-" "-"
15.181.97.144 - - [05/Apr/2026:15:09:11 +0200] "GET /wp-includes/Requests/Transport/post.Php HTTP/1.1" 404 12880 "-" "-"
15.181.97.144 - - [05/Apr/2026:15:09:12 +0200] "GET /wp-includes/Requests/Auth/images.php HTTP/1.1" 404 12900 "-" "-"
15.181.97.144 - - [05/Apr/2026:15:09:12 +0200] "GET /wp-includes/Text/about.php HTTP/1.1" 404 12932 "-" "-"
15.181.97.144 - - [05/Apr/2026:15:09:13 +0200] "GET /shell20211028.php HTTP/1.1" 404 12938 "-" "-"
15.181.97.144 - - [05/Apr/2026:15:09:14 +0200] "GET /wp-includes/wp-class.php HTTP/1.1" 404 12854 "-" "-"
15.181.97.144 - - [05/Apr/2026:15:09:15 +0200] "GET /wp-content/shell20211028.php HTTP/1.1" 404 12885 "-" "-"
15.181.97.144 - - [05/Apr/2026:15:09:16 +0200] "GET /wp-includes/ID3/about.php HTTP/1.1" 404 12856 "-" "-"
15.181.97.144 - - [05/Apr/2026:15:09:16 +0200] "GET /wp-2019.php HTTP/1.1" 404 12850 "-" "-"
8.228.88.249 - - [05/Apr/2026:15:09:23 +0200] "GET /category/%d0%98%d1%81%d1%82%d0%be%d1%80%d0%b8%d0%b8/feed/ HTTP/1.1" 200 53803 "-" "Mozilla/5.0 (Windows NT 6.3; WOW64; rv:33.0) Gecko/20100101 Firefox/33.0"
17.246.19.245 - - [05/Apr/2026:15:10:12 +0200] "GET /tag/%D1%84%D0%B0%D0%BB%D1%88%D0%B8%D0%B2%D0%B8-%D1%83%D0%B5%D0%B1-%D0%BD%D0%BE%D0%B2%D0%B8%D0%BD%D0%B8/page/6/ HTTP/1.1" 200 21279 "-" "Mozilla/5.0 (Macintosh; Intel Mac OS X 10_15_7) AppleWebKit/605.1.15 (KHTML, like Gecko) Version/17.4 Safari/605.1.15 (Applebot/0.1; +http://www.apple.com/go/applebot)"
8.228.88.249 - - [05/Apr/2026:15:10:42 +0200] "GET /news/feed/ HTTP/1.1" 200 514 "-" "Mozilla/5.0 (Windows NT 6.3; WOW64; rv:33.0) Gecko/20100101 Firefox/33.0"
66.249.74.165 - - [05/Apr/2026:15:11:43 +0200] "GET /wp-content/uploads/2019/11/saada.jpg HTTP/1.1" 200 168150 "-" "Googlebot-Image/1.0"
43.153.12.58 - - [05/Apr/2026:15:12:04 +0200] "GET / HTTP/1.1" 200 28825 "-" "Mozilla/5.0 (iPhone; CPU iPhone OS 13_2_3 like Mac OS X) AppleWebKit/605.1.15 (KHTML, like Gecko) Version/13.0.3 Mobile/15E148 Safari/604.1"
161.97.137.93 - - [05/Apr/2026:15:12:17 +0200] "POST /wp-cron.php?doing_wp_cron=1775394736.8258869647979736328125 HTTP/1.1" 499 0 "http://bulpress.top/wp-cron.php?doing_wp_cron=1775394736.8258869647979736328125" "WordPress/4.9.26; http://bulpress.top"
85.208.96.203 - - [05/Apr/2026:15:12:18 +0200] "GET /tag/%D0%B7%D0%B0-%D0%B6%D0%B8%D0%B2%D0%BE%D1%82%D0%B0-%D0%BF%D1%80%D0%B5%D0%B7-%D1%81%D0%BE%D1%86%D0%B8%D0%B0%D0%BB%D0%B8%D0%B7%D0%BC%D0%B0-%D0%B2-%D0%BD%D1%80%D0%B1/ HTTP/1.1" 200 23972 "-" "Mozilla/5.0 (compatible; SemrushBot/7~bl; +http://www.semrush.com/bot.html)"
8.228.88.249 - - [05/Apr/2026:15:12:38 +0200] "GET /category/%d0%a1%d0%b2%d1%8f%d1%82/feed/ HTTP/1.1" 200 53868 "-" "Mozilla/5.0 (Windows NT 6.3; WOW64; rv:33.0) Gecko/20100101 Firefox/33.0"
157.245.95.6 - - [05/Apr/2026:15:12:52 +0200] "GET /wp-content/uploads/2019/06/640_317517.jpeg%20400w,%20http://bulpress.top/wp-content/uploads/2019/06/640_317517-300x194.jpeg%20300w HTTP/1.1" 301 0 "http://bulpress.top/" "Mozilla/5.0 (Windows NT 10.0; Win64; x64) AppleWebKit/537.36 (KHTML, like Gecko) Chrome/117.0.0.0 Safari/537.36"
157.245.95.6 - - [05/Apr/2026:15:12:53 +0200] "GET /wp-content/uploads/2019/06/640_317517.jpeg%20400w,%20http:/bulpress.top/wp-content/uploads/2019/06/640_317517-300x194.jpeg%20300w HTTP/1.1" 404 12857 "http://bulpress.top/" "Mozilla/5.0 (Windows NT 10.0; Win64; x64) AppleWebKit/537.36 (KHTML, like Gecko) Chrome/117.0.0.0 Safari/537.36"
85.208.96.204 - - [05/Apr/2026:15:12:54 +0200] "GET /%D0%B8%D1%81%D0%BA%D0%B0%D0%BC-%D1%82%D0%BE%D0%B7%D0%B8-%D1%84%D0%B8%D0%BB%D0%BC-%D0%B4%D0%B0-%D1%81%D0%B5-%D0%B3%D0%BB%D0%B5%D0%B4%D0%B0-%D0%B8-%D0%B8%D0%B7%D1%83%D1%87%D0%B0%D0%B2%D0%B0-%D0%B2/ HTTP/1.1" 200 22079 "-" "Mozilla/5.0 (compatible; SemrushBot/7~bl; +http://www.semrush.com/bot.html)"
66.249.74.165 - - [05/Apr/2026:15:14:37 +0200] "GET /wp-content/uploads/2019/05/baba2.jpg HTTP/1.1" 200 53373 "-" "Googlebot-Image/1.0"
161.97.137.93 - - [05/Apr/2026:15:15:45 +0200] "POST /wp-cron.php?doing_wp_cron=1775394944.5958769321441650390625 HTTP/1.1" 404 12858 "http://bulpress.top/wp-cron.php?doing_wp_cron=1775394944.5958769321441650390625" "WordPress/4.9.26; http://bulpress.top"
216.244.66.232 - - [05/Apr/2026:15:15:45 +0200] "GET /robots.txt HTTP/1.1" 200 80 "-" "Mozilla/5.0 (compatible; DotBot/1.2; +https://opensiteexplorer.org/dotbot; help@moz.com)"
84.54.120.69 - - [05/Apr/2026:15:15:58 +0200] "GET /%D0%B1%D1%8A%D0%BB%D0%B3%D0%B0%D1%80%D0%B8%D1%82%D0%B5-%D0%BA%D0%B0%D1%80%D0%B0%D1%82-%D0%BD%D0%B0%D0%B9-%D1%81%D1%82%D0%B0%D1%80%D0%B8%D1%82%D0%B5-%D0%BA%D0%BE%D0%BB%D0%B8/ HTTP/1.1" 200 21989 "-" "Mozilla/5.0 (Macintosh; Intel Mac OS X 10_14_6) AppleWebKit/537.36 (KHTML, like Gecko) Chrome/89.0.4389.90 Safari/537.36"
66.249.74.166 - - [05/Apr/2026:15:16:05 +0200] "GET /wp-content/uploads/2020/11/ff.jpg HTTP/1.1" 200 53749 "-" "Googlebot-Image/1.0"
8.228.88.249 - - [05/Apr/2026:15:16:36 +0200] "GET /category/%d0%91%d1%8a%d0%bb%d0%b3%d0%b0%d1%80%d0%b8%d1%8f/feed/ HTTP/1.1" 200 55198 "-" "Mozilla/5.0 (Windows NT 6.3; WOW64; rv:33.0) Gecko/20100101 Firefox/33.0"
8.228.88.249 - - [05/Apr/2026:15:16:52 +0200] "GET /feed/ HTTP/1.1" 200 49033 "-" "Mozilla/5.0 (Windows NT 6.3; WOW64; rv:33.0) Gecko/20100101 Firefox/33.0"
161.97.137.93 - - [05/Apr/2026:15:17:01 +0200] "POST /wp-cron.php?doing_wp_cron=1775395020.5024049282073974609375 HTTP/1.1" 404 12859 "http://bulpress.top/wp-cron.php?doing_wp_cron=1775395020.5024049282073974609375" "WordPress/4.9.26; http://bulpress.top"
85.208.96.212 - - [05/Apr/2026:15:17:01 +0200] "GET /category/%D0%A1%D0%B2%D1%8F%D1%82/page/4/ HTTP/1.1" 502 150 "-" "Mozilla/5.0 (compatible; SemrushBot/7~bl; +http://www.semrush.com/bot.html)"
161.97.137.93 - - [05/Apr/2026:15:18:29 +0200] "POST /wp-cron.php?doing_wp_cron=1775395108.6077950000762939453125 HTTP/1.1" 404 12856 "http://bulpress.top/wp-cron.php?doing_wp_cron=1775395108.6077950000762939453125" "WordPress/4.9.26; http://bulpress.top"
113.169.57.253 - - [05/Apr/2026:15:18:29 +0200] "GET /%D0%B4%D1%8A%D1%89%D0%B5%D1%80%D1%8F%D1%82%D0%B0-%D0%BD%D0%B0-%D1%80%D0%B0%D0%B4%D0%B5%D0%B2-%D0%BF%D1%80%D0%B5%D0%B4%D0%B8%D0%B7%D0%B2%D0%B8%D0%BA%D0%B0-%D0%B8%D1%81%D1%82%D0%B8%D0%BD%D1%81%D0%BA/ HTTP/1.1" 200 21707 "-" "Mozilla/5.0 (Windows NT 6.1; Win64; x64) AppleWebKit/537.36 (KHTML, like Gecko) Chrome/84.0.4147.105 Safari/537.36"
66.249.74.164 - - [05/Apr/2026:15:19:00 +0200] "GET /wp-content/uploads/2018/02/greyana-rakia2-1024x679.jpg HTTP/1.1" 200 74116 "-" "Googlebot-Image/1.0"
199.7.140.207 - - [05/Apr/2026:15:20:19 +0200] "GET /wp-content/uploads/2018/01/655-402-bylgariia-1965-356x220.jpg HTTP/1.1" 200 23391 "-" "Mozilla/5.0 (X11; Linux x86_64) AppleWebKit/537.36 (KHTML, like Gecko) Chrome/124.0.0.0 Safari/537.36"
161.97.137.93 - - [05/Apr/2026:15:20:22 +0200] "POST /wp-cron.php?doing_wp_cron=1775395221.3876399993896484375000 HTTP/1.1" 404 12844 "http://bulpress.top/wp-cron.php?doing_wp_cron=1775395221.3876399993896484375000" "WordPress/4.9.26; http://bulpress.top"
198.199.73.32 - - [05/Apr/2026:15:20:22 +0200] "GET /%d0%bd%d0%b0%d0%b9-%d0%b3%d0%be%d0%bb%d1%8f%d0%bc%d0%b0%d1%82%d0%b0-%d1%82%d0%b0%d0%b9%d0%bd%d0%b0-%d0%bd%d0%b0-%d0%b1%d1%8a%d0%bb%d0%b3%d0%b0%d1%80%d0%b8%d1%8f/17943434 HTTP/1.1" 301 0 "http://bulpress.top/" "Mozilla/5.0 (Windows NT 10.0; Win64; x64) AppleWebKit/537.36 (KHTML, like Gecko) Chrome/117.0.0.0 Safari/537.36"
198.199.73.32 - - [05/Apr/2026:15:20:23 +0200] "GET /%d0%bd%d0%b0%d0%b9-%d0%b3%d0%be%d0%bb%d1%8f%d0%bc%d0%b0%d1%82%d0%b0-%d1%82%d0%b0%d0%b9%d0%bd%d0%b0-%d0%bd%d0%b0-%d0%b1%d1%8a%d0%bb%d0%b3%d0%b0%d1%80%d0%b8%d1%8f/17943434/ HTTP/1.1" 200 21416 "http://bulpress.top/" "Mozilla/5.0 (Windows NT 10.0; Win64; x64) AppleWebKit/537.36 (KHTML, like Gecko) Chrome/117.0.0.0 Safari/537.36"
66.249.74.164 - - [05/Apr/2026:15:20:33 +0200] "GET /wp-content/uploads/2019/05/sa.jpg HTTP/1.1" 200 105710 "-" "Googlebot-Image/1.0"
176.28.155.167 - - [05/Apr/2026:15:20:58 +0200] "GET /%D0%B5%D0%B2%D1%80%D0%BE%D0%BF%D0%B0-%D0%BD%D0%B0-%D1%82%D1%80%D0%B8-%D1%81%D0%BA%D0%BE%D1%80%D0%BE%D1%81%D1%82%D0%B8-%D1%81-%D0%B1%D0%BE%D1%80%D0%B8%D1%81-%D0%B0%D0%BD%D0%B7%D0%BE%D0%B2/ HTTP/1.1" 200 22403 "-" "Mozilla/5.0 (Macintosh; Intel Mac OS X 10_10_5) AppleWebKit/537.36 (KHTML, like Gecko) Chrome/87.0.4280.88 Safari/537.36"
161.97.137.93 - - [05/Apr/2026:15:22:28 +0200] "POST /wp-cron.php?doing_wp_cron=1775395347.4723498821258544921875 HTTP/1.1" 404 12857 "http://bulpress.top/wp-cron.php?doing_wp_cron=1775395347.4723498821258544921875" "WordPress/4.9.26; http://bulpress.top"
74.248.146.253 - - [05/Apr/2026:15:22:28 +0200] "GET /wp-content/plugins/hellopress/wp_filemanager.php HTTP/1.1" 404 12847 "-" "-"
74.248.146.253 - - [05/Apr/2026:15:22:29 +0200] "GET /prosell2.php HTTP/1.1" 404 12931 "-" "-"
74.248.146.253 - - [05/Apr/2026:15:22:29 +0200] "GET /zt2.php HTTP/1.1" 404 12938 "-" "-"
66.249.74.166 - - [05/Apr/2026:15:23:22 +0200] "GET /wp-content/uploads/2019/06/danoo-100x70.jpg HTTP/1.1" 200 4000 "-" "Googlebot-Image/1.0"
66.249.74.164 - - [05/Apr/2026:15:24:49 +0200] "GET /wp-content/uploads/2019/07/btrt-100x70.jpg HTTP/1.1" 200 2182 "-" "Googlebot-Image/1.0"
2a03:2880:70ff:41:: - - [05/Apr/2026:15:25:29 +0200] "GET /wp-content/uploads/2017/08/acca1c9e-04d7-40c9-8ad8-1cc301950c8d.jpg HTTP/1.1" 200 81823 "-" "facebookexternalhit/1.1 (+http://www.facebook.com/externalhit_uatext.php)"
161.97.137.93 - - [05/Apr/2026:15:26:04 +0200] "POST /wp-cron.php?doing_wp_cron=1775395564.1475410461425781250000 HTTP/1.1" 404 12899 "http://bulpress.top/wp-cron.php?doing_wp_cron=1775395564.1475410461425781250000" "WordPress/4.9.26; http://bulpress.top"
85.208.96.199 - - [05/Apr/2026:15:26:05 +0200] "GET /tag/%D0%B2%D0%B5%D1%87%D0%B5-347-%D0%B4%D0%BD%D0%B8-%D1%8F%D0%BC-%D0%BF%D0%BE-%D0%B5%D0%B4%D0%BD%D0%B0-%D0%BB%D1%8A%D0%B6%D0%B8%D1%87%D0%BA%D0%B0-%D0%BA%D1%83%D1%80%D0%BA%D1%83%D0%BC%D0%B0-%D0%BD%D0%B0/ HTTP/1.1" 200 14964 "-" "Mozilla/5.0 (compatible; SemrushBot/7~bl; +http://www.semrush.com/bot.html)"
66.249.74.166 - - [05/Apr/2026:15:26:17 +0200] "GET /wp-content/uploads/2018/05/Levski-portret-4.jpg HTTP/1.1" 200 82184 "-" "Googlebot-Image/1.0"
52.3.30.234 - - [05/Apr/2026:15:26:28 +0200] "GET /category/%D0%91%D1%8A%D0%BB%D0%B3%D0%B0%D1%80%D0%B8%D1%8F/page/18/?filter_by=featured HTTP/1.1" 200 22556 "-" "Mozilla/5.0 AppleWebKit/537.36 (KHTML, like Gecko; compatible; Amzn-SearchBot/0.1) Chrome/119.0.6045.214 Safari/537.36"
98.91.81.246 - - [05/Apr/2026:15:26:38 +0200] "GET /category/%D0%91%D1%8A%D0%BB%D0%B3%D0%B0%D1%80%D0%B8%D1%8F/page/18/ HTTP/1.1" 200 22527 "-" "Mozilla/5.0 AppleWebKit/537.36 (KHTML, like Gecko; compatible; Amzn-SearchBot/0.1) Chrome/119.0.6045.214 Safari/537.36"
66.249.74.164 - - [05/Apr/2026:15:27:44 +0200] "GET /wp-content/uploads/2017/12/brane_qgodi-100x70.jpg HTTP/1.1" 200 3551 "-" "Googlebot-Image/1.0"
161.97.137.93 - - [05/Apr/2026:15:30:11 +0200] "POST /wp-cron.php?doing_wp_cron=1775395811.0519719123840332031250 HTTP/1.1" 404 12855 "http://bulpress.top/wp-cron.php?doing_wp_cron=1775395811.0519719123840332031250" "WordPress/4.9.26; http://bulpress.top"
85.208.96.195 - - [05/Apr/2026:15:30:12 +0200] "GET /tag/%D0%B1%D1%8A%D0%BB%D0%B3%D0%B0%D1%80%D1%81%D0%BA%D0%B8%D1%8F%D1%82/ HTTP/1.1" 200 15254 "-" "Mozilla/5.0 (compatible; SemrushBot/7~bl; +http://www.semrush.com/bot.html)"
185.191.171.3 - - [05/Apr/2026:15:30:51 +0200] "GET /tag/covid/ HTTP/1.1" 200 14942 "-" "Mozilla/5.0 (compatible; SemrushBot/7~bl; +http://www.semrush.com/bot.html)"
8.228.88.249 - - [05/Apr/2026:15:31:15 +0200] "GET /category/%d0%a1%d0%b2%d1%8f%d1%82/feed/ HTTP/1.1" 200 53868 "-" "Mozilla/5.0 (Windows NT 6.3; WOW64; rv:33.0) Gecko/20100101 Firefox/33.0"
161.97.137.93 - - [05/Apr/2026:15:31:49 +0200] "POST /wp-cron.php?doing_wp_cron=1775395908.3948841094970703125000 HTTP/1.1" 404 12892 "http://bulpress.top/wp-cron.php?doing_wp_cron=1775395908.3948841094970703125000" "WordPress/4.9.26; http://bulpress.top"
216.244.66.232 - - [05/Apr/2026:15:31:49 +0200] "GET /%D0%B2%D1%81%D0%B5-%D0%BF%D0%BE%D0%B2%D0%B5%D1%87%D0%B5-%D0%B1%D1%8A%D0%BB%D0%B3%D0%B0%D1%80%D0%B8-%D1%83%D1%81%D0%BF%D1%8F%D0%B2%D0%B0%D1%82-%D0%B2-%D1%87%D1%83%D0%B6%D0%B1%D0%B8%D0%BD%D0%B0/ HTTP/1.1" 200 22262 "-" "Mozilla/5.0 (compatible; DotBot/1.2; +https://opensiteexplorer.org/dotbot; help@moz.com)"
8.228.88.249 - - [05/Apr/2026:15:33:14 +0200] "GET /category/%d0%91%d1%8a%d0%bb%d0%b3%d0%b0%d1%80%d0%b8%d1%8f/feed/ HTTP/1.1" 200 55198 "-" "Mozilla/5.0 (Windows NT 6.3; WOW64; rv:33.0) Gecko/20100101 Firefox/33.0"
66.249.74.164 - - [05/Apr/2026:15:33:33 +0200] "GET /wp-content/uploads/2019/03/guncheva.jpg HTTP/1.1" 200 26000 "-" "Googlebot-Image/1.0"
66.249.74.165 - - [05/Apr/2026:15:35:01 +0200] "GET /wp-content/uploads/2017/12/1499758480-627c5dff2466c90fe98b10056ef35f23-696x477.jpg HTTP/1.1" 200 35674 "-" "Googlebot-Image/1.0"
85.208.96.211 - - [05/Apr/2026:15:35:14 +0200] "GET /tag/novinite-dnes-i-utre/page/27/ HTTP/1.1" 200 21129 "-" "Mozilla/5.0 (compatible; SemrushBot/7~bl; +http://www.semrush.com/bot.html)"
161.97.137.93 - - [05/Apr/2026:15:36:30 +0200] "POST /wp-cron.php?doing_wp_cron=1775396190.0715539455413818359375 HTTP/1.1" 404 12860 "http://bulpress.top/wp-cron.php?doing_wp_cron=1775396190.0715539455413818359375" "WordPress/4.9.26; http://bulpress.top"
66.249.74.164 - - [05/Apr/2026:15:36:31 +0200] "GET /%D0%B8%D1%81%D1%82%D0%BE%D1%80%D0%B8%D1%8F-%D0%BD%D0%B0-%D0%BF%D1%8A%D1%80%D0%B2%D0%B0%D1%82%D0%B0-%D0%B1%D1%8A%D0%BB%D0%B3%D0%B0%D1%80%D1%81%D0%BA%D0%B0-%D0%BF%D0%BE%D0%B4%D0%B7%D0%B5%D0%BC%D0%BD/false HTTP/1.1" 404 12902 "-" "Googlebot-Image/1.0"
176.56.39.105 - - [05/Apr/2026:15:37:24 +0200] "GET /wp-login.php HTTP/1.1" 200 1632 "-" "Mozilla/5.0"
176.56.39.105 - - [05/Apr/2026:15:37:25 +0200] "GET /?author=1 HTTP/1.1" 301 0 "-" "Mozilla/5.0"
176.56.39.105 - - [05/Apr/2026:15:37:26 +0200] "GET /?author=2 HTTP/1.1" 404 12858 "-" "Mozilla/5.0"
2a03:2880:32ff:71:: - - [05/Apr/2026:15:38:27 +0200] "GET /wp-content/uploads/2020/02/52a16e2fa2492.jpg HTTP/1.1" 200 136457 "-" "facebookexternalhit/1.1 (+http://www.facebook.com/externalhit_uatext.php)"
66.249.74.166 - - [05/Apr/2026:15:39:29 +0200] "GET /wp-content/uploads/2020/01/putin-za-narod-bogat-100x70.jpg HTTP/1.1" 200 2377 "-" "Googlebot-Image/1.0"
66.249.74.165 - - [05/Apr/2026:15:42:18 +0200] "GET /wp-content/uploads/2019/07/NAMA_Linear_B_tablet_of_Pylos-768x342-639x381.jpg HTTP/1.1" 200 63711 "-" "Googlebot-Image/1.0"
66.249.74.166 - - [05/Apr/2026:15:43:45 +0200] "GET /wp-content/uploads/2017/10/London2-696x346.jpg HTTP/1.1" 200 58896 "-" "Googlebot-Image/1.0"
161.97.137.93 - - [05/Apr/2026:15:44:06 +0200] "POST /wp-cron.php?doing_wp_cron=1775396645.3503870964050292968750 HTTP/1.1" 404 12844 "http://bulpress.top/wp-cron.php?doing_wp_cron=1775396645.3503870964050292968750" "WordPress/4.9.26; http://bulpress.top"
216.73.216.37 - - [05/Apr/2026:15:44:06 +0200] "GET /robots.txt HTTP/1.1" 200 80 "-" "Mozilla/5.0 AppleWebKit/537.36 (KHTML, like Gecko; compatible; Claude-SearchBot/1.0; +searchbot@anthropic.com)"
161.97.137.93 - - [05/Apr/2026:15:45:13 +0200] "POST /wp-cron.php?doing_wp_cron=1775396713.0175158977508544921875 HTTP/1.1" 404 12858 "http://bulpress.top/wp-cron.php?doing_wp_cron=1775396713.0175158977508544921875" "WordPress/4.9.26; http://bulpress.top"
66.249.74.164 - - [05/Apr/2026:15:45:14 +0200] "GET /%D0%BA%D0%B8%D1%82%D0%B5%D0%BD-%D1%81%D0%B5%D0%BB%D0%B8%D1%89%D0%B5%D1%82%D0%BE-%D1%81-%D0%BC%D0%BD%D0%BE%D0%B3%D0%BE-%D0%B4%D1%80%D0%B5%D0%B2%D0%BD%D0%B0-%D0%B8%D1%81%D1%82%D0%BE%D1%80%D0%B8%D1%8F/false HTTP/1.1" 404 12857 "-" "Googlebot-Image/1.0"
85.208.96.211 - - [05/Apr/2026:15:46:08 +0200] "GET /robots.txt HTTP/1.1" 200 80 "-" "Mozilla/5.0 (compatible; SemrushBot/7~bl; +http://www.semrush.com/bot.html)"
185.191.171.10 - - [05/Apr/2026:15:46:09 +0200] "GET /tag/%D0%BB%D0%B0%D1%83%D1%80%D0%B0-%D1%82%D1%80%D0%B0%D0%B0%D1%82%D1%81/ HTTP/1.1" 200 16168 "-" "Mozilla/5.0 (compatible; SemrushBot/7~bl; +http://www.semrush.com/bot.html)"
66.249.74.164 - - [05/Apr/2026:15:48:09 +0200] "GET /wp-content/uploads/2020/02/4.jpg HTTP/1.1" 200 90077 "-" "Googlebot-Image/1.0"
66.249.74.165 - - [05/Apr/2026:15:51:03 +0200] "GET /wp-content/uploads/2019/02/agushevo.jpg HTTP/1.1" 200 112863 "-" "Googlebot-Image/1.0"
66.249.74.166 - - [05/Apr/2026:15:52:30 +0200] "GET /wp-content/uploads/2017/10/618x346.jpg HTTP/1.1" 200 122757 "-" "Googlebot-Image/1.0"
161.97.137.93 - - [05/Apr/2026:15:52:36 +0200] "POST /wp-cron.php?doing_wp_cron=1775397156.1346170902252197265625 HTTP/1.1" 404 12947 "http://bulpress.top/wp-cron.php?doing_wp_cron=1775397156.1346170902252197265625" "WordPress/4.9.26; http://bulpress.top"
85.208.96.194 - - [05/Apr/2026:15:52:37 +0200] "GET /tag/%D0%BF%D0%BE%D0%BB%D0%B7%D0%B0%D1%82%D0%B0/ HTTP/1.1" 200 14851 "-" "Mozilla/5.0 (compatible; SemrushBot/7~bl; +http://www.semrush.com/bot.html)"
212.164.27.31 - - [05/Apr/2026:15:53:03 +0200] "GET /?C=D%3BO%3DA HTTP/1.1" 502 552 "-" "Mozilla/5.0 (Windows NT 10.0; Win64; x64) AppleWebKit/537.36 (KHTML, like Gecko) Chrome/103.0.0.0 Safari/537.36"
2a03:2880:32ff:6:: - - [05/Apr/2026:15:53:27 +0200] "GET /%D0%B8%D0%BA%D0%BE%D0%BD%D0%BE%D0%BC%D0%B8%D1%87%D0%B5%D1%81%D0%BA%D0%BE%D1%82%D0%BE-%D1%87%D1%83%D0%B4%D0%BE-%D0%B2-%D0%BD%D1%80%D0%B1-%D0%BE%D1%82-44-%D0%B3-%D0%B4%D0%BE-89-%D0%B3-%D0%B2-%D1%86/ HTTP/1.1" 200 33558 "-" "facebookexternalhit/1.1 (+http://www.facebook.com/externalhit_uatext.php)"
185.191.171.1 - - [05/Apr/2026:15:53:31 +0200] "GET /tag/%D0%BE%D1%82%D0%BE%D0%BF%D0%BB%D1%8F%D0%B2%D0%B0%D0%BC%D0%B5-%D0%B4%D0%BE%D0%BC%D0%BE%D0%B2%D0%B5%D1%82%D0%B5/ HTTP/1.1" 200 14909 "-" "Mozilla/5.0 (compatible; SemrushBot/7~bl; +http://www.semrush.com/bot.html)"
161.97.137.93 - - [05/Apr/2026:15:53:40 +0200] "POST /wp-cron.php?doing_wp_cron=1775397219.6584711074829101562500 HTTP/1.1" 404 12947 "http://bulpress.top/wp-cron.php?doing_wp_cron=1775397219.6584711074829101562500" "WordPress/4.9.26; http://bulpress.top"
185.191.171.10 - - [05/Apr/2026:15:53:40 +0200] "GET /tag/%D0%BF%D1%80%D0%BE%D1%84-%D0%BC%D0%BB%D0%B0%D0%B4%D0%B5%D0%BD%D0%BE%D0%B2/ HTTP/1.1" 200 15028 "-" "Mozilla/5.0 (compatible; SemrushBot/7~bl; +http://www.semrush.com/bot.html)"
8.228.88.249 - - [05/Apr/2026:15:53:41 +0200] "GET /news/feed/ HTTP/1.1" 200 514 "-" "Mozilla/5.0 (Windows NT 6.3; WOW64; rv:33.0) Gecko/20100101 Firefox/33.0"
66.249.74.165 - - [05/Apr/2026:15:53:57 +0200] "GET /wp-content/uploads/2017/10/2-696x465.jpg HTTP/1.1" 200 83212 "-" "Googlebot-Image/1.0"
161.97.137.93 - - [05/Apr/2026:15:55:05 +0200] "POST /wp-cron.php?doing_wp_cron=1775397305.1292400360107421875000 HTTP/1.1" 404 12860 "http://bulpress.top/wp-cron.php?doing_wp_cron=1775397305.1292400360107421875000" "WordPress/4.9.26; http://bulpress.top"
14.236.3.3 - - [05/Apr/2026:15:55:06 +0200] "GET /?C=D%3BO%3DA HTTP/1.1" 200 28635 "-" "Mozilla/5.0 (Windows NT 10.0; Win64; x64) AppleWebKit/537.36 (KHTML, like Gecko) Chrome/125.0.0.0 Safari/537.36"
161.97.137.93 - - [05/Apr/2026:15:56:43 +0200] "POST /wp-cron.php?doing_wp_cron=1775397402.8656818866729736328125 HTTP/1.1" 404 12854 "http://bulpress.top/wp-cron.php?doing_wp_cron=1775397402.8656818866729736328125" "WordPress/4.9.26; http://bulpress.top"
8.228.88.249 - - [05/Apr/2026:15:56:43 +0200] "GET /category/%d0%a1%d0%b2%d1%8f%d1%82/feed/ HTTP/1.1" 200 53868 "-" "Mozilla/5.0 (Windows NT 6.3; WOW64; rv:33.0) Gecko/20100101 Firefox/33.0"
137.184.70.249 - - [05/Apr/2026:15:57:07 +0200] "GET /wp-content/uploads/2019/03/14186_660_370-218x150.jpg%20218w,%20http://bulpress.top/wp-content/uploads/2019/03/14186_660_370-100x70.jpg%20100w,%20http://bulpress.top/wp-content/uploads/2019/03/14186_660_370-534x370.jpg%20534w HTTP/1.1" 301 0 "http://bulpress.top/" "Mozilla/5.0 (Windows NT 10.0; Win64; x64) AppleWebKit/537.36 (KHTML, like Gecko) Chrome/131.0.0.0 Safari/537.36"
159.89.227.208 - - [05/Apr/2026:15:57:07 +0200] "GET /%d1%83%d0%b1%d0%b8%d1%82%d0%b0%d1%82%d0%b0-%d0%be%d1%82-%d0%bc%d1%8a%d0%bb%d0%bd%d0%b8%d1%8f-%d0%b2-%d1%80%d0%be%d0%b4%d0%be%d0%bf%d0%b8%d1%82%d0%b5-%d1%81%d0%b5-%d0%be%d0%ba%d0%b0%d0%b7%d0%b0-%d0%b8/6 HTTP/1.1" 301 0 "http://bulpress.top/" "Mozilla/5.0 (Windows NT 10.0; Win64; x64) AppleWebKit/537.36 (KHTML, like Gecko) Chrome/133.0.0.0 Safari/537.36"
137.184.70.249 - - [05/Apr/2026:15:57:08 +0200] "GET /wp-content/uploads/2019/03/14186_660_370-218x150.jpg%20218w,%20http:/bulpress.top/wp-content/uploads/2019/03/14186_660_370-100x70.jpg%20100w,%20http:/bulpress.top/wp-content/uploads/2019/03/14186_660_370-534x370.jpg%20534w HTTP/1.1" 404 12855 "http://bulpress.top/" "Mozilla/5.0 (Windows NT 10.0; Win64; x64) AppleWebKit/537.36 (KHTML, like Gecko) Chrome/131.0.0.0 Safari/537.36"
159.89.227.208 - - [05/Apr/2026:15:57:08 +0200] "GET /%d1%83%d0%b1%d0%b8%d1%82%d0%b0%d1%82%d0%b0-%d0%be%d1%82-%d0%bc%d1%8a%d0%bb%d0%bd%d0%b8%d1%8f-%d0%b2-%d1%80%d0%be%d0%b4%d0%be%d0%bf%d0%b8%d1%82%d0%b5-%d1%81%d0%b5-%d0%be%d0%ba%d0%b0%d0%b7%d0%b0-%d0%b8/6/ HTTP/1.1" 200 22633 "http://bulpress.top/" "Mozilla/5.0 (Windows NT 10.0; Win64; x64) AppleWebKit/537.36 (KHTML, like Gecko) Chrome/133.0.0.0 Safari/537.36"
113.173.0.77 - - [05/Apr/2026:15:57:12 +0200] "GET /wp-content/uploads/2019/03/14186_660_370-218x150.jpg%20218w,%20http://bulpress.top/wp-content/uploads/2019/03/14186_660_370-100x70.jpg%20100w,%20http://bulpress.top/wp-content/uploads/2019/03/14186_660_370-534x370.jpg%20534w HTTP/1.1" 301 0 "http://bulpress.top/" "Mozilla/5.0 (Windows NT 10.0; Win64; x64) AppleWebKit/537.36 (KHTML, like Gecko) Chrome/131.0.0.0 Safari/537.36"
14.188.182.103 - - [05/Apr/2026:15:57:15 +0200] "GET /wp-content/uploads/2019/03/14186_660_370-218x150.jpg%20218w,%20http:/bulpress.top/wp-content/uploads/2019/03/14186_660_370-100x70.jpg%20100w,%20http:/bulpress.top/wp-content/uploads/2019/03/14186_660_370-534x370.jpg%20534w HTTP/1.1" 404 12845 "http://bulpress.top/" "Mozilla/5.0 (Windows NT 10.0; Win64; x64) AppleWebKit/537.36 (KHTML, like Gecko) Chrome/131.0.0.0 Safari/537.36"
144.76.32.187 - - [05/Apr/2026:15:58:30 +0200] "GET /robots.txt HTTP/1.1" 200 80 "-" "Mozilla/5.0 (compatible; SERankingBacklinksBot/1.0; +https://seranking.com/backlinks-crawler)"
144.76.32.187 - - [05/Apr/2026:15:58:31 +0200] "GET /%D0%B8%D1%81%D0%BA%D0%B0%D1%82-%D0%BB%D0%B8-bg-%D0%B3%D1%80%D0%B0%D0%B6%D0%B4%D0%B0%D0%BD%D1%81%D1%82%D0%B2%D0%BE-%D0%BC%D0%B0%D0%BA%D0%B5%D0%B4%D0%BE%D0%BD%D1%86%D0%B8/ HTTP/1.1" 200 21568 "-" "Mozilla/5.0 (compatible; SERankingBacklinksBot/1.0; +https://seranking.com/backlinks-crawler)"
144.76.32.187 - - [05/Apr/2026:15:58:43 +0200] "GET /%D0%BA%D0%B0%D0%BA-%D0%BF%D0%BE-%D0%B2%D1%80%D0%B5%D0%BC%D0%B5%D1%82%D0%BE-%D0%BD%D0%B0-%D1%81%D0%BE%D1%86%D0%B8%D0%B0%D0%BB%D0%B8%D0%B7%D0%BC%D0%B0-%D0%B2-%D0%B1%D0%B3/ HTTP/1.1" 200 20215 "-" "Mozilla/5.0 (compatible; SERankingBacklinksBot/1.0; +https://seranking.com/backlinks-crawler)"
144.76.32.187 - - [05/Apr/2026:15:59:01 +0200] "GET /%D1%81-%D0%BA%D0%B0%D0%BA%D0%B2%D0%B8-%D0%BF%D0%B0%D1%80%D0%B8-%D0%B4%D0%B0-%D0%B4%D0%BE%D0%B9%D0%B4%D0%B0-%D0%BE%D1%82-%D0%B1%D1%8A%D0%BB%D0%B3%D0%B0%D1%80%D0%B8%D1%8F/ HTTP/1.1" 502 150 "-" "Mozilla/5.0 (compatible; SERankingBacklinksBot/1.0; +https://seranking.com/backlinks-crawler)"
66.249.74.166 - - [05/Apr/2026:15:59:46 +0200] "GET /wp-content/uploads/2017/08/item_item.jpg HTTP/1.1" 200 169226 "-" "Googlebot-Image/1.0"
161.97.137.93 - - [05/Apr/2026:15:59:59 +0200] "POST /wp-cron.php?doing_wp_cron=1775397598.5341761112213134765625 HTTP/1.1" 404 12916 "http://bulpress.top/wp-cron.php?doing_wp_cron=1775397598.5341761112213134765625" "WordPress/4.9.26; http://bulpress.top"
45.41.139.82 - - [05/Apr/2026:15:59:59 +0200] "GET /%D0%BA%D0%B0%D0%BA-%D0%B6%D0%B8%D0%B2%D1%8F%D1%85%D0%BC%D0%B5-%D0%BF%D1%80%D0%B5%D0%B4%D0%B8-10-%D0%BD%D0%BE%D0%B5%D0%BC%D0%B2%D1%80%D0%B8-1989-%D0%B3%D0%BE%D0%B4-iii-%D1%87%D0%B0%D1%81%D1%82/ HTTP/1.1" 200 28358 "-" "Mozilla/5.0 (Macintosh; Intel Mac OS X 10_15_7) AppleWebKit/537.36 (KHTML, like Gecko) Chrome/143.0.0.0 Safari/537.36"
15.181.49.93 - - [05/Apr/2026:16:00:49 +0200] "GET /blog//wp-content/plugins/hellopress/wp_filemanager.php HTTP/1.1" 301 0 "-" "-"
15.181.49.93 - - [05/Apr/2026:16:00:51 +0200] "GET /blog/wp-content/plugins/hellopress/wp_filemanager.php HTTP/1.1" 404 12925 "-" "-"
15.181.49.93 - - [05/Apr/2026:16:00:51 +0200] "GET /blog//wp-2019.php HTTP/1.1" 301 0 "-" "-"
15.181.49.93 - - [05/Apr/2026:16:00:52 +0200] "GET /blog/wp-2019.php HTTP/1.1" 404 12942 "-" "-"
15.181.49.93 - - [05/Apr/2026:16:00:53 +0200] "GET /blog//atomlib.php HTTP/1.1" 301 0 "-" "-"
15.181.49.93 - - [05/Apr/2026:16:00:54 +0200] "GET /blog/atomlib.php HTTP/1.1" 404 12951 "-" "-"
15.181.49.93 - - [05/Apr/2026:16:00:55 +0200] "GET /blog//css.php HTTP/1.1" 301 0 "-" "-"
15.181.49.93 - - [05/Apr/2026:16:00:56 +0200] "GET /blog/css.php HTTP/1.1" 404 12918 "-" "-"
8.228.88.249 - - [05/Apr/2026:16:00:56 +0200] "GET /category/%d0%98%d1%81%d1%82%d0%be%d1%80%d0%b8%d0%b8/feed/ HTTP/1.1" 200 53803 "-" "Mozilla/5.0 (Windows NT 6.3; WOW64; rv:33.0) Gecko/20100101 Firefox/33.0"
15.181.49.93 - - [05/Apr/2026:16:00:57 +0200] "GET /blog//log.php HTTP/1.1" 301 0 "-" "-"
15.181.49.93 - - [05/Apr/2026:16:00:57 +0200] "GET /blog/log.php HTTP/1.1" 404 12968 "-" "-"
161.97.137.93 - - [05/Apr/2026:16:00:59 +0200] "POST /wp-cron.php?doing_wp_cron=1775397658.9809770584106445312500 HTTP/1.1" 404 12884 "http://bulpress.top/wp-cron.php?doing_wp_cron=1775397658.9809770584106445312500" "WordPress/4.9.26; http://bulpress.top"
15.181.49.93 - - [05/Apr/2026:16:00:59 +0200] "GET /blog//index.php HTTP/1.1" 301 0 "-" "-"
15.181.49.93 - - [05/Apr/2026:16:01:00 +0200] "GET /blog/ HTTP/1.1" 404 12926 "-" "-"
15.181.49.93 - - [05/Apr/2026:16:01:01 +0200] "GET /blog//mail.php HTTP/1.1" 502 150 "-" "-"
15.181.49.93 - - [05/Apr/2026:16:01:01 +0200] "GET /blog//lufix.php HTTP/1.1" 502 150 "-" "-"
15.181.49.93 - - [05/Apr/2026:16:01:02 +0200] "GET /blog//doc.php HTTP/1.1" 502 150 "-" "-"
15.181.49.93 - - [05/Apr/2026:16:01:03 +0200] "GET /blog//bak.php HTTP/1.1" 301 0 "-" "-"
15.181.49.93 - - [05/Apr/2026:16:01:04 +0200] "GET /blog/bak.php HTTP/1.1" 404 12987 "-" "-"
15.181.49.93 - - [05/Apr/2026:16:01:04 +0200] "GET /blog//content.php HTTP/1.1" 301 0 "-" "-"
15.181.49.93 - - [05/Apr/2026:16:01:05 +0200] "GET /blog/content.php HTTP/1.1" 404 12940 "-" "-"
15.181.49.93 - - [05/Apr/2026:16:01:07 +0200] "GET /blog//upfile.php HTTP/1.1" 301 0 "-" "-"
15.181.49.93 - - [05/Apr/2026:16:01:08 +0200] "GET /blog/upfile.php HTTP/1.1" 404 12957 "-" "-"
15.181.49.93 - - [05/Apr/2026:16:01:10 +0200] "GET /blog//wp-conflg.php HTTP/1.1" 301 0 "-" "-"
15.181.49.93 - - [05/Apr/2026:16:01:11 +0200] "GET /blog/wp-conflg.php HTTP/1.1" 404 12861 "-" "-"
15.181.49.93 - - [05/Apr/2026:16:01:13 +0200] "GET /blog//bypass.php HTTP/1.1" 301 0 "-" "-"
15.181.49.93 - - [05/Apr/2026:16:01:13 +0200] "GET /blog/bypass.php HTTP/1.1" 404 12979 "-" "-"
66.249.74.166 - - [05/Apr/2026:16:01:13 +0200] "GET /wp-content/uploads/2018/06/radev-218x150.jpg HTTP/1.1" 200 5836 "-" "Googlebot-Image/1.0"
15.181.49.93 - - [05/Apr/2026:16:01:15 +0200] "GET /blog//wp-activate.php HTTP/1.1" 301 0 "-" "-"
15.181.49.93 - - [05/Apr/2026:16:01:16 +0200] "GET /blog/wp-activate.php HTTP/1.1" 404 12891 "-" "-"
15.181.49.93 - - [05/Apr/2026:16:01:18 +0200] "GET /blog//updates.php HTTP/1.1" 301 0 "-" "-"
15.181.49.93 - - [05/Apr/2026:16:01:19 +0200] "GET /blog/updates.php HTTP/1.1" 404 12990 "-" "-"
15.181.49.93 - - [05/Apr/2026:16:01:21 +0200] "GET /blog//plugins.php HTTP/1.1" 301 0 "-" "-"
15.181.49.93 - - [05/Apr/2026:16:01:21 +0200] "GET /blog/plugins.php HTTP/1.1" 404 12888 "-" "-"
15.181.49.93 - - [05/Apr/2026:16:01:23 +0200] "GET /blog//xmrlpc.php HTTP/1.1" 301 0 "-" "-"
15.181.49.93 - - [05/Apr/2026:16:01:23 +0200] "GET /blog/xmrlpc.php HTTP/1.1" 404 12874 "-" "-"
15.181.49.93 - - [05/Apr/2026:16:01:25 +0200] "GET /blog//ae.php HTTP/1.1" 301 0 "-" "-"
15.181.49.93 - - [05/Apr/2026:16:01:26 +0200] "GET /blog/ae.php HTTP/1.1" 404 12950 "-" "-"
15.181.49.93 - - [05/Apr/2026:16:01:27 +0200] "GET /blog//moon.php HTTP/1.1" 301 0 "-" "-"
15.181.49.93 - - [05/Apr/2026:16:01:28 +0200] "GET /blog/moon.php HTTP/1.1" 404 12941 "-" "-"
15.181.49.93 - - [05/Apr/2026:16:01:30 +0200] "GET /blog//blog.php HTTP/1.1" 301 0 "-" "-"
15.181.49.93 - - [05/Apr/2026:16:01:31 +0200] "GET /blog/blog.php HTTP/1.1" 404 12900 "-" "-"
15.181.49.93 - - [05/Apr/2026:16:01:33 +0200] "GET /blog//themes.php HTTP/1.1" 301 0 "-" "-"
15.181.49.93 - - [05/Apr/2026:16:01:34 +0200] "GET /blog/themes.php HTTP/1.1" 404 12967 "-" "-"
15.181.49.93 - - [05/Apr/2026:16:01:35 +0200] "GET /blog//ini.php HTTP/1.1" 301 0 "-" "-"
15.181.49.93 - - [05/Apr/2026:16:01:36 +0200] "GET /blog/ini.php HTTP/1.1" 404 12935 "-" "-"
15.181.49.93 - - [05/Apr/2026:16:01:37 +0200] "GET /blog//as.php HTTP/1.1" 301 0 "-" "-"
15.181.49.93 - - [05/Apr/2026:16:01:38 +0200] "GET /blog/as.php HTTP/1.1" 404 12980 "-" "-"
15.181.49.93 - - [05/Apr/2026:16:01:40 +0200] "GET /blog//shell.php HTTP/1.1" 301 0 "-" "-"
15.181.49.93 - - [05/Apr/2026:16:01:41 +0200] "GET /blog/shell.php HTTP/1.1" 404 12885 "-" "-"
15.181.49.93 - - [05/Apr/2026:16:01:42 +0200] "GET /blog//ws.php HTTP/1.1" 301 0 "-" "-"
15.181.49.93 - - [05/Apr/2026:16:01:43 +0200] "GET /blog/ws.php HTTP/1.1" 404 12886 "-" "-"
15.181.49.93 - - [05/Apr/2026:16:01:45 +0200] "GET /blog//makeasmtp.php HTTP/1.1" 301 0 "-" "-"
15.181.49.93 - - [05/Apr/2026:16:01:46 +0200] "GET /blog/makeasmtp.php HTTP/1.1" 404 12852 "-" "-"
15.181.49.93 - - [05/Apr/2026:16:01:47 +0200] "GET /blog//wp-sigunq.php HTTP/1.1" 301 0 "-" "-"
15.181.49.93 - - [05/Apr/2026:16:01:48 +0200] "GET /blog/wp-sigunq.php HTTP/1.1" 404 12941 "-" "-"
15.181.49.93 - - [05/Apr/2026:16:01:49 +0200] "GET /blog//wp-atom.php HTTP/1.1" 301 0 "-" "-"
15.181.49.93 - - [05/Apr/2026:16:01:49 +0200] "GET /feed/atom/ HTTP/1.1" 200 49360 "-" "-"
15.181.49.93 - - [05/Apr/2026:16:01:51 +0200] "GET /blog//fw.php HTTP/1.1" 301 0 "-" "-"
15.181.49.93 - - [05/Apr/2026:16:01:52 +0200] "GET /blog/fw.php HTTP/1.1" 404 12937 "-" "-"
15.181.49.93 - - [05/Apr/2026:16:01:53 +0200] "GET /blog//install.php HTTP/1.1" 301 0 "-" "-"
15.181.49.93 - - [05/Apr/2026:16:01:54 +0200] "GET /blog/install.php HTTP/1.1" 404 12859 "-" "-"
15.181.49.93 - - [05/Apr/2026:16:01:55 +0200] "GET /blog//wp-login.php HTTP/1.1" 301 0 "-" "-"
15.181.49.93 - - [05/Apr/2026:16:01:57 +0200] "GET /blog/wp-login.php HTTP/1.1" 404 12926 "-" "-"
15.181.49.93 - - [05/Apr/2026:16:01:58 +0200] "GET /blog//wp-includes/Requests/about.php HTTP/1.1" 301 0 "-" "-"
161.97.137.93 - - [05/Apr/2026:16:01:59 +0200] "POST /wp-cron.php?doing_wp_cron=1775397719.0071868896484375000000 HTTP/1.1" 404 12947 "http://bulpress.top/wp-cron.php?doing_wp_cron=1775397719.0071868896484375000000" "WordPress/4.9.26; http://bulpress.top"
15.181.49.93 - - [05/Apr/2026:16:01:59 +0200] "GET /blog/wp-includes/Requests/about.php HTTP/1.1" 404 12885 "-" "-"
15.181.49.93 - - [05/Apr/2026:16:02:00 +0200] "GET /blog//wp-includes/style-engine/about.php HTTP/1.1" 301 0 "-" "-"
15.181.49.93 - - [05/Apr/2026:16:02:02 +0200] "GET /blog/wp-includes/style-engine/about.php HTTP/1.1" 502 150 "-" "-"
15.181.49.93 - - [05/Apr/2026:16:02:03 +0200] "GET /blog//radio.php HTTP/1.1" 301 0 "-" "-"
15.181.49.93 - - [05/Apr/2026:16:02:04 +0200] "GET /blog/radio.php HTTP/1.1" 404 12845 "-" "-"
15.181.49.93 - - [05/Apr/2026:16:02:05 +0200] "GET /blog//chosen.php HTTP/1.1" 301 0 "-" "-"
15.181.49.93 - - [05/Apr/2026:16:02:06 +0200] "GET /blog/chosen.php HTTP/1.1" 404 12890 "-" "-"
15.181.49.93 - - [05/Apr/2026:16:02:07 +0200] "GET /blog//simple.php HTTP/1.1" 301 0 "-" "-"
15.181.49.93 - - [05/Apr/2026:16:02:08 +0200] "GET /blog/simple.php HTTP/1.1" 404 12858 "-" "-"
15.181.49.93 - - [05/Apr/2026:16:02:09 +0200] "GET /blog//class.api.php HTTP/1.1" 301 0 "-" "-"
15.181.49.93 - - [05/Apr/2026:16:02:09 +0200] "GET /blog/class.api.php HTTP/1.1" 404 12909 "-" "-"
15.181.49.93 - - [05/Apr/2026:16:02:11 +0200] "GET /blog//wp-head.php HTTP/1.1" 301 0 "-" "-"
15.181.49.93 - - [05/Apr/2026:16:02:12 +0200] "GET /blog/wp-head.php HTTP/1.1" 404 12952 "-" "-"
15.181.49.93 - - [05/Apr/2026:16:02:13 +0200] "GET /blog//file.php HTTP/1.1" 301 0 "-" "-"
15.181.49.93 - - [05/Apr/2026:16:02:14 +0200] "GET /blog/file.php HTTP/1.1" 404 12861 "-" "-"
15.181.49.93 - - [05/Apr/2026:16:02:16 +0200] "GET /blog//assets/css/403.php HTTP/1.1" 301 0 "-" "-"
15.181.49.93 - - [05/Apr/2026:16:02:17 +0200] "GET /blog/assets/css/403.php HTTP/1.1" 404 12979 "-" "-"
15.181.49.93 - - [05/Apr/2026:16:02:18 +0200] "GET /blog//403.php HTTP/1.1" 301 0 "-" "-"
15.181.49.93 - - [05/Apr/2026:16:02:19 +0200] "GET /blog/403.php HTTP/1.1" 404 12951 "-" "-"
15.181.49.93 - - [05/Apr/2026:16:02:20 +0200] "GET /blog//wp-content/plugins/core/include.php HTTP/1.1" 301 0 "-" "-"
15.181.49.93 - - [05/Apr/2026:16:02:21 +0200] "GET /blog/wp-content/plugins/core/include.php HTTP/1.1" 404 12980 "-" "-"
15.181.49.93 - - [05/Apr/2026:16:02:22 +0200] "GET /blog//.well-known/admin.php HTTP/1.1" 301 0 "-" "-"
15.181.49.93 - - [05/Apr/2026:16:02:23 +0200] "GET /blog/.well-known/admin.php HTTP/1.1" 404 12978 "-" "-"
15.181.49.93 - - [05/Apr/2026:16:02:24 +0200] "GET /blog//mah.php HTTP/1.1" 301 0 "-" "-"
15.181.49.93 - - [05/Apr/2026:16:02:25 +0200] "GET /blog/mah.php HTTP/1.1" 404 12886 "-" "-"
15.181.49.93 - - [05/Apr/2026:16:02:26 +0200] "GET /blog//cong.php HTTP/1.1" 301 0 "-" "-"
15.181.49.93 - - [05/Apr/2026:16:02:27 +0200] "GET /blog/cong.php HTTP/1.1" 404 12952 "-" "-"
15.181.49.93 - - [05/Apr/2026:16:02:28 +0200] "GET /blog//wp-includes/js/tinymce/skins/lightgray/img/index.php?p= HTTP/1.1" 301 0 "-" "-"
15.181.49.93 - - [05/Apr/2026:16:02:30 +0200] "GET /blog/wp-includes/js/tinymce/skins/lightgray/img/ HTTP/1.1" 404 12940 "-" "-"
15.181.49.93 - - [05/Apr/2026:16:02:31 +0200] "GET /blog//wp-admin/includes/class_api.php HTTP/1.1" 301 0 "-" "-"
15.181.49.93 - - [05/Apr/2026:16:02:31 +0200] "GET /blog/wp-admin/includes/class_api.php HTTP/1.1" 404 12934 "-" "-"
15.181.49.93 - - [05/Apr/2026:16:02:33 +0200] "GET /blog//wp-mail.php HTTP/1.1" 301 0 "-" "-"
15.181.49.93 - - [05/Apr/2026:16:02:34 +0200] "GET /blog/wp-mail.php HTTP/1.1" 404 12858 "-" "-"
15.181.49.93 - - [05/Apr/2026:16:02:35 +0200] "GET /blog//wp-content/themes/twentyfive/include.php HTTP/1.1" 301 0 "-" "-"
15.181.49.93 - - [05/Apr/2026:16:02:38 +0200] "GET /blog/wp-content/themes/twentyfive/include.php HTTP/1.1" 404 12957 "-" "-"
15.181.49.93 - - [05/Apr/2026:16:02:39 +0200] "GET /blog//wp-content/themes/twentyseventeen/page/index.php?p= HTTP/1.1" 301 0 "-" "-"
15.181.49.93 - - [05/Apr/2026:16:02:41 +0200] "GET /blog/wp-content/themes/twentyseventeen/page/ HTTP/1.1" 404 12921 "-" "-"
15.181.49.93 - - [05/Apr/2026:16:02:42 +0200] "GET /blog//wp-apxupx.php?apx=upx HTTP/1.1" 301 0 "-" "-"
15.181.49.93 - - [05/Apr/2026:16:02:43 +0200] "GET /blog/wp-apxupx.php?apx=upx HTTP/1.1" 404 12858 "-" "-"
15.181.49.93 - - [05/Apr/2026:16:02:45 +0200] "GET /blog//wp-content/plugins/wp-apxupx.php?apx=upx HTTP/1.1" 301 0 "-" "-"
15.181.49.93 - - [05/Apr/2026:16:02:46 +0200] "GET /blog/wp-content/plugins/wp-apxupx.php?apx=upx HTTP/1.1" 404 12936 "-" "-"
15.181.49.93 - - [05/Apr/2026:16:02:47 +0200] "GET /blog//.tmb/class_api.php HTTP/1.1" 301 0 "-" "-"
15.181.49.93 - - [05/Apr/2026:16:02:48 +0200] "GET /blog/.tmb/class_api.php HTTP/1.1" 404 12937 "-" "-"
15.181.49.93 - - [05/Apr/2026:16:02:49 +0200] "GET /blog//cgi-bin/about.php HTTP/1.1" 301 0 "-" "-"
15.181.49.93 - - [05/Apr/2026:16:02:51 +0200] "GET /blog/cgi-bin/about.php HTTP/1.1" 404 12884 "-" "-"
15.181.49.93 - - [05/Apr/2026:16:02:52 +0200] "GET /blog//.well-known/acme-challenge/cloud.php HTTP/1.1" 301 0 "-" "-"
15.181.49.93 - - [05/Apr/2026:16:02:53 +0200] "GET /blog/.well-known/acme-challenge/cloud.php HTTP/1.1" 404 12845 "-" "-"
15.181.49.93 - - [05/Apr/2026:16:02:54 +0200] "GET /blog//repeater.php HTTP/1.1" 301 0 "-" "-"
15.181.49.93 - - [05/Apr/2026:16:02:55 +0200] "GET /blog/repeater.php HTTP/1.1" 404 12890 "-" "-"
15.181.49.93 - - [05/Apr/2026:16:02:56 +0200] "GET /blog//wp-admin/dropdown.php HTTP/1.1" 301 0 "-" "-"
15.181.49.93 - - [05/Apr/2026:16:03:01 +0200] "GET /blog/wp-admin/dropdown.php HTTP/1.1" 502 150 "-" "-"
161.97.137.93 - - [05/Apr/2026:16:03:01 +0200] "POST /wp-cron.php?doing_wp_cron=1775397781.0796411037445068359375 HTTP/1.1" 404 11207 "http://bulpress.top/wp-cron.php?doing_wp_cron=1775397781.0796411037445068359375" "WordPress/4.9.26; http://bulpress.top"
15.181.49.93 - - [05/Apr/2026:16:03:04 +0200] "GET /blog//wp-admin/css/index.php HTTP/1.1" 301 0 "-" "-"
15.181.49.93 - - [05/Apr/2026:16:03:05 +0200] "GET /blog/wp-admin/css/ HTTP/1.1" 404 12947 "-" "-"
15.181.49.93 - - [05/Apr/2026:16:03:06 +0200] "GET /blog//dropdown.php HTTP/1.1" 301 0 "-" "-"
15.181.49.93 - - [05/Apr/2026:16:03:07 +0200] "GET /blog/dropdown.php HTTP/1.1" 404 12947 "-" "-"
15.181.49.93 - - [05/Apr/2026:16:03:09 +0200] "GET /blog//about.php HTTP/1.1" 301 0 "-" "-"
15.181.49.93 - - [05/Apr/2026:16:03:10 +0200] "GET /blog/about.php HTTP/1.1" 404 12843 "-" "-"
15.181.49.93 - - [05/Apr/2026:16:03:11 +0200] "GET /blog//admin.php HTTP/1.1" 301 0 "-" "-"
15.181.49.93 - - [05/Apr/2026:16:03:12 +0200] "GET /blog/admin.php HTTP/1.1" 404 12855 "-" "-"
15.181.49.93 - - [05/Apr/2026:16:03:13 +0200] "GET /blog//.well-known/acme-challenge/cloud.php HTTP/1.1" 301 0 "-" "-"
15.181.49.93 - - [05/Apr/2026:16:03:14 +0200] "GET /blog/.well-known/acme-challenge/cloud.php HTTP/1.1" 404 12958 "-" "-"
15.181.49.93 - - [05/Apr/2026:16:03:15 +0200] "GET /blog//wp-admin/images/index.php HTTP/1.1" 301 0 "-" "-"
15.181.49.93 - - [05/Apr/2026:16:03:16 +0200] "GET /blog/wp-admin/images/ HTTP/1.1" 404 12957 "-" "-"
15.181.49.93 - - [05/Apr/2026:16:03:17 +0200] "GET /blog//wp-admin/css/colors/index.php HTTP/1.1" 301 0 "-" "-"
15.181.49.93 - - [05/Apr/2026:16:03:18 +0200] "GET /blog/wp-admin/css/colors/ HTTP/1.1" 404 12908 "-" "-"
15.181.49.93 - - [05/Apr/2026:16:03:19 +0200] "GET /blog//wp-content/themes/pridmag/db.php?u HTTP/1.1" 301 0 "-" "-"
15.181.49.93 - - [05/Apr/2026:16:03:20 +0200] "GET /blog/wp-content/themes/pridmag/db.php?u HTTP/1.1" 404 12953 "-" "-"
15.181.49.93 - - [05/Apr/2026:16:03:25 +0200] "GET /blog//wp-content/themes/seotheme/mar.php HTTP/1.1" 301 0 "-" "-"
15.181.49.93 - - [05/Apr/2026:16:03:26 +0200] "GET /blog/wp-content/themes/seotheme/mar.php HTTP/1.1" 404 12968 "-" "-"
15.181.49.93 - - [05/Apr/2026:16:03:27 +0200] "GET /blog//wp-content/plugins/linkpreview/db.php?u HTTP/1.1" 301 0 "-" "-"
15.181.49.93 - - [05/Apr/2026:16:03:28 +0200] "GET /blog/wp-content/plugins/linkpreview/db.php?u HTTP/1.1" 404 12858 "-" "-"
15.181.49.93 - - [05/Apr/2026:16:03:29 +0200] "GET /blog//wp-content/themes/seotheme/db.php?u HTTP/1.1" 301 0 "-" "-"
15.181.49.93 - - [05/Apr/2026:16:03:30 +0200] "GET /blog/wp-content/themes/seotheme/db.php?u HTTP/1.1" 404 12857 "-" "-"
15.181.49.93 - - [05/Apr/2026:16:03:31 +0200] "GET /blog//wp-content/plugins/seoplugins/db.php?u HTTP/1.1" 301 0 "-" "-"
15.181.49.93 - - [05/Apr/2026:16:03:32 +0200] "GET /blog/wp-content/plugins/seoplugins/db.php?u HTTP/1.1" 404 12949 "-" "-"
15.181.49.93 - - [05/Apr/2026:16:03:33 +0200] "GET /blog//wp-content/plugins/seoplugins/mar.php HTTP/1.1" 301 0 "-" "-"
15.181.49.93 - - [05/Apr/2026:16:03:35 +0200] "GET /blog/wp-content/plugins/seoplugins/mar.php HTTP/1.1" 404 12858 "-" "-"
15.181.49.93 - - [05/Apr/2026:16:03:36 +0200] "GET /blog//.well-known/pki-validation/xmrlpc.php?p= HTTP/1.1" 301 0 "-" "-"
15.181.49.93 - - [05/Apr/2026:16:03:37 +0200] "GET /blog/.well-known/pki-validation/xmrlpc.php HTTP/1.1" 404 12899 "-" "-"
15.181.49.93 - - [05/Apr/2026:16:03:38 +0200] "GET /blog//.well-known/acme-challenge/xmrlpc.php?p= HTTP/1.1" 301 0 "-" "-"
15.181.49.93 - - [05/Apr/2026:16:03:39 +0200] "GET /blog/.well-known/acme-challenge/xmrlpc.php HTTP/1.1" 404 12858 "-" "-"
15.181.49.93 - - [05/Apr/2026:16:03:39 +0200] "GET /blog//wp-admin/network/xmrlpc.php?p= HTTP/1.1" 301 0 "-" "-"
15.181.49.93 - - [05/Apr/2026:16:03:40 +0200] "GET /blog/wp-admin/network/xmrlpc.php HTTP/1.1" 404 12957 "-" "-"
15.181.49.93 - - [05/Apr/2026:16:03:41 +0200] "GET /blog//cgi-bin/xmrlpc.php?p= HTTP/1.1" 301 0 "-" "-"
15.181.49.93 - - [05/Apr/2026:16:03:42 +0200] "GET /blog/cgi-bin/xmrlpc.php HTTP/1.1" 404 12958 "-" "-"
15.181.49.93 - - [05/Apr/2026:16:03:45 +0200] "GET /blog//wp-admin/user/xmrlpc.php?p= HTTP/1.1" 301 0 "-" "-"
15.181.49.93 - - [05/Apr/2026:16:03:46 +0200] "GET /blog/wp-admin/user/xmrlpc.php HTTP/1.1" 404 12898 "-" "-"
15.181.49.93 - - [05/Apr/2026:16:03:48 +0200] "GET /blog//wp-admin/images/xmrlpc.php?p= HTTP/1.1" 301 0 "-" "-"
15.181.49.93 - - [05/Apr/2026:16:03:49 +0200] "GET /blog/wp-admin/images/xmrlpc.php HTTP/1.1" 404 12900 "-" "-"
15.181.49.93 - - [05/Apr/2026:16:03:50 +0200] "GET /blog//ccx/index.php HTTP/1.1" 301 0 "-" "-"
15.181.49.93 - - [05/Apr/2026:16:03:51 +0200] "GET /blog/ccx/ HTTP/1.1" 404 12884 "-" "-"
15.181.49.93 - - [05/Apr/2026:16:03:54 +0200] "GET /blog//wp-content/ccx/index.php HTTP/1.1" 301 0 "-" "-"
15.181.49.93 - - [05/Apr/2026:16:03:55 +0200] "GET /blog/wp-content/ccx/ HTTP/1.1" 404 12884 "-" "-"
15.181.49.93 - - [05/Apr/2026:16:04:00 +0200] "GET /blog//wp-admin/ccx/index.php HTTP/1.1" 301 0 "-" "-"
161.97.137.93 - - [05/Apr/2026:16:04:02 +0200] "POST /wp-cron.php?doing_wp_cron=1775397841.9672250747680664062500 HTTP/1.1" 502 150 "http://bulpress.top/wp-cron.php?doing_wp_cron=1775397841.9672250747680664062500" "WordPress/4.9.26; http://bulpress.top"
15.181.49.93 - - [05/Apr/2026:16:04:02 +0200] "GET /blog/wp-admin/ccx/ HTTP/1.1" 502 150 "-" "-"
15.181.49.93 - - [05/Apr/2026:16:04:03 +0200] "GET /blog//wp-content/index.php HTTP/1.1" 502 150 "-" "-"
15.181.49.93 - - [05/Apr/2026:16:04:04 +0200] "GET /blog//wp-info.php HTTP/1.1" 502 150 "-" "-"
15.181.49.93 - - [05/Apr/2026:16:04:05 +0200] "GET /blog//wp-blog.php HTTP/1.1" 301 0 "-" "-"
15.181.49.93 - - [05/Apr/2026:16:04:06 +0200] "GET /blog/wp-blog.php HTTP/1.1" 404 12899 "-" "-"
15.181.49.93 - - [05/Apr/2026:16:04:07 +0200] "GET /blog//wp-admin/x.php?action=768776e296b6f286f26796e2a72607e2972647 HTTP/1.1" 301 0 "-" "-"
15.181.49.93 - - [05/Apr/2026:16:04:08 +0200] "GET /blog/wp-admin/x.php?action=768776e296b6f286f26796e2a72607e2972647 HTTP/1.1" 404 12935 "-" "-"
15.181.49.93 - - [05/Apr/2026:16:04:09 +0200] "GET /blog//wp-admin/css/colors/blue/about.php HTTP/1.1" 301 0 "-" "-"
15.181.49.93 - - [05/Apr/2026:16:04:10 +0200] "GET /blog/wp-admin/css/colors/blue/about.php HTTP/1.1" 404 12857 "-" "-"
15.181.49.93 - - [05/Apr/2026:16:04:11 +0200] "GET /blog//cjfuns.php HTTP/1.1" 301 0 "-" "-"
15.181.49.93 - - [05/Apr/2026:16:04:12 +0200] "GET /blog/cjfuns.php HTTP/1.1" 404 12856 "-" "-"
15.181.49.93 - - [05/Apr/2026:16:04:13 +0200] "GET /blog//wp-config-sample.php HTTP/1.1" 403 146 "-" "-"
15.181.49.93 - - [05/Apr/2026:16:04:14 +0200] "GET /blog//wp-content/plugins/index.php HTTP/1.1" 301 0 "-" "-"
15.181.49.93 - - [05/Apr/2026:16:04:15 +0200] "GET /blog/wp-content/plugins/ HTTP/1.1" 404 12857 "-" "-"
15.181.49.93 - - [05/Apr/2026:16:04:16 +0200] "GET /blog//worm0.PhP7 HTTP/1.1" 301 0 "-" "-"
15.181.49.93 - - [05/Apr/2026:16:04:16 +0200] "GET /blog/worm0.PhP7 HTTP/1.1" 404 12934 "-" "-"
15.181.49.93 - - [05/Apr/2026:16:04:17 +0200] "GET /blog//wp.php HTTP/1.1" 301 0 "-" "-"
15.181.49.93 - - [05/Apr/2026:16:04:18 +0200] "GET /blog/wp.php HTTP/1.1" 404 12945 "-" "-"
15.181.49.93 - - [05/Apr/2026:16:04:19 +0200] "GET /blog//404.php HTTP/1.1" 301 0 "-" "-"
15.181.49.93 - - [05/Apr/2026:16:04:20 +0200] "GET /blog/404.php HTTP/1.1" 404 12948 "-" "-"
15.181.49.93 - - [05/Apr/2026:16:04:21 +0200] "GET /blog//gawean.PhP7 HTTP/1.1" 301 0 "-" "-"
15.181.49.93 - - [05/Apr/2026:16:04:21 +0200] "GET /blog/gawean.PhP7 HTTP/1.1" 404 12857 "-" "-"
15.181.49.93 - - [05/Apr/2026:16:04:22 +0200] "GET /blog//.well-known/acme-challenge/license.php HTTP/1.1" 403 146 "-" "-"
15.181.49.93 - - [05/Apr/2026:16:04:23 +0200] "GET /blog//wp-includes/blocks/table/int/tmpl/index.php HTTP/1.1" 301 0 "-" "-"
15.181.49.93 - - [05/Apr/2026:16:04:24 +0200] "GET /blog/wp-includes/blocks/table/int/tmpl/ HTTP/1.1" 404 12910 "-" "-"
15.181.49.93 - - [05/Apr/2026:16:04:25 +0200] "GET /blog//wp-admin/css/colors/coffee/index.php HTTP/1.1" 301 0 "-" "-"
15.181.49.93 - - [05/Apr/2026:16:04:26 +0200] "GET /blog/wp-admin/css/colors/coffee/ HTTP/1.1" 404 12860 "-" "-"
15.181.49.93 - - [05/Apr/2026:16:04:29 +0200] "GET /blog//wp-includes/themes.php HTTP/1.1" 301 0 "-" "-"
15.181.49.93 - - [05/Apr/2026:16:04:30 +0200] "GET /blog/wp-includes/themes.php HTTP/1.1" 404 12881 "-" "-"
15.181.49.93 - - [05/Apr/2026:16:04:31 +0200] "GET /blog//wp-includes/plugins.php HTTP/1.1" 301 0 "-" "-"
15.181.49.93 - - [05/Apr/2026:16:04:32 +0200] "GET /blog/wp-includes/plugins.php HTTP/1.1" 404 12940 "-" "-"
15.181.49.93 - - [05/Apr/2026:16:04:33 +0200] "GET /blog//wp-content/plugins/revslider/includes/external/page/index.php HTTP/1.1" 301 0 "-" "-"
15.181.49.93 - - [05/Apr/2026:16:04:34 +0200] "GET /blog/wp-content/plugins/revslider/includes/external/page/ HTTP/1.1" 404 12871 "-" "-"
15.181.49.93 - - [05/Apr/2026:16:04:35 +0200] "GET /blog//users.php HTTP/1.1" 301 0 "-" "-"
15.181.49.93 - - [05/Apr/2026:16:04:36 +0200] "GET /blog/users.php HTTP/1.1" 404 12946 "-" "-"
15.181.49.93 - - [05/Apr/2026:16:04:37 +0200] "GET /blog//wp-admin/js/about.php HTTP/1.1" 301 0 "-" "-"
15.181.49.93 - - [05/Apr/2026:16:04:38 +0200] "GET /blog/wp-admin/js/about.php HTTP/1.1" 404 12856 "-" "-"
216.244.66.232 - - [05/Apr/2026:16:04:38 +0200] "GET /robots.txt HTTP/1.1" 200 80 "-" "Mozilla/5.0 (compatible; DotBot/1.2; +https://opensiteexplorer.org/dotbot; help@moz.com)"
15.181.49.93 - - [05/Apr/2026:16:04:39 +0200] "GET /blog//yanz.php HTTP/1.1" 301 0 "-" "-"
15.181.49.93 - - [05/Apr/2026:16:04:39 +0200] "GET /blog/yanz.php HTTP/1.1" 404 12855 "-" "-"
15.181.49.93 - - [05/Apr/2026:16:04:40 +0200] "GET /blog//wp-content/plugins/Cache/Cache.php HTTP/1.1" 403 146 "-" "-"
15.181.49.93 - - [05/Apr/2026:16:04:41 +0200] "GET /blog//alfanew.php HTTP/1.1" 301 0 "-" "-"
15.181.49.93 - - [05/Apr/2026:16:04:42 +0200] "GET /blog/alfanew.php HTTP/1.1" 404 12939 "-" "-"
15.181.49.93 - - [05/Apr/2026:16:04:42 +0200] "GET /blog//alfa-rex.php7 HTTP/1.1" 301 0 "-" "-"
15.181.49.93 - - [05/Apr/2026:16:04:43 +0200] "GET /blog/alfa-rex.php7 HTTP/1.1" 404 12957 "-" "-"
15.181.49.93 - - [05/Apr/2026:16:04:45 +0200] "GET /blog//alfa-rex.php HTTP/1.1" 301 0 "-" "-"
15.181.49.93 - - [05/Apr/2026:16:04:45 +0200] "GET /blog/alfa-rex.php HTTP/1.1" 404 12883 "-" "-"
15.181.49.93 - - [05/Apr/2026:16:04:46 +0200] "GET /blog//wp-includes/Requests/Text/admin.php HTTP/1.1" 301 0 "-" "-"
15.181.49.93 - - [05/Apr/2026:16:04:47 +0200] "GET /blog/wp-includes/Requests/Text/admin.php HTTP/1.1" 404 12978 "-" "-"
15.181.49.93 - - [05/Apr/2026:16:04:48 +0200] "GET /blog//images/cloud.php HTTP/1.1" 301 0 "-" "-"
15.181.49.93 - - [05/Apr/2026:16:04:49 +0200] "GET /blog/images/cloud.php HTTP/1.1" 404 12857 "-" "-"
15.181.49.93 - - [05/Apr/2026:16:04:50 +0200] "GET /blog//wp-admin/network/cloud.php HTTP/1.1" 301 0 "-" "-"
15.181.49.93 - - [05/Apr/2026:16:04:50 +0200] "GET /blog/wp-admin/network/cloud.php HTTP/1.1" 404 12871 "-" "-"
15.181.49.93 - - [05/Apr/2026:16:04:51 +0200] "GET /blog//.well-known/pki-validation/cloud.php HTTP/1.1" 301 0 "-" "-"
15.181.49.93 - - [05/Apr/2026:16:04:52 +0200] "GET /blog/.well-known/pki-validation/cloud.php HTTP/1.1" 404 12853 "-" "-"
