34.90.250.11 - - [05/Apr/2026:21:28:13 +0200] "GET /%D0%B0%D0%B7-%D0%BF%D0%BE-%D0%B3%D0%BE%D0%BB%D1%8F%D0%BC-%D1%83%D1%80%D0%BE%D0%BA-%D0%BF%D0%BE-%D0%BF%D0%B0%D1%82%D1%80%D0%B8%D0%BE%D1%82%D0%B8%D0%B7%D1%8A%D0%BC-%D0%BD%D0%B5-%D1%81%D1%8A%D0%BC-%D1%87 HTTP/1.1" 301 0 "-" "Mozilla/5.0 (Windows NT 10.0; Win64; x64) AppleWebKit/537.36 (KHTML, like Gecko) Chrome/144.0.0.0 Safari/537.36 CCleaner/144.0.0.0"
34.32.148.131 - - [05/Apr/2026:21:28:13 +0200] "GET /%D0%BE%D0%B1%D0%B8%D1%87%D0%B0%D0%BB-%D0%BB%D0%B8-%D1%81%D0%B8-%D0%BD%D1%8F%D0%BA%D0%BE%D0%B3%D0%B0-%D1%82%D0%B0%D0%BA%D0%B0/ HTTP/1.1" 200 21574 "-" "Mozilla/5.0 (Windows NT 10.0; Win64; x64) AppleWebKit/537.36 (KHTML, like Gecko) Chrome/96.0.4664.93 Safari/537.36"
34.7.86.251 - - [05/Apr/2026:21:28:13 +0200] "GET /%D0%B2%D1%8A%D0%B7%D0%BC%D0%BE%D0%B6%D0%BD%D0%BE-%D0%BB%D0%B8-%D0%B1%D1%8A%D0%BB%D0%B3%D0%B0%D1%80%D0%B8%D1%82%D0%B5-%D0%B8%D0%B7%D0%B2%D1%8A%D0%BD-%D1%81%D1%82%D1%80%D0%B0%D0%BD%D0%B0%D1%82%D0%B0/ HTTP/1.1" 200 22162 "-" "Mozilla/5.0 (Macintosh; Intel Mac OS X 10_15_7) AppleWebKit/537.36 (KHTML, like Gecko) Chrome/116.0.0.0 Safari/537.36"
34.141.212.55 - - [05/Apr/2026:21:28:13 +0200] "GET /%D0%BA%D0%B0%D0%BA-%D0%BE%D1%82%D0%B1%D0%B5%D0%BB%D1%8F%D0%B7%D0%B2%D0%B0%D1%85%D0%BC%D0%B5-%D1%82%D1%80%D0%B8%D1%84%D0%BE%D0%BD-%D0%B7%D0%B0%D1%80%D0%B5%D0%B7%D0%B0%D0%BD-%D0%BF%D1%80%D0%B5%D0%B7/ HTTP/1.1" 200 22425 "-" "Mozilla/5.0 (Linux; x86_64 GNU/Linux) AppleWebKit/601.1 (KHTML, like Gecko) Version/8.0 Safari/601.1 WPE ComcastAppPlatform PX022AN RogersIgnite"
34.34.101.214 - - [05/Apr/2026:21:28:13 +0200] "GET /%D1%83%D0%BD%D0%B3%D0%B0%D1%80%D0%B8%D1%8F-%D0%B8-%D0%B1%D1%8A%D0%BB%D0%B3%D0%B0%D1%80%D0%B8%D1%8F-%D0%B4%D0%B2%D0%B5-%D0%BD%D0%B5%D1%81%D1%80%D0%B0%D0%B2%D0%BD%D0%B8%D0%BC%D0%B8-%D0%B2 HTTP/1.1" 301 0 "-" "Mozilla/5.0 (Macintosh; Intel Mac OS X 15_5) AppleWebKit/605.1.15 (KHTML, like Gecko) Version/18.4 Safari/605.1.15"
34.7.86.251 - - [05/Apr/2026:21:28:14 +0200] "GET /%D0%B2%D0%B5%D0%BD%D0%B5%D1%82%D0%B0-%D1%80%D0%B0%D0%B9%D0%BA%D0%BE%D0%B2%D0%B0-%D0%BE%D1%82%D1%81%D0%BB%D0%B0%D0%B1%D0%BD%D0%B0%D1%85-%D1%81%D1%8A%D1%81-7-%D0%BA%D0%B3-%D0%B7%D0%B0-2-%D1%81%D0%B5 HTTP/1.1" 301 0 "-" "Mozilla/5.0 (X11; CrOS x86_64 14541.0.0) AppleWebKit/537.36 (KHTML, like Gecko) Chrome/132.0.0.0 Safari/537.36"
34.90.250.11 - - [05/Apr/2026:21:28:14 +0200] "GET /%D0%B0%D0%B7-%D0%BF%D0%BE-%D0%B3%D0%BE%D0%BB%D1%8F%D0%BC-%D1%83%D1%80%D0%BE%D0%BA-%D0%BF%D0%BE-%D0%BF%D0%B0%D1%82%D1%80%D0%B8%D0%BE%D1%82%D0%B8%D0%B7%D1%8A%D0%BC-%D0%BD%D0%B5-%D1%81%D1%8A%D0%BC-%D1%87/ HTTP/1.1" 200 22118 "-" "Mozilla/5.0 (Windows NT 10.0; Win64; x64) AppleWebKit/537.36 (KHTML, like Gecko) Chrome/144.0.0.0 Safari/537.36 CCleaner/144.0.0.0"
34.34.101.214 - - [05/Apr/2026:21:28:14 +0200] "GET /%D1%83%D0%BD%D0%B3%D0%B0%D1%80%D0%B8%D1%8F-%D0%B8-%D0%B1%D1%8A%D0%BB%D0%B3%D0%B0%D1%80%D0%B8%D1%8F-%D0%B4%D0%B2%D0%B5-%D0%BD%D0%B5%D1%81%D1%80%D0%B0%D0%B2%D0%BD%D0%B8%D0%BC%D0%B8-%D0%B2/ HTTP/1.1" 200 20841 "-" "Mozilla/5.0 (Macintosh; Intel Mac OS X 15_5) AppleWebKit/605.1.15 (KHTML, like Gecko) Version/18.4 Safari/605.1.15"
34.7.86.251 - - [05/Apr/2026:21:28:14 +0200] "GET /%D0%B2%D0%B5%D0%BD%D0%B5%D1%82%D0%B0-%D1%80%D0%B0%D0%B9%D0%BA%D0%BE%D0%B2%D0%B0-%D0%BE%D1%82%D1%81%D0%BB%D0%B0%D0%B1%D0%BD%D0%B0%D1%85-%D1%81%D1%8A%D1%81-7-%D0%BA%D0%B3-%D0%B7%D0%B0-2-%D1%81%D0%B5/ HTTP/1.1" 200 22287 "-" "Mozilla/5.0 (X11; CrOS x86_64 14541.0.0) AppleWebKit/537.36 (KHTML, like Gecko) Chrome/132.0.0.0 Safari/537.36"
34.34.101.214 - - [05/Apr/2026:21:28:15 +0200] "GET /%D0%9B%D0%BE%D0%BD%D0%B4%D0%BE%D0%BD-%D0%9A%D0%A0%D0%90%D0%A1%D0%98%D0%92%D0%90-%D0%91%D0%AA%D0%9B%D0%93%D0%90%D0%A0%D0%9A%D0%90-%D0%9D%D0%90%D0%9F%D0%98%D0%A1%D0%90-%D0%9F%D0%9E%D0%A2%D0%A0%D0%95 HTTP/1.1" 301 0 "-" "Mozilla/5.0 (Macintosh; Intel Mac OS X 10_15_7) AppleWebKit/537.36 (KHTML, like Gecko) Chrome/109.0.0.0 Safari/537.36"
34.158.109.147 - - [05/Apr/2026:21:28:15 +0200] "GET /%D0%B5%D0%B6%D0%B5%D0%B4%D0%BD%D0%B5%D0%B2%D0%BD%D0%B8-%D0%BD%D0%B0%D0%B2%D0%B8%D1%86%D0%B8-%D0%BA%D0%BE%D0%B8%D1%82%D0%BE-%D0%B8%D0%B7%D0%BF%D0%B8%D0%B2%D0%B0%D1%82-%D0%B5%D0%BD%D0%B5%D1%80%D0%B3 HTTP/1.1" 301 0 "-" "Mozilla/5.0 (Macintosh; Intel Mac OS X 26_3_0) AppleWebKit/537.36 (KHTML, like Gecko) Chrome/144.0.7559.133 Safari/537.36"
34.32.216.109 - - [05/Apr/2026:21:28:15 +0200] "GET /%D1%82%D0%B0%D0%BD%D0%BA%D0%B5%D1%80%D1%8A%D1%82-%D1%85%D0%B0%D0%BD-%D0%B0%D1%81%D0%BF%D0%B0%D1%80%D1%83%D1%85-%D1%84%D0%BB%D0%B0%D0%B3%D0%BC%D0%B0%D0%BD%D1%8A%D1%82-%D0%BD HTTP/1.1" 301 0 "-" "Mozilla/5.0 (Windows NT 10.0; Win64; x64) AppleWebKit/537.36 (KHTML, like Gecko) Chrome/143.0.0.0 Safari/537.36 AVG/143.0.0.0"
43.159.139.164 - - [05/Apr/2026:21:28:15 +0200] "GET /%d0%b7%d0%b0-%d1%81%d0%b5%d0%bb%d1%8f%d0%bd%d0%b8%d1%82%d0%b5/ HTTP/1.1" 200 22134 "-" "Mozilla/5.0 (iPhone; CPU iPhone OS 13_2_3 like Mac OS X) AppleWebKit/605.1.15 (KHTML, like Gecko) Version/13.0.3 Mobile/15E148 Safari/604.1"
34.7.86.251 - - [05/Apr/2026:21:28:15 +0200] "GET /%D0%BA%D0%B0%D1%82%D1%80%D0%B8%D0%BD-%D1%82%D0%B0%D1%81%D0%B5%D0%B2%D0%B0-%D0%B8-%D0%B1%D0%BE%D1%80%D1%8F%D0%BD%D0%B0-%D0%BA%D0%B0%D0%BB%D0%B5%D0%B9%D0%BD-%D1%81-5-%D0%BC%D0%B5%D0%B4%D0%B0%D0%BB%D0%B0 HTTP/1.1" 301 0 "-" "Mozilla/5.0 (Macintosh; Intel Mac OS X 10_15_7) AppleWebKit/605.1.15 (KHTML, like Gecko) CriOS/146 Version/11.1.1 Safari/605.1.15"
34.34.101.214 - - [05/Apr/2026:21:28:15 +0200] "GET /%D0%9B%D0%BE%D0%BD%D0%B4%D0%BE%D0%BD-%D0%9A%D0%A0%D0%90%D0%A1%D0%98%D0%92%D0%90-%D0%91%D0%AA%D0%9B%D0%93%D0%90%D0%A0%D0%9A%D0%90-%D0%9D%D0%90%D0%9F%D0%98%D0%A1%D0%90-%D0%9F%D0%9E%D0%A2%D0%A0%D0%95/ HTTP/1.1" 200 26840 "-" "Mozilla/5.0 (Macintosh; Intel Mac OS X 10_15_7) AppleWebKit/537.36 (KHTML, like Gecko) Chrome/109.0.0.0 Safari/537.36"
34.158.109.147 - - [05/Apr/2026:21:28:15 +0200] "GET /%D0%B5%D0%B6%D0%B5%D0%B4%D0%BD%D0%B5%D0%B2%D0%BD%D0%B8-%D0%BD%D0%B0%D0%B2%D0%B8%D1%86%D0%B8-%D0%BA%D0%BE%D0%B8%D1%82%D0%BE-%D0%B8%D0%B7%D0%BF%D0%B8%D0%B2%D0%B0%D1%82-%D0%B5%D0%BD%D0%B5%D1%80%D0%B3/ HTTP/1.1" 200 23509 "-" "Mozilla/5.0 (Macintosh; Intel Mac OS X 26_3_0) AppleWebKit/537.36 (KHTML, like Gecko) Chrome/144.0.7559.133 Safari/537.36"
34.7.86.251 - - [05/Apr/2026:21:28:15 +0200] "GET /%D0%BA%D0%B0%D1%82%D1%80%D0%B8%D0%BD-%D1%82%D0%B0%D1%81%D0%B5%D0%B2%D0%B0-%D0%B8-%D0%B1%D0%BE%D1%80%D1%8F%D0%BD%D0%B0-%D0%BA%D0%B0%D0%BB%D0%B5%D0%B9%D0%BD-%D1%81-5-%D0%BC%D0%B5%D0%B4%D0%B0%D0%BB%D0%B0/ HTTP/1.1" 200 21266 "-" "Mozilla/5.0 (Macintosh; Intel Mac OS X 10_15_7) AppleWebKit/605.1.15 (KHTML, like Gecko) CriOS/146 Version/11.1.1 Safari/605.1.15"
34.32.216.109 - - [05/Apr/2026:21:28:16 +0200] "GET /%D1%82%D0%B0%D0%BD%D0%BA%D0%B5%D1%80%D1%8A%D1%82-%D1%85%D0%B0%D0%BD-%D0%B0%D1%81%D0%BF%D0%B0%D1%80%D1%83%D1%85-%D1%84%D0%BB%D0%B0%D0%B3%D0%BC%D0%B0%D0%BD%D1%8A%D1%82-%D0%BD/ HTTP/1.1" 200 25967 "-" "Mozilla/5.0 (Windows NT 10.0; Win64; x64) AppleWebKit/537.36 (KHTML, like Gecko) Chrome/143.0.0.0 Safari/537.36 AVG/143.0.0.0"
34.32.216.109 - - [05/Apr/2026:21:28:18 +0200] "GET /%D1%83%D0%BD%D0%B8%D0%BA%D0%B0%D0%BB%D0%BD%D0%B8%D1%82%D0%B5-%D0%BF%D0%BE%D0%BB%D0%B7%D0%B8-%D0%BE%D1%82-%D0%BF%D0%B8%D0%B5%D0%BD%D0%B5%D1%82%D0%BE-%D0%BD%D0%B0-%D1%82%D0%BE%D0%BF%D0%BB%D0%B0-%D0%B2 HTTP/1.1" 301 0 "-" "Mozilla/5.0 (Windows NT 10.0; Win64; x64) AppleWebKit/537.36 (KHTML, like Gecko) Chrome/134.0.0.0 Safari/537.36 OPR/119.0.0.0"
34.32.216.109 - - [05/Apr/2026:21:28:19 +0200] "GET /%D1%83%D0%BD%D0%B8%D0%BA%D0%B0%D0%BB%D0%BD%D0%B8%D1%82%D0%B5-%D0%BF%D0%BE%D0%BB%D0%B7%D0%B8-%D0%BE%D1%82-%D0%BF%D0%B8%D0%B5%D0%BD%D0%B5%D1%82%D0%BE-%D0%BD%D0%B0-%D1%82%D0%BE%D0%BF%D0%BB%D0%B0-%D0%B2/ HTTP/1.1" 200 22164 "-" "Mozilla/5.0 (Windows NT 10.0; Win64; x64) AppleWebKit/537.36 (KHTML, like Gecko) Chrome/134.0.0.0 Safari/537.36 OPR/119.0.0.0"
34.34.101.214 - - [05/Apr/2026:21:28:29 +0200] "GET /%D1%80%D1%83%D1%81%D0%BA%D0%B0%D1%82%D0%B0-%D0%BB%D0%B5%D1%87%D0%B8%D1%82%D0%B5%D0%BB%D0%BA%D0%B0-%D0%B8-%D0%BF%D0%BE%D1%81%D0%BB%D0%B5%D0%B4%D0%BE%D0%B2%D0%B0%D1%82%D0%B5%D0%BB%D0%BA%D0%B0-%D0%BD HTTP/1.1" 301 0 "-" "Mozilla/5.0 (Windows NT 14.0) AppleWebKit/537.36 (KHTML, like Gecko) Chrome/145.0.7632.111 Safari/537.36"
34.90.250.11 - - [05/Apr/2026:21:28:29 +0200] "GET /40-%D0%BE%D1%82-%D1%82%D0%B5%D1%80%D0%B8%D1%82%D0%BE%D1%80%D0%B8%D1%8F%D1%82%D0%B0-%D0%BD%D0%B0-%D0%B1%D1%8A%D0%BB%D0%B3%D0%B0%D1%80%D0%B8%D1%8F-%D0%B5-%D0%B4%D0%B5%D0%BC%D0%BE%D0%B3%D1%80%D0%B0%D1%84 HTTP/1.1" 301 0 "-" "Mozilla/5.0 (X11; Linux x86_64) AppleWebKit/537.36 (KHTML, like Gecko) Chrome/91.0.4472.120 Safari/537.36"
34.34.101.214 - - [05/Apr/2026:21:28:30 +0200] "GET /%D1%80%D1%83%D1%81%D0%BA%D0%B0%D1%82%D0%B0-%D0%BB%D0%B5%D1%87%D0%B8%D1%82%D0%B5%D0%BB%D0%BA%D0%B0-%D0%B8-%D0%BF%D0%BE%D1%81%D0%BB%D0%B5%D0%B4%D0%BE%D0%B2%D0%B0%D1%82%D0%B5%D0%BB%D0%BA%D0%B0-%D0%BD/ HTTP/1.1" 200 24193 "-" "Mozilla/5.0 (Windows NT 14.0) AppleWebKit/537.36 (KHTML, like Gecko) Chrome/145.0.7632.111 Safari/537.36"
34.90.250.11 - - [05/Apr/2026:21:28:30 +0200] "GET /40-%D0%BE%D1%82-%D1%82%D0%B5%D1%80%D0%B8%D1%82%D0%BE%D1%80%D0%B8%D1%8F%D1%82%D0%B0-%D0%BD%D0%B0-%D0%B1%D1%8A%D0%BB%D0%B3%D0%B0%D1%80%D0%B8%D1%8F-%D0%B5-%D0%B4%D0%B5%D0%BC%D0%BE%D0%B3%D1%80%D0%B0%D1%84/ HTTP/1.1" 200 21677 "-" "Mozilla/5.0 (X11; Linux x86_64) AppleWebKit/537.36 (KHTML, like Gecko) Chrome/91.0.4472.120 Safari/537.36"
34.158.109.147 - - [05/Apr/2026:21:28:30 +0200] "GET /%D0%BD%D0%B8%D0%B5-%D0%B1%D1%8F%D1%85%D0%BC%D0%B5-%D0%B4%D0%B5%D1%86%D0%B0-%D0%BF%D0%BE-%D0%B2%D1%80%D0%B5%D0%BC%D0%B5-%D0%BD%D0%B0-%D1%81%D0%BE%D1%86%D0%B8%D0%B0%D0%BB%D0%B8%D0%B7%D0%BC%D0%B0-%D0%B5 HTTP/1.1" 301 0 "-" "Mozilla/5.0 (Macintosh; Intel Mac OS X 10_15_7) AppleWebKit/605.1.15 (KHTML, like Gecko) Version/16.0 Safari/605.1.15"
34.158.109.147 - - [05/Apr/2026:21:28:31 +0200] "GET /%D0%BD%D0%B8%D0%B5-%D0%B1%D1%8F%D1%85%D0%BC%D0%B5-%D0%B4%D0%B5%D1%86%D0%B0-%D0%BF%D0%BE-%D0%B2%D1%80%D0%B5%D0%BC%D0%B5-%D0%BD%D0%B0-%D1%81%D0%BE%D1%86%D0%B8%D0%B0%D0%BB%D0%B8%D0%B7%D0%BC%D0%B0-%D0%B5/ HTTP/1.1" 200 21660 "-" "Mozilla/5.0 (Macintosh; Intel Mac OS X 10_15_7) AppleWebKit/605.1.15 (KHTML, like Gecko) Version/16.0 Safari/605.1.15"
34.34.101.214 - - [05/Apr/2026:21:29:26 +0200] "GET /%D0%BE%D0%B1%D0%B8%D1%87%D0%B0%D0%BC-%D1%82%D0%B5-%D0%B1%D0%B5%D0%B7%D0%BA%D1%80%D0%B0%D0%B9 HTTP/1.1" 301 0 "-" "Mozilla/5.0 (Macintosh; Intel Mac OS X 10_15_7) AppleWebKit/605.1.15 (KHTML, like Gecko) CriOS/146 Version/11.1.1 Safari/605.1.15"
161.97.137.93 - - [05/Apr/2026:21:29:27 +0200] "POST /wp-cron.php?doing_wp_cron=1775417366.4979350566864013671875 HTTP/1.1" 404 13057 "http://bulpress.top/wp-cron.php?doing_wp_cron=1775417366.4979350566864013671875" "WordPress/4.9.26; http://bulpress.top"
34.7.86.251 - - [05/Apr/2026:21:29:27 +0200] "GET /%D0%B2%D0%B0%D1%81%D0%B8%D0%BB-%D0%BC%D0%B8%D1%85%D0%B0%D0%B9%D0%BB%D0%BE%D0%B2-%D0%BC%D1%8A%D0%B6%D1%8A%D1%82-%D0%B8%D0%BC%D0%B0-%D0%B2-%D0%B6%D0%B8%D0%B2%D0%BE%D1%82%D0%B0-%D1%81%D0%B8-2-%D0%B6 HTTP/1.1" 301 0 "-" "Mozilla/5.0 (X11; Linux x86_64; rv:91.0) Gecko/20100101 Firefox/91.0"
161.97.137.93 - - [05/Apr/2026:21:29:27 +0200] "POST /wp-cron.php?doing_wp_cron=1775417366.4328370094299316406250 HTTP/1.1" 404 12940 "http://bulpress.top/wp-cron.php?doing_wp_cron=1775417366.4328370094299316406250" "WordPress/4.9.26; http://bulpress.top"
34.7.86.251 - - [05/Apr/2026:21:29:27 +0200] "GET /%D1%80%D0%B0%D0%B7%D1%80%D0%B0%D0%B1%D0%BE%D1%82%D0%BA%D0%B0-%D0%BD%D0%B0-%D0%B1%D1%8A%D0%BB%D0%B3%D0%B0%D1%80%D1%81%D0%BA%D0%B8-%D1%83%D1%87%D0%B5%D0%BD%D0%B8-%D0%BF%D0%BE%D0%B2%D0%B8%D1%88%D0%B0 HTTP/1.1" 301 0 "-" "Mozilla/5.0 (Macintosh; Intel Mac OS X 10_15_7) AppleWebKit/605.1.15 (KHTML, like Gecko) CriOS/144 Version/11.1.1 Safari/605.1.15"
34.34.101.214 - - [05/Apr/2026:21:29:27 +0200] "GET /%D0%BE%D0%B1%D0%B8%D1%87%D0%B0%D0%BC-%D1%82%D0%B5-%D0%B1%D0%B5%D0%B7%D0%BA%D1%80%D0%B0%D0%B9/ HTTP/1.1" 200 21100 "-" "Mozilla/5.0 (Macintosh; Intel Mac OS X 10_15_7) AppleWebKit/605.1.15 (KHTML, like Gecko) CriOS/146 Version/11.1.1 Safari/605.1.15"
34.7.86.251 - - [05/Apr/2026:21:29:27 +0200] "GET /%D0%B2%D0%B0%D1%81%D0%B8%D0%BB-%D0%BC%D0%B8%D1%85%D0%B0%D0%B9%D0%BB%D0%BE%D0%B2-%D0%BC%D1%8A%D0%B6%D1%8A%D1%82-%D0%B8%D0%BC%D0%B0-%D0%B2-%D0%B6%D0%B8%D0%B2%D0%BE%D1%82%D0%B0-%D1%81%D0%B8-2-%D0%B6/ HTTP/1.1" 200 21830 "-" "Mozilla/5.0 (X11; Linux x86_64; rv:91.0) Gecko/20100101 Firefox/91.0"
34.7.86.251 - - [05/Apr/2026:21:29:27 +0200] "GET /%D1%80%D0%B0%D0%B7%D1%80%D0%B0%D0%B1%D0%BE%D1%82%D0%BA%D0%B0-%D0%BD%D0%B0-%D0%B1%D1%8A%D0%BB%D0%B3%D0%B0%D1%80%D1%81%D0%BA%D0%B8-%D1%83%D1%87%D0%B5%D0%BD%D0%B8-%D0%BF%D0%BE%D0%B2%D0%B8%D1%88%D0%B0/ HTTP/1.1" 200 22580 "-" "Mozilla/5.0 (Macintosh; Intel Mac OS X 10_15_7) AppleWebKit/605.1.15 (KHTML, like Gecko) CriOS/144 Version/11.1.1 Safari/605.1.15"
85.208.96.207 - - [05/Apr/2026:21:29:31 +0200] "GET /tag/%D0%B4%D0%B5%D1%81%D0%B5%D1%82%D0%B8%D0%BB%D0%B5%D1%82%D0%B8%D1%8F/ HTTP/1.1" 200 15693 "-" "Mozilla/5.0 (compatible; SemrushBot/7~bl; +http://www.semrush.com/bot.html)"
161.97.137.93 - - [05/Apr/2026:21:30:59 +0200] "POST /wp-cron.php?doing_wp_cron=1775417458.8996150493621826171875 HTTP/1.1" 404 12980 "http://bulpress.top/wp-cron.php?doing_wp_cron=1775417458.8996150493621826171875" "WordPress/4.9.26; http://bulpress.top"
185.191.171.13 - - [05/Apr/2026:21:30:59 +0200] "GET /tag/%D0%BA%D1%80%D0%BE%D0%BC%D0%B8%D0%B4-%D0%BB%D1%83%D0%BA/ HTTP/1.1" 200 15006 "-" "Mozilla/5.0 (compatible; SemrushBot/7~bl; +http://www.semrush.com/bot.html)"
176.56.39.105 - - [05/Apr/2026:21:31:41 +0200] "POST /wp-login.php HTTP/1.1" 200 4375 "-" "Mozilla/5.0"
161.97.137.93 - - [05/Apr/2026:21:33:59 +0200] "POST /wp-cron.php?doing_wp_cron=1775417638.3196249008178710937500 HTTP/1.1" 404 12858 "http://bulpress.top/wp-cron.php?doing_wp_cron=1775417638.3196249008178710937500" "WordPress/4.9.26; http://bulpress.top"
85.208.96.196 - - [05/Apr/2026:21:33:59 +0200] "GET /%D0%B7%D0%B0%D1%89%D0%BE-%D0%B4%D0%B8%D0%BC%D0%B8%D1%82%D1%8A%D1%80-%D0%B4%D0%B8%D0%BC%D0%B8%D1%82%D1%80%D0%BE%D0%B2-%D1%80%D0%B5%D1%88%D0%B8-%D0%B4%D0%B0-%D1%80%D0%B0%D0%B7%D0%B4%D0%B0%D0%B4%D0%B5/kartofi/ HTTP/1.1" 200 15434 "-" "Mozilla/5.0 (compatible; SemrushBot/7~bl; +http://www.semrush.com/bot.html)"
185.191.171.6 - - [05/Apr/2026:21:34:19 +0200] "GET /tag/%D0%B7%D0%B0%D0%B1%D1%80%D0%B0%D0%BD%D0%B5%D0%BD%D0%B0%D1%82%D0%B0-%D0%BE%D0%B1%D0%B5%D0%B4%D0%B8%D0%BD%D0%B5%D0%BD%D0%B0-%D0%B1%D1%8A%D0%BB%D0%B3%D0%B0%D1%80%D0%B8%D1%8F/ HTTP/1.1" 200 14904 "-" "Mozilla/5.0 (compatible; SemrushBot/7~bl; +http://www.semrush.com/bot.html)"
161.97.137.93 - - [05/Apr/2026:21:35:37 +0200] "POST /wp-cron.php?doing_wp_cron=1775417737.1349179744720458984375 HTTP/1.1" 404 12884 "http://bulpress.top/wp-cron.php?doing_wp_cron=1775417737.1349179744720458984375" "WordPress/4.9.26; http://bulpress.top"
85.208.96.209 - - [05/Apr/2026:21:35:38 +0200] "GET /tag/%D0%B0%D0%BA%D1%83%D1%80%D0%B0%D1%82%D0%BD%D0%BE%D1%82%D0%BE-%D1%85%D1%80%D0%B0%D0%BD%D0%B5%D0%BD%D0%B5/ HTTP/1.1" 200 14873 "-" "Mozilla/5.0 (compatible; SemrushBot/7~bl; +http://www.semrush.com/bot.html)"
216.244.66.232 - - [05/Apr/2026:21:36:08 +0200] "GET /robots.txt HTTP/1.1" 502 150 "-" "Mozilla/5.0 (compatible; DotBot/1.2; +https://opensiteexplorer.org/dotbot; help@moz.com)"
161.97.137.93 - - [05/Apr/2026:21:37:35 +0200] "POST /wp-cron.php?doing_wp_cron=1775417854.6307849884033203125000 HTTP/1.1" 404 12870 "http://bulpress.top/wp-cron.php?doing_wp_cron=1775417854.6307849884033203125000" "WordPress/4.9.26; http://bulpress.top"
116.179.32.31 - - [05/Apr/2026:21:37:35 +0200] "GET /?s=%D0%98%D0%B2%D0%BE%D0%BD%D0%B0 HTTP/1.1" 200 15897 "-" "Mozilla/5.0 (compatible; Baiduspider/2.0; +http://www.baidu.com/search/spider.html)"
116.179.37.3 - - [05/Apr/2026:21:37:41 +0200] "GET /wp-includes/js/jquery/jquery.js?ver=1.12.4 HTTP/1.1" 200 34040 "http://bulpress.top/?s=%D0%98%D0%B2%D0%BE%D0%BD%D0%B0" "Mozilla/5.0 (compatible; Baiduspider-render/2.0; +http://www.baidu.com/search/spider.html)"
116.179.37.216 - - [05/Apr/2026:21:37:41 +0200] "GET /wp-content/uploads/2018/12/bg-usa-150x150.jpeg HTTP/1.1" 200 8610 "http://bulpress.top/?s=%D0%98%D0%B2%D0%BE%D0%BD%D0%B0" "Mozilla/5.0 (compatible; Baiduspider-render/2.0; +http://www.baidu.com/search/spider.html)"
116.179.37.44 - - [05/Apr/2026:21:37:41 +0200] "GET /wp-includes/js/jquery/jquery-migrate.min.js?ver=1.4.1 HTTP/1.1" 200 4028 "http://bulpress.top/?s=%D0%98%D0%B2%D0%BE%D0%BD%D0%B0" "Mozilla/5.0 (compatible; Baiduspider-render/2.0; +http://www.baidu.com/search/spider.html)"
116.179.37.44 - - [05/Apr/2026:21:37:42 +0200] "GET /wp-content/uploads/2018/04/chalga-150x150.jpg HTTP/1.1" 200 7214 "http://bulpress.top/?s=%D0%98%D0%B2%D0%BE%D0%BD%D0%B0" "Mozilla/5.0 (compatible; Baiduspider-render/2.0; +http://www.baidu.com/search/spider.html)"
116.179.37.16 - - [05/Apr/2026:21:37:42 +0200] "GET /wp-content/plugins/jetpack/modules/wpgroho.js?ver=4.9.26 HTTP/1.1" 200 501 "http://bulpress.top/?s=%D0%98%D0%B2%D0%BE%D0%BD%D0%B0" "Mozilla/5.0 (compatible; Baiduspider-render/2.0; +http://www.baidu.com/search/spider.html)"
116.179.37.245 - - [05/Apr/2026:21:37:42 +0200] "GET /wp-includes/js/wp-emoji-release.min.js?ver=4.9.26 HTTP/1.1" 200 4398 "http://bulpress.top/?s=%D0%98%D0%B2%D0%BE%D0%BD%D0%B0" "Mozilla/5.0 (compatible; Baiduspider-render/2.0; +http://www.baidu.com/search/spider.html)"
116.179.37.83 - - [05/Apr/2026:21:37:42 +0200] "GET /wp-content/uploads/2019/06/japan_900-218x150.jpg HTTP/1.1" 200 9892 "http://bulpress.top/?s=%D0%98%D0%B2%D0%BE%D0%BD%D0%B0" "Mozilla/5.0 (compatible; Baiduspider-render/2.0; +http://www.baidu.com/search/spider.html)"
116.179.37.182 - - [05/Apr/2026:21:37:42 +0200] "GET /wp-content/uploads/2019/08/bay-gano-218x150.jpg HTTP/1.1" 200 6353 "http://bulpress.top/?s=%D0%98%D0%B2%D0%BE%D0%BD%D0%B0" "Mozilla/5.0 (compatible; Baiduspider-render/2.0; +http://www.baidu.com/search/spider.html)"
116.179.37.57 - - [05/Apr/2026:21:37:42 +0200] "GET /wp-content/uploads/2017/09/08_Flughafen_Frankfurt_AlumniseiteBild1-1024x674-100x70.jpg HTTP/1.1" 200 4053 "http://bulpress.top/?s=%D0%98%D0%B2%D0%BE%D0%BD%D0%B0" "Mozilla/5.0 (compatible; Baiduspider-render/2.0; +http://www.baidu.com/search/spider.html)"
116.179.37.2 - - [05/Apr/2026:21:37:42 +0200] "GET /wp-content/uploads/2019/08/d0bdd0b8d0bcd0b0-d181d0bcd0b5-d0bfd0bed181d0bbd0b5d0b4d0bdd0b8d182d0b5-d0b1d18ad0bbd0b3d0b0d180d0b8-d0bed181d0bad0bed182d18fd0b2d0b0-3-218x150.jpg HTTP/1.1" 200 9900 "http://bulpress.top/?s=%D0%98%D0%B2%D0%BE%D0%BD%D0%B0" "Mozilla/5.0 (compatible; Baiduspider-render/2.0; +http://www.baidu.com/search/spider.html)"
116.179.37.137 - - [05/Apr/2026:21:37:42 +0200] "GET /wp-content/uploads/2019/06/tikvi4ki-100x70.jpg HTTP/1.1" 200 3549 "http://bulpress.top/?s=%D0%98%D0%B2%D0%BE%D0%BD%D0%B0" "Mozilla/5.0 (compatible; Baiduspider-render/2.0; +http://www.baidu.com/search/spider.html)"
116.179.37.119 - - [05/Apr/2026:21:37:42 +0200] "GET /wp-content/uploads/2017/10/d0b5d0bcd0b8d0b3d180d0b0d0bdd182d0b8-100x70.jpg HTTP/1.1" 200 4029 "http://bulpress.top/?s=%D0%98%D0%B2%D0%BE%D0%BD%D0%B0" "Mozilla/5.0 (compatible; Baiduspider-render/2.0; +http://www.baidu.com/search/spider.html)"
116.179.37.2 - - [05/Apr/2026:21:37:42 +0200] "GET /wp-includes/js/wp-embed.min.js?ver=4.9.26 HTTP/1.1" 200 789 "http://bulpress.top/?s=%D0%98%D0%B2%D0%BE%D0%BD%D0%B0" "Mozilla/5.0 (compatible; Baiduspider-render/2.0; +http://www.baidu.com/search/spider.html)"
116.179.37.151 - - [05/Apr/2026:21:37:42 +0200] "GET /wp-content/uploads/2018/01/soc-100x70.jpg HTTP/1.1" 200 2577 "http://bulpress.top/?s=%D0%98%D0%B2%D0%BE%D0%BD%D0%B0" "Mozilla/5.0 (compatible; Baiduspider-render/2.0; +http://www.baidu.com/search/spider.html)"
116.179.37.223 - - [05/Apr/2026:21:37:42 +0200] "GET /wp-content/uploads/2020/11/aff52dc4cdc82c80a74f267caf8d5ddf-218x150.jpg HTTP/1.1" 200 10715 "http://bulpress.top/?s=%D0%98%D0%B2%D0%BE%D0%BD%D0%B0" "Mozilla/5.0 (compatible; Baiduspider-render/2.0; +http://www.baidu.com/search/spider.html)"
116.179.37.240 - - [05/Apr/2026:21:37:43 +0200] "GET /wp-content/themes/Newspaper/js/tagdiv_theme.js?ver=8.0 HTTP/1.1" 200 103049 "http://bulpress.top/?s=%D0%98%D0%B2%D0%BE%D0%BD%D0%B0" "Mozilla/5.0 (compatible; Baiduspider-render/2.0; +http://www.baidu.com/search/spider.html)"
116.179.37.164 - - [05/Apr/2026:21:37:43 +0200] "GET /wp-content/uploads/2020/04/putin-1-100x70.jpg HTTP/1.1" 200 3093 "http://bulpress.top/?s=%D0%98%D0%B2%D0%BE%D0%BD%D0%B0" "Mozilla/5.0 (compatible; Baiduspider-render/2.0; +http://www.baidu.com/search/spider.html)"
161.97.137.93 - - [05/Apr/2026:21:38:46 +0200] "POST /wp-cron.php?doing_wp_cron=1775417926.1197919845581054687500 HTTP/1.1" 404 12845 "http://bulpress.top/wp-cron.php?doing_wp_cron=1775417926.1197919845581054687500" "WordPress/4.9.26; http://bulpress.top"
49.51.252.146 - - [05/Apr/2026:21:38:47 +0200] "GET /wp-content/uploads/2017/08/log HTTP/1.1" 404 12938 "-" "Mozilla/5.0 (iPhone; CPU iPhone OS 13_2_3 like Mac OS X) AppleWebKit/605.1.15 (KHTML, like Gecko) Version/13.0.3 Mobile/15E148 Safari/604.1"
185.191.171.15 - - [05/Apr/2026:21:38:56 +0200] "GET /tag/%D0%BD%D0%BE%D0%B2%D0%B8%D0%BD%D0%B8%D1%82%D0%B5-%D0%B4%D0%BD%D0%B5%D1%81/page/33/ HTTP/1.1" 403 285 "-" "Mozilla/5.0 (compatible; SemrushBot/7~bl; +http://www.semrush.com/bot.html)"
216.244.66.232 - - [05/Apr/2026:21:39:05 +0200] "GET /author/bulpress/ HTTP/1.1" 200 18632 "-" "Mozilla/5.0 (compatible; DotBot/1.2; +https://opensiteexplorer.org/dotbot; help@moz.com)"
8.228.88.249 - - [05/Apr/2026:21:40:59 +0200] "GET /category/%d0%91%d1%8a%d0%bb%d0%b3%d0%b0%d1%80%d0%b8%d1%8f/feed/ HTTP/1.1" 200 55198 "-" "Mozilla/5.0 (Windows NT 6.3; WOW64; rv:33.0) Gecko/20100101 Firefox/33.0"
161.97.137.93 - - [05/Apr/2026:21:44:53 +0200] "POST /wp-cron.php?doing_wp_cron=1775418292.4498128890991210937500 HTTP/1.1" 404 12858 "http://bulpress.top/wp-cron.php?doing_wp_cron=1775418292.4498128890991210937500" "WordPress/4.9.26; http://bulpress.top"
37.59.204.142 - - [05/Apr/2026:21:44:53 +0200] "GET /%D0%B5%D0%BC%D0%B8%D0%B3%D1%80%D0%B0%D0%BD%D1%82%D0%B8-%D0%B8%D0%B7%D0%BF%D1%80%D0%B0%D1%82%D0%B8%D1%85%D0%B0-848-%D0%BC%D0%BB%D0%BD-%D0%B5%D0%B2%D1%80%D0%BE/ HTTP/1.1" 200 21272 "-" "Mozilla/5.0 (compatible; AhrefsBot/7.0; +http://ahrefs.com/robot/)"
161.97.137.93 - - [05/Apr/2026:21:44:53 +0200] "POST /wp-cron.php?doing_wp_cron=1775418292.7392630577087402343750 HTTP/1.1" 404 12860 "http://bulpress.top/wp-cron.php?doing_wp_cron=1775418292.7392630577087402343750" "WordPress/4.9.26; http://bulpress.top"
85.208.96.194 - - [05/Apr/2026:21:44:53 +0200] "GET /%D1%81%D0%BB%D0%B5%D0%B4-%D0%B3%D1%83%D1%80%D0%B1%D0%B5%D1%82-37-%D0%B3%D0%BE%D0%B4%D0%B8%D1%88%D0%BD%D0%B8%D1%8F%D1%82-%D0%B9%D0%BE%D1%80%D0%B4%D0%B0%D0%BD-%D1%82%D1%80%D1%8A%D0%B2%D0%BD%D0%B5%D0%B2/recepta-e1479367326244-696x522/ HTTP/1.1" 200 15409 "-" "Mozilla/5.0 (compatible; SemrushBot/7~bl; +http://www.semrush.com/bot.html)"
8.228.88.249 - - [05/Apr/2026:21:45:05 +0200] "GET /news/feed/ HTTP/1.1" 200 514 "-" "Mozilla/5.0 (Windows NT 6.3; WOW64; rv:33.0) Gecko/20100101 Firefox/33.0"
161.97.137.93 - - [05/Apr/2026:21:45:59 +0200] "POST /wp-cron.php?doing_wp_cron=1775418358.3665740489959716796875 HTTP/1.1" 404 12870 "http://bulpress.top/wp-cron.php?doing_wp_cron=1775418358.3665740489959716796875" "WordPress/4.9.26; http://bulpress.top"
185.191.171.13 - - [05/Apr/2026:21:45:59 +0200] "GET /tag/%D0%BA%D0%B0%D0%BA-%D1%82%D0%BE%D0%B4%D0%BE%D1%80-%D0%B6%D0%B8%D0%B2%D0%BA%D0%BE%D0%B2-%D1%85%D1%80%D0%B0%D0%BD%D0%B5%D1%88%D0%B5-%D0%B1%D1%8A%D0%B4%D0%B5%D1%89%D0%B8%D1%82%D0%B5-%D1%88%D0%B0%D0%BC/ HTTP/1.1" 200 14851 "-" "Mozilla/5.0 (compatible; SemrushBot/7~bl; +http://www.semrush.com/bot.html)"
8.228.88.249 - - [05/Apr/2026:21:46:08 +0200] "GET /feed/ HTTP/1.1" 200 49033 "-" "Mozilla/5.0 (Windows NT 6.3; WOW64; rv:33.0) Gecko/20100101 Firefox/33.0"
161.97.137.93 - - [05/Apr/2026:21:47:13 +0200] "POST /wp-cron.php?doing_wp_cron=1775418432.8400850296020507812500 HTTP/1.1" 404 12979 "http://bulpress.top/wp-cron.php?doing_wp_cron=1775418432.8400850296020507812500" "WordPress/4.9.26; http://bulpress.top"
85.208.96.193 - - [05/Apr/2026:21:47:13 +0200] "GET /tag/%D1%81%D0%B5%D0%BA%D1%81-%D0%B2-%D0%BE%D1%80%D0%B1%D0%B8%D1%82%D0%B0/ HTTP/1.1" 200 14996 "-" "Mozilla/5.0 (compatible; SemrushBot/7~bl; +http://www.semrush.com/bot.html)"
199.7.140.198 - - [05/Apr/2026:21:47:37 +0200] "GET /wp-content/uploads/2019/03/maistora-218x150.jpg HTTP/1.1" 200 7738 "-" "Mozilla/5.0 (X11; Linux x86_64) AppleWebKit/537.36 (KHTML, like Gecko) Chrome/124.0.0.0 Safari/537.36"
198.98.50.128 - - [05/Apr/2026:21:48:08 +0200] "GET /wp-login.php HTTP/1.1" 200 4374 "-" "Mozilla/5.0 (Windows NT 10.0; Win64; x64) AppleWebKit/537.36"
161.97.137.93 - - [05/Apr/2026:21:49:41 +0200] "POST /wp-cron.php?doing_wp_cron=1775418580.2645409107208251953125 HTTP/1.1" 404 12899 "http://bulpress.top/wp-cron.php?doing_wp_cron=1775418580.2645409107208251953125" "WordPress/4.9.26; http://bulpress.top"
185.191.171.6 - - [05/Apr/2026:21:49:41 +0200] "GET /tag/%D0%95%D0%A1/page/16/ HTTP/1.1" 200 20573 "-" "Mozilla/5.0 (compatible; SemrushBot/7~bl; +http://www.semrush.com/bot.html)"
92.222.104.221 - - [05/Apr/2026:21:49:51 +0200] "GET /wp-content/uploads/2017/09/d0b8d0bcd0b8d0b3d180d0b0d0bdd182d0b8.jpg HTTP/1.1" 200 53575 "-" "Mozilla/5.0 (compatible; AhrefsBot/7.0; +http://ahrefs.com/robot/)"
5.39.1.226 - - [05/Apr/2026:21:49:52 +0200] "GET /%D0%B5%D0%BC%D0%B8%D0%B3%D1%80%D0%B0%D0%BD%D1%82%D0%B8-%D0%B8%D0%B7%D0%BF%D1%80%D0%B0%D1%82%D0%B8%D1%85%D0%B0-848-%D0%BC%D0%BB%D0%BD-%D0%B5%D0%B2%D1%80%D0%BE/ HTTP/1.1" 200 21272 "-" "Mozilla/5.0 (compatible; AhrefsBot/7.0; +http://ahrefs.com/robot/)"
85.208.96.198 - - [05/Apr/2026:21:50:21 +0200] "GET /%D0%B4%D0%BD%D0%B5%D0%B2%D0%BD%D0%B8%D1%86%D0%B8%D1%82%D0%B5-%D0%BD%D0%B0-%D0%B5%D0%B4%D0%B8%D0%BD-%D0%B5%D0%BC%D0%B8%D0%B3%D1%80%D0%B0%D0%BD%D1%82-%D0%B2-%D0%BB%D0%BE%D0%BD%D0%B4%D0%BE%D0%BD/32-160553-1_wide/ HTTP/1.1" 200 15494 "-" "Mozilla/5.0 (compatible; SemrushBot/7~bl; +http://www.semrush.com/bot.html)"
20.48.232.178 - - [05/Apr/2026:21:50:35 +0200] "GET /wp-content/plugins/hellopress/wp_filemanager.php HTTP/1.1" 404 12892 "-" "-"
20.48.232.178 - - [05/Apr/2026:21:50:35 +0200] "GET /wp-good.php HTTP/1.1" 404 12886 "-" "-"
20.48.232.178 - - [05/Apr/2026:21:50:36 +0200] "GET /file.php HTTP/1.1" 404 12978 "-" "-"
20.48.232.178 - - [05/Apr/2026:21:50:36 +0200] "GET /alfa.php HTTP/1.1" 404 12884 "-" "-"
20.48.232.178 - - [05/Apr/2026:21:50:37 +0200] "GET /bless.php HTTP/1.1" 404 12837 "-" "-"
20.48.232.178 - - [05/Apr/2026:21:50:37 +0200] "GET /admin.php. HTTP/1.1" 301 0 "-" "-"
20.48.232.178 - - [05/Apr/2026:21:50:38 +0200] "GET /admin.php HTTP/1.1" 404 12836 "-" "-"
20.48.232.178 - - [05/Apr/2026:21:50:38 +0200] "GET /flower.php HTTP/1.1" 404 12946 "-" "-"
20.48.232.178 - - [05/Apr/2026:21:50:39 +0200] "GET /ioxi-o.php HTTP/1.1" 404 12879 "-" "-"
20.48.232.178 - - [05/Apr/2026:21:50:39 +0200] "GET /lock360.php HTTP/1.1" 404 12950 "-" "-"
161.97.137.93 - - [05/Apr/2026:21:50:40 +0200] "POST /wp-cron.php?doing_wp_cron=1775418640.2873399257659912109375 HTTP/1.1" 404 12844 "http://bulpress.top/wp-cron.php?doing_wp_cron=1775418640.2873399257659912109375" "WordPress/4.9.26; http://bulpress.top"
20.48.232.178 - - [05/Apr/2026:21:50:40 +0200] "GET /adminfuns.php HTTP/1.1" 404 12945 "-" "-"
20.48.232.178 - - [05/Apr/2026:21:50:41 +0200] "GET /wp-content/admin.php HTTP/1.1" 404 12950 "-" "-"
20.48.232.178 - - [05/Apr/2026:21:50:42 +0200] "GET /aa.php HTTP/1.1" 404 12885 "-" "-"
20.48.232.178 - - [05/Apr/2026:21:50:42 +0200] "GET /xmrlpc.php HTTP/1.1" 404 12934 "-" "-"
20.48.232.178 - - [05/Apr/2026:21:50:43 +0200] "GET /class.php HTTP/1.1" 404 12896 "-" "-"
20.48.232.178 - - [05/Apr/2026:21:50:43 +0200] "GET /goods.php HTTP/1.1" 404 12845 "-" "-"
20.48.232.178 - - [05/Apr/2026:21:50:44 +0200] "GET /info.php HTTP/1.1" 404 12859 "-" "-"
20.48.232.178 - - [05/Apr/2026:21:50:45 +0200] "GET /as.php HTTP/1.1" 404 12857 "-" "-"
20.48.232.178 - - [05/Apr/2026:21:50:45 +0200] "GET /aw.php HTTP/1.1" 404 12857 "-" "-"
20.48.232.178 - - [05/Apr/2026:21:50:46 +0200] "GET /bb.php HTTP/1.1" 404 12871 "-" "-"
20.48.232.178 - - [05/Apr/2026:21:50:47 +0200] "GET /about.php HTTP/1.1" 404 12968 "-" "-"
20.48.232.178 - - [05/Apr/2026:21:50:47 +0200] "GET /222.php HTTP/1.1" 404 12947 "-" "-"
20.48.232.178 - - [05/Apr/2026:21:50:48 +0200] "GET /test1.php HTTP/1.1" 404 12845 "-" "-"
20.48.232.178 - - [05/Apr/2026:21:50:48 +0200] "GET /classwithtostring.php HTTP/1.1" 404 12872 "-" "-"
20.48.232.178 - - [05/Apr/2026:21:50:49 +0200] "GET /css/autoload_classmap.php HTTP/1.1" 404 12874 "-" "-"
20.48.232.178 - - [05/Apr/2026:21:50:50 +0200] "GET /fx.php HTTP/1.1" 404 12921 "-" "-"
20.48.232.178 - - [05/Apr/2026:21:50:50 +0200] "GET /admin/controller/extension/extension/ultra.php HTTP/1.1" 404 12978 "-" "-"
20.48.232.178 - - [05/Apr/2026:21:50:51 +0200] "GET /gelay.php HTTP/1.1" 404 12948 "-" "-"
20.48.232.178 - - [05/Apr/2026:21:50:52 +0200] "GET /god4m.php HTTP/1.1" 404 12949 "-" "-"
20.48.232.178 - - [05/Apr/2026:21:50:52 +0200] "GET /mari.php HTTP/1.1" 404 12858 "-" "-"
20.48.232.178 - - [05/Apr/2026:21:50:53 +0200] "GET /moon.php HTTP/1.1" 404 12857 "-" "-"
20.48.232.178 - - [05/Apr/2026:21:50:53 +0200] "GET /o.php HTTP/1.1" 404 12885 "-" "-"
20.48.232.178 - - [05/Apr/2026:21:50:54 +0200] "GET /tmp.php HTTP/1.1" 404 12856 "-" "-"
20.48.232.178 - - [05/Apr/2026:21:50:55 +0200] "GET /wp-admin/js/ HTTP/1.1" 404 12937 "-" "-"
20.48.232.178 - - [05/Apr/2026:21:50:55 +0200] "GET /wp-admin/a.php HTTP/1.1" 404 12873 "-" "-"
20.48.232.178 - - [05/Apr/2026:21:50:56 +0200] "GET /wp-admin/alfa.php HTTP/1.1" 404 12988 "-" "-"
20.48.232.178 - - [05/Apr/2026:21:50:56 +0200] "GET /wp-admin/css/colors HTTP/1.1" 301 288 "-" "-"
20.48.232.178 - - [05/Apr/2026:21:50:56 +0200] "GET /wp-admin/css/colors/ HTTP/1.1" 404 12899 "-" "-"
20.48.232.178 - - [05/Apr/2026:21:50:57 +0200] "GET /wp-admin/js/widgets/ HTTP/1.1" 404 12881 "-" "-"
20.48.232.178 - - [05/Apr/2026:21:50:58 +0200] "GET /wp-admin/network/index.php HTTP/1.1" 302 0 "-" "-"
20.48.232.178 - - [05/Apr/2026:21:50:59 +0200] "GET /wp-login.php?redirect_to=http%3A%2F%2Fbulpress.top%2Fwp-admin%2Fnetwork%2Findex.php&reauth=1 HTTP/1.1" 200 4436 "-" "-"
20.48.232.178 - - [05/Apr/2026:21:51:00 +0200] "GET /wp-content/plugins/core-plugin/include.php HTTP/1.1" 404 12932 "-" "-"
20.48.232.178 - - [05/Apr/2026:21:51:00 +0200] "GET /wp-includes/IXR/test1.php HTTP/1.1" 404 12947 "-" "-"
20.48.232.178 - - [05/Apr/2026:21:51:01 +0200] "GET /wp-includes/js/crop/cropper.php HTTP/1.1" 404 12881 "-" "-"
20.48.232.178 - - [05/Apr/2026:21:51:01 +0200] "GET /wp-content/themes/ HTTP/1.1" 502 150 "-" "-"
20.48.232.178 - - [05/Apr/2026:21:51:03 +0200] "GET /wp-includes/ID3/ HTTP/1.1" 502 150 "-" "-"
20.48.232.178 - - [05/Apr/2026:21:51:03 +0200] "GET /wk/index.php HTTP/1.1" 502 150 "-" "-"
20.48.232.178 - - [05/Apr/2026:21:51:03 +0200] "GET /inputs.php HTTP/1.1" 502 150 "-" "-"
20.48.232.178 - - [05/Apr/2026:21:51:03 +0200] "GET /function/function.php HTTP/1.1" 502 150 "-" "-"
20.48.232.178 - - [05/Apr/2026:21:51:03 +0200] "GET /rip.php HTTP/1.1" 502 150 "-" "-"
20.48.232.178 - - [05/Apr/2026:21:51:03 +0200] "GET /wp-content/uploads/index.php HTTP/1.1" 502 150 "-" "-"
20.48.232.178 - - [05/Apr/2026:21:51:03 +0200] "GET /cache.php HTTP/1.1" 502 150 "-" "-"
20.48.232.178 - - [05/Apr/2026:21:51:04 +0200] "GET /themes.php HTTP/1.1" 502 150 "-" "-"
20.48.232.178 - - [05/Apr/2026:21:51:04 +0200] "GET /wpx.php HTTP/1.1" 404 12977 "-" "-"
20.48.232.178 - - [05/Apr/2026:21:51:05 +0200] "GET /403.php HTTP/1.1" 404 12883 "-" "-"
20.48.232.178 - - [05/Apr/2026:21:51:06 +0200] "GET /an.php HTTP/1.1" 404 12958 "-" "-"
20.48.232.178 - - [05/Apr/2026:21:51:06 +0200] "GET /index/function.php HTTP/1.1" 404 12934 "-" "-"
20.48.232.178 - - [05/Apr/2026:21:51:07 +0200] "GET /randkeyword.PhP7 HTTP/1.1" 404 12836 "-" "-"
20.48.232.178 - - [05/Apr/2026:21:51:07 +0200] "GET /ws.php HTTP/1.1" 404 12946 "-" "-"
20.48.232.178 - - [05/Apr/2026:21:51:08 +0200] "GET /404.php HTTP/1.1" 404 12951 "-" "-"
20.48.232.178 - - [05/Apr/2026:21:51:09 +0200] "GET /wp-admin/user/index.php HTTP/1.1" 302 0 "-" "-"
20.48.232.178 - - [05/Apr/2026:21:51:09 +0200] "GET /wp-login.php?redirect_to=http%3A%2F%2Fbulpress.top%2Fwp-admin%2Fuser%2Findex.php&reauth=1 HTTP/1.1" 200 4434 "-" "-"
20.48.232.178 - - [05/Apr/2026:21:51:10 +0200] "GET /wp-conf.php HTTP/1.1" 404 12933 "-" "-"
185.191.171.8 - - [05/Apr/2026:21:51:10 +0200] "GET /tag/%D0%BA%D0%BE%D0%B5%D1%82%D0%BE-%D1%87%D0%B8%D1%81%D1%82%D0%B8-%D1%82%D0%BE%D0%B0%D0%BB%D0%B5%D1%82%D0%BD%D0%B0%D1%82%D0%B0-%D0%B2-%D0%BC%D0%B5%D0%BB%D0%BD%D0%B8%D0%BA/ HTTP/1.1" 200 14940 "-" "Mozilla/5.0 (compatible; SemrushBot/7~bl; +http://www.semrush.com/bot.html)"
20.48.232.178 - - [05/Apr/2026:21:51:10 +0200] "GET /wp-content/themes/hideo/network.php HTTP/1.1" 404 12845 "-" "-"
20.48.232.178 - - [05/Apr/2026:21:51:11 +0200] "GET /wp-login.php HTTP/1.1" 200 4374 "-" "-"
20.48.232.178 - - [05/Apr/2026:21:51:11 +0200] "GET /abc.php HTTP/1.1" 404 12845 "-" "-"
20.48.232.178 - - [05/Apr/2026:21:51:12 +0200] "GET /abcd.php HTTP/1.1" 404 12947 "-" "-"
20.48.232.178 - - [05/Apr/2026:21:51:12 +0200] "GET /wp-trackback.php HTTP/1.1" 404 159 "-" "-"
20.48.232.178 - - [05/Apr/2026:21:51:13 +0200] "GET /xmlrpc.php HTTP/1.1" 404 12969 "-" "-"
20.48.232.178 - - [05/Apr/2026:21:51:13 +0200] "GET /class-t.api.php HTTP/1.1" 404 12842 "-" "-"
20.48.232.178 - - [05/Apr/2026:21:51:14 +0200] "GET /sf.php HTTP/1.1" 404 12869 "-" "-"
37.187.151.141 - - [05/Apr/2026:21:51:15 +0200] "GET /feed/ HTTP/1.1" 200 49033 "-" "rss-parser"
20.48.232.178 - - [05/Apr/2026:21:51:15 +0200] "GET /kbfr.php HTTP/1.1" 404 12938 "-" "-"
20.48.232.178 - - [05/Apr/2026:21:51:15 +0200] "GET /autoload_classmap.php HTTP/1.1" 404 12908 "-" "-"
20.48.232.178 - - [05/Apr/2026:21:51:16 +0200] "GET /chosen.php?p= HTTP/1.1" 301 0 "-" "-"
20.48.232.178 - - [05/Apr/2026:21:51:16 +0200] "GET /chosen.php HTTP/1.1" 404 12901 "-" "-"
20.48.232.178 - - [05/Apr/2026:21:51:17 +0200] "GET /defaults.php HTTP/1.1" 404 12857 "-" "-"
20.48.232.178 - - [05/Apr/2026:21:51:17 +0200] "GET /wp-includes/ HTTP/1.1" 404 12844 "-" "-"
20.48.232.178 - - [05/Apr/2026:21:51:18 +0200] "GET /13.php HTTP/1.1" 404 12880 "-" "-"
20.48.232.178 - - [05/Apr/2026:21:51:19 +0200] "GET /.well-known/ HTTP/1.1" 404 12952 "-" "-"
20.48.232.178 - - [05/Apr/2026:21:51:19 +0200] "GET /cgi-bin/ HTTP/1.1" 404 12857 "-" "-"
20.48.232.178 - - [05/Apr/2026:21:51:20 +0200] "GET /uploads/ HTTP/1.1" 404 12858 "-" "-"
20.48.232.178 - - [05/Apr/2026:21:51:20 +0200] "GET /wp-admin/images/ HTTP/1.1" 404 12977 "-" "-"
20.48.232.178 - - [05/Apr/2026:21:51:21 +0200] "GET /wp-includes/Requests/src/Response/about.php HTTP/1.1" 404 12881 "-" "-"
20.48.232.178 - - [05/Apr/2026:21:51:22 +0200] "GET /wp-includes/html-api/ HTTP/1.1" 404 12900 "-" "-"
20.48.232.178 - - [05/Apr/2026:21:51:22 +0200] "GET /wp-admin/css/colors/ectoplasm/ HTTP/1.1" 404 12883 "-" "-"
20.48.232.178 - - [05/Apr/2026:21:51:23 +0200] "GET /wp-content/uploads/ HTTP/1.1" 404 13057 "-" "-"
20.48.232.178 - - [05/Apr/2026:21:51:24 +0200] "GET /wp-content/themes/admin.php HTTP/1.1" 404 12934 "-" "-"
20.48.232.178 - - [05/Apr/2026:21:51:24 +0200] "GET /wp-content/themes/index.php HTTP/1.1" 301 0 "-" "-"
20.48.232.178 - - [05/Apr/2026:21:51:25 +0200] "GET /wp-content/themes/ HTTP/1.1" 404 12883 "-" "-"
20.48.232.178 - - [05/Apr/2026:21:51:25 +0200] "GET /wp-content/plugins/index.php HTTP/1.1" 301 0 "-" "-"
20.48.232.178 - - [05/Apr/2026:21:51:26 +0200] "GET /wp-content/plugins/ HTTP/1.1" 404 12934 "-" "-"
20.48.232.178 - - [05/Apr/2026:21:51:26 +0200] "GET /wp-includes/PHPMailer/ HTTP/1.1" 404 12858 "-" "-"
20.48.232.178 - - [05/Apr/2026:21:51:27 +0200] "GET /wp-includes/images/ HTTP/1.1" 404 12978 "-" "-"
20.48.232.178 - - [05/Apr/2026:21:51:27 +0200] "GET /wp-content/plugins/WordPressCore/ HTTP/1.1" 404 12882 "-" "-"
20.48.232.178 - - [05/Apr/2026:21:51:28 +0200] "GET /gecko-new.php HTTP/1.1" 404 12956 "-" "-"
20.48.232.178 - - [05/Apr/2026:21:51:28 +0200] "GET /new.php HTTP/1.1" 404 12860 "-" "-"
20.48.232.178 - - [05/Apr/2026:21:51:29 +0200] "GET /k.php HTTP/1.1" 404 12944 "-" "-"
20.48.232.178 - - [05/Apr/2026:21:51:30 +0200] "GET /ok.php HTTP/1.1" 404 13055 "-" "-"
20.48.232.178 - - [05/Apr/2026:21:51:30 +0200] "GET /config.php HTTP/1.1" 404 12836 "-" "-"
20.48.232.178 - - [05/Apr/2026:21:51:31 +0200] "GET /index.php HTTP/1.1" 301 0 "-" "-"
20.48.232.178 - - [05/Apr/2026:21:51:31 +0200] "GET / HTTP/1.1" 200 29220 "-" "-"
20.48.232.178 - - [05/Apr/2026:21:51:31 +0200] "GET /system.php HTTP/1.1" 404 12877 "-" "-"
20.48.232.178 - - [05/Apr/2026:21:51:32 +0200] "GET /s.php HTTP/1.1" 404 12972 "-" "-"
20.48.232.178 - - [05/Apr/2026:21:51:33 +0200] "GET /content.php HTTP/1.1" 404 12842 "-" "-"
20.48.232.178 - - [05/Apr/2026:21:51:33 +0200] "GET /wi.php HTTP/1.1" 404 12939 "-" "-"
20.48.232.178 - - [05/Apr/2026:21:51:34 +0200] "GET /NewFile.php HTTP/1.1" 404 12949 "-" "-"
20.48.232.178 - - [05/Apr/2026:21:51:34 +0200] "GET /plugins.php HTTP/1.1" 404 12899 "-" "-"
20.48.232.178 - - [05/Apr/2026:21:51:35 +0200] "GET /item.php HTTP/1.1" 404 12935 "-" "-"
20.48.232.178 - - [05/Apr/2026:21:51:36 +0200] "GET /xx.php HTTP/1.1" 404 12844 "-" "-"
161.97.137.93 - - [05/Apr/2026:21:51:58 +0200] "POST /wp-cron.php?doing_wp_cron=1775418717.7697160243988037109375 HTTP/1.1" 404 12859 "http://bulpress.top/wp-cron.php?doing_wp_cron=1775418717.7697160243988037109375" "WordPress/4.9.26; http://bulpress.top"
85.208.96.196 - - [05/Apr/2026:21:51:58 +0200] "GET /tag/%D0%B6%D0%B8%D1%82%D0%B5%D0%B9%D1%81%D0%BA%D0%B0-%D0%BF%D0%BE%D1%80%D0%B5%D0%B4%D0%B8%D1%86%D0%B0/ HTTP/1.1" 200 14681 "-" "Mozilla/5.0 (compatible; SemrushBot/7~bl; +http://www.semrush.com/bot.html)"
161.97.137.93 - - [05/Apr/2026:21:54:00 +0200] "POST /wp-cron.php?doing_wp_cron=1775418840.1357400417327880859375 HTTP/1.1" 404 12898 "http://bulpress.top/wp-cron.php?doing_wp_cron=1775418840.1357400417327880859375" "WordPress/4.9.26; http://bulpress.top"
185.191.171.6 - - [05/Apr/2026:21:54:01 +0200] "GET /tag/%D1%80%D1%83%D1%81%D0%BA%D0%B0%D1%82%D0%B0-%D0%B8%D0%BC%D0%BF%D0%B5%D1%80%D0%B8%D1%8F/ HTTP/1.1" 200 15087 "-" "Mozilla/5.0 (compatible; SemrushBot/7~bl; +http://www.semrush.com/bot.html)"
85.208.96.204 - - [05/Apr/2026:21:54:25 +0200] "GET /%D1%81%D0%BC%D0%BE%D0%BB%D0%B8%D1%87%D0%B0%D0%BD%D1%81%D0%BA%D0%B8%D1%8F%D1%82-%D0%B2%D0%BE%D0%B4%D0%BE%D0%BF%D0%B0%D0%B4-%D0%BF%D0%BE%D0%BC%D0%B0%D0%B3%D0%B0/ HTTP/1.1" 200 21602 "-" "Mozilla/5.0 (compatible; SemrushBot/7~bl; +http://www.semrush.com/bot.html)"
98.142.241.145 - - [05/Apr/2026:21:55:04 +0200] "GET /wp-content/uploads/2019/04/feg-218x150.jpg HTTP/1.1" 502 552 "-" "Mozilla/5.0 (X11; Linux x86_64) AppleWebKit/537.36 (KHTML, like Gecko) Chrome/124.0.0.0 Safari/537.36"
161.97.137.93 - - [05/Apr/2026:21:55:26 +0200] "POST /wp-cron.php?doing_wp_cron=1775418925.5971031188964843750000 HTTP/1.1" 499 0 "http://bulpress.top/wp-cron.php?doing_wp_cron=1775418925.5971031188964843750000" "WordPress/4.9.26; http://bulpress.top"
85.208.96.203 - - [05/Apr/2026:21:55:26 +0200] "GET /tag/%D0%BF%D1%80%D0%B8%D0%B7%D0%B8%D0%B2-%D0%BA%D1%8A%D0%BC-%D0%95%D0%A1/page/28/ HTTP/1.1" 200 23874 "-" "Mozilla/5.0 (compatible; SemrushBot/7~bl; +http://www.semrush.com/bot.html)"
161.97.137.93 - - [05/Apr/2026:21:56:43 +0200] "POST /wp-cron.php?doing_wp_cron=1775419002.1574730873107910156250 HTTP/1.1" 404 12948 "http://bulpress.top/wp-cron.php?doing_wp_cron=1775419002.1574730873107910156250" "WordPress/4.9.26; http://bulpress.top"
85.208.96.212 - - [05/Apr/2026:21:56:43 +0200] "GET /robots.txt HTTP/1.1" 200 80 "-" "Mozilla/5.0 (compatible; SemrushBot/7~bl; +http://www.semrush.com/bot.html)"
185.191.171.1 - - [05/Apr/2026:21:56:43 +0200] "GET /tag/%D0%BF%D0%BE%D0%BB%D0%B8%D1%82%D0%B8%D1%87%D0%B5%D1%81%D0%BA%D0%B0-%D0%B2%D0%BE%D0%BB%D1%8F/ HTTP/1.1" 200 14802 "-" "Mozilla/5.0 (compatible; SemrushBot/7~bl; +http://www.semrush.com/bot.html)"
144.76.32.187 - - [05/Apr/2026:21:56:54 +0200] "GET /%D0%B5%D1%85-%D0%BA%D0%B0%D0%BD%D0%B0%D0%B4%D0%B0-%D0%B8%D0%BB%D0%B8-%D0%BD%D1%8F%D0%BA%D0%BE%D0%BB%D0%BA%D0%BE-%D0%BF%D1%80%D0%B8%D1%87%D0%B8%D0%BD%D0%B8-%D0%B4%D0%B0-%D0%B5%D0%BC/ HTTP/1.1" 200 23371 "-" "Mozilla/5.0 (compatible; SERankingBacklinksBot/1.0; +https://seranking.com/backlinks-crawler)"
144.76.32.187 - - [05/Apr/2026:21:57:08 +0200] "GET /%D0%BA%D0%B0%D0%BA%D0%B2%D0%B8-%D0%B1%D1%8F%D1%85%D0%BC%D0%B5-%D0%BD%D0%B8%D0%B5-%D0%B4%D0%B5%D1%86%D0%B0%D1%82%D0%B0-%D0%B6%D0%B8%D0%B2%D0%B5%D0%BB%D0%B8-%D0%B2-%D0%BD%D1%80%D0%B1/ HTTP/1.1" 200 21921 "-" "Mozilla/5.0 (compatible; SERankingBacklinksBot/1.0; +https://seranking.com/backlinks-crawler)"
144.76.32.187 - - [05/Apr/2026:21:57:20 +0200] "GET /%D0%BE%D1%82-%D0%BA%D1%80%D0%B8%D1%87%D0%B8%D0%BC-%D0%B4%D0%BE-%D1%85%D0%B0%D1%80%D0%B2%D0%B0%D1%80%D0%B4-%D0%BC%D0%BE%D0%BD%D0%B4-%D0%BE%D0%B1%D1%8F%D0%B2%D0%B8-%D1%81%D1%82%D0%B5/ HTTP/1.1" 200 21708 "-" "Mozilla/5.0 (compatible; SERankingBacklinksBot/1.0; +https://seranking.com/backlinks-crawler)"
144.76.32.187 - - [05/Apr/2026:21:57:33 +0200] "GET /%D0%BF%D1%80%D0%B0%D0%B2%D0%B8%D1%82%D0%B5%D0%BB%D1%81%D1%82%D0%B2%D0%BE-%D0%B8-%D0%B1%D0%B8%D0%B7%D0%BD%D0%B5%D1%81-%D1%81-%D0%BD%D0%BE%D0%B2-%D1%83%D0%B4%D0%B0%D1%80-%D1%81%D1%80/ HTTP/1.1" 200 22189 "-" "Mozilla/5.0 (compatible; SERankingBacklinksBot/1.0; +https://seranking.com/backlinks-crawler)"
144.76.32.187 - - [05/Apr/2026:21:57:40 +0200] "GET /%D1%81%D0%BF%D0%BE%D0%BC%D0%B5%D0%BD-%D0%B7%D0%B0-%D0%BC%D0%BE%D1%82%D0%B5%D0%BB-%D0%B1%D0%BE%D0%B6%D1%83%D1%80%D0%B0-%D0%BB%D1%8E%D0%BB%D0%BA%D0%B0%D1%82%D0%B0-%D0%BD%D0%B0-%D0%B1/ HTTP/1.1" 200 27835 "-" "Mozilla/5.0 (compatible; SERankingBacklinksBot/1.0; +https://seranking.com/backlinks-crawler)"
144.76.32.187 - - [05/Apr/2026:21:57:57 +0200] "GET /%D1%82%D0%BE%D0%BF-%D1%81%D0%BA%D0%B0%D0%BD%D0%B4%D0%B0%D0%BB-%D0%BA%D0%B0%D0%BA%D1%8A%D0%B2-%D0%B5-%D1%81%D0%B5%D1%81%D1%8A%D1%82-%D0%B2-%D0%BA%D0%BE%D1%81%D0%BC%D0%BE%D1%81%D0%B0/ HTTP/1.1" 200 24826 "-" "Mozilla/5.0 (compatible; SERankingBacklinksBot/1.0; +https://seranking.com/backlinks-crawler)"
8.228.88.249 - - [05/Apr/2026:21:58:10 +0200] "GET /category/%d0%a1%d0%b2%d1%8f%d1%82/feed/ HTTP/1.1" 200 53868 "-" "Mozilla/5.0 (Windows NT 6.3; WOW64; rv:33.0) Gecko/20100101 Firefox/33.0"
144.76.32.187 - - [05/Apr/2026:21:58:22 +0200] "GET /%D0%BD%D0%B0%D0%B4-180-000-%D0%B4%D1%83%D1%88%D0%B8-%D0%BD%D0%B0-%D1%87%D0%B5%D1%80%D0%B2%D0%B5%D0%BD%D0%B8%D1%8F-%D0%BF%D0%BB%D0%BE%D1%89%D0%B0%D0%B4-%D0%B7%D0%B0%D0%BF%D1%8F%D1%85/ HTTP/1.1" 200 21831 "-" "Mozilla/5.0 (compatible; SERankingBacklinksBot/1.0; +https://seranking.com/backlinks-crawler)"
144.76.32.187 - - [05/Apr/2026:21:58:29 +0200] "GET /%D1%82%D0%B2-%D1%80%D1%83%D1%81%D0%B8%D1%8F-1-%D0%BF%D0%BE%D0%BA%D0%B0%D0%B7%D0%B0-%D1%81%D0%BF%D0%B8%D1%81%D1%8A%D0%BA-%D1%81-%D0%BD%D0%B5%D0%BF%D1%80%D0%B8%D1%8F%D1%82%D0%B5%D0%BB/ HTTP/1.1" 200 22173 "-" "Mozilla/5.0 (compatible; SERankingBacklinksBot/1.0; +https://seranking.com/backlinks-crawler)"
185.191.171.2 - - [05/Apr/2026:21:58:34 +0200] "GET /tag/%D0%BF%D1%80%D0%B5%D0%BF%D0%BE%D1%80%D1%8A%D0%BA%D0%B8-%D0%BD%D0%B0-%D0%B2%D0%B0%D0%BD%D0%B3%D0%B0/ HTTP/1.1" 200 15151 "-" "Mozilla/5.0 (compatible; SemrushBot/7~bl; +http://www.semrush.com/bot.html)"
144.76.32.187 - - [05/Apr/2026:21:58:50 +0200] "GET /%D1%85%D1%80%D0%B0%D0%BC-%D1%81-%D1%80%D0%B0%D0%B7%D0%BC%D0%B5%D1%80%D0%B8%D1%82%D0%B5-%D0%BD%D0%B0-%D1%81%D0%B2%D0%B5%D1%82%D0%B0-%D1%81%D0%BE%D1%84%D0%B8%D1%8F-%D1%81%D0%B5-%D0%BF/ HTTP/1.1" 200 21544 "-" "Mozilla/5.0 (compatible; SERankingBacklinksBot/1.0; +https://seranking.com/backlinks-crawler)"
161.97.137.93 - - [05/Apr/2026:21:58:56 +0200] "POST /wp-cron.php?doing_wp_cron=1775419135.9987559318542480468750 HTTP/1.1" 404 12873 "http://bulpress.top/wp-cron.php?doing_wp_cron=1775419135.9987559318542480468750" "WordPress/4.9.26; http://bulpress.top"
144.76.32.187 - - [05/Apr/2026:21:58:57 +0200] "GET /%D0%9A%D0%B0%D0%BA-%D0%BD%D1%8F%D0%BA%D0%BE%D0%B3%D0%B0-%D0%BC%D0%BE%D0%B6%D0%B5%D1%88%D0%B5-%D0%B4%D0%B0-%D0%B7%D0%B0%D0%BA%D1%83%D1%81%D0%B2%D0%B0%D1%88-15-%D1%81%D1%82%D0%BE%D1%82/ HTTP/1.1" 200 22554 "-" "Mozilla/5.0 (compatible; SERankingBacklinksBot/1.0; +https://seranking.com/backlinks-crawler)"
161.97.137.93 - - [05/Apr/2026:22:00:22 +0200] "POST /wp-cron.php?doing_wp_cron=1775419221.1756610870361328125000 HTTP/1.1" 499 0 "http://bulpress.top/wp-cron.php?doing_wp_cron=1775419221.1756610870361328125000" "WordPress/4.9.26; http://bulpress.top"
134.122.125.154 - - [05/Apr/2026:22:00:22 +0200] "GET /%d0%b4%d0%b8%d0%b2%d0%b8%d1%8f%d1%82-%d0%ba%d0%b0%d0%bf%d0%b8%d1%82%d0%b0%d0%bb%d0%b8%d0%b7%d1%8a%d0%bc-%d0%b2-%d0%b1%d1%8a%d0%bb%d0%b3%d0%b0%d1%80%d0%b8%d1%8f-%d0%b1%d0%be%d0%b3%d0%b0%d1%82/17943435 HTTP/1.1" 301 0 "http://bulpress.top/" "Mozilla/5.0 (Windows NT 10.0; Win64; x64) AppleWebKit/537.36 (KHTML, like Gecko) Chrome/108.0.0.0 Safari/537.36"
134.122.125.154 - - [05/Apr/2026:22:00:23 +0200] "GET /%d0%b4%d0%b8%d0%b2%d0%b8%d1%8f%d1%82-%d0%ba%d0%b0%d0%bf%d0%b8%d1%82%d0%b0%d0%bb%d0%b8%d0%b7%d1%8a%d0%bc-%d0%b2-%d0%b1%d1%8a%d0%bb%d0%b3%d0%b0%d1%80%d0%b8%d1%8f-%d0%b1%d0%be%d0%b3%d0%b0%d1%82/17943435/ HTTP/1.1" 200 21596 "http://bulpress.top/" "Mozilla/5.0 (Windows NT 10.0; Win64; x64) AppleWebKit/537.36 (KHTML, like Gecko) Chrome/108.0.0.0 Safari/537.36"
85.208.96.193 - - [05/Apr/2026:22:00:41 +0200] "GET /tag/%D0%BF%D1%83%D1%82%D0%B8%D0%BD-%D0%B8%D1%81%D0%BA%D0%B0-%D0%BF%D0%BE%D0%B2%D0%B5%D1%87%D0%B5-%D0%B8-%D0%BF%D0%BE-%D0%B1%D0%BE%D0%B3%D0%B0%D1%82%D0%B8-%D1%80%D1%83%D1%81%D0%BD%D0%B0%D1%86%D0%B8/ HTTP/1.1" 200 15019 "-" "Mozilla/5.0 (compatible; SemrushBot/7~bl; +http://www.semrush.com/bot.html)"
8.228.88.249 - - [05/Apr/2026:22:02:17 +0200] "GET /feed/ HTTP/1.1" 200 49033 "-" "Mozilla/5.0 (Windows NT 6.3; WOW64; rv:33.0) Gecko/20100101 Firefox/33.0"
161.97.137.93 - - [05/Apr/2026:22:02:51 +0200] "POST /wp-cron.php?doing_wp_cron=1775419371.0897998809814453125000 HTTP/1.1" 404 12944 "http://bulpress.top/wp-cron.php?doing_wp_cron=1775419371.0897998809814453125000" "WordPress/4.9.26; http://bulpress.top"
185.191.171.7 - - [05/Apr/2026:22:02:52 +0200] "GET /tag/%D0%B1%D0%B0%D0%BA%D1%82%D0%B5%D1%80%D0%B8%D0%B8/ HTTP/1.1" 200 15428 "-" "Mozilla/5.0 (compatible; SemrushBot/7~bl; +http://www.semrush.com/bot.html)"
161.97.137.93 - - [05/Apr/2026:22:03:53 +0200] "POST /wp-cron.php?doing_wp_cron=1775419432.4620459079742431640625 HTTP/1.1" 404 12858 "http://bulpress.top/wp-cron.php?doing_wp_cron=1775419432.4620459079742431640625" "WordPress/4.9.26; http://bulpress.top"
185.191.171.12 - - [05/Apr/2026:22:03:53 +0200] "GET /tag/%D0%BF%D1%80%D0%B5%D0%B4%D1%81%D1%82%D0%B0%D0%B2%D0%B8%D1%82%D0%B5%D0%BB%D0%B8/ HTTP/1.1" 200 14935 "-" "Mozilla/5.0 (compatible; SemrushBot/7~bl; +http://www.semrush.com/bot.html)"
8.228.88.249 - - [05/Apr/2026:22:04:30 +0200] "GET /category/%d0%91%d1%8a%d0%bb%d0%b3%d0%b0%d1%80%d0%b8%d1%8f/feed/ HTTP/1.1" 200 55198 "-" "Mozilla/5.0 (Windows NT 6.3; WOW64; rv:33.0) Gecko/20100101 Firefox/33.0"
8.228.88.249 - - [05/Apr/2026:22:04:38 +0200] "GET /category/%d0%98%d1%81%d1%82%d0%be%d1%80%d0%b8%d0%b8/feed/ HTTP/1.1" 200 53803 "-" "Mozilla/5.0 (Windows NT 6.3; WOW64; rv:33.0) Gecko/20100101 Firefox/33.0"
161.97.137.93 - - [05/Apr/2026:22:05:15 +0200] "POST /wp-cron.php?doing_wp_cron=1775419514.1308629512786865234375 HTTP/1.1" 499 0 "http://bulpress.top/wp-cron.php?doing_wp_cron=1775419514.1308629512786865234375" "WordPress/4.9.26; http://bulpress.top"
66.249.74.166 - - [05/Apr/2026:22:05:15 +0200] "GET /%D0%B7a%D1%89o-%D1%82o%D0%B2a-%D0%B1%D1%8A%D0%BB%D0%B3apcko-ce%D0%BBo-%D0%B2p%D1%8A%D1%89a-%D0%B1%D1%8A%D0%BB%D0%B3ap%D0%B8-o%D1%82-%D1%87y%D0%B6%D0%B1%D0%B8%D0%BDa-b%D0%B8%D0%B6%D1%82e-ca/ HTTP/1.1" 200 20215 "-" "Mozilla/5.0 (Linux; Android 6.0.1; Nexus 5X Build/MMB29P) AppleWebKit/537.36 (KHTML, like Gecko) Chrome/146.0.7680.177 Mobile Safari/537.36 (compatible; Googlebot/2.1; +http://www.google.com/bot.html)"
161.97.137.93 - - [05/Apr/2026:22:07:00 +0200] "POST /wp-cron.php?doing_wp_cron=1775419619.1635260581970214843750 HTTP/1.1" 499 0 "http://bulpress.top/wp-cron.php?doing_wp_cron=1775419619.1635260581970214843750" "WordPress/4.9.26; http://bulpress.top"
85.208.96.205 - - [05/Apr/2026:22:07:00 +0200] "GET /%D0%BE%D1%82%D0%BA%D1%80%D0%B8%D1%85%D0%B0-%D0%BD%D0%B5%D0%B8%D0%B7%D0%B2%D0%B5%D1%81%D1%82%D0%BD%D0%B0-%D0%B4%D0%BE%D1%81%D0%B5%D0%B3%D0%B0-%D0%B4%D1%8A%D1%89%D0%B5%D1%80%D1%8F-%D0%BD%D0%B0-%D0%BA/ HTTP/1.1" 200 23278 "-" "Mozilla/5.0 (compatible; SemrushBot/7~bl; +http://www.semrush.com/bot.html)"
85.208.96.210 - - [05/Apr/2026:22:07:56 +0200] "GET /tag/%D1%81%D0%B2%D0%B5%D1%82%D0%B0-%D1%81%D0%BE%D1%84%D0%B8%D1%8F/ HTTP/1.1" 200 14772 "-" "Mozilla/5.0 (compatible; SemrushBot/7~bl; +http://www.semrush.com/bot.html)"
185.191.171.15 - - [05/Apr/2026:22:08:21 +0200] "GET /tag/%D1%81%D0%B2%D0%B5%D1%82%D0%BE%D0%B2%D0%B5%D0%BD-%D0%BC%D0%B8%D1%80/ HTTP/1.1" 403 285 "-" "Mozilla/5.0 (compatible; SemrushBot/7~bl; +http://www.semrush.com/bot.html)"
161.97.137.93 - - [05/Apr/2026:22:10:35 +0200] "POST /wp-cron.php?doing_wp_cron=1775419834.8051280975341796875000 HTTP/1.1" 404 12947 "http://bulpress.top/wp-cron.php?doing_wp_cron=1775419834.8051280975341796875000" "WordPress/4.9.26; http://bulpress.top"
101.32.208.70 - - [05/Apr/2026:22:10:36 +0200] "GET /%d0%b7%d0%b0%d1%89%d0%be-%d0%b8%d1%81%d0%ba%d0%b0%d0%bc-%d0%b4%d0%b0-%d1%81%d1%8a%d0%bc-%d1%81%d0%b5%d0%bb%d1%8f%d0%bd%d0%b8%d0%bd-2/ HTTP/1.1" 200 20472 "-" "Mozilla/5.0 (iPhone; CPU iPhone OS 13_2_3 like Mac OS X) AppleWebKit/605.1.15 (KHTML, like Gecko) Version/13.0.3 Mobile/15E148 Safari/604.1"
85.208.96.207 - - [05/Apr/2026:22:11:33 +0200] "GET /tag/%D0%BF%D1%80%D0%B5%D0%B4%D0%B8-%D0%B1%D1%80%D0%BE%D0%B5%D0%BD%D0%B8-%D0%BC%D0%B8%D0%BD%D1%83%D1%82%D0%B8/page/32/ HTTP/1.1" 200 21173 "-" "Mozilla/5.0 (compatible; SemrushBot/7~bl; +http://www.semrush.com/bot.html)"
161.97.137.93 - - [05/Apr/2026:22:11:56 +0200] "POST /wp-cron.php?doing_wp_cron=1775419915.3694920539855957031250 HTTP/1.1" 499 0 "http://bulpress.top/wp-cron.php?doing_wp_cron=1775419915.3694920539855957031250" "WordPress/4.9.26; http://bulpress.top"
