203.171.31.95 - - [06/Apr/2026:01:59:37 +0200] "POST /wp-login.php HTTP/1.1" 200 3997 "https://bulpress.top/wp-login.php" "Mozilla/5.0 (Windows NT 6.3; WOW64; Trident/7.0; Touch; MASMJS; rv:11.0) like Gecko"
66.249.74.167 - - [06/Apr/2026:02:00:36 +0200] "GET /wp-content/uploads/2017/08/21533_960x720.jpg HTTP/1.1" 200 96194 "-" "Googlebot-Image/1.0"
198.244.240.87 - - [06/Apr/2026:02:02:36 +0200] "GET / HTTP/1.1" 200 24481 "-" "Mozilla/5.0 (compatible; AhrefsBot/7.0; +http://ahrefs.com/robot/)"
157.55.39.53 - - [06/Apr/2026:02:02:42 +0200] "GET /?s=2026 HTTP/1.1" 200 13580 "-" "Mozilla/5.0 AppleWebKit/537.36 (KHTML, like Gecko; compatible; bingbot/2.0; +http://www.bing.com/bingbot.htm) Chrome/116.0.1938.76 Safari/537.36"
198.244.183.203 - - [06/Apr/2026:02:03:33 +0200] "GET /wp-content/uploads/2019/02/so-324x235.jpg HTTP/1.1" 200 20644 "-" "Mozilla/5.0 (compatible; AhrefsBot/7.0; +http://ahrefs.com/robot/)"
51.195.183.84 - - [06/Apr/2026:02:03:34 +0200] "GET /wp-content/uploads/2020/01/putin-za-narod-bogat-324x235.jpg HTTP/1.1" 200 9899 "-" "Mozilla/5.0 (compatible; AhrefsBot/7.0; +http://ahrefs.com/robot/)"
51.195.215.178 - - [06/Apr/2026:02:03:39 +0200] "GET /wp-content/uploads/2019/09/20160822-obextjkasu-218x150.jpg HTTP/1.1" 304 0 "-" "Mozilla/5.0 (compatible; AhrefsBot/7.0; +http://ahrefs.com/robot/)"
198.244.240.108 - - [06/Apr/2026:02:03:39 +0200] "GET /wp-content/uploads/2021/03/maxresdefault-356x220.jpg HTTP/1.1" 200 23835 "-" "Mozilla/5.0 (compatible; AhrefsBot/7.0; +http://ahrefs.com/robot/)"
161.97.137.93 - - [06/Apr/2026:02:05:37 +0200] "POST /wp-cron.php?doing_wp_cron=1775433936.8006930351257324218750 HTTP/1.1" 404 11858 "https://bulpress.top/wp-cron.php?doing_wp_cron=1775433936.8006930351257324218750" "WordPress/4.9.26; https://bulpress.top"
23.101.4.52 - - [06/Apr/2026:02:05:37 +0200] "GET /rip.php HTTP/1.1" 404 11861 "-" "Mozilla/5.0 (Windows NT 10.0; Win64; x64) AppleWebKit/537.36 (KHTML, like Gecko) Chrome/120.0.0.0 Safari/537.36"
23.101.4.52 - - [06/Apr/2026:02:05:38 +0200] "GET /ms-edit.php HTTP/1.1" 404 11920 "-" "Mozilla/5.0 (Windows NT 10.0; Win64; x64) AppleWebKit/537.36 (KHTML, like Gecko) Chrome/120.0.0.0 Safari/537.36"
23.101.4.52 - - [06/Apr/2026:02:05:39 +0200] "GET /about.php HTTP/1.1" 404 11860 "-" "Mozilla/5.0 (Windows NT 10.0; Win64; x64) AppleWebKit/537.36 (KHTML, like Gecko) Chrome/120.0.0.0 Safari/537.36"
23.101.4.52 - - [06/Apr/2026:02:05:39 +0200] "GET /wp-content/plugins/hello-dolly/ HTTP/1.1" 404 11897 "-" "Mozilla/5.0 (Windows NT 10.0; Win64; x64) AppleWebKit/537.36 (KHTML, like Gecko) Chrome/120.0.0.0 Safari/537.36"
23.101.4.52 - - [06/Apr/2026:02:05:40 +0200] "GET /wp-content/themes/admin.php HTTP/1.1" 404 11899 "-" "Mozilla/5.0 (Windows NT 10.0; Win64; x64) AppleWebKit/537.36 (KHTML, like Gecko) Chrome/120.0.0.0 Safari/537.36"
23.101.4.52 - - [06/Apr/2026:02:05:41 +0200] "GET /admin.php HTTP/1.1" 404 11862 "-" "Mozilla/5.0 (Windows NT 10.0; Win64; x64) AppleWebKit/537.36 (KHTML, like Gecko) Chrome/120.0.0.0 Safari/537.36"
23.101.4.52 - - [06/Apr/2026:02:05:41 +0200] "GET /ioxi-o.php HTTP/1.1" 404 11909 "-" "Mozilla/5.0 (Windows NT 10.0; Win64; x64) AppleWebKit/537.36 (KHTML, like Gecko) Chrome/120.0.0.0 Safari/537.36"
23.101.4.52 - - [06/Apr/2026:02:05:42 +0200] "GET /index/function.php HTTP/1.1" 404 11827 "-" "Mozilla/5.0 (Windows NT 10.0; Win64; x64) AppleWebKit/537.36 (KHTML, like Gecko) Chrome/120.0.0.0 Safari/537.36"
23.101.4.52 - - [06/Apr/2026:02:05:43 +0200] "GET /adminfuns.php HTTP/1.1" 404 11860 "-" "Mozilla/5.0 (Windows NT 10.0; Win64; x64) AppleWebKit/537.36 (KHTML, like Gecko) Chrome/120.0.0.0 Safari/537.36"
23.101.4.52 - - [06/Apr/2026:02:05:43 +0200] "GET /wp-content/cache/ HTTP/1.1" 200 0 "-" "Mozilla/5.0 (Windows NT 10.0; Win64; x64) AppleWebKit/537.36 (KHTML, like Gecko) Chrome/120.0.0.0 Safari/537.36"
23.101.4.52 - - [06/Apr/2026:02:05:44 +0200] "GET /wp-includes/js/thickbox/ HTTP/1.1" 404 11891 "-" "Mozilla/5.0 (Windows NT 10.0; Win64; x64) AppleWebKit/537.36 (KHTML, like Gecko) Chrome/120.0.0.0 Safari/537.36"
23.101.4.52 - - [06/Apr/2026:02:05:44 +0200] "GET /goods.php HTTP/1.1" 404 11920 "-" "Mozilla/5.0 (Windows NT 10.0; Win64; x64) AppleWebKit/537.36 (KHTML, like Gecko) Chrome/120.0.0.0 Safari/537.36"
23.101.4.52 - - [06/Apr/2026:02:05:45 +0200] "GET /sf.php HTTP/1.1" 404 11842 "-" "Mozilla/5.0 (Windows NT 10.0; Win64; x64) AppleWebKit/537.36 (KHTML, like Gecko) Chrome/120.0.0.0 Safari/537.36"
23.101.4.52 - - [06/Apr/2026:02:05:46 +0200] "GET /wp-admin/ HTTP/1.1" 302 0 "-" "Mozilla/5.0 (Windows NT 10.0; Win64; x64) AppleWebKit/537.36 (KHTML, like Gecko) Chrome/120.0.0.0 Safari/537.36"
23.101.4.52 - - [06/Apr/2026:02:05:46 +0200] "GET /wp-admin/images/ HTTP/1.1" 404 11868 "-" "Mozilla/5.0 (Windows NT 10.0; Win64; x64) AppleWebKit/537.36 (KHTML, like Gecko) Chrome/120.0.0.0 Safari/537.36"
23.101.4.52 - - [06/Apr/2026:02:05:47 +0200] "GET /wp-content/admin.php HTTP/1.1" 404 11846 "-" "Mozilla/5.0 (Windows NT 10.0; Win64; x64) AppleWebKit/537.36 (KHTML, like Gecko) Chrome/120.0.0.0 Safari/537.36"
23.101.4.52 - - [06/Apr/2026:02:05:48 +0200] "GET /wp-content/uploads/admin.php HTTP/1.1" 404 11857 "-" "Mozilla/5.0 (Windows NT 10.0; Win64; x64) AppleWebKit/537.36 (KHTML, like Gecko) Chrome/120.0.0.0 Safari/537.36"
23.101.4.52 - - [06/Apr/2026:02:05:48 +0200] "GET /wp-includes/ HTTP/1.1" 404 11906 "-" "Mozilla/5.0 (Windows NT 10.0; Win64; x64) AppleWebKit/537.36 (KHTML, like Gecko) Chrome/120.0.0.0 Safari/537.36"
23.101.4.52 - - [06/Apr/2026:02:05:49 +0200] "GET /wp-includes/css/ HTTP/1.1" 404 11896 "-" "Mozilla/5.0 (Windows NT 10.0; Win64; x64) AppleWebKit/537.36 (KHTML, like Gecko) Chrome/120.0.0.0 Safari/537.36"
23.101.4.52 - - [06/Apr/2026:02:05:50 +0200] "GET /wp-includes/js/plupload/ HTTP/1.1" 404 11958 "-" "Mozilla/5.0 (Windows NT 10.0; Win64; x64) AppleWebKit/537.36 (KHTML, like Gecko) Chrome/120.0.0.0 Safari/537.36"
23.101.4.52 - - [06/Apr/2026:02:05:50 +0200] "GET /.well-known/ HTTP/1.1" 404 11858 "-" "Mozilla/5.0 (Windows NT 10.0; Win64; x64) AppleWebKit/537.36 (KHTML, like Gecko) Chrome/120.0.0.0 Safari/537.36"
23.101.4.52 - - [06/Apr/2026:02:05:51 +0200] "GET /222.php HTTP/1.1" 404 11898 "-" "Mozilla/5.0 (Windows NT 10.0; Win64; x64) AppleWebKit/537.36 (KHTML, like Gecko) Chrome/120.0.0.0 Safari/537.36"
23.101.4.52 - - [06/Apr/2026:02:05:52 +0200] "GET /abcd.php HTTP/1.1" 404 11857 "-" "Mozilla/5.0 (Windows NT 10.0; Win64; x64) AppleWebKit/537.36 (KHTML, like Gecko) Chrome/120.0.0.0 Safari/537.36"
23.101.4.52 - - [06/Apr/2026:02:05:52 +0200] "GET /class-t.api.php HTTP/1.1" 404 11858 "-" "Mozilla/5.0 (Windows NT 10.0; Win64; x64) AppleWebKit/537.36 (KHTML, like Gecko) Chrome/120.0.0.0 Safari/537.36"
23.101.4.52 - - [06/Apr/2026:02:05:53 +0200] "GET /classwithtostring.php HTTP/1.1" 404 11918 "-" "Mozilla/5.0 (Windows NT 10.0; Win64; x64) AppleWebKit/537.36 (KHTML, like Gecko) Chrome/120.0.0.0 Safari/537.36"
23.101.4.52 - - [06/Apr/2026:02:05:54 +0200] "GET /file.php HTTP/1.1" 404 11884 "-" "Mozilla/5.0 (Windows NT 10.0; Win64; x64) AppleWebKit/537.36 (KHTML, like Gecko) Chrome/120.0.0.0 Safari/537.36"
23.101.4.52 - - [06/Apr/2026:02:05:54 +0200] "GET /info.php HTTP/1.1" 404 11909 "-" "Mozilla/5.0 (Windows NT 10.0; Win64; x64) AppleWebKit/537.36 (KHTML, like Gecko) Chrome/120.0.0.0 Safari/537.36"
23.101.4.52 - - [06/Apr/2026:02:05:55 +0200] "GET /wp-admin/css/colors/coffee/ HTTP/1.1" 404 11856 "-" "Mozilla/5.0 (Windows NT 10.0; Win64; x64) AppleWebKit/537.36 (KHTML, like Gecko) Chrome/120.0.0.0 Safari/537.36"
23.101.4.52 - - [06/Apr/2026:02:05:56 +0200] "GET /wp-admin/js/widgets/ HTTP/1.1" 404 11844 "-" "Mozilla/5.0 (Windows NT 10.0; Win64; x64) AppleWebKit/537.36 (KHTML, like Gecko) Chrome/120.0.0.0 Safari/537.36"
23.101.4.52 - - [06/Apr/2026:02:05:56 +0200] "GET /wp-content/languages/ HTTP/1.1" 404 11909 "-" "Mozilla/5.0 (Windows NT 10.0; Win64; x64) AppleWebKit/537.36 (KHTML, like Gecko) Chrome/120.0.0.0 Safari/537.36"
23.101.4.52 - - [06/Apr/2026:02:05:57 +0200] "GET /wp-content/languages/plugins/ HTTP/1.1" 404 11898 "-" "Mozilla/5.0 (Windows NT 10.0; Win64; x64) AppleWebKit/537.36 (KHTML, like Gecko) Chrome/120.0.0.0 Safari/537.36"
23.101.4.52 - - [06/Apr/2026:02:05:58 +0200] "GET /wp-content/themes/twentytwentyfour/ HTTP/1.1" 404 11861 "-" "Mozilla/5.0 (Windows NT 10.0; Win64; x64) AppleWebKit/537.36 (KHTML, like Gecko) Chrome/120.0.0.0 Safari/537.36"
23.101.4.52 - - [06/Apr/2026:02:05:58 +0200] "GET /wp-content/upgrade/ HTTP/1.1" 404 11843 "-" "Mozilla/5.0 (Windows NT 10.0; Win64; x64) AppleWebKit/537.36 (KHTML, like Gecko) Chrome/120.0.0.0 Safari/537.36"
23.101.4.52 - - [06/Apr/2026:02:05:59 +0200] "GET /wp-content/uploads/ HTTP/1.1" 404 11899 "-" "Mozilla/5.0 (Windows NT 10.0; Win64; x64) AppleWebKit/537.36 (KHTML, like Gecko) Chrome/120.0.0.0 Safari/537.36"
23.101.4.52 - - [06/Apr/2026:02:06:00 +0200] "GET /wp-good.php HTTP/1.1" 404 11841 "-" "Mozilla/5.0 (Windows NT 10.0; Win64; x64) AppleWebKit/537.36 (KHTML, like Gecko) Chrome/120.0.0.0 Safari/537.36"
23.101.4.52 - - [06/Apr/2026:02:06:00 +0200] "GET /wp-includes/js/jquery/ HTTP/1.1" 404 11843 "-" "Mozilla/5.0 (Windows NT 10.0; Win64; x64) AppleWebKit/537.36 (KHTML, like Gecko) Chrome/120.0.0.0 Safari/537.36"
23.101.4.52 - - [06/Apr/2026:02:06:01 +0200] "GET /wp-includes/js/jquery/ui/ HTTP/1.1" 404 11859 "-" "Mozilla/5.0 (Windows NT 10.0; Win64; x64) AppleWebKit/537.36 (KHTML, like Gecko) Chrome/120.0.0.0 Safari/537.36"
23.101.4.52 - - [06/Apr/2026:02:06:01 +0200] "GET /wp-includes/js/tinymce/themes/ HTTP/1.1" 502 552 "-" "Mozilla/5.0 (Windows NT 10.0; Win64; x64) AppleWebKit/537.36 (KHTML, like Gecko) Chrome/120.0.0.0 Safari/537.36"
23.101.4.52 - - [06/Apr/2026:02:06:02 +0200] "GET /wp-includes/rest-api/ HTTP/1.1" 502 552 "-" "Mozilla/5.0 (Windows NT 10.0; Win64; x64) AppleWebKit/537.36 (KHTML, like Gecko) Chrome/120.0.0.0 Safari/537.36"
23.101.4.52 - - [06/Apr/2026:02:06:02 +0200] "GET /wp-includes/ID3/index.php HTTP/1.1" 502 552 "-" "Mozilla/5.0 (Windows NT 10.0; Win64; x64) AppleWebKit/537.36 (KHTML, like Gecko) Chrome/120.0.0.0 Safari/537.36"
23.101.4.52 - - [06/Apr/2026:02:06:02 +0200] "GET /wp-includes/fonts/ HTTP/1.1" 502 552 "-" "Mozilla/5.0 (Windows NT 10.0; Win64; x64) AppleWebKit/537.36 (KHTML, like Gecko) Chrome/120.0.0.0 Safari/537.36"
23.101.4.52 - - [06/Apr/2026:02:06:03 +0200] "GET /wordpress/wp-admin/maint/ HTTP/1.1" 404 11899 "-" "Mozilla/5.0 (Windows NT 10.0; Win64; x64) AppleWebKit/537.36 (KHTML, like Gecko) Chrome/120.0.0.0 Safari/537.36"
23.101.4.52 - - [06/Apr/2026:02:06:04 +0200] "GET /cgi-bin/ HTTP/1.1" 404 11943 "-" "Mozilla/5.0 (Windows NT 10.0; Win64; x64) AppleWebKit/537.36 (KHTML, like Gecko) Chrome/120.0.0.0 Safari/537.36"
103.56.163.133 - - [06/Apr/2026:02:06:35 +0200] "GET /wp-login.php HTTP/1.1" 200 3998 "-" "Mozilla/4.0 (compatible; MSIE 7.0; Windows NT 6.1; WOW64; Trident/7.0; SLCC2; .NET CLR 2.0.50727; .NET CLR 3.5.30729; .NET CLR 3.0.30729; Media Center PC 6.0; MASA; .NET4.0C; .NET4.0E; AskTbFWV5/5.15.29.67612)"
103.56.163.133 - - [06/Apr/2026:02:06:37 +0200] "POST /wp-login.php HTTP/1.1" 200 3998 "https://bulpress.top/wp-login.php" "Mozilla/4.0 (compatible; MSIE 7.0; Windows NT 6.1; WOW64; Trident/7.0; SLCC2; .NET CLR 2.0.50727; .NET CLR 3.5.30729; .NET CLR 3.0.30729; Media Center PC 6.0; MASA; .NET4.0C; .NET4.0E; AskTbFWV5/5.15.29.67612)"
8.228.88.249 - - [06/Apr/2026:02:09:43 +0200] "GET /feed/ HTTP/1.1" 200 42640 "-" "Mozilla/5.0 (Windows NT 6.3; WOW64; rv:33.0) Gecko/20100101 Firefox/33.0"
17.22.245.97 - - [06/Apr/2026:02:10:08 +0200] "GET /robots.txt HTTP/1.1" 200 66 "-" "Mozilla/5.0 (Macintosh; Intel Mac OS X 10_15_7) AppleWebKit/605.1.15 (KHTML, like Gecko) Version/17.4 Safari/605.1.15 (Applebot/0.1; +http://www.apple.com/go/applebot)"
17.22.245.97 - - [06/Apr/2026:02:10:09 +0200] "GET /%d0%bd%d1%8f%d0%ba%d0%be%d0%b3%d0%b0-%d0%b2%d1%8a%d0%b2-%d0%b2%d1%81%d1%8f%d0%ba%d0%b0-%d1%86%d0%b8%d0%b3%d0%b0%d1%80%d0%b0-%d0%bf%d0%be-%d1%81%d0%b2%d0%b5%d1%82%d0%b0-%d0%b8%d0%bc%d0%b0%d1%88%d0%b5/ HTTP/1.1" 200 20164 "-" "Mozilla/5.0 (Macintosh; Intel Mac OS X 10_15_7) AppleWebKit/605.1.15 (KHTML, like Gecko) Version/17.4 Safari/605.1.15 (Applebot/0.1; +http://www.apple.com/go/applebot)"
8.228.88.249 - - [06/Apr/2026:02:11:35 +0200] "GET /news/feed/ HTTP/1.1" 200 450 "-" "Mozilla/5.0 (Windows NT 6.3; WOW64; rv:33.0) Gecko/20100101 Firefox/33.0"
17.22.253.70 - - [06/Apr/2026:02:12:06 +0200] "GET /%D0%BD%D1%8F%D0%BA%D0%BE%D0%B3%D0%B0-%D0%B2%D1%8A%D0%B2-%D0%B2%D1%81%D1%8F%D0%BA%D0%B0-%D1%86%D0%B8%D0%B3%D0%B0%D1%80%D0%B0-%D0%BF%D0%BE-%D1%81%D0%B2%D0%B5%D1%82%D0%B0-%D0%B8%D0%BC%D0%B0%D1%88%D0%B5/ HTTP/1.1" 200 20200 "-" "Mozilla/5.0 (Macintosh; Intel Mac OS X 10_15_7) AppleWebKit/605.1.15 (KHTML, like Gecko) Version/17.4 Safari/605.1.15 (Applebot/0.1; +http://www.apple.com/go/applebot)"
17.22.253.70 - - [06/Apr/2026:02:12:07 +0200] "GET /wp-includes/js/wp-emoji-release.min.js?ver=4.9.26 HTTP/1.1" 304 0 "https://bulpress.top/%d0%bd%d1%8f%d0%ba%d0%be%d0%b3%d0%b0-%d0%b2%d1%8a%d0%b2-%d0%b2%d1%81%d1%8f%d0%ba%d0%b0-%d1%86%d0%b8%d0%b3%d0%b0%d1%80%d0%b0-%d0%bf%d0%be-%d1%81%d0%b2%d0%b5%d1%82%d0%b0-%d0%b8%d0%bc%d0%b0%d1%88%d0%b5/" "Mozilla/5.0 (Macintosh; Intel Mac OS X 10_15_7) AppleWebKit/605.1.15 (KHTML, like Gecko) Version/17.4 Safari/605.1.15 (Applebot/0.1; +http://www.apple.com/go/applebot)"
17.22.237.76 - - [06/Apr/2026:02:12:07 +0200] "GET /wp-includes/js/jquery/jquery.js?ver=1.12.4 HTTP/1.1" 304 0 "https://bulpress.top/%d0%bd%d1%8f%d0%ba%d0%be%d0%b3%d0%b0-%d0%b2%d1%8a%d0%b2-%d0%b2%d1%81%d1%8f%d0%ba%d0%b0-%d1%86%d0%b8%d0%b3%d0%b0%d1%80%d0%b0-%d0%bf%d0%be-%d1%81%d0%b2%d0%b5%d1%82%d0%b0-%d0%b8%d0%bc%d0%b0%d1%88%d0%b5/" "Mozilla/5.0 (Macintosh; Intel Mac OS X 10_15_7) AppleWebKit/605.1.15 (KHTML, like Gecko) Version/17.4 Safari/605.1.15 (Applebot/0.1; +http://www.apple.com/go/applebot)"
17.22.253.117 - - [06/Apr/2026:02:12:08 +0200] "GET /wp-content/themes/Newspaper/style.css?ver=8.0 HTTP/1.1" 304 0 "https://bulpress.top/%d0%bd%d1%8f%d0%ba%d0%be%d0%b3%d0%b0-%d0%b2%d1%8a%d0%b2-%d0%b2%d1%81%d1%8f%d0%ba%d0%b0-%d1%86%d0%b8%d0%b3%d0%b0%d1%80%d0%b0-%d0%bf%d0%be-%d1%81%d0%b2%d0%b5%d1%82%d0%b0-%d0%b8%d0%bc%d0%b0%d1%88%d0%b5/" "Mozilla/5.0 (Macintosh; Intel Mac OS X 10_15_7) AppleWebKit/605.1.15 (KHTML, like Gecko) Version/17.4 Safari/605.1.15 (Applebot/0.1; +http://www.apple.com/go/applebot)"
17.22.237.100 - - [06/Apr/2026:02:12:08 +0200] "GET /wp-includes/js/jquery/jquery-migrate.min.js?ver=1.4.1 HTTP/1.1" 200 3836 "https://bulpress.top/%d0%bd%d1%8f%d0%ba%d0%be%d0%b3%d0%b0-%d0%b2%d1%8a%d0%b2-%d0%b2%d1%81%d1%8f%d0%ba%d0%b0-%d1%86%d0%b8%d0%b3%d0%b0%d1%80%d0%b0-%d0%bf%d0%be-%d1%81%d0%b2%d0%b5%d1%82%d0%b0-%d0%b8%d0%bc%d0%b0%d1%88%d0%b5/" "Mozilla/5.0 (Macintosh; Intel Mac OS X 10_15_7) AppleWebKit/605.1.15 (KHTML, like Gecko) Version/17.4 Safari/605.1.15 (Applebot/0.1; +http://www.apple.com/go/applebot)"
17.22.245.234 - - [06/Apr/2026:02:12:10 +0200] "GET /wp-content/plugins/jetpack/css/jetpack.css?ver=7.0.2 HTTP/1.1" 304 0 "https://bulpress.top/%d0%bd%d1%8f%d0%ba%d0%be%d0%b3%d0%b0-%d0%b2%d1%8a%d0%b2-%d0%b2%d1%81%d1%8f%d0%ba%d0%b0-%d1%86%d0%b8%d0%b3%d0%b0%d1%80%d0%b0-%d0%bf%d0%be-%d1%81%d0%b2%d0%b5%d1%82%d0%b0-%d0%b8%d0%bc%d0%b0%d1%88%d0%b5/" "Mozilla/5.0 (Macintosh; Intel Mac OS X 10_15_7) AppleWebKit/605.1.15 (KHTML, like Gecko) Version/17.4 Safari/605.1.15 (Applebot/0.1; +http://www.apple.com/go/applebot)"
17.22.245.219 - - [06/Apr/2026:02:12:12 +0200] "GET /wp-includes/js/comment-reply.min.js?ver=4.9.26 HTTP/1.1" 304 0 "https://bulpress.top/%d0%bd%d1%8f%d0%ba%d0%be%d0%b3%d0%b0-%d0%b2%d1%8a%d0%b2-%d0%b2%d1%81%d1%8f%d0%ba%d0%b0-%d1%86%d0%b8%d0%b3%d0%b0%d1%80%d0%b0-%d0%bf%d0%be-%d1%81%d0%b2%d0%b5%d1%82%d0%b0-%d0%b8%d0%bc%d0%b0%d1%88%d0%b5/" "Mozilla/5.0 (Macintosh; Intel Mac OS X 10_15_7) AppleWebKit/605.1.15 (KHTML, like Gecko) Version/17.4 Safari/605.1.15 (Applebot/0.1; +http://www.apple.com/go/applebot)"
17.22.237.123 - - [06/Apr/2026:02:12:13 +0200] "GET /wp-content/plugins/jetpack/modules/wpgroho.js?ver=4.9.26 HTTP/1.1" 304 0 "https://bulpress.top/%d0%bd%d1%8f%d0%ba%d0%be%d0%b3%d0%b0-%d0%b2%d1%8a%d0%b2-%d0%b2%d1%81%d1%8f%d0%ba%d0%b0-%d1%86%d0%b8%d0%b3%d0%b0%d1%80%d0%b0-%d0%bf%d0%be-%d1%81%d0%b2%d0%b5%d1%82%d0%b0-%d0%b8%d0%bc%d0%b0%d1%88%d0%b5/" "Mozilla/5.0 (Macintosh; Intel Mac OS X 10_15_7) AppleWebKit/605.1.15 (KHTML, like Gecko) Version/17.4 Safari/605.1.15 (Applebot/0.1; +http://www.apple.com/go/applebot)"
17.22.253.117 - - [06/Apr/2026:02:12:15 +0200] "GET /wp-content/themes/Newspaper/js/tagdiv_theme.js?ver=8.0 HTTP/1.1" 304 0 "https://bulpress.top/%d0%bd%d1%8f%d0%ba%d0%be%d0%b3%d0%b0-%d0%b2%d1%8a%d0%b2-%d0%b2%d1%81%d1%8f%d0%ba%d0%b0-%d1%86%d0%b8%d0%b3%d0%b0%d1%80%d0%b0-%d0%bf%d0%be-%d1%81%d0%b2%d0%b5%d1%82%d0%b0-%d0%b8%d0%bc%d0%b0%d1%88%d0%b5/" "Mozilla/5.0 (Macintosh; Intel Mac OS X 10_15_7) AppleWebKit/605.1.15 (KHTML, like Gecko) Version/17.4 Safari/605.1.15 (Applebot/0.1; +http://www.apple.com/go/applebot)"
17.22.237.247 - - [06/Apr/2026:02:12:16 +0200] "GET /wp-includes/js/wp-embed.min.js?ver=4.9.26 HTTP/1.1" 304 0 "https://bulpress.top/%d0%bd%d1%8f%d0%ba%d0%be%d0%b3%d0%b0-%d0%b2%d1%8a%d0%b2-%d0%b2%d1%81%d1%8f%d0%ba%d0%b0-%d1%86%d0%b8%d0%b3%d0%b0%d1%80%d0%b0-%d0%bf%d0%be-%d1%81%d0%b2%d0%b5%d1%82%d0%b0-%d0%b8%d0%bc%d0%b0%d1%88%d0%b5/" "Mozilla/5.0 (Macintosh; Intel Mac OS X 10_15_7) AppleWebKit/605.1.15 (KHTML, like Gecko) Version/17.4 Safari/605.1.15 (Applebot/0.1; +http://www.apple.com/go/applebot)"
17.22.237.29 - - [06/Apr/2026:02:12:17 +0200] "GET /wp-content/plugins/td-composer/css-live/assets/css/td_live_css_frontend.css?ver=4.9.26 HTTP/1.1" 304 0 "https://bulpress.top/%d0%bd%d1%8f%d0%ba%d0%be%d0%b3%d0%b0-%d0%b2%d1%8a%d0%b2-%d0%b2%d1%81%d1%8f%d0%ba%d0%b0-%d1%86%d0%b8%d0%b3%d0%b0%d1%80%d0%b0-%d0%bf%d0%be-%d1%81%d0%b2%d0%b5%d1%82%d0%b0-%d0%b8%d0%bc%d0%b0%d1%88%d0%b5/" "Mozilla/5.0 (Macintosh; Intel Mac OS X 10_15_7) AppleWebKit/605.1.15 (KHTML, like Gecko) Version/17.4 Safari/605.1.15 (Applebot/0.1; +http://www.apple.com/go/applebot)"
51.81.32.210 - - [06/Apr/2026:02:12:33 +0200] "GET /wp-login.php HTTP/1.1" 200 3997 "-" "Mozilla/5.0 (Macintosh; Intel Mac OS X 10_13_3) AppleWebKit/537.36 (KHTML, like Gecko) Chrome/66.0.3359.139 Safari/537.36"
51.81.32.210 - - [06/Apr/2026:02:12:34 +0200] "POST /wp-login.php HTTP/1.1" 200 3997 "https://bulpress.top/wp-login.php" "Mozilla/5.0 (Macintosh; Intel Mac OS X 10_13_3) AppleWebKit/537.36 (KHTML, like Gecko) Chrome/66.0.3359.139 Safari/537.36"
66.249.74.164 - - [06/Apr/2026:02:13:23 +0200] "GET /%D0%B4%D1%8A%D1%89%D0%B5%D1%80%D1%8F%D1%82%D0%B0-%D0%BD%D0%B0-%D1%80%D0%B0%D0%B4%D0%B5%D0%B2-%D0%BF%D1%80%D0%B5%D0%B4%D0%B8%D0%B7%D0%B2%D0%B8%D0%BA%D0%B0-%D0%B8%D1%81%D1%82%D0%B8%D0%BD%D1%81%D0%BA/ HTTP/1.1" 200 19452 "-" "Mozilla/5.0 (Linux; Android 6.0.1; Nexus 5X Build/MMB29P) AppleWebKit/537.36 (KHTML, like Gecko) Chrome/146.0.7680.177 Mobile Safari/537.36 (compatible; Googlebot/2.1; +http://www.google.com/bot.html)"
161.97.137.93 - - [06/Apr/2026:02:18:57 +0200] "POST /wp-cron.php?doing_wp_cron=1775434737.2354719638824462890625 HTTP/1.1" 404 11908 "https://bulpress.top/wp-cron.php?doing_wp_cron=1775434737.2354719638824462890625" "WordPress/4.9.26; https://bulpress.top"
85.208.96.198 - - [06/Apr/2026:02:18:58 +0200] "GET /tag/novinite-dnes/page/18/ HTTP/1.1" 200 18969 "-" "Mozilla/5.0 (compatible; SemrushBot/7~bl; +http://www.semrush.com/bot.html)"
161.97.137.93 - - [06/Apr/2026:02:21:39 +0200] "POST /wp-cron.php?doing_wp_cron=1775434898.4446940422058105468750 HTTP/1.1" 404 11924 "https://bulpress.top/wp-cron.php?doing_wp_cron=1775434898.4446940422058105468750" "WordPress/4.9.26; https://bulpress.top"
85.208.96.203 - - [06/Apr/2026:02:21:39 +0200] "GET /%D0%BA%D0%BE%D0%BB%D0%BE%D1%81%D0%B0%D0%BB%D0%B5%D0%BD-%D0%BF%D0%B0%D0%BC%D0%B5%D1%82%D0%BD%D0%B8%D0%BA-%D0%BD%D0%B0-%D1%81%D0%B8%D0%BC%D0%B5%D0%BE%D0%BD-%D0%B2%D0%B5%D0%BB%D0%B8%D0%BA%D0%B8/ HTTP/1.1" 200 20234 "-" "Mozilla/5.0 (compatible; SemrushBot/7~bl; +http://www.semrush.com/bot.html)"
157.55.39.10 - - [06/Apr/2026:02:24:50 +0200] "GET /%D1%82%D0%B0%D0%BA%D0%B8%D0%B2%D0%B0-%D0%BF%D0%B0%D0%BB%D0%B0%D1%87%D0%B8%D0%BD%D0%BA%D0%B8-%D0%BD%D0%B5-%D1%81%D1%82%D0%B5-%D1%8F%D0%BB%D0%B8-1-%D1%81%D1%8A%D1%81%D1%82%D0%B0%D0%B2%D0%BA%D0%B0/ HTTP/1.1" 200 19789 "-" "Mozilla/5.0 AppleWebKit/537.36 (KHTML, like Gecko; compatible; bingbot/2.0; +http://www.bing.com/bingbot.htm) Chrome/116.0.1938.76 Safari/537.36"
18.205.231.47 - - [06/Apr/2026:02:26:00 +0200] "GET /wp-login.php HTTP/1.1" 200 3996 "-" "Mozilla/5.0 (X11; CrOS x86_64 10452.99.0) AppleWebKit/537.36 (KHTML, like Gecko) Chrome/66.0.3359.203 Safari/537.36"
18.205.231.47 - - [06/Apr/2026:02:26:02 +0200] "POST /wp-login.php HTTP/1.1" 502 552 "https://bulpress.top/wp-login.php" "Mozilla/5.0 (X11; CrOS x86_64 10452.99.0) AppleWebKit/537.36 (KHTML, like Gecko) Chrome/66.0.3359.203 Safari/537.36"
161.97.137.93 - - [06/Apr/2026:02:28:40 +0200] "POST /wp-cron.php?doing_wp_cron=1775435319.8442780971527099609375 HTTP/1.1" 404 11827 "https://bulpress.top/wp-cron.php?doing_wp_cron=1775435319.8442780971527099609375" "WordPress/4.9.26; https://bulpress.top"
78.174.104.205 - - [06/Apr/2026:02:28:40 +0200] "GET /author/bulpress/page/44/ HTTP/1.1" 200 17290 "-" "Mozilla/5.0 (Windows NT 10.0; Win64; x64) AppleWebKit/537.36 (KHTML, like Gecko) Chrome/129.0.6668.100 Safari/537.36"
51.195.244.83 - - [06/Apr/2026:02:30:53 +0200] "GET /%D0%BA%D0%B0%D0%BA%D1%8A%D0%B2-%D0%B1%D0%B5%D1%88%D0%B5-%D0%B6%D0%B8%D0%B2%D0%BE%D1%82%D1%8A%D1%82-%D0%B2-%D0%B1%D1%8A%D0%BB%D0%B3%D0%B0%D1%80%D1%81%D0%BA%D0%BE%D1%82%D0%BE-%D1%81%D0%B5%D0%BB%D0%BE/ HTTP/1.1" 200 18576 "-" "Mozilla/5.0 (compatible; AhrefsBot/7.0; +http://ahrefs.com/robot/)"
144.76.32.187 - - [06/Apr/2026:02:33:38 +0200] "GET /%D0%BA%D0%BE%D0%BF%D1%80%D0%B8%D0%B2%D0%B0%D1%82%D0%B0-%D1%81%D1%80%D0%B5%D0%B4%D1%81%D1%82%D0%B2%D0%BE%D1%82%D0%BE-%D0%BA%D0%BE%D0%B5%D1%82%D0%BE-%D0%BB%D0%B5%D0%BA%D1%83%D0%B2%D0%B0/ HTTP/1.1" 200 20780 "-" "Mozilla/5.0 (compatible; SERankingBacklinksBot/1.0; +https://seranking.com/backlinks-crawler)"
51.222.15.106 - - [06/Apr/2026:02:33:51 +0200] "GET /wp-login.php HTTP/1.1" 403 218 "-" "Mozilla/5.0 (Macintosh; Intel Mac OS X 10_12_4) AppleWebKit/603.1.30 (KHTML, like Gecko) Version/10.1 Safari/603.1.30"
51.222.15.106 - - [06/Apr/2026:02:33:54 +0200] "POST /wp-login.php HTTP/1.1" 403 218 "https://bulpress.top/wp-login.php" "Mozilla/5.0 (Macintosh; Intel Mac OS X 10_12_4) AppleWebKit/603.1.30 (KHTML, like Gecko) Version/10.1 Safari/603.1.30"
144.76.32.187 - - [06/Apr/2026:02:34:03 +0200] "GET /%D0%91%D1%8A%D0%BB%D0%B3%D0%B0%D1%80%D1%81%D0%BA%D0%B8%D1%82%D0%B5-%D0%BA%D0%B2%D0%B0%D1%80%D1%82%D0%B8%D1%80%D0%B0%D0%BD%D1%82%D0%B8-%D0%B8-%D0%B4%D0%B5%D0%BB%D0%B0%D1%82%D0%B0-%D0%B8/ HTTP/1.1" 502 150 "-" "Mozilla/5.0 (compatible; SERankingBacklinksBot/1.0; +https://seranking.com/backlinks-crawler)"
51.89.129.152 - - [06/Apr/2026:02:34:53 +0200] "GET /wp-content/uploads/2019/06/rher-80x60.jpg HTTP/1.1" 200 2445 "-" "Mozilla/5.0 (compatible; AhrefsBot/7.0; +http://ahrefs.com/robot/)"
51.89.129.200 - - [06/Apr/2026:02:34:53 +0200] "GET /wp-content/uploads/2020/01/tn_20150423_153950.jpg HTTP/1.1" 200 135913 "-" "Mozilla/5.0 (compatible; AhrefsBot/7.0; +http://ahrefs.com/robot/)"
185.191.171.8 - - [06/Apr/2026:02:37:02 +0200] "GET /%D0%BA%D0%B0%D0%BA-%D0%B5%D0%B4%D0%B8%D0%BD-%D0%BE%D0%B2%D1%87%D0%B0%D1%80-%D1%81%D0%BF%D0%B5%D1%81%D1%82%D0%B8-80-%D0%BC%D0%BB%D0%BD-%D0%BD%D0%B0-%D0%B4%D1%8A%D1%80%D0%B6%D0%B0%D0%B2%D0%B0%D1%82/ HTTP/1.1" 502 150 "-" "Mozilla/5.0 (compatible; SemrushBot/7~bl; +http://www.semrush.com/bot.html)"
8.228.88.249 - - [06/Apr/2026:02:38:10 +0200] "GET /feed/ HTTP/1.1" 200 42640 "-" "Mozilla/5.0 (Windows NT 6.3; WOW64; rv:33.0) Gecko/20100101 Firefox/33.0"
46.224.99.107 - - [06/Apr/2026:02:39:57 +0200] "GET /wp-login.php HTTP/1.1" 200 3998 "-" "Mozilla/4.0 (compatible; MSIE 7.0; Windows NT 6.2; WOW64; Trident/7.0; .NET4.0C; .NET4.0E; .NET CLR 2.0.50727; .NET CLR 3.0.30729; .NET CLR 3.5.30729; LCTE)"
46.224.99.107 - - [06/Apr/2026:02:39:57 +0200] "POST /wp-login.php HTTP/1.1" 200 3998 "https://bulpress.top/wp-login.php" "Mozilla/4.0 (compatible; MSIE 7.0; Windows NT 6.2; WOW64; Trident/7.0; .NET4.0C; .NET4.0E; .NET CLR 2.0.50727; .NET CLR 3.0.30729; .NET CLR 3.5.30729; LCTE)"
161.97.137.93 - - [06/Apr/2026:02:41:06 +0200] "POST /wp-cron.php?doing_wp_cron=1775436065.4032249450683593750000 HTTP/1.1" 404 11857 "https://bulpress.top/wp-cron.php?doing_wp_cron=1775436065.4032249450683593750000" "WordPress/4.9.26; https://bulpress.top"
216.73.216.150 - - [06/Apr/2026:02:41:06 +0200] "GET /robots.txt HTTP/1.1" 200 66 "-" "Mozilla/5.0 AppleWebKit/537.36 (KHTML, like Gecko; compatible; ClaudeBot/1.0; +claudebot@anthropic.com)"
161.97.137.93 - - [06/Apr/2026:02:43:40 +0200] "POST /wp-cron.php?doing_wp_cron=1775436219.3935909271240234375000 HTTP/1.1" 404 11917 "https://bulpress.top/wp-cron.php?doing_wp_cron=1775436219.3935909271240234375000" "WordPress/4.9.26; https://bulpress.top"
40.77.167.35 - - [06/Apr/2026:02:43:40 +0200] "GET /%D0%BF%D0%BE%D0%BB%D1%83%D1%81%D0%BB%D1%8F%D0%BF-%D1%85%D1%83%D0%B4%D0%BE%D0%B6%D0%BD%D0%B8%D0%BA-%D1%81%D1%8A%D0%B7%D0%B4%D0%B0%D0%B2%D0%B0-%D1%83%D0%BD%D0%B8%D0%BA%D0%B0%D0%BB%D0%BD%D0%B8-%D0%BC/ HTTP/1.1" 200 19667 "-" "Mozilla/5.0 AppleWebKit/537.36 (KHTML, like Gecko; compatible; bingbot/2.0; +http://www.bing.com/bingbot.htm) Chrome/116.0.1938.76 Safari/537.36"
40.77.167.35 - - [06/Apr/2026:02:43:41 +0200] "GET /%D0%BA%D0%BE%D0%BB%D0%BE%D1%81%D0%B0%D0%BB%D0%B5%D0%BD-%D0%BF%D0%B0%D0%BC%D0%B5%D1%82%D0%BD%D0%B8%D0%BA-%D0%BD%D0%B0-%D1%81%D0%B8%D0%BC%D0%B5%D0%BE%D0%BD-%D0%B2%D0%B5%D0%BB%D0%B8%D0%BA%D0%B8/ HTTP/1.1" 200 20234 "-" "Mozilla/5.0 AppleWebKit/537.36 (KHTML, like Gecko; compatible; bingbot/2.0; +http://www.bing.com/bingbot.htm) Chrome/116.0.1938.76 Safari/537.36"
31.24.155.180 - - [06/Apr/2026:02:47:26 +0200] "GET /wp-login.php HTTP/1.1" 200 3997 "-" "Mozilla/5.0 (Windows NT 6.1; Win64; x64) AppleWebKit/537.36 (KHTML, like Gecko) Chrome/64.0.3282.186 Safari/537.36 OPR/51.0.2830.55"
31.24.155.180 - - [06/Apr/2026:02:47:31 +0200] "POST /wp-login.php HTTP/1.1" 200 3997 "https://bulpress.top/wp-login.php" "Mozilla/5.0 (Windows NT 6.1; Win64; x64) AppleWebKit/537.36 (KHTML, like Gecko) Chrome/64.0.3282.186 Safari/537.36 OPR/51.0.2830.55"
161.97.137.93 - - [06/Apr/2026:02:48:25 +0200] "POST /wp-cron.php?doing_wp_cron=1775436504.8072559833526611328125 HTTP/1.1" 404 11857 "https://bulpress.top/wp-cron.php?doing_wp_cron=1775436504.8072559833526611328125" "WordPress/4.9.26; https://bulpress.top"
85.208.96.197 - - [06/Apr/2026:02:48:25 +0200] "GET /%D1%82%D0%BE%D0%BF-33-%D0%BD%D0%B0-%D0%BD%D0%B0%D0%B9-%D0%BA%D1%83%D0%BB%D1%82%D0%BE%D0%B2%D0%B8%D1%82%D0%B5-%D1%86%D0%B8%D1%82%D0%B0%D1%82%D0%B8-%D0%BE%D1%82-%D0%B1%D1%8A%D0%BB%D0%B3%D0%B0%D1%80/ HTTP/1.1" 200 20505 "-" "Mozilla/5.0 (compatible; SemrushBot/7~bl; +http://www.semrush.com/bot.html)"
185.140.224.3 - - [06/Apr/2026:02:53:59 +0200] "GET /wp-login.php HTTP/1.1" 200 3997 "-" "Mozilla/5.0 (Windows NT 6.1; WOW64; Trident/7.0; MATP; MATP; MATPJS; rv:11.0) like Gecko"
185.140.224.3 - - [06/Apr/2026:02:54:00 +0200] "POST /wp-login.php HTTP/1.1" 200 3997 "https://bulpress.top/wp-login.php" "Mozilla/5.0 (Windows NT 6.1; WOW64; Trident/7.0; MATP; MATP; MATPJS; rv:11.0) like Gecko"
161.97.137.93 - - [06/Apr/2026:02:54:53 +0200] "POST /wp-cron.php?doing_wp_cron=1775436892.3444089889526367187500 HTTP/1.1" 404 11845 "https://bulpress.top/wp-cron.php?doing_wp_cron=1775436892.3444089889526367187500" "WordPress/4.9.26; https://bulpress.top"
8.228.88.249 - - [06/Apr/2026:02:54:53 +0200] "GET /feed/ HTTP/1.1" 200 42640 "-" "Mozilla/5.0 (Windows NT 6.3; WOW64; rv:33.0) Gecko/20100101 Firefox/33.0"
8.228.88.249 - - [06/Apr/2026:02:55:43 +0200] "GET /news/feed/ HTTP/1.1" 200 450 "-" "Mozilla/5.0 (Windows NT 6.3; WOW64; rv:33.0) Gecko/20100101 Firefox/33.0"
161.97.137.93 - - [06/Apr/2026:02:58:44 +0200] "POST /wp-cron.php?doing_wp_cron=1775437123.2967779636383056640625 HTTP/1.1" 404 11878 "https://bulpress.top/wp-cron.php?doing_wp_cron=1775437123.2967779636383056640625" "WordPress/4.9.26; https://bulpress.top"
85.208.96.193 - - [06/Apr/2026:02:58:44 +0200] "GET /%D0%BD%D0%B0%D1%81%D0%B0-%D0%BF%D1%80%D0%B8%D0%B7%D0%BD%D0%B0-%D0%BF%D1%80%D1%8A%D1%81%D0%BA%D0%B0%D1%82-%D0%BD%D0%B8-%D1%81-%D1%82%D0%B5%D0%B6%D0%BA%D0%B8-%D0%BC%D0%B5%D1%82%D0%B0%D0%BB%D0%B8-%D0%BF/ HTTP/1.1" 200 21343 "-" "Mozilla/5.0 (compatible; SemrushBot/7~bl; +http://www.semrush.com/bot.html)"
185.191.171.18 - - [06/Apr/2026:02:59:42 +0200] "GET /%D0%B7%D1%8A%D0%B1%D0%BE%D0%BB%D0%B5%D0%BA%D0%B0%D1%80%D0%BA%D0%B0-%D0%BE%D1%82-%D0%B2%D0%B0%D1%80%D0%BD%D0%B0-%D0%BF%D1%80%D0%B5%D0%B4%D0%BB%D0%B0%D0%B3%D0%B0-%D0%B1%D0%B5%D0%B7%D0%BF%D0%BB%D0%B0/ HTTP/1.1" 200 19532 "-" "Mozilla/5.0 (compatible; SemrushBot/7~bl; +http://www.semrush.com/bot.html)"
114.119.156.111 - - [06/Apr/2026:03:01:40 +0200] "GET /robots.txt HTTP/1.1" 200 66 "-" "Mozilla/5.0 (compatible;PetalBot;+https://webmaster.petalsearch.com/site/petalbot)"
51.195.41.174 - - [06/Apr/2026:03:02:07 +0200] "GET /wp-login.php HTTP/1.1" 200 3996 "-" "Mozilla/5.0 (X11; CrOS x86_64 10452.74.0) AppleWebKit/537.36 (KHTML, like Gecko) Chrome/66.0.3359.137 Safari/537.36"
51.195.41.174 - - [06/Apr/2026:03:02:08 +0200] "POST /wp-login.php HTTP/1.1" 200 3996 "https://bulpress.top/wp-login.php" "Mozilla/5.0 (X11; CrOS x86_64 10452.74.0) AppleWebKit/537.36 (KHTML, like Gecko) Chrome/66.0.3359.137 Safari/537.36"
161.97.137.93 - - [06/Apr/2026:03:03:38 +0200] "POST /wp-cron.php?doing_wp_cron=1775437418.0255789756774902343750 HTTP/1.1" 404 11928 "https://bulpress.top/wp-cron.php?doing_wp_cron=1775437418.0255789756774902343750" "WordPress/4.9.26; https://bulpress.top"
102.207.2.47 - - [06/Apr/2026:03:03:38 +0200] "GET /20-%D0%B4%D1%83%D0%BC%D0%B8-%D0%BA%D0%BE%D0%B8%D1%82%D0%BE-%D1%81%D0%B0-%D0%BD%D0%B8-%D0%BE%D1%81%D1%82%D0%B0%D0%BD%D0%B0%D0%BB%D0%B8-%D0%BE%D1%82-%D0%B5%D0%B7%D0%B8%D0%BA%D0%B0-%D0%BD%D0%B0-%D1%85/ HTTP/1.1" 200 18596 "-" "Mozilla/5.0 (Macintosh; Intel Mac OS X 10_15_7) AppleWebKit/537.36 (KHTML, like Gecko) Chrome/95.0.4638.54 Safari/537.36"
206.189.191.4 - - [06/Apr/2026:03:03:49 +0200] "GET / HTTP/1.1" 200 24410 "-" "Mozilla/5.0 (X11; Linux x86_64) AppleWebKit/537.36 (KHTML, like Gecko) Chrome/142.0.0.0 Safari/537.36"
206.189.191.4 - - [06/Apr/2026:03:03:50 +0200] "GET /wp-content/uploads/2019/01/cropped-21015343_1457098327717113_566289841_n-32x32.jpg HTTP/1.1" 200 1166 "https://bulpress.top/" "Mozilla/5.0 (X11; Linux x86_64) AppleWebKit/537.36 (KHTML, like Gecko) Chrome/142.0.0.0 Safari/537.36"
185.191.171.7 - - [06/Apr/2026:03:06:43 +0200] "GET /%D1%80%D0%B0%D0%B7%D0%BA%D0%B0%D0%B7-%D0%B2%D1%80%D0%B5%D0%BC%D0%B5%D1%82%D0%BE-%D0%BA%D0%BE%D0%B3%D0%B0%D1%82%D0%BE-%D0%BD%D0%B0%D1%80%D0%BE%D0%B4%D1%8A%D1%82-%D1%80%D0%B0%D0%B1%D0%BE/ HTTP/1.1" 200 19880 "-" "Mozilla/5.0 (compatible; SemrushBot/7~bl; +http://www.semrush.com/bot.html)"
8.228.88.249 - - [06/Apr/2026:03:11:56 +0200] "GET /news/feed/ HTTP/1.1" 200 450 "-" "Mozilla/5.0 (Windows NT 6.3; WOW64; rv:33.0) Gecko/20100101 Firefox/33.0"
161.97.137.93 - - [06/Apr/2026:03:13:01 +0200] "POST /wp-cron.php?doing_wp_cron=1775437980.4498829841613769531250 HTTP/1.1" 404 11843 "https://bulpress.top/wp-cron.php?doing_wp_cron=1775437980.4498829841613769531250" "WordPress/4.9.26; https://bulpress.top"
85.208.96.200 - - [06/Apr/2026:03:13:01 +0200] "GET /%D1%84%D0%B8%D0%BB%D0%BC-%D1%81-%D0%BD%D0%B0%D1%88%D0%B8-%D1%81%D1%82%D1%83%D0%B4%D0%B5%D0%BD%D1%82%D0%BA%D0%B8-%D0%BD%D0%B0-%D0%B1%D1%80%D0%B8%D0%B3%D0%B0%D0%B4%D0%B0-%D0%B2-%D1%81%D0%B0%D1%89/ HTTP/1.1" 200 20514 "-" "Mozilla/5.0 (compatible; SemrushBot/7~bl; +http://www.semrush.com/bot.html)"
162.240.22.47 - - [06/Apr/2026:03:16:36 +0200] "GET /wp-login.php HTTP/1.1" 200 3997 "-" "Mozilla/5.0 (Macintosh; Intel Mac OS X 10_13_1) AppleWebKit/537.36 (KHTML, like Gecko) Chrome/65.0.3325.181 Safari/537.36"
162.240.22.47 - - [06/Apr/2026:03:16:42 +0200] "POST /wp-login.php HTTP/1.1" 200 3997 "https://bulpress.top/wp-login.php" "Mozilla/5.0 (Macintosh; Intel Mac OS X 10_13_1) AppleWebKit/537.36 (KHTML, like Gecko) Chrome/65.0.3325.181 Safari/537.36"
161.97.137.93 - - [06/Apr/2026:03:20:38 +0200] "POST /wp-cron.php?doing_wp_cron=1775438438.0163159370422363281250 HTTP/1.1" 404 11861 "https://bulpress.top/wp-cron.php?doing_wp_cron=1775438438.0163159370422363281250" "WordPress/4.9.26; https://bulpress.top"
23.101.8.77 - - [06/Apr/2026:03:20:39 +0200] "GET /100.php HTTP/1.1" 404 11848 "-" "Mozilla/5.0 (Windows NT 10.0; Win64; x64) AppleWebKit/537.36 (KHTML, like Gecko) Chrome/120.0.0.0 Safari/537.36"
23.101.8.77 - - [06/Apr/2026:03:20:39 +0200] "GET /7.php HTTP/1.1" 404 11852 "-" "Mozilla/5.0 (Windows NT 10.0; Win64; x64) AppleWebKit/537.36 (KHTML, like Gecko) Chrome/120.0.0.0 Safari/537.36"
23.101.8.77 - - [06/Apr/2026:03:20:40 +0200] "GET /aa.php HTTP/1.1" 404 11883 "-" "Mozilla/5.0 (Windows NT 10.0; Win64; x64) AppleWebKit/537.36 (KHTML, like Gecko) Chrome/120.0.0.0 Safari/537.36"
23.101.8.77 - - [06/Apr/2026:03:20:40 +0200] "GET /wp.php HTTP/1.1" 404 11834 "-" "Mozilla/5.0 (Windows NT 10.0; Win64; x64) AppleWebKit/537.36 (KHTML, like Gecko) Chrome/120.0.0.0 Safari/537.36"
23.101.8.77 - - [06/Apr/2026:03:20:41 +0200] "GET /chosen.php HTTP/1.1" 404 11871 "-" "Mozilla/5.0 (Windows NT 10.0; Win64; x64) AppleWebKit/537.36 (KHTML, like Gecko) Chrome/120.0.0.0 Safari/537.36"
23.101.8.77 - - [06/Apr/2026:03:20:42 +0200] "GET /abcd.php HTTP/1.1" 404 11917 "-" "Mozilla/5.0 (Windows NT 10.0; Win64; x64) AppleWebKit/537.36 (KHTML, like Gecko) Chrome/120.0.0.0 Safari/537.36"
23.101.8.77 - - [06/Apr/2026:03:20:42 +0200] "GET /as.php HTTP/1.1" 404 11874 "-" "Mozilla/5.0 (Windows NT 10.0; Win64; x64) AppleWebKit/537.36 (KHTML, like Gecko) Chrome/120.0.0.0 Safari/537.36"
23.101.8.77 - - [06/Apr/2026:03:20:43 +0200] "GET /2.php HTTP/1.1" 404 11920 "-" "Mozilla/5.0 (Windows NT 10.0; Win64; x64) AppleWebKit/537.36 (KHTML, like Gecko) Chrome/120.0.0.0 Safari/537.36"
23.101.8.77 - - [06/Apr/2026:03:20:44 +0200] "GET /abc.php HTTP/1.1" 404 11863 "-" "Mozilla/5.0 (Windows NT 10.0; Win64; x64) AppleWebKit/537.36 (KHTML, like Gecko) Chrome/120.0.0.0 Safari/537.36"
23.101.8.77 - - [06/Apr/2026:03:20:44 +0200] "GET /about.php HTTP/1.1" 404 11916 "-" "Mozilla/5.0 (Windows NT 10.0; Win64; x64) AppleWebKit/537.36 (KHTML, like Gecko) Chrome/120.0.0.0 Safari/537.36"
23.101.8.77 - - [06/Apr/2026:03:20:45 +0200] "GET /0x.php HTTP/1.1" 404 11831 "-" "Mozilla/5.0 (Windows NT 10.0; Win64; x64) AppleWebKit/537.36 (KHTML, like Gecko) Chrome/120.0.0.0 Safari/537.36"
23.101.8.77 - - [06/Apr/2026:03:20:45 +0200] "GET /fff.php HTTP/1.1" 404 11864 "-" "Mozilla/5.0 (Windows NT 10.0; Win64; x64) AppleWebKit/537.36 (KHTML, like Gecko) Chrome/120.0.0.0 Safari/537.36"
23.101.8.77 - - [06/Apr/2026:03:20:46 +0200] "GET /ff1.php HTTP/1.1" 404 11866 "-" "Mozilla/5.0 (Windows NT 10.0; Win64; x64) AppleWebKit/537.36 (KHTML, like Gecko) Chrome/120.0.0.0 Safari/537.36"
23.101.8.77 - - [06/Apr/2026:03:20:47 +0200] "GET /wp-themes.php HTTP/1.1" 404 11915 "-" "Mozilla/5.0 (Windows NT 10.0; Win64; x64) AppleWebKit/537.36 (KHTML, like Gecko) Chrome/120.0.0.0 Safari/537.36"
23.101.8.77 - - [06/Apr/2026:03:20:47 +0200] "GET /adminfuns.php HTTP/1.1" 404 11967 "-" "Mozilla/5.0 (Windows NT 10.0; Win64; x64) AppleWebKit/537.36 (KHTML, like Gecko) Chrome/120.0.0.0 Safari/537.36"
23.101.8.77 - - [06/Apr/2026:03:20:48 +0200] "GET /class-t.api.php HTTP/1.1" 404 11882 "-" "Mozilla/5.0 (Windows NT 10.0; Win64; x64) AppleWebKit/537.36 (KHTML, like Gecko) Chrome/120.0.0.0 Safari/537.36"
23.101.8.77 - - [06/Apr/2026:03:20:49 +0200] "GET /content.php HTTP/1.1" 404 11852 "-" "Mozilla/5.0 (Windows NT 10.0; Win64; x64) AppleWebKit/537.36 (KHTML, like Gecko) Chrome/120.0.0.0 Safari/537.36"
23.101.8.77 - - [06/Apr/2026:03:20:49 +0200] "GET /r.php HTTP/1.1" 404 11851 "-" "Mozilla/5.0 (Windows NT 10.0; Win64; x64) AppleWebKit/537.36 (KHTML, like Gecko) Chrome/120.0.0.0 Safari/537.36"
23.101.8.77 - - [06/Apr/2026:03:20:50 +0200] "GET /w.php HTTP/1.1" 404 11850 "-" "Mozilla/5.0 (Windows NT 10.0; Win64; x64) AppleWebKit/537.36 (KHTML, like Gecko) Chrome/120.0.0.0 Safari/537.36"
23.101.8.77 - - [06/Apr/2026:03:20:50 +0200] "GET /classwithtostring.php HTTP/1.1" 404 11907 "-" "Mozilla/5.0 (Windows NT 10.0; Win64; x64) AppleWebKit/537.36 (KHTML, like Gecko) Chrome/120.0.0.0 Safari/537.36"
23.101.8.77 - - [06/Apr/2026:03:20:51 +0200] "GET /edit.php HTTP/1.1" 404 11884 "-" "Mozilla/5.0 (Windows NT 10.0; Win64; x64) AppleWebKit/537.36 (KHTML, like Gecko) Chrome/120.0.0.0 Safari/537.36"
23.101.8.77 - - [06/Apr/2026:03:20:52 +0200] "GET /wp-blog.php HTTP/1.1" 404 11917 "-" "Mozilla/5.0 (Windows NT 10.0; Win64; x64) AppleWebKit/537.36 (KHTML, like Gecko) Chrome/120.0.0.0 Safari/537.36"
23.101.8.77 - - [06/Apr/2026:03:20:52 +0200] "GET /php8.php HTTP/1.1" 404 11869 "-" "Mozilla/5.0 (Windows NT 10.0; Win64; x64) AppleWebKit/537.36 (KHTML, like Gecko) Chrome/120.0.0.0 Safari/537.36"
23.101.8.77 - - [06/Apr/2026:03:20:53 +0200] "GET /10.php HTTP/1.1" 404 11858 "-" "Mozilla/5.0 (Windows NT 10.0; Win64; x64) AppleWebKit/537.36 (KHTML, like Gecko) Chrome/120.0.0.0 Safari/537.36"
23.101.8.77 - - [06/Apr/2026:03:20:54 +0200] "GET /manager.php HTTP/1.1" 404 11902 "-" "Mozilla/5.0 (Windows NT 10.0; Win64; x64) AppleWebKit/537.36 (KHTML, like Gecko) Chrome/120.0.0.0 Safari/537.36"
23.101.8.77 - - [06/Apr/2026:03:20:54 +0200] "GET /p.php HTTP/1.1" 404 11837 "-" "Mozilla/5.0 (Windows NT 10.0; Win64; x64) AppleWebKit/537.36 (KHTML, like Gecko) Chrome/120.0.0.0 Safari/537.36"
23.101.8.77 - - [06/Apr/2026:03:20:55 +0200] "GET /hplfuns.php HTTP/1.1" 404 11852 "-" "Mozilla/5.0 (Windows NT 10.0; Win64; x64) AppleWebKit/537.36 (KHTML, like Gecko) Chrome/120.0.0.0 Safari/537.36"
23.101.8.77 - - [06/Apr/2026:03:20:56 +0200] "GET /bless.php HTTP/1.1" 404 11855 "-" "Mozilla/5.0 (Windows NT 10.0; Win64; x64) AppleWebKit/537.36 (KHTML, like Gecko) Chrome/120.0.0.0 Safari/537.36"
23.101.8.77 - - [06/Apr/2026:03:20:56 +0200] "GET /php.php HTTP/1.1" 404 11869 "-" "Mozilla/5.0 (Windows NT 10.0; Win64; x64) AppleWebKit/537.36 (KHTML, like Gecko) Chrome/120.0.0.0 Safari/537.36"
23.101.8.77 - - [06/Apr/2026:03:20:57 +0200] "GET /chosen.php HTTP/1.1" 404 11932 "-" "Mozilla/5.0 (Windows NT 10.0; Win64; x64) AppleWebKit/537.36 (KHTML, like Gecko) Chrome/120.0.0.0 Safari/537.36"
23.101.8.77 - - [06/Apr/2026:03:20:57 +0200] "GET /ioxi-o.php HTTP/1.1" 404 11867 "-" "Mozilla/5.0 (Windows NT 10.0; Win64; x64) AppleWebKit/537.36 (KHTML, like Gecko) Chrome/120.0.0.0 Safari/537.36"
23.101.8.77 - - [06/Apr/2026:03:20:58 +0200] "GET /cache.php HTTP/1.1" 404 11920 "-" "Mozilla/5.0 (Windows NT 10.0; Win64; x64) AppleWebKit/537.36 (KHTML, like Gecko) Chrome/120.0.0.0 Safari/537.36"
23.101.8.77 - - [06/Apr/2026:03:20:59 +0200] "GET /jquery.php HTTP/1.1" 404 12024 "-" "Mozilla/5.0 (Windows NT 10.0; Win64; x64) AppleWebKit/537.36 (KHTML, like Gecko) Chrome/120.0.0.0 Safari/537.36"
23.101.8.77 - - [06/Apr/2026:03:20:59 +0200] "GET /av.php HTTP/1.1" 404 11864 "-" "Mozilla/5.0 (Windows NT 10.0; Win64; x64) AppleWebKit/537.36 (KHTML, like Gecko) Chrome/120.0.0.0 Safari/537.36"
23.101.8.77 - - [06/Apr/2026:03:21:00 +0200] "GET /doc.php HTTP/1.1" 404 11921 "-" "Mozilla/5.0 (Windows NT 10.0; Win64; x64) AppleWebKit/537.36 (KHTML, like Gecko) Chrome/120.0.0.0 Safari/537.36"
23.101.8.77 - - [06/Apr/2026:03:21:01 +0200] "GET /elp.php HTTP/1.1" 404 11865 "-" "Mozilla/5.0 (Windows NT 10.0; Win64; x64) AppleWebKit/537.36 (KHTML, like Gecko) Chrome/120.0.0.0 Safari/537.36"
23.101.8.77 - - [06/Apr/2026:03:21:01 +0200] "GET /wp-user.php HTTP/1.1" 404 11927 "-" "Mozilla/5.0 (Windows NT 10.0; Win64; x64) AppleWebKit/537.36 (KHTML, like Gecko) Chrome/120.0.0.0 Safari/537.36"
23.101.8.77 - - [06/Apr/2026:03:21:02 +0200] "GET /root.php HTTP/1.1" 502 552 "-" "Mozilla/5.0 (Windows NT 10.0; Win64; x64) AppleWebKit/537.36 (KHTML, like Gecko) Chrome/120.0.0.0 Safari/537.36"
23.101.8.77 - - [06/Apr/2026:03:21:02 +0200] "GET /alfa.php HTTP/1.1" 502 552 "-" "Mozilla/5.0 (Windows NT 10.0; Win64; x64) AppleWebKit/537.36 (KHTML, like Gecko) Chrome/120.0.0.0 Safari/537.36"
23.101.8.77 - - [06/Apr/2026:03:21:02 +0200] "GET /autoload_classmap.php HTTP/1.1" 502 552 "-" "Mozilla/5.0 (Windows NT 10.0; Win64; x64) AppleWebKit/537.36 (KHTML, like Gecko) Chrome/120.0.0.0 Safari/537.36"
23.101.8.77 - - [06/Apr/2026:03:21:02 +0200] "GET /file.php HTTP/1.1" 502 552 "-" "Mozilla/5.0 (Windows NT 10.0; Win64; x64) AppleWebKit/537.36 (KHTML, like Gecko) Chrome/120.0.0.0 Safari/537.36"
23.101.8.77 - - [06/Apr/2026:03:21:03 +0200] "GET /new.php HTTP/1.1" 404 11867 "-" "Mozilla/5.0 (Windows NT 10.0; Win64; x64) AppleWebKit/537.36 (KHTML, like Gecko) Chrome/120.0.0.0 Safari/537.36"
23.101.8.77 - - [06/Apr/2026:03:21:04 +0200] "GET /ioxi-o.php HTTP/1.1" 404 11866 "-" "Mozilla/5.0 (Windows NT 10.0; Win64; x64) AppleWebKit/537.36 (KHTML, like Gecko) Chrome/120.0.0.0 Safari/537.36"
23.101.8.77 - - [06/Apr/2026:03:21:05 +0200] "GET /mm.php HTTP/1.1" 404 11828 "-" "Mozilla/5.0 (Windows NT 10.0; Win64; x64) AppleWebKit/537.36 (KHTML, like Gecko) Chrome/120.0.0.0 Safari/537.36"
23.101.8.77 - - [06/Apr/2026:03:21:05 +0200] "GET /oxshell.php HTTP/1.1" 404 11849 "-" "Mozilla/5.0 (Windows NT 10.0; Win64; x64) AppleWebKit/537.36 (KHTML, like Gecko) Chrome/120.0.0.0 Safari/537.36"
23.101.8.77 - - [06/Apr/2026:03:21:06 +0200] "GET /load.php HTTP/1.1" 404 11923 "-" "Mozilla/5.0 (Windows NT 10.0; Win64; x64) AppleWebKit/537.36 (KHTML, like Gecko) Chrome/120.0.0.0 Safari/537.36"
23.101.8.77 - - [06/Apr/2026:03:21:06 +0200] "GET /k.php HTTP/1.1" 404 11869 "-" "Mozilla/5.0 (Windows NT 10.0; Win64; x64) AppleWebKit/537.36 (KHTML, like Gecko) Chrome/120.0.0.0 Safari/537.36"
23.101.8.77 - - [06/Apr/2026:03:21:07 +0200] "GET /atomlib.php HTTP/1.1" 404 11868 "-" "Mozilla/5.0 (Windows NT 10.0; Win64; x64) AppleWebKit/537.36 (KHTML, like Gecko) Chrome/120.0.0.0 Safari/537.36"
23.101.8.77 - - [06/Apr/2026:03:21:08 +0200] "GET /wp-links-opml HTTP/1.1" 404 11866 "-" "Mozilla/5.0 (Windows NT 10.0; Win64; x64) AppleWebKit/537.36 (KHTML, like Gecko) Chrome/120.0.0.0 Safari/537.36"
23.101.8.77 - - [06/Apr/2026:03:21:08 +0200] "GET /buy.php HTTP/1.1" 404 11917 "-" "Mozilla/5.0 (Windows NT 10.0; Win64; x64) AppleWebKit/537.36 (KHTML, like Gecko) Chrome/120.0.0.0 Safari/537.36"
23.101.8.77 - - [06/Apr/2026:03:21:09 +0200] "GET /info.php HTTP/1.1" 404 11899 "-" "Mozilla/5.0 (Windows NT 10.0; Win64; x64) AppleWebKit/537.36 (KHTML, like Gecko) Chrome/120.0.0.0 Safari/537.36"
23.101.8.77 - - [06/Apr/2026:03:21:10 +0200] "GET /goods.php HTTP/1.1" 404 11902 "-" "Mozilla/5.0 (Windows NT 10.0; Win64; x64) AppleWebKit/537.36 (KHTML, like Gecko) Chrome/120.0.0.0 Safari/537.36"
23.101.8.77 - - [06/Apr/2026:03:21:10 +0200] "GET /setup-config.php HTTP/1.1" 403 140 "-" "Mozilla/5.0 (Windows NT 10.0; Win64; x64) AppleWebKit/537.36 (KHTML, like Gecko) Chrome/120.0.0.0 Safari/537.36"
23.101.8.77 - - [06/Apr/2026:03:21:10 +0200] "GET /ss.php HTTP/1.1" 404 11901 "-" "Mozilla/5.0 (Windows NT 10.0; Win64; x64) AppleWebKit/537.36 (KHTML, like Gecko) Chrome/120.0.0.0 Safari/537.36"
23.101.8.77 - - [06/Apr/2026:03:21:11 +0200] "GET /xmlrpc.php HTTP/1.1" 404 12022 "-" "Mozilla/5.0 (Windows NT 10.0; Win64; x64) AppleWebKit/537.36 (KHTML, like Gecko) Chrome/120.0.0.0 Safari/537.36"
23.101.8.77 - - [06/Apr/2026:03:21:12 +0200] "GET /flower.php HTTP/1.1" 404 11920 "-" "Mozilla/5.0 (Windows NT 10.0; Win64; x64) AppleWebKit/537.36 (KHTML, like Gecko) Chrome/120.0.0.0 Safari/537.36"
23.101.8.77 - - [06/Apr/2026:03:21:12 +0200] "GET /al.php HTTP/1.1" 404 11916 "-" "Mozilla/5.0 (Windows NT 10.0; Win64; x64) AppleWebKit/537.36 (KHTML, like Gecko) Chrome/120.0.0.0 Safari/537.36"
23.101.8.77 - - [06/Apr/2026:03:21:13 +0200] "GET /vv.php HTTP/1.1" 404 11905 "-" "Mozilla/5.0 (Windows NT 10.0; Win64; x64) AppleWebKit/537.36 (KHTML, like Gecko) Chrome/120.0.0.0 Safari/537.36"
23.101.8.77 - - [06/Apr/2026:03:21:14 +0200] "GET /wp-signin.php HTTP/1.1" 404 11866 "-" "Mozilla/5.0 (Windows NT 10.0; Win64; x64) AppleWebKit/537.36 (KHTML, like Gecko) Chrome/120.0.0.0 Safari/537.36"
23.101.8.77 - - [06/Apr/2026:03:21:14 +0200] "GET /wsa.php HTTP/1.1" 404 11852 "-" "Mozilla/5.0 (Windows NT 10.0; Win64; x64) AppleWebKit/537.36 (KHTML, like Gecko) Chrome/120.0.0.0 Safari/537.36"
185.191.171.6 - - [06/Apr/2026:03:22:14 +0200] "GET /tag/%D0%B8%D0%BA%D0%BE%D0%BD%D0%BE%D0%BC%D0%B8%D1%87%D0%B5%D1%81%D0%BA%D0%B8-%D0%B4%D0%B0%D0%BD%D0%BD%D0%B8/page/26/ HTTP/1.1" 200 18922 "-" "Mozilla/5.0 (compatible; SemrushBot/7~bl; +http://www.semrush.com/bot.html)"
82.196.25.136 - - [06/Apr/2026:03:23:36 +0200] "GET /wp-login.php HTTP/1.1" 200 3998 "-" "Mozilla/4.0 (compatible; MSIE 7.0; Windows NT 6.1; WOW64; Trident/7.0; SLCC2; .NET CLR 2.0.50727; .NET CLR 3.5.30729; .NET CLR 3.0.30729; Media Center PC 6.0; .NET4.0C; .NET4.0E; InfoPath.3; McAfee; RaidCall)"
82.196.25.136 - - [06/Apr/2026:03:23:37 +0200] "POST /wp-login.php HTTP/1.1" 200 3998 "https://bulpress.top/wp-login.php" "Mozilla/4.0 (compatible; MSIE 7.0; Windows NT 6.1; WOW64; Trident/7.0; SLCC2; .NET CLR 2.0.50727; .NET CLR 3.5.30729; .NET CLR 3.0.30729; Media Center PC 6.0; .NET4.0C; .NET4.0E; InfoPath.3; McAfee; RaidCall)"
67.205.180.71 - - [06/Apr/2026:03:24:16 +0200] "GET /wp-content/uploads/2018/05/20140408.ujaykkwyzv.jpg%20520w,%20https://bulpress.top/wp-content/uploads/2018/05/20140408.ujaykkwyzv-300x167.jpg%20300w HTTP/1.1" 301 0 "https://bulpress.top/" "Mozilla/5.0 (Windows NT 10.0; Win64; x64) AppleWebKit/537.36 (KHTML, like Gecko) Chrome/116.0.0.0 Safari/537.36"
67.205.180.71 - - [06/Apr/2026:03:24:19 +0200] "GET /wp-content/uploads/2018/05/20140408.ujaykkwyzv.jpg%20520w,%20https:/bulpress.top/wp-content/uploads/2018/05/20140408.ujaykkwyzv-300x167.jpg%20300w HTTP/1.1" 404 11843 "https://bulpress.top/" "Mozilla/5.0 (Windows NT 10.0; Win64; x64) AppleWebKit/537.36 (KHTML, like Gecko) Chrome/116.0.0.0 Safari/537.36"
14.228.169.67 - - [06/Apr/2026:03:24:21 +0200] "GET /wp-content/uploads/2018/05/20140408.ujaykkwyzv.jpg%20520w,%20https://bulpress.top/wp-content/uploads/2018/05/20140408.ujaykkwyzv-300x167.jpg%20300w HTTP/1.1" 301 0 "https://bulpress.top/" "Mozilla/5.0 (Windows NT 10.0; Win64; x64) AppleWebKit/537.36 (KHTML, like Gecko) Chrome/116.0.0.0 Safari/537.36"
8.228.88.249 - - [06/Apr/2026:03:31:15 +0200] "GET /news/feed/ HTTP/1.1" 200 450 "-" "Mozilla/5.0 (Windows NT 6.3; WOW64; rv:33.0) Gecko/20100101 Firefox/33.0"
147.182.160.221 - - [06/Apr/2026:03:32:17 +0200] "GET /wp-content/uploads/2018/03/vardunsdf.jpg HTTP/1.1" 200 58493 "https://bulpress.top/" "Mozilla/5.0 (Windows NT 10.0; Win64; x64) AppleWebKit/537.36 (KHTML, like Gecko) Chrome/131.0.0.0 Safari/537.36"
185.191.171.12 - - [06/Apr/2026:03:35:43 +0200] "GET /author/bulpress/page/21/ HTTP/1.1" 200 16882 "-" "Mozilla/5.0 (compatible; SemrushBot/7~bl; +http://www.semrush.com/bot.html)"
88.198.64.173 - - [06/Apr/2026:03:39:10 +0200] "GET /wp-login.php HTTP/1.1" 200 3996 "-" "Mozilla/5.0 (Windows NT 6.3; Win64; x64) AppleWebKit/537.36 (KHTML, like Gecko) Chrome/65.0.3325.181 Safari/537.36 OPR/52.0.2871.99"
88.198.64.173 - - [06/Apr/2026:03:39:12 +0200] "POST /wp-login.php HTTP/1.1" 200 3996 "https://bulpress.top/wp-login.php" "Mozilla/5.0 (Windows NT 6.3; Win64; x64) AppleWebKit/537.36 (KHTML, like Gecko) Chrome/65.0.3325.181 Safari/537.36 OPR/52.0.2871.99"
85.208.96.210 - - [06/Apr/2026:03:41:18 +0200] "GET /tag/%D0%BF%D1%80%D0%B5%D0%B4%D0%B8-%D0%B1%D1%80%D0%BE%D0%B5%D0%BD%D0%B8-%D0%BC%D0%B8%D0%BD%D1%83%D1%82%D0%B8/page/47/ HTTP/1.1" 200 18462 "-" "Mozilla/5.0 (compatible; SemrushBot/7~bl; +http://www.semrush.com/bot.html)"
8.228.88.249 - - [06/Apr/2026:03:41:45 +0200] "GET /feed/ HTTP/1.1" 200 42640 "-" "Mozilla/5.0 (Windows NT 6.3; WOW64; rv:33.0) Gecko/20100101 Firefox/33.0"
161.97.137.93 - - [06/Apr/2026:03:41:45 +0200] "POST /wp-cron.php?doing_wp_cron=1775439705.0900158882141113281250 HTTP/1.1" 404 11897 "https://bulpress.top/wp-cron.php?doing_wp_cron=1775439705.0900158882141113281250" "WordPress/4.9.26; https://bulpress.top"
185.191.171.7 - - [06/Apr/2026:03:41:46 +0200] "GET /%D1%81%D1%8A%D1%8E%D0%B7%D1%8A%D1%82-%D0%BD%D0%B0-%D0%BF%D0%B5%D0%BD%D1%81%D0%B8%D0%BE%D0%BD%D0%B5%D1%80%D0%B8%D1%82%D0%B5-%D0%B8%D1%81%D0%BA%D0%B0-%D0%BD%D0%B5%D0%B7%D0%B0%D0%B1%D0%B0%D0%B2%D0%BD/ HTTP/1.1" 200 19955 "-" "Mozilla/5.0 (compatible; SemrushBot/7~bl; +http://www.semrush.com/bot.html)"
198.244.242.155 - - [06/Apr/2026:03:43:08 +0200] "GET /%D1%83%D0%BD%D0%B8%D0%BA%D0%B0%D0%BB%D0%BD%D0%B8%D1%8F%D1%82-%D1%80%D0%B0%D0%B7%D0%BA%D0%B0%D0%B7-%D0%B5%D0%B4%D0%B8%D0%BD-%D0%B0%D0%BD%D0%B3%D0%BB%D0%B8%D0%B9%D1%81%D0%BA%D0%B8-%D0%BF/ HTTP/1.1" 200 21864 "-" "Mozilla/5.0 (compatible; AhrefsBot/7.0; +http://ahrefs.com/robot/)"
161.97.137.93 - - [06/Apr/2026:03:46:11 +0200] "POST /wp-cron.php?doing_wp_cron=1775439971.0819540023803710937500 HTTP/1.1" 404 11860 "https://bulpress.top/wp-cron.php?doing_wp_cron=1775439971.0819540023803710937500" "WordPress/4.9.26; https://bulpress.top"
185.191.171.10 - - [06/Apr/2026:03:46:12 +0200] "GET /%D0%BD%D1%8F%D0%BA%D0%BE%D0%B3%D0%B0-%D0%BD%D1%8F%D0%BC%D0%B0%D1%88%D0%B5-%D0%BA%D0%B0%D0%BA-%D0%B4%D0%B0-%D0%B2%D0%BB%D0%B5%D0%B7%D0%B5%D1%88-%D1%83%D1%87%D0%B8%D0%BB%D0%B8%D1%89%D0%B5/ HTTP/1.1" 200 25753 "-" "Mozilla/5.0 (compatible; SemrushBot/7~bl; +http://www.semrush.com/bot.html)"
51.195.41.174 - - [06/Apr/2026:03:47:34 +0200] "GET /wp-login.php HTTP/1.1" 200 3996 "-" "Mozilla/5.0 (Windows NT 10.0; WOW64; Trident/7.0; Touch; MAARJS; rv:11.0) like Gecko"
51.195.41.174 - - [06/Apr/2026:03:47:34 +0200] "POST /wp-login.php HTTP/1.1" 200 3996 "https://bulpress.top/wp-login.php" "Mozilla/5.0 (Windows NT 10.0; WOW64; Trident/7.0; Touch; MAARJS; rv:11.0) like Gecko"
144.76.32.187 - - [06/Apr/2026:03:48:34 +0200] "GET /robots.txt HTTP/1.1" 200 66 "-" "Mozilla/5.0 (compatible; SERankingBacklinksBot/1.0; +https://seranking.com/backlinks-crawler)"
