163.44.192.46 - - [05/Apr/2026:14:55:41 +0200] "GET /wp-login.php HTTP/1.1" 200 3997 "-" "Mozilla/5.0 (Windows NT 10.0; Win64; x64) AppleWebKit/537.36 (KHTML, like Gecko) Chrome/64.0.3282.140 Safari/537.36 OPR/51.0.2830.34"
163.44.192.46 - - [05/Apr/2026:14:55:43 +0200] "POST /wp-login.php HTTP/1.1" 200 3997 "https://bulpress.top/wp-login.php" "Mozilla/5.0 (Windows NT 10.0; Win64; x64) AppleWebKit/537.36 (KHTML, like Gecko) Chrome/64.0.3282.140 Safari/537.36 OPR/51.0.2830.34"
66.249.74.164 - - [05/Apr/2026:14:57:09 +0200] "GET /wp-content/uploads/2020/02/zil-80x60.jpg HTTP/1.1" 200 2773 "-" "Googlebot-Image/1.0"
15.181.97.144 - - [05/Apr/2026:14:57:31 +0200] "POST /wp-login.php HTTP/1.1" 200 3997 "-" "Mozilla/5.0"
15.181.97.144 - - [05/Apr/2026:14:57:34 +0200] "POST /wp-login.php HTTP/1.1" 200 3997 "-" "Mozilla/5.0"
15.181.97.144 - - [05/Apr/2026:14:57:39 +0200] "POST /wp-login.php HTTP/1.1" 200 3997 "-" "Mozilla/5.0"
15.181.97.144 - - [05/Apr/2026:14:57:46 +0200] "POST /wp-login.php HTTP/1.1" 200 3997 "-" "Mozilla/5.0"
15.181.97.144 - - [05/Apr/2026:14:57:53 +0200] "POST /wp-login.php HTTP/1.1" 200 3997 "-" "Mozilla/5.0"
15.181.97.144 - - [05/Apr/2026:14:58:03 +0200] "POST /wp-login.php HTTP/1.1" 200 3997 "-" "Mozilla/5.0"
15.181.97.144 - - [05/Apr/2026:14:58:15 +0200] "POST /wp-login.php HTTP/1.1" 200 3997 "-" "Mozilla/5.0"
15.181.97.144 - - [05/Apr/2026:14:58:26 +0200] "POST /wp-login.php HTTP/1.1" 200 3997 "-" "Mozilla/5.0"
15.181.97.144 - - [05/Apr/2026:14:58:39 +0200] "POST /wp-login.php HTTP/1.1" 200 3997 "-" "Mozilla/5.0"
15.181.97.144 - - [05/Apr/2026:14:58:49 +0200] "POST /wp-login.php HTTP/1.1" 200 3997 "-" "Mozilla/5.0"
2001:4ca0:108:42::24 - - [05/Apr/2026:14:58:51 +0200] "GET /robots.txt HTTP/1.1" 200 66 "-" "Mozilla/5.0 (Windows NT 10.0; Win64; x64) AppleWebKit/537.36 (KHTML, like Gecko) Chrome/103.0.5060.134 Safari/537.36"
15.181.97.144 - - [05/Apr/2026:14:58:58 +0200] "POST /wp-login.php HTTP/1.1" 200 3997 "-" "Mozilla/5.0"
15.181.97.144 - - [05/Apr/2026:14:59:09 +0200] "POST /wp-login.php HTTP/1.1" 200 3997 "-" "Mozilla/5.0"
15.181.97.144 - - [05/Apr/2026:14:59:21 +0200] "POST /wp-login.php HTTP/1.1" 200 3997 "-" "Mozilla/5.0"
15.181.97.144 - - [05/Apr/2026:14:59:33 +0200] "POST /wp-login.php HTTP/1.1" 200 3997 "-" "Mozilla/5.0"
15.181.97.144 - - [05/Apr/2026:14:59:43 +0200] "POST /wp-login.php HTTP/1.1" 200 3997 "-" "Mozilla/5.0"
15.181.97.144 - - [05/Apr/2026:14:59:53 +0200] "POST /wp-login.php HTTP/1.1" 200 3997 "-" "Mozilla/5.0"
161.97.137.93 - - [05/Apr/2026:14:59:55 +0200] "POST /wp-cron.php?doing_wp_cron=1775393994.8020539283752441406250 HTTP/1.1" 404 11906 "https://bulpress.top/wp-cron.php?doing_wp_cron=1775393994.8020539283752441406250" "WordPress/4.9.26; https://bulpress.top"
185.191.171.1 - - [05/Apr/2026:14:59:55 +0200] "GET /%D0%BD%D0%B5%D0%BC%D1%81%D0%BA%D0%B8-%D0%B5%D0%BC%D0%B8%D0%B3%D1%80%D0%B0%D0%BD%D1%82-%D0%BF%D1%80%D0%B8%D0%B7%D0%BD%D0%B0-%D0%B1%D1%8A%D0%BB%D0%B3%D0%B0%D1%80%D0%B8%D1%8F-%D0%B5-%D0%BD%D0%B0%D0%B9/ HTTP/1.1" 200 23451 "-" "Mozilla/5.0 (compatible; SemrushBot/7~bl; +http://www.semrush.com/bot.html)"
15.181.97.144 - - [05/Apr/2026:15:00:05 +0200] "POST /wp-login.php HTTP/1.1" 502 150 "-" "Mozilla/5.0"
15.181.97.144 - - [05/Apr/2026:15:00:16 +0200] "POST /wp-login.php HTTP/1.1" 200 3997 "-" "Mozilla/5.0"
15.181.97.144 - - [05/Apr/2026:15:00:26 +0200] "POST /wp-login.php HTTP/1.1" 200 3997 "-" "Mozilla/5.0"
8.228.88.249 - - [05/Apr/2026:15:00:31 +0200] "GET /feed/ HTTP/1.1" 200 42640 "-" "Mozilla/5.0 (Windows NT 6.3; WOW64; rv:33.0) Gecko/20100101 Firefox/33.0"
15.181.97.144 - - [05/Apr/2026:15:00:38 +0200] "POST /wp-login.php HTTP/1.1" 200 3997 "-" "Mozilla/5.0"
15.181.97.144 - - [05/Apr/2026:15:00:51 +0200] "POST /wp-login.php HTTP/1.1" 200 3997 "-" "Mozilla/5.0"
15.181.97.144 - - [05/Apr/2026:15:01:03 +0200] "POST /wp-login.php HTTP/1.1" 502 150 "-" "Mozilla/5.0"
15.181.97.144 - - [05/Apr/2026:15:01:16 +0200] "POST /wp-login.php HTTP/1.1" 200 3997 "-" "Mozilla/5.0"
194.163.131.184 - - [05/Apr/2026:15:01:21 +0200] "GET /wp-login.php HTTP/1.1" 200 3997 "-" "Mozilla/5.0 (Windows NT 6.3; WOW64; Trident/7.0; MASEJS; rv:11.0) like Gecko"
194.163.131.184 - - [05/Apr/2026:15:01:22 +0200] "POST /wp-login.php HTTP/1.1" 200 3997 "https://bulpress.top/wp-login.php" "Mozilla/5.0 (Windows NT 6.3; WOW64; Trident/7.0; MASEJS; rv:11.0) like Gecko"
15.181.97.144 - - [05/Apr/2026:15:01:29 +0200] "POST /wp-login.php HTTP/1.1" 200 3997 "-" "Mozilla/5.0"
15.181.97.144 - - [05/Apr/2026:15:01:41 +0200] "POST /wp-login.php HTTP/1.1" 200 3997 "-" "Mozilla/5.0"
15.181.97.144 - - [05/Apr/2026:15:01:53 +0200] "POST /wp-login.php HTTP/1.1" 200 3997 "-" "Mozilla/5.0"
15.181.97.144 - - [05/Apr/2026:15:02:04 +0200] "POST /wp-login.php HTTP/1.1" 200 3997 "-" "Mozilla/5.0"
15.181.97.144 - - [05/Apr/2026:15:02:16 +0200] "POST /wp-login.php HTTP/1.1" 200 3997 "-" "Mozilla/5.0"
15.181.97.144 - - [05/Apr/2026:15:02:27 +0200] "POST /wp-login.php HTTP/1.1" 200 3997 "-" "Mozilla/5.0"
15.181.97.144 - - [05/Apr/2026:15:02:38 +0200] "POST /wp-login.php HTTP/1.1" 200 3997 "-" "Mozilla/5.0"
15.181.97.144 - - [05/Apr/2026:15:02:49 +0200] "POST /wp-login.php HTTP/1.1" 200 3997 "-" "Mozilla/5.0"
15.181.97.144 - - [05/Apr/2026:15:03:01 +0200] "POST /wp-login.php HTTP/1.1" 200 3997 "-" "Mozilla/5.0"
154.208.42.251 - - [05/Apr/2026:15:03:05 +0200] "GET /%D0%B0%D0%B7-%D0%B2%D1%8F%D1%80%D0%B2%D0%B0%D0%BC-%D0%B2-%D0%BC%D1%8A%D0%BB%D1%87%D0%B0%D0%BB%D0%B8%D0%B2%D0%B0%D1%82%D0%B0-%D0%BB%D1%8E%D0%B1%D0%BE%D0%B2/ HTTP/1.1" 200 18938 "-" "Mozilla/5.0 (iPod; U; CPU iPhone OS 4_2 like Mac OS X; ht-HT) AppleWebKit/532.24.1 (KHTML, like Gecko) Version/4.0.5 Mobile/8B119 Safari/6532.24.1"
15.181.97.144 - - [05/Apr/2026:15:03:13 +0200] "POST /wp-login.php HTTP/1.1" 200 3997 "-" "Mozilla/5.0"
15.181.97.144 - - [05/Apr/2026:15:03:24 +0200] "POST /wp-login.php HTTP/1.1" 200 3997 "-" "Mozilla/5.0"
15.181.97.144 - - [05/Apr/2026:15:03:34 +0200] "POST /wp-login.php HTTP/1.1" 200 3997 "-" "Mozilla/5.0"
15.181.97.144 - - [05/Apr/2026:15:03:46 +0200] "POST /wp-login.php HTTP/1.1" 200 3997 "-" "Mozilla/5.0"
15.181.97.144 - - [05/Apr/2026:15:03:58 +0200] "POST /wp-login.php HTTP/1.1" 200 3997 "-" "Mozilla/5.0"
185.191.171.9 - - [05/Apr/2026:15:04:10 +0200] "GET /%D0%B1%D1%8A%D0%BB%D0%B3%D0%B0%D1%80%D0%B8%D0%BD%D1%8A%D1%82-%D0%B4%D0%BD%D0%B5%D1%81-%D0%B6%D0%B8%D0%B2%D0%B5%D0%B5-3-5-%D0%BF%D1%8A%D1%82%D0%B8-%D0%BF%D0%BE-%D0%B7%D0%BB%D0%B5/ HTTP/1.1" 200 24554 "-" "Mozilla/5.0 (compatible; SemrushBot/7~bl; +http://www.semrush.com/bot.html)"
161.97.137.93 - - [05/Apr/2026:15:04:10 +0200] "POST /wp-cron.php?doing_wp_cron=1775394248.9659960269927978515625 HTTP/1.1" 404 11914 "https://bulpress.top/wp-cron.php?doing_wp_cron=1775394248.9659960269927978515625" "WordPress/4.9.26; https://bulpress.top"
15.181.97.144 - - [05/Apr/2026:15:04:10 +0200] "POST /wp-login.php HTTP/1.1" 200 3997 "-" "Mozilla/5.0"
15.181.97.144 - - [05/Apr/2026:15:04:21 +0200] "POST /wp-login.php HTTP/1.1" 200 3997 "-" "Mozilla/5.0"
15.181.97.144 - - [05/Apr/2026:15:04:31 +0200] "POST /wp-login.php HTTP/1.1" 200 3997 "-" "Mozilla/5.0"
15.181.97.144 - - [05/Apr/2026:15:04:42 +0200] "POST /wp-login.php HTTP/1.1" 200 3997 "-" "Mozilla/5.0"
15.181.97.144 - - [05/Apr/2026:15:04:54 +0200] "POST /wp-login.php HTTP/1.1" 200 3997 "-" "Mozilla/5.0"
15.181.97.144 - - [05/Apr/2026:15:05:06 +0200] "POST /wp-login.php HTTP/1.1" 200 3997 "-" "Mozilla/5.0"
15.181.97.144 - - [05/Apr/2026:15:05:18 +0200] "POST /wp-login.php HTTP/1.1" 200 3997 "-" "Mozilla/5.0"
15.181.97.144 - - [05/Apr/2026:15:05:29 +0200] "POST /wp-login.php HTTP/1.1" 200 3997 "-" "Mozilla/5.0"
15.181.97.144 - - [05/Apr/2026:15:05:41 +0200] "POST /wp-login.php HTTP/1.1" 200 3997 "-" "Mozilla/5.0"
15.181.97.144 - - [05/Apr/2026:15:05:52 +0200] "POST /wp-login.php HTTP/1.1" 200 3997 "-" "Mozilla/5.0"
15.181.97.144 - - [05/Apr/2026:15:06:04 +0200] "POST /wp-login.php HTTP/1.1" 502 150 "-" "Mozilla/5.0"
15.181.97.144 - - [05/Apr/2026:15:06:13 +0200] "POST /wp-login.php HTTP/1.1" 200 3997 "-" "Mozilla/5.0"
15.181.97.144 - - [05/Apr/2026:15:06:25 +0200] "POST /wp-login.php HTTP/1.1" 200 3997 "-" "Mozilla/5.0"
15.181.97.144 - - [05/Apr/2026:15:06:38 +0200] "POST /wp-login.php HTTP/1.1" 200 3997 "-" "Mozilla/5.0"
15.181.97.144 - - [05/Apr/2026:15:06:49 +0200] "POST /wp-login.php HTTP/1.1" 200 3997 "-" "Mozilla/5.0"
15.181.97.144 - - [05/Apr/2026:15:07:00 +0200] "POST /wp-login.php HTTP/1.1" 200 3997 "-" "Mozilla/5.0"
15.181.97.144 - - [05/Apr/2026:15:07:13 +0200] "POST /wp-login.php HTTP/1.1" 200 3997 "-" "Mozilla/5.0"
66.249.74.165 - - [05/Apr/2026:15:07:21 +0200] "GET /wp-content/uploads/2020/11/maria-80x60.jpg HTTP/1.1" 200 2709 "-" "Googlebot-Image/1.0"
15.181.97.144 - - [05/Apr/2026:15:07:24 +0200] "POST /wp-login.php HTTP/1.1" 200 3997 "-" "Mozilla/5.0"
15.181.97.144 - - [05/Apr/2026:15:07:37 +0200] "POST /wp-login.php HTTP/1.1" 200 3997 "-" "Mozilla/5.0"
51.195.244.14 - - [05/Apr/2026:15:07:44 +0200] "GET /%D0%B8-%D1%82%D0%B0%D0%BA%D0%B0-%D0%BC%D0%B8%D0%BB%D0%B0-%D0%BC%D0%BE%D1%8F-%D0%BA%D0%BE%D0%B3%D0%B0%D1%82%D0%BE-%D0%BE%D1%81%D1%82%D0%B0%D1%80%D0%B5%D0%B5%D1%88/ HTTP/1.1" 200 19607 "-" "Mozilla/5.0 (compatible; AhrefsBot/7.0; +http://ahrefs.com/robot/)"
15.181.97.144 - - [05/Apr/2026:15:07:48 +0200] "POST /wp-login.php HTTP/1.1" 200 3997 "-" "Mozilla/5.0"
41.76.215.184 - - [05/Apr/2026:15:07:59 +0200] "GET /wp-login.php HTTP/1.1" 200 3997 "-" "Mozilla/4.0 (compatible; MSIE 7.0; Windows NT 6.1; WOW64; Trident/7.0; SLCC2; .NET CLR 2.0.50727; .NET CLR 3.5.30729; .NET CLR 3.0.30729; Media Center PC 6.0; .NET4.0C; .NET4.0E; InfoPath.3)"
15.181.97.144 - - [05/Apr/2026:15:07:59 +0200] "POST /wp-login.php HTTP/1.1" 200 3997 "-" "Mozilla/5.0"
41.76.215.184 - - [05/Apr/2026:15:08:00 +0200] "POST /wp-login.php HTTP/1.1" 200 3997 "https://bulpress.top/wp-login.php" "Mozilla/4.0 (compatible; MSIE 7.0; Windows NT 6.1; WOW64; Trident/7.0; SLCC2; .NET CLR 2.0.50727; .NET CLR 3.5.30729; .NET CLR 3.0.30729; Media Center PC 6.0; .NET4.0C; .NET4.0E; InfoPath.3)"
15.181.97.144 - - [05/Apr/2026:15:08:12 +0200] "POST /wp-login.php HTTP/1.1" 200 3997 "-" "Mozilla/5.0"
15.181.97.144 - - [05/Apr/2026:15:08:24 +0200] "POST /wp-login.php HTTP/1.1" 200 3997 "-" "Mozilla/5.0"
15.181.97.144 - - [05/Apr/2026:15:08:36 +0200] "POST /wp-login.php HTTP/1.1" 200 3997 "-" "Mozilla/5.0"
66.249.74.166 - - [05/Apr/2026:15:08:48 +0200] "GET /wp-content/uploads/2021/12/gerergfd-324x235.jpg HTTP/1.1" 200 14842 "-" "Googlebot-Image/1.0"
15.181.97.144 - - [05/Apr/2026:15:08:49 +0200] "POST /wp-login.php HTTP/1.1" 200 3997 "-" "Mozilla/5.0"
15.181.97.144 - - [05/Apr/2026:15:09:01 +0200] "POST /wp-login.php HTTP/1.1" 502 150 "-" "Mozilla/5.0"
15.181.97.144 - - [05/Apr/2026:15:09:14 +0200] "POST /wp-login.php HTTP/1.1" 200 3997 "-" "Mozilla/5.0"
15.181.97.144 - - [05/Apr/2026:15:09:27 +0200] "POST /wp-login.php HTTP/1.1" 200 3997 "-" "Mozilla/5.0"
15.181.97.144 - - [05/Apr/2026:15:09:41 +0200] "POST /wp-login.php HTTP/1.1" 200 3997 "-" "Mozilla/5.0"
54.38.147.78 - - [05/Apr/2026:15:09:48 +0200] "GET /wp-content/uploads/2021/12/gerergfd-218x150.jpg HTTP/1.1" 304 0 "-" "Mozilla/5.0 (compatible; AhrefsBot/7.0; +http://ahrefs.com/robot/)"
15.181.97.144 - - [05/Apr/2026:15:09:55 +0200] "POST /wp-login.php HTTP/1.1" 200 3997 "-" "Mozilla/5.0"
169.224.83.200 - - [05/Apr/2026:15:10:03 +0200] "GET /category/%d0%98%d1%81%d1%82%d0%be%d1%80%d0%b8%d0%b8/ HTTP/1.1" 502 552 "-" "Mozilla/5.0 (compatible; MSIE 5.0; Windows NT 6.2; Trident/3.1)"
15.181.97.144 - - [05/Apr/2026:15:10:09 +0200] "POST /wp-login.php HTTP/1.1" 200 3997 "-" "Mozilla/5.0"
161.97.137.93 - - [05/Apr/2026:15:10:09 +0200] "POST /wp-cron.php?doing_wp_cron=1775394609.0327420234680175781250 HTTP/1.1" 404 11841 "https://bulpress.top/wp-cron.php?doing_wp_cron=1775394609.0327420234680175781250" "WordPress/4.9.26; https://bulpress.top"
14.174.73.231 - - [05/Apr/2026:15:10:10 +0200] "GET /category/%d0%98%d1%81%d1%82%d0%be%d1%80%d0%b8%d0%b8/ HTTP/1.1" 200 17106 "-" "Mozilla/5.0 (Windows; U; Windows NT 11.0) AppleWebKit/535.32.1 (KHTML, like Gecko) Version/5.1 Safari/535.32.1"
66.249.74.165 - - [05/Apr/2026:15:10:15 +0200] "GET /wp-content/uploads/2019/02/levski-356x220.jpg HTTP/1.1" 200 14992 "-" "Googlebot-Image/1.0"
15.181.97.144 - - [05/Apr/2026:15:10:21 +0200] "POST /wp-login.php HTTP/1.1" 200 3997 "-" "Mozilla/5.0"
15.181.97.144 - - [05/Apr/2026:15:10:32 +0200] "POST /wp-login.php HTTP/1.1" 200 3997 "-" "Mozilla/5.0"
15.181.97.144 - - [05/Apr/2026:15:10:46 +0200] "POST /wp-login.php HTTP/1.1" 200 3997 "-" "Mozilla/5.0"
15.181.97.144 - - [05/Apr/2026:15:11:00 +0200] "POST /wp-login.php HTTP/1.1" 200 3997 "-" "Mozilla/5.0"
15.181.97.144 - - [05/Apr/2026:15:11:13 +0200] "POST /wp-login.php HTTP/1.1" 200 3997 "-" "Mozilla/5.0"
15.181.97.144 - - [05/Apr/2026:15:11:27 +0200] "POST /wp-login.php HTTP/1.1" 200 3997 "-" "Mozilla/5.0"
15.181.97.144 - - [05/Apr/2026:15:11:41 +0200] "POST /wp-login.php HTTP/1.1" 200 3997 "-" "Mozilla/5.0"
15.181.97.144 - - [05/Apr/2026:15:11:53 +0200] "POST /wp-login.php HTTP/1.1" 200 3997 "-" "Mozilla/5.0"
15.181.97.144 - - [05/Apr/2026:15:12:07 +0200] "POST /wp-login.php HTTP/1.1" 200 3997 "-" "Mozilla/5.0"
15.181.97.144 - - [05/Apr/2026:15:12:20 +0200] "POST /wp-login.php HTTP/1.1" 200 3997 "-" "Mozilla/5.0"
15.181.97.144 - - [05/Apr/2026:15:12:33 +0200] "POST /wp-login.php HTTP/1.1" 200 3997 "-" "Mozilla/5.0"
15.181.97.144 - - [05/Apr/2026:15:12:45 +0200] "POST /wp-login.php HTTP/1.1" 200 3997 "-" "Mozilla/5.0"
15.181.97.144 - - [05/Apr/2026:15:12:59 +0200] "POST /wp-login.php HTTP/1.1" 200 3997 "-" "Mozilla/5.0"
216.73.216.37 - - [05/Apr/2026:15:13:09 +0200] "GET /robots.txt HTTP/1.1" 200 66 "-" "Mozilla/5.0 AppleWebKit/537.36 (KHTML, like Gecko; compatible; Claude-SearchBot/1.0; +searchbot@anthropic.com)"
66.249.74.164 - - [05/Apr/2026:15:13:10 +0200] "GET /wp-content/uploads/2023/12/408142699_843435747789636_1768848898766548244_n-265x198.jpg HTTP/1.1" 200 10503 "-" "Googlebot-Image/1.0"
15.181.97.144 - - [05/Apr/2026:15:13:13 +0200] "POST /wp-login.php HTTP/1.1" 200 3997 "-" "Mozilla/5.0"
15.181.97.144 - - [05/Apr/2026:15:13:25 +0200] "POST /wp-login.php HTTP/1.1" 200 3997 "-" "Mozilla/5.0"
91.136.11.84 - - [05/Apr/2026:15:13:34 +0200] "GET /wp-login.php HTTP/1.1" 200 3996 "-" "Mozilla/5.0 (Windows NT 6.3; Win64; x64; Trident/7.0; Touch; MASMJS; rv:11.0) like Gecko"
91.136.11.84 - - [05/Apr/2026:15:13:34 +0200] "POST /wp-login.php HTTP/1.1" 200 3996 "https://bulpress.top/wp-login.php" "Mozilla/5.0 (Windows NT 6.3; Win64; x64; Trident/7.0; Touch; MASMJS; rv:11.0) like Gecko"
15.181.97.144 - - [05/Apr/2026:15:13:38 +0200] "POST /wp-login.php HTTP/1.1" 200 3997 "-" "Mozilla/5.0"
15.181.97.144 - - [05/Apr/2026:15:13:51 +0200] "POST /wp-login.php HTTP/1.1" 200 3997 "-" "Mozilla/5.0"
15.181.97.144 - - [05/Apr/2026:15:14:05 +0200] "POST /wp-login.php HTTP/1.1" 200 3997 "-" "Mozilla/5.0"
15.181.97.144 - - [05/Apr/2026:15:14:19 +0200] "POST /wp-login.php HTTP/1.1" 200 3997 "-" "Mozilla/5.0"
15.181.97.144 - - [05/Apr/2026:15:14:32 +0200] "POST /wp-login.php HTTP/1.1" 200 3997 "-" "Mozilla/5.0"
15.181.97.144 - - [05/Apr/2026:15:14:44 +0200] "POST /wp-login.php HTTP/1.1" 200 3997 "-" "Mozilla/5.0"
15.181.97.144 - - [05/Apr/2026:15:14:56 +0200] "POST /wp-login.php HTTP/1.1" 200 3997 "-" "Mozilla/5.0"
15.181.97.144 - - [05/Apr/2026:15:15:10 +0200] "POST /wp-login.php HTTP/1.1" 200 3997 "-" "Mozilla/5.0"
15.181.97.144 - - [05/Apr/2026:15:15:23 +0200] "POST /wp-login.php HTTP/1.1" 200 3997 "-" "Mozilla/5.0"
15.181.97.144 - - [05/Apr/2026:15:15:35 +0200] "POST /wp-login.php HTTP/1.1" 200 3997 "-" "Mozilla/5.0"
15.181.97.144 - - [05/Apr/2026:15:15:47 +0200] "POST /wp-login.php HTTP/1.1" 200 3997 "-" "Mozilla/5.0"
15.181.97.144 - - [05/Apr/2026:15:16:00 +0200] "POST /wp-login.php HTTP/1.1" 200 3997 "-" "Mozilla/5.0"
15.181.97.144 - - [05/Apr/2026:15:16:13 +0200] "POST /wp-login.php HTTP/1.1" 200 3997 "-" "Mozilla/5.0"
15.181.97.144 - - [05/Apr/2026:15:16:26 +0200] "POST /wp-login.php HTTP/1.1" 200 3997 "-" "Mozilla/5.0"
15.181.97.144 - - [05/Apr/2026:15:16:39 +0200] "POST /wp-login.php HTTP/1.1" 200 3997 "-" "Mozilla/5.0"
15.181.97.144 - - [05/Apr/2026:15:16:51 +0200] "POST /wp-login.php HTTP/1.1" 200 3997 "-" "Mozilla/5.0"
15.181.97.144 - - [05/Apr/2026:15:17:04 +0200] "POST /wp-login.php HTTP/1.1" 200 3997 "-" "Mozilla/5.0"
103.150.234.120 - - [05/Apr/2026:15:17:04 +0200] "GET /%D0%B5%D0%B4%D0%BD%D0%B0-%D0%B8%D1%81%D1%82%D0%BE%D1%80%D0%B8%D1%8F-%D0%BA%D0%BE%D1%8F%D1%82%D0%BE-%D1%82%D1%80%D0%BE%D0%B3%D0%BD%D0%B0-%D1%85%D0%B8%D0%BB%D1%8F%D0%B4%D0%B8-%D0%B1%D1%8A%D0%BB%D0%B3/ HTTP/1.1" 200 18312 "-" "Mozilla/5.0 (Windows NT 10.0; WOW64) AppleWebKit/537.36 (KHTML, like Gecko) Brave Chrome/87.0.4280.101 Safari/537.36"
15.181.97.144 - - [05/Apr/2026:15:17:17 +0200] "POST /wp-login.php HTTP/1.1" 200 3997 "-" "Mozilla/5.0"
15.181.97.144 - - [05/Apr/2026:15:17:29 +0200] "POST /wp-login.php HTTP/1.1" 200 3997 "-" "Mozilla/5.0"
66.249.74.165 - - [05/Apr/2026:15:17:36 +0200] "GET /wp-content/uploads/2017/11/bulgarianholywood-696x391-356x220.jpg HTTP/1.1" 200 17606 "-" "Googlebot-Image/1.0"
15.181.97.144 - - [05/Apr/2026:15:17:41 +0200] "POST /wp-login.php HTTP/1.1" 200 3997 "-" "Mozilla/5.0"
15.181.97.144 - - [05/Apr/2026:15:17:53 +0200] "POST /wp-login.php HTTP/1.1" 200 3997 "-" "Mozilla/5.0"
15.181.97.144 - - [05/Apr/2026:15:18:05 +0200] "POST /wp-login.php HTTP/1.1" 200 3997 "-" "Mozilla/5.0"
15.181.97.144 - - [05/Apr/2026:15:18:18 +0200] "POST /wp-login.php HTTP/1.1" 200 3997 "-" "Mozilla/5.0"
15.181.97.144 - - [05/Apr/2026:15:18:30 +0200] "POST /wp-login.php HTTP/1.1" 200 3997 "-" "Mozilla/5.0"
137.184.210.56 - - [05/Apr/2026:15:19:23 +0200] "GET /wp-content/uploads/2019/12/putin-god-is-218x150.jpg%20218w,%20https://bulpress.top/wp-content/uploads/2019/12/putin-god-is-100x70.jpg%20100w HTTP/1.1" 301 0 "https://bulpress.top/" "Mozilla/5.0 (Windows NT 10.0; Win64; x64) AppleWebKit/537.36 (KHTML, like Gecko) Chrome/106.0.5249.119 Safari/537.36"
137.184.210.56 - - [05/Apr/2026:15:19:25 +0200] "GET /wp-content/uploads/2019/12/putin-god-is-218x150.jpg%20218w,%20https:/bulpress.top/wp-content/uploads/2019/12/putin-god-is-100x70.jpg%20100w HTTP/1.1" 404 11856 "https://bulpress.top/" "Mozilla/5.0 (Windows NT 10.0; Win64; x64) AppleWebKit/537.36 (KHTML, like Gecko) Chrome/106.0.5249.119 Safari/537.36"
94.46.170.34 - - [05/Apr/2026:15:20:24 +0200] "GET /wp-login.php HTTP/1.1" 200 3996 "-" "Mozilla/4.0 (compatible; MSIE 8.0; Windows NT 6.2; WOW64; Trident/7.0; .NET4.0C; .NET4.0E; .NET CLR 2.0.50727; .NET CLR 3.0.30729; .NET CLR 3.5.30729)"
94.46.170.34 - - [05/Apr/2026:15:20:25 +0200] "POST /wp-login.php HTTP/1.1" 200 3996 "https://bulpress.top/wp-login.php" "Mozilla/4.0 (compatible; MSIE 8.0; Windows NT 6.2; WOW64; Trident/7.0; .NET4.0C; .NET4.0E; .NET CLR 2.0.50727; .NET CLR 3.0.30729; .NET CLR 3.5.30729)"
198.244.242.60 - - [05/Apr/2026:15:21:02 +0200] "GET /%D0%B2-%D1%81%D1%80%D0%B5%D0%B4%D0%B0%D1%82%D0%B0-%D0%BD%D0%B0-%D1%82%D0%B5%D0%B7%D0%B8-%D0%B3%D0%BE%D0%B4%D0%B8%D0%BD%D0%B8-%D0%B1%D1%8A%D0%BB%D0%B3%D0%B0%D1%80%D0%B8%D1%8F-%D0%BF%D0%BE-%D0%BF%D1%80/ HTTP/1.1" 502 150 "-" "Mozilla/5.0 (compatible; AhrefsBot/7.0; +http://ahrefs.com/robot/)"
66.249.74.165 - - [05/Apr/2026:15:21:54 +0200] "GET /wp-content/uploads/2017/09/canada-02-1024x684-356x220.jpg HTTP/1.1" 200 27424 "-" "Googlebot-Image/1.0"
103.216.117.42 - - [05/Apr/2026:15:26:09 +0200] "GET /wp-login.php HTTP/1.1" 200 3997 "-" "Mozilla/5.0 (Macintosh; Intel Mac OS X 10_13_1) AppleWebKit/537.36 (KHTML, like Gecko) Chrome/66.0.3359.139 Safari/537.36"
98.88.43.210 - - [05/Apr/2026:15:26:18 +0200] "GET /page/13/ HTTP/1.1" 200 14665 "-" "Mozilla/5.0 AppleWebKit/537.36 (KHTML, like Gecko; compatible; Amzn-SearchBot/0.1) Chrome/119.0.6045.214 Safari/537.36"
85.208.96.207 - - [05/Apr/2026:15:26:44 +0200] "GET /tag/%D0%BF%D0%BE%D0%B7%D0%B8%D1%82%D0%B8%D0%B2%D0%BD%D0%B8-%D0%BD%D0%BE%D0%B2%D0%B8%D0%BD%D0%B8/page/26/ HTTP/1.1" 200 18810 "-" "Mozilla/5.0 (compatible; SemrushBot/7~bl; +http://www.semrush.com/bot.html)"
8.228.88.249 - - [05/Apr/2026:15:27:02 +0200] "GET /news/feed/ HTTP/1.1" 200 450 "-" "Mozilla/5.0 (Windows NT 6.3; WOW64; rv:33.0) Gecko/20100101 Firefox/33.0"
8.228.88.249 - - [05/Apr/2026:15:28:50 +0200] "GET /feed/ HTTP/1.1" 200 42640 "-" "Mozilla/5.0 (Windows NT 6.3; WOW64; rv:33.0) Gecko/20100101 Firefox/33.0"
66.249.74.165 - - [05/Apr/2026:15:29:11 +0200] "GET /wp-content/uploads/2020/08/guncheva1-1-100x70.jpg HTTP/1.1" 200 2260 "-" "Googlebot-Image/1.0"
198.235.24.70 - - [05/Apr/2026:15:30:02 +0200] "GET / HTTP/1.1" 502 150 "-" "Hello from Palo Alto Networks, find out more about our scans in https://docs-cortex.paloaltonetworks.com/r/1/Cortex-Xpanse/Scanning-activity"
66.249.74.167 - - [05/Apr/2026:15:30:39 +0200] "GET /wp-content/uploads/2022/04/qna-gfd-1-100x70.jpg HTTP/1.1" 200 3041 "-" "Googlebot-Image/1.0"
14.171.18.181 - - [05/Apr/2026:15:32:03 +0200] "GET /category/%d0%9d%d0%be%d0%b2%d0%b8%d0%bd%d0%b8/ HTTP/1.1" 200 17517 "-" "Mozilla/5.0 (X11; Linux x86_64; rv:1.9.6.20) Gecko/6492-04-15 16:13:53.195740 Firefox/7.0"
66.249.74.165 - - [05/Apr/2026:15:32:06 +0200] "GET /wp-content/uploads/2019/03/nasa-80x60.jpg HTTP/1.1" 200 2012 "-" "Googlebot-Image/1.0"
51.83.236.11 - - [05/Apr/2026:15:33:02 +0200] "GET /wp-login.php HTTP/1.1" 502 552 "-" "Mozilla/5.0 (X11; Linux x86_64) AppleWebKit/537.36 (KHTML, like Gecko) Chrome/66.0.3359.139 Safari/537.36"
51.83.236.11 - - [05/Apr/2026:15:33:04 +0200] "POST /wp-login.php HTTP/1.1" 200 3996 "https://bulpress.top/wp-login.php" "Mozilla/5.0 (X11; Linux x86_64) AppleWebKit/537.36 (KHTML, like Gecko) Chrome/66.0.3359.139 Safari/537.36"
161.97.137.93 - - [05/Apr/2026:15:34:17 +0200] "POST /wp-cron.php?doing_wp_cron=1775396056.9250419139862060546875 HTTP/1.1" 404 11892 "https://bulpress.top/wp-cron.php?doing_wp_cron=1775396056.9250419139862060546875" "WordPress/4.9.26; https://bulpress.top"
198.244.242.2 - - [05/Apr/2026:15:34:18 +0200] "GET /%D0%BF%D1%80%D0%B5%D0%B7-%D1%81%D0%BE%D1%86%D0%B0-%D0%B2%D1%81%D0%B5%D0%BA%D0%B8-%D1%81-%D0%B5%D0%B4%D0%BD%D0%B0-%D0%B7%D0%B0%D0%BF%D0%BB%D0%B0%D1%82%D0%B0-%D0%B8%D0%BC%D0%B0%D1%88%D0%B5-%D0%BA%D0%BE/ HTTP/1.1" 200 19573 "-" "Mozilla/5.0 (compatible; AhrefsBot/7.0; +http://ahrefs.com/robot/)"
66.249.74.167 - - [05/Apr/2026:15:37:55 +0200] "GET /wp-content/uploads/2019/07/NAMA_Linear_B_tablet_of_Pylos-768x342-639x381-218x150.jpg HTTP/1.1" 200 8973 "-" "Googlebot-Image/1.0"
161.97.137.93 - - [05/Apr/2026:15:38:00 +0200] "POST /wp-cron.php?doing_wp_cron=1775396279.6002399921417236328125 HTTP/1.1" 404 11854 "https://bulpress.top/wp-cron.php?doing_wp_cron=1775396279.6002399921417236328125" "WordPress/4.9.26; https://bulpress.top"
185.228.25.50 - - [05/Apr/2026:15:38:00 +0200] "GET /%D0%BA%D0%B0%D0%BA-%D0%B5%D0%B4%D0%B8%D0%BD-%D0%BE%D0%B2%D1%87%D0%B0%D1%80-%D1%81%D0%BF%D0%B5%D1%81%D1%82%D0%B8-80-%D0%BC%D0%BB%D0%BD-%D0%BD%D0%B0-%D0%B4%D1%8A%D1%80%D0%B6%D0%B0%D0%B2%D0%B0%D1%82/ HTTP/1.1" 200 19712 "https://www.google.com/" "Mozilla/5.0 (Windows NT 10.0; Win64; x64) AppleWebKit/537.36 (KHTML, like Gecko) Chrome/146.0.0.0 Safari/537.36"
185.228.25.50 - - [05/Apr/2026:15:38:00 +0200] "GET /wp-content/plugins/jetpack/css/jetpack.css?ver=7.0.2 HTTP/1.1" 304 0 "https://bulpress.top/%D0%BA%D0%B0%D0%BA-%D0%B5%D0%B4%D0%B8%D0%BD-%D0%BE%D0%B2%D1%87%D0%B0%D1%80-%D1%81%D0%BF%D0%B5%D1%81%D1%82%D0%B8-80-%D0%BC%D0%BB%D0%BD-%D0%BD%D0%B0-%D0%B4%D1%8A%D1%80%D0%B6%D0%B0%D0%B2%D0%B0%D1%82/" "Mozilla/5.0 (Windows NT 10.0; Win64; x64) AppleWebKit/537.36 (KHTML, like Gecko) Chrome/146.0.0.0 Safari/537.36"
185.228.25.50 - - [05/Apr/2026:15:38:00 +0200] "GET /wp-content/plugins/td-composer/css-live/assets/css/td_live_css_frontend.css?ver=4.9.26 HTTP/1.1" 304 0 "https://bulpress.top/%D0%BA%D0%B0%D0%BA-%D0%B5%D0%B4%D0%B8%D0%BD-%D0%BE%D0%B2%D1%87%D0%B0%D1%80-%D1%81%D0%BF%D0%B5%D1%81%D1%82%D0%B8-80-%D0%BC%D0%BB%D0%BD-%D0%BD%D0%B0-%D0%B4%D1%8A%D1%80%D0%B6%D0%B0%D0%B2%D0%B0%D1%82/" "Mozilla/5.0 (Windows NT 10.0; Win64; x64) AppleWebKit/537.36 (KHTML, like Gecko) Chrome/146.0.0.0 Safari/537.36"
185.228.25.50 - - [05/Apr/2026:15:38:00 +0200] "GET /wp-content/uploads/2019/09/opovchar-696x703.jpg HTTP/1.1" 200 102695 "https://bulpress.top/%D0%BA%D0%B0%D0%BA-%D0%B5%D0%B4%D0%B8%D0%BD-%D0%BE%D0%B2%D1%87%D0%B0%D1%80-%D1%81%D0%BF%D0%B5%D1%81%D1%82%D0%B8-80-%D0%BC%D0%BB%D0%BD-%D0%BD%D0%B0-%D0%B4%D1%8A%D1%80%D0%B6%D0%B0%D0%B2%D0%B0%D1%82/" "Mozilla/5.0 (Windows NT 10.0; Win64; x64) AppleWebKit/537.36 (KHTML, like Gecko) Chrome/146.0.0.0 Safari/537.36"
185.228.25.50 - - [05/Apr/2026:15:38:00 +0200] "GET /wp-includes/js/jquery/jquery.js?ver=1.12.4 HTTP/1.1" 200 32878 "https://bulpress.top/%D0%BA%D0%B0%D0%BA-%D0%B5%D0%B4%D0%B8%D0%BD-%D0%BE%D0%B2%D1%87%D0%B0%D1%80-%D1%81%D0%BF%D0%B5%D1%81%D1%82%D0%B8-80-%D0%BC%D0%BB%D0%BD-%D0%BD%D0%B0-%D0%B4%D1%8A%D1%80%D0%B6%D0%B0%D0%B2%D0%B0%D1%82/" "Mozilla/5.0 (Windows NT 10.0; Win64; x64) AppleWebKit/537.36 (KHTML, like Gecko) Chrome/146.0.0.0 Safari/537.36"
185.228.25.50 - - [05/Apr/2026:15:38:00 +0200] "GET /wp-content/themes/Newspaper/style.css?ver=8.0 HTTP/1.1" 200 107094 "https://bulpress.top/%D0%BA%D0%B0%D0%BA-%D0%B5%D0%B4%D0%B8%D0%BD-%D0%BE%D0%B2%D1%87%D0%B0%D1%80-%D1%81%D0%BF%D0%B5%D1%81%D1%82%D0%B8-80-%D0%BC%D0%BB%D0%BD-%D0%BD%D0%B0-%D0%B4%D1%8A%D1%80%D0%B6%D0%B0%D0%B2%D0%B0%D1%82/" "Mozilla/5.0 (Windows NT 10.0; Win64; x64) AppleWebKit/537.36 (KHTML, like Gecko) Chrome/146.0.0.0 Safari/537.36"
185.228.25.50 - - [05/Apr/2026:15:38:00 +0200] "GET /wp-includes/js/jquery/jquery-migrate.min.js?ver=1.4.1 HTTP/1.1" 304 0 "https://bulpress.top/%D0%BA%D0%B0%D0%BA-%D0%B5%D0%B4%D0%B8%D0%BD-%D0%BE%D0%B2%D1%87%D0%B0%D1%80-%D1%81%D0%BF%D0%B5%D1%81%D1%82%D0%B8-80-%D0%BC%D0%BB%D0%BD-%D0%BD%D0%B0-%D0%B4%D1%8A%D1%80%D0%B6%D0%B0%D0%B2%D0%B0%D1%82/" "Mozilla/5.0 (Windows NT 10.0; Win64; x64) AppleWebKit/537.36 (KHTML, like Gecko) Chrome/146.0.0.0 Safari/537.36"
185.228.25.50 - - [05/Apr/2026:15:38:00 +0200] "GET /wp-content/uploads/2017/08/logo-1-%D0%9A%D0%BE%D0%BF%D0%B8%D0%B5.png HTTP/1.1" 304 0 "https://bulpress.top/%D0%BA%D0%B0%D0%BA-%D0%B5%D0%B4%D0%B8%D0%BD-%D0%BE%D0%B2%D1%87%D0%B0%D1%80-%D1%81%D0%BF%D0%B5%D1%81%D1%82%D0%B8-80-%D0%BC%D0%BB%D0%BD-%D0%BD%D0%B0-%D0%B4%D1%8A%D1%80%D0%B6%D0%B0%D0%B2%D0%B0%D1%82/" "Mozilla/5.0 (Windows NT 10.0; Win64; x64) AppleWebKit/537.36 (KHTML, like Gecko) Chrome/146.0.0.0 Safari/537.36"
185.228.25.50 - - [05/Apr/2026:15:38:01 +0200] "GET /wp-content/uploads/2025/01/1432053328-100x70.jpg HTTP/1.1" 200 2428 "https://bulpress.top/%D0%BA%D0%B0%D0%BA-%D0%B5%D0%B4%D0%B8%D0%BD-%D0%BE%D0%B2%D1%87%D0%B0%D1%80-%D1%81%D0%BF%D0%B5%D1%81%D1%82%D0%B8-80-%D0%BC%D0%BB%D0%BD-%D0%BD%D0%B0-%D0%B4%D1%8A%D1%80%D0%B6%D0%B0%D0%B2%D0%B0%D1%82/" "Mozilla/5.0 (Windows NT 10.0; Win64; x64) AppleWebKit/537.36 (KHTML, like Gecko) Chrome/146.0.0.0 Safari/537.36"
185.228.25.50 - - [05/Apr/2026:15:38:01 +0200] "GET /wp-content/uploads/2017/08/8.jpg HTTP/1.1" 200 78223 "https://bulpress.top/%D0%BA%D0%B0%D0%BA-%D0%B5%D0%B4%D0%B8%D0%BD-%D0%BE%D0%B2%D1%87%D0%B0%D1%80-%D1%81%D0%BF%D0%B5%D1%81%D1%82%D0%B8-80-%D0%BC%D0%BB%D0%BD-%D0%BD%D0%B0-%D0%B4%D1%8A%D1%80%D0%B6%D0%B0%D0%B2%D0%B0%D1%82/" "Mozilla/5.0 (Windows NT 10.0; Win64; x64) AppleWebKit/537.36 (KHTML, like Gecko) Chrome/146.0.0.0 Safari/537.36"
185.228.25.50 - - [05/Apr/2026:15:38:01 +0200] "GET /wp-content/uploads/2025/01/tumblr-100x70.jpg HTTP/1.1" 200 3699 "https://bulpress.top/%D0%BA%D0%B0%D0%BA-%D0%B5%D0%B4%D0%B8%D0%BD-%D0%BE%D0%B2%D1%87%D0%B0%D1%80-%D1%81%D0%BF%D0%B5%D1%81%D1%82%D0%B8-80-%D0%BC%D0%BB%D0%BD-%D0%BD%D0%B0-%D0%B4%D1%8A%D1%80%D0%B6%D0%B0%D0%B2%D0%B0%D1%82/" "Mozilla/5.0 (Windows NT 10.0; Win64; x64) AppleWebKit/537.36 (KHTML, like Gecko) Chrome/146.0.0.0 Safari/537.36"
185.228.25.50 - - [05/Apr/2026:15:38:02 +0200] "GET /wp-includes/js/wp-embed.min.js?ver=4.9.26 HTTP/1.1" 502 552 "https://bulpress.top/%D0%BA%D0%B0%D0%BA-%D0%B5%D0%B4%D0%B8%D0%BD-%D0%BE%D0%B2%D1%87%D0%B0%D1%80-%D1%81%D0%BF%D0%B5%D1%81%D1%82%D0%B8-80-%D0%BC%D0%BB%D0%BD-%D0%BD%D0%B0-%D0%B4%D1%8A%D1%80%D0%B6%D0%B0%D0%B2%D0%B0%D1%82/" "Mozilla/5.0 (Windows NT 10.0; Win64; x64) AppleWebKit/537.36 (KHTML, like Gecko) Chrome/146.0.0.0 Safari/537.36"
185.228.25.50 - - [05/Apr/2026:15:38:02 +0200] "GET /wp-includes/js/comment-reply.min.js?ver=4.9.26 HTTP/1.1" 502 552 "https://bulpress.top/%D0%BA%D0%B0%D0%BA-%D0%B5%D0%B4%D0%B8%D0%BD-%D0%BE%D0%B2%D1%87%D0%B0%D1%80-%D1%81%D0%BF%D0%B5%D1%81%D1%82%D0%B8-80-%D0%BC%D0%BB%D0%BD-%D0%BD%D0%B0-%D0%B4%D1%8A%D1%80%D0%B6%D0%B0%D0%B2%D0%B0%D1%82/" "Mozilla/5.0 (Windows NT 10.0; Win64; x64) AppleWebKit/537.36 (KHTML, like Gecko) Chrome/146.0.0.0 Safari/537.36"
185.228.25.50 - - [05/Apr/2026:15:38:02 +0200] "GET /wp-content/themes/Newspaper/js/tagdiv_theme.js?ver=8.0 HTTP/1.1" 502 552 "https://bulpress.top/%D0%BA%D0%B0%D0%BA-%D0%B5%D0%B4%D0%B8%D0%BD-%D0%BE%D0%B2%D1%87%D0%B0%D1%80-%D1%81%D0%BF%D0%B5%D1%81%D1%82%D0%B8-80-%D0%BC%D0%BB%D0%BD-%D0%BD%D0%B0-%D0%B4%D1%8A%D1%80%D0%B6%D0%B0%D0%B2%D0%B0%D1%82/" "Mozilla/5.0 (Windows NT 10.0; Win64; x64) AppleWebKit/537.36 (KHTML, like Gecko) Chrome/146.0.0.0 Safari/537.36"
185.228.25.50 - - [05/Apr/2026:15:38:02 +0200] "GET /wp-content/plugins/jetpack/modules/wpgroho.js?ver=4.9.26 HTTP/1.1" 502 552 "https://bulpress.top/%D0%BA%D0%B0%D0%BA-%D0%B5%D0%B4%D0%B8%D0%BD-%D0%BE%D0%B2%D1%87%D0%B0%D1%80-%D1%81%D0%BF%D0%B5%D1%81%D1%82%D0%B8-80-%D0%BC%D0%BB%D0%BD-%D0%BD%D0%B0-%D0%B4%D1%8A%D1%80%D0%B6%D0%B0%D0%B2%D0%B0%D1%82/" "Mozilla/5.0 (Windows NT 10.0; Win64; x64) AppleWebKit/537.36 (KHTML, like Gecko) Chrome/146.0.0.0 Safari/537.36"
185.228.25.50 - - [05/Apr/2026:15:38:02 +0200] "GET /wp-content/uploads/2018/02/item_img67241-696x385.jpg HTTP/1.1" 502 552 "https://bulpress.top/%D0%BA%D0%B0%D0%BA-%D0%B5%D0%B4%D0%B8%D0%BD-%D0%BE%D0%B2%D1%87%D0%B0%D1%80-%D1%81%D0%BF%D0%B5%D1%81%D1%82%D0%B8-80-%D0%BC%D0%BB%D0%BD-%D0%BD%D0%B0-%D0%B4%D1%8A%D1%80%D0%B6%D0%B0%D0%B2%D0%B0%D1%82/" "Mozilla/5.0 (Windows NT 10.0; Win64; x64) AppleWebKit/537.36 (KHTML, like Gecko) Chrome/146.0.0.0 Safari/537.36"
185.228.25.50 - - [05/Apr/2026:15:38:02 +0200] "GET /wp-content/uploads/2024/05/wazow-218x150.jpg HTTP/1.1" 502 552 "https://bulpress.top/%D0%BA%D0%B0%D0%BA-%D0%B5%D0%B4%D0%B8%D0%BD-%D0%BE%D0%B2%D1%87%D0%B0%D1%80-%D1%81%D0%BF%D0%B5%D1%81%D1%82%D0%B8-80-%D0%BC%D0%BB%D0%BD-%D0%BD%D0%B0-%D0%B4%D1%8A%D1%80%D0%B6%D0%B0%D0%B2%D0%B0%D1%82/" "Mozilla/5.0 (Windows NT 10.0; Win64; x64) AppleWebKit/537.36 (KHTML, like Gecko) Chrome/146.0.0.0 Safari/537.36"
185.228.25.50 - - [05/Apr/2026:15:38:02 +0200] "GET /wp-content/uploads/2025/01/aimg-4675-100x70.jpg HTTP/1.1" 502 552 "https://bulpress.top/%D0%BA%D0%B0%D0%BA-%D0%B5%D0%B4%D0%B8%D0%BD-%D0%BE%D0%B2%D1%87%D0%B0%D1%80-%D1%81%D0%BF%D0%B5%D1%81%D1%82%D0%B8-80-%D0%BC%D0%BB%D0%BD-%D0%BD%D0%B0-%D0%B4%D1%8A%D1%80%D0%B6%D0%B0%D0%B2%D0%B0%D1%82/" "Mozilla/5.0 (Windows NT 10.0; Win64; x64) AppleWebKit/537.36 (KHTML, like Gecko) Chrome/146.0.0.0 Safari/537.36"
185.228.25.50 - - [05/Apr/2026:15:38:02 +0200] "GET /wp-content/uploads/2023/12/409711784_24689047710693721_3398084788356736187_n-218x150.jpg HTTP/1.1" 502 552 "https://bulpress.top/%D0%BA%D0%B0%D0%BA-%D0%B5%D0%B4%D0%B8%D0%BD-%D0%BE%D0%B2%D1%87%D0%B0%D1%80-%D1%81%D0%BF%D0%B5%D1%81%D1%82%D0%B8-80-%D0%BC%D0%BB%D0%BD-%D0%BD%D0%B0-%D0%B4%D1%8A%D1%80%D0%B6%D0%B0%D0%B2%D0%B0%D1%82/" "Mozilla/5.0 (Windows NT 10.0; Win64; x64) AppleWebKit/537.36 (KHTML, like Gecko) Chrome/146.0.0.0 Safari/537.36"
185.228.25.50 - - [05/Apr/2026:15:38:02 +0200] "GET /wp-content/uploads/2024/06/d241eed74617430949369c3f0fec2bad-218x150.jpg HTTP/1.1" 502 552 "https://bulpress.top/%D0%BA%D0%B0%D0%BA-%D0%B5%D0%B4%D0%B8%D0%BD-%D0%BE%D0%B2%D1%87%D0%B0%D1%80-%D1%81%D0%BF%D0%B5%D1%81%D1%82%D0%B8-80-%D0%BC%D0%BB%D0%BD-%D0%BD%D0%B0-%D0%B4%D1%8A%D1%80%D0%B6%D0%B0%D0%B2%D0%B0%D1%82/" "Mozilla/5.0 (Windows NT 10.0; Win64; x64) AppleWebKit/537.36 (KHTML, like Gecko) Chrome/146.0.0.0 Safari/537.36"
185.228.25.50 - - [05/Apr/2026:15:38:02 +0200] "GET /wp-content/uploads/2017/08/big_1a3f-100x70.jpg HTTP/1.1" 502 552 "https://bulpress.top/%D0%BA%D0%B0%D0%BA-%D0%B5%D0%B4%D0%B8%D0%BD-%D0%BE%D0%B2%D1%87%D0%B0%D1%80-%D1%81%D0%BF%D0%B5%D1%81%D1%82%D0%B8-80-%D0%BC%D0%BB%D0%BD-%D0%BD%D0%B0-%D0%B4%D1%8A%D1%80%D0%B6%D0%B0%D0%B2%D0%B0%D1%82/" "Mozilla/5.0 (Windows NT 10.0; Win64; x64) AppleWebKit/537.36 (KHTML, like Gecko) Chrome/146.0.0.0 Safari/537.36"
185.228.25.50 - - [05/Apr/2026:15:38:02 +0200] "GET /wp-content/uploads/2017/08/umna-bulgarka-london-100x70.jpg HTTP/1.1" 502 552 "https://bulpress.top/%D0%BA%D0%B0%D0%BA-%D0%B5%D0%B4%D0%B8%D0%BD-%D0%BE%D0%B2%D1%87%D0%B0%D1%80-%D1%81%D0%BF%D0%B5%D1%81%D1%82%D0%B8-80-%D0%BC%D0%BB%D0%BD-%D0%BD%D0%B0-%D0%B4%D1%8A%D1%80%D0%B6%D0%B0%D0%B2%D0%B0%D1%82/" "Mozilla/5.0 (Windows NT 10.0; Win64; x64) AppleWebKit/537.36 (KHTML, like Gecko) Chrome/146.0.0.0 Safari/537.36"
185.228.25.50 - - [05/Apr/2026:15:38:02 +0200] "GET /wp-content/uploads/2017/09/0000234533-article2-100x70.jpg HTTP/1.1" 502 552 "https://bulpress.top/%D0%BA%D0%B0%D0%BA-%D0%B5%D0%B4%D0%B8%D0%BD-%D0%BE%D0%B2%D1%87%D0%B0%D1%80-%D1%81%D0%BF%D0%B5%D1%81%D1%82%D0%B8-80-%D0%BC%D0%BB%D0%BD-%D0%BD%D0%B0-%D0%B4%D1%8A%D1%80%D0%B6%D0%B0%D0%B2%D0%B0%D1%82/" "Mozilla/5.0 (Windows NT 10.0; Win64; x64) AppleWebKit/537.36 (KHTML, like Gecko) Chrome/146.0.0.0 Safari/537.36"
185.228.25.50 - - [05/Apr/2026:15:38:02 +0200] "GET /wp-includes/js/wp-emoji-release.min.js?ver=4.9.26 HTTP/1.1" 502 552 "https://bulpress.top/%D0%BA%D0%B0%D0%BA-%D0%B5%D0%B4%D0%B8%D0%BD-%D0%BE%D0%B2%D1%87%D0%B0%D1%80-%D1%81%D0%BF%D0%B5%D1%81%D1%82%D0%B8-80-%D0%BC%D0%BB%D0%BD-%D0%BD%D0%B0-%D0%B4%D1%8A%D1%80%D0%B6%D0%B0%D0%B2%D0%B0%D1%82/" "Mozilla/5.0 (Windows NT 10.0; Win64; x64) AppleWebKit/537.36 (KHTML, like Gecko) Chrome/146.0.0.0 Safari/537.36"
185.228.25.50 - - [05/Apr/2026:15:38:02 +0200] "GET /wp-content/themes/Newspaper/images/icons/newspaper.woff?14 HTTP/1.1" 502 552 "https://bulpress.top/wp-content/themes/Newspaper/style.css?ver=8.0" "Mozilla/5.0 (Windows NT 10.0; Win64; x64) AppleWebKit/537.36 (KHTML, like Gecko) Chrome/146.0.0.0 Safari/537.36"
185.228.25.50 - - [05/Apr/2026:15:38:02 +0200] "GET /wp-content/uploads/2018/02/Neli-80x60.jpg HTTP/1.1" 502 552 "https://bulpress.top/%D0%BA%D0%B0%D0%BA-%D0%B5%D0%B4%D0%B8%D0%BD-%D0%BE%D0%B2%D1%87%D0%B0%D1%80-%D1%81%D0%BF%D0%B5%D1%81%D1%82%D0%B8-80-%D0%BC%D0%BB%D0%BD-%D0%BD%D0%B0-%D0%B4%D1%8A%D1%80%D0%B6%D0%B0%D0%B2%D0%B0%D1%82/" "Mozilla/5.0 (Windows NT 10.0; Win64; x64) AppleWebKit/537.36 (KHTML, like Gecko) Chrome/146.0.0.0 Safari/537.36"
185.228.25.50 - - [05/Apr/2026:15:38:03 +0200] "GET /wp-content/uploads/2019/01/cropped-21015343_1457098327717113_566289841_n-32x32.jpg HTTP/1.1" 200 1166 "https://bulpress.top/%D0%BA%D0%B0%D0%BA-%D0%B5%D0%B4%D0%B8%D0%BD-%D0%BE%D0%B2%D1%87%D0%B0%D1%80-%D1%81%D0%BF%D0%B5%D1%81%D1%82%D0%B8-80-%D0%BC%D0%BB%D0%BD-%D0%BD%D0%B0-%D0%B4%D1%8A%D1%80%D0%B6%D0%B0%D0%B2%D0%B0%D1%82/" "Mozilla/5.0 (Windows NT 10.0; Win64; x64) AppleWebKit/537.36 (KHTML, like Gecko) Chrome/146.0.0.0 Safari/537.36"
185.191.171.17 - - [05/Apr/2026:15:38:16 +0200] "GET /tag/%D0%BF%D1%80%D0%B5%D0%B4%D0%B8-%D0%B1%D1%80%D0%BE%D0%B5%D0%BD%D0%B8-%D0%BC%D0%B8%D0%BD%D1%83%D1%82%D0%B8/page/46/ HTTP/1.1" 200 18730 "-" "Mozilla/5.0 (compatible; SemrushBot/7~bl; +http://www.semrush.com/bot.html)"
198.244.242.31 - - [05/Apr/2026:15:38:36 +0200] "GET /wp-content/uploads/2020/01/New-folder1-1.jpg HTTP/1.1" 200 192035 "-" "Mozilla/5.0 (compatible; AhrefsBot/7.0; +http://ahrefs.com/robot/)"
198.244.183.135 - - [05/Apr/2026:15:38:37 +0200] "GET /%D0%BF%D1%80%D0%B5%D0%B7-%D1%81%D0%BE%D1%86%D0%B0-%D0%B2%D1%81%D0%B5%D0%BA%D0%B8-%D1%81-%D0%B5%D0%B4%D0%BD%D0%B0-%D0%B7%D0%B0%D0%BF%D0%BB%D0%B0%D1%82%D0%B0-%D0%B8%D0%BC%D0%B0%D1%88%D0%B5-%D0%BA%D0%BE/ HTTP/1.1" 200 19573 "-" "Mozilla/5.0 (compatible; AhrefsBot/7.0; +http://ahrefs.com/robot/)"
208.109.188.137 - - [05/Apr/2026:15:38:45 +0200] "GET /wp-login.php HTTP/1.1" 200 3998 "-" "Mozilla/5.0 (Windows NT 6.3; Trident/7.0; rv 11.0) like Gecko"
54.38.147.187 - - [05/Apr/2026:15:38:45 +0200] "GET /wp-content/uploads/2017/09/big_merki-100x70.jpg HTTP/1.1" 304 0 "-" "Mozilla/5.0 (compatible; AhrefsBot/7.0; +http://ahrefs.com/robot/)"
208.109.188.137 - - [05/Apr/2026:15:38:46 +0200] "POST /wp-login.php HTTP/1.1" 200 3998 "https://bulpress.top/wp-login.php" "Mozilla/5.0 (Windows NT 6.3; Trident/7.0; rv 11.0) like Gecko"
66.249.74.166 - - [05/Apr/2026:15:40:50 +0200] "GET /wp-content/uploads/2023/12/408142699_843435747789636_1768848898766548244_n-324x160.jpg HTTP/1.1" 200 10278 "-" "Googlebot-Image/1.0"
66.249.74.164 - - [05/Apr/2026:15:46:42 +0200] "GET /wp-content/uploads/2019/12/schatalova-d-r-80x60.jpg HTTP/1.1" 200 2064 "-" "Googlebot-Image/1.0"
66.249.74.165 - - [05/Apr/2026:15:49:34 +0200] "GET /wp-content/uploads/2018/11/Kasttata-1024x768-80x60.jpg HTTP/1.1" 200 2132 "-" "Googlebot-Image/1.0"
161.97.137.93 - - [05/Apr/2026:15:50:49 +0200] "POST /wp-cron.php?doing_wp_cron=1775397049.0266489982604980468750 HTTP/1.1" 404 11838 "https://bulpress.top/wp-cron.php?doing_wp_cron=1775397049.0266489982604980468750" "WordPress/4.9.26; https://bulpress.top"
185.191.171.6 - - [05/Apr/2026:15:50:50 +0200] "GET /tag/vest/page/28/ HTTP/1.1" 200 18611 "-" "Mozilla/5.0 (compatible; SemrushBot/7~bl; +http://www.semrush.com/bot.html)"
162.215.219.73 - - [05/Apr/2026:15:52:11 +0200] "GET /wp-login.php HTTP/1.1" 200 3997 "-" "Mozilla/5.0 (X11; Linux x86_64) AppleWebKit/537.36 (KHTML, like Gecko) Chrome/66.0.3359.170 Safari/537.36"
162.215.219.73 - - [05/Apr/2026:15:52:14 +0200] "POST /wp-login.php HTTP/1.1" 200 3997 "https://bulpress.top/wp-login.php" "Mozilla/5.0 (X11; Linux x86_64) AppleWebKit/537.36 (KHTML, like Gecko) Chrome/66.0.3359.170 Safari/537.36"
66.249.74.165 - - [05/Apr/2026:15:55:26 +0200] "GET /wp-content/uploads/2019/05/1557080489-1-218x150.jpg HTTP/1.1" 200 8353 "-" "Googlebot-Image/1.0"
66.249.74.166 - - [05/Apr/2026:15:56:52 +0200] "GET /wp-content/uploads/2023/12/409711784_24689047710693721_3398084788356736187_n-533x261.jpg HTTP/1.1" 200 36052 "-" "Googlebot-Image/1.0"
185.191.171.15 - - [05/Apr/2026:15:57:18 +0200] "GET /%D0%BA%D0%B0%D0%BA-%D0%B6%D0%B8%D0%B2%D1%8F%D1%85%D0%BC%D0%B5-%D0%BF%D1%80%D0%B5%D0%B4%D0%B8-10-%D0%BD%D0%BE%D0%B5%D0%BC%D0%B2%D1%80%D0%B8-1989-%D0%B3%D0%BE%D0%B4-v-%D1%87%D0%B0%D1%81%D1%82-%D0%BD/ HTTP/1.1" 403 218 "-" "Mozilla/5.0 (compatible; SemrushBot/7~bl; +http://www.semrush.com/bot.html)"
161.97.137.93 - - [05/Apr/2026:15:58:14 +0200] "POST /wp-cron.php?doing_wp_cron=1775397493.5162448883056640625000 HTTP/1.1" 404 11904 "https://bulpress.top/wp-cron.php?doing_wp_cron=1775397493.5162448883056640625000" "WordPress/4.9.26; https://bulpress.top"
144.76.32.187 - - [05/Apr/2026:15:58:14 +0200] "GET /robots.txt HTTP/1.1" 200 66 "-" "Mozilla/5.0 (compatible; SERankingBacklinksBot/1.0; +https://seranking.com/backlinks-crawler)"
144.76.32.187 - - [05/Apr/2026:15:58:14 +0200] "GET /%D0%B8%D1%81%D0%BA%D0%B0%D1%82-%D0%BB%D0%B8-bg-%D0%B3%D1%80%D0%B0%D0%B6%D0%B4%D0%B0%D0%BD%D1%81%D1%82%D0%B2%D0%BE-%D0%BC%D0%B0%D0%BA%D0%B5%D0%B4%D0%BE%D0%BD%D1%86%D0%B8/ HTTP/1.1" 200 19760 "-" "Mozilla/5.0 (compatible; SERankingBacklinksBot/1.0; +https://seranking.com/backlinks-crawler)"
66.249.74.166 - - [05/Apr/2026:15:58:19 +0200] "GET /wp-content/uploads/2017/10/shveicariq-Small-218x150.jpg HTTP/1.1" 200 10906 "-" "Googlebot-Image/1.0"
144.76.32.187 - - [05/Apr/2026:15:58:51 +0200] "GET /%D0%BA%D0%B0%D0%BA-%D0%BF%D0%BE-%D0%B2%D1%80%D0%B5%D0%BC%D0%B5%D1%82%D0%BE-%D0%BD%D0%B0-%D1%81%D0%BE%D1%86%D0%B8%D0%B0%D0%BB%D0%B8%D0%B7%D0%BC%D0%B0-%D0%B2-%D0%B1%D0%B3/ HTTP/1.1" 200 18271 "-" "Mozilla/5.0 (compatible; SERankingBacklinksBot/1.0; +https://seranking.com/backlinks-crawler)"
198.211.102.38 - - [05/Apr/2026:15:58:51 +0200] "GET /wp-content/uploads/2019/07/baba-rada.jpg%20696w,%20https://bulpress.top/wp-content/uploads/2019/07/baba-rada-300x198.jpg%20300w,%20https://bulpress.top/wp-content/uploads/2019/07/baba-rada-635x420.jpg%20635w HTTP/1.1" 301 0 "https://bulpress.top/" "Mozilla/5.0 (Windows NT 10.0; Win64; x64) AppleWebKit/537.36 (KHTML, like Gecko) Chrome/117.0.0.0 Safari/537.36"
198.211.102.38 - - [05/Apr/2026:15:58:53 +0200] "GET /wp-content/uploads/2019/07/baba-rada.jpg%20696w,%20https:/bulpress.top/wp-content/uploads/2019/07/baba-rada-300x198.jpg%20300w,%20https:/bulpress.top/wp-content/uploads/2019/07/baba-rada-635x420.jpg%20635w HTTP/1.1" 404 11910 "https://bulpress.top/" "Mozilla/5.0 (Windows NT 10.0; Win64; x64) AppleWebKit/537.36 (KHTML, like Gecko) Chrome/117.0.0.0 Safari/537.36"
113.189.6.66 - - [05/Apr/2026:15:58:55 +0200] "GET /wp-content/uploads/2019/07/baba-rada.jpg%20696w,%20https://bulpress.top/wp-content/uploads/2019/07/baba-rada-300x198.jpg%20300w,%20https://bulpress.top/wp-content/uploads/2019/07/baba-rada-635x420.jpg%20635w HTTP/1.1" 301 0 "https://bulpress.top/" "Mozilla/5.0 (Windows NT 10.0; Win64; x64) AppleWebKit/537.36 (KHTML, like Gecko) Chrome/117.0.0.0 Safari/537.36"
144.76.32.187 - - [05/Apr/2026:15:58:56 +0200] "GET /%D1%81-%D0%BA%D0%B0%D0%BA%D0%B2%D0%B8-%D0%BF%D0%B0%D1%80%D0%B8-%D0%B4%D0%B0-%D0%B4%D0%BE%D0%B9%D0%B4%D0%B0-%D0%BE%D1%82-%D0%B1%D1%8A%D0%BB%D0%B3%D0%B0%D1%80%D0%B8%D1%8F/ HTTP/1.1" 200 19534 "-" "Mozilla/5.0 (compatible; SERankingBacklinksBot/1.0; +https://seranking.com/backlinks-crawler)"
123.19.31.47 - - [05/Apr/2026:15:58:57 +0200] "GET /wp-content/uploads/2019/07/baba-rada.jpg%20696w,%20https:/bulpress.top/wp-content/uploads/2019/07/baba-rada-300x198.jpg%20300w,%20https:/bulpress.top/wp-content/uploads/2019/07/baba-rada-635x420.jpg%20635w HTTP/1.1" 404 11859 "https://bulpress.top/" "Mozilla/5.0 (Windows NT 10.0; Win64; x64) AppleWebKit/537.36 (KHTML, like Gecko) Chrome/117.0.0.0 Safari/537.36"
54.39.17.116 - - [05/Apr/2026:15:59:27 +0200] "GET /wp-login.php HTTP/1.1" 200 3996 "-" "Mozilla/4.0 (compatible; MSIE 7.0; Windows NT 6.2; WOW64; Trident/7.0; .NET4.0C; .NET4.0E; .NET CLR 2.0.50727; .NET CLR 3.0.30729; .NET CLR 3.5.30729; InfoPath.3)"
54.39.17.116 - - [05/Apr/2026:15:59:28 +0200] "POST /wp-login.php HTTP/1.1" 200 3996 "https://bulpress.top/wp-login.php" "Mozilla/4.0 (compatible; MSIE 7.0; Windows NT 6.2; WOW64; Trident/7.0; .NET4.0C; .NET4.0E; .NET CLR 2.0.50727; .NET CLR 3.0.30729; .NET CLR 3.5.30729; InfoPath.3)"
161.97.137.93 - - [05/Apr/2026:15:59:59 +0200] "POST /wp-cron.php?doing_wp_cron=1775397598.3770470619201660156250 HTTP/1.1" 404 11924 "https://bulpress.top/wp-cron.php?doing_wp_cron=1775397598.3770470619201660156250" "WordPress/4.9.26; https://bulpress.top"
85.208.96.203 - - [05/Apr/2026:15:59:59 +0200] "GET /%D1%80%D0%B0%D0%B7%D0%BF%D1%80%D0%BE%D1%81%D1%82%D1%80%D0%B0%D0%BD%D0%B8-%D0%B4%D0%BE-%D1%86%D1%8F%D0%BB%D0%B0-%D0%B1%D1%8A%D0%BB%D0%B3%D0%B0%D1%80%D0%B8%D1%8F-%D0%B4%D1%83%D0%BC%D0%B8%D1%82%D0%B5/ HTTP/1.1" 200 20516 "-" "Mozilla/5.0 (compatible; SemrushBot/7~bl; +http://www.semrush.com/bot.html)"
67.86.197.52 - - [05/Apr/2026:16:01:48 +0200] "GET /category/%d0%a0%d1%83%d1%81%d0%b8%d1%8f/ HTTP/1.1" 200 19538 "-" "Mozilla/5.0 (Macintosh; U; Intel Mac OS X 10_7_1) AppleWebKit/532.0 (KHTML, like Gecko) Chrome/43.0.864.0 Safari/532.0"
66.249.74.166 - - [05/Apr/2026:16:02:46 +0200] "GET /wp-content/uploads/2023/01/kmetnatnaselo-324x160.jpg HTTP/1.1" 200 18947 "-" "Googlebot-Image/1.0"
66.249.74.165 - - [05/Apr/2026:16:04:08 +0200] "GET /wp-content/uploads/2023/12/412387611_6898794213547224_5216660481092104954_n-324x160.jpg HTTP/1.1" 200 11266 "-" "Googlebot-Image/1.0"
8.228.88.249 - - [05/Apr/2026:16:04:56 +0200] "GET /news/feed/ HTTP/1.1" 200 450 "-" "Mozilla/5.0 (Windows NT 6.3; WOW64; rv:33.0) Gecko/20100101 Firefox/33.0"
66.33.193.94 - - [05/Apr/2026:16:05:22 +0200] "GET /wp-login.php HTTP/1.1" 200 3995 "-" "Mozilla/5.0+(Windows+NT+6.3;+WOW64;+Trident/7.0;+rv:11.0)+like+Gecko"
66.33.193.94 - - [05/Apr/2026:16:05:29 +0200] "POST /wp-login.php HTTP/1.1" 200 3995 "https://bulpress.top/wp-login.php" "Mozilla/5.0+(Windows+NT+6.3;+WOW64;+Trident/7.0;+rv:11.0)+like+Gecko"
66.249.74.166 - - [05/Apr/2026:16:05:40 +0200] "GET /wp-content/uploads/2020/03/81-e1435161687965-1-324x160.jpg HTTP/1.1" 200 15042 "-" "Googlebot-Image/1.0"
161.97.137.93 - - [05/Apr/2026:16:08:09 +0200] "POST /wp-cron.php?doing_wp_cron=1775398088.7230839729309082031250 HTTP/1.1" 404 11895 "https://bulpress.top/wp-cron.php?doing_wp_cron=1775398088.7230839729309082031250" "WordPress/4.9.26; https://bulpress.top"
198.244.168.172 - - [05/Apr/2026:16:08:09 +0200] "GET /%D0%91%D1%8A%D0%BB%D0%B3%D0%B0%D1%80%D1%81%D0%BA%D0%B8%D1%82%D0%B5-%D0%BA%D0%B2%D0%B0%D1%80%D1%82%D0%B8%D1%80%D0%B0%D0%BD%D1%82%D0%B8-%D0%B8-%D0%B4%D0%B5%D0%BB%D0%B0%D1%82%D0%B0-%D0%B8/ HTTP/1.1" 200 25164 "-" "Mozilla/5.0 (compatible; AhrefsBot/7.0; +http://ahrefs.com/robot/)"
20.211.123.94 - - [05/Apr/2026:16:08:33 +0200] "GET /011i.php HTTP/1.1" 404 11837 "-" "Mozilla/5.0 (Windows NT 10.0; Win64; x64) AppleWebKit/537.36 (KHTML, like Gecko) Chrome/120.0.0.0 Safari/537.36"
20.211.123.94 - - [05/Apr/2026:16:08:34 +0200] "GET /03a005685d.php HTTP/1.1" 404 11822 "-" "Mozilla/5.0 (Windows NT 10.0; Win64; x64) AppleWebKit/537.36 (KHTML, like Gecko) Chrome/120.0.0.0 Safari/537.36"
20.211.123.94 - - [05/Apr/2026:16:08:35 +0200] "GET /403.php HTTP/1.1" 404 11912 "-" "Mozilla/5.0 (Windows NT 10.0; Win64; x64) AppleWebKit/537.36 (KHTML, like Gecko) Chrome/120.0.0.0 Safari/537.36"
20.211.123.94 - - [05/Apr/2026:16:08:36 +0200] "GET /404.php HTTP/1.1" 404 11858 "-" "Mozilla/5.0 (Windows NT 10.0; Win64; x64) AppleWebKit/537.36 (KHTML, like Gecko) Chrome/120.0.0.0 Safari/537.36"
20.211.123.94 - - [05/Apr/2026:16:08:36 +0200] "GET /aa.php HTTP/1.1" 404 11856 "-" "Mozilla/5.0 (Windows NT 10.0; Win64; x64) AppleWebKit/537.36 (KHTML, like Gecko) Chrome/120.0.0.0 Safari/537.36"
20.211.123.94 - - [05/Apr/2026:16:08:37 +0200] "GET /aafewc0k.php HTTP/1.1" 404 11855 "-" "Mozilla/5.0 (Windows NT 10.0; Win64; x64) AppleWebKit/537.36 (KHTML, like Gecko) Chrome/120.0.0.0 Safari/537.36"
20.211.123.94 - - [05/Apr/2026:16:08:38 +0200] "GET /abcd.php HTTP/1.1" 404 11914 "-" "Mozilla/5.0 (Windows NT 10.0; Win64; x64) AppleWebKit/537.36 (KHTML, like Gecko) Chrome/120.0.0.0 Safari/537.36"
20.211.123.94 - - [05/Apr/2026:16:08:39 +0200] "GET /about.php HTTP/1.1" 404 11832 "-" "Mozilla/5.0 (Windows NT 10.0; Win64; x64) AppleWebKit/537.36 (KHTML, like Gecko) Chrome/120.0.0.0 Safari/537.36"
20.211.123.94 - - [05/Apr/2026:16:08:39 +0200] "GET /admin.php HTTP/1.1" 404 11822 "-" "Mozilla/5.0 (Windows NT 10.0; Win64; x64) AppleWebKit/537.36 (KHTML, like Gecko) Chrome/120.0.0.0 Safari/537.36"
20.211.123.94 - - [05/Apr/2026:16:08:40 +0200] "GET /adminfuns.php HTTP/1.1" 404 11893 "-" "Mozilla/5.0 (Windows NT 10.0; Win64; x64) AppleWebKit/537.36 (KHTML, like Gecko) Chrome/120.0.0.0 Safari/537.36"
20.211.123.94 - - [05/Apr/2026:16:08:41 +0200] "GET /albin.php HTTP/1.1" 404 11858 "-" "Mozilla/5.0 (Windows NT 10.0; Win64; x64) AppleWebKit/537.36 (KHTML, like Gecko) Chrome/120.0.0.0 Safari/537.36"
20.211.123.94 - - [05/Apr/2026:16:08:42 +0200] "GET /amfsqvgv.php HTTP/1.1" 404 11905 "-" "Mozilla/5.0 (Windows NT 10.0; Win64; x64) AppleWebKit/537.36 (KHTML, like Gecko) Chrome/120.0.0.0 Safari/537.36"
20.211.123.94 - - [05/Apr/2026:16:08:42 +0200] "GET /ant.php HTTP/1.1" 404 11914 "-" "Mozilla/5.0 (Windows NT 10.0; Win64; x64) AppleWebKit/537.36 (KHTML, like Gecko) Chrome/120.0.0.0 Safari/537.36"
20.211.123.94 - - [05/Apr/2026:16:08:43 +0200] "GET /appreciators.php HTTP/1.1" 404 11863 "-" "Mozilla/5.0 (Windows NT 10.0; Win64; x64) AppleWebKit/537.36 (KHTML, like Gecko) Chrome/120.0.0.0 Safari/537.36"
20.211.123.94 - - [05/Apr/2026:16:08:44 +0200] "GET /archive.php HTTP/1.1" 404 11904 "-" "Mozilla/5.0 (Windows NT 10.0; Win64; x64) AppleWebKit/537.36 (KHTML, like Gecko) Chrome/120.0.0.0 Safari/537.36"
20.211.123.94 - - [05/Apr/2026:16:08:45 +0200] "GET /as.php HTTP/1.1" 404 11855 "-" "Mozilla/5.0 (Windows NT 10.0; Win64; x64) AppleWebKit/537.36 (KHTML, like Gecko) Chrome/120.0.0.0 Safari/537.36"
20.211.123.94 - - [05/Apr/2026:16:08:46 +0200] "GET /assets/images/ HTTP/1.1" 404 11841 "-" "Mozilla/5.0 (Windows NT 10.0; Win64; x64) AppleWebKit/537.36 (KHTML, like Gecko) Chrome/120.0.0.0 Safari/537.36"
20.211.123.94 - - [05/Apr/2026:16:08:46 +0200] "GET /atomlib.php HTTP/1.1" 404 11822 "-" "Mozilla/5.0 (Windows NT 10.0; Win64; x64) AppleWebKit/537.36 (KHTML, like Gecko) Chrome/120.0.0.0 Safari/537.36"
20.211.123.94 - - [05/Apr/2026:16:08:47 +0200] "GET /autoload_classmap.php HTTP/1.1" 404 11907 "-" "Mozilla/5.0 (Windows NT 10.0; Win64; x64) AppleWebKit/537.36 (KHTML, like Gecko) Chrome/120.0.0.0 Safari/537.36"
20.211.123.94 - - [05/Apr/2026:16:08:48 +0200] "GET /bb.php HTTP/1.1" 404 11856 "-" "Mozilla/5.0 (Windows NT 10.0; Win64; x64) AppleWebKit/537.36 (KHTML, like Gecko) Chrome/120.0.0.0 Safari/537.36"
20.211.123.94 - - [05/Apr/2026:16:08:48 +0200] "GET /bnm.php HTTP/1.1" 404 11822 "-" "Mozilla/5.0 (Windows NT 10.0; Win64; x64) AppleWebKit/537.36 (KHTML, like Gecko) Chrome/120.0.0.0 Safari/537.36"
20.211.123.94 - - [05/Apr/2026:16:08:49 +0200] "GET /bootstrap.php HTTP/1.1" 404 11858 "-" "Mozilla/5.0 (Windows NT 10.0; Win64; x64) AppleWebKit/537.36 (KHTML, like Gecko) Chrome/120.0.0.0 Safari/537.36"
20.211.123.94 - - [05/Apr/2026:16:08:50 +0200] "GET /buy.php HTTP/1.1" 404 11839 "-" "Mozilla/5.0 (Windows NT 10.0; Win64; x64) AppleWebKit/537.36 (KHTML, like Gecko) Chrome/120.0.0.0 Safari/537.36"
20.211.123.94 - - [05/Apr/2026:16:08:51 +0200] "GET /chosen.php HTTP/1.1" 404 11840 "-" "Mozilla/5.0 (Windows NT 10.0; Win64; x64) AppleWebKit/537.36 (KHTML, like Gecko) Chrome/120.0.0.0 Safari/537.36"
20.211.123.94 - - [05/Apr/2026:16:08:51 +0200] "GET /class-wp-image.php HTTP/1.1" 404 11836 "-" "Mozilla/5.0 (Windows NT 10.0; Win64; x64) AppleWebKit/537.36 (KHTML, like Gecko) Chrome/120.0.0.0 Safari/537.36"
20.211.123.94 - - [05/Apr/2026:16:08:52 +0200] "GET /classsmtps.php HTTP/1.1" 404 11844 "-" "Mozilla/5.0 (Windows NT 10.0; Win64; x64) AppleWebKit/537.36 (KHTML, like Gecko) Chrome/120.0.0.0 Safari/537.36"
