144.76.32.187 - - [06/Apr/2026:03:48:34 +0200] "GET /%D0%98%D1%81%D0%BF%D0%B0%D0%BD%D0%B8%D1%8F-%D0%A3%D0%B6%D0%B0%D1%81%D1%8F%D0%B2%D0%B0%D1%89-%D1%80%D0%B0%D0%B7%D0%BA%D0%B0%D0%B7-%D0%B1%D1%8A%D0%BB%D0%B3%D0%B0%D1%80%D0%BA%D0%B0-%D0%BC/ HTTP/1.1" 200 21622 "-" "Mozilla/5.0 (compatible; SERankingBacklinksBot/1.0; +https://seranking.com/backlinks-crawler)"
144.76.32.187 - - [06/Apr/2026:03:48:42 +0200] "GET /%D0%A1%D0%9B%D0%90%D0%94%D0%9A%D0%98-%D0%A1%D0%9F%D0%9E%D0%9C%D0%95%D0%9D%D0%98-%D0%9E%D0%BB-%D0%B8%D0%BD%D0%BA%D0%BB%D1%83%D0%B7%D0%B8%D0%B2-%D0%B2%D1%80%D0%B5%D0%BC%D0%B5%D1%82%D0%BE/ HTTP/1.1" 200 20653 "-" "Mozilla/5.0 (compatible; SERankingBacklinksBot/1.0; +https://seranking.com/backlinks-crawler)"
144.76.32.187 - - [06/Apr/2026:03:48:50 +0200] "GET /%D0%B1%D1%8A%D0%BB%D0%B3%D0%B0%D1%80%D0%BA%D0%B0-%D0%B5-%D0%B3%D0%BB%D0%B0%D0%B2%D0%B5%D0%BD-%D1%82%D1%80%D0%B5%D0%BD%D1%8C%D0%BE%D1%80-%D0%BD%D0%B0%D1%86%D0%B8%D0%BE%D0%BD%D0%B0%D0%BB/ HTTP/1.1" 200 20304 "-" "Mozilla/5.0 (compatible; SERankingBacklinksBot/1.0; +https://seranking.com/backlinks-crawler)"
144.76.32.187 - - [06/Apr/2026:03:48:54 +0200] "GET /%D0%B2%D1%80%D0%B5%D0%BC%D0%B5-%D1%80%D0%B0%D0%B7%D0%B4%D0%B5%D0%BB%D0%BD%D0%BE-%D0%B1%D1%8A%D0%BB%D0%B3%D0%B0%D1%80%D1%81%D0%BA%D0%B8%D1%8F%D1%82-%D1%84%D0%B8%D0%BB%D0%BC-%D0%BD%D0%B0/ HTTP/1.1" 200 19396 "-" "Mozilla/5.0 (compatible; SERankingBacklinksBot/1.0; +https://seranking.com/backlinks-crawler)"
185.110.189.235 - - [06/Apr/2026:03:55:55 +0200] "GET /wp-login.php HTTP/1.1" 200 4000 "-" "Mozilla/5.0 (Windows NT 5.1; Win64; x64) AppleWebKit/537.36 (KHTML, like Gecko) Chrome/66.0.3359.117 Safari/537.36"
185.110.189.235 - - [06/Apr/2026:03:56:00 +0200] "POST /wp-login.php HTTP/1.1" 200 4000 "https://bulpress.top/wp-login.php" "Mozilla/5.0 (Windows NT 5.1; Win64; x64) AppleWebKit/537.36 (KHTML, like Gecko) Chrome/66.0.3359.117 Safari/537.36"
8.228.88.249 - - [06/Apr/2026:03:56:46 +0200] "GET /news/feed/ HTTP/1.1" 404 212 "-" "Mozilla/5.0 (Windows NT 6.3; WOW64; rv:33.0) Gecko/20100101 Firefox/33.0"
85.208.96.202 - - [06/Apr/2026:03:58:21 +0200] "GET /%D0%B2%D0%B8%D0%B6%D1%82%D0%B5-10-%D1%82%D0%B5-%D0%BD%D0%B0%D0%B9-%D0%B2%D1%80%D0%B5%D0%B4%D0%BD%D0%B8-%D0%B1%D1%8A%D0%BB%D0%B3%D0%B0%D1%80%D1%81%D0%BA%D0%B8-%D0%BF%D0%BE%D0%B3%D0%BE%D0%B2/ HTTP/1.1" 404 212 "-" "Mozilla/5.0 (compatible; SemrushBot/7~bl; +http://www.semrush.com/bot.html)"
161.97.137.93 - - [06/Apr/2026:04:01:13 +0200] "POST /wp-cron.php?doing_wp_cron=1775440873.0121600627899169921875 HTTP/1.1" 404 31 "https://bulpress.top/wp-cron.php?doing_wp_cron=1775440873.0121600627899169921875" "WordPress/4.9.26; http://bulpress.top"
173.239.240.18 - - [06/Apr/2026:04:01:13 +0200] "POST /wp-login.php HTTP/1.1" 401 3739 "-" "Mozilla/5.0"
50.6.231.18 - - [06/Apr/2026:04:04:41 +0200] "GET /wp-login.php HTTP/1.1" 200 3996 "-" "Mozilla/5.0 (Windows NT 6.2; ARM; Trident/7.0; Touch; rv:11.0; WPDesktop; NOKIA; Lumia 1520) like Gecko"
50.6.231.18 - - [06/Apr/2026:04:04:41 +0200] "POST /wp-login.php HTTP/1.1" 200 3996 "https://bulpress.top/wp-login.php" "Mozilla/5.0 (Windows NT 6.2; ARM; Trident/7.0; Touch; rv:11.0; WPDesktop; NOKIA; Lumia 1520) like Gecko"
98.94.182.242 - - [06/Apr/2026:04:09:17 +0200] "GET /category/%D0%91%D1%8A%D0%BB%D0%B3%D0%B0%D1%80%D0%B8%D1%8F/page/18/?filter_by=random_posts HTTP/1.1" 404 212 "-" "Mozilla/5.0 AppleWebKit/537.36 (KHTML, like Gecko; compatible; Amzn-SearchBot/0.1) Chrome/119.0.6045.214 Safari/537.36"
8.228.88.249 - - [06/Apr/2026:04:12:05 +0200] "GET /news/feed/ HTTP/1.1" 404 212 "-" "Mozilla/5.0 (Windows NT 6.3; WOW64; rv:33.0) Gecko/20100101 Firefox/33.0"
41.76.215.184 - - [06/Apr/2026:04:12:51 +0200] "GET /wp-login.php HTTP/1.1" 200 3998 "-" "Mozilla/5.0 (Macintosh; Intel Mac OS X 10_11_6) AppleWebKit/604.3.5 (KHTML, like Gecko) Version/11.0.1 Safari/604.3.5"
41.76.215.184 - - [06/Apr/2026:04:12:53 +0200] "POST /wp-login.php HTTP/1.1" 200 3998 "https://bulpress.top/wp-login.php" "Mozilla/5.0 (Macintosh; Intel Mac OS X 10_11_6) AppleWebKit/604.3.5 (KHTML, like Gecko) Version/11.0.1 Safari/604.3.5"
104.210.140.137 - - [06/Apr/2026:04:14:05 +0200] "GET /robots.txt HTTP/1.1" 404 212 "-" "Mozilla/5.0 (Macintosh; Intel Mac OS X 10_15_7) AppleWebKit/537.36 (KHTML, like Gecko) Chrome/131.0.0.0 Safari/537.36; compatible; OAI-SearchBot/1.0; +https://openai.com/searchbot"
93.123.109.79 - - [06/Apr/2026:04:19:34 +0200] "GET /.git/config HTTP/1.1" 404 277 "-" "Mozilla/5.0 (Windows NT 10.0; Win64; x64) AppleWebKit/537.36 (KHTML, like Gecko) Chrome/126.0.0.0 Safari/537.36"
157.245.143.196 - - [06/Apr/2026:04:20:54 +0200] "GET /wp-content/uploads/2019/04/tn_20151030_150108-100x70.jpg HTTP/1.1" 200 3613 "https://bulpress.top/" "Mozilla/5.0 (Windows NT 10.0; Win64; x64) AppleWebKit/537.36 (KHTML, like Gecko) Chrome/116.0.0.0 Safari/537.36"
141.98.11.117 - - [06/Apr/2026:04:21:05 +0200] "GET /wp-login.php HTTP/1.1" 200 3998 "-" "Mozilla/5.0 (Macintosh; Intel Mac OS X 10_11_6) AppleWebKit/603.3.8 (KHTML, like Gecko) Version/10.1.2 Safari/603.3.8"
141.98.11.117 - - [06/Apr/2026:04:21:08 +0200] "POST /wp-login.php HTTP/1.1" 200 3998 "https://bulpress.top/wp-login.php" "Mozilla/5.0 (Macintosh; Intel Mac OS X 10_11_6) AppleWebKit/603.3.8 (KHTML, like Gecko) Version/10.1.2 Safari/603.3.8"
185.191.171.5 - - [06/Apr/2026:04:22:37 +0200] "GET /%D0%B1%D1%8A%D0%BB%D0%B3%D0%B0%D1%80%D0%BA%D0%B0-%D0%BE%D1%82-%D1%8F%D0%BF%D0%BE%D0%BD%D0%B8%D1%8F-%D0%B8%D0%B7%D0%B1%D1%80%D0%BE%D0%B4%D0%B8%D1%80%D0%B0-%D1%81-%D1%88%D0%B5%D0%B2%D0%B8%D1%86%D0%B8/ HTTP/1.1" 404 212 "-" "Mozilla/5.0 (compatible; SemrushBot/7~bl; +http://www.semrush.com/bot.html)"
67.207.89.24 - - [06/Apr/2026:04:23:30 +0200] "GET /wp-content/uploads/2023/11/vanga-324x160.jpg%20324w,%20https://bulpress.top/wp-content/uploads/2023/11/vanga-533x261.jpg%20533w HTTP/1.1" 404 212 "https://bulpress.top/" "Mozilla/5.0 (Windows NT 10.0; Win64; x64) AppleWebKit/537.36 (KHTML, like Gecko) Chrome/131.0.0.0 Safari/537.36"
39.36.115.187 - - [06/Apr/2026:04:24:48 +0200] "GET /%D0%BF%D1%83%D1%82%D0%B8%D0%BD-%D0%BA%D1%8A%D0%BC-%D1%81%D0%B2%D0%B5%D1%82%D0%BE%D0%B2%D0%BD%D0%B8%D1%82%D0%B5-%D0%BB%D0%B8%D0%B4%D0%B5%D1%80%D0%B8-%D1%82%D1%80%D1%8F%D0%B1%D0%B2%D0%B0-%D0%BD%D0%B8/ HTTP/1.1" 404 212 "-" "Mozilla/5.0 (Windows NT 6.1) AppleWebKit/537.36 (KHTML, like Gecko) Brave Chrome/78.0.3904.108 Safari/537.36"
52.243.57.116 - - [06/Apr/2026:04:25:11 +0200] "GET /file.php HTTP/1.1" 404 31 "-" "Mozilla/5.0 (Windows NT 10.0; Win64; x64) AppleWebKit/537.36 (KHTML, like Gecko) Chrome/120.0.0.0 Safari/537.36"
52.243.57.116 - - [06/Apr/2026:04:25:11 +0200] "GET /gettest.php HTTP/1.1" 404 31 "-" "Mozilla/5.0 (Windows NT 10.0; Win64; x64) AppleWebKit/537.36 (KHTML, like Gecko) Chrome/120.0.0.0 Safari/537.36"
52.243.57.116 - - [06/Apr/2026:04:25:12 +0200] "GET /gg.php HTTP/1.1" 404 31 "-" "Mozilla/5.0 (Windows NT 10.0; Win64; x64) AppleWebKit/537.36 (KHTML, like Gecko) Chrome/120.0.0.0 Safari/537.36"
52.243.57.116 - - [06/Apr/2026:04:25:12 +0200] "GET /goods.php HTTP/1.1" 404 31 "-" "Mozilla/5.0 (Windows NT 10.0; Win64; x64) AppleWebKit/537.36 (KHTML, like Gecko) Chrome/120.0.0.0 Safari/537.36"
52.243.57.116 - - [06/Apr/2026:04:25:12 +0200] "GET /info.php HTTP/1.1" 404 31 "-" "Mozilla/5.0 (Windows NT 10.0; Win64; x64) AppleWebKit/537.36 (KHTML, like Gecko) Chrome/120.0.0.0 Safari/537.36"
52.243.57.116 - - [06/Apr/2026:04:25:13 +0200] "GET /install.php HTTP/1.1" 404 31 "-" "Mozilla/5.0 (Windows NT 10.0; Win64; x64) AppleWebKit/537.36 (KHTML, like Gecko) Chrome/120.0.0.0 Safari/537.36"
52.243.57.116 - - [06/Apr/2026:04:25:13 +0200] "GET /item.php HTTP/1.1" 404 31 "-" "Mozilla/5.0 (Windows NT 10.0; Win64; x64) AppleWebKit/537.36 (KHTML, like Gecko) Chrome/120.0.0.0 Safari/537.36"
52.243.57.116 - - [06/Apr/2026:04:25:13 +0200] "GET /jga.php HTTP/1.1" 404 31 "-" "Mozilla/5.0 (Windows NT 10.0; Win64; x64) AppleWebKit/537.36 (KHTML, like Gecko) Chrome/120.0.0.0 Safari/537.36"
52.243.57.116 - - [06/Apr/2026:04:25:13 +0200] "GET /leaf.php HTTP/1.1" 404 31 "-" "Mozilla/5.0 (Windows NT 10.0; Win64; x64) AppleWebKit/537.36 (KHTML, like Gecko) Chrome/120.0.0.0 Safari/537.36"
52.243.57.116 - - [06/Apr/2026:04:25:14 +0200] "GET /load.php HTTP/1.1" 404 31 "-" "Mozilla/5.0 (Windows NT 10.0; Win64; x64) AppleWebKit/537.36 (KHTML, like Gecko) Chrome/120.0.0.0 Safari/537.36"
52.243.57.116 - - [06/Apr/2026:04:25:14 +0200] "GET /lock.php HTTP/1.1" 404 31 "-" "Mozilla/5.0 (Windows NT 10.0; Win64; x64) AppleWebKit/537.36 (KHTML, like Gecko) Chrome/120.0.0.0 Safari/537.36"
52.243.57.116 - - [06/Apr/2026:04:25:14 +0200] "GET /lock360.php HTTP/1.1" 404 31 "-" "Mozilla/5.0 (Windows NT 10.0; Win64; x64) AppleWebKit/537.36 (KHTML, like Gecko) Chrome/120.0.0.0 Safari/537.36"
52.243.57.116 - - [06/Apr/2026:04:25:14 +0200] "GET /log.php HTTP/1.1" 404 31 "-" "Mozilla/5.0 (Windows NT 10.0; Win64; x64) AppleWebKit/537.36 (KHTML, like Gecko) Chrome/120.0.0.0 Safari/537.36"
52.243.57.116 - - [06/Apr/2026:04:25:15 +0200] "GET /manager.php HTTP/1.1" 404 31 "-" "Mozilla/5.0 (Windows NT 10.0; Win64; x64) AppleWebKit/537.36 (KHTML, like Gecko) Chrome/120.0.0.0 Safari/537.36"
52.243.57.116 - - [06/Apr/2026:04:25:15 +0200] "GET /meta.php HTTP/1.1" 404 31 "-" "Mozilla/5.0 (Windows NT 10.0; Win64; x64) AppleWebKit/537.36 (KHTML, like Gecko) Chrome/120.0.0.0 Safari/537.36"
52.243.57.116 - - [06/Apr/2026:04:25:15 +0200] "GET /mini.php HTTP/1.1" 404 31 "-" "Mozilla/5.0 (Windows NT 10.0; Win64; x64) AppleWebKit/537.36 (KHTML, like Gecko) Chrome/120.0.0.0 Safari/537.36"
52.243.57.116 - - [06/Apr/2026:04:25:15 +0200] "GET /mjq.php HTTP/1.1" 404 31 "-" "Mozilla/5.0 (Windows NT 10.0; Win64; x64) AppleWebKit/537.36 (KHTML, like Gecko) Chrome/120.0.0.0 Safari/537.36"
52.243.57.116 - - [06/Apr/2026:04:25:16 +0200] "GET /new.php HTTP/1.1" 404 31 "-" "Mozilla/5.0 (Windows NT 10.0; Win64; x64) AppleWebKit/537.36 (KHTML, like Gecko) Chrome/120.0.0.0 Safari/537.36"
52.243.57.116 - - [06/Apr/2026:04:25:16 +0200] "GET /onclickfuns.php HTTP/1.1" 404 31 "-" "Mozilla/5.0 (Windows NT 10.0; Win64; x64) AppleWebKit/537.36 (KHTML, like Gecko) Chrome/120.0.0.0 Safari/537.36"
52.243.57.116 - - [06/Apr/2026:04:25:16 +0200] "GET /option.php HTTP/1.1" 404 31 "-" "Mozilla/5.0 (Windows NT 10.0; Win64; x64) AppleWebKit/537.36 (KHTML, like Gecko) Chrome/120.0.0.0 Safari/537.36"
52.243.57.116 - - [06/Apr/2026:04:25:16 +0200] "GET /plugin-editor.php HTTP/1.1" 404 31 "-" "Mozilla/5.0 (Windows NT 10.0; Win64; x64) AppleWebKit/537.36 (KHTML, like Gecko) Chrome/120.0.0.0 Safari/537.36"
52.243.57.116 - - [06/Apr/2026:04:25:17 +0200] "GET /profile.php HTTP/1.1" 404 31 "-" "Mozilla/5.0 (Windows NT 10.0; Win64; x64) AppleWebKit/537.36 (KHTML, like Gecko) Chrome/120.0.0.0 Safari/537.36"
52.243.57.116 - - [06/Apr/2026:04:25:17 +0200] "GET /qw_03b4ad31.php HTTP/1.1" 404 31 "-" "Mozilla/5.0 (Windows NT 10.0; Win64; x64) AppleWebKit/537.36 (KHTML, like Gecko) Chrome/120.0.0.0 Safari/537.36"
52.243.57.116 - - [06/Apr/2026:04:25:17 +0200] "GET /radio.php HTTP/1.1" 404 31 "-" "Mozilla/5.0 (Windows NT 10.0; Win64; x64) AppleWebKit/537.36 (KHTML, like Gecko) Chrome/120.0.0.0 Safari/537.36"
52.243.57.116 - - [06/Apr/2026:04:25:17 +0200] "GET /sf.php HTTP/1.1" 404 31 "-" "Mozilla/5.0 (Windows NT 10.0; Win64; x64) AppleWebKit/537.36 (KHTML, like Gecko) Chrome/120.0.0.0 Safari/537.36"
52.243.57.116 - - [06/Apr/2026:04:25:18 +0200] "GET /simple.php HTTP/1.1" 404 31 "-" "Mozilla/5.0 (Windows NT 10.0; Win64; x64) AppleWebKit/537.36 (KHTML, like Gecko) Chrome/120.0.0.0 Safari/537.36"
52.243.57.116 - - [06/Apr/2026:04:25:18 +0200] "GET /sql.php HTTP/1.1" 404 31 "-" "Mozilla/5.0 (Windows NT 10.0; Win64; x64) AppleWebKit/537.36 (KHTML, like Gecko) Chrome/120.0.0.0 Safari/537.36"
52.243.57.116 - - [06/Apr/2026:04:25:18 +0200] "GET /test.php HTTP/1.1" 404 31 "-" "Mozilla/5.0 (Windows NT 10.0; Win64; x64) AppleWebKit/537.36 (KHTML, like Gecko) Chrome/120.0.0.0 Safari/537.36"
52.243.57.116 - - [06/Apr/2026:04:25:18 +0200] "GET /test1.php HTTP/1.1" 404 31 "-" "Mozilla/5.0 (Windows NT 10.0; Win64; x64) AppleWebKit/537.36 (KHTML, like Gecko) Chrome/120.0.0.0 Safari/537.36"
52.243.57.116 - - [06/Apr/2026:04:25:19 +0200] "GET /themes.php HTTP/1.1" 404 31 "-" "Mozilla/5.0 (Windows NT 10.0; Win64; x64) AppleWebKit/537.36 (KHTML, like Gecko) Chrome/120.0.0.0 Safari/537.36"
52.243.57.116 - - [06/Apr/2026:04:25:19 +0200] "GET /upload/medialibrary HTTP/1.1" 404 212 "-" "Mozilla/5.0 (Windows NT 10.0; Win64; x64) AppleWebKit/537.36 (KHTML, like Gecko) Chrome/120.0.0.0 Safari/537.36"
52.243.57.116 - - [06/Apr/2026:04:25:19 +0200] "GET /wp-admin.php HTTP/1.1" 404 31 "-" "Mozilla/5.0 (Windows NT 10.0; Win64; x64) AppleWebKit/537.36 (KHTML, like Gecko) Chrome/120.0.0.0 Safari/537.36"
161.97.137.93 - - [06/Apr/2026:04:25:20 +0200] "POST /wp-cron.php?doing_wp_cron=1775442320.3223121166229248046875 HTTP/1.1" 404 31 "https://bulpress.top/wp-cron.php?doing_wp_cron=1775442320.3223121166229248046875" "WordPress/4.9.26; http://bulpress.top"
52.243.57.116 - - [06/Apr/2026:04:25:21 +0200] "GET /wp-admin/ HTTP/1.1" 302 0 "-" "Mozilla/5.0 (Windows NT 10.0; Win64; x64) AppleWebKit/537.36 (KHTML, like Gecko) Chrome/120.0.0.0 Safari/537.36"
52.243.57.116 - - [06/Apr/2026:04:25:21 +0200] "GET /wp-blog-header.php HTTP/1.1" 404 0 "-" "Mozilla/5.0 (Windows NT 10.0; Win64; x64) AppleWebKit/537.36 (KHTML, like Gecko) Chrome/120.0.0.0 Safari/537.36"
52.243.57.116 - - [06/Apr/2026:04:25:21 +0200] "GET /wp-config-sample.php HTTP/1.1" 403 140 "-" "Mozilla/5.0 (Windows NT 10.0; Win64; x64) AppleWebKit/537.36 (KHTML, like Gecko) Chrome/120.0.0.0 Safari/537.36"
52.243.57.116 - - [06/Apr/2026:04:25:22 +0200] "GET /wp-content/languages/ HTTP/1.1" 403 218 "-" "Mozilla/5.0 (Windows NT 10.0; Win64; x64) AppleWebKit/537.36 (KHTML, like Gecko) Chrome/120.0.0.0 Safari/537.36"
52.243.57.116 - - [06/Apr/2026:04:25:22 +0200] "GET /wp-content/plugins/ HTTP/1.1" 403 218 "-" "Mozilla/5.0 (Windows NT 10.0; Win64; x64) AppleWebKit/537.36 (KHTML, like Gecko) Chrome/120.0.0.0 Safari/537.36"
52.243.57.116 - - [06/Apr/2026:04:25:22 +0200] "GET /wp-content/themes/ HTTP/1.1" 403 218 "-" "Mozilla/5.0 (Windows NT 10.0; Win64; x64) AppleWebKit/537.36 (KHTML, like Gecko) Chrome/120.0.0.0 Safari/537.36"
52.243.57.116 - - [06/Apr/2026:04:25:22 +0200] "GET /wp-includes/phpmailer/phpmailer.php HTTP/1.1" 404 212 "-" "Mozilla/5.0 (Windows NT 10.0; Win64; x64) AppleWebKit/537.36 (KHTML, like Gecko) Chrome/120.0.0.0 Safari/537.36"
52.243.57.116 - - [06/Apr/2026:04:25:23 +0200] "GET /wp.php HTTP/1.1" 404 31 "-" "Mozilla/5.0 (Windows NT 10.0; Win64; x64) AppleWebKit/537.36 (KHTML, like Gecko) Chrome/120.0.0.0 Safari/537.36"
52.243.57.116 - - [06/Apr/2026:04:25:23 +0200] "GET /xmlrpc.php HTTP/1.1" 404 31 "-" "Mozilla/5.0 (Windows NT 10.0; Win64; x64) AppleWebKit/537.36 (KHTML, like Gecko) Chrome/120.0.0.0 Safari/537.36"
8.228.88.249 - - [06/Apr/2026:04:28:26 +0200] "GET /news/feed/ HTTP/1.1" 404 212 "-" "Mozilla/5.0 (Windows NT 6.3; WOW64; rv:33.0) Gecko/20100101 Firefox/33.0"
72.167.150.128 - - [06/Apr/2026:04:29:42 +0200] "GET /wp-login.php HTTP/1.1" 200 3998 "-" "Mozilla/4.0 (compatible; MSIE 7.0; Windows NT 6.2; WOW64; Trident/7.0; .NET4.0E; .NET4.0C; .NET CLR 3.5.30729; .NET CLR 2.0.50727; .NET CLR 3.0.30729; InfoPath.3)"
72.167.150.128 - - [06/Apr/2026:04:29:42 +0200] "POST /wp-login.php HTTP/1.1" 200 3998 "https://bulpress.top/wp-login.php" "Mozilla/4.0 (compatible; MSIE 7.0; Windows NT 6.2; WOW64; Trident/7.0; .NET4.0E; .NET4.0C; .NET CLR 3.5.30729; .NET CLR 2.0.50727; .NET CLR 3.0.30729; InfoPath.3)"
8.228.88.249 - - [06/Apr/2026:04:30:41 +0200] "GET /feed/ HTTP/1.1" 404 212 "-" "Mozilla/5.0 (Windows NT 6.3; WOW64; rv:33.0) Gecko/20100101 Firefox/33.0"
88.198.64.173 - - [06/Apr/2026:04:37:51 +0200] "GET /wp-login.php HTTP/1.1" 200 3996 "-" "Mozilla/5.0 (X11; Linux x86_64) AppleWebKit/537.36 (KHTML, like Gecko) Chrome/67.0.3396.62 Safari/537.36"
88.198.64.173 - - [06/Apr/2026:04:38:00 +0200] "POST /wp-login.php HTTP/1.1" 200 3996 "https://bulpress.top/wp-login.php" "Mozilla/5.0 (X11; Linux x86_64) AppleWebKit/537.36 (KHTML, like Gecko) Chrome/67.0.3396.62 Safari/537.36"
198.244.168.102 - - [06/Apr/2026:04:39:35 +0200] "GET /%D0%B1%D1%80%D0%B0%D0%B2%D0%BE-%D0%B7%D0%BB%D0%B0%D1%82%D0%BD%D0%B8%D1%82%D0%B5-%D0%BD%D0%B8-%D0%BC%D0%BE%D0%BC%D0%B8%D1%87%D0%B5%D1%82%D0%B0-%D1%81%D0%BF%D0%B5%D1%87%D0%B5%D0%BB%D0%B8%D1%85%D0%B0/ HTTP/1.1" 404 212 "-" "Mozilla/5.0 (compatible; AhrefsBot/7.0; +http://ahrefs.com/robot/)"
161.97.137.93 - - [06/Apr/2026:04:39:45 +0200] "POST /wp-cron.php?doing_wp_cron=1775443185.5409989356994628906250 HTTP/1.1" 404 31 "https://bulpress.top/wp-cron.php?doing_wp_cron=1775443185.5409989356994628906250" "WordPress/4.9.26; http://bulpress.top"
173.239.240.11 - - [06/Apr/2026:04:39:46 +0200] "POST /wp-login.php HTTP/1.1" 401 3739 "-" "Mozilla/5.0"
85.208.96.199 - - [06/Apr/2026:04:40:56 +0200] "GET /%D0%BD%D0%B5%D0%BA%D0%B0-%D1%81%D0%B8-%D1%81%D0%BF%D0%BE%D0%BC%D0%BD%D0%B8%D0%BC-%D0%B7%D0%B0-%D0%BB%D0%B5%D0%B3%D0%B5%D0%BD%D0%B4%D0%B0%D1%80%D0%BD%D0%B8%D1%8F-%D0%B0%D0%BA%D1%82%D1%8C%D0%BE%D1%80/ HTTP/1.1" 404 212 "-" "Mozilla/5.0 (compatible; SemrushBot/7~bl; +http://www.semrush.com/bot.html)"
3.221.74.51 - - [06/Apr/2026:04:42:55 +0200] "GET /robots.txt HTTP/1.1" 404 212 "-" "Mozilla/5.0 (Macintosh; Intel Mac OS X 10_10_1) AppleWebKit/600.2.5 (KHTML, like Gecko) Version/8.0.2 Safari/600.2.5 (Gort)"
8.228.88.249 - - [06/Apr/2026:04:45:56 +0200] "GET /news/feed/ HTTP/1.1" 404 212 "-" "Mozilla/5.0 (Windows NT 6.3; WOW64; rv:33.0) Gecko/20100101 Firefox/33.0"
50.6.229.148 - - [06/Apr/2026:04:46:49 +0200] "GET /wp-login.php HTTP/1.1" 200 3997 "-" "Mozilla/5.0 (Macintosh; Intel Mac OS X 10_13_1) AppleWebKit/604.3.5 (KHTML, like Gecko) Version/11.0.1 Safari/604.3.5"
50.6.229.148 - - [06/Apr/2026:04:46:50 +0200] "POST /wp-login.php HTTP/1.1" 200 3997 "https://bulpress.top/wp-login.php" "Mozilla/5.0 (Macintosh; Intel Mac OS X 10_13_1) AppleWebKit/604.3.5 (KHTML, like Gecko) Version/11.0.1 Safari/604.3.5"
185.191.171.14 - - [06/Apr/2026:04:51:03 +0200] "GET /tag/%D0%B0%D0%BA%D1%82%D1%83%D0%B0%D0%BB%D0%BD%D0%B8-%D0%BD%D0%BE%D0%B2%D0%B8%D0%BD%D0%B8/page/15/ HTTP/1.1" 404 212 "-" "Mozilla/5.0 (compatible; SemrushBot/7~bl; +http://www.semrush.com/bot.html)"
207.46.13.153 - - [06/Apr/2026:04:52:45 +0200] "GET /%D0%B5%D0%BC%D0%B8%D0%B3%D1%80%D0%B0%D0%BD%D1%82%D0%BA%D0%B0-%D0%BD%D0%B0%D0%BF%D0%B8%D1%81%D0%B0-%D1%80%D0%B0%D0%B7%D1%82%D1%8A%D1%80%D1%81%D0%B2%D0%B0%D1%89%D0%BE-%D0%BF%D0%B8%D1%81%D0%BC%D0%BE/ HTTP/1.1" 404 212 "-" "Mozilla/5.0 AppleWebKit/537.36 (KHTML, like Gecko; compatible; bingbot/2.0; +http://www.bing.com/bingbot.htm) Chrome/116.0.1938.76 Safari/537.36"
207.46.13.153 - - [06/Apr/2026:04:52:47 +0200] "GET /%D1%80%D0%BE%D0%B4%D0%BD%D0%B8%D1%8F%D1%82-%D0%B4%D0%BE%D0%BC-%D0%BD%D0%B0-%D0%BB%D1%8E%D0%B4%D0%BC%D0%B8%D0%BB%D0%B0-%D0%B6%D0%B8%D0%B2%D0%BA%D0%BE%D0%B2%D0%B0-%D1%82%D1%8A%D0%BD%D0%B5-%D0%B2-%D1%80/ HTTP/1.1" 404 212 "-" "Mozilla/5.0 AppleWebKit/537.36 (KHTML, like Gecko; compatible; bingbot/2.0; +http://www.bing.com/bingbot.htm) Chrome/116.0.1938.76 Safari/537.36"
207.46.13.153 - - [06/Apr/2026:04:52:47 +0200] "GET /%D0%BA%D1%80%D1%8A%D0%B2-%D0%BD%D0%B0-%D1%87%D1%83%D0%B6%D0%B4%D0%B5%D0%BD%D0%B5%D1%86-%D0%B8%D0%B7-%D0%BA%D0%BD%D0%B8%D0%B3%D0%B0%D1%82%D0%B0-%D0%BD%D0%B0-%D0%B5%D0%B4%D0%BD%D0%B0-%D0%B1/ HTTP/1.1" 404 212 "-" "Mozilla/5.0 AppleWebKit/537.36 (KHTML, like Gecko; compatible; bingbot/2.0; +http://www.bing.com/bingbot.htm) Chrome/116.0.1938.76 Safari/537.36"
155.117.163.246 - - [06/Apr/2026:04:54:04 +0200] "GET /wp-content/uploads/2019/08/bay-gano.jpg%20810w,%20https://bulpress.top/wp-content/uploads/2019/08/bay-gano-300x262.jpg%20300w,%20https://bulpress.top/wp-content/uploads/2019/08/bay-gano-768x670.jpg%20768w,%20https://bulpress.top/wp-content/uploads/2019/08/bay-gano-696x607.jpg%20696w,%20https://bulpress.top/wp-content/uploads/2019/08/bay-gano-481x420.jpg%20481w HTTP/1.1" 404 212 "https://bulpress.top/" "Mozilla/5.0 (Windows NT 10.0; Win64; x64) AppleWebKit/537.36 (KHTML, like Gecko) Chrome/104.0.5112.81 Safari/537.36"
159.0.104.236 - - [06/Apr/2026:04:54:20 +0200] "GET /wp-content/uploads/2019/08/bay-gano.jpg%20810w,%20https://bulpress.top/wp-content/uploads/2019/08/bay-gano-300x262.jpg%20300w,%20https://bulpress.top/wp-content/uploads/2019/08/bay-gano-768x670.jpg%20768w,%20https://bulpress.top/wp-content/uploads/2019/08/bay-gano-696x607.jpg%20696w,%20https://bulpress.top/wp-content/uploads/2019/08/bay-gano-481x420.jpg%20481w HTTP/1.1" 404 212 "https://bulpress.top/" "Mozilla/5.0 (Windows NT 10.0; Win64; x64) AppleWebKit/537.36 (KHTML, like Gecko) Chrome/104.0.5112.81 Safari/537.36"
72.167.150.128 - - [06/Apr/2026:04:54:24 +0200] "GET /wp-login.php HTTP/1.1" 200 3998 "-" "Mozilla/5.0 (Macintosh; Intel Mac OS X 10_12_1) AppleWebKit/602.2.14 (KHTML, like Gecko) Version/10.0.1 Safari/602.2.14"
72.167.150.128 - - [06/Apr/2026:04:54:24 +0200] "POST /wp-login.php HTTP/1.1" 200 3998 "https://bulpress.top/wp-login.php" "Mozilla/5.0 (Macintosh; Intel Mac OS X 10_12_1) AppleWebKit/602.2.14 (KHTML, like Gecko) Version/10.0.1 Safari/602.2.14"
98.89.198.186 - - [06/Apr/2026:05:01:47 +0200] "GET /category/%D0%91%D1%8A%D0%BB%D0%B3%D0%B0%D1%80%D0%B8%D1%8F/page/16/ HTTP/1.1" 404 212 "-" "Mozilla/5.0 AppleWebKit/537.36 (KHTML, like Gecko; compatible; Amzn-SearchBot/0.1) Chrome/119.0.6045.214 Safari/537.36"
8.228.88.249 - - [06/Apr/2026:05:04:14 +0200] "GET /news/feed/ HTTP/1.1" 404 212 "-" "Mozilla/5.0 (Windows NT 6.3; WOW64; rv:33.0) Gecko/20100101 Firefox/33.0"
185.191.171.5 - - [06/Apr/2026:05:05:31 +0200] "GET /%D0%BD%D0%B5-%D0%BC%D0%BE%D0%B3%D0%B0-%D0%B4%D0%B0-%D0%B6%D0%B8%D0%B2%D0%B5%D1%8F-%D0%B4%D0%B0%D0%BB%D0%B5%D1%87-%D0%B1%D1%8A%D0%BB%D0%B3%D0%B0%D1%80%D0%B8%D1%8F/ HTTP/1.1" 404 212 "-" "Mozilla/5.0 (compatible; SemrushBot/7~bl; +http://www.semrush.com/bot.html)"
8.228.88.249 - - [06/Apr/2026:05:05:35 +0200] "GET /feed/ HTTP/1.1" 404 212 "-" "Mozilla/5.0 (Windows NT 6.3; WOW64; rv:33.0) Gecko/20100101 Firefox/33.0"
88.198.64.173 - - [06/Apr/2026:05:12:19 +0200] "GET /wp-login.php HTTP/1.1" 200 3996 "-" "Mozilla/5.0 (Macintosh; Intel Mac OS X 10_10_5) AppleWebKit/602.3.12 (KHTML, like Gecko) Version/10.0.2 Safari/602.3.12"
88.198.64.173 - - [06/Apr/2026:05:12:19 +0200] "POST /wp-login.php HTTP/1.1" 200 3996 "https://bulpress.top/wp-login.php" "Mozilla/5.0 (Macintosh; Intel Mac OS X 10_10_5) AppleWebKit/602.3.12 (KHTML, like Gecko) Version/10.0.2 Safari/602.3.12"
20.212.200.71 - - [06/Apr/2026:05:12:46 +0200] "GET /admin.php HTTP/1.1" 404 31 "-" "Mozilla/5.0 (Windows NT 10.0; Win64; x64) AppleWebKit/537.36 (KHTML, like Gecko) Chrome/120.0.0.0 Safari/537.36"
20.212.200.71 - - [06/Apr/2026:05:12:46 +0200] "GET /about.php HTTP/1.1" 404 31 "-" "Mozilla/5.0 (Windows NT 10.0; Win64; x64) AppleWebKit/537.36 (KHTML, like Gecko) Chrome/120.0.0.0 Safari/537.36"
20.212.200.71 - - [06/Apr/2026:05:12:46 +0200] "GET /wp-2019.php HTTP/1.1" 404 31 "-" "Mozilla/5.0 (Windows NT 10.0; Win64; x64) AppleWebKit/537.36 (KHTML, like Gecko) Chrome/120.0.0.0 Safari/537.36"
20.212.200.71 - - [06/Apr/2026:05:12:46 +0200] "GET /atomlib.php HTTP/1.1" 404 31 "-" "Mozilla/5.0 (Windows NT 10.0; Win64; x64) AppleWebKit/537.36 (KHTML, like Gecko) Chrome/120.0.0.0 Safari/537.36"
20.212.200.71 - - [06/Apr/2026:05:12:46 +0200] "GET /css.php HTTP/1.1" 404 31 "-" "Mozilla/5.0 (Windows NT 10.0; Win64; x64) AppleWebKit/537.36 (KHTML, like Gecko) Chrome/120.0.0.0 Safari/537.36"
20.212.200.71 - - [06/Apr/2026:05:12:46 +0200] "GET /simple.php HTTP/1.1" 404 31 "-" "Mozilla/5.0 (Windows NT 10.0; Win64; x64) AppleWebKit/537.36 (KHTML, like Gecko) Chrome/120.0.0.0 Safari/537.36"
20.212.200.71 - - [06/Apr/2026:05:12:47 +0200] "GET /log.php HTTP/1.1" 404 31 "-" "Mozilla/5.0 (Windows NT 10.0; Win64; x64) AppleWebKit/537.36 (KHTML, like Gecko) Chrome/120.0.0.0 Safari/537.36"
20.212.200.71 - - [06/Apr/2026:05:12:47 +0200] "GET /mail.php HTTP/1.1" 404 31 "-" "Mozilla/5.0 (Windows NT 10.0; Win64; x64) AppleWebKit/537.36 (KHTML, like Gecko) Chrome/120.0.0.0 Safari/537.36"
20.212.200.71 - - [06/Apr/2026:05:12:47 +0200] "GET /lufix.php HTTP/1.1" 404 31 "-" "Mozilla/5.0 (Windows NT 10.0; Win64; x64) AppleWebKit/537.36 (KHTML, like Gecko) Chrome/120.0.0.0 Safari/537.36"
20.212.200.71 - - [06/Apr/2026:05:12:47 +0200] "GET /doc.php HTTP/1.1" 404 31 "-" "Mozilla/5.0 (Windows NT 10.0; Win64; x64) AppleWebKit/537.36 (KHTML, like Gecko) Chrome/120.0.0.0 Safari/537.36"
20.212.200.71 - - [06/Apr/2026:05:12:47 +0200] "GET /bak.php HTTP/1.1" 404 31 "-" "Mozilla/5.0 (Windows NT 10.0; Win64; x64) AppleWebKit/537.36 (KHTML, like Gecko) Chrome/120.0.0.0 Safari/537.36"
20.212.200.71 - - [06/Apr/2026:05:12:47 +0200] "GET /content.php HTTP/1.1" 404 31 "-" "Mozilla/5.0 (Windows NT 10.0; Win64; x64) AppleWebKit/537.36 (KHTML, like Gecko) Chrome/120.0.0.0 Safari/537.36"
20.212.200.71 - - [06/Apr/2026:05:12:48 +0200] "GET /upfile.php HTTP/1.1" 404 31 "-" "Mozilla/5.0 (Windows NT 10.0; Win64; x64) AppleWebKit/537.36 (KHTML, like Gecko) Chrome/120.0.0.0 Safari/537.36"
20.212.200.71 - - [06/Apr/2026:05:12:48 +0200] "GET /wp.php HTTP/1.1" 404 31 "-" "Mozilla/5.0 (Windows NT 10.0; Win64; x64) AppleWebKit/537.36 (KHTML, like Gecko) Chrome/120.0.0.0 Safari/537.36"
20.212.200.71 - - [06/Apr/2026:05:12:48 +0200] "GET /wp-conflg.php HTTP/1.1" 404 31 "-" "Mozilla/5.0 (Windows NT 10.0; Win64; x64) AppleWebKit/537.36 (KHTML, like Gecko) Chrome/120.0.0.0 Safari/537.36"
20.212.200.71 - - [06/Apr/2026:05:12:48 +0200] "GET /bypass.php HTTP/1.1" 404 31 "-" "Mozilla/5.0 (Windows NT 10.0; Win64; x64) AppleWebKit/537.36 (KHTML, like Gecko) Chrome/120.0.0.0 Safari/537.36"
161.97.137.93 - - [06/Apr/2026:05:12:49 +0200] "POST /wp-cron.php?doing_wp_cron=1775445169.0840899944305419921875 HTTP/1.1" 404 31 "https://bulpress.top/wp-cron.php?doing_wp_cron=1775445169.0840899944305419921875" "WordPress/4.9.26; https://bulpress.top"
20.212.200.71 - - [06/Apr/2026:05:12:49 +0200] "GET /wp-activate.php HTTP/1.1" 302 0 "-" "Mozilla/5.0 (Windows NT 10.0; Win64; x64) AppleWebKit/537.36 (KHTML, like Gecko) Chrome/120.0.0.0 Safari/537.36"
20.212.200.71 - - [06/Apr/2026:05:12:49 +0200] "GET /404.php HTTP/1.1" 404 31 "-" "Mozilla/5.0 (Windows NT 10.0; Win64; x64) AppleWebKit/537.36 (KHTML, like Gecko) Chrome/120.0.0.0 Safari/537.36"
20.212.200.71 - - [06/Apr/2026:05:12:49 +0200] "GET /updates.php HTTP/1.1" 404 31 "-" "Mozilla/5.0 (Windows NT 10.0; Win64; x64) AppleWebKit/537.36 (KHTML, like Gecko) Chrome/120.0.0.0 Safari/537.36"
20.212.200.71 - - [06/Apr/2026:05:12:49 +0200] "GET /radio.php HTTP/1.1" 404 31 "-" "Mozilla/5.0 (Windows NT 10.0; Win64; x64) AppleWebKit/537.36 (KHTML, like Gecko) Chrome/120.0.0.0 Safari/537.36"
20.212.200.71 - - [06/Apr/2026:05:12:50 +0200] "GET /plugins.php HTTP/1.1" 404 31 "-" "Mozilla/5.0 (Windows NT 10.0; Win64; x64) AppleWebKit/537.36 (KHTML, like Gecko) Chrome/120.0.0.0 Safari/537.36"
20.212.200.71 - - [06/Apr/2026:05:12:50 +0200] "GET /xmrlpc.php HTTP/1.1" 404 31 "-" "Mozilla/5.0 (Windows NT 10.0; Win64; x64) AppleWebKit/537.36 (KHTML, like Gecko) Chrome/120.0.0.0 Safari/537.36"
20.212.200.71 - - [06/Apr/2026:05:12:50 +0200] "GET /ae.php HTTP/1.1" 404 31 "-" "Mozilla/5.0 (Windows NT 10.0; Win64; x64) AppleWebKit/537.36 (KHTML, like Gecko) Chrome/120.0.0.0 Safari/537.36"
20.212.200.71 - - [06/Apr/2026:05:12:50 +0200] "GET /moon.php HTTP/1.1" 404 31 "-" "Mozilla/5.0 (Windows NT 10.0; Win64; x64) AppleWebKit/537.36 (KHTML, like Gecko) Chrome/120.0.0.0 Safari/537.36"
20.212.200.71 - - [06/Apr/2026:05:12:50 +0200] "GET /blog.php HTTP/1.1" 404 31 "-" "Mozilla/5.0 (Windows NT 10.0; Win64; x64) AppleWebKit/537.36 (KHTML, like Gecko) Chrome/120.0.0.0 Safari/537.36"
20.212.200.71 - - [06/Apr/2026:05:12:50 +0200] "GET /themes.php HTTP/1.1" 404 31 "-" "Mozilla/5.0 (Windows NT 10.0; Win64; x64) AppleWebKit/537.36 (KHTML, like Gecko) Chrome/120.0.0.0 Safari/537.36"
20.212.200.71 - - [06/Apr/2026:05:12:51 +0200] "GET /ini.php HTTP/1.1" 404 31 "-" "Mozilla/5.0 (Windows NT 10.0; Win64; x64) AppleWebKit/537.36 (KHTML, like Gecko) Chrome/120.0.0.0 Safari/537.36"
20.212.200.71 - - [06/Apr/2026:05:12:51 +0200] "GET /as.php HTTP/1.1" 404 31 "-" "Mozilla/5.0 (Windows NT 10.0; Win64; x64) AppleWebKit/537.36 (KHTML, like Gecko) Chrome/120.0.0.0 Safari/537.36"
20.212.200.71 - - [06/Apr/2026:05:12:51 +0200] "GET /shell.php HTTP/1.1" 404 31 "-" "Mozilla/5.0 (Windows NT 10.0; Win64; x64) AppleWebKit/537.36 (KHTML, like Gecko) Chrome/120.0.0.0 Safari/537.36"
20.212.200.71 - - [06/Apr/2026:05:12:51 +0200] "GET /ws.php HTTP/1.1" 404 31 "-" "Mozilla/5.0 (Windows NT 10.0; Win64; x64) AppleWebKit/537.36 (KHTML, like Gecko) Chrome/120.0.0.0 Safari/537.36"
20.212.200.71 - - [06/Apr/2026:05:12:51 +0200] "GET /dropdown.php HTTP/1.1" 404 31 "-" "Mozilla/5.0 (Windows NT 10.0; Win64; x64) AppleWebKit/537.36 (KHTML, like Gecko) Chrome/120.0.0.0 Safari/537.36"
20.212.200.71 - - [06/Apr/2026:05:12:51 +0200] "GET /makeasmtp.php HTTP/1.1" 404 31 "-" "Mozilla/5.0 (Windows NT 10.0; Win64; x64) AppleWebKit/537.36 (KHTML, like Gecko) Chrome/120.0.0.0 Safari/537.36"
20.212.200.71 - - [06/Apr/2026:05:12:52 +0200] "GET /wp-sigunq.php HTTP/1.1" 404 31 "-" "Mozilla/5.0 (Windows NT 10.0; Win64; x64) AppleWebKit/537.36 (KHTML, like Gecko) Chrome/120.0.0.0 Safari/537.36"
20.212.200.71 - - [06/Apr/2026:05:12:52 +0200] "GET /wso112233.php HTTP/1.1" 404 31 "-" "Mozilla/5.0 (Windows NT 10.0; Win64; x64) AppleWebKit/537.36 (KHTML, like Gecko) Chrome/120.0.0.0 Safari/537.36"
20.212.200.71 - - [06/Apr/2026:05:12:52 +0200] "GET /alfanew.php HTTP/1.1" 404 31 "-" "Mozilla/5.0 (Windows NT 10.0; Win64; x64) AppleWebKit/537.36 (KHTML, like Gecko) Chrome/120.0.0.0 Safari/537.36"
20.212.200.71 - - [06/Apr/2026:05:12:52 +0200] "GET /fw.php HTTP/1.1" 404 31 "-" "Mozilla/5.0 (Windows NT 10.0; Win64; x64) AppleWebKit/537.36 (KHTML, like Gecko) Chrome/120.0.0.0 Safari/537.36"
20.212.200.71 - - [06/Apr/2026:05:12:52 +0200] "GET /install.php HTTP/1.1" 404 31 "-" "Mozilla/5.0 (Windows NT 10.0; Win64; x64) AppleWebKit/537.36 (KHTML, like Gecko) Chrome/120.0.0.0 Safari/537.36"
20.212.200.71 - - [06/Apr/2026:05:12:53 +0200] "GET /wp-login.php HTTP/1.1" 200 1174 "-" "Mozilla/5.0 (Windows NT 10.0; Win64; x64) AppleWebKit/537.36 (KHTML, like Gecko) Chrome/120.0.0.0 Safari/537.36"
185.191.171.1 - - [06/Apr/2026:05:15:44 +0200] "GET /%D0%B4%D0%B0-%D1%82%D0%B8-%D0%BA%D0%B0%D0%B6%D0%B0-%D0%BF%D0%B0%D0%BA-%D0%B7%D0%B0-%D1%82%D1%80%D0%B0%D0%BA%D0%B8%D1%8F-%D0%B0-%D0%BC%D0%BE%D0%BC%D0%B5%D1%80%D0%BE-%D0%BF%D0%BE%D0%BF/ HTTP/1.1" 404 212 "-" "Mozilla/5.0 (compatible; SemrushBot/7~bl; +http://www.semrush.com/bot.html)"
216.73.216.37 - - [06/Apr/2026:05:17:48 +0200] "GET /robots.txt HTTP/1.1" 404 212 "-" "Mozilla/5.0 AppleWebKit/537.36 (KHTML, like Gecko; compatible; Claude-SearchBot/1.0; +searchbot@anthropic.com)"
222.165.190.235 - - [06/Apr/2026:05:22:06 +0200] "GET /wp-login.php HTTP/1.1" 200 3999 "-" "Mozilla/5.0 (Macintosh; Intel Mac OS X 10_12_6) AppleWebKit/537.36 (KHTML, like Gecko) Chrome/67.0.3396.87 Safari/537.36"
222.165.190.235 - - [06/Apr/2026:05:22:08 +0200] "POST /wp-login.php HTTP/1.1" 200 3999 "https://bulpress.top/wp-login.php" "Mozilla/5.0 (Macintosh; Intel Mac OS X 10_12_6) AppleWebKit/537.36 (KHTML, like Gecko) Chrome/67.0.3396.87 Safari/537.36"
8.228.88.249 - - [06/Apr/2026:05:27:58 +0200] "GET /feed/ HTTP/1.1" 404 212 "-" "Mozilla/5.0 (Windows NT 6.3; WOW64; rv:33.0) Gecko/20100101 Firefox/33.0"
212.89.15.132 - - [06/Apr/2026:05:28:50 +0200] "GET /wp-login.php HTTP/1.1" 200 3998 "-" "Mozilla/5.0 (X11; Linux x86_64) AppleWebKit/537.36 (KHTML, like Gecko) Chrome/67.0.3396.79 Safari/537.36"
161.97.137.93 - - [06/Apr/2026:05:31:01 +0200] "POST /wp-cron.php?doing_wp_cron=1775446261.2897739410400390625000 HTTP/1.1" 404 31 "https://bulpress.top/wp-cron.php?doing_wp_cron=1775446261.2897739410400390625000" "WordPress/4.9.26; http://bulpress.top"
173.239.240.9 - - [06/Apr/2026:05:31:01 +0200] "POST /wp-login.php HTTP/1.1" 401 3739 "-" "Mozilla/5.0"
85.208.96.198 - - [06/Apr/2026:05:31:05 +0200] "GET /tag/%D0%BF%D1%80%D0%B5%D0%B4%D0%B8-%D0%B1%D1%80%D0%BE%D0%B5%D0%BD%D0%B8-%D0%BC%D0%B8%D0%BD%D1%83%D1%82%D0%B8/page/41/ HTTP/1.1" 502 150 "-" "Mozilla/5.0 (compatible; SemrushBot/7~bl; +http://www.semrush.com/bot.html)"
185.191.171.13 - - [06/Apr/2026:05:34:19 +0200] "GET /%D0%B0%D0%B7-%D0%BE%D0%B1%D0%B8%D1%87%D0%B0%D0%BC-%D1%80%D1%83%D1%81%D0%B8%D1%8F-%D0%BE%D0%B1%D0%B8%D1%87%D0%B0%D0%BC-%D1%81%D0%B2%D0%B5%D1%82%D0%B0-%D0%BE%D0%B1%D0%B8%D1%87%D0%B0%D0%BC-%D1%85%D0%BE/ HTTP/1.1" 404 212 "-" "Mozilla/5.0 (compatible; SemrushBot/7~bl; +http://www.semrush.com/bot.html)"
34.75.167.170 - - [06/Apr/2026:05:39:45 +0200] "GET /wp-login.php HTTP/1.1" 200 3998 "-" "Mozilla/5.0 (Windows NT 6.3; WOW64; Trident/7.0; rv:11.0) like Gecko"
34.75.167.170 - - [06/Apr/2026:05:39:46 +0200] "POST /wp-login.php HTTP/1.1" 200 3998 "https://bulpress.top/wp-login.php" "Mozilla/5.0 (Windows NT 6.3; WOW64; Trident/7.0; rv:11.0) like Gecko"
85.208.96.201 - - [06/Apr/2026:05:43:57 +0200] "GET /17-%D0%BD%D0%B5%D1%89%D0%B0-%D0%BA%D0%BE%D0%B8%D1%82%D0%BE-%D0%B2%D1%81%D0%B8%D1%87%D0%BA%D0%B8-%D1%81%D0%BC%D0%B5-%D0%BF%D1%80%D0%B0%D0%B2%D0%B8%D0%BB%D0%B8-%D0%BA%D0%B0%D1%82%D0%BE-%D0%B4%D0%B5/ HTTP/1.1" 404 212 "-" "Mozilla/5.0 (compatible; SemrushBot/7~bl; +http://www.semrush.com/bot.html)"
8.228.88.249 - - [06/Apr/2026:05:44:19 +0200] "GET /news/feed/ HTTP/1.1" 404 212 "-" "Mozilla/5.0 (Windows NT 6.3; WOW64; rv:33.0) Gecko/20100101 Firefox/33.0"
88.198.64.173 - - [06/Apr/2026:05:47:25 +0200] "GET /wp-login.php HTTP/1.1" 200 3996 "-" "Mozilla/5.0 (Macintosh; Intel Mac OS X 10_10_5) AppleWebKit/602.4.8 (KHTML, like Gecko) Version/10.0.3 Safari/602.4.8"
88.198.64.173 - - [06/Apr/2026:05:47:25 +0200] "POST /wp-login.php HTTP/1.1" 200 3996 "https://bulpress.top/wp-login.php" "Mozilla/5.0 (Macintosh; Intel Mac OS X 10_10_5) AppleWebKit/602.4.8 (KHTML, like Gecko) Version/10.0.3 Safari/602.4.8"
8.228.88.249 - - [06/Apr/2026:05:51:05 +0200] "GET /feed/ HTTP/1.1" 404 212 "-" "Mozilla/5.0 (Windows NT 6.3; WOW64; rv:33.0) Gecko/20100101 Firefox/33.0"
185.191.171.14 - - [06/Apr/2026:05:52:50 +0200] "GET /tag/%D0%9D%D0%BE%D0%B2%D0%B8%D0%BD%D0%B8-%D0%B7%D0%B0-%D0%B2%D0%B0%D1%81/page/11/ HTTP/1.1" 404 212 "-" "Mozilla/5.0 (compatible; SemrushBot/7~bl; +http://www.semrush.com/bot.html)"
212.89.15.132 - - [06/Apr/2026:05:57:41 +0200] "GET /wp-login.php HTTP/1.1" 200 3998 "-" "Mozilla/4.0 (compatible; MSIE 7.0; Windows NT 6.1; WOW64; Trident/7.0; SLCC2; .NET CLR 2.0.50727; .NET4.0C; .NET4.0E; FBViewer-6.0.4.0; .NET CLR 3.5.30729; .NET CLR 3.0.30729)"
212.89.15.132 - - [06/Apr/2026:05:57:42 +0200] "POST /wp-login.php HTTP/1.1" 200 3998 "https://bulpress.top/wp-login.php" "Mozilla/4.0 (compatible; MSIE 7.0; Windows NT 6.1; WOW64; Trident/7.0; SLCC2; .NET CLR 2.0.50727; .NET4.0C; .NET4.0E; FBViewer-6.0.4.0; .NET CLR 3.5.30729; .NET CLR 3.0.30729)"
85.208.96.195 - - [06/Apr/2026:06:01:06 +0200] "GET /tag/%D0%BF%D0%BE%D0%B7%D0%B8%D1%82%D0%B8%D0%B2%D0%BD%D0%B8-%D0%BD%D0%BE%D0%B2%D0%B8%D0%BD%D0%B8/page/7/ HTTP/1.1" 404 212 "-" "Mozilla/5.0 (compatible; SemrushBot/7~bl; +http://www.semrush.com/bot.html)"
85.208.96.195 - - [06/Apr/2026:06:05:10 +0200] "GET /robots.txt HTTP/1.1" 502 150 "-" "Mozilla/5.0 (compatible; SemrushBot/7~bl; +http://www.semrush.com/bot.html)"
185.191.171.11 - - [06/Apr/2026:06:05:11 +0200] "GET /%D0%B1%D1%8A%D0%BB%D0%B3%D0%B0%D1%80%D0%B8%D1%8F-%D0%BC%D0%B8-%D0%BB%D0%B8%D0%BF%D1%81%D0%B2%D0%B0%D1%88%D0%B5-%D0%BF%D0%BE%D0%B2%D0%B5%D1%87%D0%B5-%D0%BE%D1%82-%D0%BF%D1%80%D0%B5%D0%B4%D0%B8/ HTTP/1.1" 404 212 "-" "Mozilla/5.0 (compatible; SemrushBot/7~bl; +http://www.semrush.com/bot.html)"
81.29.32.213 - - [06/Apr/2026:06:06:46 +0200] "GET /wp-login.php HTTP/1.1" 200 3997 "-" "Mozilla/5.0 (Windows NT 6.1; Trident/7.0; MDDRJS; rv:11.0) like Gecko"
81.29.32.213 - - [06/Apr/2026:06:06:47 +0200] "POST /wp-login.php HTTP/1.1" 200 3997 "https://bulpress.top/wp-login.php" "Mozilla/5.0 (Windows NT 6.1; Trident/7.0; MDDRJS; rv:11.0) like Gecko"
51.195.215.73 - - [06/Apr/2026:06:11:18 +0200] "GET /10-%D0%BD%D0%B5%D1%89%D0%B0-%D0%BA%D0%BE%D0%B8%D1%82%D0%BE-%D0%BE%D1%89%D0%B5-%D0%BD%D0%B8-%D0%BD%D0%B0%D0%B2%D1%8F%D0%B2%D0%B0%D1%82-%D1%81%D0%BF%D0%BE%D0%BC%D0%B5%D0%BD%D0%B8-%D0%B7%D0%B0-%D1%81/ HTTP/1.1" 404 212 "-" "Mozilla/5.0 (compatible; AhrefsBot/7.0; +http://ahrefs.com/robot/)"
8.228.88.249 - - [06/Apr/2026:06:12:39 +0200] "GET /news/feed/ HTTP/1.1" 404 212 "-" "Mozilla/5.0 (Windows NT 6.3; WOW64; rv:33.0) Gecko/20100101 Firefox/33.0"
3.222.127.245 - - [06/Apr/2026:06:13:57 +0200] "GET /category/%D0%91%D1%8A%D0%BB%D0%B3%D0%B0%D1%80%D0%B8%D1%8F/page/11/?filter_by=featured HTTP/1.1" 404 212 "-" "Mozilla/5.0 AppleWebKit/537.36 (KHTML, like Gecko; compatible; Amzn-SearchBot/0.1) Chrome/119.0.6045.214 Safari/537.36"
81.29.32.213 - - [06/Apr/2026:06:15:56 +0200] "GET /wp-login.php HTTP/1.1" 200 3997 "-" "Mozilla/5.0 (Windows NT 6.3; WOW64; Trident/7.0; Touch; MAARJS; rv:11.0) like Gecko"
81.29.32.213 - - [06/Apr/2026:06:15:56 +0200] "POST /wp-login.php HTTP/1.1" 200 3997 "https://bulpress.top/wp-login.php" "Mozilla/5.0 (Windows NT 6.3; WOW64; Trident/7.0; Touch; MAARJS; rv:11.0) like Gecko"
54.39.136.35 - - [06/Apr/2026:06:19:12 +0200] "GET /robots.txt HTTP/1.1" 404 212 "-" "Mozilla/5.0 (compatible; AhrefsBot/7.0; +http://ahrefs.com/robot/)"
15.235.98.111 - - [06/Apr/2026:06:19:14 +0200] "GET /%D0%BD%D0%B8%D0%BC%D0%B0-%D1%81%D0%BC%D0%B5-%D0%BF%D0%BE%D1%81%D0%BB%D0%B5%D0%B4%D0%BD%D0%B8%D1%82%D0%B5-%D0%B1%D1%8A%D0%BB%D0%B3%D0%B0%D1%80%D0%B8-%D0%BE%D1%81%D0%BA%D0%BE%D1%82%D1%8F%D0%B2%D0%B0/ HTTP/1.1" 404 212 "-" "Mozilla/5.0 (compatible; AhrefsBot/7.0; +http://ahrefs.com/robot/)"
144.76.32.187 - - [06/Apr/2026:06:20:35 +0200] "GET /robots.txt HTTP/1.1" 404 212 "-" "Mozilla/5.0 (compatible; SERankingBacklinksBot/1.0; +https://seranking.com/backlinks-crawler)"
144.76.32.187 - - [06/Apr/2026:06:20:35 +0200] "GET /%D0%BA%D0%B0%D1%80%D0%B0-%D0%B1%D1%83%D0%BB%D0%B3%D0%B0%D1%80-%D0%B7%D0%B0%D0%B1%D1%80%D0%B0%D0%B2%D0%B5%D0%BD%D0%B0%D1%82%D0%B0-%D0%B8%D0%BC%D0%BF%D0%B5%D1%80%D0%B8%D1%8F-%D0%BD%D0%B0/ HTTP/1.1" 404 212 "-" "Mozilla/5.0 (compatible; SERankingBacklinksBot/1.0; +https://seranking.com/backlinks-crawler)"
216.73.216.37 - - [06/Apr/2026:06:21:59 +0200] "GET /robots.txt HTTP/1.1" 404 212 "-" "Mozilla/5.0 AppleWebKit/537.36 (KHTML, like Gecko; compatible; Claude-SearchBot/1.0; +searchbot@anthropic.com)"
161.97.137.93 - - [06/Apr/2026:06:22:19 +0200] "POST /wp-cron.php?doing_wp_cron=1775449339.8473401069641113281250 HTTP/1.1" 404 31 "https://bulpress.top/wp-cron.php?doing_wp_cron=1775449339.8473401069641113281250" "WordPress/4.9.26; http://bulpress.top"
173.239.240.14 - - [06/Apr/2026:06:22:20 +0200] "POST /wp-login.php HTTP/1.1" 401 3739 "-" "Mozilla/5.0"
66.116.198.89 - - [06/Apr/2026:06:24:57 +0200] "GET /wp-login.php HTTP/1.1" 200 3997 "-" "Mozilla/5.0 (X11; Ubuntu; Linux x86_64; rv:60.0) Gecko/20100101 Firefox/60.0"
66.116.198.89 - - [06/Apr/2026:06:24:58 +0200] "POST /wp-login.php HTTP/1.1" 200 3997 "https://bulpress.top/wp-login.php" "Mozilla/5.0 (X11; Ubuntu; Linux x86_64; rv:60.0) Gecko/20100101 Firefox/60.0"
148.113.128.143 - - [06/Apr/2026:06:26:30 +0200] "GET /%D0%BC%D0%B0%D0%B9%D0%BA%D0%B0-%D0%B3%D1%83%D1%80%D0%B1%D0%B5%D1%82%D1%87%D0%B8%D0%B9%D0%BA%D0%B0-%D1%86%D1%8F%D0%BB-%D0%B6%D0%B8%D0%B2%D0%BE%D1%82-%D0%BF%D1%80%D0%B0%D1%89%D0%B0-%D0%BF%D0%B0%D1%80/feed/ HTTP/1.1" 404 212 "-" "Mozilla/5.0 (compatible; AhrefsBot/7.0; +http://ahrefs.com/robot/)"
14.176.227.61 - - [06/Apr/2026:06:26:39 +0200] "GET /%D0%B8%D1%81%D1%82%D0%BE%D1%80%D0%B8%D1%8F%D1%82%D0%B0-%D0%BD%D0%B0-%D0%B5%D0%B4%D0%BD%D0%B0-%D1%80%D1%83%D1%81%D0%B5%D0%BD%D0%BA%D0%B0-%D0%B2-%D0%BA%D0%B8%D1%82%D0%B0%D0%B9/ HTTP/1.1" 404 212 "-" "Mozilla/5.0 (Windows NT 10.0; Win64; x64) AppleWebKit/537.36 (KHTML, like Gecko) Chrome/67.0.3396.62 Safari/537.36"
185.191.171.6 - - [06/Apr/2026:06:26:46 +0200] "GET /%D0%BA%D0%B8%D1%81%D0%BB%D0%BE%D1%80%D0%BE%D0%B4%D0%BD%D0%B0%D1%82%D0%B0-%D0%B2%D0%BE%D0%B4%D0%B0-%D0%BF%D1%80%D0%B8%D1%82%D0%B5%D0%B6%D0%B0%D0%B2%D0%B0-%D1%81%D0%B2%D0%BE%D0%B9%D1%81%D1%82%D0%B2/ HTTP/1.1" 404 212 "-" "Mozilla/5.0 (compatible; SemrushBot/7~bl; +http://www.semrush.com/bot.html)"
63.34.169.56 - - [06/Apr/2026:06:33:33 +0200] "GET /wp-login.php HTTP/1.1" 200 3997 "-" "Mozilla/4.0 (compatible; MSIE 7.0; Windows NT 6.1; Trident/7.0; SLCC2; .NET CLR 2.0.50727; .NET CLR 3.5.30729; .NET CLR 3.0.30729; Media Center PC 6.0; .NET4.0C; .NET4.0E; GWX:QUALIFIED)"
63.34.169.56 - - [06/Apr/2026:06:33:34 +0200] "POST /wp-login.php HTTP/1.1" 200 3997 "https://bulpress.top/wp-login.php" "Mozilla/4.0 (compatible; MSIE 7.0; Windows NT 6.1; Trident/7.0; SLCC2; .NET CLR 2.0.50727; .NET CLR 3.5.30729; .NET CLR 3.0.30729; Media Center PC 6.0; .NET4.0C; .NET4.0E; GWX:QUALIFIED)"
54.39.136.204 - - [06/Apr/2026:06:33:43 +0200] "GET /author/bulpress/ HTTP/1.1" 404 212 "-" "Mozilla/5.0 (compatible; AhrefsBot/7.0; +http://ahrefs.com/robot/)"
85.208.96.206 - - [06/Apr/2026:06:34:18 +0200] "GET /tag/%D0%BD%D0%B5%D0%B8%D1%81%D1%82%D0%B8%D0%BD%D0%B0/page/10/ HTTP/1.1" 404 212 "-" "Mozilla/5.0 (compatible; SemrushBot/7~bl; +http://www.semrush.com/bot.html)"
3.85.141.163 - - [06/Apr/2026:06:35:37 +0200] "GET /category/%D0%91%D1%8A%D0%BB%D0%B3%D0%B0%D1%80%D0%B8%D1%8F/page/12/?filter_by=random_posts HTTP/1.1" 404 212 "-" "Mozilla/5.0 AppleWebKit/537.36 (KHTML, like Gecko; compatible; Amzn-SearchBot/0.1) Chrome/119.0.6045.214 Safari/537.36"
8.228.88.249 - - [06/Apr/2026:06:36:21 +0200] "GET /feed/ HTTP/1.1" 404 212 "-" "Mozilla/5.0 (Windows NT 6.3; WOW64; rv:33.0) Gecko/20100101 Firefox/33.0"
8.228.88.249 - - [06/Apr/2026:06:37:06 +0200] "GET /news/feed/ HTTP/1.1" 404 212 "-" "Mozilla/5.0 (Windows NT 6.3; WOW64; rv:33.0) Gecko/20100101 Firefox/33.0"
62.164.177.15 - - [06/Apr/2026:06:42:32 +0200] "GET /fileupload.php HTTP/1.1" 404 31 "-" "Mozilla/5.0 (Windows NT 11.0; Win64; x64) AppleWebKit/537.36 (KHTML, like Gecko) Chrome/134.0.6998.166 Safari/537.36"
50.62.181.149 - - [06/Apr/2026:06:44:05 +0200] "GET /wp-login.php HTTP/1.1" 200 3997 "-" "Mozilla/5.0 (X11; Linux x86_64; rv:61.0) Gecko/20100101 Firefox/61.0"
50.62.181.149 - - [06/Apr/2026:06:44:06 +0200] "POST /wp-login.php HTTP/1.1" 200 3997 "https://bulpress.top/wp-login.php" "Mozilla/5.0 (X11; Linux x86_64; rv:61.0) Gecko/20100101 Firefox/61.0"
185.191.171.18 - - [06/Apr/2026:06:46:15 +0200] "GET /tag/vesti/page/39/ HTTP/1.1" 404 212 "-" "Mozilla/5.0 (compatible; SemrushBot/7~bl; +http://www.semrush.com/bot.html)"
161.97.137.93 - - [06/Apr/2026:06:52:46 +0200] "POST /wp-cron.php?doing_wp_cron=1775451166.8338100910186767578125 HTTP/1.1" 404 31 "https://bulpress.top/wp-cron.php?doing_wp_cron=1775451166.8338100910186767578125" "WordPress/4.9.26; http://bulpress.top"
88.198.64.173 - - [06/Apr/2026:06:52:46 +0200] "GET /wp-login.php HTTP/1.1" 200 1361 "-" "Mozilla/5.0 (Macintosh; Intel Mac OS X 10_12_6) AppleWebKit/605.1.15 (KHTML, like Gecko) Version/11.1.2 Safari/605.1.15"
88.198.64.173 - - [06/Apr/2026:06:52:51 +0200] "POST /wp-login.php HTTP/1.1" 401 3739 "https://bulpress.top/wp-login.php" "Mozilla/5.0 (Macintosh; Intel Mac OS X 10_12_6) AppleWebKit/605.1.15 (KHTML, like Gecko) Version/11.1.2 Safari/605.1.15"
54.39.136.56 - - [06/Apr/2026:06:53:49 +0200] "GET /category/%D0%91%D1%8A%D0%BB%D0%B3%D0%B0%D1%80%D0%B8%D1%8F/feed/ HTTP/1.1" 404 212 "-" "Mozilla/5.0 (compatible; AhrefsBot/7.0; +http://ahrefs.com/robot/)"
85.208.96.203 - - [06/Apr/2026:06:53:55 +0200] "GET /%D0%B7a-18-%D0%B3%D0%BE%D0%B4%D0%B8%D0%BD%D0%B8-%D0%BF%D1%83%D1%82%D0%B8%D0%BD-%D1%83%D0%B2%D0%B5%D0%BB%D0%B8%D1%87%D0%B8-%D0%B1%D1%8E%D0%B4%D0%B6%D0%B5%D1%82%D0%B0-%D0%BD%D0%B0-%D1%80%D1%83%D1%81/ HTTP/1.1" 404 212 "-" "Mozilla/5.0 (compatible; SemrushBot/7~bl; +http://www.semrush.com/bot.html)"
8.228.88.249 - - [06/Apr/2026:06:54:42 +0200] "GET /news/feed/ HTTP/1.1" 404 212 "-" "Mozilla/5.0 (Windows NT 6.3; WOW64; rv:33.0) Gecko/20100101 Firefox/33.0"
142.44.225.138 - - [06/Apr/2026:07:00:05 +0200] "GET /author/bulpress/page/29/ HTTP/1.1" 404 212 "-" "Mozilla/5.0 (compatible; AhrefsBot/7.0; +http://ahrefs.com/robot/)"
161.97.137.93 - - [06/Apr/2026:07:02:24 +0200] "POST /wp-cron.php?doing_wp_cron=1775451744.3275671005249023437500 HTTP/1.1" 404 31 "https://bulpress.top/wp-cron.php?doing_wp_cron=1775451744.3275671005249023437500" "WordPress/4.9.26; http://bulpress.top"
209.87.169.119 - - [06/Apr/2026:07:02:24 +0200] "GET /wp-login.php HTTP/1.1" 200 1361 "-" "Mozilla/5.0"
209.87.169.119 - - [06/Apr/2026:07:02:25 +0200] "GET /?author=1 HTTP/1.1" 301 0 "-" "Mozilla/5.0"
209.87.169.119 - - [06/Apr/2026:07:02:25 +0200] "GET /?rest_route=/wp/v2/users HTTP/1.1" 200 253 "-" "Mozilla/5.0"
209.87.169.119 - - [06/Apr/2026:07:02:26 +0200] "GET /?author=2 HTTP/1.1" 404 11843 "-" "Mozilla/5.0"
209.87.169.119 - - [06/Apr/2026:07:02:27 +0200] "GET /?rest_route=/wp/v2/users HTTP/1.1" 200 253 "-" "Mozilla/5.0"
5.133.192.160 - - [06/Apr/2026:07:03:00 +0200] "GET / HTTP/1.1" 200 24273 "-" "Mozilla/5.0 (Windows NT 10.0; Win64; x64) AppleWebKit/537.36 (KHTML, like Gecko) Chrome/105.0.0.0 Safari/537.36"
5.133.192.160 - - [06/Apr/2026:07:03:03 +0200] "GET /wp-content/uploads/2019/01/cropped-21015343_1457098327717113_566289841_n-32x32.jpg HTTP/1.1" 502 552 "-" "Mozilla/5.0 (Windows NT 10.0; Win64; x64) AppleWebKit/537.36 (KHTML, like Gecko) Chrome/105.0.0.0 Safari/537.36"
63.34.169.56 - - [06/Apr/2026:07:11:50 +0200] "GET /wp-login.php HTTP/1.1" 200 3997 "-" "Mozilla/4.0 (compatible; MSIE 7.0; Windows NT 6.1; WOW64; Trident/7.0; SLCC2; .NET CLR 2.0.50727; .NET CLR 3.5.30729; .NET CLR 3.0.30729; Media Center PC 6.0; .NET4.0C; .NET4.0E; InfoPath.3; ms-office)"
63.34.169.56 - - [06/Apr/2026:07:11:51 +0200] "POST /wp-login.php HTTP/1.1" 200 3997 "https://bulpress.top/wp-login.php" "Mozilla/4.0 (compatible; MSIE 7.0; Windows NT 6.1; WOW64; Trident/7.0; SLCC2; .NET CLR 2.0.50727; .NET CLR 3.5.30729; .NET CLR 3.0.30729; Media Center PC 6.0; .NET4.0C; .NET4.0E; InfoPath.3; ms-office)"
3.90.117.221 - - [06/Apr/2026:07:13:27 +0200] "GET /author/bulpress/page/12/ HTTP/1.1" 404 212 "-" "Mozilla/5.0 AppleWebKit/537.36 (KHTML, like Gecko; compatible; Amzn-SearchBot/0.1) Chrome/119.0.6045.214 Safari/537.36"
161.97.137.93 - - [06/Apr/2026:07:15:36 +0200] "POST /wp-cron.php?doing_wp_cron=1775452535.9609060287475585937500 HTTP/1.1" 404 31 "https://bulpress.top/wp-cron.php?doing_wp_cron=1775452535.9609060287475585937500" "WordPress/4.9.26; http://bulpress.top"
173.239.240.22 - - [06/Apr/2026:07:15:36 +0200] "POST /wp-login.php HTTP/1.1" 401 3739 "-" "Mozilla/5.0"
8.228.88.249 - - [06/Apr/2026:07:16:13 +0200] "GET /feed/ HTTP/1.1" 404 212 "-" "Mozilla/5.0 (Windows NT 6.3; WOW64; rv:33.0) Gecko/20100101 Firefox/33.0"
15.235.98.179 - - [06/Apr/2026:07:18:33 +0200] "GET /%D0%B5%D0%B4%D0%BD%D0%B0-%D0%B8%D1%81%D1%82%D0%B8%D0%BD%D1%81%D0%BA%D0%B0-%D0%B8%D1%81%D1%82%D0%BE%D1%80%D0%B8%D1%8F-%D0%B7%D0%B0-%D0%B1%D0%B0%D0%B1%D0%B0-%D0%B8%D0%B2%D0%B0%D0%BD%D0%BA%D0%B0-%D0%BE/ HTTP/1.1" 404 212 "-" "Mozilla/5.0 (compatible; AhrefsBot/7.0; +http://ahrefs.com/robot/)"
8.228.88.249 - - [06/Apr/2026:07:19:04 +0200] "GET /news/feed/ HTTP/1.1" 404 212 "-" "Mozilla/5.0 (Windows NT 6.3; WOW64; rv:33.0) Gecko/20100101 Firefox/33.0"
194.238.31.215 - - [06/Apr/2026:07:21:45 +0200] "GET /wp-login.php HTTP/1.1" 200 3998 "-" "Mozilla/5.0 (Windows NT 6.3; Win64; x64) AppleWebKit/537.36 (KHTML, like Gecko) Chrome/66.0.3359.181 Safari/537.36"
194.238.31.215 - - [06/Apr/2026:07:21:50 +0200] "POST /wp-login.php HTTP/1.1" 200 3998 "https://bulpress.top/wp-login.php" "Mozilla/5.0 (Windows NT 6.3; Win64; x64) AppleWebKit/537.36 (KHTML, like Gecko) Chrome/66.0.3359.181 Safari/537.36"
41.90.188.36 - - [06/Apr/2026:07:22:12 +0200] "GET /%D0%BD%D0%B5%D0%BC%D1%81%D0%BA%D0%B8-%D0%B5%D0%BC%D0%B8%D0%B3%D1%80%D0%B0%D0%BD%D1%82-%D0%BF%D1%80%D0%B8%D0%B7%D0%BD%D0%B0-%D0%B1%D1%8A%D0%BB%D0%B3%D0%B0%D1%80%D0%B8%D1%8F-%D0%B5-%D0%BD%D0%B0%D0%B9/ HTTP/1.1" 404 212 "-" "Mozilla/5.0 (Macintosh; Intel Mac OS X 11_2_1) AppleWebKit/537.36 (KHTML, like Gecko) Brave Chrome/88.0.4324.182 Safari/537.36"
109.177.6.217 - - [06/Apr/2026:07:28:37 +0200] "GET /%D0%B2%D0%BD%D0%B8%D0%BC%D0%B0%D0%BD%D0%B8%D0%B5-%D1%88%D0%BE%D1%84%D1%8C%D0%BE%D1%80%D0%B8-%D0%BD%D0%BE%D0%B2%D0%B8-%D0%B1%D0%B5%D0%B7%D0%BC%D0%B8%D0%BB%D0%BE%D1%81%D1%82%D0%BD%D0%B8-%D0%BC%D0%B5/ HTTP/1.1" 404 212 "-" "Mozilla/5.0 (Microsoft Windows NT 10.0.16299.0; Win64; x64) AppleWebKit/537.36 (KHTML, like Gecko) Chrome/63.0.3239.132 Safari/537.36 (FTM)"
72.167.150.128 - - [06/Apr/2026:07:30:12 +0200] "GET /wp-login.php HTTP/1.1" 200 3998 "-" "Mozilla/5.0 (Windows NT 6.3; Win64; x64) AppleWebKit/537.36 (KHTML, like Gecko) Chrome/66.0.3359.170 Safari/537.36"
72.167.150.128 - - [06/Apr/2026:07:30:12 +0200] "POST /wp-login.php HTTP/1.1" 200 3998 "https://bulpress.top/wp-login.php" "Mozilla/5.0 (Windows NT 6.3; Win64; x64) AppleWebKit/537.36 (KHTML, like Gecko) Chrome/66.0.3359.170 Safari/537.36"
54.39.136.154 - - [06/Apr/2026:07:31:38 +0200] "GET /author/bulpress/page/23/ HTTP/1.1" 404 212 "-" "Mozilla/5.0 (compatible; AhrefsBot/7.0; +http://ahrefs.com/robot/)"
85.208.96.195 - - [06/Apr/2026:07:32:44 +0200] "GET /%D0%B0%D0%BA%D0%BE-%D0%B8%D1%81%D0%BA%D0%B0%D1%82%D0%B5-%D0%B4%D0%B0-%D1%81%D0%B8-%D0%BA%D1%83%D0%BF%D0%B8%D1%82%D0%B5-%D0%B6%D0%B8%D0%BB%D0%B8%D1%89%D0%B5-%D1%82%D0%B0%D0%B7%D0%B8-%D0%BD%D0%BE%D0%B2/ HTTP/1.1" 404 212 "-" "Mozilla/5.0 (compatible; SemrushBot/7~bl; +http://www.semrush.com/bot.html)"
8.228.88.249 - - [06/Apr/2026:07:34:23 +0200] "GET /feed/ HTTP/1.1" 404 212 "-" "Mozilla/5.0 (Windows NT 6.3; WOW64; rv:33.0) Gecko/20100101 Firefox/33.0"
185.191.171.13 - - [06/Apr/2026:07:36:06 +0200] "GET /tag/%D0%B0%D0%BA%D1%82%D1%83%D0%B0%D0%BB%D0%BD%D0%B8-%D0%BD%D0%BE%D0%B2%D0%B8%D0%BD%D0%B8/page/34/ HTTP/1.1" 404 212 "-" "Mozilla/5.0 (compatible; SemrushBot/7~bl; +http://www.semrush.com/bot.html)"
51.161.37.183 - - [06/Apr/2026:07:38:41 +0200] "GET /author/bulpress/page/17/ HTTP/1.1" 404 212 "-" "Mozilla/5.0 (compatible; AhrefsBot/7.0; +http://ahrefs.com/robot/)"
