82.118.30.72 - - [05/Apr/2026:20:14:58 +0200] "GET / HTTP/1.1" 200 14620 "-" "Mozilla/5.0 (Windows NT 10.0; Win64; x64) AppleWebKit/537.36 (KHTML, like Gecko) Chrome/140.0.0.0 Safari/537.36 Edg/140.0.3124.85"
82.118.30.72 - - [05/Apr/2026:20:15:03 +0200] "GET //wp-json/wp/v2/users/ HTTP/1.1" 502 552 "-" "Mozilla/5.0 (Windows NT 10.0; Win64; x64) AppleWebKit/537.36 (KHTML, like Gecko) Chrome/140.0.0.0 Safari/537.36 Edg/140.0.3124.85"
82.118.30.72 - - [05/Apr/2026:20:15:05 +0200] "GET //wp-json/oembed/1.0/embed?url=http://bultimes.info/&format=xml HTTP/1.1" 404 133 "-" "Mozilla/5.0 (Windows NT 10.0; Win64; x64) AppleWebKit/537.36 (KHTML, like Gecko) Chrome/140.0.0.0 Safari/537.36 Edg/140.0.3124.85"
216.73.216.116 - - [05/Apr/2026:20:28:47 +0200] "GET /robots.txt HTTP/1.1" 200 80 "-" "Mozilla/5.0 AppleWebKit/537.36 (KHTML, like Gecko; compatible; ClaudeBot/1.0; +claudebot@anthropic.com)"
216.73.216.116 - - [05/Apr/2026:20:28:49 +0200] "GET /sitemap.xml HTTP/1.1" 404 5512 "-" "Mozilla/5.0 AppleWebKit/537.36 (KHTML, like Gecko; compatible; ClaudeBot/1.0; +claudebot@anthropic.com)"
161.97.137.93 - - [05/Apr/2026:20:29:14 +0200] "POST /wp-cron.php?doing_wp_cron=1775413754.2843739986419677734375 HTTP/1.1" 404 5512 "http://bultimes.info/wp-cron.php?doing_wp_cron=1775413754.2843739986419677734375" "WordPress/4.9.26; https://bultimes.info"
85.208.96.195 - - [05/Apr/2026:20:29:15 +0200] "GET /%D0%BD%D0%B0%D0%B4-224-000-%D0%B5-%D0%B1%D1%80%D0%BE%D1%8F%D1%82-%D0%BD%D0%B0-%D1%80%D0%B5%D0%B3%D0%B8%D1%81%D1%82%D1%80%D0%B8%D1%80%D0%B0%D0%BD%D0%B8%D1%82%D0%B5-%D0%B1%D0%B5%D0%B7%D1%80%D0%B0%D0%B1/ HTTP/1.1" 200 14907 "-" "Mozilla/5.0 (compatible; SemrushBot/7~bl; +http://www.semrush.com/bot.html)"
2a03:2880:32ff:71:: - - [05/Apr/2026:20:31:39 +0200] "GET /wp-content/uploads/2020/12/Gospod.jpg HTTP/1.1" 304 0 "-" "facebookexternalhit/1.1 (+http://www.facebook.com/externalhit_uatext.php)"
18.191.199.57 - - [05/Apr/2026:20:32:24 +0200] "GET /wp-content/uploads/2022/09/304817005_830697041437698_4494301078715575390_n.png HTTP/1.1" 304 0 "-" "Mozilla/5.0 (Macintosh; Intel Mac OS X 10_15_7) AppleWebKit/537.36 (KHTML, like Gecko) Chrome/131.0.0.0 Safari/537.36; ClaudeBot/1.0; +claudebot@anthropic.com)"
51.75.236.142 - - [05/Apr/2026:20:32:26 +0200] "GET /wp-content/uploads/2020/01/d0b3d0b5d180d0bcd0b0d0bdd186d0b8-d0bcd0b0d0b9-d0bad183d0bfd183d0b2d0b0d182-ideal-standart.jpg HTTP/1.1" 200 12507 "-" "Mozilla/5.0 (compatible; AhrefsBot/7.0; +http://ahrefs.com/robot/)"
216.244.66.203 - - [05/Apr/2026:20:33:09 +0200] "GET /%D0%BC%D0%B8%D0%BA%D0%B0-%D0%B7%D0%B0%D0%B9%D0%BA%D0%BE%D0%B2%D0%B0-%D0%BD%D0%B5-%D0%BC%D0%BE%D0%B6%D0%B5-%D0%B4%D1%8A%D1%80%D0%B6%D0%B0%D0%B2%D0%B0%D1%82%D0%B0-%D0%B4%D0%B0-%D0%BF%D1%80%D0%B8%D0%B1/ HTTP/1.1" 200 15669 "-" "Mozilla/5.0 (compatible; DotBot/1.2; +https://opensiteexplorer.org/dotbot; help@moz.com)"
66.249.68.66 - - [05/Apr/2026:20:33:21 +0200] "GET /wp-content/uploads/2020/05/d0bdd0b5-d0b2d0b8-d0b5-d181d180d0b0d0bc-9-d0bcd0b0d0b9-d181d182d0b0d0bdd0b0-d0b4d0b5d0bd-d0b8-d0bdd0b0-d0b7d0b0d0b1d180d0b0d0b2d0b0d182-1.jpg HTTP/1.1" 200 20868 "-" "Googlebot-Image/1.0"
216.244.66.203 - - [05/Apr/2026:20:35:37 +0200] "GET /%D1%80%D0%B5%D0%B7%D0%B0%D1%87%D0%BA%D0%B0-60-%D0%BF%D0%BE-%D1%81%D0%BA%D1%8A%D0%BF-%D1%82%D0%BE%D0%BA-%D0%B7%D0%B0-%D0%B1%D0%B8%D0%B7%D0%BD%D0%B5%D1%81%D0%B0-%D0%B2-%D1%83%D1%82%D1%80%D0%B5%D1%88/ HTTP/1.1" 200 20179 "-" "Mozilla/5.0 (compatible; DotBot/1.2; +https://opensiteexplorer.org/dotbot; help@moz.com)"
185.191.171.4 - - [05/Apr/2026:20:45:17 +0200] "GET /%D0%B5%D1%80%D0%B0%D1%82%D0%B0-%D0%B1%D0%BE%D1%80%D0%B8%D1%81%D0%BE%D0%B2-%D1%81%D0%B2%D1%8A%D1%80%D1%88%D0%B8-%D1%87%D0%B5%D1%82%D0%B2%D1%8A%D1%80%D1%82%D0%B0-%D1%81%D0%B5%D1%80%D0%B8%D1%8F-%D0%BD/ HTTP/1.1" 200 15328 "-" "Mozilla/5.0 (compatible; SemrushBot/7~bl; +http://www.semrush.com/bot.html)"
66.249.68.66 - - [05/Apr/2026:20:52:47 +0200] "GET /wp-content/uploads/2020/04/d0bcd0b0d18f-d0bcd0b0d0bdd0bed0bbd0bed0b2d0b0-d0b7d0b0-d0b1d0bed180d0b8d181d0bed0b2-d0bed182-d182d0b0d0bad0b8d0b2d0b0-d181d0bfd0b0d181-1.jpg HTTP/1.1" 200 28632 "-" "Googlebot-Image/1.0"
85.208.96.197 - - [05/Apr/2026:20:53:34 +0200] "GET /%D0%B2%D0%B5%D1%87%D0%B5-%D1%89%D0%B5-%D0%BF%D0%BB%D0%B0%D1%89%D0%B0%D0%BC%D0%B5-%D0%B3%D0%BB%D0%BE%D0%B1%D0%B0-%D0%BE%D1%82-100-%D0%BB%D0%B2-%D0%B0%D0%BA%D0%BE-%D0%BD%D0%B8-%D0%BE%D1%82%D0%BA%D1%80/ HTTP/1.1" 200 15198 "-" "Mozilla/5.0 (compatible; SemrushBot/7~bl; +http://www.semrush.com/bot.html)"
2a03:2880:15ff:73:: - - [05/Apr/2026:20:55:55 +0200] "GET /wp-content/uploads/2021/08/stefan-proynov-1-stotinka-1981.jpg HTTP/1.1" 200 63398 "-" "facebookexternalhit/1.1 (+http://www.facebook.com/externalhit_uatext.php)"
185.191.171.3 - - [05/Apr/2026:20:56:47 +0200] "GET /%D0%B2%D0%BB%D0%B0%D1%81%D1%82%D1%82%D0%B0-%D0%BF%D1%80%D0%B5%D0%B4%D0%BF%D1%80%D0%B8%D0%B5%D0%BC%D0%B0-%D0%BC%D0%B5%D1%80%D0%BA%D0%B8-%D0%B7%D0%B0%D1%89%D0%BE%D1%82%D0%BE-%D1%81%D0%B5-%D1%81%D1%82/ HTTP/1.1" 200 14762 "-" "Mozilla/5.0 (compatible; SemrushBot/7~bl; +http://www.semrush.com/bot.html)"
52.167.144.166 - - [05/Apr/2026:20:57:34 +0200] "GET /wp-content/uploads/2020/02/d181d18ad0b4d0b8d18f-d0b5d0bcd0b8d0bb-d0b4d0b5d187d0b5d0b2-d0bed0b1d0b8d0b4d0bdd0be-d0bcd0b8-d0b5-d187d183d0b6d0b4d0b0-d0b4d18ad180d0b6-6.jpg HTTP/1.1" 200 23928 "-" "Mozilla/5.0 AppleWebKit/537.36 (KHTML, like Gecko; compatible; bingbot/2.0; +http://www.bing.com/bingbot.htm) Chrome/116.0.1938.76 Safari/537.36"
66.249.68.66 - - [05/Apr/2026:20:57:44 +0200] "GET /wp-content/uploads/2020/08/d0b4d0b0d0bdd0b0d0b8d0bb-d0bad0b8d180d0b8d0bbd0bed0b2-d0bfd180d0bed0b5d0bad182d18ad182-d0b7d0b0-d0bdd0bed0b2d0b0-d0bad0bed0bdd181d182-1.jpg HTTP/1.1" 200 24539 "-" "Googlebot-Image/1.0"
66.249.68.64 - - [05/Apr/2026:20:57:44 +0200] "GET /robots.txt HTTP/1.1" 200 80 "-" "Mozilla/5.0 (compatible; Googlebot/2.1; +http://www.google.com/bot.html)"
161.97.137.93 - - [05/Apr/2026:20:59:01 +0200] "POST /wp-cron.php?doing_wp_cron=1775415540.8760659694671630859375 HTTP/1.1" 404 5512 "http://bultimes.info/wp-cron.php?doing_wp_cron=1775415540.8760659694671630859375" "WordPress/4.9.26; https://bultimes.info"
66.249.68.64 - - [05/Apr/2026:20:59:01 +0200] "GET /post-sitemap.xml HTTP/1.1" 502 150 "-" "Mozilla/5.0 (compatible; Googlebot/2.1; +http://www.google.com/bot.html)"
66.249.68.64 - - [05/Apr/2026:21:00:01 +0200] "GET /post-sitemap.xml HTTP/1.1" 502 150 "-" "Mozilla/5.0 (compatible; Googlebot/2.1; +http://www.google.com/bot.html)"
161.97.137.93 - - [05/Apr/2026:21:00:03 +0200] "POST /wp-cron.php?doing_wp_cron=1775415602.1912291049957275390625 HTTP/1.1" 499 0 "http://bultimes.info/wp-cron.php?doing_wp_cron=1775415602.1912291049957275390625" "WordPress/4.9.26; https://bultimes.info"
66.249.68.64 - - [05/Apr/2026:21:01:02 +0200] "GET /post-sitemap.xml HTTP/1.1" 502 150 "-" "Mozilla/5.0 (compatible; Googlebot/2.1; +http://www.google.com/bot.html)"
66.249.68.66 - - [05/Apr/2026:21:02:05 +0200] "GET /post-sitemap.xml HTTP/1.1" 500 0 "-" "Mozilla/5.0 (compatible; Googlebot/2.1; +http://www.google.com/bot.html)"
216.244.66.203 - - [05/Apr/2026:21:10:08 +0200] "GET /%D1%81%D0%BB%D0%B0%D0%B2%D0%B8-%D0%B2%D0%B0%D1%81%D0%B8%D0%BB%D0%B5%D0%B2-%D0%B0%D0%BA%D0%BE-%D1%80%D0%B0%D0%B4%D0%B5%D0%B2-%D0%BD%D0%B5-%D1%81%D0%B5-%D0%BD%D0%B0%D0%BC%D0%B5%D1%81%D0%B8-%D1%81/ HTTP/1.1" 200 16272 "-" "Mozilla/5.0 (compatible; DotBot/1.2; +https://opensiteexplorer.org/dotbot; help@moz.com)"
161.97.137.93 - - [05/Apr/2026:21:11:24 +0200] "POST /wp-cron.php?doing_wp_cron=1775416283.7923350334167480468750 HTTP/1.1" 404 5512 "http://bultimes.info/wp-cron.php?doing_wp_cron=1775416283.7923350334167480468750" "WordPress/4.9.26; https://bultimes.info"
216.244.66.203 - - [05/Apr/2026:21:11:24 +0200] "GET /%D0%B1%D0%BE%D1%80%D0%B8%D1%81%D0%BE%D0%B2-%D0%B4%D0%B0-%D0%B5-%D0%BF%D0%BE%D1%81%D1%82%D0%B0%D0%B2%D1%8F%D0%BB-%D0%BD%D1%8F%D0%BA%D0%BE%D0%B3%D0%B0-%D0%B2%D0%B5%D0%BD%D0%B5%D1%86-%D0%B8%D0%BB%D0%B8/ HTTP/1.1" 200 15231 "-" "Mozilla/5.0 (compatible; DotBot/1.2; +https://opensiteexplorer.org/dotbot; help@moz.com)"
40.77.167.41 - - [05/Apr/2026:21:13:46 +0200] "GET /wp-content/uploads/2020/11/d0b4d180d0b0d181d182d0b8d187d0b5d0bd-d180d18ad181d182-d0bdd0b0-d0b6d0b5d180d182d0b2d0b8d182d0b5-d0bed182-d0b7d0b5d0bcd0b5d182d180d0b5.jpg HTTP/1.1" 200 28795 "-" "Mozilla/5.0 AppleWebKit/537.36 (KHTML, like Gecko; compatible; bingbot/2.0; +http://www.bing.com/bingbot.htm) Chrome/116.0.1938.76 Safari/537.36"
216.244.66.203 - - [05/Apr/2026:21:13:49 +0200] "GET /%D0%BA%D0%BE%D1%81%D1%82%D0%B0%D0%B4%D0%B8%D0%BD%D0%BE%D0%B2-%D0%B7%D0%B0-%D0%B6%D1%8A%D0%BB%D1%82%D0%BE%D0%BF%D0%B0%D0%B2%D0%B5%D1%82%D0%BD%D0%B8%D1%82%D0%B5-%D0%B5%D0%BD%D0%B8%D1%87%D0%B0/ HTTP/1.1" 200 17103 "-" "Mozilla/5.0 (compatible; DotBot/1.2; +https://opensiteexplorer.org/dotbot; help@moz.com)"
34.174.19.156 - - [05/Apr/2026:21:14:32 +0200] "HEAD /old/ HTTP/1.1" 404 0 "-" "Mozilla/5.0 (Linux; Android 14; SM-A146P) AppleWebKit/537.36 (KHTML, like Gecko) SamsungBrowser/25.0 Chrome/123.0.6312.120 Mobile Safari/537.36"
34.174.19.156 - - [05/Apr/2026:21:14:33 +0200] "HEAD /backup/ HTTP/1.1" 404 0 "-" "Mozilla/5.0 (Macintosh; Intel Mac OS X 14_5) AppleWebKit/605.1.15 (KHTML, like Gecko) Version/17.5 Safari/605.1.15"
34.174.19.156 - - [05/Apr/2026:21:14:33 +0200] "HEAD /wp/ HTTP/1.1" 404 0 "-" "Mozilla/5.0 (Linux; U; Android 10; en-US; CPH2015) AppleWebKit/537.36 (KHTML, like Gecko) UCBrowser/13.5.8.1311 Mobile Safari/537.36"
34.174.19.156 - - [05/Apr/2026:21:14:33 +0200] "HEAD / HTTP/1.1" 200 0 "-" "Mozilla/5.0 (Linux; Android 14; OnePlus 12) AppleWebKit/537.36 (KHTML, like Gecko) Chrome/125.0.6422.102 Mobile Safari/537.36"
34.174.19.156 - - [05/Apr/2026:21:14:34 +0200] "HEAD /wordpress/ HTTP/1.1" 404 0 "-" "Mozilla/5.0 (X11; Linux x86_64) AppleWebKit/537.36 (KHTML, like Gecko) Chrome/125.0.6422.76 Safari/537.36"
34.174.19.156 - - [05/Apr/2026:21:14:34 +0200] "HEAD /new/ HTTP/1.1" 404 0 "-" "Mozilla/5.0 (Windows NT 10.0; Win64; x64) AppleWebKit/537.36 (KHTML, like Gecko) Chrome/125.0.6422.112 Safari/537.36 Brave/1.63.120"
34.174.19.156 - - [05/Apr/2026:21:14:35 +0200] "HEAD /blog/ HTTP/1.1" 404 0 "-" "Mozilla/5.0 (Linux; Android 12; TECNO CK6n) AppleWebKit/537.36 (KHTML, like Gecko) Chrome/125.0.6422.50 Mobile Safari/537.36"
216.244.66.203 - - [05/Apr/2026:21:17:34 +0200] "GET /%D0%B4%D0%BE%D1%86-%D0%BC%D0%B0%D0%BD%D0%B4%D1%8A%D1%80%D0%BE%D0%B2-%D1%80%D0%B0%D0%B7%D0%BA%D0%B0%D1%80%D0%B0%D0%B9%D1%82%D0%B5-%D0%BD%D0%BE%D1%89-%D1%82%D0%BE%D0%B9-%D0%BD%D0%B5-%D0%BC%D0%B8/ HTTP/1.1" 200 16428 "-" "Mozilla/5.0 (compatible; DotBot/1.2; +https://opensiteexplorer.org/dotbot; help@moz.com)"
216.244.66.203 - - [05/Apr/2026:21:17:49 +0200] "GET /%D0%B4%D0%BD%D0%B5%D1%81-%D0%B5-%D0%B0%D1%80%D1%85%D0%B0%D0%BD%D0%B3%D0%B5%D0%BB%D0%BE%D0%B2%D0%B0-%D0%B7%D0%B0%D0%B4%D1%83%D1%88%D0%BD%D0%B8%D1%86%D0%B0-%D0%BF%D0%BE%D1%87%D0%B8%D1%82%D0%B0%D0%BC/ HTTP/1.1" 200 15477 "-" "Mozilla/5.0 (compatible; DotBot/1.2; +https://opensiteexplorer.org/dotbot; help@moz.com)"
216.244.66.203 - - [05/Apr/2026:21:18:07 +0200] "GET /%D0%B5%D0%B2%D1%80%D0%BE%D1%81%D1%82%D0%B0%D1%82-%D0%B1%D1%8A%D0%BB%D0%B3%D0%B0%D1%80%D0%B8%D1%8F-%D0%B5-%D1%81-%D0%BD%D0%B0%D0%B9-%D0%BD%D0%B8%D1%81%D0%BA%D0%B0-%D0%BC%D0%B8%D0%BD%D0%B8%D0%BC%D0%B0/ HTTP/1.1" 200 15257 "-" "Mozilla/5.0 (compatible; DotBot/1.2; +https://opensiteexplorer.org/dotbot; help@moz.com)"
85.208.96.204 - - [05/Apr/2026:21:24:05 +0200] "GET /%D0%BD%D1%8F%D0%BA%D0%BE%D0%B9-%D0%BC%D0%BE%D0%B6%D0%B5-%D0%BB%D0%B8-%D0%B4%D0%B0-%D0%BC%D0%B5-%D0%BE%D0%B1%D1%8F%D1%81%D0%BD%D0%B8-%D0%B8-%D1%80%D0%B0%D0%B7%D0%B1%D0%B8%D1%80%D0%B0-%D1%81%D0%B5/ HTTP/1.1" 200 26503 "-" "Mozilla/5.0 (compatible; SemrushBot/7~bl; +http://www.semrush.com/bot.html)"
157.55.39.53 - - [05/Apr/2026:21:25:17 +0200] "GET /wp-content/uploads/2019/12/d0b2-d181d18ad180d0b1d0b8d18f-d0bfd0bed0bbd0bed0b6d0b8d185d0b0-d182d180d18ad0b1d0b8d182d0b5-d0bdd0b0-d182d183d180d181d0bad0b8-d0bfd0be.jpg HTTP/1.1" 200 25060 "-" "Mozilla/5.0 AppleWebKit/537.36 (KHTML, like Gecko; compatible; bingbot/2.0; +http://www.bing.com/bingbot.htm) Chrome/116.0.1938.76 Safari/537.36"
40.77.167.152 - - [05/Apr/2026:21:27:46 +0200] "GET /wp-content/uploads/2020/01/d0b2d0b0d0bbd0b5d180d0b8-d181d0b8d0bcd0b5d0bed0bdd0bed0b2-d0b8d0b7d0bfd180d0b0d0b2d18fd0bc-d181d0b5-d181d180d0b5d189d183-d0b2d0b0d181-1.jpg HTTP/1.1" 304 0 "-" "Mozilla/5.0 AppleWebKit/537.36 (KHTML, like Gecko; compatible; bingbot/2.0; +http://www.bing.com/bingbot.htm) Chrome/116.0.1938.76 Safari/537.36"
2a03:2880:27ff:45:: - - [05/Apr/2026:21:35:52 +0200] "GET /%D0%B1%D1%8A%D0%BB%D0%B3%D0%B0%D1%80%D0%B8%D0%BD-%D0%B2%D1%8A%D0%B2-wrc-%D0%B7%D0%B0-%D1%81%D0%B5%D0%B7%D0%BE%D0%BD-2022/ HTTP/1.1" 200 14162 "-" "facebookexternalhit/1.1 (+http://www.facebook.com/externalhit_uatext.php)"
2a03:2880:27ff:5:: - - [05/Apr/2026:21:35:52 +0200] "GET /%D0%B1%D1%8A%D0%BB%D0%B3%D0%B0%D1%80%D0%B8%D0%BD-%D0%B2%D1%8A%D0%B2-wrc-%D0%B7%D0%B0-%D1%81%D0%B5%D0%B7%D0%BE%D0%BD-2022/ HTTP/1.1" 200 14162 "-" "facebookexternalhit/1.1 (+http://www.facebook.com/externalhit_uatext.php)"
2a03:2880:27ff:4:: - - [05/Apr/2026:21:35:52 +0200] "GET /%D0%B1%D1%8A%D0%BB%D0%B3%D0%B0%D1%80%D0%B8%D0%BD-%D0%B2%D1%8A%D0%B2-wrc-%D0%B7%D0%B0-%D1%81%D0%B5%D0%B7%D0%BE%D0%BD-2022/ HTTP/1.1" 200 14162 "-" "facebookexternalhit/1.1 (+http://www.facebook.com/externalhit_uatext.php)"
2a03:2880:27ff:73:: - - [05/Apr/2026:21:35:52 +0200] "GET /%D0%B1%D1%8A%D0%BB%D0%B3%D0%B0%D1%80%D0%B8%D0%BD-%D0%B2%D1%8A%D0%B2-wrc-%D0%B7%D0%B0-%D1%81%D0%B5%D0%B7%D0%BE%D0%BD-2022/ HTTP/1.1" 200 14162 "-" "facebookexternalhit/1.1 (+http://www.facebook.com/externalhit_uatext.php)"
2a03:2880:32ff:73:: - - [05/Apr/2026:21:35:53 +0200] "GET /wp-content/uploads/2021/10/246142425_592667545409894_1759675397684049090_n.png HTTP/1.1" 200 612800 "-" "facebookexternalhit/1.1 (+http://www.facebook.com/externalhit_uatext.php)"
40.77.167.79 - - [05/Apr/2026:21:36:47 +0200] "GET /wp-content/uploads/2021/07/phpjar7dp_800x_.jpg HTTP/1.1" 304 0 "-" "Mozilla/5.0 AppleWebKit/537.36 (KHTML, like Gecko; compatible; bingbot/2.0; +http://www.bing.com/bingbot.htm) Chrome/116.0.1938.76 Safari/537.36"
37.59.204.158 - - [05/Apr/2026:21:38:23 +0200] "GET /wp-content/uploads/2020/01/d0b1d0bed0b6d0bad0bed0b2-d0b4d18ad180d0b6d0b0d0b2d0bdd0b8d18fd182-d0b0d0bfd0b0d180d0b0d182-d0bed0bfd0b8d182d0b2d0b0-d0b4d0b0-d183d0bd.jpg HTTP/1.1" 200 19230 "-" "Mozilla/5.0 (compatible; AhrefsBot/7.0; +http://ahrefs.com/robot/)"
85.208.96.196 - - [05/Apr/2026:21:38:26 +0200] "GET /%D1%82%D1%80%D0%B0%D0%BD%D1%81%D0%BF%D0%BE%D1%80%D1%82%D0%BD%D0%B8-%D1%84%D0%B8%D1%80%D0%BC%D0%B8-%D0%BF%D1%80%D0%BE%D0%B4%D0%B0%D0%B2%D0%B0%D1%82-%D0%B0%D0%B2%D1%82%D0%BE%D0%B1%D1%83%D1%81%D0%B8/ HTTP/1.1" 200 14811 "-" "Mozilla/5.0 (compatible; SemrushBot/7~bl; +http://www.semrush.com/bot.html)"
152.42.184.122 - - [05/Apr/2026:21:39:29 +0200] "GET /wp-admin/css/ HTTP/1.1" 200 1823 "binance.com" "Mozilla/5.0 (Windows NT 10.0; Win64; x64) AppleWebKit/537.36 (KHTML, like Gecko) Chrome/90.0.4430.85 Safari/537.36"
152.42.184.122 - - [05/Apr/2026:21:39:31 +0200] "GET /wp-content/uploads/2026/03/ HTTP/1.1" 200 359 "binance.com" "Mozilla/5.0 (Windows NT 10.0; Win64; x64) AppleWebKit/537.36 (KHTML, like Gecko) Chrome/90.0.4430.85 Safari/537.36"
152.42.184.122 - - [05/Apr/2026:21:39:36 +0200] "GET /wp-content/uploads/2026/02/ HTTP/1.1" 200 708 "binance.com" "Mozilla/5.0 (Windows NT 10.0; Win64; x64) AppleWebKit/537.36 (KHTML, like Gecko) Chrome/90.0.4430.85 Safari/537.36"
152.42.184.122 - - [05/Apr/2026:21:39:45 +0200] "GET /wp-content/uploads/ HTTP/1.1" 200 536 "binance.com" "Mozilla/5.0 (Windows NT 10.0; Win64; x64) AppleWebKit/537.36 (KHTML, like Gecko) Chrome/90.0.4430.85 Safari/537.36"
152.42.184.122 - - [05/Apr/2026:21:39:46 +0200] "GET /wp-content/upgrade/ HTTP/1.1" 200 352 "binance.com" "Mozilla/5.0 (Windows NT 10.0; Win64; x64) AppleWebKit/537.36 (KHTML, like Gecko) Chrome/90.0.4430.85 Safari/537.36"
152.42.184.122 - - [05/Apr/2026:21:39:48 +0200] "GET /wp-content/languages/ HTTP/1.1" 200 550 "binance.com" "Mozilla/5.0 (Windows NT 10.0; Win64; x64) AppleWebKit/537.36 (KHTML, like Gecko) Chrome/90.0.4430.85 Safari/537.36"
152.42.184.122 - - [05/Apr/2026:21:39:51 +0200] "GET /wp-admin/includes/ HTTP/1.1" 200 2309 "binance.com" "Mozilla/5.0 (Windows NT 10.0; Win64; x64) AppleWebKit/537.36 (KHTML, like Gecko) Chrome/90.0.4430.85 Safari/537.36"
152.42.184.122 - - [05/Apr/2026:21:39:53 +0200] "GET /wp-admin/includes/ HTTP/1.1" 200 2309 "binance.com" "Mozilla/5.0 (Windows NT 10.0; Win64; x64) AppleWebKit/537.36 (KHTML, like Gecko) Chrome/90.0.4430.85 Safari/537.36"
152.42.184.122 - - [05/Apr/2026:21:39:56 +0200] "GET /wp-admin/maint/ HTTP/1.1" 200 391 "binance.com" "Mozilla/5.0 (Windows NT 10.0; Win64; x64) AppleWebKit/537.36 (KHTML, like Gecko) Chrome/90.0.4430.85 Safari/537.36"
152.42.184.122 - - [05/Apr/2026:21:39:58 +0200] "GET /wp-admin/maint/ HTTP/1.1" 200 391 "binance.com" "Mozilla/5.0 (Windows NT 10.0; Win64; x64) AppleWebKit/537.36 (KHTML, like Gecko) Chrome/90.0.4430.85 Safari/537.36"
152.42.184.122 - - [05/Apr/2026:21:40:00 +0200] "GET /wp-admin/network/ HTTP/1.1" 302 0 "binance.com" "Mozilla/5.0 (Windows NT 10.0; Win64; x64) AppleWebKit/537.36 (KHTML, like Gecko) Chrome/90.0.4430.85 Safari/537.36"
152.42.184.122 - - [05/Apr/2026:21:40:05 +0200] "GET /wp-admin/user/ HTTP/1.1" 302 0 "binance.com" "Mozilla/5.0 (Windows NT 10.0; Win64; x64) AppleWebKit/537.36 (KHTML, like Gecko) Chrome/90.0.4430.85 Safari/537.36"
152.42.184.122 - - [05/Apr/2026:21:40:12 +0200] "GET /wp-admin/css/ HTTP/1.1" 200 1823 "binance.com" "Mozilla/5.0 (Windows NT 10.0; Win64; x64) AppleWebKit/537.36 (KHTML, like Gecko) Chrome/90.0.4430.85 Safari/537.36"
152.42.184.122 - - [05/Apr/2026:21:40:13 +0200] "GET /wp-admin/css/colors/ HTTP/1.1" 200 560 "binance.com" "Mozilla/5.0 (Windows NT 10.0; Win64; x64) AppleWebKit/537.36 (KHTML, like Gecko) Chrome/90.0.4430.85 Safari/537.36"
152.42.184.122 - - [05/Apr/2026:21:40:15 +0200] "GET /wp-admin/css/colors/blue/ HTTP/1.1" 200 466 "binance.com" "Mozilla/5.0 (Windows NT 10.0; Win64; x64) AppleWebKit/537.36 (KHTML, like Gecko) Chrome/90.0.4430.85 Safari/537.36"
152.42.184.122 - - [05/Apr/2026:21:40:17 +0200] "GET /wp-admin/css/colors/coffee/ HTTP/1.1" 200 474 "binance.com" "Mozilla/5.0 (Windows NT 10.0; Win64; x64) AppleWebKit/537.36 (KHTML, like Gecko) Chrome/90.0.4430.85 Safari/537.36"
152.42.184.122 - - [05/Apr/2026:21:40:19 +0200] "GET /wp-admin/css/colors/ectoplasm/ HTTP/1.1" 200 475 "binance.com" "Mozilla/5.0 (Windows NT 10.0; Win64; x64) AppleWebKit/537.36 (KHTML, like Gecko) Chrome/90.0.4430.85 Safari/537.36"
152.42.184.122 - - [05/Apr/2026:21:40:21 +0200] "GET /wp-admin/css/colors/light/ HTTP/1.1" 200 464 "binance.com" "Mozilla/5.0 (Windows NT 10.0; Win64; x64) AppleWebKit/537.36 (KHTML, like Gecko) Chrome/90.0.4430.85 Safari/537.36"
152.42.184.122 - - [05/Apr/2026:21:40:23 +0200] "GET /wp-admin/css/colors/midnight/ HTTP/1.1" 200 474 "binance.com" "Mozilla/5.0 (Windows NT 10.0; Win64; x64) AppleWebKit/537.36 (KHTML, like Gecko) Chrome/90.0.4430.85 Safari/537.36"
152.42.184.122 - - [05/Apr/2026:21:40:25 +0200] "GET /wp-admin/css/colors/modern/ HTTP/1.1" 404 5512 "binance.com" "Mozilla/5.0 (Windows NT 10.0; Win64; x64) AppleWebKit/537.36 (KHTML, like Gecko) Chrome/90.0.4430.85 Safari/537.36"
152.42.184.122 - - [05/Apr/2026:21:40:27 +0200] "GET /wp-admin/css/colors/ocean/ HTTP/1.1" 200 474 "binance.com" "Mozilla/5.0 (Windows NT 10.0; Win64; x64) AppleWebKit/537.36 (KHTML, like Gecko) Chrome/90.0.4430.85 Safari/537.36"
152.42.184.122 - - [05/Apr/2026:21:40:30 +0200] "GET /wp-admin/css/colors/sunrise/%20 HTTP/1.1" 301 0 "binance.com" "Mozilla/5.0 (Windows NT 10.0; Win64; x64) AppleWebKit/537.36 (KHTML, like Gecko) Chrome/90.0.4430.85 Safari/537.36"
152.42.184.122 - - [05/Apr/2026:21:40:30 +0200] "GET /wp-admin/css/colors/sunrise/ HTTP/1.1" 200 476 "binance.com" "Mozilla/5.0 (Windows NT 10.0; Win64; x64) AppleWebKit/537.36 (KHTML, like Gecko) Chrome/90.0.4430.85 Safari/537.36"
152.42.184.122 - - [05/Apr/2026:21:40:32 +0200] "GET /wp-admin/images/ HTTP/1.1" 200 1518 "binance.com" "Mozilla/5.0 (Windows NT 10.0; Win64; x64) AppleWebKit/537.36 (KHTML, like Gecko) Chrome/90.0.4430.85 Safari/537.36"
152.42.184.122 - - [05/Apr/2026:21:40:34 +0200] "GET /wp-admin/js/ HTTP/1.1" 200 2107 "binance.com" "Mozilla/5.0 (Windows NT 10.0; Win64; x64) AppleWebKit/537.36 (KHTML, like Gecko) Chrome/90.0.4430.85 Safari/537.36"
152.42.184.122 - - [05/Apr/2026:21:40:35 +0200] "GET /wp-admin/js/widgets/ HTTP/1.1" 200 672 "binance.com" "Mozilla/5.0 (Windows NT 10.0; Win64; x64) AppleWebKit/537.36 (KHTML, like Gecko) Chrome/90.0.4430.85 Safari/537.36"
161.97.137.93 - - [05/Apr/2026:21:40:39 +0200] "POST /wp-cron.php?doing_wp_cron=1775418039.6210060119628906250000 HTTP/1.1" 404 5512 "http://bultimes.info/wp-cron.php?doing_wp_cron=1775418039.6210060119628906250000" "WordPress/4.9.26; https://bultimes.info"
216.244.66.203 - - [05/Apr/2026:21:40:40 +0200] "GET /robots.txt HTTP/1.1" 200 80 "-" "Mozilla/5.0 (compatible; DotBot/1.2; +https://opensiteexplorer.org/dotbot; help@moz.com)"
152.42.184.122 - - [05/Apr/2026:21:40:40 +0200] "GET /wp-includes/ HTTP/1.1" 200 3986 "binance.com" "Mozilla/5.0 (Windows NT 10.0; Win64; x64) AppleWebKit/537.36 (KHTML, like Gecko) Chrome/90.0.4430.85 Safari/537.36"
152.42.184.122 - - [05/Apr/2026:21:40:42 +0200] "GET /wp-includes/ HTTP/1.1" 200 3986 "binance.com" "Mozilla/5.0 (Windows NT 10.0; Win64; x64) AppleWebKit/537.36 (KHTML, like Gecko) Chrome/90.0.4430.85 Safari/537.36"
152.42.184.122 - - [05/Apr/2026:21:40:47 +0200] "GET /wp-includes/ID3/ HTTP/1.1" 200 734 "binance.com" "Mozilla/5.0 (Windows NT 10.0; Win64; x64) AppleWebKit/537.36 (KHTML, like Gecko) Chrome/90.0.4430.85 Safari/537.36"
34.7.229.149 - - [05/Apr/2026:21:40:47 +0200] "GET / HTTP/1.1" 200 14620 "-" "Mozilla/5.0 (Macintosh; Intel Mac OS X 10_15_7) AppleWebKit/537.36 (KHTML, like Gecko) Chrome/142.0.0.0 Whale/4.35.351.16 Safari/537.36"
34.90.250.11 - - [05/Apr/2026:21:40:47 +0200] "GET /%D1%80%D0%B0%D0%B4%D0%B5%D0%B2-%D1%80%D0%B5%D1%88%D0%B5%D0%BD%D0%B8%D0%B5%D1%82%D0%BE-%D0%B7%D0%B0-%D0%BF%D1%80%D0%B8%D0%B5%D0%BC%D0%B0%D0%BD%D0%B5%D1%82%D0%BE-%D0%BD%D0%B0-%D0%B5%D0%B2%D1%80%D0%BE HTTP/1.1" 301 0 "-" "Mozilla/5.0 (Windows NT 10.0; Win64; x64) AppleWebKit/537.36 (KHTML, like Gecko) Chrome/144.0.0.0 Safari/537.36 coc_coc_browser/150.0.0"
34.34.101.214 - - [05/Apr/2026:21:40:47 +0200] "GET /%D0%BC%D0%BE%D0%BD%D0%B5%D1%82%D0%B8%D1%82%D0%B5-%D0%B3%D0%BE%D0%B2%D0%BE%D1%80%D1%8F%D1%82-%D1%81%D1%82%D0%B5%D1%84%D0%B0%D0%BD-%D0%BF%D1%80%D0%BE%D0%B9%D0%BD%D0%BE%D0%B2-%D0%B4%D0%B5%D0%BD%D0%B2 HTTP/1.1" 301 0 "-" "Mozilla/5.0 (X11; CrOS x86_64 14541.0.0) AppleWebKit/537.36 (KHTML, like Gecko) Chrome/119.0.0.0 Safari/537.36"
34.7.86.251 - - [05/Apr/2026:21:40:47 +0200] "GET /%D0%B2%D0%BE%D0%B9%D0%BD%D0%B0%D1%82%D0%B0-%D0%BD%D0%B0-%D1%81%D0%B0%D0%BB%D0%B2%D0%B8%D0%BD%D0%B8-%D0%B8-%D0%BC%D0%B0%D0%BA%D1%80%D0%BE%D0%BD-%D0%BF%D1%80%D0%BE%D0%B4%D1%8A%D0%BB%D0%B6%D0%B0%D0%B2 HTTP/1.1" 301 0 "-" "Mozilla/5.0 (Windows NT 10.0; Win64; x64) AppleWebKit/537.36 (KHTML, like Gecko) Chrome/103.0.5060.134 Safari/537.36"
34.32.216.109 - - [05/Apr/2026:21:40:47 +0200] "GET /%D1%80%D1%83%D0%BC%D0%B5%D0%BD-%D1%80%D0%B0%D0%B4%D0%B5%D0%B2-%D1%81%D0%B5-%D0%B2%D0%BA%D0%BB%D1%8E%D1%87%D0%B8-%D0%B8%D0%B7%D0%B2%D1%8A%D0%BD%D1%80%D0%B5%D0%B4%D0%BD%D0%BE-%D0%B8-%D0%BF%D0%BE%D1%82 HTTP/1.1" 301 0 "-" "Mozilla/5.0 (Windows NT 10.0; Win64; x64) AppleWebKit/537.36 (KHTML, like Gecko) Chrome/58.0.3029.110 Safari/537.3"
34.7.86.251 - - [05/Apr/2026:21:40:47 +0200] "GET /category/%D0%B1%D1%8A%D0%BB%D0%B3%D0%B0%D1%80%D0%B8%D1%8F HTTP/1.1" 301 0 "-" "Mozilla/5.0 (Macintosh; Intel Mac OS X 10_15_7) AppleWebKit/605.1.15 (KHTML, like Gecko) Version/17.14 Safari/605.1.15"
34.7.229.149 - - [05/Apr/2026:21:40:47 +0200] "GET /%D0%B2%D0%BB%D0%B0%D0%B4%D0%BE-%D0%BD%D0%B8%D0%BA%D0%BE%D0%BB%D0%BE%D0%B2-%D0%BE%D1%82%D0%B2%D1%8A%D1%80%D0%BD%D0%B0-%D0%BD%D0%B0-%D0%BE%D0%B1%D0%B8%D0%B4%D0%B8%D1%82%D0%B5-%D1%85%D0%BE%D1%80%D0%B0 HTTP/1.1" 301 0 "-" "Mozilla/5.0 (Windows NT 10.0; Win64; x64) AppleWebKit/537.36 (KHTML, like Gecko) Chrome/144.0.0.0 Safari/537.36 CravingExplorer/2.11.17"
34.158.109.147 - - [05/Apr/2026:21:40:47 +0200] "GET /%D1%81%D0%B8%D1%82%D1%83%D0%B0%D1%86%D0%B8%D1%8F%D1%82%D0%B0-%D0%B2-%D0%B1%D1%8A%D0%BB%D0%B3%D0%B0%D1%80%D0%B8%D1%8F-%D0%B5-%D1%82%D1%80%D0%B0%D0%B3%D0%B8%D1%87%D0%BD%D0%B0-%D0%B8%D0%BC%D0%B0%D0%BC HTTP/1.1" 301 0 "-" "Mozilla/5.0 (Windows NT 10.0; Win64; x64) AppleWebKit/537.36 (KHTML, like Gecko) Chrome/86.0.4240.198 Safari/537.36"
34.32.148.131 - - [05/Apr/2026:21:40:47 +0200] "GET /%D1%81%D1%82%D0%B5%D1%84%D0%B0%D0%BD-%D0%BF%D1%80%D0%BE%D0%B9%D0%BD%D0%BE%D0%B2-%D1%85%D0%B8%D0%B1%D1%80%D0%B8%D0%B4%D0%BD%D0%B8-%D0%B2%D0%BE%D0%B9%D0%BD%D0%B8-%D0%B2-%D0%BD%D1%83%D0%BC%D0%B8%D0%B7 HTTP/1.1" 301 0 "-" "Mozilla/5.0 (Windows NT 10.0) AppleWebKit/537.36 (KHTML, like Gecko) Chrome/142.0.7444.163 Safari/537.36"
34.7.86.251 - - [05/Apr/2026:21:40:48 +0200] "GET /%D0%B8%D0%BA%D0%BE%D0%BD%D0%BE%D0%BC%D0%B8%D1%81%D1%82-%D0%B5%D0%B2%D1%80%D0%BE%D0%B7%D0%BE%D0%BD%D0%B0%D1%82%D0%B0-%D0%B8%D0%B4%D0%B2%D0%B0-%D0%B0-%D1%81%D0%BB%D0%B5%D0%B4-%D0%BF%D1%80%D0%B0%D0%B7 HTTP/1.1" 301 0 "-" "Mozilla/5.0 (Windows NT 10.0; Win64; x64; rv:149.0) Gecko/20100101 Firefox/149.0"
34.32.216.109 - - [05/Apr/2026:21:40:48 +0200] "GET /%D1%81%D0%BF%D0%B0%D1%81%D0%B8%D1%85%D0%B0-%D0%B8%D0%B7%D0%BA%D0%BB%D1%8E%D1%87%D0%B8%D1%82%D0%B5%D0%BB%D0%BD%D0%BE-%D1%80%D1%8F%D0%B4%D1%8A%D0%BA-%D0%BF%D0%B5%D1%87%D0%B0%D1%82-%D0%BD%D0%B0-%D0%BF HTTP/1.1" 301 0 "-" "Mozilla/5.0 (X11; Linux x86_64; rv:121.0) Gecko/20100101 Firefox/121.0"
34.32.216.109 - - [05/Apr/2026:21:40:48 +0200] "GET /category/%D0%B1%D0%B0%D0%B9-%D1%82%D0%BE%D1%88%D0%BE HTTP/1.1" 301 0 "-" "Mozilla/5.0 (Windows NT 10.0; Win64; x64) AppleWebKit/537.36 (KHTML, like Gecko) Chrome/137.0.0.0 Safari/537.36 OPR/121.0.0.0"
34.158.109.147 - - [05/Apr/2026:21:40:48 +0200] "GET /category/%D0%BD%D0%BE%D0%B2%D0%B8%D0%BD%D0%B8 HTTP/1.1" 301 0 "-" "Mozilla/5.0 (Windows NT 10.0; Win64; x64) AppleWebKit/537.36 (KHTML, like Gecko) Chrome/145.0.7632.6 Safari/537.36"
34.90.250.11 - - [05/Apr/2026:21:40:48 +0200] "GET /%D1%80%D0%B0%D0%B4%D0%B5%D0%B2-%D1%80%D0%B5%D1%88%D0%B5%D0%BD%D0%B8%D0%B5%D1%82%D0%BE-%D0%B7%D0%B0-%D0%BF%D1%80%D0%B8%D0%B5%D0%BC%D0%B0%D0%BD%D0%B5%D1%82%D0%BE-%D0%BD%D0%B0-%D0%B5%D0%B2%D1%80%D0%BE/ HTTP/1.1" 200 20219 "-" "Mozilla/5.0 (Windows NT 10.0; Win64; x64) AppleWebKit/537.36 (KHTML, like Gecko) Chrome/144.0.0.0 Safari/537.36 coc_coc_browser/150.0.0"
34.34.101.214 - - [05/Apr/2026:21:40:48 +0200] "GET /%D0%BC%D0%BE%D0%BD%D0%B5%D1%82%D0%B8%D1%82%D0%B5-%D0%B3%D0%BE%D0%B2%D0%BE%D1%80%D1%8F%D1%82-%D1%81%D1%82%D0%B5%D1%84%D0%B0%D0%BD-%D0%BF%D1%80%D0%BE%D0%B9%D0%BD%D0%BE%D0%B2-%D0%B4%D0%B5%D0%BD%D0%B2/ HTTP/1.1" 200 16699 "-" "Mozilla/5.0 (X11; CrOS x86_64 14541.0.0) AppleWebKit/537.36 (KHTML, like Gecko) Chrome/119.0.0.0 Safari/537.36"
34.7.86.251 - - [05/Apr/2026:21:40:48 +0200] "GET /%D0%B2%D0%BE%D0%B9%D0%BD%D0%B0%D1%82%D0%B0-%D0%BD%D0%B0-%D1%81%D0%B0%D0%BB%D0%B2%D0%B8%D0%BD%D0%B8-%D0%B8-%D0%BC%D0%B0%D0%BA%D1%80%D0%BE%D0%BD-%D0%BF%D1%80%D0%BE%D0%B4%D1%8A%D0%BB%D0%B6%D0%B0%D0%B2/ HTTP/1.1" 200 19153 "-" "Mozilla/5.0 (Windows NT 10.0; Win64; x64) AppleWebKit/537.36 (KHTML, like Gecko) Chrome/103.0.5060.134 Safari/537.36"
34.32.216.109 - - [05/Apr/2026:21:40:48 +0200] "GET /%D1%80%D1%83%D0%BC%D0%B5%D0%BD-%D1%80%D0%B0%D0%B4%D0%B5%D0%B2-%D1%81%D0%B5-%D0%B2%D0%BA%D0%BB%D1%8E%D1%87%D0%B8-%D0%B8%D0%B7%D0%B2%D1%8A%D0%BD%D1%80%D0%B5%D0%B4%D0%BD%D0%BE-%D0%B8-%D0%BF%D0%BE%D1%82/ HTTP/1.1" 200 21139 "-" "Mozilla/5.0 (Windows NT 10.0; Win64; x64) AppleWebKit/537.36 (KHTML, like Gecko) Chrome/58.0.3029.110 Safari/537.3"
34.7.86.251 - - [05/Apr/2026:21:40:48 +0200] "GET /category/%D0%B1%D1%8A%D0%BB%D0%B3%D0%B0%D1%80%D0%B8%D1%8F/ HTTP/1.1" 200 15621 "-" "Mozilla/5.0 (Macintosh; Intel Mac OS X 10_15_7) AppleWebKit/605.1.15 (KHTML, like Gecko) Version/17.14 Safari/605.1.15"
152.42.184.122 - - [05/Apr/2026:21:40:48 +0200] "GET /wp-includes/ID3/ HTTP/1.1" 200 734 "binance.com" "Mozilla/5.0 (Windows NT 10.0; Win64; x64) AppleWebKit/537.36 (KHTML, like Gecko) Chrome/90.0.4430.85 Safari/537.36"
34.7.229.149 - - [05/Apr/2026:21:40:49 +0200] "GET /%D0%B2%D0%BB%D0%B0%D0%B4%D0%BE-%D0%BD%D0%B8%D0%BA%D0%BE%D0%BB%D0%BE%D0%B2-%D0%BE%D1%82%D0%B2%D1%8A%D1%80%D0%BD%D0%B0-%D0%BD%D0%B0-%D0%BE%D0%B1%D0%B8%D0%B4%D0%B8%D1%82%D0%B5-%D1%85%D0%BE%D1%80%D0%B0/ HTTP/1.1" 200 20739 "-" "Mozilla/5.0 (Windows NT 10.0; Win64; x64) AppleWebKit/537.36 (KHTML, like Gecko) Chrome/144.0.0.0 Safari/537.36 CravingExplorer/2.11.17"
34.158.109.147 - - [05/Apr/2026:21:40:49 +0200] "GET /%D1%81%D0%B8%D1%82%D1%83%D0%B0%D1%86%D0%B8%D1%8F%D1%82%D0%B0-%D0%B2-%D0%B1%D1%8A%D0%BB%D0%B3%D0%B0%D1%80%D0%B8%D1%8F-%D0%B5-%D1%82%D1%80%D0%B0%D0%B3%D0%B8%D1%87%D0%BD%D0%B0-%D0%B8%D0%BC%D0%B0%D0%BC/ HTTP/1.1" 200 21318 "-" "Mozilla/5.0 (Windows NT 10.0; Win64; x64) AppleWebKit/537.36 (KHTML, like Gecko) Chrome/86.0.4240.198 Safari/537.36"
34.141.212.55 - - [05/Apr/2026:21:40:49 +0200] "GET /%D0%BF%D1%80%D0%B5%D0%B7%D0%B8%D0%B4%D0%B5%D0%BD%D1%82%D1%8A%D1%82-%D0%B9%D0%BE%D1%82%D0%BE%D0%B2%D0%B0-%D1%81-%D0%B8%D0%B7%D0%BD%D0%B5%D0%BD%D0%B0%D0%B4%D0%B2%D0%B0%D1%89-%D1%85%D0%BE%D0%B4 HTTP/1.1" 301 0 "-" "Mozilla/5.0 (Windows NT 6.2; Win64; x64) AppleWebKit/537.36 (KHTML, like Gecko) Chrome/139.0.0.0 Safari/537.36"
34.32.148.131 - - [05/Apr/2026:21:40:49 +0200] "GET /%D1%81%D1%82%D0%B5%D1%84%D0%B0%D0%BD-%D0%BF%D1%80%D0%BE%D0%B9%D0%BD%D0%BE%D0%B2-%D1%85%D0%B8%D0%B1%D1%80%D0%B8%D0%B4%D0%BD%D0%B8-%D0%B2%D0%BE%D0%B9%D0%BD%D0%B8-%D0%B2-%D0%BD%D1%83%D0%BC%D0%B8%D0%B7/ HTTP/1.1" 200 15995 "-" "Mozilla/5.0 (Windows NT 10.0) AppleWebKit/537.36 (KHTML, like Gecko) Chrome/142.0.7444.163 Safari/537.36"
34.7.86.251 - - [05/Apr/2026:21:40:49 +0200] "GET /%D0%B8%D0%BA%D0%BE%D0%BD%D0%BE%D0%BC%D0%B8%D1%81%D1%82-%D0%B5%D0%B2%D1%80%D0%BE%D0%B7%D0%BE%D0%BD%D0%B0%D1%82%D0%B0-%D0%B8%D0%B4%D0%B2%D0%B0-%D0%B0-%D1%81%D0%BB%D0%B5%D0%B4-%D0%BF%D1%80%D0%B0%D0%B7/ HTTP/1.1" 200 22130 "-" "Mozilla/5.0 (Windows NT 10.0; Win64; x64; rv:149.0) Gecko/20100101 Firefox/149.0"
34.7.229.149 - - [05/Apr/2026:21:40:49 +0200] "GET /%D1%80%D0%B0%D0%B4%D0%B5%D0%B2-%D0%BF%D1%80%D0%B5%D0%B4-%D0%B1%D0%B5%D1%80%D0%BB%D0%B8%D0%BD%D0%B5%D1%80-%D1%86%D0%B0%D0%B9%D1%82%D1%83%D0%BD%D0%B3-%D1%82%D1%80%D1%8F%D0%B1%D0%B2 HTTP/1.1" 301 0 "-" "Mozilla/5.0 (X11; Linux x86_64) AppleWebKit/537.36 (KHTML, like Gecko) Chrome/119.0.0.0 Safari/537.36"
34.158.109.147 - - [05/Apr/2026:21:40:49 +0200] "GET /category/%D0%B8%D1%81%D1%82%D0%BE%D1%80%D0%B8%D1%8F HTTP/1.1" 301 0 "-" "Mozilla/5.0 (Macintosh; Intel Mac OS X 10_15_6) AppleWebKit/605.1.15 (KHTML, like Gecko)"
34.32.148.131 - - [05/Apr/2026:21:40:49 +0200] "GET /%D0%BD%D0%B8%D0%BA%D0%BE%D0%BB%D0%B0%D0%B9-%D0%B2%D0%B0%D1%81%D0%B8%D0%BB%D0%B5%D0%B2-%D0%B8%D0%B7%D0%BF%D1%8A%D0%BB%D0%BD%D0%B8%D1%85%D0%BC%D0%B5-%D0%B5%D0%B4%D0%BD%D0%B0-%D0%BC%D0%B5%D1%87%D1%82 HTTP/1.1" 301 0 "-" "Mozilla/5.0 (Windows NT 6.1; Win64; x64) AppleWebKit/537.36 (KHTML, like Gecko) Chrome/67.0.3396.87 Safari/537.36"
34.32.216.109 - - [05/Apr/2026:21:40:49 +0200] "GET /%D1%81%D0%BF%D0%B0%D1%81%D0%B8%D1%85%D0%B0-%D0%B8%D0%B7%D0%BA%D0%BB%D1%8E%D1%87%D0%B8%D1%82%D0%B5%D0%BB%D0%BD%D0%BE-%D1%80%D1%8F%D0%B4%D1%8A%D0%BA-%D0%BF%D0%B5%D1%87%D0%B0%D1%82-%D0%BD%D0%B0-%D0%BF/ HTTP/1.1" 200 16802 "-" "Mozilla/5.0 (X11; Linux x86_64; rv:121.0) Gecko/20100101 Firefox/121.0"
34.7.86.251 - - [05/Apr/2026:21:40:49 +0200] "GET /%D0%BF%D0%BE%D1%81%D0%BE%D1%87%D0%B8%D1%85%D0%B0-2-%D0%BD%D0%BE%D0%B2%D0%B8-%D0%B2%D0%B0%D1%80%D0%B8%D0%B0%D0%BD%D1%82%D0%B0-%D0%B7%D0%B0-%D0%B8%D0%BC%D0%B5%D1%82%D0%BE-%D0%BD%D0%B0-%D0%BA%D0%BE%D0%B0 HTTP/1.1" 301 0 "-" "Mozilla/5.0 (Windows NT 10.0; Win64; x64) AppleWebKit/537.36 (KHTML, like Gecko) Chrome/108.0.0.0 Safari/537.36 Medal/4.3156.0"
34.32.216.109 - - [05/Apr/2026:21:40:49 +0200] "GET /category/%D0%B1%D0%B0%D0%B9-%D1%82%D0%BE%D1%88%D0%BE/ HTTP/1.1" 200 17209 "-" "Mozilla/5.0 (Windows NT 10.0; Win64; x64) AppleWebKit/537.36 (KHTML, like Gecko) Chrome/137.0.0.0 Safari/537.36 OPR/121.0.0.0"
34.158.109.147 - - [05/Apr/2026:21:40:49 +0200] "GET /category/%D0%BD%D0%BE%D0%B2%D0%B8%D0%BD%D0%B8/ HTTP/1.1" 200 15555 "-" "Mozilla/5.0 (Windows NT 10.0; Win64; x64) AppleWebKit/537.36 (KHTML, like Gecko) Chrome/145.0.7632.6 Safari/537.36"
34.7.86.251 - - [05/Apr/2026:21:40:49 +0200] "GET /%D0%B8%D0%B7%D0%B2%D1%8A%D0%BD%D1%80%D0%B5%D0%B4%D0%BD%D0%BE-%D0%B2%D0%BA%D0%BB%D1%8E%D1%87%D0%B2%D0%B0%D0%BD%D0%B5-%D0%BE%D1%82-%D1%80%D1%83%D0%BC%D0%B5%D0%BD-%D1%80%D0%B0%D0%B4%D0%B5%D0%B2-%D0%B8 HTTP/1.1" 301 0 "-" "Mozilla/5.0 (Macintosh; Intel Mac OS X 10_15_7) AppleWebKit/537.36 (KHTML, like Gecko) Chrome/140.0.0.0 Safari/537.36"
34.7.229.149 - - [05/Apr/2026:21:40:50 +0200] "GET /%D1%80%D0%B0%D0%B4%D0%B5%D0%B2-%D0%BF%D1%80%D0%B5%D0%B4-%D0%B1%D0%B5%D1%80%D0%BB%D0%B8%D0%BD%D0%B5%D1%80-%D1%86%D0%B0%D0%B9%D1%82%D1%83%D0%BD%D0%B3-%D1%82%D1%80%D1%8F%D0%B1%D0%B2/ HTTP/1.1" 200 21508 "-" "Mozilla/5.0 (X11; Linux x86_64) AppleWebKit/537.36 (KHTML, like Gecko) Chrome/119.0.0.0 Safari/537.36"
34.141.212.55 - - [05/Apr/2026:21:40:50 +0200] "GET /%D0%BF%D1%80%D0%B5%D0%B7%D0%B8%D0%B4%D0%B5%D0%BD%D1%82%D1%8A%D1%82-%D0%B9%D0%BE%D1%82%D0%BE%D0%B2%D0%B0-%D1%81-%D0%B8%D0%B7%D0%BD%D0%B5%D0%BD%D0%B0%D0%B4%D0%B2%D0%B0%D1%89-%D1%85%D0%BE%D0%B4/ HTTP/1.1" 200 20330 "-" "Mozilla/5.0 (Windows NT 6.2; Win64; x64) AppleWebKit/537.36 (KHTML, like Gecko) Chrome/139.0.0.0 Safari/537.36"
34.158.109.147 - - [05/Apr/2026:21:40:50 +0200] "GET /category/%D0%B8%D1%81%D1%82%D0%BE%D1%80%D0%B8%D1%8F/ HTTP/1.1" 200 14423 "-" "Mozilla/5.0 (Macintosh; Intel Mac OS X 10_15_6) AppleWebKit/605.1.15 (KHTML, like Gecko)"
34.32.148.131 - - [05/Apr/2026:21:40:50 +0200] "GET /%D0%BD%D0%B8%D0%BA%D0%BE%D0%BB%D0%B0%D0%B9-%D0%B2%D0%B0%D1%81%D0%B8%D0%BB%D0%B5%D0%B2-%D0%B8%D0%B7%D0%BF%D1%8A%D0%BB%D0%BD%D0%B8%D1%85%D0%BC%D0%B5-%D0%B5%D0%B4%D0%BD%D0%B0-%D0%BC%D0%B5%D1%87%D1%82/ HTTP/1.1" 200 19828 "-" "Mozilla/5.0 (Windows NT 6.1; Win64; x64) AppleWebKit/537.36 (KHTML, like Gecko) Chrome/67.0.3396.87 Safari/537.36"
34.7.86.251 - - [05/Apr/2026:21:40:50 +0200] "GET /%D0%BF%D0%BE%D1%81%D0%BE%D1%87%D0%B8%D1%85%D0%B0-2-%D0%BD%D0%BE%D0%B2%D0%B8-%D0%B2%D0%B0%D1%80%D0%B8%D0%B0%D0%BD%D1%82%D0%B0-%D0%B7%D0%B0-%D0%B8%D0%BC%D0%B5%D1%82%D0%BE-%D0%BD%D0%B0-%D0%BA%D0%BE%D0%B0/ HTTP/1.1" 200 19750 "-" "Mozilla/5.0 (Windows NT 10.0; Win64; x64) AppleWebKit/537.36 (KHTML, like Gecko) Chrome/108.0.0.0 Safari/537.36 Medal/4.3156.0"
34.7.86.251 - - [05/Apr/2026:21:40:50 +0200] "GET /%D0%B8%D0%B7%D0%B2%D1%8A%D0%BD%D1%80%D0%B5%D0%B4%D0%BD%D0%BE-%D0%B2%D0%BA%D0%BB%D1%8E%D1%87%D0%B2%D0%B0%D0%BD%D0%B5-%D0%BE%D1%82-%D1%80%D1%83%D0%BC%D0%B5%D0%BD-%D1%80%D0%B0%D0%B4%D0%B5%D0%B2-%D0%B8/ HTTP/1.1" 200 21031 "-" "Mozilla/5.0 (Macintosh; Intel Mac OS X 10_15_7) AppleWebKit/537.36 (KHTML, like Gecko) Chrome/140.0.0.0 Safari/537.36"
152.42.184.122 - - [05/Apr/2026:21:40:51 +0200] "GET /wp-includes/IXR/ HTTP/1.1" 200 584 "binance.com" "Mozilla/5.0 (Windows NT 10.0; Win64; x64) AppleWebKit/537.36 (KHTML, like Gecko) Chrome/90.0.4430.85 Safari/537.36"
34.7.86.251 - - [05/Apr/2026:21:40:51 +0200] "GET /%D0%BD%D0%B5%D1%88%D0%BA%D0%B0-%D1%80%D0%BE%D0%B1%D0%B5%D0%B2%D0%B0-%D0%B2-%D0%BF%D0%BE%D0%B4%D0%BA%D0%B0%D1%81%D1%82%D0%B0-%D0%BD%D0%B0-%D1%8F%D0%B2%D0%BE%D1%80-%D0%B4%D0%B0%D1%87%D0%BA%D0%BE%D0%B2 HTTP/1.1" 301 0 "-" "Mozilla/5.0 (Macintosh; Intel Mac OS X 26_2_0) AppleWebKit/537.36 (KHTML, like Gecko) Chrome/144.0.7559.133 Safari/537.36"
34.7.86.251 - - [05/Apr/2026:21:40:52 +0200] "GET /%D0%BD%D0%B5%D1%88%D0%BA%D0%B0-%D1%80%D0%BE%D0%B1%D0%B5%D0%B2%D0%B0-%D0%B2-%D0%BF%D0%BE%D0%B4%D0%BA%D0%B0%D1%81%D1%82%D0%B0-%D0%BD%D0%B0-%D1%8F%D0%B2%D0%BE%D1%80-%D0%B4%D0%B0%D1%87%D0%BA%D0%BE%D0%B2/ HTTP/1.1" 200 21718 "-" "Mozilla/5.0 (Macintosh; Intel Mac OS X 26_2_0) AppleWebKit/537.36 (KHTML, like Gecko) Chrome/144.0.7559.133 Safari/537.36"
34.7.86.251 - - [05/Apr/2026:21:40:53 +0200] "GET /%D0%B4%D0%B0%D0%BD%D1%81-%D1%81%D0%BB%D0%B0%D0%B3%D0%B0-10-%D0%B3%D0%BE%D0%B4%D0%B8%D1%88%D0%BD%D0%B0-%D0%B7%D0%B0%D0%B1%D1%80%D0%B0%D0%BD%D0%B0-%D0%BD%D0%B0-%D1%81%D1%80%D0%B5%D1%82%D0%B0%D0%BD HTTP/1.1" 301 0 "-" "Mozilla/5.0 (X11; Linux x86_64; Valve Client/default/0) AppleWebKit/537.36 (KHTML, like Gecko) Chrome/126.0.6478.183 Safari/537.36"
34.7.86.251 - - [05/Apr/2026:21:40:53 +0200] "GET /%D0%BF%D1%80%D0%BE%D0%B4%D0%B0%D0%B4%D0%BE%D1%85%D0%B0-%D1%80%D0%B8%D0%B1%D0%BD%D0%B8%D1%8F%D1%82-%D0%B1%D1%83%D0%BA%D0%B2%D0%B0%D1%80 HTTP/1.1" 301 0 "-" "Mozilla/5.0 (Windows NT 10.0; Win64; x64) AppleWebKit/537.36 (KHTML, like Gecko) Chrome/131.0.0.0 Safari/537.36 AVG/131.0.0.0"
152.42.184.122 - - [05/Apr/2026:21:40:53 +0200] "GET /wp-includes/IXR/ HTTP/1.1" 200 584 "binance.com" "Mozilla/5.0 (Windows NT 10.0; Win64; x64) AppleWebKit/537.36 (KHTML, like Gecko) Chrome/90.0.4430.85 Safari/537.36"
34.32.216.109 - - [05/Apr/2026:21:40:53 +0200] "GET /category/%D1%81%D0%B2%D1%8F%D1%82 HTTP/1.1" 301 0 "-" "Mozilla/5.0 (X11; CrOS x86_64 14541.0.0) AppleWebKit/537.36 (KHTML, like Gecko) Chrome/124.0.0.0 Safari/537.36"
34.7.86.251 - - [05/Apr/2026:21:40:53 +0200] "GET /%D0%B4%D0%B0%D0%BD%D1%81-%D1%81%D0%BB%D0%B0%D0%B3%D0%B0-10-%D0%B3%D0%BE%D0%B4%D0%B8%D1%88%D0%BD%D0%B0-%D0%B7%D0%B0%D0%B1%D1%80%D0%B0%D0%BD%D0%B0-%D0%BD%D0%B0-%D1%81%D1%80%D0%B5%D1%82%D0%B0%D0%BD/ HTTP/1.1" 200 21714 "-" "Mozilla/5.0 (X11; Linux x86_64; Valve Client/default/0) AppleWebKit/537.36 (KHTML, like Gecko) Chrome/126.0.6478.183 Safari/537.36"
34.32.216.109 - - [05/Apr/2026:21:40:54 +0200] "GET /category/%D1%81%D0%B2%D1%8F%D1%82/ HTTP/1.1" 200 15872 "-" "Mozilla/5.0 (X11; CrOS x86_64 14541.0.0) AppleWebKit/537.36 (KHTML, like Gecko) Chrome/124.0.0.0 Safari/537.36"
34.7.86.251 - - [05/Apr/2026:21:40:54 +0200] "GET /%D0%BF%D1%80%D0%BE%D0%B4%D0%B0%D0%B4%D0%BE%D1%85%D0%B0-%D1%80%D0%B8%D0%B1%D0%BD%D0%B8%D1%8F%D1%82-%D0%B1%D1%83%D0%BA%D0%B2%D0%B0%D1%80/ HTTP/1.1" 200 18516 "-" "Mozilla/5.0 (Windows NT 10.0; Win64; x64) AppleWebKit/537.36 (KHTML, like Gecko) Chrome/131.0.0.0 Safari/537.36 AVG/131.0.0.0"
152.42.184.122 - - [05/Apr/2026:21:40:55 +0200] "GET /wp-includes/PHPMailer/ HTTP/1.1" 404 5512 "binance.com" "Mozilla/5.0 (Windows NT 10.0; Win64; x64) AppleWebKit/537.36 (KHTML, like Gecko) Chrome/90.0.4430.85 Safari/537.36"
152.42.184.122 - - [05/Apr/2026:21:40:57 +0200] "GET /wp-includes/Text/ HTTP/1.1" 200 419 "binance.com" "Mozilla/5.0 (Windows NT 10.0; Win64; x64) AppleWebKit/537.36 (KHTML, like Gecko) Chrome/90.0.4430.85 Safari/537.36"
152.42.184.122 - - [05/Apr/2026:21:41:01 +0200] "GET /wp-includes/Text/ HTTP/1.1" 200 419 "binance.com" "Mozilla/5.0 (Windows NT 10.0; Win64; x64) AppleWebKit/537.36 (KHTML, like Gecko) Chrome/90.0.4430.85 Safari/537.36"
152.42.184.122 - - [05/Apr/2026:21:41:05 +0200] "GET /wp-includes/Text/Diff/ HTTP/1.1" 502 552 "binance.com" "Mozilla/5.0 (Windows NT 10.0; Win64; x64) AppleWebKit/537.36 (KHTML, like Gecko) Chrome/90.0.4430.85 Safari/537.36"
152.42.184.122 - - [05/Apr/2026:21:41:07 +0200] "GET /wp-includes/Text/Diff/Engine/ HTTP/1.1" 200 482 "binance.com" "Mozilla/5.0 (Windows NT 10.0; Win64; x64) AppleWebKit/537.36 (KHTML, like Gecko) Chrome/90.0.4430.85 Safari/537.36"
152.42.184.122 - - [05/Apr/2026:21:41:09 +0200] "GET /wp-includes/Text/Diff/Engine/ HTTP/1.1" 200 482 "binance.com" "Mozilla/5.0 (Windows NT 10.0; Win64; x64) AppleWebKit/537.36 (KHTML, like Gecko) Chrome/90.0.4430.85 Safari/537.36"
152.42.184.122 - - [05/Apr/2026:21:41:11 +0200] "GET /wp-includes/Text/Diff/Renderer/ HTTP/1.1" 200 402 "binance.com" "Mozilla/5.0 (Windows NT 10.0; Win64; x64) AppleWebKit/537.36 (KHTML, like Gecko) Chrome/90.0.4430.85 Safari/537.36"
152.42.184.122 - - [05/Apr/2026:21:41:13 +0200] "GET /wp-includes/Text/Diff/Renderer/ HTTP/1.1" 200 402 "binance.com" "Mozilla/5.0 (Windows NT 10.0; Win64; x64) AppleWebKit/537.36 (KHTML, like Gecko) Chrome/90.0.4430.85 Safari/537.36"
152.42.184.122 - - [05/Apr/2026:21:41:14 +0200] "GET /wp-includes/blocks/ HTTP/1.1" 404 5512 "binance.com" "Mozilla/5.0 (Windows NT 10.0; Win64; x64) AppleWebKit/537.36 (KHTML, like Gecko) Chrome/90.0.4430.85 Safari/537.36"
152.42.184.122 - - [05/Apr/2026:21:41:15 +0200] "GET /wp-includes/pomo/ HTTP/1.1" 200 527 "binance.com" "Mozilla/5.0 (Windows NT 10.0; Win64; x64) AppleWebKit/537.36 (KHTML, like Gecko) Chrome/90.0.4430.85 Safari/537.36"
152.42.184.122 - - [05/Apr/2026:21:41:17 +0200] "GET /wp-includes/pomo/ HTTP/1.1" 200 527 "binance.com" "Mozilla/5.0 (Windows NT 10.0; Win64; x64) AppleWebKit/537.36 (KHTML, like Gecko) Chrome/90.0.4430.85 Safari/537.36"
152.42.184.122 - - [05/Apr/2026:21:41:19 +0200] "GET /wp-includes/sitemaps/ HTTP/1.1" 404 5512 "binance.com" "Mozilla/5.0 (Windows NT 10.0; Win64; x64) AppleWebKit/537.36 (KHTML, like Gecko) Chrome/90.0.4430.85 Safari/537.36"
152.42.184.122 - - [05/Apr/2026:21:41:22 +0200] "GET /wp-includes/sitemaps/providers/ HTTP/1.1" 404 5512 "binance.com" "Mozilla/5.0 (Windows NT 10.0; Win64; x64) AppleWebKit/537.36 (KHTML, like Gecko) Chrome/90.0.4430.85 Safari/537.36"
152.42.184.122 - - [05/Apr/2026:21:41:24 +0200] "GET /wp-includes/widgets/ HTTP/1.1" 200 763 "binance.com" "Mozilla/5.0 (Windows NT 10.0; Win64; x64) AppleWebKit/537.36 (KHTML, like Gecko) Chrome/90.0.4430.85 Safari/537.36"
152.42.184.122 - - [05/Apr/2026:21:41:25 +0200] "GET /wp-includes/widgets/ HTTP/1.1" 200 763 "binance.com" "Mozilla/5.0 (Windows NT 10.0; Win64; x64) AppleWebKit/537.36 (KHTML, like Gecko) Chrome/90.0.4430.85 Safari/537.36"
152.42.184.122 - - [05/Apr/2026:21:41:28 +0200] "GET /wp-includes/css/ HTTP/1.1" 200 967 "binance.com" "Mozilla/5.0 (Windows NT 10.0; Win64; x64) AppleWebKit/537.36 (KHTML, like Gecko) Chrome/90.0.4430.85 Safari/537.36"
152.42.184.122 - - [05/Apr/2026:21:41:30 +0200] "GET /wp-includes/css/dist/ HTTP/1.1" 404 5512 "binance.com" "Mozilla/5.0 (Windows NT 10.0; Win64; x64) AppleWebKit/537.36 (KHTML, like Gecko) Chrome/90.0.4430.85 Safari/537.36"
152.42.184.122 - - [05/Apr/2026:21:41:32 +0200] "GET /wp-includes/fonts/ HTTP/1.1" 200 448 "binance.com" "Mozilla/5.0 (Windows NT 10.0; Win64; x64) AppleWebKit/537.36 (KHTML, like Gecko) Chrome/90.0.4430.85 Safari/537.36"
152.42.184.122 - - [05/Apr/2026:21:41:34 +0200] "GET /wp-includes/images/ HTTP/1.1" 200 934 "binance.com" "Mozilla/5.0 (Windows NT 10.0; Win64; x64) AppleWebKit/537.36 (KHTML, like Gecko) Chrome/90.0.4430.85 Safari/537.36"
152.42.184.122 - - [05/Apr/2026:21:41:36 +0200] "GET /wp-includes/images/crystal/ HTTP/1.1" 200 593 "binance.com" "Mozilla/5.0 (Windows NT 10.0; Win64; x64) AppleWebKit/537.36 (KHTML, like Gecko) Chrome/90.0.4430.85 Safari/537.36"
152.42.184.122 - - [05/Apr/2026:21:41:38 +0200] "GET /wp-includes/images/media/ HTTP/1.1" 200 550 "binance.com" "Mozilla/5.0 (Windows NT 10.0; Win64; x64) AppleWebKit/537.36 (KHTML, like Gecko) Chrome/90.0.4430.85 Safari/537.36"
152.42.184.122 - - [05/Apr/2026:21:41:40 +0200] "GET /wp-includes/images/smilies/ HTTP/1.1" 200 793 "binance.com" "Mozilla/5.0 (Windows NT 10.0; Win64; x64) AppleWebKit/537.36 (KHTML, like Gecko) Chrome/90.0.4430.85 Safari/537.36"
152.42.184.122 - - [05/Apr/2026:21:41:41 +0200] "GET /wp-includes/images/wlw/ HTTP/1.1" 200 454 "binance.com" "Mozilla/5.0 (Windows NT 10.0; Win64; x64) AppleWebKit/537.36 (KHTML, like Gecko) Chrome/90.0.4430.85 Safari/537.36"
161.97.137.93 - - [05/Apr/2026:21:41:44 +0200] "POST /wp-cron.php?doing_wp_cron=1775418104.1267089843750000000000 HTTP/1.1" 404 5512 "http://bultimes.info/wp-cron.php?doing_wp_cron=1775418104.1267089843750000000000" "WordPress/4.9.26; https://bultimes.info"
152.42.184.122 - - [05/Apr/2026:21:41:44 +0200] "GET /wp-includes/js/%20 HTTP/1.1" 301 0 "binance.com" "Mozilla/5.0 (Windows NT 10.0; Win64; x64) AppleWebKit/537.36 (KHTML, like Gecko) Chrome/90.0.4430.85 Safari/537.36"
152.42.184.122 - - [05/Apr/2026:21:41:45 +0200] "GET /wp-includes/js/ HTTP/1.1" 200 2385 "binance.com" "Mozilla/5.0 (Windows NT 10.0; Win64; x64) AppleWebKit/537.36 (KHTML, like Gecko) Chrome/90.0.4430.85 Safari/537.36"
152.42.184.122 - - [05/Apr/2026:21:41:47 +0200] "GET /wp-includes/js/codemirror/ HTTP/1.1" 200 522 "binance.com" "Mozilla/5.0 (Windows NT 10.0; Win64; x64) AppleWebKit/537.36 (KHTML, like Gecko) Chrome/90.0.4430.85 Safari/537.36"
152.42.184.122 - - [05/Apr/2026:21:41:51 +0200] "GET /wp-includes/js/plupload/ HTTP/1.1" 200 575 "binance.com" "Mozilla/5.0 (Windows NT 10.0; Win64; x64) AppleWebKit/537.36 (KHTML, like Gecko) Chrome/90.0.4430.85 Safari/537.36"
152.42.184.122 - - [05/Apr/2026:21:41:52 +0200] "GET /.well-known/ HTTP/1.1" 200 386 "binance.com" "Mozilla/5.0 (Windows NT 10.0; Win64; x64) AppleWebKit/537.36 (KHTML, like Gecko) Chrome/90.0.4430.85 Safari/537.36"
43.155.157.239 - - [05/Apr/2026:21:42:01 +0200] "GET / HTTP/1.1" 301 0 "-" "Mozilla/5.0 (iPhone; CPU iPhone OS 13_2_3 like Mac OS X) AppleWebKit/605.1.15 (KHTML, like Gecko) Version/13.0.3 Mobile/15E148 Safari/604.1"
43.155.157.239 - - [05/Apr/2026:21:42:01 +0200] "GET / HTTP/1.1" 200 14620 "http://www.bultimes.info" "Mozilla/5.0 (iPhone; CPU iPhone OS 13_2_3 like Mac OS X) AppleWebKit/605.1.15 (KHTML, like Gecko) Version/13.0.3 Mobile/15E148 Safari/604.1"
34.32.216.109 - - [05/Apr/2026:21:42:06 +0200] "GET /%D0%BF%D0%B5%D1%82%D0%B5%D1%80-%D1%81%D0%B8%D1%8F%D1%80%D1%82%D0%BE-%D0%B2%D1%81%D0%B5%D0%BA%D0%B8-%D1%80%D0%B0%D0%B7%D1%83%D0%BC%D0%B5%D0%BD-%D0%B5%D0%B2%D1%80%D0%BE%D0%BF%D0%B5%D0%B5%D1%86-%D0%B8 HTTP/1.1" 301 0 "-" "Mozilla/5.0 (Windows NT 10.0; Win64; x64) AppleWebKit/537.36 (KHTML, like Gecko) Chrome/143.0.0.0 Iron Safari/537.36"
34.32.216.109 - - [05/Apr/2026:21:42:06 +0200] "GET /%D0%BF%D0%B8%D1%81%D0%B0%D1%82%D0%B5%D0%BB%D1%8F%D1%82-%D0%B4%D0%B8%D0%BC%D0%B8%D1%82%D1%8A%D1%80-%D0%BD%D0%B5%D0%B4%D0%BA%D0%BE%D0%B2-%D0%B5%D0%B4%D0%B8%D0%BD%D1%81%D1%82%D0%B2%D0%B5%D0%BD%D0%BE HTTP/1.1" 301 0 "-" "Mozilla/5.0 (Windows NT 10.0; Win64; x64) AppleWebKit/537.36 (KHTML, like Gecko) Chrome/137.0.0.0 Safari/537.36"
34.32.216.109 - - [05/Apr/2026:21:42:06 +0200] "GET /%D0%BF%D0%B5%D1%82%D0%B5%D1%80-%D1%81%D0%B8%D1%8F%D1%80%D1%82%D0%BE-%D0%B2%D1%81%D0%B5%D0%BA%D0%B8-%D1%80%D0%B0%D0%B7%D1%83%D0%BC%D0%B5%D0%BD-%D0%B5%D0%B2%D1%80%D0%BE%D0%BF%D0%B5%D0%B5%D1%86-%D0%B8/ HTTP/1.1" 200 18925 "-" "Mozilla/5.0 (Windows NT 10.0; Win64; x64) AppleWebKit/537.36 (KHTML, like Gecko) Chrome/143.0.0.0 Iron Safari/537.36"
34.32.216.109 - - [05/Apr/2026:21:42:06 +0200] "GET /%D0%BF%D0%B8%D1%81%D0%B0%D1%82%D0%B5%D0%BB%D1%8F%D1%82-%D0%B4%D0%B8%D0%BC%D0%B8%D1%82%D1%8A%D1%80-%D0%BD%D0%B5%D0%B4%D0%BA%D0%BE%D0%B2-%D0%B5%D0%B4%D0%B8%D0%BD%D1%81%D1%82%D0%B2%D0%B5%D0%BD%D0%BE/ HTTP/1.1" 200 19939 "-" "Mozilla/5.0 (Windows NT 10.0; Win64; x64) AppleWebKit/537.36 (KHTML, like Gecko) Chrome/137.0.0.0 Safari/537.36"
85.208.96.208 - - [05/Apr/2026:21:51:01 +0200] "GET /%D0%B3%D0%B5%D1%88%D0%B5%D0%B2-%D1%89%D0%B5-%D0%BD%D0%B0%D0%BF%D1%80%D0%B0%D0%B2%D0%B8%D0%BC-%D0%B2%D1%81%D0%B8%D1%87%D0%BA%D0%BE-%D0%B2%D1%8A%D0%B7%D0%BC%D0%BE%D0%B6%D0%BD%D0%BE-%D0%B4%D0%B0-%D0%BD/ HTTP/1.1" 200 10299 "-" "Mozilla/5.0 (compatible; SemrushBot/7~bl; +http://www.semrush.com/bot.html)"
216.73.216.116 - - [05/Apr/2026:21:55:26 +0200] "GET /%D1%85%D0%BE%D1%82%D0%B5%D0%BB%D0%B8%D0%B5%D1%80%D0%B8%D1%82%D0%B5-%D1%81%D1%8A%D1%80%D0%B4%D0%B8%D1%82%D0%B8-%D0%BD%D0%B0-%D0%BD%D0%BE%D1%89%D0%BD%D0%B8%D1%82%D0%B5-%D0%BA%D0%BB%D1%83%D0%B1%D0%BE HTTP/1.1" 301 0 "-" "Mozilla/5.0 AppleWebKit/537.36 (KHTML, like Gecko; compatible; ClaudeBot/1.0; +claudebot@anthropic.com)"
216.73.216.116 - - [05/Apr/2026:21:55:28 +0200] "GET /%D1%85%D0%BE%D1%82%D0%B5%D0%BB%D0%B8%D0%B5%D1%80%D0%B8%D1%82%D0%B5-%D1%81%D1%8A%D1%80%D0%B4%D0%B8%D1%82%D0%B8-%D0%BD%D0%B0-%D0%BD%D0%BE%D1%89%D0%BD%D0%B8%D1%82%D0%B5-%D0%BA%D0%BB%D1%83%D0%B1%D0%BE/ HTTP/1.1" 200 15108 "http://bultimes.info/%D1%85%D0%BE%D1%82%D0%B5%D0%BB%D0%B8%D0%B5%D1%80%D0%B8%D1%82%D0%B5-%D1%81%D1%8A%D1%80%D0%B4%D0%B8%D1%82%D0%B8-%D0%BD%D0%B0-%D0%BD%D0%BE%D1%89%D0%BD%D0%B8%D1%82%D0%B5-%D0%BA%D0%BB%D1%83%D0%B1%D0%BE" "Mozilla/5.0 AppleWebKit/537.36 (KHTML, like Gecko; compatible; ClaudeBot/1.0; +claudebot@anthropic.com)"
216.244.66.203 - - [05/Apr/2026:22:01:57 +0200] "GET /%D0%B4%D0%BE%D0%B3%D0%B0%D0%BD-%D0%BE%D0%BF%D0%BE%D1%80%D0%BE%D1%87%D0%B0%D0%B2%D0%B0%D0%BD%D0%B5%D1%82%D0%BE-%D0%BD%D0%B0-%D0%B8%D0%B7%D0%B1%D0%BE%D1%80%D0%BD%D0%B8%D1%8F-%D0%BF%D1%80%D0%BE%D1%86/ HTTP/1.1" 200 20627 "-" "Mozilla/5.0 (compatible; DotBot/1.2; +https://opensiteexplorer.org/dotbot; help@moz.com)"
161.97.137.93 - - [05/Apr/2026:22:02:24 +0200] "POST /wp-cron.php?doing_wp_cron=1775419344.1179480552673339843750 HTTP/1.1" 404 5512 "http://bultimes.info/wp-cron.php?doing_wp_cron=1775419344.1179480552673339843750" "WordPress/4.9.26; https://bultimes.info"
185.191.171.17 - - [05/Apr/2026:22:02:24 +0200] "GET /%D0%B1%D0%BE%D1%80%D0%B8%D1%81%D0%BE%D0%B2-%D0%BD%D0%B0%D1%80%D0%BE%D0%B4%D1%8A%D1%82-%D0%BE%D1%81%D1%8A%D0%B7%D0%BD%D0%B0-%D0%BA%D0%B0%D0%BA%D1%8A%D0%B2-%D0%BF%D1%80%D0%B5%D0%B2%D1%80%D0%B0%D1%82/ HTTP/1.1" 200 15179 "-" "Mozilla/5.0 (compatible; SemrushBot/7~bl; +http://www.semrush.com/bot.html)"
40.77.167.3 - - [05/Apr/2026:22:03:04 +0200] "GET /wp-content/uploads/2020/09/d0bfd180d0bed184-d0bbd18ed0b4d0bcd0b8d0bb-d0b3d0b5d0bed180d0b3d0b8d0b5d0b2-d187d0b0d0bad0b0-d0bdd0b8-d0b3d180d0b0d0b6d0b4d0b0d0bdd181-3.jpg HTTP/1.1" 200 42950 "-" "Mozilla/5.0 AppleWebKit/537.36 (KHTML, like Gecko; compatible; bingbot/2.0; +http://www.bing.com/bingbot.htm) Chrome/116.0.1938.76 Safari/537.36"
161.97.137.93 - - [05/Apr/2026:22:03:34 +0200] "POST /wp-cron.php?doing_wp_cron=1775419414.4951109886169433593750 HTTP/1.1" 404 5512 "http://bultimes.info/wp-cron.php?doing_wp_cron=1775419414.4951109886169433593750" "WordPress/4.9.26; https://bultimes.info"
94.23.188.201 - - [05/Apr/2026:22:03:35 +0200] "GET /robots.txt HTTP/1.1" 200 80 "-" "Mozilla/5.0 (compatible; AhrefsBot/7.0; +http://ahrefs.com/robot/)"
51.68.247.212 - - [05/Apr/2026:22:03:45 +0200] "GET /wp-content/uploads/2020/01/d0bed187d0b0d0bad0b2d0b0-d181d0b5-d181d0bbd0b0d0b1d0b0-d180d0b5d0bad0bed0bbd182d0b0-d0bed182-d0bfd188d0b5d0bdd0b8d186d0b0.jpg HTTP/1.1" 200 45324 "-" "Mozilla/5.0 (compatible; AhrefsBot/7.0; +http://ahrefs.com/robot/)"
