66.249.68.68 - - [05/Apr/2026:16:42:36 +0200] "GET /wp-content/uploads/2020/09/d0bad18ad0bdd187d0be-d181d182d0bed0b9d187d0b5d0b2-d0b1d0bed0b9d0bad0be-d0b1d0bed180d0b8d181d0bed0b2-d189d0b5-d181d0bbd0b5d0b7d0b5-d181-1.jpg HTTP/1.1" 200 24732 "-" "Googlebot-Image/1.0"
92.222.108.98 - - [05/Apr/2026:16:43:07 +0200] "GET /wp-content/uploads/2020/01/d0bdd0b8d0bdd0bed0b2d0b0-d0bfd180d0b5d0b4d183d0bfd180d0b5d0b6d0b4d0b0d0b2d0b0-d187d0b5-d0bcd0bed0b6d0b5-d0b4d0b0-d181d0b5-d181d0bad18a.jpg HTTP/1.1" 502 150 "-" "Mozilla/5.0 (compatible; AhrefsBot/7.0; +http://ahrefs.com/robot/)"
66.249.68.66 - - [05/Apr/2026:16:44:10 +0200] "GET /wp-content/uploads/2020/05/d0bfd0bed0bbd0b8d182d0b8d0bad0b0d182d0b0-d18f-d0b8d0b7d0bcd0b5d182d0b5-d0b0d0bdd0b5d181d182d0b5d0b7d0b8d180d0b0-d0bdd0b0d0bfd18a-1.jpg HTTP/1.1" 200 24215 "-" "Googlebot-Image/1.0"
52.167.144.184 - - [05/Apr/2026:16:44:41 +0200] "GET /wp-content/uploads/2020/09/d0b2d0b0d0bbd0b5d180d0b8-d181d0b8d0bcd0b5d0bed0bdd0bed0b2-d180d0b0d0b4d0b5d0b2-d181d0b5-d0b4d18ad180d0b6d0b8-d0bad0b0d182d0be-d0bdd0b5-3.jpg HTTP/1.1" 200 22282 "-" "Mozilla/5.0 AppleWebKit/537.36 (KHTML, like Gecko; compatible; bingbot/2.0; +http://www.bing.com/bingbot.htm) Chrome/116.0.1938.76 Safari/537.36"
66.249.68.64 - - [05/Apr/2026:16:46:33 +0200] "GET /wp-content/uploads/2021/01/d0b0d0b4d0b2-d180d183d0bcd18fd0bdd0b0-d187d0b5d0bdd0b0d0bbd0bed0b2d0b0-d0b7d0b0d189d0be-d0bfd180d0b5d0b7d0b8d0b4d0b5d0bdd182d18ad182-1.jpg HTTP/1.1" 200 30723 "-" "Googlebot-Image/1.0"
5.39.1.224 - - [05/Apr/2026:16:47:14 +0200] "GET /wp-content/uploads/2021/02/d0b1d0b0d182d0bed0ba-d0b4d0b0-d0b7d0b0d189d0b8d182d0b8d0bc-d182d180d0b0d0b4d0b8d186d0b8d0bed0bdd0b5d0bd-d0b7d0b0-d0b1d18ad0bbd0b3d0b0.jpg HTTP/1.1" 200 28670 "-" "Mozilla/5.0 (compatible; AhrefsBot/7.0; +http://ahrefs.com/robot/)"
66.249.68.64 - - [05/Apr/2026:16:48:56 +0200] "GET /wp-content/uploads/2020/03/d0bfd180d0bed182d0b5d181d182d0b8d180d0b0d189d0b8d182d0b5-d181d0b5d181d182d180d0b8-d181d0b0-d0b2-d0b4d0bed0b1d180d0be-d0bfd181d0b8d185-1.jpg HTTP/1.1" 200 27159 "-" "Googlebot-Image/1.0"
66.249.68.66 - - [05/Apr/2026:16:52:18 +0200] "GET /wp-content/uploads/2020/06/d0b3d0b5d188d0b5d0b2-d0bed189d0b5-d0b4d0b2d0b0d0bcd0b0-d0bfd180d0b5d0b7d0b8d0b4d0b5d0bdd182d181d0bad0b8-d181d18ad0b2d0b5d182d0bdd0b8-1.jpg HTTP/1.1" 200 23124 "-" "Googlebot-Image/1.0"
52.167.144.161 - - [05/Apr/2026:16:52:51 +0200] "GET /wp-content/uploads/2020/05/d181d0b1d0b6-d0bed181d182d0b0d0b2d0bad0b0-d0bdd0b0-d186d0b5d0bbd0b8d18f-d181d0b5d0bc-d0b3d0bed182d0b2d0b8-d181d0b5-d0bfd18ad0bbd0bd-3.jpg HTTP/1.1" 200 24058 "-" "Mozilla/5.0 AppleWebKit/537.36 (KHTML, like Gecko; compatible; bingbot/2.0; +http://www.bing.com/bingbot.htm) Chrome/116.0.1938.76 Safari/537.36"
37.59.204.133 - - [05/Apr/2026:16:53:24 +0200] "GET /wp-content/uploads/2020/11/d0b3d0b5d0bd-d0b0d182-d0b0d182d0b0d0bdd0b0d181d0bed0b2-d0bdd0b0-d0bad18ed0bbd187d0b5d182d0b0d182d0b0-d0b7d0bbd0b0d182d0be-d0b2-d187.jpg HTTP/1.1" 200 39551 "-" "Mozilla/5.0 (compatible; AhrefsBot/7.0; +http://ahrefs.com/robot/)"
66.249.68.65 - - [05/Apr/2026:16:53:41 +0200] "GET /wp-content/uploads/2021/01/d0bdd0b8d0bad0bed0bbd0b0d0b9-d0bcd0b0d0bbd0b8d0bdd0bed0b2-d180d0b5d188d0b5d0bdd0b8d18fd182d0b0-d0b2-d0b5d181-d181d0b5-d0b2d0b7d0b5d0bc-1.jpg HTTP/1.1" 200 22522 "-" "Googlebot-Image/1.0"
66.249.68.66 - - [05/Apr/2026:16:56:04 +0200] "GET /wp-content/uploads/2020/07/d0b2d0b0d181d0b8d0bb-d0b1d0bed0b6d0bad0bed0b2-d0b1d0b0d180d0bdd0b8-d180d18ad0b1d18ad0bb-d0b1d0bbd0b5d181d182d18fd189d0be-d180d0b0d0b7-1.jpg HTTP/1.1" 304 0 "-" "Googlebot-Image/1.0"
216.73.216.116 - - [05/Apr/2026:16:56:10 +0200] "GET /category/%D0%B1%D1%8A%D0%BB%D0%B3%D0%B0%D1%80%D0%B8%D1%8F/page/133 HTTP/1.1" 301 0 "-" "Mozilla/5.0 AppleWebKit/537.36 (KHTML, like Gecko; compatible; ClaudeBot/1.0; +claudebot@anthropic.com)"
216.73.216.116 - - [05/Apr/2026:16:56:10 +0200] "GET /category/%D0%B1%D1%8A%D0%BB%D0%B3%D0%B0%D1%80%D0%B8%D1%8F/page/133/ HTTP/1.1" 200 14698 "http://bultimes.info/category/%D0%B1%D1%8A%D0%BB%D0%B3%D0%B0%D1%80%D0%B8%D1%8F/page/133" "Mozilla/5.0 AppleWebKit/537.36 (KHTML, like Gecko; compatible; ClaudeBot/1.0; +claudebot@anthropic.com)"
17.241.227.44 - - [05/Apr/2026:16:56:35 +0200] "GET /wp-content/uploads/2020/12/c9034eae8f8ed361e907775a21a67ba0.jpg HTTP/1.1" 200 88961 "-" "Mozilla/5.0 (Macintosh; Intel Mac OS X 10_15_7) AppleWebKit/605.1.15 (KHTML, like Gecko) Version/17.4 Safari/605.1.15 (Applebot/0.1; +http://www.apple.com/go/applebot)"
40.77.167.6 - - [05/Apr/2026:16:56:48 +0200] "GET /wp-content/uploads/2020/04/d0bdd0b0d0bad180d0b0d18f-d0bdd0b8d0b5-d189d0b5-d181d0bcd0b5-d0b2d0b8d0bdd0bed0b2d0bdd0b8-d180d0b0d0b7d0b1d0b8d180d0b0-d181d0b5-d0b8-1.jpg HTTP/1.1" 200 23242 "-" "Mozilla/5.0 AppleWebKit/537.36 (KHTML, like Gecko; compatible; bingbot/2.0; +http://www.bing.com/bingbot.htm) Chrome/116.0.1938.76 Safari/537.36"
216.244.66.203 - - [05/Apr/2026:16:58:34 +0200] "GET /%D1%80%D1%83%D1%81%D0%B8%D1%8F-%D0%BD%D0%B0%D1%81%D1%82%D0%BE%D1%8F%D0%B2%D0%B0-%D0%B7%D0%B0-%D0%BD%D0%B5%D0%B7%D0%B0%D0%B1%D0%B0%D0%B2%D0%BD%D0%B0-%D1%80%D0%B5%D0%B0%D0%BA%D1%86%D0%B8%D1%8F-%D0%BE/ HTTP/1.1" 200 19467 "-" "Mozilla/5.0 (compatible; DotBot/1.2; +https://opensiteexplorer.org/dotbot; help@moz.com)"
2a03:2880:32ff:5:: - - [05/Apr/2026:16:59:14 +0200] "GET /wp-content/uploads/2022/09/304817005_830697041437698_4494301078715575390_n.png HTTP/1.1" 200 620303 "-" "facebookexternalhit/1.1 (+http://www.facebook.com/externalhit_uatext.php)"
2a03:2880:15ff:74:: - - [05/Apr/2026:16:59:23 +0200] "GET /wp-content/uploads/2022/09/304817005_830697041437698_4494301078715575390_n.png HTTP/1.1" 304 0 "-" "facebookexternalhit/1.1 (+http://www.facebook.com/externalhit_uatext.php)"
2a03:2880:2ff:3:: - - [05/Apr/2026:16:59:23 +0200] "GET /wp-content/uploads/2022/09/304817005_830697041437698_4494301078715575390_n.png HTTP/1.1" 200 620303 "-" "facebookexternalhit/1.1 (+http://www.facebook.com/externalhit_uatext.php)"
2a03:2880:16ff:2:: - - [05/Apr/2026:16:59:23 +0200] "GET /wp-content/uploads/2022/09/304817005_830697041437698_4494301078715575390_n.png HTTP/1.1" 304 0 "-" "facebookexternalhit/1.1 (+http://www.facebook.com/externalhit_uatext.php)"
216.244.66.203 - - [05/Apr/2026:17:01:20 +0200] "GET /category/%D0%B1%D0%B0%D0%B9-%D1%82%D0%BE%D1%88%D0%BE/page/10/ HTTP/1.1" 200 13708 "-" "Mozilla/5.0 (compatible; DotBot/1.2; +https://opensiteexplorer.org/dotbot; help@moz.com)"
37.59.204.157 - - [05/Apr/2026:17:02:20 +0200] "GET /wp-content/uploads/2022/06/1654711537.jpg HTTP/1.1" 200 35357 "-" "Mozilla/5.0 (compatible; AhrefsBot/7.0; +http://ahrefs.com/robot/)"
66.249.68.66 - - [05/Apr/2026:17:02:21 +0200] "GET /wp-content/uploads/2020/02/d0b1d18ad0bbd0b3d0b0d180d0bad0b0-d0b8-d0bcd0b0d0b9d0bad0b0-d0bdd0b0-d182d180d0b8-d0b4d0b5d186d0b0-d0b5-d183d0bfd180d0b0d0b2d0bbd18fd0b2-1.jpg HTTP/1.1" 200 25484 "-" "Googlebot-Image/1.0"
167.172.228.8 - - [05/Apr/2026:17:02:38 +0200] "GET / HTTP/1.1" 301 0 "-" "Mozilla/5.0 (Windows NT 10.0; Win64; x64) AppleWebKit/537.36 (KHTML, like Gecko) Chrome/91.0.4472.124 Safari/537.36"
167.172.228.8 - - [05/Apr/2026:17:02:39 +0200] "GET / HTTP/1.1" 200 14620 "-" "Mozilla/5.0 (Windows NT 10.0; Win64; x64) AppleWebKit/537.36 (KHTML, like Gecko) Chrome/91.0.4472.124 Safari/537.36"
161.97.137.93 - - [05/Apr/2026:17:02:41 +0200] "POST /wp-cron.php?doing_wp_cron=1775401360.6438369750976562500000 HTTP/1.1" 404 5512 "http://bultimes.info/wp-cron.php?doing_wp_cron=1775401360.6438369750976562500000" "WordPress/4.9.26; https://bultimes.info"
167.172.228.8 - - [05/Apr/2026:17:02:41 +0200] "GET /.env HTTP/1.1" 301 0 "-" "python-requests/2.32.3"
167.172.228.8 - - [05/Apr/2026:17:02:41 +0200] "GET /.env HTTP/1.1" 404 5512 "-" "python-requests/2.32.3"
66.249.68.65 - - [05/Apr/2026:17:04:39 +0200] "GET /wp-content/uploads/2020/05/d0b4d18ad180d0b6d0b0d0b2d0b0d182d0b0-d181d0b5-d183d0bfd180d0b0d0b2d0bbd18fd0b2d0b0-d0bed182-d185d0bed180d0b0-d0bad0bed0b8d182d0be-d0bd-1.jpg HTTP/1.1" 200 16161 "-" "Googlebot-Image/1.0"
207.46.13.168 - - [05/Apr/2026:17:04:47 +0200] "GET /wp-content/uploads/2020/03/d180d183d0bcd18fd0bdd0b0-d187d0b5d0bdd0b0d0bbd0bed0b2d0b0-d0bad18ad0bc-d0b1d0bed180d0b8d181d0bed0b2-d0bed0b1d180d0b5d187d0b5d0bd-d181-1.jpg HTTP/1.1" 200 30723 "-" "Mozilla/5.0 AppleWebKit/537.36 (KHTML, like Gecko; compatible; bingbot/2.0; +http://www.bing.com/bingbot.htm) Chrome/116.0.1938.76 Safari/537.36"
216.244.66.203 - - [05/Apr/2026:17:05:15 +0200] "GET /%D0%B0%D1%80%D0%B5%D1%81%D1%82%D1%83%D0%B2%D0%B0%D1%85%D0%B0-%D1%82%D1%80%D0%B8%D0%BC%D0%B0-%D0%BD%D0%BE%D1%81%D0%B8%D0%BB%D0%B8-%D0%B2%D0%BE%D0%B4%D0%BD%D0%B8-%D0%BF%D0%B8%D1%81%D1%82%D0%BE%D0%BB/ HTTP/1.1" 200 15228 "-" "Mozilla/5.0 (compatible; DotBot/1.2; +https://opensiteexplorer.org/dotbot; help@moz.com)"
216.244.66.203 - - [05/Apr/2026:17:05:34 +0200] "GET /%D0%B1%D0%BE%D1%80%D0%B8%D1%81%D0%BE%D0%B2-%D1%81%D0%B5-%D0%BF%D0%BE%D1%85%D0%B2%D0%B0%D0%BB%D0%B8-%D0%B2%D0%B4%D0%B8%D0%B3%D0%B0%D0%BC%D0%B5-%D0%B4%D0%BE%D1%85%D0%BE%D0%B4%D0%B8%D1%82%D0%B5-%D1%81-2/ HTTP/1.1" 200 15083 "-" "Mozilla/5.0 (compatible; DotBot/1.2; +https://opensiteexplorer.org/dotbot; help@moz.com)"
66.249.68.66 - - [05/Apr/2026:17:08:56 +0200] "GET /wp-content/uploads/2020/06/d182d0bed0bcd0b0-d0b1d0b8d0bad0bed0b2-d0b3d0b5d180d0b1-d0bfd180d0b8d182d0b5d181d0bdd18fd0b2d0b0d182-d0bcd0b5-d185d0bed180d0b0-d0b8-1.jpg HTTP/1.1" 200 27160 "-" "Googlebot-Image/1.0"
2a03:2880:32ff:43:: - - [05/Apr/2026:17:09:15 +0200] "GET /wp-content/uploads/2021/06/sveshtari10-10155-500x0.jpg HTTP/1.1" 200 90925 "-" "facebookexternalhit/1.1 (+http://www.facebook.com/externalhit_uatext.php)"
185.191.171.7 - - [05/Apr/2026:17:11:51 +0200] "GET /%D0%B7%D0%B0%D0%BA%D0%B0%D0%BD%D0%B0%D1%82%D0%B0-%D0%BD%D0%B0-%D1%81%D1%80%D1%8A%D0%B1%D1%81%D0%BA%D0%B8%D1%8F-%D0%BF%D1%80%D0%B5%D0%B7%D0%B8%D0%B4%D0%B5%D0%BD%D1%82/ HTTP/1.1" 200 14620 "-" "Mozilla/5.0 (compatible; SemrushBot/7~bl; +http://www.semrush.com/bot.html)"
66.249.68.66 - - [05/Apr/2026:17:13:13 +0200] "GET /wp-content/uploads/2020/01/d0bfd180d0bed184-d0b8d0b2d0be-d185d180d0b8d181d182d0bed0b2-d0b7d0b0-d180d0b0d0b7d0bbd0b8d0bad0b0-d0bed182-d0b1d18ad0bbd0b3d0b0d180d0b8-1.jpg HTTP/1.1" 200 23150 "-" "Googlebot-Image/1.0"
2a03:2880:32ff:71:: - - [05/Apr/2026:17:14:39 +0200] "GET /wp-content/uploads/2021/03/moneta2.jpg HTTP/1.1" 200 45551 "-" "facebookexternalhit/1.1 (+http://www.facebook.com/externalhit_uatext.php)"
85.208.96.196 - - [05/Apr/2026:17:16:04 +0200] "GET /%D1%80%D0%BE%D1%81%D0%B0%D1%82%D0%BE%D0%BC-%D1%81%D0%BF%D0%B5%D1%87%D0%B5%D0%BB%D0%B8-%D1%82%D1%8A%D1%80%D0%B3-%D0%B7%D0%B0-%D0%B0%D0%B5%D1%86-%D0%BA%D0%BE%D0%B7%D0%BB%D0%BE%D0%B4%D1%83%D0%B9/ HTTP/1.1" 200 14169 "-" "Mozilla/5.0 (compatible; SemrushBot/7~bl; +http://www.semrush.com/bot.html)"
216.244.66.203 - - [05/Apr/2026:17:18:18 +0200] "GET /robots.txt HTTP/1.1" 200 80 "-" "Mozilla/5.0 (compatible; DotBot/1.2; +https://opensiteexplorer.org/dotbot; help@moz.com)"
54.37.118.85 - - [05/Apr/2026:17:18:27 +0200] "GET /wp-content/uploads/2020/01/d0b2d182d0bed180d0b8-d182d183d180-d0bdd0b0-d0bfd180d0b5d0b7d0b8d0b4d0b5d0bdd182d181d0bad0b8d182d0b5-d0b8d0b7d0b1d0bed180d0b8-d0b2-d185.jpg HTTP/1.1" 200 24055 "-" "Mozilla/5.0 (compatible; AhrefsBot/7.0; +http://ahrefs.com/robot/)"
66.249.68.66 - - [05/Apr/2026:17:18:30 +0200] "GET /wp-content/uploads/2020/08/the-guardian-d0bfd0bed0bbd0b8d182d0b8d187d0b5d181d0bad0b0-d0b1d183d180d18f-d0b7d0b0d0bfd0bbd0b0d188d0b2d0b0-d0b4d0b0-d0bfd0bed0b3d18ad0bb-1.jpg HTTP/1.1" 200 31150 "-" "Googlebot-Image/1.0"
161.97.137.93 - - [05/Apr/2026:17:22:40 +0200] "POST /wp-cron.php?doing_wp_cron=1775402560.6163771152496337890625 HTTP/1.1" 404 5512 "http://bultimes.info/wp-cron.php?doing_wp_cron=1775402560.6163771152496337890625" "WordPress/4.9.26; https://bultimes.info"
114.119.149.91 - - [05/Apr/2026:17:22:41 +0200] "GET /robots.txt HTTP/1.1" 200 80 "-" "Mozilla/5.0 (compatible;PetalBot;+https://webmaster.petalsearch.com/site/petalbot)"
216.73.216.116 - - [05/Apr/2026:17:27:16 +0200] "GET /robots.txt HTTP/1.1" 200 80 "-" "Mozilla/5.0 AppleWebKit/537.36 (KHTML, like Gecko; compatible; ClaudeBot/1.0; +claudebot@anthropic.com)"
216.73.216.116 - - [05/Apr/2026:17:27:18 +0200] "GET /sitemap.xml HTTP/1.1" 404 5512 "-" "Mozilla/5.0 AppleWebKit/537.36 (KHTML, like Gecko; compatible; ClaudeBot/1.0; +claudebot@anthropic.com)"
161.97.137.93 - - [05/Apr/2026:17:27:52 +0200] "POST /wp-cron.php?doing_wp_cron=1775402872.5524959564208984375000 HTTP/1.1" 404 5512 "http://bultimes.info/wp-cron.php?doing_wp_cron=1775402872.5524959564208984375000" "WordPress/4.9.26; https://bultimes.info"
3.151.194.164 - - [05/Apr/2026:17:27:53 +0200] "GET / HTTP/1.1" 200 14616 "-" "visionheight.com/scan Mozilla/5.0 (Macintosh; Intel Mac OS X 10_15_7) Chrome/126.0.0.0 Safari/537.36"
66.249.68.65 - - [05/Apr/2026:17:28:04 +0200] "GET /wp-content/uploads/2021/07/d180d0b0d0b4d0b5d0b2-d0bdd18fd0bcd0b0-d0b7d0bdd0b0d187d0b5d0bdd0b8d0b5-d0bad0b0d0bad0b2d0be-d0b3d0bed0b2d0bed180d0b8-d0b1d0bed180d0b8-1.jpg HTTP/1.1" 200 22160 "-" "Googlebot-Image/1.0"
66.249.68.64 - - [05/Apr/2026:17:28:05 +0200] "GET /robots.txt HTTP/1.1" 200 80 "-" "Mozilla/5.0 (compatible; Googlebot/2.1; +http://www.google.com/bot.html)"
5.39.1.235 - - [05/Apr/2026:17:28:25 +0200] "GET /wp-content/uploads/2020/01/d0b3d0b5d180d0b1-d0bfd180d0b5d0b2d18ad180d0bdd0b0d185d0b0-d181d182d180d0b0d0bdd0b0d182d0b0-d0bdd0b8-d0b2d18ad0b2-d0b2d0bed0bdd18fd189.jpg HTTP/1.1" 200 21866 "-" "Mozilla/5.0 (compatible; AhrefsBot/7.0; +http://ahrefs.com/robot/)"
66.249.68.67 - - [05/Apr/2026:17:30:21 +0200] "GET /wp-content/uploads/2020/05/d0b2d0b0d181d0b8d0bb-d0b1d0bed0b6d0bad0bed0b2-d0bdd0b0-d0b6d0b8d0b2d0be-d0bfd0be-btv-d0bed182-d0b4d183d0b1d0b0d0b9-d0b1d18ad0bbd0b3d0b0-1.jpg HTTP/1.1" 200 21112 "-" "Googlebot-Image/1.0"
207.46.13.153 - - [05/Apr/2026:17:30:29 +0200] "GET /wp-content/uploads/2020/06/d0bed182-d0b0d0b2d0b3d183d181d182-d181d0b5-d0b7d0b0d0b4d0b0d0b2d0b0-d0b2d18ad0bbd0bdd0b0-d0bed182-d184d0b0d0bbd0b8d182d0b8.jpg HTTP/1.1" 200 39302 "-" "Mozilla/5.0 AppleWebKit/537.36 (KHTML, like Gecko; compatible; bingbot/2.0; +http://www.bing.com/bingbot.htm) Chrome/116.0.1938.76 Safari/537.36"
74.248.146.253 - - [05/Apr/2026:17:30:43 +0200] "GET /wp-content/plugins/hellopress/wp_filemanager.php HTTP/1.1" 404 5512 "-" "-"
74.248.146.253 - - [05/Apr/2026:17:30:44 +0200] "GET /prosell2.php HTTP/1.1" 404 5512 "-" "-"
74.248.146.253 - - [05/Apr/2026:17:30:44 +0200] "GET /zt2.php HTTP/1.1" 404 5512 "-" "-"
66.249.68.67 - - [05/Apr/2026:17:34:39 +0200] "GET /wp-content/uploads/2020/12/d180d0b0d0b7d0b1d0b8d180d0b0-d181d0b5-d187d0b5-d189d0b5-d181d0b5-d0b2d0b0d0bad181d0b8d0bdd0b8d180d0b0d0bc-d0bcd0bdd0bed0b3d0be-d185-1.jpg HTTP/1.1" 200 28821 "-" "Googlebot-Image/1.0"
161.97.137.93 - - [05/Apr/2026:17:38:54 +0200] "POST /wp-cron.php?doing_wp_cron=1775403534.2053000926971435546875 HTTP/1.1" 404 5512 "http://bultimes.info/wp-cron.php?doing_wp_cron=1775403534.2053000926971435546875" "WordPress/4.9.26; https://bultimes.info"
34.90.197.248 - - [05/Apr/2026:17:38:54 +0200] "GET /%D0%BC%D0%BE%D0%BD%D0%B5%D1%82%D0%B8-%D0%B8-%D0%B8%D1%81%D1%82%D0%BE%D1%80%D0%B8%D1%8F-%D0%BD%D0%B0-%D0%BA%D0%B8%D0%B7%D0%B8%D0%BA HTTP/1.1" 301 0 "-" "Mozilla/5.0 (X11; Linux x86_64) AppleWebKit/537.36 (KHTML, like Gecko) Chrome/141.0.0.0 Safari/537.36"
34.34.108.127 - - [05/Apr/2026:17:38:55 +0200] "GET /%D0%BC%D0%BE%D0%BD%D0%B5%D1%82%D0%B8-%D0%B8-%D0%B8%D1%81%D1%82%D0%BE%D1%80%D0%B8%D1%8F-%D0%BD%D0%B0-%D0%BA%D0%B8%D0%B7%D0%B8%D0%BA/ HTTP/1.1" 200 17227 "-" "Mozilla/5.0 (X11; Linux x86_64) AppleWebKit/537.36 (KHTML, like Gecko) Chrome/141.0.0.0 Safari/537.36"
66.249.68.66 - - [05/Apr/2026:17:38:56 +0200] "GET /wp-content/uploads/2020/09/d0bad0b0d180d0b0d0bad0b0d187d0b0d0bdd0bed0b2-d0b6d0b5d0bbd0b0d0bdd0b8d0b5d182d0be-d0bdd0b0-d180d0b0d0b4d0b5d0b2-d0b7d0b0-d0b1d0b5d0b7-1.jpg HTTP/1.1" 200 18726 "-" "Googlebot-Image/1.0"
66.249.68.64 - - [05/Apr/2026:17:43:13 +0200] "GET /wp-content/uploads/2021/09/proynov-magiq.jpg HTTP/1.1" 200 29582 "-" "Googlebot-Image/1.0"
5.39.1.232 - - [05/Apr/2026:17:43:20 +0200] "GET /wp-content/uploads/2020/04/d0b2-d181d0b0d189-d0bed0b1d18fd0b2d0b8d185d0b0-8-d182d0b5-f-16-d0b7d0b0-d0b1d18ad0bbd0b3d0b0d180d0b8d18f-d182d180d18fd0b1d0b2d0b0-d0b4.jpg HTTP/1.1" 200 54681 "-" "Mozilla/5.0 (compatible; AhrefsBot/7.0; +http://ahrefs.com/robot/)"
66.249.68.66 - - [05/Apr/2026:17:47:30 +0200] "GET /wp-content/uploads/2020/11/d0b2d0b0d0bbd0b5d180d0b8-d181d0b8d0bcd0b5d0bed0bdd0bed0b2-d0bdd0b0d181d182d0bed18fd0b2d0b0-d0b4d0b0-d181d0b5-d0b7d0b0d182d0b2d0bed180-1.jpg HTTP/1.1" 200 18248 "-" "Googlebot-Image/1.0"
216.73.216.116 - - [05/Apr/2026:17:47:46 +0200] "GET /sitemap.xml HTTP/1.1" 404 5512 "-" "Mozilla/5.0 AppleWebKit/537.36 (KHTML, like Gecko; compatible; ClaudeBot/1.0; +claudebot@anthropic.com)"
216.244.66.203 - - [05/Apr/2026:17:48:20 +0200] "GET /%D1%84%D0%B8%D0%B3%D0%B0%D1%80%D0%BE-%D0%B1%D1%8A%D0%BB%D0%B3%D0%B0%D1%80%D0%B8%D1%8F-%D0%B5-%D1%85%D1%8A%D0%B1-%D0%BD%D0%B0-%D1%82%D1%80%D0%B0%D1%84%D0%B8%D0%BA%D0%B0-%D0%BD%D0%B0/ HTTP/1.1" 200 16825 "-" "Mozilla/5.0 (compatible; DotBot/1.2; +https://opensiteexplorer.org/dotbot; help@moz.com)"
2a03:2880:32ff:5:: - - [05/Apr/2026:17:51:32 +0200] "GET /wp-content/uploads/2021/06/sakrovishte-1-29514-500x334.jpg HTTP/1.1" 200 47450 "-" "facebookexternalhit/1.1 (+http://www.facebook.com/externalhit_uatext.php)"
2a03:2880:31ff:5b:: - - [05/Apr/2026:17:51:34 +0200] "GET /wp-content/uploads/2021/06/sakrovishte-1-29514-500x334.jpg HTTP/1.1" 304 0 "-" "facebookexternalhit/1.1 (+http://www.facebook.com/externalhit_uatext.php)"
66.249.68.65 - - [05/Apr/2026:17:51:47 +0200] "GET /wp-content/uploads/2021/01/d0bcd0b0d18f-d0bcd0b0d0bdd0bed0bbd0bed0b2d0b0-d0bad0b0d182d0b5d0b3d0bed180d0b8d187d0bdd0b0-d182d0bed0b2d0b0-d181d0b0-d0bfd0bed181d0bb-1.jpg HTTP/1.1" 200 25400 "-" "Googlebot-Image/1.0"
66.249.68.65 - - [05/Apr/2026:17:56:04 +0200] "GET /wp-content/uploads/2020/06/d0bcd0b2d180-d0b2-d0b3d0bed182d0bed0b2d0bdd0bed181d182-d0b4d0b0-d181d0b5-d0b2d0b4d0b8d0b3d0b0d182-d0bdd0b0-d0bfd180d0bed182d0b5d181d182-1.jpg HTTP/1.1" 200 40007 "-" "Googlebot-Image/1.0"
20.199.97.195 - - [05/Apr/2026:17:59:52 +0200] "GET /wp-content/plugins/hellopress/wp_filemanager.php HTTP/1.1" 404 5512 "-" "-"
20.199.97.195 - - [05/Apr/2026:17:59:52 +0200] "GET /prosell2.php HTTP/1.1" 404 5512 "-" "-"
20.199.97.195 - - [05/Apr/2026:17:59:53 +0200] "GET /zt2.php HTTP/1.1" 404 5512 "-" "-"
66.249.68.66 - - [05/Apr/2026:18:01:21 +0200] "GET /wp-content/uploads/2020/05/d0b1d181d0bf-d0b7d0b0d185d0b0d180d0b8d0b5d0b2d0b0-d0bdd18fd0bcd0b0-d0bfd0bed0b4d0b3d0bed182d0bed0b2d0bad0b0-d0b7d0b0-d0b2d18ad0bdd188-1.jpg HTTP/1.1" 200 34265 "-" "Googlebot-Image/1.0"
51.75.236.131 - - [05/Apr/2026:18:02:20 +0200] "GET /robots.txt HTTP/1.1" 200 80 "-" "Mozilla/5.0 (compatible; AhrefsBot/7.0; +http://ahrefs.com/robot/)"
51.75.236.136 - - [05/Apr/2026:18:02:21 +0200] "GET / HTTP/1.1" 301 0 "-" "Mozilla/5.0 (compatible; AhrefsBot/7.0; +http://ahrefs.com/robot/)"
66.249.68.65 - - [05/Apr/2026:18:11:56 +0200] "GET /wp-content/uploads/2020/10/d0bfd180d0bed182d0b5d181d182d18ad182-d0bfd180d0bed0b3d0bed0bdd0b8-d181d182d180d0b0d185d0b0-d0bad0bed0b9d182d0be-d0b1d0b5d188d0b5-d0bd-1.jpg HTTP/1.1" 200 21991 "-" "Googlebot-Image/1.0"
66.249.68.65 - - [05/Apr/2026:18:14:04 +0200] "GET /wp-content/uploads/2020/03/d183d187d0b5d0bdd0b8-d0bdd0b0-d181d180d0b5d189d0b0-d181-d0b1d0bed180d0b8d181d0bed0b2-d0b5d0b4d0b2d0b0-d181d0bbd0b5d0b4-3-d181d0b5d0b4-1.jpg HTTP/1.1" 304 0 "-" "Googlebot-Image/1.0"
57.129.64.114 - - [05/Apr/2026:18:16:23 +0200] "GET /ads.txt HTTP/1.1" 200 248 "-" "AdsTxtCrawler/1.0; +https://github.com/InteractiveAdvertisingBureau/adstxtcrawler"
57.129.64.114 - - [05/Apr/2026:18:16:23 +0200] "GET /ads.txt HTTP/1.1" 200 248 "-" "AdsTxtCrawler/1.0; +https://github.com/InteractiveAdvertisingBureau/adstxtcrawler"
57.129.64.114 - - [05/Apr/2026:18:16:23 +0200] "GET /ads.txt HTTP/1.1" 200 248 "-" "Mozilla/5.0 (Windows NT 10.0; Win64; x64) AppleWebKit/537.36 (KHTML, like Gecko) Chrome/42.0.2311.135 Safari/537.36 Edge/12.246"
57.129.64.114 - - [05/Apr/2026:18:16:23 +0200] "GET /ads.txt HTTP/1.1" 200 248 "-" "AdsTxtCrawler/1.0; +https://github.com/InteractiveAdvertisingBureau/adstxtcrawler"
57.129.64.114 - - [05/Apr/2026:18:16:23 +0200] "GET /ads.txt HTTP/1.1" 200 248 "-" "AdsTxtCrawler/1.0; +https://github.com/InteractiveAdvertisingBureau/adstxtcrawler"
85.208.96.200 - - [05/Apr/2026:18:16:44 +0200] "GET /%D1%83%D0%BF%D1%80%D0%B0%D0%B2%D0%BB%D1%8F%D0%B2%D0%B0%D1%89%D0%B0%D1%82%D0%B0-%D1%85%D1%83%D0%BD%D1%82%D0%B0-%D0%BE%D1%82%D0%BA%D1%80%D0%B8%D1%82%D0%BE-%D0%BF%D1%80%D0%B8%D1%82%D0%B8%D1%81%D0%BA/ HTTP/1.1" 200 14660 "-" "Mozilla/5.0 (compatible; SemrushBot/7~bl; +http://www.semrush.com/bot.html)"
51.75.236.139 - - [05/Apr/2026:18:22:14 +0200] "GET /wp-content/uploads/2020/12/d0bdd0b0d0bf-d189d0b5-d0bfd180d0b8d0b7d0bdd0b0d0b2d0b0-d182d0b5d181d182d0bed0b2d0b5d182d0b5-d0b7d0b0-covid-19-d0b7d0b0-d180d0b0d0b7d185.jpg HTTP/1.1" 200 28587 "-" "Mozilla/5.0 (compatible; AhrefsBot/7.0; +http://ahrefs.com/robot/)"
66.249.68.64 - - [05/Apr/2026:18:24:33 +0200] "GET /wp-content/uploads/2020/09/d0b1d0b5d0b7-d0bfd0b0d180d0b8d182d0b5-d0bdd0b0-d0b1d180d18ed0bad181d0b5d0bb-d0b1d0bed180d0b8d181d0bed0b2-d0b5-d0b3d0bed181d0bfd0bed0b4-1.jpg HTTP/1.1" 200 21602 "-" "Googlebot-Image/1.0"
161.97.137.93 - - [05/Apr/2026:18:26:24 +0200] "POST /wp-cron.php?doing_wp_cron=1775406384.2755389213562011718750 HTTP/1.1" 404 5512 "http://bultimes.info/wp-cron.php?doing_wp_cron=1775406384.2755389213562011718750" "WordPress/4.9.26; https://bultimes.info"
85.208.96.196 - - [05/Apr/2026:18:26:24 +0200] "GET /%D0%B5%D1%80%D0%B4%D0%BE%D0%B3%D0%B0%D0%BD-%D0%B8%D0%BA%D0%BE%D0%BD%D0%BE%D0%BC%D0%B8%D0%BA%D0%B0%D1%82%D0%B0-%D0%BD%D0%B8-%D1%81%D0%B5-%D1%81%D1%82%D0%B0%D0%B1%D0%B8%D0%BB%D0%B8%D0%B7%D0%B8%D1%80/ HTTP/1.1" 200 14860 "-" "Mozilla/5.0 (compatible; SemrushBot/7~bl; +http://www.semrush.com/bot.html)"
18.119.158.118 - - [05/Apr/2026:18:26:29 +0200] "GET /wp-content/uploads/2022/09/304817005_830697041437698_4494301078715575390_n.png HTTP/1.1" 304 0 "-" "Mozilla/5.0 (Macintosh; Intel Mac OS X 10_15_7) AppleWebKit/537.36 (KHTML, like Gecko) Chrome/131.0.0.0 Safari/537.36; ClaudeBot/1.0; +claudebot@anthropic.com)"
66.249.68.65 - - [05/Apr/2026:18:26:42 +0200] "GET /wp-content/uploads/2020/10/d0b3d0b5d180d0b1-d0bdd0b0d180d0bed187d0bdd0be-d180d0b0d0b7d0b4d0b0d0b2d0b0d182-d0bfd0b0d180d0b8-d0bdd0b0-d0bad0b0d0bbd0bfd0b0d0ba-d0b7-1.jpg HTTP/1.1" 200 24981 "-" "Googlebot-Image/1.0"
2a02:80e0:3:102::2 - - [05/Apr/2026:18:27:12 +0200] "HEAD /%D0%BE%D1%89%D0%B5-%D0%BB%D0%B8-%D0%B8%D1%81%D0%BA%D0%B0%D1%82%D0%B5-%D0%B4%D0%B0-%D0%BE%D1%81%D1%82%D0%B0%D0%BD%D0%B5%D0%BC-%D0%B2-%D0%B5%D1%81-%D0%BE%D1%81%D1%82%D0%B0%D0%BD%D0%B0%D1%85%D0%BC%D0%B5/?fbclid=IwAR0cDcJGVAlzLwBV4kgIeNYH HTTP/1.1" 200 0 "-" "RankMath Link Checker/1.0 (+https://zona98.com)"
5.39.1.237 - - [05/Apr/2026:18:27:17 +0200] "GET /wp-content/uploads/2020/12/d0b2d0b8d0b4d0b5d0be-d0bad0bed0bdd181d183d0bbd182d0b0d186d0b8d0b8-d181-d0b5d0bad181d0bfd0b5d180d182d0b8d182d0b5-d0bdd0b0-fibank-d0b2-d183.jpg HTTP/1.1" 200 21286 "-" "Mozilla/5.0 (compatible; AhrefsBot/7.0; +http://ahrefs.com/robot/)"
2a02:80e0:3:102::2 - - [05/Apr/2026:18:27:21 +0200] "HEAD /%D0%BE%D1%89%D0%B5-%D0%BB%D0%B8-%D0%B8%D1%81%D0%BA%D0%B0%D1%82%D0%B5-%D0%B4%D0%B0-%D0%BE%D1%81%D1%82%D0%B0%D0%BD%D0%B5%D0%BC-%D0%B2-%D0%B5%D1%81-%D0%BE%D1%81%D1%82%D0%B0%D0%BD%D0%B0%D1%85%D0%BC%D0%B5/?fbclid=IwAR0cDcJGVAlzLwBV4kgIeNYH HTTP/1.1" 200 0 "-" "RankMath Link Checker/1.0 (+https://zona98.com)"
2a02:80e0:3:102::2 - - [05/Apr/2026:18:30:19 +0200] "HEAD /%D0%BE%D1%89%D0%B5-%D0%BB%D0%B8-%D0%B8%D1%81%D0%BA%D0%B0%D1%82%D0%B5-%D0%B4%D0%B0-%D0%BE%D1%81%D1%82%D0%B0%D0%BD%D0%B5%D0%BC-%D0%B2-%D0%B5%D1%81-%D0%BE%D1%81%D1%82%D0%B0%D0%BD%D0%B0%D1%85%D0%BC%D0%B5/?fbclid=IwAR0cDcJGVAlzLwBV4kgIeNYH HTTP/1.1" 200 0 "-" "RankMath Link Checker/1.0 (+https://zona98.com)"
66.249.68.66 - - [05/Apr/2026:18:30:21 +0200] "GET /wp-content/uploads/2021/03/157056784_261804592279377_4699562782822676963_n.jpg HTTP/1.1" 200 63197 "-" "Googlebot-Image/1.0"
2a03:2880:32ff:43:: - - [05/Apr/2026:18:30:49 +0200] "GET /wp-content/uploads/2021/01/660_88c9c97c4cbe2e7d8ea5ab46d0157606.jpg HTTP/1.1" 200 126712 "-" "facebookexternalhit/1.1 (+http://www.facebook.com/externalhit_uatext.php)"
66.249.68.64 - - [05/Apr/2026:18:34:38 +0200] "GET /wp-content/uploads/2021/04/170210063_10214716561305902_3427527342800754712_n.jpg HTTP/1.1" 200 122512 "-" "Googlebot-Image/1.0"
66.249.68.64 - - [05/Apr/2026:18:34:39 +0200] "GET /robots.txt HTTP/1.1" 200 80 "-" "Mozilla/5.0 (compatible; Googlebot/2.1; +http://www.google.com/bot.html)"
20.219.150.51 - - [05/Apr/2026:18:36:00 +0200] "GET / HTTP/1.1" 200 14620 "-" "Mozilla/5.0 (Windows NT 10.0; Win64; x64) AppleWebKit/537.36 (KHTML, like Gecko) Chrome/80.0.3987.149 Safari/537.36"
20.219.150.51 - - [05/Apr/2026:18:36:01 +0200] "GET /?author=1 HTTP/1.1" 502 552 "-" "Mozilla/5.0 (Windows NT 10.0; Win64; x64) AppleWebKit/537.36 (KHTML, like Gecko) Chrome/80.0.3987.149 Safari/537.36"
20.219.150.51 - - [05/Apr/2026:18:36:02 +0200] "GET /?author=2 HTTP/1.1" 502 552 "-" "Mozilla/5.0 (Windows NT 10.0; Win64; x64) AppleWebKit/537.36 (KHTML, like Gecko) Chrome/80.0.3987.149 Safari/537.36"
20.219.150.51 - - [05/Apr/2026:18:36:02 +0200] "GET /wp-json/wp/v2/users/ HTTP/1.1" 502 552 "-" "Mozilla/5.0 (Windows NT 10.0; Win64; x64) AppleWebKit/537.36 (KHTML, like Gecko) Chrome/80.0.3987.149 Safari/537.36"
20.219.150.51 - - [05/Apr/2026:18:36:02 +0200] "GET /wp-json/oembed/1.0/embed?url=http://bultimes.info HTTP/1.1" 502 552 "-" "Mozilla/5.0 (Windows NT 10.0; Win64; x64) AppleWebKit/537.36 (KHTML, like Gecko) Chrome/80.0.3987.149 Safari/537.36"
20.219.150.51 - - [05/Apr/2026:18:36:03 +0200] "POST /xmlrpc.php HTTP/1.1" 404 5512 "-" "Mozilla/5.0 (Windows NT 10.0; Win64; x64) AppleWebKit/537.36 (KHTML, like Gecko) Chrome/80.0.3987.149 Safari/537.36"
2600:1f18:360e:f602:5cfd:471a:5603:ee0d - - [05/Apr/2026:18:37:27 +0200] "GET /%D0%B2%D0%BB%D0%B0%D0%B4%D0%BE-%D0%BD%D0%B8%D0%BA%D0%BE%D0%BB%D0%BE%D0%B2-%D0%BE%D1%82%D0%B2%D1%8A%D1%80%D0%BD%D0%B0-%D0%BD%D0%B0-%D0%BE%D0%B1%D0%B8%D0%B4%D0%B8%D1%82%D0%B5-%D1%85%D0%BE%D1%80%D0%B0 HTTP/1.1" 301 0 "-" "ias-va/3.3 (former https://www.admantx.com + https://integralads.com/about-ias/)"
2600:1f18:360e:f602:5cfd:471a:5603:ee0d - - [05/Apr/2026:18:37:28 +0200] "GET /%D0%B2%D0%BB%D0%B0%D0%B4%D0%BE-%D0%BD%D0%B8%D0%BA%D0%BE%D0%BB%D0%BE%D0%B2-%D0%BE%D1%82%D0%B2%D1%8A%D1%80%D0%BD%D0%B0-%D0%BD%D0%B0-%D0%BE%D0%B1%D0%B8%D0%B4%D0%B8%D1%82%D0%B5-%D1%85%D0%BE%D1%80%D0%B0/ HTTP/1.1" 200 20739 "-" "ias-va/3.3 (former https://www.admantx.com + https://integralads.com/about-ias/)"
161.97.137.93 - - [05/Apr/2026:18:38:45 +0200] "POST /wp-cron.php?doing_wp_cron=1775407125.1603739261627197265625 HTTP/1.1" 404 5512 "http://bultimes.info/wp-cron.php?doing_wp_cron=1775407125.1603739261627197265625" "WordPress/4.9.26; https://bultimes.info"
216.244.66.203 - - [05/Apr/2026:18:38:45 +0200] "GET /%D0%BD%D1%8F%D0%BA%D0%BE%D0%BB%D0%BA%D0%BE-%D1%84%D0%B0%D0%BA%D1%82%D0%B0-%D0%B4%D0%BE%D0%BA%D0%B0%D0%B7%D0%B0%D0%BD%D0%B8-%D0%B4%D0%BD%D0%B5%D1%81/ HTTP/1.1" 200 17451 "-" "Mozilla/5.0 (compatible; DotBot/1.2; +https://opensiteexplorer.org/dotbot; help@moz.com)"
207.46.13.54 - - [05/Apr/2026:18:39:21 +0200] "GET /wp-content/uploads/2020/07/d0bcd0b0d0bad180d0bed0bd-d183d185d0b0d0b6d0b2d0b0-d0bfd183d182d0b8d0bd-d0b2d0b5d187d0b5-d0bcd183-d0b3d0bed0b2d0bed180d0b8-d0bdd0b0.jpg HTTP/1.1" 304 0 "-" "Mozilla/5.0 AppleWebKit/537.36 (KHTML, like Gecko; compatible; bingbot/2.0; +http://www.bing.com/bingbot.htm) Chrome/116.0.1938.76 Safari/537.36"
68.221.137.197 - - [05/Apr/2026:18:40:03 +0200] "GET /wp-content/plugins/hellopress/wp_filemanager.php HTTP/1.1" 502 150 "-" "-"
68.221.137.197 - - [05/Apr/2026:18:40:03 +0200] "GET /prosell2.php HTTP/1.1" 502 150 "-" "-"
68.221.137.197 - - [05/Apr/2026:18:40:03 +0200] "GET /zt2.php HTTP/1.1" 502 150 "-" "-"
92.222.104.208 - - [05/Apr/2026:18:42:19 +0200] "GET /wp-content/uploads/2021/02/d0bdd0b5-d0bfd0b0d0bdd0b4d0b5d0bcd0b8d18fd182d0b0-d0b0-d0b8d0b7d0b1d0bed180d0b8d182d0b5-d0bfd0bbd0b0d188d0b0d182.jpg HTTP/1.1" 200 37274 "-" "Mozilla/5.0 (compatible; AhrefsBot/7.0; +http://ahrefs.com/robot/)"
66.249.68.66 - - [05/Apr/2026:18:43:13 +0200] "GET /wp-content/uploads/2020/02/d0bdd0b8d0bad0bed0bbd0b0d0b9-d0bdd0b5d0bdd187d0b5d0b2-d0b2d18ad0b7d0bcd0bed0b6d0bdd0be-d0b5-d0b4d0b5d181d0b8d181d0bbd0b0d0b2d0b0-d180.jpg HTTP/1.1" 200 22692 "-" "Googlebot-Image/1.0"
92.222.108.108 - - [05/Apr/2026:18:43:42 +0200] "GET /wp-content/uploads/2020/01/d186d0b5d0bdd0b8d182d0b5-d0bdd0b0-d0b3d0b0d0b7d0bed0b2d0b0d182d0b0-d0b1d0bed180d181d0b0-d0bfd0be-d0bdd0b8d181d0bad0b8-d0bed182-d0be.jpg HTTP/1.1" 200 21975 "-" "Mozilla/5.0 (compatible; AhrefsBot/7.0; +http://ahrefs.com/robot/)"
52.167.144.183 - - [05/Apr/2026:18:44:22 +0200] "GET /wp-content/uploads/2020/01/d0b2d0b0d181d0b8d0bb-d0b2d0b5d0bbd0b5d0b2-d0b7d0b0-d0b4d0b0-d0b6d0b8d0b2d0b5d0b5d0bc-d0bfd0be-d0b4d0bed0b1d180d0b5-d182d180d18fd0b1-3.jpg HTTP/1.1" 200 31987 "-" "Mozilla/5.0 AppleWebKit/537.36 (KHTML, like Gecko; compatible; bingbot/2.0; +http://www.bing.com/bingbot.htm) Chrome/116.0.1938.76 Safari/537.36"
52.167.144.183 - - [05/Apr/2026:18:45:22 +0200] "GET /wp-content/uploads/2020/05/d0b1d0bdd0b1-d0bfd183d181d0bdd0b0-d0b2d18ad0b7d0bfd0bed0bcd0b5d0bdd0b0d182d0b5d0bbd0bdd0b0-d0bcd0bed0bdd0b5d182d0b0-d0b7d0b0-100-d182.jpg HTTP/1.1" 200 16323 "-" "Mozilla/5.0 AppleWebKit/537.36 (KHTML, like Gecko; compatible; bingbot/2.0; +http://www.bing.com/bingbot.htm) Chrome/116.0.1938.76 Safari/537.36"
92.222.104.216 - - [05/Apr/2026:18:47:54 +0200] "GET /wp-content/uploads/2020/12/d184d0b8d0bdd0bbd0b0d0bdd0b4d181d0bad0b0d182d0b0-d0bad0bed0bcd0bfd0b0d0bdd0b8d18f-patria-d0b4d0bed181d182d0b0d0b2d0b8-d0bdd0b0-d188d0b2.jpg HTTP/1.1" 200 23574 "-" "Mozilla/5.0 (compatible; AhrefsBot/7.0; +http://ahrefs.com/robot/)"
216.244.66.203 - - [05/Apr/2026:18:48:51 +0200] "GET /%D1%80%D0%B0%D0%B4%D0%B5%D0%B2-%D0%BD%D0%B0%D0%BB%D0%BE%D0%B6%D0%B8-%D0%B2%D0%B5%D1%82%D0%BE-%D0%B2%D1%8A%D1%80%D1%85%D1%83-%D0%BF%D1%80%D0%BE%D0%BC%D0%B5%D0%BD%D0%B8%D1%82%D0%B5-%D0%B2-%D0%B8%D0%B7/ HTTP/1.1" 200 15251 "-" "Mozilla/5.0 (compatible; DotBot/1.2; +https://opensiteexplorer.org/dotbot; help@moz.com)"
114.119.142.131 - - [05/Apr/2026:18:50:47 +0200] "GET /wp-content/uploads/2021/02/d0bad0bfd0bad0bed0bdd0bfd0b8-d0b2d0bdd0b5d181d0b5-d0b8d181d0bad0bed0b2d0b5-d0b7d0b0-d0bed182d0bdd0b5d0bcd0b0d0bdd0b5-d0bdd0b0-278-d0bc-480x384.jpg HTTP/1.1" 404 5512 "-" "Mozilla/5.0 (Linux; Android 7.0;) AppleWebKit/537.36 (KHTML, like Gecko) Mobile Safari/537.36 (compatible; PetalBot;+https://webmaster.petalsearch.com/site/petalbot)"
125.75.66.97 - - [05/Apr/2026:18:54:18 +0200] "GET / HTTP/1.1" 200 14620 "-" "Mozilla/5.0 (iPhone; CPU iPhone OS 13_2_3 like Mac OS X) AppleWebKit/605.1.15 (KHTML, like Gecko) Version/13.0.3 Mobile/15E148 Safari/604.1"
161.97.137.93 - - [05/Apr/2026:18:58:11 +0200] "POST /wp-cron.php?doing_wp_cron=1775408290.7793350219726562500000 HTTP/1.1" 404 5512 "http://bultimes.info/wp-cron.php?doing_wp_cron=1775408290.7793350219726562500000" "WordPress/4.9.26; https://bultimes.info"
216.73.216.116 - - [05/Apr/2026:18:58:11 +0200] "GET /sitemap.xml HTTP/1.1" 404 5512 "-" "Mozilla/5.0 AppleWebKit/537.36 (KHTML, like Gecko; compatible; ClaudeBot/1.0; +claudebot@anthropic.com)"
216.73.216.116 - - [05/Apr/2026:18:59:52 +0200] "GET /%D0%BA%D1%80%D0%B5%D0%B4%D0%B8%D1%82-%D0%B0%D0%B3%D1%80%D0%BE%D0%BF%D0%BE%D0%B4%D0%BA%D1%80%D0%B5%D0%BF%D0%B0-%D0%BE%D1%82-fibank-%D0%B2-%D0%BF%D0%BE%D0%BC%D0%BE%D1%89-%D0%BD%D0%B0 HTTP/1.1" 301 0 "-" "Mozilla/5.0 AppleWebKit/537.36 (KHTML, like Gecko; compatible; ClaudeBot/1.0; +claudebot@anthropic.com)"
216.73.216.116 - - [05/Apr/2026:18:59:55 +0200] "GET /%D0%BA%D1%80%D0%B5%D0%B4%D0%B8%D1%82-%D0%B0%D0%B3%D1%80%D0%BE%D0%BF%D0%BE%D0%B4%D0%BA%D1%80%D0%B5%D0%BF%D0%B0-%D0%BE%D1%82-fibank-%D0%B2-%D0%BF%D0%BE%D0%BC%D0%BE%D1%89-%D0%BD%D0%B0/ HTTP/1.1" 200 14789 "http://bultimes.info/%D0%BA%D1%80%D0%B5%D0%B4%D0%B8%D1%82-%D0%B0%D0%B3%D1%80%D0%BE%D0%BF%D0%BE%D0%B4%D0%BA%D1%80%D0%B5%D0%BF%D0%B0-%D0%BE%D1%82-fibank-%D0%B2-%D0%BF%D0%BE%D0%BC%D0%BE%D1%89-%D0%BD%D0%B0" "Mozilla/5.0 AppleWebKit/537.36 (KHTML, like Gecko; compatible; ClaudeBot/1.0; +claudebot@anthropic.com)"
66.249.68.68 - - [05/Apr/2026:19:06:30 +0200] "GET /wp-content/uploads/2019/12/d181d182d180d0b0d185d0b8d0bb-d0b4d0b5d0bbd0b8d0b9d181d0bad0b8-d0b1d0bed180d0b8d181d0bed0b2-d181d0bcd0b5d0bdd18f-d0b1d183d188d0bed0bd.jpg HTTP/1.1" 304 0 "-" "Googlebot-Image/1.0"
51.68.247.197 - - [05/Apr/2026:19:08:57 +0200] "GET /wp-content/uploads/2021/01/d0b1d0b0d0bbd0b0d0b1d0b0d0bdd0bed0b2-d0bed182d0b3d0bed0b2d0bed180d0b8-d0bdd0b0-d0b2d0b0d0bbd0b5d180d0b8-d181d0b8d0bcd0b5d0bed0bdd0be.jpg HTTP/1.1" 200 21017 "-" "Mozilla/5.0 (compatible; AhrefsBot/7.0; +http://ahrefs.com/robot/)"
220.181.51.113 - - [05/Apr/2026:19:10:14 +0200] "GET /robots.txt HTTP/1.1" 200 80 "-" "Mozilla/5.0 (Windows NT 10.0; WOW64) AppleWebKit/537.36 (KHTML, like Gecko) Chrome/48.0.2564.116 Safari/537.36"
216.244.66.203 - - [05/Apr/2026:19:13:29 +0200] "GET /robots.txt HTTP/1.1" 200 80 "-" "Mozilla/5.0 (compatible; DotBot/1.2; +https://opensiteexplorer.org/dotbot; help@moz.com)"
94.23.188.194 - - [05/Apr/2026:19:23:01 +0200] "GET /wp-content/uploads/2020/12/d0bfd180d0bed0b3d0bdd0bed0b7d0b8d180d0b0d182-d0b7d0b0d0b3d183d0b1d0b8-d0bed182-d0bdd0b0d0b4-6-d0bcd0bbd180d0b4-d0bbd0b5d0b2d0b0-d0b7.jpg HTTP/1.1" 200 26195 "-" "Mozilla/5.0 (compatible; AhrefsBot/7.0; +http://ahrefs.com/robot/)"
161.97.137.93 - - [05/Apr/2026:19:24:15 +0200] "POST /wp-cron.php?doing_wp_cron=1775409855.4745709896087646484375 HTTP/1.1" 404 5512 "http://bultimes.info/wp-cron.php?doing_wp_cron=1775409855.4745709896087646484375" "WordPress/4.9.26; https://bultimes.info"
185.191.171.3 - - [05/Apr/2026:19:24:16 +0200] "GET /%D0%B2%D0%B0%D0%B6%D0%BD%D0%B8-%D0%BF%D1%80%D0%BE%D0%BC%D0%B5%D0%BD%D0%B8-%D0%B2-%D0%BA%D0%BE%D0%B4%D0%B5%D0%BA%D1%81%D0%B0-%D0%BD%D0%B0-%D1%82%D1%80%D1%83%D0%B4%D0%B0-%D1%81%D1%8A%D0%BA%D1%80%D0%B0/ HTTP/1.1" 200 24034 "-" "Mozilla/5.0 (compatible; SemrushBot/7~bl; +http://www.semrush.com/bot.html)"
185.191.171.6 - - [05/Apr/2026:19:25:08 +0200] "GET /%D0%BF%D0%BE%D0%BB%D0%BA-%D0%BD%D0%B8%D0%BA%D0%BE%D0%BB%D0%B0%D0%B9-%D0%BC%D0%B0%D1%80%D0%BA%D0%BE%D0%B2-%D0%B2%D1%81%D0%B8%D1%87%D0%BA%D0%B8-%D1%81%D1%80%D0%B5%D1%89%D1%83-%D0%BF%D1%80%D0%B5%D1%81/ HTTP/1.1" 200 15597 "-" "Mozilla/5.0 (compatible; SemrushBot/7~bl; +http://www.semrush.com/bot.html)"
66.249.68.66 - - [05/Apr/2026:19:26:04 +0200] "GET /wp-content/uploads/2022/09/metalotarsach.jpg HTTP/1.1" 200 30895 "-" "Googlebot-Image/1.0"
43.157.179.227 - - [05/Apr/2026:19:28:20 +0200] "GET / HTTP/1.1" 200 14620 "-" "Mozilla/5.0 (iPhone; CPU iPhone OS 13_2_3 like Mac OS X) AppleWebKit/605.1.15 (KHTML, like Gecko) Version/13.0.3 Mobile/15E148 Safari/604.1"
40.77.167.143 - - [05/Apr/2026:19:29:54 +0200] "GET /wp-content/uploads/2022/11/310470779_828788684833902_4340761341511898202_n.jpg HTTP/1.1" 200 93724 "-" "Mozilla/5.0 AppleWebKit/537.36 (KHTML, like Gecko; compatible; bingbot/2.0; +http://www.bing.com/bingbot.htm) Chrome/116.0.1938.76 Safari/537.36"
216.73.216.116 - - [05/Apr/2026:19:30:04 +0200] "GET /sitemap.xml HTTP/1.1" 502 150 "-" "Mozilla/5.0 AppleWebKit/537.36 (KHTML, like Gecko; compatible; ClaudeBot/1.0; +claudebot@anthropic.com)"
216.73.216.116 - - [05/Apr/2026:19:30:04 +0200] "GET /sitemap.xml HTTP/1.1" 502 150 "-" "Mozilla/5.0 AppleWebKit/537.36 (KHTML, like Gecko; compatible; ClaudeBot/1.0; +claudebot@anthropic.com)"
144.91.103.84 - - [05/Apr/2026:19:32:59 +0200] "GET /wp-content/plugins/shell/about.php HTTP/1.1" 404 5512 "www.google.com" "Mozlila/5.0 (Linux; Android 7.0; SM-G892A Bulid/NRD90M; wv) AppleWebKit/537.36 (KHTML, like Gecko) Version/4.0 Chrome/60.0.3112.107 Moblie Safari/537.36"
161.97.137.93 - - [05/Apr/2026:19:33:37 +0200] "POST /wp-cron.php?doing_wp_cron=1775410416.9709100723266601562500 HTTP/1.1" 404 5512 "http://bultimes.info/wp-cron.php?doing_wp_cron=1775410416.9709100723266601562500" "WordPress/4.9.26; https://bultimes.info"
144.91.103.84 - - [05/Apr/2026:19:33:37 +0200] "GET /wp-content/plugins/fix/up.php HTTP/1.1" 404 5512 "www.google.com" "Mozlila/5.0 (Linux; Android 7.0; SM-G892A Bulid/NRD90M; wv) AppleWebKit/537.36 (KHTML, like Gecko) Version/4.0 Chrome/60.0.3112.107 Moblie Safari/537.36"
144.91.103.84 - - [05/Apr/2026:19:34:35 +0200] "GET /wp-content/plugins/wp-help/mini.php HTTP/1.1" 404 5512 "www.google.com" "Mozlila/5.0 (Linux; Android 7.0; SM-G892A Bulid/NRD90M; wv) AppleWebKit/537.36 (KHTML, like Gecko) Version/4.0 Chrome/60.0.3112.107 Moblie Safari/537.36"
157.55.39.59 - - [05/Apr/2026:19:36:54 +0200] "GET /wp-content/uploads/2020/06/d0b5d186d0b1-d0b1d18ad0bbd0b3d0b0d180d0b8d18f-d0bfd0bed0bbd0b0d0b3d0b0-d183d181d0b8d0bbd0b8d18f-d0b7d0b0-d0b5d0b2d180d0bed0b7d0bed0bd.jpg HTTP/1.1" 200 18117 "-" "Mozilla/5.0 AppleWebKit/537.36 (KHTML, like Gecko; compatible; bingbot/2.0; +http://www.bing.com/bingbot.htm) Chrome/116.0.1938.76 Safari/537.36"
66.249.68.68 - - [05/Apr/2026:19:38:56 +0200] "GET /ads.txt HTTP/1.1" 200 248 "-" "Google-adstxt"
66.249.68.68 - - [05/Apr/2026:19:38:56 +0200] "GET /robots.txt HTTP/1.1" 200 80 "-" "Mozilla/5.0 (compatible; Googlebot/2.1; +http://www.google.com/bot.html)"
172.213.152.220 - - [05/Apr/2026:19:39:40 +0200] "GET /wp-content/plugins/hellopress/wp_filemanager.php HTTP/1.1" 404 5512 "-" "-"
172.213.152.220 - - [05/Apr/2026:19:39:41 +0200] "GET /CDX2.php HTTP/1.1" 404 5512 "-" "-"
172.213.152.220 - - [05/Apr/2026:19:39:41 +0200] "GET /gvg1bvpsgtot1rpklCdefault.php HTTP/1.1" 404 5512 "-" "-"
172.213.152.220 - - [05/Apr/2026:19:39:42 +0200] "GET /wtiiy.php HTTP/1.1" 404 5512 "-" "-"
172.213.152.220 - - [05/Apr/2026:19:39:42 +0200] "GET /file61.php HTTP/1.1" 404 5512 "-" "-"
172.213.152.220 - - [05/Apr/2026:19:39:42 +0200] "GET /term.php HTTP/1.1" 404 5512 "-" "-"
172.213.152.220 - - [05/Apr/2026:19:39:43 +0200] "GET /qiumnpor3orjwr6me3zmgqCdefault.php HTTP/1.1" 404 5512 "-" "-"
172.213.152.220 - - [05/Apr/2026:19:39:43 +0200] "GET /Ov-Simple1.php HTTP/1.1" 404 5512 "-" "-"
172.213.152.220 - - [05/Apr/2026:19:39:43 +0200] "GET /asasx.php HTTP/1.1" 404 5512 "-" "-"
172.213.152.220 - - [05/Apr/2026:19:39:43 +0200] "GET /only.php HTTP/1.1" 404 5512 "-" "-"
172.213.152.220 - - [05/Apr/2026:19:39:44 +0200] "GET /t2gorhwasq4vioshtatw5eCdefault.php HTTP/1.1" 404 5512 "-" "-"
172.213.152.220 - - [05/Apr/2026:19:39:44 +0200] "GET /xwx1.php HTTP/1.1" 404 5512 "-" "-"
172.213.152.220 - - [05/Apr/2026:19:39:45 +0200] "GET /bolt.php HTTP/1.1" 404 5512 "-" "-"
172.213.152.220 - - [05/Apr/2026:19:39:45 +0200] "GET /Sanskrit.php HTTP/1.1" 404 5512 "-" "-"
172.213.152.220 - - [05/Apr/2026:19:39:46 +0200] "GET /public/mI35rZhMg1zJ1vuXdefault.php HTTP/1.1" 404 5512 "-" "-"
172.213.152.220 - - [05/Apr/2026:19:39:46 +0200] "GET /ws88.php HTTP/1.1" 404 5512 "-" "-"
172.213.152.220 - - [05/Apr/2026:19:39:46 +0200] "GET /6xBAm3vODE05BSzkJZRAws.php HTTP/1.1" 404 5512 "-" "-"
172.213.152.220 - - [05/Apr/2026:19:39:47 +0200] "GET /CDX1.php HTTP/1.1" 404 5512 "-" "-"
172.213.152.220 - - [05/Apr/2026:19:39:47 +0200] "GET /8daf1238_1774208172.php HTTP/1.1" 404 5512 "-" "-"
172.213.152.220 - - [05/Apr/2026:19:39:47 +0200] "GET /ortasekerli1.php HTTP/1.1" 404 5512 "-" "-"
172.213.152.220 - - [05/Apr/2026:19:39:48 +0200] "GET /bgymj.php HTTP/1.1" 404 5512 "-" "-"
172.213.152.220 - - [05/Apr/2026:19:39:48 +0200] "GET /lmutxdvyp7u5yksqke8ozbjgCdefault.php HTTP/1.1" 404 5512 "-" "-"
172.213.152.220 - - [05/Apr/2026:19:39:48 +0200] "GET /wziar1.php HTTP/1.1" 404 5512 "-" "-"
172.213.152.220 - - [05/Apr/2026:19:39:49 +0200] "GET /jga.php HTTP/1.1" 404 5512 "-" "-"
172.213.152.220 - - [05/Apr/2026:19:39:49 +0200] "GET /byypas.php HTTP/1.1" 404 5512 "-" "-"
172.213.152.220 - - [05/Apr/2026:19:39:50 +0200] "GET /uuu.php HTTP/1.1" 404 5512 "-" "-"
172.213.152.220 - - [05/Apr/2026:19:39:50 +0200] "GET /wmore1.php HTTP/1.1" 404 5512 "-" "-"
172.213.152.220 - - [05/Apr/2026:19:39:50 +0200] "GET /ws.php HTTP/1.1" 404 5512 "-" "-"
172.213.152.220 - - [05/Apr/2026:19:39:51 +0200] "GET /jlex.php HTTP/1.1" 404 5512 "-" "-"
172.213.152.220 - - [05/Apr/2026:19:39:51 +0200] "GET /classwithtostring.php HTTP/1.1" 404 5512 "-" "-"
172.213.152.220 - - [05/Apr/2026:19:39:51 +0200] "GET /kj.php HTTP/1.1" 404 5512 "-" "-"
172.213.152.220 - - [05/Apr/2026:19:39:52 +0200] "GET /ws85.php HTTP/1.1" 404 5512 "-" "-"
172.213.152.220 - - [05/Apr/2026:19:39:52 +0200] "GET /wp-png.php HTTP/1.1" 404 5512 "-" "-"
172.213.152.220 - - [05/Apr/2026:19:39:53 +0200] "GET /666.php HTTP/1.1" 404 5512 "-" "-"
172.213.152.220 - - [05/Apr/2026:19:39:53 +0200] "GET /b4txckoieeyhynhsrpi9lCdefault.php HTTP/1.1" 404 5512 "-" "-"
172.213.152.220 - - [05/Apr/2026:19:39:53 +0200] "GET /amax.php HTTP/1.1" 404 5512 "-" "-"
172.213.152.220 - - [05/Apr/2026:19:39:54 +0200] "GET /wp-content/plugins/hellopress/wp_filemanager.php HTTP/1.1" 404 5512 "-" "-"
161.97.137.93 - - [05/Apr/2026:19:39:55 +0200] "POST /wp-cron.php?doing_wp_cron=1775410794.7110910415649414062500 HTTP/1.1" 404 5512 "http://bultimes.info/wp-cron.php?doing_wp_cron=1775410794.7110910415649414062500" "WordPress/4.9.26; https://bultimes.info"
172.213.152.220 - - [05/Apr/2026:19:39:55 +0200] "GET /pass4.php HTTP/1.1" 404 5512 "-" "-"
172.213.152.220 - - [05/Apr/2026:19:39:55 +0200] "GET /a5.php HTTP/1.1" 404 5512 "-" "-"
172.213.152.220 - - [05/Apr/2026:19:39:55 +0200] "GET /ibcqocdtu3eovdx2hwj7Cdefault.php HTTP/1.1" 404 5512 "-" "-"
172.213.152.220 - - [05/Apr/2026:19:39:56 +0200] "GET /sadcut1.php HTTP/1.1" 404 5512 "-" "-"
172.213.152.220 - - [05/Apr/2026:19:39:56 +0200] "GET /a4.php HTTP/1.1" 404 5512 "-" "-"
172.213.152.220 - - [05/Apr/2026:19:39:56 +0200] "GET /gpt-sh.php HTTP/1.1" 404 5512 "-" "-"
172.213.152.220 - - [05/Apr/2026:19:39:57 +0200] "GET /wp.php HTTP/1.1" 404 5512 "-" "-"
172.213.152.220 - - [05/Apr/2026:19:39:57 +0200] "GET /wp-the.php HTTP/1.1" 404 5512 "-" "-"
172.213.152.220 - - [05/Apr/2026:19:39:58 +0200] "GET /irpl4xz4fmlzm4tlvvu4h1mCdefault.php HTTP/1.1" 404 5512 "-" "-"
172.213.152.220 - - [05/Apr/2026:19:39:58 +0200] "GET /ogifomnzqnlvwh5womfjirvaCdefault.php HTTP/1.1" 404 5512 "-" "-"
172.213.152.220 - - [05/Apr/2026:19:39:58 +0200] "GET /wlld5fjtdpjmjhsds3qzmipfCdefault.php HTTP/1.1" 404 5512 "-" "-"
172.213.152.220 - - [05/Apr/2026:19:39:59 +0200] "GET /tfm.php HTTP/1.1" 404 5512 "-" "-"
172.213.152.220 - - [05/Apr/2026:19:39:59 +0200] "GET /lib.php HTTP/1.1" 404 5512 "-" "-"
172.213.152.220 - - [05/Apr/2026:19:39:59 +0200] "GET /rithin.php HTTP/1.1" 404 5512 "-" "-"
172.213.152.220 - - [05/Apr/2026:19:40:00 +0200] "GET /q7lhrgzoo7ijhnkcedq2Cdefault.php HTTP/1.1" 404 5512 "-" "-"
172.213.152.220 - - [05/Apr/2026:19:40:00 +0200] "GET /0yellow.php HTTP/1.1" 404 5512 "-" "-"
172.213.152.220 - - [05/Apr/2026:19:40:01 +0200] "GET /ws86.php HTTP/1.1" 404 5512 "-" "-"
172.213.152.220 - - [05/Apr/2026:19:40:01 +0200] "GET /exhds0ucw0ju9vjgasxqCdefault.php HTTP/1.1" 404 5512 "-" "-"
172.213.152.220 - - [05/Apr/2026:19:40:01 +0200] "GET /bless.php HTTP/1.1" 502 150 "-" "-"
172.213.152.220 - - [05/Apr/2026:19:40:03 +0200] "GET /mI35rZhMg1zJ1vuXdefault.php HTTP/1.1" 502 150 "-" "-"
172.213.152.220 - - [05/Apr/2026:19:40:03 +0200] "GET /aligk.php HTTP/1.1" 502 150 "-" "-"
172.213.152.220 - - [05/Apr/2026:19:40:03 +0200] "GET /a7.php HTTP/1.1" 502 150 "-" "-"
172.213.152.220 - - [05/Apr/2026:19:40:03 +0200] "GET /ta0ol.php HTTP/1.1" 502 150 "-" "-"
172.213.152.220 - - [05/Apr/2026:19:40:03 +0200] "GET /tx79.php HTTP/1.1" 502 150 "-" "-"
172.213.152.220 - - [05/Apr/2026:19:40:03 +0200] "GET //wp.php HTTP/1.1" 502 150 "-" "-"
172.213.152.220 - - [05/Apr/2026:19:40:03 +0200] "GET /wp-good.php HTTP/1.1" 502 150 "-" "-"
172.213.152.220 - - [05/Apr/2026:19:40:03 +0200] "GET /zoper1.php HTTP/1.1" 502 150 "-" "-"
172.213.152.220 - - [05/Apr/2026:19:40:03 +0200] "GET /5xkfgawzejgwqh9hiaznCdefault.php HTTP/1.1" 502 150 "-" "-"
172.213.152.220 - - [05/Apr/2026:19:40:04 +0200] "GET /gifclass.php HTTP/1.1" 404 5512 "-" "-"
172.213.152.220 - - [05/Apr/2026:19:40:04 +0200] "GET /gptsh.php HTTP/1.1" 404 5512 "-" "-"
172.213.152.220 - - [05/Apr/2026:19:40:05 +0200] "GET /new3.php HTTP/1.1" 404 5512 "-" "-"
172.213.152.220 - - [05/Apr/2026:19:40:05 +0200] "GET /wp5.php HTTP/1.1" 404 5512 "-" "-"
172.213.152.220 - - [05/Apr/2026:19:40:06 +0200] "GET /ws87.php HTTP/1.1" 404 5512 "-" "-"
172.213.152.220 - - [05/Apr/2026:19:40:06 +0200] "GET /buc.php HTTP/1.1" 404 5512 "-" "-"
172.213.152.220 - - [05/Apr/2026:19:40:07 +0200] "GET /Cap.php HTTP/1.1" 404 5512 "-" "-"
172.213.152.220 - - [05/Apr/2026:19:40:07 +0200] "GET /jp.php HTTP/1.1" 404 5512 "-" "-"
172.213.152.220 - - [05/Apr/2026:19:40:07 +0200] "GET /motu.php HTTP/1.1" 404 5512 "-" "-"
172.213.152.220 - - [05/Apr/2026:19:40:08 +0200] "GET /gfd.php HTTP/1.1" 404 5512 "-" "-"
172.213.152.220 - - [05/Apr/2026:19:40:08 +0200] "GET /tx78.php HTTP/1.1" 404 5512 "-" "-"
172.213.152.220 - - [05/Apr/2026:19:40:08 +0200] "GET /torsa1.php HTTP/1.1" 404 5512 "-" "-"
172.213.152.220 - - [05/Apr/2026:19:40:09 +0200] "GET /8573.php HTTP/1.1" 404 5512 "-" "-"
172.213.152.220 - - [05/Apr/2026:19:40:09 +0200] "GET /dass.php HTTP/1.1" 404 5512 "-" "-"
172.213.152.220 - - [05/Apr/2026:19:40:10 +0200] "GET /green.php HTTP/1.1" 404 5512 "-" "-"
172.213.152.220 - - [05/Apr/2026:19:40:11 +0200] "GET /myfile.php HTTP/1.1" 404 5512 "-" "-"
172.213.152.220 - - [05/Apr/2026:19:40:11 +0200] "GET /wp9.php HTTP/1.1" 404 5512 "-" "-"
172.213.152.220 - - [05/Apr/2026:19:40:12 +0200] "GET /xsas.php HTTP/1.1" 404 5512 "-" "-"
172.213.152.220 - - [05/Apr/2026:19:40:12 +0200] "GET /sid3.php HTTP/1.1" 404 5512 "-" "-"
172.213.152.220 - - [05/Apr/2026:19:40:12 +0200] "GET //nw.php HTTP/1.1" 301 0 "-" "-"
172.213.152.220 - - [05/Apr/2026:19:40:13 +0200] "GET /nw.php HTTP/1.1" 404 5512 "-" "-"
172.213.152.220 - - [05/Apr/2026:19:40:13 +0200] "GET /hhxc.php HTTP/1.1" 404 5512 "-" "-"
54.39.177.198 - - [05/Apr/2026:19:40:52 +0200] "GET /feed/ HTTP/1.1" 200 12000 "-" "Mozilla/5.0 (compatible; YaK/1.0; http://linkfluence.com/; bot@linkfluence.com)"
161.97.137.93 - - [05/Apr/2026:19:42:06 +0200] "POST /wp-cron.php?doing_wp_cron=1775410926.1386799812316894531250 HTTP/1.1" 404 5512 "http://bultimes.info/wp-cron.php?doing_wp_cron=1775410926.1386799812316894531250" "WordPress/4.9.26; https://bultimes.info"
216.244.66.203 - - [05/Apr/2026:19:42:07 +0200] "GET /%D0%B1%D1%8A%D0%BB%D0%B3%D0%B0%D1%80%D0%B8%D0%BD%D1%8A%D1%82-%D1%82%D0%B0%D0%BD%D1%8C%D0%BE-%D0%B8%D0%B7%D1%82%D0%BE%D1%87%D0%B8-22-%D0%BC%D0%B8%D0%BB%D0%B8%D0%BE%D0%BD%D0%B0-%D0%BF%D0%B0%D1%83%D0%BD/ HTTP/1.1" 200 15882 "-" "Mozilla/5.0 (compatible; DotBot/1.2; +https://opensiteexplorer.org/dotbot; help@moz.com)"
216.244.66.203 - - [05/Apr/2026:19:43:52 +0200] "GET /%D0%B7%D0%B0-%D0%B2%D1%81%D0%B8%D1%87%D0%BA%D0%B8-%D1%81-%D0%BD%D0%B5%D0%BF%D0%BB%D0%B0%D1%82%D0%B5%D0%BD%D0%B8-%D1%81%D0%BC%D0%B5%D1%82%D0%BA%D0%B8-%D0%B7%D0%B0-%D1%82%D0%BE%D0%BA-%D0%BF%D0%B0%D1%80/ HTTP/1.1" 200 22310 "-" "Mozilla/5.0 (compatible; DotBot/1.2; +https://opensiteexplorer.org/dotbot; help@moz.com)"
216.244.66.203 - - [05/Apr/2026:19:44:40 +0200] "GET /%D0%BF%D0%B8%D1%81%D0%BC%D0%BE-%D0%B4%D0%BE-%D0%B6%D0%B5%D0%BD%D0%B0%D1%82%D0%B0-%D0%BA%D0%BE%D1%8F%D1%82%D0%BE-%D0%BC%D0%B5-%D1%86%D0%B5%D0%BD%D0%B7%D1%83%D1%80%D0%B8%D1%80%D0%B0%D1%88%D0%B5-%D0%B4/ HTTP/1.1" 200 21369 "-" "Mozilla/5.0 (compatible; DotBot/1.2; +https://opensiteexplorer.org/dotbot; help@moz.com)"
216.244.66.203 - - [05/Apr/2026:19:45:27 +0200] "GET /%D0%B0%D0%BA%D0%B0%D0%B4-%D0%BF%D0%B5%D1%82%D1%8A%D1%80-%D0%B8%D0%B2%D0%B0%D0%BD%D0%BE%D0%B2-%D0%BB%D1%8A%D0%B6%D0%B0%D1%82-%D0%BD%D0%B8-%D0%BD%D0%B0%D0%BC%D0%B0%D0%BB%D1%8F%D0%B2%D0%B0%D0%BC%D0%B5/ HTTP/1.1" 200 15817 "-" "Mozilla/5.0 (compatible; DotBot/1.2; +https://opensiteexplorer.org/dotbot; help@moz.com)"
66.249.68.66 - - [05/Apr/2026:19:47:30 +0200] "GET /wp-content/uploads/2021/02/d0b8d0bad0bed0bdd0bed0bcd0b8d187d0b5d181d0bad0bed182d0be-d0b2d18ad0b7d181d182d0b0d0bdd0bed0b2d18fd0b2d0b0d0bdd0b5-d0bdd0b0-d0b1d18a-3.jpg HTTP/1.1" 200 33610 "-" "Googlebot-Image/1.0"
161.97.137.93 - - [05/Apr/2026:19:56:47 +0200] "POST /wp-cron.php?doing_wp_cron=1775411806.7884519100189208984375 HTTP/1.1" 404 5512 "http://bultimes.info/wp-cron.php?doing_wp_cron=1775411806.7884519100189208984375" "WordPress/4.9.26; https://bultimes.info"
85.208.96.207 - - [05/Apr/2026:19:56:47 +0200] "GET /%D0%BF%D1%80%D0%B5%D0%B4%D1%83%D0%BF%D1%80%D0%B5%D0%B6%D0%B4%D0%B5%D0%BD%D0%B8%D0%B5-%D1%82%D1%80%D1%8A%D0%BC%D0%BF-%D0%B2%D0%BE%D0%B4%D0%B8-%D1%81%D0%B0%D1%89-%D0%BA%D1%8A%D0%BC-%D0%BF%D0%BE%D1%80/ HTTP/1.1" 200 15738 "-" "Mozilla/5.0 (compatible; SemrushBot/7~bl; +http://www.semrush.com/bot.html)"
45.131.195.135 - - [05/Apr/2026:20:07:30 +0200] "GET /wp-includes/css/buttons.css HTTP/1.1" 200 2413 "-" "Go-http-client/1.1"
66.249.68.64 - - [05/Apr/2026:20:08:56 +0200] "GET /wp-content/uploads/2020/05/d0b4d0b5d0bfd183d182d0b0d182-d0bed182-d0b3d0b5d180d0b1-d0b7d0b0-d0b4d0b0d0bdd18ad187d0bdd0b8d182d0b5-d0bfd180d0bed0bcd0b5d0bdd0b8-d0b6-1.jpg HTTP/1.1" 200 18701 "-" "Googlebot-Image/1.0"
92.222.108.117 - - [05/Apr/2026:20:12:20 +0200] "GET /wp-content/uploads/2019/12/d0bfd0bed187d0b8d0bdd0b0-d0b1d0b8d0b2d188d0b8d18fd182-d0bad0bcd0b5d182-d0bdd0b0-d0bcd0bed181d0bad0b2d0b0-d18ed180d0b8d0b9-d0bbd183d0b6.jpg HTTP/1.1" 200 18777 "-" "Mozilla/5.0 (compatible; AhrefsBot/7.0; +http://ahrefs.com/robot/)"
198.235.24.29 - - [05/Apr/2026:20:12:47 +0200] "GET / HTTP/1.1" 200 14616 "-" "Hello from Palo Alto Networks, find out more about our scans in https://docs-cortex.paloaltonetworks.com/r/1/Cortex-Xpanse/Scanning-activity"
185.191.171.19 - - [05/Apr/2026:20:14:06 +0200] "GET /%D1%80%D1%83%D0%BC%D1%8F%D0%BD%D0%B0-%D1%87%D0%B5%D0%BD%D0%B0%D0%BB%D0%BE%D0%B2%D0%B0-%D0%BA%D0%B8%D1%80%D0%BE-%D0%B4%D0%B0%D0%BB%D0%B8-%D0%B5-%D0%BF%D0%BE%D0%B8%D1%81%D0%BA%D0%B0%D0%BB-%D0%BE%D1%82/ HTTP/1.1" 200 18074 "-" "Mozilla/5.0 (compatible; SemrushBot/7~bl; +http://www.semrush.com/bot.html)"
