192.145.125.68 - - [05/Apr/2026:22:59:24 +0200] "GET /wp-content/themes/deeto/ HTTP/1.1" 404 5512 "-" "Mozilla/5.0 (Macintosh; Intel Mac OS X 10_15_6) AppleWebKit/537.36 (KHTML, like Gecko) Chrome/84.0.4147.125 Safari/537.36"
192.145.125.68 - - [05/Apr/2026:22:59:24 +0200] "GET /wp-content/plugins/awesome-coming-soon/ HTTP/1.1" 404 5512 "-" "Mozilla/5.0 (Macintosh; Intel Mac OS X 10_15_6) AppleWebKit/537.36 (KHTML, like Gecko) Chrome/84.0.4147.105 Safari/537.36 OPR/70.0.3728.95"
192.145.125.68 - - [05/Apr/2026:22:59:24 +0200] "GET /wp-includes/SimplePie/Content/ HTTP/1.1" 200 394 "-" "Mozilla/5.0 (X11; Fedora; Linux x86_64; rv:79.0) Gecko/20100101 Firefox/79.0"
192.145.125.68 - - [05/Apr/2026:22:59:24 +0200] "GET /wp-includes/sodium_compat/src/ HTTP/1.1" 404 5512 "-" "Mozilla/5.0 (Windows NT 10.0; Win64; x64) AppleWebKit/537.36 (KHTML, like Gecko) Chrome/83.0.4103.61 Safari/537.36"
192.145.125.68 - - [05/Apr/2026:22:59:24 +0200] "GET /wp-includes/js/tinymce/skins/lightgray/ HTTP/1.1" 200 493 "-" "Mozilla/5.0 (Windows NT 10.0; Win64; x64; rv:77.0) Gecko/20100101 Firefox/77.0"
192.145.125.68 - - [05/Apr/2026:22:59:25 +0200] "GET /file/ HTTP/1.1" 404 5512 "-" "Mozilla/5.0 (X11; Ubuntu; Linux x86_64; rv:79.0) Gecko/20100101 Firefox/79.0"
192.145.125.68 - - [05/Apr/2026:22:59:25 +0200] "GET /templates/beez5/ HTTP/1.1" 404 5512 "-" "Mozilla/5.0 (X11; Linux x86_64) AppleWebKit/537.36 (KHTML, like Gecko) Chrome/84.0.4147.105 Safari/537.36 OPR/70.0.3728.95"
192.145.125.68 - - [05/Apr/2026:22:59:25 +0200] "GET /wp-includes/css/dist/components/ HTTP/1.1" 404 5512 "-" "Mozilla/5.0 (X11; Ubuntu; Linux i686; rv:79.0) Gecko/20100101 Firefox/79.0"
192.145.125.68 - - [05/Apr/2026:22:59:26 +0200] "GET /admin/controller/extension/ HTTP/1.1" 404 5512 "-" "Mozilla/5.0 (Windows NT 6.1; Win64; x64) AppleWebKit/537.36 (KHTML, like Gecko) Chrome/80.0.3987.149 Safari/537.36"
192.145.125.68 - - [05/Apr/2026:22:59:26 +0200] "GET /wp-admin/maint/maint/ HTTP/1.1" 404 5512 "-" "Mozilla/5.0 (Windows NT 6.1; Win64; x64) AppleWebKit/537.36 (KHTML, like Gecko) Chrome/80.0.3987.149 Safari/537.36"
192.145.125.68 - - [05/Apr/2026:22:59:26 +0200] "GET /wp-content/plugins/wp-daft/ HTTP/1.1" 404 5512 "-" "Mozilla/5.0 (Windows NT 10.0; Win64; x64) AppleWebKit/537.36 (KHTML, like Gecko) Chrome/69.0.3497.100 Safari/537.36"
20.63.84.172 - - [05/Apr/2026:23:05:02 +0200] "GET //wp-content/plugins/fix/up.php HTTP/1.1" 502 552 "-" "Mozilla/5.0 (Windows NT 10.0; Win64; x64) AppleWebKit/537.36 (KHTML, like Gecko) Chrome/85.0.4183.102 Safari/537.36"
51.68.247.204 - - [05/Apr/2026:23:07:23 +0200] "GET /wp-content/uploads/2020/10/d0b4d0b5d0bdd0b8d186d0b0-d181d0b0d187d0b5d0b2d0b0-d0bdd18fd0bcd0b0-d0b2d18ad0b7d0bcd0bed0b6d0bdd0bed181d182-d0bfd0b5d0bdd181d0b8d0b8.jpg HTTP/1.1" 200 49374 "-" "Mozilla/5.0 (compatible; AhrefsBot/7.0; +http://ahrefs.com/robot/)"
66.249.68.67 - - [05/Apr/2026:23:09:33 +0200] "GET /wp-content/uploads/2020/11/d181d0bbd0b5d0b4-d0bbd0bed0b1d0b8d181d182d0bad0b8-d0bdd0b0d182d0b8d181d0ba-d0b4d0b5d0bfd183d182d0b0d182d0b8d182d0b5-d180d0b0d0b7d0b2-1.jpg HTTP/1.1" 200 25803 "-" "Googlebot-Image/1.0"
5.39.1.241 - - [05/Apr/2026:23:13:26 +0200] "GET /wp-content/uploads/2020/11/d0bed182-d184d0b5d0b2d180d183d0b0d180d0b8-d0b4d0bed181d0b5d0b3d0b0-d0bdd0b0d0b4-340-d185d0b8d0bb-d0bdd0bed0b2d0b8-d0b1d0b5d0b7d180d0b0.jpg HTTP/1.1" 200 18333 "-" "Mozilla/5.0 (compatible; AhrefsBot/7.0; +http://ahrefs.com/robot/)"
66.249.68.64 - - [05/Apr/2026:23:16:22 +0200] "GET /wp-content/uploads/2020/08/d0bcd0b0d0bdd0bed0bbd0bed0b2d0b0-d0b1d0bed180d0b8d181d0bed0b2-d181d0b5-d181d0b3d180d0bed0bcd0bed0bbd18fd181d0b2d0b0-d0b8-d181d0b5-d0be-1.jpg HTTP/1.1" 200 28632 "-" "Googlebot-Image/1.0"
66.249.68.67 - - [05/Apr/2026:23:23:12 +0200] "GET /wp-content/uploads/2021/01/d0b4d0bed186-d0bcd0b0d0bdd0b3d18ad180d0bed0b2-d0b2-d0b7d0b0d0b2d0b5d0b4d0b5d0bdd0b8d18fd182d0b0-d0bdd0b5-d0b5-d0bfd0be-d0bed0bfd0b0-1.jpg HTTP/1.1" 200 25689 "-" "Googlebot-Image/1.0"
161.97.137.93 - - [05/Apr/2026:23:26:45 +0200] "POST /wp-cron.php?doing_wp_cron=1775424405.4800140857696533203125 HTTP/1.1" 404 5512 "http://bultimes.info/wp-cron.php?doing_wp_cron=1775424405.4800140857696533203125" "WordPress/4.9.26; https://bultimes.info"
2602:80d:1003::25 - - [05/Apr/2026:23:26:46 +0200] "GET / HTTP/1.1" 301 0 "-" "Mozilla/5.0 (compatible; CensysInspect/1.1; +https://about.censys.io/)"
2602:80d:1003::25 - - [05/Apr/2026:23:26:49 +0200] "GET / HTTP/1.1" 200 14620 "-" "Mozilla/5.0 (compatible; CensysInspect/1.1; +https://about.censys.io/)"
2602:80d:1003::25 - - [05/Apr/2026:23:26:58 +0200] "GET / HTTP/1.1" 301 0 "-" "Mozilla/5.0 (compatible; CensysInspect/1.1; +https://about.censys.io/)"
92.222.108.108 - - [05/Apr/2026:23:27:17 +0200] "GET /wp-content/uploads/2020/01/d0bad0bed181d182d0b0d0b4d0b8d0bdd0bed0b2-d0b0d0bbd0b0d180d0bcd0b8d180d0b0-d18fd0b7d0bed0b2d0b8d180-d0bad0b0d0bcd187d0b8d18f.jpg HTTP/1.1" 200 32513 "-" "Mozilla/5.0 (compatible; AhrefsBot/7.0; +http://ahrefs.com/robot/)"
216.73.216.116 - - [05/Apr/2026:23:30:05 +0200] "GET /robots.txt HTTP/1.1" 200 80 "-" "Mozilla/5.0 AppleWebKit/537.36 (KHTML, like Gecko; compatible; ClaudeBot/1.0; +claudebot@anthropic.com)"
216.73.216.116 - - [05/Apr/2026:23:30:06 +0200] "GET /sitemap.xml HTTP/1.1" 404 5512 "-" "Mozilla/5.0 AppleWebKit/537.36 (KHTML, like Gecko; compatible; ClaudeBot/1.0; +claudebot@anthropic.com)"
2600:1f18:26d4:7e01:d887:68c:7c18:8962 - - [05/Apr/2026:23:30:08 +0200] "GET / HTTP/1.1" 200 14620 "-" "Mozilla/5.0 (Windows NT 10.0; Win64; x64) AppleWebKit/537.36 (KHTML, like Gecko) Chrome/83.0.4103.116 Safari/537.36"
2600:1f18:26d4:7e01:d887:68c:7c18:8962 - - [05/Apr/2026:23:30:08 +0200] "GET /wp-content/plugins/accesspress-social-share/css/frontend.css?ver=4.5.6 HTTP/1.1" 304 0 "http://bultimes.info/" "Mozilla/5.0 (Windows NT 10.0; Win64; x64) AppleWebKit/537.36 (KHTML, like Gecko) Chrome/83.0.4103.116 Safari/537.36"
2600:1f18:26d4:7e01:d887:68c:7c18:8962 - - [05/Apr/2026:23:30:08 +0200] "GET /wp-content/plugins/accesspress-social-share/css/fontawesome-all.css?ver=4.5.6 HTTP/1.1" 304 0 "http://bultimes.info/" "Mozilla/5.0 (Windows NT 10.0; Win64; x64) AppleWebKit/537.36 (KHTML, like Gecko) Chrome/83.0.4103.116 Safari/537.36"
2600:1f18:26d4:7e01:d887:68c:7c18:8962 - - [05/Apr/2026:23:30:08 +0200] "GET /wp-content/plugins/facebook-button-plugin/css/style.css?ver=4.9.26 HTTP/1.1" 304 0 "http://bultimes.info/" "Mozilla/5.0 (Windows NT 10.0; Win64; x64) AppleWebKit/537.36 (KHTML, like Gecko) Chrome/83.0.4103.116 Safari/537.36"
2600:1f18:26d4:7e01:d887:68c:7c18:8962 - - [05/Apr/2026:23:30:08 +0200] "GET /wp-content/plugins/gtranslate/gtranslate-style48.css?ver=4.9.26 HTTP/1.1" 304 0 "http://bultimes.info/" "Mozilla/5.0 (Windows NT 10.0; Win64; x64) AppleWebKit/537.36 (KHTML, like Gecko) Chrome/83.0.4103.116 Safari/537.36"
2600:1f18:26d4:7e01:d887:68c:7c18:8962 - - [05/Apr/2026:23:30:08 +0200] "GET /wp-content/plugins/facebook-button-plugin/css/icon.css?ver=4.9.26 HTTP/1.1" 304 0 "http://bultimes.info/" "Mozilla/5.0 (Windows NT 10.0; Win64; x64) AppleWebKit/537.36 (KHTML, like Gecko) Chrome/83.0.4103.116 Safari/537.36"
2600:1f18:26d4:7e01:d887:68c:7c18:8962 - - [05/Apr/2026:23:30:09 +0200] "GET /wp-content/themes/fox/css/font-awesome.min.css?ver=4.3 HTTP/1.1" 304 0 "http://bultimes.info/" "Mozilla/5.0 (Windows NT 10.0; Win64; x64) AppleWebKit/537.36 (KHTML, like Gecko) Chrome/83.0.4103.116 Safari/537.36"
2600:1f18:26d4:7e01:d887:68c:7c18:8962 - - [05/Apr/2026:23:30:09 +0200] "GET /wp-content/themes/fox/style.css?ver=4.9.26 HTTP/1.1" 304 0 "http://bultimes.info/" "Mozilla/5.0 (Windows NT 10.0; Win64; x64) AppleWebKit/537.36 (KHTML, like Gecko) Chrome/83.0.4103.116 Safari/537.36"
2600:1f18:26d4:7e01:d887:68c:7c18:8962 - - [05/Apr/2026:23:30:09 +0200] "GET /wp-content/themes/fox/css/responsive.css?ver=4.9.26 HTTP/1.1" 304 0 "http://bultimes.info/" "Mozilla/5.0 (Windows NT 10.0; Win64; x64) AppleWebKit/537.36 (KHTML, like Gecko) Chrome/83.0.4103.116 Safari/537.36"
2600:1f18:26d4:7e01:d887:68c:7c18:8962 - - [05/Apr/2026:23:30:09 +0200] "GET /wp-includes/js/jquery/jquery.js?ver=1.12.4 HTTP/1.1" 304 0 "http://bultimes.info/" "Mozilla/5.0 (Windows NT 10.0; Win64; x64) AppleWebKit/537.36 (KHTML, like Gecko) Chrome/83.0.4103.116 Safari/537.36"
2600:1f18:26d4:7e01:d887:68c:7c18:8962 - - [05/Apr/2026:23:30:09 +0200] "GET /wp-content/plugins/facebook-button-plugin/js/script.js?ver=4.9.26 HTTP/1.1" 304 0 "http://bultimes.info/" "Mozilla/5.0 (Windows NT 10.0; Win64; x64) AppleWebKit/537.36 (KHTML, like Gecko) Chrome/83.0.4103.116 Safari/537.36"
2600:1f18:26d4:7e01:d887:68c:7c18:8962 - - [05/Apr/2026:23:30:09 +0200] "GET /wp-includes/js/jquery/jquery-migrate.min.js?ver=1.4.1 HTTP/1.1" 200 4028 "http://bultimes.info/" "Mozilla/5.0 (Windows NT 10.0; Win64; x64) AppleWebKit/537.36 (KHTML, like Gecko) Chrome/83.0.4103.116 Safari/537.36"
2600:1f18:26d4:7e01:d887:68c:7c18:8962 - - [05/Apr/2026:23:30:09 +0200] "GET /wp-content/uploads/2019/10/logo.jpg HTTP/1.1" 304 0 "http://bultimes.info/" "Mozilla/5.0 (Windows NT 10.0; Win64; x64) AppleWebKit/537.36 (KHTML, like Gecko) Chrome/83.0.4103.116 Safari/537.36"
2600:1f18:26d4:7e01:d887:68c:7c18:8962 - - [05/Apr/2026:23:30:09 +0200] "GET /wp-content/themes/fox/js/jquery.easing.1.3.js?ver=1.3 HTTP/1.1" 304 0 "http://bultimes.info/" "Mozilla/5.0 (Windows NT 10.0; Win64; x64) AppleWebKit/537.36 (KHTML, like Gecko) Chrome/83.0.4103.116 Safari/537.36"
2600:1f18:26d4:7e01:d887:68c:7c18:8962 - - [05/Apr/2026:23:30:09 +0200] "GET /wp-content/themes/fox/js/jquery.retina.min.js?ver=1.0 HTTP/1.1" 304 0 "http://bultimes.info/" "Mozilla/5.0 (Windows NT 10.0; Win64; x64) AppleWebKit/537.36 (KHTML, like Gecko) Chrome/83.0.4103.116 Safari/537.36"
2600:1f18:26d4:7e01:d887:68c:7c18:8962 - - [05/Apr/2026:23:30:09 +0200] "GET /wp-content/themes/fox/js/jquery.inview.min.js?ver=1.0 HTTP/1.1" 304 0 "http://bultimes.info/" "Mozilla/5.0 (Windows NT 10.0; Win64; x64) AppleWebKit/537.36 (KHTML, like Gecko) Chrome/83.0.4103.116 Safari/537.36"
2600:1f18:26d4:7e01:d887:68c:7c18:8962 - - [05/Apr/2026:23:30:09 +0200] "GET /wp-content/themes/fox/js/jquery.fitvids.js?ver=1.0 HTTP/1.1" 304 0 "http://bultimes.info/" "Mozilla/5.0 (Windows NT 10.0; Win64; x64) AppleWebKit/537.36 (KHTML, like Gecko) Chrome/83.0.4103.116 Safari/537.36"
2600:1f18:26d4:7e01:d887:68c:7c18:8962 - - [05/Apr/2026:23:30:09 +0200] "GET /wp-content/plugins/accesspress-social-share/js/frontend.js?ver=4.5.6 HTTP/1.1" 304 0 "http://bultimes.info/" "Mozilla/5.0 (Windows NT 10.0; Win64; x64) AppleWebKit/537.36 (KHTML, like Gecko) Chrome/83.0.4103.116 Safari/537.36"
2600:1f18:26d4:7e01:d887:68c:7c18:8962 - - [05/Apr/2026:23:30:09 +0200] "GET /wp-content/themes/fox/css/awesome/fontawesome-webfont.woff2?v=4.3.0 HTTP/1.1" 200 56780 "http://bultimes.info/wp-content/themes/fox/css/font-awesome.min.css?ver=4.3" "Mozilla/5.0 (Windows NT 10.0; Win64; x64) AppleWebKit/537.36 (KHTML, like Gecko) Chrome/83.0.4103.116 Safari/537.36"
2600:1f18:26d4:7e01:d887:68c:7c18:8962 - - [05/Apr/2026:23:30:09 +0200] "GET /wp-content/themes/fox/js/imagesloaded.pkgd.min.js?ver=3.1.8 HTTP/1.1" 304 0 "http://bultimes.info/" "Mozilla/5.0 (Windows NT 10.0; Win64; x64) AppleWebKit/537.36 (KHTML, like Gecko) Chrome/83.0.4103.116 Safari/537.36"
2600:1f18:26d4:7e01:d887:68c:7c18:8962 - - [05/Apr/2026:23:30:09 +0200] "GET /wp-content/themes/fox/js/jquery.colorbox-min.js?ver=1.6 HTTP/1.1" 304 0 "http://bultimes.info/" "Mozilla/5.0 (Windows NT 10.0; Win64; x64) AppleWebKit/537.36 (KHTML, like Gecko) Chrome/83.0.4103.116 Safari/537.36"
2600:1f18:26d4:7e01:d887:68c:7c18:8962 - - [05/Apr/2026:23:30:09 +0200] "GET /wp-content/themes/fox/js/matchMedia.js?ver=2012 HTTP/1.1" 304 0 "http://bultimes.info/" "Mozilla/5.0 (Windows NT 10.0; Win64; x64) AppleWebKit/537.36 (KHTML, like Gecko) Chrome/83.0.4103.116 Safari/537.36"
2600:1f18:26d4:7e01:d887:68c:7c18:8962 - - [05/Apr/2026:23:30:09 +0200] "GET /wp-content/themes/fox/js/masonry.pkgd.min.js?ver=3.2.2 HTTP/1.1" 304 0 "http://bultimes.info/" "Mozilla/5.0 (Windows NT 10.0; Win64; x64) AppleWebKit/537.36 (KHTML, like Gecko) Chrome/83.0.4103.116 Safari/537.36"
2600:1f18:26d4:7e01:d887:68c:7c18:8962 - - [05/Apr/2026:23:30:09 +0200] "GET /wp-content/themes/fox/js/jquery.flexslider-min.js?ver=2.4 HTTP/1.1" 304 0 "http://bultimes.info/" "Mozilla/5.0 (Windows NT 10.0; Win64; x64) AppleWebKit/537.36 (KHTML, like Gecko) Chrome/83.0.4103.116 Safari/537.36"
2600:1f18:26d4:7e01:d887:68c:7c18:8962 - - [05/Apr/2026:23:30:10 +0200] "GET /wp-includes/js/wp-emoji-release.min.js?ver=4.9.26 HTTP/1.1" 304 0 "http://bultimes.info/" "Mozilla/5.0 (Windows NT 10.0; Win64; x64) AppleWebKit/537.36 (KHTML, like Gecko) Chrome/83.0.4103.116 Safari/537.36"
2600:1f18:26d4:7e01:d887:68c:7c18:8962 - - [05/Apr/2026:23:30:10 +0200] "GET /wp-includes/js/wp-embed.min.js?ver=4.9.26 HTTP/1.1" 304 0 "http://bultimes.info/" "Mozilla/5.0 (Windows NT 10.0; Win64; x64) AppleWebKit/537.36 (KHTML, like Gecko) Chrome/83.0.4103.116 Safari/537.36"
2600:1f18:26d4:7e01:d887:68c:7c18:8962 - - [05/Apr/2026:23:30:10 +0200] "GET /wp-content/themes/fox/js/main.js?ver=1.0 HTTP/1.1" 200 3587 "http://bultimes.info/" "Mozilla/5.0 (Windows NT 10.0; Win64; x64) AppleWebKit/537.36 (KHTML, like Gecko) Chrome/83.0.4103.116 Safari/537.36"
2600:1f18:26d4:7e01:d887:68c:7c18:8962 - - [05/Apr/2026:23:30:10 +0200] "GET /wp-content/themes/fox/js/slick.min.js?ver=1.4.1 HTTP/1.1" 304 0 "http://bultimes.info/" "Mozilla/5.0 (Windows NT 10.0; Win64; x64) AppleWebKit/537.36 (KHTML, like Gecko) Chrome/83.0.4103.116 Safari/537.36"
66.249.68.68 - - [05/Apr/2026:23:31:01 +0200] "GET /wp-content/uploads/2020/10/d182d0bed0b2d0b0-d0b5-d0b4d0b5d0bcd0bed0bad180d0b0d186d0b8d18fd182d0b0-d0b2-d180d18ad186d0b5d182d0b5-d0bdd0b0-d0bad180d0b8d0bcd0b8d0bd-1.jpg HTTP/1.1" 200 26328 "-" "Googlebot-Image/1.0"
85.208.96.198 - - [05/Apr/2026:23:32:22 +0200] "GET /%D0%B1%D0%B8%D0%B7%D0%BD%D0%B5%D1%81%D1%8A%D1%82-%D0%BF%D1%80%D0%BE%D1%82%D0%B8%D0%B2-%D1%81%D0%BF%D0%B0%D1%81%D1%8F%D0%B2%D0%B0%D0%BD%D0%B5%D1%82%D0%BE-%D0%BD%D0%B0-%D0%BC/ HTTP/1.1" 200 16634 "-" "Mozilla/5.0 (compatible; SemrushBot/7~bl; +http://www.semrush.com/bot.html)"
207.46.13.155 - - [05/Apr/2026:23:37:23 +0200] "GET /wp-content/uploads/2021/10/EaOqlZxXkAIrDTy.jpg HTTP/1.1" 200 1076419 "-" "Mozilla/5.0 AppleWebKit/537.36 (KHTML, like Gecko; compatible; bingbot/2.0; +http://www.bing.com/bingbot.htm) Chrome/116.0.1938.76 Safari/537.36"
66.249.68.67 - - [05/Apr/2026:23:38:50 +0200] "GET /wp-content/uploads/2020/07/d0bfd0bbd0b5d0b2d0bdd0b5d0bbd0b8d0b5d0b2-d0bcd0b0d0bdd0b4d0b0d182d18ad182-d0bdd0b0-d180d0b0d0b4d0b5d0b2-d189d0b5-d0bed181d182d0b0d0bd-1.jpg HTTP/1.1" 200 18953 "-" "Googlebot-Image/1.0"
66.249.68.66 - - [05/Apr/2026:23:38:56 +0200] "GET /ads.txt HTTP/1.1" 304 0 "-" "Google-adstxt"
161.97.137.93 - - [05/Apr/2026:23:42:47 +0200] "POST /wp-cron.php?doing_wp_cron=1775425367.0206370353698730468750 HTTP/1.1" 404 5512 "http://bultimes.info/wp-cron.php?doing_wp_cron=1775425367.0206370353698730468750" "WordPress/4.9.26; https://bultimes.info"
185.191.171.1 - - [05/Apr/2026:23:42:47 +0200] "GET /%D0%B1%D1%82%D0%BF%D0%BF-%D0%B8%D1%81%D0%BA%D0%B0-%D0%B5%D0%B4%D0%B8%D0%BD%D0%BD%D0%B0-%D1%81%D1%82%D0%B0%D0%B2%D0%BA%D0%B0-%D0%B7%D0%B0-%D0%B4%D0%B4%D1%81/ HTTP/1.1" 200 15654 "-" "Mozilla/5.0 (compatible; SemrushBot/7~bl; +http://www.semrush.com/bot.html)"
216.244.66.203 - - [05/Apr/2026:23:45:44 +0200] "GET /%D1%81%D0%BA%D0%B0%D0%BD%D0%B4%D0%B0%D0%BB-%D1%81%D1%82%D1%80%D0%BE%D1%88%D0%B5%D0%BD-f-16-%D0%BB%D0%B8-%D1%81%D0%B0-%D0%BD%D0%B8-%D0%B4%D0%BE%D1%81%D1%82%D0%B0%D0%B2%D0%B8%D0%BB%D0%B8-%D0%BE%D1%82/ HTTP/1.1" 200 16438 "-" "Mozilla/5.0 (compatible; DotBot/1.2; +https://opensiteexplorer.org/dotbot; help@moz.com)"
216.244.66.203 - - [05/Apr/2026:23:46:38 +0200] "GET /%D0%B4%D0%B0%D0%BD%D0%BD%D0%B8-%D0%BD%D0%B0-%D0%BD%D0%BE%D0%B8-%D0%B2%D1%81%D0%B8%D1%87%D0%BA%D0%B8-%D1%80%D0%BE%D0%B4%D0%B5%D0%BD%D0%B8-%D1%81%D0%BB%D0%B5%D0%B4-1960-%D0%B3%D0%BE%D0%B4%D0%B8%D0%BD/ HTTP/1.1" 200 16515 "-" "Mozilla/5.0 (compatible; DotBot/1.2; +https://opensiteexplorer.org/dotbot; help@moz.com)"
161.97.137.93 - - [05/Apr/2026:23:47:28 +0200] "POST /wp-cron.php?doing_wp_cron=1775425648.5699601173400878906250 HTTP/1.1" 404 5512 "http://bultimes.info/wp-cron.php?doing_wp_cron=1775425648.5699601173400878906250" "WordPress/4.9.26; https://bultimes.info"
216.244.66.203 - - [05/Apr/2026:23:47:29 +0200] "GET /%D0%B1%D1%8A%D0%BB%D0%B3%D0%B0%D1%80%D0%B8%D1%8F-%D1%80%D1%83%D0%BC%D1%8A%D0%BD%D0%B8%D1%8F-%D1%83%D0%BD%D0%B3%D0%B0%D1%80%D0%B8%D1%8F-%D0%B8-%D0%B0%D0%B2%D1%81%D1%82%D1%80%D0%B8%D1%8F-%D1%81-%D0%BE/ HTTP/1.1" 200 17989 "-" "Mozilla/5.0 (compatible; DotBot/1.2; +https://opensiteexplorer.org/dotbot; help@moz.com)"
161.97.137.93 - - [05/Apr/2026:23:48:32 +0200] "POST /wp-cron.php?doing_wp_cron=1775425711.7394440174102783203125 HTTP/1.1" 404 5512 "http://bultimes.info/wp-cron.php?doing_wp_cron=1775425711.7394440174102783203125" "WordPress/4.9.26; https://bultimes.info"
185.191.171.10 - - [05/Apr/2026:23:48:32 +0200] "GET /%D0%B8%D0%B2%D0%B0%D0%BD-%D0%B3%D0%B5%D1%88%D0%B5%D0%B2-%D0%BD%D0%B5%D1%89%D0%B0%D1%82%D0%B0-%D0%B2-%D0%BF%D0%B5%D1%80%D0%BD%D0%B8%D0%BA-%D1%81%D0%B0-%D1%82%D1%80%D0%B0%D0%B3%D0%B8%D1%87%D0%BD%D0%B8/ HTTP/1.1" 200 15793 "-" "Mozilla/5.0 (compatible; SemrushBot/7~bl; +http://www.semrush.com/bot.html)"
198.235.24.135 - - [05/Apr/2026:23:52:24 +0200] "GET / HTTP/1.1" 200 14616 "-" "Hello from Palo Alto Networks, find out more about our scans in https://docs-cortex.paloaltonetworks.com/r/1/Cortex-Xpanse/Scanning-activity"
216.244.66.203 - - [05/Apr/2026:23:55:10 +0200] "GET /%D0%B1%D0%BE%D1%80%D0%B8%D1%81%D0%BE%D0%B2-%D0%B8%D0%B7%D0%B2%D0%B5%D0%B4%D0%BD%D1%8A%D0%B6-%D0%BE%D0%B7%D0%B4%D1%80%D0%B0%D0%B2%D1%8F-%D0%BF%D0%BE%D1%85%D0%B2%D0%B0%D0%BB%D0%B8-%D1%81%D0%B5-%D1%81/ HTTP/1.1" 200 14813 "-" "Mozilla/5.0 (compatible; DotBot/1.2; +https://opensiteexplorer.org/dotbot; help@moz.com)"
216.244.66.203 - - [05/Apr/2026:23:55:13 +0200] "GET /%D0%B2-%D1%81%D0%B0%D1%89-%D0%BE%D0%B1%D1%8F%D0%B2%D0%B8%D1%85%D0%B0-8-%D1%82%D0%B5-f-16-%D0%B7%D0%B0-%D0%B1%D1%8A%D0%BB%D0%B3%D0%B0%D1%80%D0%B8%D1%8F-%D1%82%D1%80%D1%8F%D0%B1%D0%B2%D0%B0-%D0%B4/ HTTP/1.1" 200 15416 "-" "Mozilla/5.0 (compatible; DotBot/1.2; +https://opensiteexplorer.org/dotbot; help@moz.com)"
37.59.204.135 - - [05/Apr/2026:23:56:02 +0200] "GET / HTTP/1.1" 200 14620 "-" "Mozilla/5.0 (compatible; AhrefsBot/7.0; +http://ahrefs.com/robot/)"
216.244.66.203 - - [05/Apr/2026:23:56:13 +0200] "GET /%D0%B3%D0%B5%D1%80%D0%BC%D0%B0%D0%BD%D1%81%D0%BA%D0%B8-%D0%BC%D0%B5%D0%B4%D0%B8%D0%B8-%D0%B7%D0%B0%D0%BB%D0%B5%D0%B7%D1%8A%D1%82-%D0%BD%D0%B0-%D0%B1%D0%BE%D0%B9%D0%BA%D0%BE-%D0%B1%D0%BE/ HTTP/1.1" 200 16919 "-" "Mozilla/5.0 (compatible; DotBot/1.2; +https://opensiteexplorer.org/dotbot; help@moz.com)"
216.244.66.203 - - [05/Apr/2026:23:56:16 +0200] "GET /16-%D0%BC%D0%BB%D0%BD-%D0%B1%D1%8A%D0%BB%D0%B3%D0%B0%D1%80%D0%B8-%D0%BF%D0%BE%D0%B4-%D0%BF%D1%80%D0%B0%D0%B3%D0%B0-%D0%BD%D0%B0-%D0%B1%D0%B5%D0%B4%D0%BD%D0%BE%D1%81%D1%82%D1%82%D0%B0-17-%D0%BE/ HTTP/1.1" 200 17936 "-" "Mozilla/5.0 (compatible; DotBot/1.2; +https://opensiteexplorer.org/dotbot; help@moz.com)"
66.249.68.64 - - [05/Apr/2026:23:57:13 +0200] "GET /%D0%B1%D0%BD%D0%B1-%D0%B2%D0%BB%D0%B8%D0%B7%D0%B0%D0%BC%D0%B5-%D0%B2-%D0%B5%D1%81%D0%BF-%D0%BE%D1%82-1-x/ HTTP/1.1" 200 14367 "-" "Mozilla/5.0 (Linux; Android 6.0.1; Nexus 5X Build/MMB29P) AppleWebKit/537.36 (KHTML, like Gecko) Chrome/146.0.7680.177 Mobile Safari/537.36 (compatible; GoogleOther)"
66.249.68.65 - - [05/Apr/2026:23:57:17 +0200] "GET /wp-content/plugins/accesspress-social-share/js/frontend.js?ver=4.5.6 HTTP/1.1" 200 527 "http://bultimes.info/%D0%B1%D0%BD%D0%B1-%D0%B2%D0%BB%D0%B8%D0%B7%D0%B0%D0%BC%D0%B5-%D0%B2-%D0%B5%D1%81%D0%BF-%D0%BE%D1%82-1-x/" "Mozilla/5.0 (Linux; Android 6.0.1; Nexus 5X Build/MMB29P) AppleWebKit/537.36 (KHTML, like Gecko) Chrome/146.0.7680.177 Mobile Safari/537.36 (compatible; GoogleOther)"
66.249.68.64 - - [05/Apr/2026:23:57:19 +0200] "GET /wp-content/plugins/facebook-button-plugin/js/script.js?ver=4.9.26 HTTP/1.1" 200 208 "http://bultimes.info/%D0%B1%D0%BD%D0%B1-%D0%B2%D0%BB%D0%B8%D0%B7%D0%B0%D0%BC%D0%B5-%D0%B2-%D0%B5%D1%81%D0%BF-%D0%BE%D1%82-1-x/" "Mozilla/5.0 (Linux; Android 6.0.1; Nexus 5X Build/MMB29P) AppleWebKit/537.36 (KHTML, like Gecko) Chrome/146.0.7680.177 Mobile Safari/537.36 (compatible; GoogleOther)"
66.249.68.64 - - [05/Apr/2026:23:57:21 +0200] "GET /wp-content/themes/fox/js/jquery.flexslider-min.js?ver=2.4 HTTP/1.1" 200 6309 "http://bultimes.info/%D0%B1%D0%BD%D0%B1-%D0%B2%D0%BB%D0%B8%D0%B7%D0%B0%D0%BC%D0%B5-%D0%B2-%D0%B5%D1%81%D0%BF-%D0%BE%D1%82-1-x/" "Mozilla/5.0 (Linux; Android 6.0.1; Nexus 5X Build/MMB29P) AppleWebKit/537.36 (KHTML, like Gecko) Chrome/146.0.7680.177 Mobile Safari/537.36 (compatible; GoogleOther)"
161.97.137.93 - - [05/Apr/2026:23:57:33 +0200] "POST /wp-cron.php?doing_wp_cron=1775426253.4618349075317382812500 HTTP/1.1" 404 5512 "http://bultimes.info/wp-cron.php?doing_wp_cron=1775426253.4618349075317382812500" "WordPress/4.9.26; https://bultimes.info"
216.244.66.203 - - [05/Apr/2026:23:57:34 +0200] "GET /author/bultimes/page/531/ HTTP/1.1" 200 14838 "-" "Mozilla/5.0 (compatible; DotBot/1.2; +https://opensiteexplorer.org/dotbot; help@moz.com)"
85.208.96.212 - - [06/Apr/2026:00:02:45 +0200] "GET /%D0%BD%D0%B4%D0%BA-%D1%81%D1%8A%D0%BA%D1%80%D0%B0%D1%89%D0%B0%D0%B2%D0%B0-30-%D0%BE%D1%82-%D0%BF%D0%B5%D1%80%D1%81%D0%BE%D0%BD%D0%B0%D0%BB%D0%B0-%D1%81%D0%B8/ HTTP/1.1" 200 14477 "-" "Mozilla/5.0 (compatible; SemrushBot/7~bl; +http://www.semrush.com/bot.html)"
161.97.137.93 - - [06/Apr/2026:00:03:36 +0200] "POST /wp-cron.php?doing_wp_cron=1775426616.2033479213714599609375 HTTP/1.1" 404 5512 "http://bultimes.info/wp-cron.php?doing_wp_cron=1775426616.2033479213714599609375" "WordPress/4.9.26; https://bultimes.info"
85.208.96.211 - - [06/Apr/2026:00:03:37 +0200] "GET /%D0%B2%D0%BB%D0%B0%D0%B4%D0%B8%D0%BC%D0%B8%D1%80-%D0%BA%D0%B0%D1%80%D0%BE%D0%BB%D0%B5%D0%B2-%D0%BA%D1%82%D0%B1-%D0%B1%D0%B5%D1%88%D0%B5-%D0%BF%D1%80%D0%BE%D0%B1%D0%BB%D0%B5%D0%BC-%D0%BD%D0%B0-%D0%BF/ HTTP/1.1" 200 15104 "-" "Mozilla/5.0 (compatible; SemrushBot/7~bl; +http://www.semrush.com/bot.html)"
66.249.68.64 - - [06/Apr/2026:00:07:55 +0200] "GET /robots.txt HTTP/1.1" 200 80 "-" "Mozilla/5.0 (compatible; Googlebot/2.1; +http://www.google.com/bot.html)"
85.208.96.210 - - [06/Apr/2026:00:11:04 +0200] "GET /%D1%81%D0%B7%D0%BE-%D0%BD%D0%B5-%D0%BE%D1%87%D0%B0%D0%BA%D0%B2%D0%B0%D0%B9%D1%82%D0%B5-%D0%BC%D0%B0%D1%81%D0%BE%D0%B2%D0%B0-%D0%B2%D0%B0%D0%BA%D1%81%D0%B8%D0%BD%D0%B0%D1%86%D0%B8%D1%8F-%D1%81%D1%80/ HTTP/1.1" 502 150 "-" "Mozilla/5.0 (compatible; SemrushBot/7~bl; +http://www.semrush.com/bot.html)"
66.249.68.66 - - [06/Apr/2026:00:18:37 +0200] "GET /%D0%B1%D0%BD%D0%B1-%D0%B2%D0%BB%D0%B8%D0%B7%D0%B0%D0%BC%D0%B5-%D0%B2-%D0%B5%D1%81%D0%BF-%D0%BE%D1%82-1-x/ HTTP/1.1" 200 14367 "-" "Mozilla/5.0 (Linux; Android 6.0.1; Nexus 5X Build/MMB29P) AppleWebKit/537.36 (KHTML, like Gecko) Chrome/146.0.7680.177 Mobile Safari/537.36 (compatible; Googlebot/2.1; +http://www.google.com/bot.html)"
66.249.68.64 - - [06/Apr/2026:00:18:37 +0200] "GET /robots.txt HTTP/1.1" 200 80 "-" "Mozilla/5.0 (compatible; Googlebot/2.1; +http://www.google.com/bot.html)"
66.249.68.64 - - [06/Apr/2026:00:18:39 +0200] "GET /wp-content/themes/fox/js/jquery.inview.min.js?ver=1.0 HTTP/1.1" 200 704 "http://bultimes.info/%D0%B1%D0%BD%D0%B1-%D0%B2%D0%BB%D0%B8%D0%B7%D0%B0%D0%BC%D0%B5-%D0%B2-%D0%B5%D1%81%D0%BF-%D0%BE%D1%82-1-x/" "Mozilla/5.0 (Linux; Android 6.0.1; Nexus 5X Build/MMB29P) AppleWebKit/537.36 (KHTML, like Gecko) Chrome/146.0.7680.177 Mobile Safari/537.36 (compatible; Googlebot/2.1; +http://www.google.com/bot.html)"
216.244.66.203 - - [06/Apr/2026:00:19:48 +0200] "GET /robots.txt HTTP/1.1" 200 80 "-" "Mozilla/5.0 (compatible; DotBot/1.2; +https://opensiteexplorer.org/dotbot; help@moz.com)"
161.97.137.93 - - [06/Apr/2026:00:23:21 +0200] "POST /wp-cron.php?doing_wp_cron=1775427801.4262909889221191406250 HTTP/1.1" 404 5512 "http://bultimes.info/wp-cron.php?doing_wp_cron=1775427801.4262909889221191406250" "WordPress/4.9.26; https://bultimes.info"
216.244.66.203 - - [06/Apr/2026:00:23:22 +0200] "GET /category/%D0%B8%D1%81%D1%82%D0%BE%D1%80%D0%B8%D1%8F/ HTTP/1.1" 200 14423 "-" "Mozilla/5.0 (compatible; DotBot/1.2; +https://opensiteexplorer.org/dotbot; help@moz.com)"
161.97.137.93 - - [06/Apr/2026:00:31:54 +0200] "POST /wp-cron.php?doing_wp_cron=1775428313.8095810413360595703125 HTTP/1.1" 404 5512 "http://bultimes.info/wp-cron.php?doing_wp_cron=1775428313.8095810413360595703125" "WordPress/4.9.26; https://bultimes.info"
185.191.171.5 - - [06/Apr/2026:00:31:54 +0200] "GET /%D1%80%D0%B0%D0%B7%D0%BF%D1%80%D0%BE%D1%81%D1%82%D1%80%D0%B0%D0%BD%D0%B5%D0%BD%D0%B8%D0%B5%D1%82%D0%BE-%D0%BD%D0%B0-covid-19-%D0%B2%D0%B5%D1%80%D0%BE%D1%8F%D1%82%D0%BD%D0%BE-%D0%B5-%D0%B7%D0%B0%D0%BF/ HTTP/1.1" 200 15792 "-" "Mozilla/5.0 (compatible; SemrushBot/7~bl; +http://www.semrush.com/bot.html)"
185.191.171.8 - - [06/Apr/2026:00:32:44 +0200] "GET /%D0%B2-%D1%81%D1%8A%D0%B2%D0%B5%D1%82%D1%81%D0%BA%D0%B8%D1%8F-%D0%B3%D1%83%D0%BB%D0%B0%D0%B3-%D1%82%D1%80%D0%B0%D0%B3%D0%B8%D1%87%D0%BD%D0%B0%D1%82%D0%B0-%D1%81%D1%8A%D0%B4%D0%B1%D0%B0-%D0%BD%D0%B0-7/ HTTP/1.1" 200 17042 "-" "Mozilla/5.0 (compatible; SemrushBot/7~bl; +http://www.semrush.com/bot.html)"
85.208.96.210 - - [06/Apr/2026:00:39:03 +0200] "GET /%D0%BD%D0%BE%D1%80%D0%B2%D0%B5%D0%B3%D0%B8%D1%8F-%D0%BF%D0%BE%D0%BD%D0%B8%D0%B6%D0%B8-%D0%BE%D1%81%D0%BD%D0%BE%D0%B2%D0%BD%D0%B0%D1%82%D0%B0-%D0%BB%D0%B8%D1%85%D0%B2%D0%B0-%D0%B4%D0%BE-%D1%80%D0%B5/ HTTP/1.1" 502 150 "-" "Mozilla/5.0 (compatible; SemrushBot/7~bl; +http://www.semrush.com/bot.html)"
161.97.137.93 - - [06/Apr/2026:00:41:14 +0200] "POST /wp-cron.php?doing_wp_cron=1775428874.5473630428314208984375 HTTP/1.1" 404 5512 "http://bultimes.info/wp-cron.php?doing_wp_cron=1775428874.5473630428314208984375" "WordPress/4.9.26; https://bultimes.info"
216.244.66.203 - - [06/Apr/2026:00:41:15 +0200] "GET /%D0%B1%D0%B0%D1%80%D0%BE%D0%BC%D0%B5%D1%82%D1%8A%D1%80-%D0%B1%D0%BE%D1%80%D0%B8%D1%81%D0%BE%D0%B2-%D0%B1%D0%B8%D0%B5-%D1%80%D0%B0%D0%B4%D0%B5%D0%B2-%D0%B0%D0%BA%D0%BE-%D0%BF%D1%80/ HTTP/1.1" 200 15001 "-" "Mozilla/5.0 (compatible; DotBot/1.2; +https://opensiteexplorer.org/dotbot; help@moz.com)"
216.244.66.203 - - [06/Apr/2026:00:41:37 +0200] "GET /%D0%B1%D0%BE%D0%B6%D0%BA%D0%BE%D0%B2-%D0%B4%D0%BE%D0%BA%D0%B0%D0%B7%D0%B2%D0%B0-%D1%81-%D0%B5%D1%81%D0%B5%D0%BC%D0%B5%D1%81%D0%B8-%D1%87%D0%B5-%D0%B5-%D0%B8%D0%BC%D0%B0%D0%BB-%D0%B1%D0%BB%D0%B8%D0%B7/ HTTP/1.1" 200 15739 "-" "Mozilla/5.0 (compatible; DotBot/1.2; +https://opensiteexplorer.org/dotbot; help@moz.com)"
216.244.66.203 - - [06/Apr/2026:00:41:41 +0200] "GET /%D0%B3%D0%B5%D1%80%D0%B1-o%D0%B1%D0%B8%D0%B4%D0%B5%D0%BD%D0%B8-%D1%81%D0%BC%D0%B5-%D0%BD%D0%B0-%D0%B9%D0%BE%D0%BD%D1%87%D0%B5%D0%B2%D0%B0-%D1%87%D0%B5-%D0%BF%D1%80%D0%B0%D1%82%D0%B8-%D0%B7%D0%B0/ HTTP/1.1" 200 15530 "-" "Mozilla/5.0 (compatible; DotBot/1.2; +https://opensiteexplorer.org/dotbot; help@moz.com)"
216.244.66.203 - - [06/Apr/2026:00:41:44 +0200] "GET /%D0%B4%D0%BE%D1%86-%D0%BA%D1%83%D0%BD%D1%87%D0%B5%D0%B2-%D1%80%D0%B0%D0%B1%D0%BE%D1%82%D0%BE%D0%B4%D0%B0%D1%82%D0%B5%D0%BB-%D0%BC%D0%BE%D0%B6%D0%B5-%D0%B4%D0%B0-%D0%B7%D0%B0%D0%B4%D1%8A%D0%BB%D0%B6/ HTTP/1.1" 200 15754 "-" "Mozilla/5.0 (compatible; DotBot/1.2; +https://opensiteexplorer.org/dotbot; help@moz.com)"
216.244.66.203 - - [06/Apr/2026:00:41:47 +0200] "GET /%D0%B7%D0%B0-12-%D0%B3%D0%BE%D0%B4%D0%B8%D0%BD%D0%B8-%D0%BE%D1%82-%D0%B1%D1%8A%D0%BB%D0%B3%D0%B0%D1%80%D0%B8%D1%8F-%D0%B8%D0%B7%D0%B1%D1%8F%D0%B3%D0%B0%D1%85%D0%B0-53-000-%D0%BC%D0%B5%D0%B4%D0%B8/ HTTP/1.1" 200 15755 "-" "Mozilla/5.0 (compatible; DotBot/1.2; +https://opensiteexplorer.org/dotbot; help@moz.com)"
216.244.66.203 - - [06/Apr/2026:00:42:00 +0200] "GET /%D1%81%D0%BC%D1%8F%D0%BD%D0%B0%D1%82%D0%B0-%D0%BD%D0%B0-%D0%BB%D0%B5%D0%B2%D0%B0-%D1%81-%D0%B5%D0%B2%D1%80%D0%BE%D1%82%D0%BE-%D1%89%D0%B5-%D0%B5-%D0%B8%D0%B7%D0%B3%D0%BE%D0%B4%D0%BD%D0%B0-%D0%B7%D0%B0/ HTTP/1.1" 200 16177 "-" "Mozilla/5.0 (compatible; DotBot/1.2; +https://opensiteexplorer.org/dotbot; help@moz.com)"
216.244.66.203 - - [06/Apr/2026:00:43:12 +0200] "GET /%D0%BF%D0%BB%D0%B5%D0%B2%D0%BD%D0%B5%D0%BB%D0%B8%D0%B5%D0%B2-%D0%BC%D0%B0%D0%BD%D0%B4%D0%B0%D1%82%D1%8A%D1%82-%D0%BD%D0%B0-%D1%80%D0%B0%D0%B4%D0%B5%D0%B2-%D1%89%D0%B5-%D0%BE%D1%81%D1%82%D0%B0%D0%BD/ HTTP/1.1" 200 15426 "-" "Mozilla/5.0 (compatible; DotBot/1.2; +https://opensiteexplorer.org/dotbot; help@moz.com)"
57.129.59.159 - - [06/Apr/2026:00:44:11 +0200] "GET /ads.txt HTTP/1.1" 200 248 "-" "AdsTxtCrawler/1.0; +https://github.com/InteractiveAdvertisingBureau/adstxtcrawler"
57.129.59.159 - - [06/Apr/2026:00:44:11 +0200] "GET /ads.txt HTTP/1.1" 200 248 "-" "AdsTxtCrawler/1.0; +https://github.com/InteractiveAdvertisingBureau/adstxtcrawler"
57.129.59.159 - - [06/Apr/2026:00:44:11 +0200] "GET /ads.txt HTTP/1.1" 200 248 "-" "AdsTxtCrawler/1.0; +https://github.com/InteractiveAdvertisingBureau/adstxtcrawler"
57.129.59.159 - - [06/Apr/2026:00:44:11 +0200] "GET /ads.txt HTTP/1.1" 200 248 "-" "Mozilla/5.0 (Windows NT 10.0; Win64; x64) AppleWebKit/537.36 (KHTML, like Gecko) Chrome/42.0.2311.135 Safari/537.36 Edge/12.246"
57.129.59.159 - - [06/Apr/2026:00:44:11 +0200] "GET /ads.txt HTTP/1.1" 200 248 "-" "AdsTxtCrawler/1.0; +https://github.com/InteractiveAdvertisingBureau/adstxtcrawler"
1.15.52.154 - - [06/Apr/2026:00:51:06 +0200] "GET / HTTP/1.1" 301 0 "-" "Mozilla/5.0 (iPhone; CPU iPhone OS 13_2_3 like Mac OS X) AppleWebKit/605.1.15 (KHTML, like Gecko) Version/13.0.3 Mobile/15E148 Safari/604.1"
1.15.52.154 - - [06/Apr/2026:00:51:08 +0200] "GET / HTTP/1.1" 200 14620 "http://www.bultimes.info" "Mozilla/5.0 (iPhone; CPU iPhone OS 13_2_3 like Mac OS X) AppleWebKit/605.1.15 (KHTML, like Gecko) Version/13.0.3 Mobile/15E148 Safari/604.1"
43.133.139.6 - - [06/Apr/2026:00:58:01 +0200] "GET / HTTP/1.1" 200 14620 "-" "Mozilla/5.0 (iPhone; CPU iPhone OS 13_2_3 like Mac OS X) AppleWebKit/605.1.15 (KHTML, like Gecko) Version/13.0.3 Mobile/15E148 Safari/604.1"
161.97.137.93 - - [06/Apr/2026:01:01:36 +0200] "POST /wp-cron.php?doing_wp_cron=1775430096.6055688858032226562500 HTTP/1.1" 404 5512 "http://bultimes.info/wp-cron.php?doing_wp_cron=1775430096.6055688858032226562500" "WordPress/4.9.26; https://bultimes.info"
89.105.206.162 - - [06/Apr/2026:01:01:36 +0200] "GET /wp-login.php HTTP/1.1" 302 0 "http://bultimes.info/" "Mozilla/5.0 (Windows NT 10.0) AppleWebKit/537.36 (KHTML, like Gecko) Chrome/114.0.0.0 Safari/537.36"
216.244.66.203 - - [06/Apr/2026:01:07:31 +0200] "GET /robots.txt HTTP/1.1" 200 80 "-" "Mozilla/5.0 (compatible; DotBot/1.2; +https://opensiteexplorer.org/dotbot; help@moz.com)"
20.238.42.79 - - [06/Apr/2026:01:18:31 +0200] "GET /wp-content/plugins/hellopress/wp_filemanager.php HTTP/1.1" 404 5516 "-" "-"
20.238.42.79 - - [06/Apr/2026:01:18:32 +0200] "GET /CDX2.php HTTP/1.1" 404 5516 "-" "-"
20.238.42.79 - - [06/Apr/2026:01:18:32 +0200] "GET /gvg1bvpsgtot1rpklCdefault.php HTTP/1.1" 404 5516 "-" "-"
20.238.42.79 - - [06/Apr/2026:01:18:32 +0200] "GET /wtiiy.php HTTP/1.1" 404 5516 "-" "-"
20.238.42.79 - - [06/Apr/2026:01:18:33 +0200] "GET /file61.php HTTP/1.1" 404 5516 "-" "-"
20.238.42.79 - - [06/Apr/2026:01:18:33 +0200] "GET /term.php HTTP/1.1" 404 5516 "-" "-"
20.238.42.79 - - [06/Apr/2026:01:18:33 +0200] "GET /qiumnpor3orjwr6me3zmgqCdefault.php HTTP/1.1" 404 5516 "-" "-"
20.238.42.79 - - [06/Apr/2026:01:18:33 +0200] "GET /Ov-Simple1.php HTTP/1.1" 404 5516 "-" "-"
20.238.42.79 - - [06/Apr/2026:01:18:34 +0200] "GET /asasx.php HTTP/1.1" 404 5516 "-" "-"
20.238.42.79 - - [06/Apr/2026:01:18:34 +0200] "GET /only.php HTTP/1.1" 404 5516 "-" "-"
20.238.42.79 - - [06/Apr/2026:01:18:34 +0200] "GET /t2gorhwasq4vioshtatw5eCdefault.php HTTP/1.1" 404 5516 "-" "-"
20.238.42.79 - - [06/Apr/2026:01:18:35 +0200] "GET /xwx1.php HTTP/1.1" 404 5516 "-" "-"
20.238.42.79 - - [06/Apr/2026:01:18:35 +0200] "GET /bolt.php HTTP/1.1" 404 5516 "-" "-"
20.238.42.79 - - [06/Apr/2026:01:18:36 +0200] "GET /Sanskrit.php HTTP/1.1" 404 5516 "-" "-"
20.238.42.79 - - [06/Apr/2026:01:18:36 +0200] "GET /public/mI35rZhMg1zJ1vuXdefault.php HTTP/1.1" 404 5516 "-" "-"
20.238.42.79 - - [06/Apr/2026:01:18:36 +0200] "GET /ws88.php HTTP/1.1" 404 5516 "-" "-"
20.238.42.79 - - [06/Apr/2026:01:18:36 +0200] "GET /6xBAm3vODE05BSzkJZRAws.php HTTP/1.1" 404 5516 "-" "-"
20.238.42.79 - - [06/Apr/2026:01:18:37 +0200] "GET /CDX1.php HTTP/1.1" 404 5516 "-" "-"
20.238.42.79 - - [06/Apr/2026:01:18:37 +0200] "GET /8daf1238_1774208172.php HTTP/1.1" 404 5516 "-" "-"
20.238.42.79 - - [06/Apr/2026:01:18:37 +0200] "GET /ortasekerli1.php HTTP/1.1" 404 5516 "-" "-"
20.238.42.79 - - [06/Apr/2026:01:18:38 +0200] "GET /bgymj.php HTTP/1.1" 404 5516 "-" "-"
20.238.42.79 - - [06/Apr/2026:01:18:38 +0200] "GET /lmutxdvyp7u5yksqke8ozbjgCdefault.php HTTP/1.1" 404 5516 "-" "-"
20.238.42.79 - - [06/Apr/2026:01:18:38 +0200] "GET /wziar1.php HTTP/1.1" 404 5516 "-" "-"
20.238.42.79 - - [06/Apr/2026:01:18:38 +0200] "GET /jga.php HTTP/1.1" 404 5516 "-" "-"
20.238.42.79 - - [06/Apr/2026:01:18:39 +0200] "GET /byypas.php HTTP/1.1" 404 5516 "-" "-"
20.238.42.79 - - [06/Apr/2026:01:18:40 +0200] "GET /uuu.php HTTP/1.1" 404 5516 "-" "-"
20.238.42.79 - - [06/Apr/2026:01:18:41 +0200] "GET /wmore1.php HTTP/1.1" 404 5516 "-" "-"
20.238.42.79 - - [06/Apr/2026:01:18:41 +0200] "GET /ws.php HTTP/1.1" 404 5516 "-" "-"
20.238.42.79 - - [06/Apr/2026:01:18:41 +0200] "GET /jlex.php HTTP/1.1" 404 5516 "-" "-"
20.238.42.79 - - [06/Apr/2026:01:18:42 +0200] "GET /classwithtostring.php HTTP/1.1" 404 5516 "-" "-"
20.238.42.79 - - [06/Apr/2026:01:18:42 +0200] "GET /kj.php HTTP/1.1" 404 5516 "-" "-"
20.238.42.79 - - [06/Apr/2026:01:18:42 +0200] "GET /ws85.php HTTP/1.1" 404 5516 "-" "-"
20.238.42.79 - - [06/Apr/2026:01:18:42 +0200] "GET /wp-png.php HTTP/1.1" 404 5516 "-" "-"
20.238.42.79 - - [06/Apr/2026:01:18:43 +0200] "GET /666.php HTTP/1.1" 404 5516 "-" "-"
20.238.42.79 - - [06/Apr/2026:01:18:43 +0200] "GET /b4txckoieeyhynhsrpi9lCdefault.php HTTP/1.1" 404 5516 "-" "-"
20.238.42.79 - - [06/Apr/2026:01:18:43 +0200] "GET /amax.php HTTP/1.1" 404 5516 "-" "-"
20.238.42.79 - - [06/Apr/2026:01:18:44 +0200] "GET /wp-content/plugins/hellopress/wp_filemanager.php HTTP/1.1" 404 5516 "-" "-"
20.238.42.79 - - [06/Apr/2026:01:18:44 +0200] "GET /pass4.php HTTP/1.1" 404 5516 "-" "-"
20.238.42.79 - - [06/Apr/2026:01:18:44 +0200] "GET /a5.php HTTP/1.1" 404 5516 "-" "-"
20.238.42.79 - - [06/Apr/2026:01:18:44 +0200] "GET /ibcqocdtu3eovdx2hwj7Cdefault.php HTTP/1.1" 404 5516 "-" "-"
20.238.42.79 - - [06/Apr/2026:01:18:45 +0200] "GET /sadcut1.php HTTP/1.1" 404 5516 "-" "-"
20.238.42.79 - - [06/Apr/2026:01:18:47 +0200] "GET /a4.php HTTP/1.1" 404 5516 "-" "-"
20.238.42.79 - - [06/Apr/2026:01:18:47 +0200] "GET /gpt-sh.php HTTP/1.1" 404 5516 "-" "-"
20.238.42.79 - - [06/Apr/2026:01:18:47 +0200] "GET /wp.php HTTP/1.1" 404 5516 "-" "-"
20.238.42.79 - - [06/Apr/2026:01:18:48 +0200] "GET /wp-the.php HTTP/1.1" 404 5516 "-" "-"
20.238.42.79 - - [06/Apr/2026:01:18:48 +0200] "GET /irpl4xz4fmlzm4tlvvu4h1mCdefault.php HTTP/1.1" 404 5516 "-" "-"
20.238.42.79 - - [06/Apr/2026:01:18:48 +0200] "GET /ogifomnzqnlvwh5womfjirvaCdefault.php HTTP/1.1" 404 5516 "-" "-"
20.238.42.79 - - [06/Apr/2026:01:18:49 +0200] "GET /wlld5fjtdpjmjhsds3qzmipfCdefault.php HTTP/1.1" 404 5516 "-" "-"
20.238.42.79 - - [06/Apr/2026:01:18:49 +0200] "GET /tfm.php HTTP/1.1" 404 5516 "-" "-"
20.238.42.79 - - [06/Apr/2026:01:18:49 +0200] "GET /lib.php HTTP/1.1" 404 5516 "-" "-"
20.238.42.79 - - [06/Apr/2026:01:18:49 +0200] "GET /rithin.php HTTP/1.1" 404 5516 "-" "-"
20.238.42.79 - - [06/Apr/2026:01:18:50 +0200] "GET /q7lhrgzoo7ijhnkcedq2Cdefault.php HTTP/1.1" 404 5516 "-" "-"
20.238.42.79 - - [06/Apr/2026:01:18:50 +0200] "GET /0yellow.php HTTP/1.1" 404 5516 "-" "-"
20.238.42.79 - - [06/Apr/2026:01:18:50 +0200] "GET /ws86.php HTTP/1.1" 404 5516 "-" "-"
20.238.42.79 - - [06/Apr/2026:01:18:51 +0200] "GET /exhds0ucw0ju9vjgasxqCdefault.php HTTP/1.1" 404 5516 "-" "-"
20.238.42.79 - - [06/Apr/2026:01:18:51 +0200] "GET /bless.php HTTP/1.1" 404 5516 "-" "-"
20.238.42.79 - - [06/Apr/2026:01:18:51 +0200] "GET /mI35rZhMg1zJ1vuXdefault.php HTTP/1.1" 404 5516 "-" "-"
20.238.42.79 - - [06/Apr/2026:01:18:51 +0200] "GET /aligk.php HTTP/1.1" 404 5516 "-" "-"
20.238.42.79 - - [06/Apr/2026:01:18:52 +0200] "GET /a7.php HTTP/1.1" 404 5516 "-" "-"
20.238.42.79 - - [06/Apr/2026:01:18:52 +0200] "GET /ta0ol.php HTTP/1.1" 404 5516 "-" "-"
20.238.42.79 - - [06/Apr/2026:01:18:52 +0200] "GET /tx79.php HTTP/1.1" 404 5516 "-" "-"
20.238.42.79 - - [06/Apr/2026:01:18:53 +0200] "GET //wp.php HTTP/1.1" 301 0 "-" "-"
20.238.42.79 - - [06/Apr/2026:01:18:53 +0200] "GET /wp.php HTTP/1.1" 404 5516 "-" "-"
20.238.42.79 - - [06/Apr/2026:01:18:54 +0200] "GET /wp-good.php HTTP/1.1" 404 5516 "-" "-"
20.238.42.79 - - [06/Apr/2026:01:18:54 +0200] "GET /zoper1.php HTTP/1.1" 404 5516 "-" "-"
20.238.42.79 - - [06/Apr/2026:01:18:54 +0200] "GET /5xkfgawzejgwqh9hiaznCdefault.php HTTP/1.1" 404 5516 "-" "-"
20.238.42.79 - - [06/Apr/2026:01:18:55 +0200] "GET /gifclass.php HTTP/1.1" 404 5516 "-" "-"
20.238.42.79 - - [06/Apr/2026:01:18:55 +0200] "GET /gptsh.php HTTP/1.1" 404 5516 "-" "-"
20.238.42.79 - - [06/Apr/2026:01:18:55 +0200] "GET /new3.php HTTP/1.1" 404 5516 "-" "-"
20.238.42.79 - - [06/Apr/2026:01:18:55 +0200] "GET /wp5.php HTTP/1.1" 404 5516 "-" "-"
20.238.42.79 - - [06/Apr/2026:01:18:56 +0200] "GET /ws87.php HTTP/1.1" 404 5516 "-" "-"
20.238.42.79 - - [06/Apr/2026:01:18:56 +0200] "GET /buc.php HTTP/1.1" 404 5516 "-" "-"
20.238.42.79 - - [06/Apr/2026:01:18:56 +0200] "GET /Cap.php HTTP/1.1" 404 5516 "-" "-"
20.238.42.79 - - [06/Apr/2026:01:18:56 +0200] "GET /jp.php HTTP/1.1" 404 5516 "-" "-"
20.238.42.79 - - [06/Apr/2026:01:18:57 +0200] "GET /motu.php HTTP/1.1" 404 5516 "-" "-"
20.238.42.79 - - [06/Apr/2026:01:18:57 +0200] "GET /gfd.php HTTP/1.1" 404 5516 "-" "-"
20.238.42.79 - - [06/Apr/2026:01:18:57 +0200] "GET /tx78.php HTTP/1.1" 404 5516 "-" "-"
20.238.42.79 - - [06/Apr/2026:01:18:58 +0200] "GET /torsa1.php HTTP/1.1" 404 5516 "-" "-"
20.238.42.79 - - [06/Apr/2026:01:18:58 +0200] "GET /8573.php HTTP/1.1" 404 5516 "-" "-"
20.238.42.79 - - [06/Apr/2026:01:18:58 +0200] "GET /dass.php HTTP/1.1" 404 5516 "-" "-"
20.238.42.79 - - [06/Apr/2026:01:18:58 +0200] "GET /green.php HTTP/1.1" 404 5516 "-" "-"
20.238.42.79 - - [06/Apr/2026:01:18:59 +0200] "GET /myfile.php HTTP/1.1" 404 5516 "-" "-"
20.238.42.79 - - [06/Apr/2026:01:19:00 +0200] "GET /wp9.php HTTP/1.1" 404 5516 "-" "-"
20.238.42.79 - - [06/Apr/2026:01:19:00 +0200] "GET /xsas.php HTTP/1.1" 404 5516 "-" "-"
20.238.42.79 - - [06/Apr/2026:01:19:00 +0200] "GET /sid3.php HTTP/1.1" 404 5516 "-" "-"
20.238.42.79 - - [06/Apr/2026:01:19:00 +0200] "GET //nw.php HTTP/1.1" 301 0 "-" "-"
20.238.42.79 - - [06/Apr/2026:01:19:01 +0200] "GET /nw.php HTTP/1.1" 404 5516 "-" "-"
20.238.42.79 - - [06/Apr/2026:01:19:01 +0200] "GET /hhxc.php HTTP/1.1" 502 150 "-" "-"
95.168.190.195 - - [06/Apr/2026:01:23:46 +0200] "GET /robots.txt HTTP/1.1" 200 80 "-" "Mozilla/5.0 (compatible; ORT/v1.0.0; visit ORTc.me )"
216.244.66.203 - - [06/Apr/2026:01:30:14 +0200] "GET /%D0%B8%D1%81%D0%BA%D0%B0%D1%82-%D0%B4%D0%B0-%D0%B7%D0%B0%D0%BF%D1%83%D1%88%D0%B0%D1%82-%D1%83%D1%81%D1%82%D0%B0%D1%82%D0%B0-%D0%BD%D0%B0-%D1%80%D0%B0%D0%B4%D0%B5%D0%B2-%D0%B8-%D0%B4%D0%B0-%D0%B7%D0%B0/ HTTP/1.1" 200 14842 "-" "Mozilla/5.0 (compatible; DotBot/1.2; +https://opensiteexplorer.org/dotbot; help@moz.com)"
216.244.66.203 - - [06/Apr/2026:01:31:02 +0200] "GET /author/bultimes/page/527/ HTTP/1.1" 502 150 "-" "Mozilla/5.0 (compatible; DotBot/1.2; +https://opensiteexplorer.org/dotbot; help@moz.com)"
45.92.1.180 - - [06/Apr/2026:01:45:31 +0200] "GET /xmlrpc.php HTTP/1.1" 404 5512 "-" "Mozilla/5.0 (Windows NT 10.0; Win64; x64) AppleWebKit/537.36 (KHTML, like Gecko) Edge/120.0.2210.91"
91.92.240.32 - - [06/Apr/2026:01:48:15 +0200] "GET /.env HTTP/1.1" 404 5512 "-" "Mozilla/5.0 (Macintosh; Intel Mac OS X 10.15; rv:77.0) Gecko/20100101 Firefox/77.0"
20.191.45.212 - - [06/Apr/2026:01:52:54 +0200] "GET / HTTP/1.1" 200 14620 "-" "DuckDuckBot/1.1; (+http://duckduckgo.com/duckduckbot.html)"
94.23.188.198 - - [06/Apr/2026:01:53:33 +0200] "GET /wp-content/uploads/2019/12/d0b1d0b5d0b7d0bfd0bbd0b0d182d0bdd0be-d0b7d0b4d180d0b0d0b2d0b5d0bed0bfd0b0d0b7d0b2d0b0d0bdd0b5-d0bbd0b8-d0b1d0bed0bbd0bdd0b8d186d0b0.jpg HTTP/1.1" 200 41819 "-" "Mozilla/5.0 (compatible; AhrefsBot/7.0; +http://ahrefs.com/robot/)"
51.68.247.194 - - [06/Apr/2026:01:53:44 +0200] "GET /wp-content/uploads/2020/01/rd0belld195-rd0bed183d181d0b5-d181-d0bfd0bed0b2d0b5d187d0b5-d0bfd180d0bed0b4d0b0d0b6d0b1d0b8.jpg HTTP/1.1" 200 22589 "-" "Mozilla/5.0 (compatible; AhrefsBot/7.0; +http://ahrefs.com/robot/)"
161.178.139.119 - - [06/Apr/2026:01:58:37 +0200] "GET /wp-login.php HTTP/1.1" 302 0 "-" "Mozilla/5.0"
5.39.109.167 - - [06/Apr/2026:02:02:29 +0200] "GET /wp-content/uploads/2021/02/d184d0b8d180d0bcd0b8-d0b7d0b0d0bed0b1d0b8d0bad0b0d0bbd18fd182-10-d0b3d0bed0b4d0b8d188d0bdd0b0d182d0b0-d0b4d0b0d0b2d0bdd0bed181d182-d0b7.jpg HTTP/1.1" 200 31544 "-" "Mozilla/5.0 (compatible; AhrefsBot/7.0; +http://ahrefs.com/robot/)"
216.244.66.203 - - [06/Apr/2026:02:09:20 +0200] "GET /%D1%81%D1%82%D0%B5%D1%84%D0%B0%D0%BD-%D0%BF%D1%80%D0%BE%D0%B9%D0%BD%D0%BE%D0%B2-%D0%B3%D1%80%D0%B5%D1%88%D0%BD%D0%B0-%D0%BC%D0%BE%D0%BD%D0%B5%D1%82%D0%B0-%D0%BD%D0%B0-1985-%D0%B8%D0%BD%D0%B4%D0%B8/ HTTP/1.1" 200 14729 "-" "Mozilla/5.0 (compatible; DotBot/1.2; +https://opensiteexplorer.org/dotbot; help@moz.com)"
216.244.66.203 - - [06/Apr/2026:02:09:45 +0200] "GET /%D0%BA%D0%B0%D1%80%D0%BB%D0%BE%D1%81-%D0%BD%D0%B0%D1%81%D0%B0%D1%80-%D1%81%D0%B2%D0%B8%D0%B4%D0%B5%D1%82%D0%B5%D0%BB-%D0%BD%D0%B0-%D0%B6%D0%B5%D0%BD%D1%81%D0%BA%D0%B8-%D0%B1%D0%BE%D0%B9-%D0%BD%D0%B0/ HTTP/1.1" 200 19683 "-" "Mozilla/5.0 (compatible; DotBot/1.2; +https://opensiteexplorer.org/dotbot; help@moz.com)"
198.235.24.233 - - [06/Apr/2026:02:12:35 +0200] "GET /wp-login.php HTTP/1.1" 302 0 "-" "Hello from Palo Alto Networks, find out more about our scans in https://docs-cortex.paloaltonetworks.com/r/1/Cortex-Xpanse/Scanning-activity"
94.23.188.206 - - [06/Apr/2026:02:18:30 +0200] "GET /wp-content/uploads/2020/02/84-d181d0bbd183d0b6d0b8d182d0b5d0bbd0b8-d0bfd180d18fd0bad0be-d0bfd0bed0b4d187d0b8d0bdd0b5d0bdd0b8-d0bdd0b0-d184d0b0d0bdd0b4d18ad0bad0be.jpg HTTP/1.1" 200 35010 "-" "Mozilla/5.0 (compatible; AhrefsBot/7.0; +http://ahrefs.com/robot/)"
216.244.66.203 - - [06/Apr/2026:02:20:02 +0200] "GET /%D0%B7%D0%B0%D0%BF%D0%BE%D1%87%D0%B2%D0%B0-%D1%82%D1%80%D0%B5%D1%82%D0%BE%D1%82%D0%BE-%D0%B2%D0%B5%D0%BB%D0%B8%D0%BA%D0%BE-%D0%BD%D0%B0%D1%80%D0%BE%D0%B4%D0%BD%D0%BE-%D0%B2%D1%8A%D1%81%D1%82%D0%B0/ HTTP/1.1" 502 150 "-" "Mozilla/5.0 (compatible; DotBot/1.2; +https://opensiteexplorer.org/dotbot; help@moz.com)"
161.97.137.93 - - [06/Apr/2026:02:20:21 +0200] "POST /wp-cron.php?doing_wp_cron=1775434821.2740619182586669921875 HTTP/1.1" 404 5513 "http://bultimes.info/wp-cron.php?doing_wp_cron=1775434821.2740619182586669921875" "WordPress/4.9.26; https://bultimes.info"
216.244.66.203 - - [06/Apr/2026:02:20:22 +0200] "GET /%D0%B1%D0%BE%D1%80%D0%B8%D1%81%D0%BE%D0%B2-%D0%BD%D1%8F%D0%BC%D0%B0-%D0%B4%D0%B0-%D0%BA%D0%BE%D0%BC%D0%B5%D0%BD%D1%82%D0%B8%D1%80%D0%B0%D0%BC-%D1%80%D0%B0%D0%B7%D0%B5%D0%B4%D0%B8%D0%BD%D0%B8%D1%82/ HTTP/1.1" 200 18595 "-" "Mozilla/5.0 (compatible; DotBot/1.2; +https://opensiteexplorer.org/dotbot; help@moz.com)"
54.91.122.193 - - [06/Apr/2026:02:23:35 +0200] "GET /wp-content/uploads/2019/11/d0bfd0bed0bbd0b8d186d0b8d18fd182d0b0-d182d0b5-d0bfd0bed0b4d0bad0bed0bfd0b0d0b2d0b0d182-d0b4d0bed0b2d0b5d180d0b8d0b5d182d0be-d0b2d18a.jpg HTTP/1.1" 200 20743 "-" "Mozilla/5.0 AppleWebKit/537.36 (KHTML, like Gecko; compatible; Amazonbot/0.1; +https://developer.amazon.com/support/amazonbot) Chrome/119.0.6045.214 Safari/537.36"
52.22.138.222 - - [06/Apr/2026:02:23:43 +0200] "GET /robots.txt HTTP/1.1" 200 80 "-" "Mozilla/5.0 (Macintosh; Intel Mac OS X 10_10_1) AppleWebKit/600.2.5 (KHTML, like Gecko) Version/8.0.2 Safari/600.2.5 (Gort)"
161.97.137.93 - - [06/Apr/2026:02:33:54 +0200] "POST /wp-cron.php?doing_wp_cron=1775435634.4525210857391357421875 HTTP/1.1" 404 5513 "http://bultimes.info/wp-cron.php?doing_wp_cron=1775435634.4525210857391357421875" "WordPress/4.9.26; https://bultimes.info"
66.249.68.65 - - [06/Apr/2026:02:33:54 +0200] "GET /robots.txt HTTP/1.1" 200 80 "-" "Mozilla/5.0 (compatible; Googlebot/2.1; +http://www.google.com/bot.html)"
66.249.68.66 - - [06/Apr/2026:02:33:55 +0200] "GET /wp-content/uploads/2020/06/d0b1d18ad0bbd0b3d0b0d180d0b8d182d0b5-d0bdd0bed0bcd0b5d180-1-d0b2-d181d0b2d0b5d182d0b0-d0bfd0be-d0b2d18fd180d0b0-d0b2-d182d0b5d0bed180-1.jpg HTTP/1.1" 200 29779 "-" "Googlebot-Image/1.0"
52.204.89.12 - - [06/Apr/2026:02:35:59 +0200] "GET /wp-content/uploads/2019/11/d182d180d18ad0bcd0bf-d0b4d0bed0b1d180d0b5-d0b7d0bdd0b0d0b5-d0bad0bed0b9-d0b5-d0b1d0bed180d0b8d181d0bed0b2-d0bfd180d0b5d0b3d180d18ad0b4.jpg HTTP/1.1" 200 24010 "-" "Mozilla/5.0 AppleWebKit/537.36 (KHTML, like Gecko; compatible; Amazonbot/0.1; +https://developer.amazon.com/support/amazonbot) Chrome/119.0.6045.214 Safari/537.36"
161.97.137.93 - - [06/Apr/2026:02:42:26 +0200] "POST /wp-cron.php?doing_wp_cron=1775436145.9134509563446044921875 HTTP/1.1" 404 5513 "http://bultimes.info/wp-cron.php?doing_wp_cron=1775436145.9134509563446044921875" "WordPress/4.9.26; https://bultimes.info"
216.244.66.203 - - [06/Apr/2026:02:42:26 +0200] "GET /robots.txt HTTP/1.1" 200 80 "-" "Mozilla/5.0 (compatible; DotBot/1.2; +https://opensiteexplorer.org/dotbot; help@moz.com)"
66.249.68.67 - - [06/Apr/2026:02:43:16 +0200] "GET /wp-content/uploads/2020/01/d0b1d0bed180d0b8d181d0bed0b2-d0bad0b0d182d0b5d0b3d0bed180d0b8d187d0b5d0bd-d189d0b5-d181d0bcd0b0d0b6d0b5d0bc-d182d180d0b0d184d0b8d0ba-1.jpg HTTP/1.1" 200 22929 "-" "Googlebot-Image/1.0"
154.36.167.64 - - [06/Apr/2026:02:44:18 +0200] "GET /plugins/template/ok.html HTTP/1.1" 404 5513 "http://bultimes.info/plugins/template/ok.html" "Mozilla/5.0 (Windows NT 10.0; Win64; x64) AppleWebKit/537.36 (KHTML, like Gecko) Chrome/120.0.0.0 Safari/537.36"
154.36.167.64 - - [06/Apr/2026:02:44:19 +0200] "GET /?location=user&act=reg&type=&backurl= HTTP/1.1" 200 14614 "http://bultimes.info/?location=user&act=reg&type=&backurl=" "Mozilla/5.0 (Windows NT 10.0; Win64; x64) AppleWebKit/537.36 (KHTML, like Gecko) Chrome/120.0.0.0 Safari/537.36"
161.97.137.93 - - [06/Apr/2026:02:45:53 +0200] "POST /wp-cron.php?doing_wp_cron=1775436353.1744680404663085937500 HTTP/1.1" 404 5513 "http://bultimes.info/wp-cron.php?doing_wp_cron=1775436353.1744680404663085937500" "WordPress/4.9.26; https://bultimes.info"
66.249.68.66 - - [06/Apr/2026:02:45:53 +0200] "GET /%D0%B8%D0%BD%D0%BE%D0%B2%D0%B0%D1%86%D0%B8%D0%B8-%D0%B8-%D0%BF%D0%BB%D0%B0%D1%82%D1%84%D0%BE%D1%80%D0%BC%D0%B0-%D0%B7%D0%B0-%D1%80%D0%B0%D0%B7%D0%B2%D0%B8%D1%82%D0%B8%D0%B5-%D0%BD%D0%B0-%D0%B1%D0%B8/ HTTP/1.1" 200 17253 "-" "Mozilla/5.0 (Linux; Android 6.0.1; Nexus 5X Build/MMB29P) AppleWebKit/537.36 (KHTML, like Gecko) Chrome/146.0.7680.177 Mobile Safari/537.36 (compatible; GoogleOther)"
66.249.68.66 - - [06/Apr/2026:02:46:00 +0200] "GET /wp-content/plugins/facebook-button-plugin/js/script.js?ver=4.9.26 HTTP/1.1" 304 0 "http://bultimes.info/%D0%B8%D0%BD%D0%BE%D0%B2%D0%B0%D1%86%D0%B8%D0%B8-%D0%B8-%D0%BF%D0%BB%D0%B0%D1%82%D1%84%D0%BE%D1%80%D0%BC%D0%B0-%D0%B7%D0%B0-%D1%80%D0%B0%D0%B7%D0%B2%D0%B8%D1%82%D0%B8%D0%B5-%D0%BD%D0%B0-%D0%B1%D0%B8/" "Mozilla/5.0 (Linux; Android 6.0.1; Nexus 5X Build/MMB29P) AppleWebKit/537.36 (KHTML, like Gecko) Chrome/146.0.7680.177 Mobile Safari/537.36 (compatible; GoogleOther)"
66.249.68.68 - - [06/Apr/2026:02:46:03 +0200] "GET /wp-content/plugins/accesspress-social-share/css/fontawesome-all.css?ver=4.5.6 HTTP/1.1" 200 8520 "http://bultimes.info/%D0%B8%D0%BD%D0%BE%D0%B2%D0%B0%D1%86%D0%B8%D0%B8-%D0%B8-%D0%BF%D0%BB%D0%B0%D1%82%D1%84%D0%BE%D1%80%D0%BC%D0%B0-%D0%B7%D0%B0-%D1%80%D0%B0%D0%B7%D0%B2%D0%B8%D1%82%D0%B8%D0%B5-%D0%BD%D0%B0-%D0%B1%D0%B8/" "Mozilla/5.0 (Linux; Android 6.0.1; Nexus 5X Build/MMB29P) AppleWebKit/537.36 (KHTML, like Gecko) Chrome/146.0.7680.177 Mobile Safari/537.36 (compatible; GoogleOther)"
66.249.68.67 - - [06/Apr/2026:02:46:05 +0200] "GET /wp-content/plugins/accesspress-social-share/css/frontend.css?ver=4.5.6 HTTP/1.1" 304 0 "http://bultimes.info/%D0%B8%D0%BD%D0%BE%D0%B2%D0%B0%D1%86%D0%B8%D0%B8-%D0%B8-%D0%BF%D0%BB%D0%B0%D1%82%D1%84%D0%BE%D1%80%D0%BC%D0%B0-%D0%B7%D0%B0-%D1%80%D0%B0%D0%B7%D0%B2%D0%B8%D1%82%D0%B8%D0%B5-%D0%BD%D0%B0-%D0%B1%D0%B8/" "Mozilla/5.0 (Linux; Android 6.0.1; Nexus 5X Build/MMB29P) AppleWebKit/537.36 (KHTML, like Gecko) Chrome/146.0.7680.177 Mobile Safari/537.36 (compatible; GoogleOther)"
66.249.68.67 - - [06/Apr/2026:02:46:07 +0200] "GET /wp-includes/js/wp-emoji-release.min.js?ver=4.9.26 HTTP/1.1" 200 4398 "http://bultimes.info/%D0%B8%D0%BD%D0%BE%D0%B2%D0%B0%D1%86%D0%B8%D0%B8-%D0%B8-%D0%BF%D0%BB%D0%B0%D1%82%D1%84%D0%BE%D1%80%D0%BC%D0%B0-%D0%B7%D0%B0-%D1%80%D0%B0%D0%B7%D0%B2%D0%B8%D1%82%D0%B8%D0%B5-%D0%BD%D0%B0-%D0%B1%D0%B8/" "Mozilla/5.0 (Linux; Android 6.0.1; Nexus 5X Build/MMB29P) AppleWebKit/537.36 (KHTML, like Gecko) Chrome/146.0.7680.177 Mobile Safari/537.36 (compatible; GoogleOther)"
66.249.68.66 - - [06/Apr/2026:02:46:10 +0200] "GET /wp-includes/js/wp-embed.min.js?ver=4.9.26 HTTP/1.1" 200 789 "http://bultimes.info/%D0%B8%D0%BD%D0%BE%D0%B2%D0%B0%D1%86%D0%B8%D0%B8-%D0%B8-%D0%BF%D0%BB%D0%B0%D1%82%D1%84%D0%BE%D1%80%D0%BC%D0%B0-%D0%B7%D0%B0-%D1%80%D0%B0%D0%B7%D0%B2%D0%B8%D1%82%D0%B8%D0%B5-%D0%BD%D0%B0-%D0%B1%D0%B8/" "Mozilla/5.0 (Linux; Android 6.0.1; Nexus 5X Build/MMB29P) AppleWebKit/537.36 (KHTML, like Gecko) Chrome/146.0.7680.177 Mobile Safari/537.36 (compatible; GoogleOther)"
92.222.108.123 - - [06/Apr/2026:02:52:24 +0200] "GET /wp-content/uploads/2020/01/d0b4d0be-1600-d0b5d0b2d180d0be-d0bad0bed0bcd0bfd0b5d0bdd181d0b0d186d0b8d18f-d0bfd180d0b8-d0b8d0b7d187d0b5d0b7d0bdd0b0d0bb-d0bad183d184.jpg HTTP/1.1" 200 19819 "-" "Mozilla/5.0 (compatible; AhrefsBot/7.0; +http://ahrefs.com/robot/)"
