66.116.226.103 - - [05/Apr/2026:22:45:46 +0200] "GET /wp-login.php HTTP/1.1" 200 1064 "-" "Mozilla/5.0 (Windows NT 6.3; WOW64; Trident/7.0; MASPJS; rv:11.0) like Gecko"
66.116.226.103 - - [05/Apr/2026:22:45:47 +0200] "POST /wp-login.php HTTP/1.1" 200 1445 "https://kefche.kolaji.net/wp-login.php" "Mozilla/5.0 (Windows NT 6.3; WOW64; Trident/7.0; MASPJS; rv:11.0) like Gecko"
173.249.7.118 - - [05/Apr/2026:22:46:03 +0200] "GET /wp-login.php HTTP/1.1" 502 150 "-" "Mozilla/5.0 (Windows NT 6.3; WOW64; Trident/7.0; MATMJS; rv:11.0) like Gecko"
161.97.137.93 - - [05/Apr/2026:22:46:11 +0200] "POST /wp-cron.php?doing_wp_cron=1775421970.7435491085052490234375 HTTP/1.1" 404 15725 "https://kefche.kolaji.net/wp-cron.php?doing_wp_cron=1775421970.7435491085052490234375" "WordPress/4.9.26; https://kefche.kolaji.net"
173.249.7.118 - - [05/Apr/2026:22:46:11 +0200] "POST /wp-login.php HTTP/1.1" 200 1064 "https://kefche.kolaji.net/wp-login.php" "Mozilla/5.0 (Windows NT 6.3; WOW64; Trident/7.0; MATMJS; rv:11.0) like Gecko"
46.224.99.107 - - [05/Apr/2026:22:46:58 +0200] "GET /wp-login.php HTTP/1.1" 200 1064 "-" "Mozilla/5.0 (Macintosh; Intel Mac OS X 10_14) AppleWebKit/605.1.15 (KHTML, like Gecko) Version/12.0 Safari/605.1.15"
46.224.99.107 - - [05/Apr/2026:22:46:58 +0200] "POST /wp-login.php HTTP/1.1" 200 1420 "https://kefche.kolaji.net/wp-login.php" "Mozilla/5.0 (Macintosh; Intel Mac OS X 10_14) AppleWebKit/605.1.15 (KHTML, like Gecko) Version/12.0 Safari/605.1.15"
34.75.167.170 - - [05/Apr/2026:22:47:01 +0200] "GET /wp-login.php HTTP/1.1" 502 150 "-" "Mozilla/5.0 (Windows NT 6.1; Trident/7.0; MAMD; rv:11.0) like Gecko"
34.75.167.170 - - [05/Apr/2026:22:47:05 +0200] "POST /wp-login.php HTTP/1.1" 200 1064 "https://kefche.kolaji.net/wp-login.php" "Mozilla/5.0 (Windows NT 6.1; Trident/7.0; MAMD; rv:11.0) like Gecko"
161.97.137.93 - - [05/Apr/2026:22:48:41 +0200] "POST /wp-cron.php?doing_wp_cron=1775422120.9508531093597412109375 HTTP/1.1" 404 15807 "https://kefche.kolaji.net/wp-cron.php?doing_wp_cron=1775422120.9508531093597412109375" "WordPress/4.9.26; https://kefche.kolaji.net"
88.198.64.173 - - [05/Apr/2026:22:48:41 +0200] "GET /wp-login.php HTTP/1.1" 200 1064 "-" "Mozilla/5.0 (Windows NT 6.1; WOW64) AppleWebKit/537.36 (KHTML, like Gecko) Chrome/67.0.3396.87 Safari/537.36"
88.198.64.173 - - [05/Apr/2026:22:48:41 +0200] "POST /wp-login.php HTTP/1.1" 200 1420 "https://kefche.kolaji.net/wp-login.php" "Mozilla/5.0 (Windows NT 6.1; WOW64) AppleWebKit/537.36 (KHTML, like Gecko) Chrome/67.0.3396.87 Safari/537.36"
18.184.12.139 - - [05/Apr/2026:22:49:28 +0200] "GET /wp-login.php HTTP/1.1" 200 1064 "-" "Mozilla/5.0 (Windows NT 10.0; WOW64) AppleWebKit/537.36 (KHTML, like Gecko) Chrome/63.0.3239.132 Safari/537.36 OPR/50.0.2762.67"
18.184.12.139 - - [05/Apr/2026:22:49:28 +0200] "POST /wp-login.php HTTP/1.1" 200 1420 "https://kefche.kolaji.net/wp-login.php" "Mozilla/5.0 (Windows NT 10.0; WOW64) AppleWebKit/537.36 (KHTML, like Gecko) Chrome/63.0.3239.132 Safari/537.36 OPR/50.0.2762.67"
161.97.137.93 - - [05/Apr/2026:22:53:30 +0200] "POST /wp-cron.php?doing_wp_cron=1775422409.9510910511016845703125 HTTP/1.1" 404 15916 "https://kefche.kolaji.net/wp-cron.php?doing_wp_cron=1775422409.9510910511016845703125" "WordPress/4.9.26; https://kefche.kolaji.net"
135.236.141.8 - - [05/Apr/2026:22:53:30 +0200] "GET /wp-login.php HTTP/1.1" 200 1064 "-" "Mozilla/5.0 (Windows NT 6.1) AppleWebKit/537.36 (KHTML, like Gecko) Chrome/66.0.3359.139 Safari/537.36"
135.236.141.8 - - [05/Apr/2026:22:53:30 +0200] "POST /wp-login.php HTTP/1.1" 200 1420 "https://kefche.kolaji.net/wp-login.php" "Mozilla/5.0 (Windows NT 6.1) AppleWebKit/537.36 (KHTML, like Gecko) Chrome/66.0.3359.139 Safari/537.36"
88.198.64.173 - - [05/Apr/2026:22:54:01 +0200] "GET /wp-login.php HTTP/1.1" 200 1064 "-" "Mozilla/5.0 (Windows NT 6.3; Win64; x64; Trident/7.0; Touch; LCJB; rv:11.0) like Gecko"
88.198.64.173 - - [05/Apr/2026:22:54:01 +0200] "POST /wp-login.php HTTP/1.1" 200 1420 "https://kefche.kolaji.net/wp-login.php" "Mozilla/5.0 (Windows NT 6.3; Win64; x64; Trident/7.0; Touch; LCJB; rv:11.0) like Gecko"
160.153.183.144 - - [05/Apr/2026:22:54:23 +0200] "GET /wp-login.php HTTP/1.1" 200 1064 "-" "Mozilla/5.0 (Windows NT 6.3; WOW64) AppleWebKit/537.36 (KHTML, like Gecko) Chrome/67.0.3396.87 Safari/537.36"
161.97.137.93 - - [05/Apr/2026:22:54:31 +0200] "POST /wp-cron.php?doing_wp_cron=1775422470.6134829521179199218750 HTTP/1.1" 404 15968 "https://kefche.kolaji.net/wp-cron.php?doing_wp_cron=1775422470.6134829521179199218750" "WordPress/4.9.26; https://kefche.kolaji.net"
160.153.183.144 - - [05/Apr/2026:22:54:31 +0200] "POST /wp-login.php HTTP/1.1" 200 1420 "https://kefche.kolaji.net/wp-login.php" "Mozilla/5.0 (Windows NT 6.3; WOW64) AppleWebKit/537.36 (KHTML, like Gecko) Chrome/67.0.3396.87 Safari/537.36"
161.97.137.93 - - [05/Apr/2026:22:55:59 +0200] "POST /wp-cron.php?doing_wp_cron=1775422558.9615309238433837890625 HTTP/1.1" 404 15959 "https://kefche.kolaji.net/wp-cron.php?doing_wp_cron=1775422558.9615309238433837890625" "WordPress/4.9.26; https://kefche.kolaji.net"
160.153.183.144 - - [05/Apr/2026:22:55:59 +0200] "GET /wp-login.php HTTP/1.1" 200 1064 "-" "Mozilla/5.0 (Windows NT 10.0; WOW64; Trident/7.0; Touch; MAARJS; rv:11.0) like Gecko"
160.153.183.144 - - [05/Apr/2026:22:56:02 +0200] "POST /wp-login.php HTTP/1.1" 502 150 "https://kefche.kolaji.net/wp-login.php" "Mozilla/5.0 (Windows NT 10.0; WOW64; Trident/7.0; Touch; MAARJS; rv:11.0) like Gecko"
50.6.231.18 - - [05/Apr/2026:22:56:33 +0200] "GET /wp-login.php HTTP/1.1" 200 1064 "-" "Mozilla/5.0 (Windows NT 6.1; WOW64; rv:60.0) Gecko/20100101 Firefox/60.0"
50.6.231.18 - - [05/Apr/2026:22:56:34 +0200] "POST /wp-login.php HTTP/1.1" 200 1420 "https://kefche.kolaji.net/wp-login.php" "Mozilla/5.0 (Windows NT 6.1; WOW64; rv:60.0) Gecko/20100101 Firefox/60.0"
69.49.112.69 - - [05/Apr/2026:22:56:57 +0200] "GET /wp-login.php HTTP/1.1" 200 1064 "-" "Mozilla/5.0+(Windows+NT+6.3;+WOW64;+Trident/7.0;+rv:11.0)+like+Gecko"
66.116.198.89 - - [05/Apr/2026:22:57:11 +0200] "GET /wp-login.php HTTP/1.1" 502 552 "-" "Mozilla/4.0 (compatible; MSIE 7.0; Windows NT 6.2; WOW64; Trident/7.0; .NET4.0C; .NET4.0E; wbx 1.0.0)"
161.97.137.93 - - [05/Apr/2026:22:57:13 +0200] "POST /wp-cron.php?doing_wp_cron=1775422632.9812479019165039062500 HTTP/1.1" 404 16130 "https://kefche.kolaji.net/wp-cron.php?doing_wp_cron=1775422632.9812479019165039062500" "WordPress/4.9.26; https://kefche.kolaji.net"
66.116.198.89 - - [05/Apr/2026:22:57:13 +0200] "POST /wp-login.php HTTP/1.1" 200 1064 "https://kefche.kolaji.net/wp-login.php" "Mozilla/4.0 (compatible; MSIE 7.0; Windows NT 6.2; WOW64; Trident/7.0; .NET4.0C; .NET4.0E; wbx 1.0.0)"
161.97.137.93 - - [05/Apr/2026:22:58:48 +0200] "POST /wp-cron.php?doing_wp_cron=1775422727.6013700962066650390625 HTTP/1.1" 404 16015 "https://kefche.kolaji.net/wp-cron.php?doing_wp_cron=1775422727.6013700962066650390625" "WordPress/4.9.26; https://kefche.kolaji.net"
54.39.17.116 - - [05/Apr/2026:22:58:48 +0200] "GET /wp-login.php HTTP/1.1" 200 1064 "-" "Mozilla/4.0 (compatible; MSIE 7.0; Windows NT 6.1; Trident/7.0; SLCC2; .NET CLR 2.0.50727; .NET CLR 3.5.30729; .NET CLR 3.0.30729; Media Center PC 6.0; .NET4.0C; .NET4.0E; Tablet PC 2.0)"
54.39.17.116 - - [05/Apr/2026:22:58:57 +0200] "POST /wp-login.php HTTP/1.1" 200 1420 "https://kefche.kolaji.net/wp-login.php" "Mozilla/4.0 (compatible; MSIE 7.0; Windows NT 6.1; Trident/7.0; SLCC2; .NET CLR 2.0.50727; .NET CLR 3.5.30729; .NET CLR 3.0.30729; Media Center PC 6.0; .NET4.0C; .NET4.0E; Tablet PC 2.0)"
165.227.7.228 - - [05/Apr/2026:22:59:16 +0200] "GET /wp-login.php HTTP/1.1" 200 1064 "-" "Mozilla/5.0 (Macintosh; Intel Mac OS X 10_13_5) AppleWebKit/605.1.15 (KHTML, like Gecko) Version/11.1.1 Safari/605.1.15"
161.97.137.93 - - [05/Apr/2026:23:01:57 +0200] "POST /wp-cron.php?doing_wp_cron=1775422917.2830739021301269531250 HTTP/1.1" 404 15755 "https://kefche.kolaji.net/wp-cron.php?doing_wp_cron=1775422917.2830739021301269531250" "WordPress/4.9.26; https://kefche.kolaji.net"
194.163.131.184 - - [05/Apr/2026:23:01:57 +0200] "GET /wp-login.php HTTP/1.1" 200 1064 "-" "Mozilla/4.0 (compatible; MSIE 7.0; Windows NT 6.1; WOW64; Trident/7.0; SLCC2; .NET CLR 2.0.50727; .NET CLR 3.5.30729; .NET CLR 3.0.30729; .NET4.0C; .NET4.0E)"
194.163.131.184 - - [05/Apr/2026:23:02:04 +0200] "POST /wp-login.php HTTP/1.1" 200 1420 "https://kefche.kolaji.net/wp-login.php" "Mozilla/4.0 (compatible; MSIE 7.0; Windows NT 6.1; WOW64; Trident/7.0; SLCC2; .NET CLR 2.0.50727; .NET CLR 3.5.30729; .NET CLR 3.0.30729; .NET4.0C; .NET4.0E)"
208.115.200.114 - - [05/Apr/2026:23:02:16 +0200] "GET /wp-login.php HTTP/1.1" 200 1064 "-" "Mozilla/5.0 (Windows NT 6.1; Win64; x64) AppleWebKit/537.36 (KHTML, like Gecko) Chrome/66.0.3359.117 Safari/537.36"
208.115.200.114 - - [05/Apr/2026:23:02:16 +0200] "POST /wp-login.php HTTP/1.1" 200 1445 "https://kefche.kolaji.net/wp-login.php" "Mozilla/5.0 (Windows NT 6.1; Win64; x64) AppleWebKit/537.36 (KHTML, like Gecko) Chrome/66.0.3359.117 Safari/537.36"
160.16.114.120 - - [05/Apr/2026:23:02:52 +0200] "GET /wp-login.php HTTP/1.1" 200 1064 "-" "Mozilla/4.0 (compatible; MSIE 7.0; Windows NT 6.2; WOW64; Trident/7.0; .NET4.0C; .NET4.0E; .NET CLR 2.0.50727; .NET CLR 3.0.30729; .NET CLR 3.5.30729; Zoom 3.6.0)"
160.16.114.120 - - [05/Apr/2026:23:02:55 +0200] "POST /wp-login.php HTTP/1.1" 200 1420 "https://kefche.kolaji.net/wp-login.php" "Mozilla/4.0 (compatible; MSIE 7.0; Windows NT 6.2; WOW64; Trident/7.0; .NET4.0C; .NET4.0E; .NET CLR 2.0.50727; .NET CLR 3.0.30729; .NET CLR 3.5.30729; Zoom 3.6.0)"
161.97.137.93 - - [05/Apr/2026:23:03:51 +0200] "POST /wp-cron.php?doing_wp_cron=1775423031.3567259311676025390625 HTTP/1.1" 404 16087 "https://kefche.kolaji.net/wp-cron.php?doing_wp_cron=1775423031.3567259311676025390625" "WordPress/4.9.26; https://kefche.kolaji.net"
141.98.11.117 - - [05/Apr/2026:23:03:51 +0200] "GET /wp-login.php HTTP/1.1" 200 1064 "-" "Mozilla/5.0 (X11; CrOS armv7l 10323.67.0) AppleWebKit/537.36 (KHTML, like Gecko) Chrome/65.0.3325.209 Safari/537.36"
141.98.11.117 - - [05/Apr/2026:23:03:53 +0200] "POST /wp-login.php HTTP/1.1" 200 1420 "https://kefche.kolaji.net/wp-login.php" "Mozilla/5.0 (X11; CrOS armv7l 10323.67.0) AppleWebKit/537.36 (KHTML, like Gecko) Chrome/65.0.3325.209 Safari/537.36"
66.116.226.103 - - [05/Apr/2026:23:03:57 +0200] "GET /wp-login.php HTTP/1.1" 200 1064 "-" "Mozilla/5.0 (Windows NT 10.0; Win64; x64) AppleWebKit/537.36 (KHTML, like Gecko) Chrome/63.0.3239.108 Safari/537.36 OPR/50.0.2762.45"
66.116.226.103 - - [05/Apr/2026:23:04:01 +0200] "POST /wp-login.php HTTP/1.1" 200 1420 "https://kefche.kolaji.net/wp-login.php" "Mozilla/5.0 (Windows NT 10.0; Win64; x64) AppleWebKit/537.36 (KHTML, like Gecko) Chrome/63.0.3239.108 Safari/537.36 OPR/50.0.2762.45"
63.34.169.56 - - [05/Apr/2026:23:04:21 +0200] "GET /wp-login.php HTTP/1.1" 200 1064 "-" "Mozilla/5.0 (Macintosh; Intel Mac OS X 10_13) AppleWebKit/604.1.38 (KHTML, like Gecko) Version/11.0 Safari/604.1.38"
63.34.169.56 - - [05/Apr/2026:23:04:22 +0200] "POST /wp-login.php HTTP/1.1" 200 1420 "https://kefche.kolaji.net/wp-login.php" "Mozilla/5.0 (Macintosh; Intel Mac OS X 10_13) AppleWebKit/604.1.38 (KHTML, like Gecko) Version/11.0 Safari/604.1.38"
161.97.137.93 - - [05/Apr/2026:23:06:28 +0200] "POST /wp-cron.php?doing_wp_cron=1775423188.3479230403900146484375 HTTP/1.1" 404 15563 "https://kefche.kolaji.net/wp-cron.php?doing_wp_cron=1775423188.3479230403900146484375" "WordPress/4.9.26; https://kefche.kolaji.net"
91.136.11.94 - - [05/Apr/2026:23:06:28 +0200] "GET /wp-login.php HTTP/1.1" 200 1064 "-" "Mozilla/5.0 (Macintosh; Intel Mac OS X 10_11_6) AppleWebKit/605.1.15 (KHTML, like Gecko) Version/11.1 Safari/605.1.15"
91.136.11.94 - - [05/Apr/2026:23:06:29 +0200] "POST /wp-login.php HTTP/1.1" 200 1420 "https://kefche.kolaji.net/wp-login.php" "Mozilla/5.0 (Macintosh; Intel Mac OS X 10_11_6) AppleWebKit/605.1.15 (KHTML, like Gecko) Version/11.1 Safari/605.1.15"
94.46.170.34 - - [05/Apr/2026:23:06:45 +0200] "GET /wp-login.php HTTP/1.1" 200 1064 "-" "Mozilla/4.0 (compatible; MSIE 7.0; Windows NT 6.1; Win64; x64; Trident/7.0; .NET CLR 2.0.50727; SLCC2; .NET CLR 3.5.30729; .NET CLR 3.0.30729; Media Center PC 6.0; .NET4.0C)"
94.46.170.34 - - [05/Apr/2026:23:06:47 +0200] "POST /wp-login.php HTTP/1.1" 200 1420 "https://kefche.kolaji.net/wp-login.php" "Mozilla/4.0 (compatible; MSIE 7.0; Windows NT 6.1; Win64; x64; Trident/7.0; .NET CLR 2.0.50727; SLCC2; .NET CLR 3.5.30729; .NET CLR 3.0.30729; Media Center PC 6.0; .NET4.0C)"
161.97.137.93 - - [05/Apr/2026:23:08:37 +0200] "POST /wp-cron.php?doing_wp_cron=1775423316.5951120853424072265625 HTTP/1.1" 404 16251 "https://kefche.kolaji.net/wp-cron.php?doing_wp_cron=1775423316.5951120853424072265625" "WordPress/4.9.26; https://kefche.kolaji.net"
141.98.11.117 - - [05/Apr/2026:23:08:37 +0200] "GET /wp-login.php HTTP/1.1" 200 1064 "-" "Mozilla/5.0 (Windows NT 6.0; Win64; x64) AppleWebKit/537.36 (KHTML, like Gecko) Chrome/52.0.2743.116 Safari/537.36 Edge/15.15063"
141.98.11.117 - - [05/Apr/2026:23:08:42 +0200] "POST /wp-login.php HTTP/1.1" 200 1420 "https://kefche.kolaji.net/wp-login.php" "Mozilla/5.0 (Windows NT 6.0; Win64; x64) AppleWebKit/537.36 (KHTML, like Gecko) Chrome/52.0.2743.116 Safari/537.36 Edge/15.15063"
161.97.137.93 - - [05/Apr/2026:23:11:33 +0200] "POST /wp-cron.php?doing_wp_cron=1775423493.1997399330139160156250 HTTP/1.1" 404 16047 "https://kefche.kolaji.net/wp-cron.php?doing_wp_cron=1775423493.1997399330139160156250" "WordPress/4.9.26; https://kefche.kolaji.net"
81.29.32.213 - - [05/Apr/2026:23:11:33 +0200] "GET /wp-login.php HTTP/1.1" 200 1064 "-" "Mozilla/5.0 (Macintosh; Intel Mac OS X 10_11_6) AppleWebKit/605.1.15 (KHTML, like Gecko) Version/11.1 Safari/605.1.15"
81.29.32.213 - - [05/Apr/2026:23:11:35 +0200] "POST /wp-login.php HTTP/1.1" 200 1420 "https://kefche.kolaji.net/wp-login.php" "Mozilla/5.0 (Macintosh; Intel Mac OS X 10_11_6) AppleWebKit/605.1.15 (KHTML, like Gecko) Version/11.1 Safari/605.1.15"
208.109.188.137 - - [05/Apr/2026:23:12:19 +0200] "GET /wp-login.php HTTP/1.1" 200 1064 "-" "Mozilla/5.0 (Windows NT 6.1) AppleWebKit/537.36 (KHTML, like Gecko) Chrome/65.0.3325.181 Safari/537.36 OPR/52.0.2871.64"
208.109.188.137 - - [05/Apr/2026:23:12:21 +0200] "POST /wp-login.php HTTP/1.1" 200 1420 "https://kefche.kolaji.net/wp-login.php" "Mozilla/5.0 (Windows NT 6.1) AppleWebKit/537.36 (KHTML, like Gecko) Chrome/65.0.3325.181 Safari/537.36 OPR/52.0.2871.64"
50.62.181.149 - - [05/Apr/2026:23:12:24 +0200] "GET /wp-login.php HTTP/1.1" 200 1064 "-" "Mozilla/5.0 (Windows NT 6.1; WOW64) AppleWebKit/537.36 (KHTML, like Gecko) Chrome/66.0.3359.181 Safari/537.36"
50.62.181.149 - - [05/Apr/2026:23:12:24 +0200] "POST /wp-login.php HTTP/1.1" 200 1420 "https://kefche.kolaji.net/wp-login.php" "Mozilla/5.0 (Windows NT 6.1; WOW64) AppleWebKit/537.36 (KHTML, like Gecko) Chrome/66.0.3359.181 Safari/537.36"
161.97.137.93 - - [05/Apr/2026:23:13:52 +0200] "POST /wp-cron.php?doing_wp_cron=1775423631.8814210891723632812500 HTTP/1.1" 404 15882 "https://kefche.kolaji.net/wp-cron.php?doing_wp_cron=1775423631.8814210891723632812500" "WordPress/4.9.26; https://kefche.kolaji.net"
40.89.166.179 - - [05/Apr/2026:23:13:52 +0200] "GET /wp-login.php HTTP/1.1" 200 0 "-" "Mozilla/4.0 (compatible; MSIE 7.0; Windows NT 6.2; Win64; x64; Trident/7.0; .NET4.0C; .NET4.0E; .NET CLR 2.0.50727; .NET CLR 3.0.30729; .NET CLR 3.5.30729; InfoPath.3)"
142.93.83.180 - - [05/Apr/2026:23:14:36 +0200] "GET /wp-login.php HTTP/1.1" 200 1064 "-" "Mozilla/5.0 (Windows NT 10.0; WOW64; Trident/7.0; MALCJS; rv:11.0) like Gecko"
142.93.83.180 - - [05/Apr/2026:23:14:37 +0200] "POST /wp-login.php HTTP/1.1" 200 1420 "https://kefche.kolaji.net/wp-login.php" "Mozilla/5.0 (Windows NT 10.0; WOW64; Trident/7.0; MALCJS; rv:11.0) like Gecko"
69.49.112.69 - - [05/Apr/2026:23:14:43 +0200] "GET /wp-login.php HTTP/1.1" 200 1064 "-" "Mozilla/4.0 (compatible; MSIE 7.0; Windows NT 6.3; WOW64; Trident/7.0; .NET4.0E; .NET4.0C; .NET CLR 3.5.30729; .NET CLR 2.0.50727; .NET CLR 3.0.30729)"
69.49.112.69 - - [05/Apr/2026:23:14:44 +0200] "POST /wp-login.php HTTP/1.1" 200 1420 "https://kefche.kolaji.net/wp-login.php" "Mozilla/4.0 (compatible; MSIE 7.0; Windows NT 6.3; WOW64; Trident/7.0; .NET4.0E; .NET4.0C; .NET CLR 3.5.30729; .NET CLR 2.0.50727; .NET CLR 3.0.30729)"
161.97.137.93 - - [05/Apr/2026:23:15:56 +0200] "POST /wp-cron.php?doing_wp_cron=1775423756.1351280212402343750000 HTTP/1.1" 404 16230 "https://kefche.kolaji.net/wp-cron.php?doing_wp_cron=1775423756.1351280212402343750000" "WordPress/4.9.26; https://kefche.kolaji.net"
103.216.118.192 - - [05/Apr/2026:23:15:56 +0200] "GET /wp-login.php HTTP/1.1" 200 1064 "-" "Mozilla/5.0 (X11; CrOS x86_64 10452.85.0) AppleWebKit/537.36 (KHTML, like Gecko) Chrome/66.0.3359.158 Safari/537.36"
161.97.137.93 - - [05/Apr/2026:23:17:58 +0200] "POST /wp-cron.php?doing_wp_cron=1775423877.5040249824523925781250 HTTP/1.1" 404 15777 "https://kefche.kolaji.net/wp-cron.php?doing_wp_cron=1775423877.5040249824523925781250" "WordPress/4.9.26; https://kefche.kolaji.net"
94.46.170.34 - - [05/Apr/2026:23:17:58 +0200] "GET /wp-login.php HTTP/1.1" 200 1064 "-" "Mozilla/5.0 (Macintosh; Intel Mac OS X 10_12_5) AppleWebKit/537.36 (KHTML, like Gecko) Chrome/65.0.3325.181 Safari/537.36"
94.46.170.34 - - [05/Apr/2026:23:17:58 +0200] "POST /wp-login.php HTTP/1.1" 200 1420 "https://kefche.kolaji.net/wp-login.php" "Mozilla/5.0 (Macintosh; Intel Mac OS X 10_12_5) AppleWebKit/537.36 (KHTML, like Gecko) Chrome/65.0.3325.181 Safari/537.36"
161.97.137.93 - - [05/Apr/2026:23:19:15 +0200] "POST /wp-cron.php?doing_wp_cron=1775423954.9640440940856933593750 HTTP/1.1" 404 16155 "https://kefche.kolaji.net/wp-cron.php?doing_wp_cron=1775423954.9640440940856933593750" "WordPress/4.9.26; https://kefche.kolaji.net"
31.24.155.180 - - [05/Apr/2026:23:19:15 +0200] "GET /wp-login.php HTTP/1.1" 200 1064 "-" "Mozilla/4.0 (compatible; MSIE 7.0; Windows NT 6.2; Trident/7.0; .NET4.0C; .NET4.0E; .NET CLR 2.0.50727; .NET CLR 3.0.30729; .NET CLR 3.5.30729; SLCC2; Media Center PC 6.0)"
31.24.155.180 - - [05/Apr/2026:23:19:18 +0200] "POST /wp-login.php HTTP/1.1" 200 1420 "https://kefche.kolaji.net/wp-login.php" "Mozilla/4.0 (compatible; MSIE 7.0; Windows NT 6.2; Trident/7.0; .NET4.0C; .NET4.0E; .NET CLR 2.0.50727; .NET CLR 3.0.30729; .NET CLR 3.5.30729; SLCC2; Media Center PC 6.0)"
116.118.2.113 - - [05/Apr/2026:23:19:27 +0200] "GET /wp-login.php HTTP/1.1" 200 1064 "-" "Mozilla/5.0 (Windows NT 6.3; Win64; x64) AppleWebKit/537.36 (KHTML, like Gecko) Chrome/52.0.2743.116 Safari/537.36 Edge/15.15063"
116.118.2.113 - - [05/Apr/2026:23:19:30 +0200] "POST /wp-login.php HTTP/1.1" 200 1445 "https://kefche.kolaji.net/wp-login.php" "Mozilla/5.0 (Windows NT 6.3; Win64; x64) AppleWebKit/537.36 (KHTML, like Gecko) Chrome/52.0.2743.116 Safari/537.36 Edge/15.15063"
161.97.137.93 - - [05/Apr/2026:23:20:37 +0200] "POST /wp-cron.php?doing_wp_cron=1775424036.9065790176391601562500 HTTP/1.1" 404 16095 "https://kefche.kolaji.net/wp-cron.php?doing_wp_cron=1775424036.9065790176391601562500" "WordPress/4.9.26; https://kefche.kolaji.net"
222.165.190.235 - - [05/Apr/2026:23:20:37 +0200] "GET /wp-login.php HTTP/1.1" 200 1064 "-" "Mozilla/5.0 (Windows NT 6.1; WOW64; Trident/7.0; NP06; rv:11.0) like Gecko"
82.223.30.175 - - [05/Apr/2026:23:21:11 +0200] "GET /wp-login.php HTTP/1.1" 200 1064 "-" "Mozilla/5.0 (IE 11.0; Windows NT 6.3; Trident/7.0; .NET4.0E; .NET4.0C; rv:11.0) like Gecko"
82.223.30.175 - - [05/Apr/2026:23:21:12 +0200] "POST /wp-login.php HTTP/1.1" 200 1420 "https://kefche.kolaji.net/wp-login.php" "Mozilla/5.0 (IE 11.0; Windows NT 6.3; Trident/7.0; .NET4.0E; .NET4.0C; rv:11.0) like Gecko"
161.97.137.93 - - [05/Apr/2026:23:22:04 +0200] "POST /wp-cron.php?doing_wp_cron=1775424123.5434238910675048828125 HTTP/1.1" 404 16037 "https://kefche.kolaji.net/wp-cron.php?doing_wp_cron=1775424123.5434238910675048828125" "WordPress/4.9.26; https://kefche.kolaji.net"
143.198.190.237 - - [05/Apr/2026:23:22:04 +0200] "GET /wp-login.php HTTP/1.1" 200 1064 "-" "Mozilla/5.0 (Windows NT 10.0; WOW64) AppleWebKit/537.36 (KHTML, like Gecko) Chrome/65.0.3325.181 Safari/537.36 OPR/52.0.2871.40"
143.198.190.237 - - [05/Apr/2026:23:22:05 +0200] "POST /wp-login.php HTTP/1.1" 200 1420 "https://kefche.kolaji.net/wp-login.php" "Mozilla/5.0 (Windows NT 10.0; WOW64) AppleWebKit/537.36 (KHTML, like Gecko) Chrome/65.0.3325.181 Safari/537.36 OPR/52.0.2871.40"
51.81.32.210 - - [05/Apr/2026:23:22:30 +0200] "GET /wp-login.php HTTP/1.1" 200 1064 "-" "Mozilla/5.0 (Macintosh; Intel Mac OS X 10_11_6) AppleWebKit/602.3.12 (KHTML, like Gecko) Version/10.0.2 Safari/602.3.12"
51.81.32.210 - - [05/Apr/2026:23:22:31 +0200] "POST /wp-login.php HTTP/1.1" 200 1420 "https://kefche.kolaji.net/wp-login.php" "Mozilla/5.0 (Macintosh; Intel Mac OS X 10_11_6) AppleWebKit/602.3.12 (KHTML, like Gecko) Version/10.0.2 Safari/602.3.12"
88.198.64.173 - - [05/Apr/2026:23:24:01 +0200] "GET /wp-login.php HTTP/1.1" 502 150 "-" "Mozilla/5.0 (Macintosh; Intel Mac OS X 10_12_6) AppleWebKit/604.4.7 (KHTML, like Gecko) Version/11.0.2 Safari/604.4.7"
161.97.137.93 - - [05/Apr/2026:23:24:02 +0200] "POST /wp-cron.php?doing_wp_cron=1775424241.8005731105804443359375 HTTP/1.1" 499 0 "https://kefche.kolaji.net/wp-cron.php?doing_wp_cron=1775424241.8005731105804443359375" "WordPress/4.9.26; https://kefche.kolaji.net"
212.89.15.132 - - [05/Apr/2026:23:24:08 +0200] "GET /wp-login.php HTTP/1.1" 200 1064 "-" "Mozilla/4.0 (compatible; MSIE 7.0; Windows NT 6.1; WOW64; Trident/7.0; SLCC2; .NET CLR 2.0.50727; .NET4.0C; .NET4.0E; .NET CLR 3.5.30729; .NET CLR 3.0.30729)"
212.89.15.132 - - [05/Apr/2026:23:24:09 +0200] "POST /wp-login.php HTTP/1.1" 200 1420 "https://kefche.kolaji.net/wp-login.php" "Mozilla/4.0 (compatible; MSIE 7.0; Windows NT 6.1; WOW64; Trident/7.0; SLCC2; .NET CLR 2.0.50727; .NET4.0C; .NET4.0E; .NET CLR 3.5.30729; .NET CLR 3.0.30729)"
88.198.64.173 - - [05/Apr/2026:23:24:52 +0200] "GET /wp-login.php HTTP/1.1" 200 1064 "-" "Mozilla/5.0 (Macintosh; Intel Mac OS X 10_11_6) AppleWebKit/603.2.5 (KHTML, like Gecko) Version/10.1.1 Safari/603.2.5"
88.198.64.173 - - [05/Apr/2026:23:24:52 +0200] "POST /wp-login.php HTTP/1.1" 200 1420 "https://kefche.kolaji.net/wp-login.php" "Mozilla/5.0 (Macintosh; Intel Mac OS X 10_11_6) AppleWebKit/603.2.5 (KHTML, like Gecko) Version/10.1.1 Safari/603.2.5"
161.97.137.93 - - [05/Apr/2026:23:25:13 +0200] "POST /wp-cron.php?doing_wp_cron=1775424313.0701200962066650390625 HTTP/1.1" 404 15891 "https://kefche.kolaji.net/wp-cron.php?doing_wp_cron=1775424313.0701200962066650390625" "WordPress/4.9.26; https://kefche.kolaji.net"
97.74.93.106 - - [05/Apr/2026:23:25:13 +0200] "GET /wp-login.php HTTP/1.1" 200 1064 "-" "Mozilla/5.0 (Windows NT 6.3; Win64; x64; Trident/7.0; Touch; LCJB; rv:11.0) like Gecko"
97.74.93.106 - - [05/Apr/2026:23:25:14 +0200] "POST /wp-login.php HTTP/1.1" 200 1420 "https://kefche.kolaji.net/wp-login.php" "Mozilla/5.0 (Windows NT 6.3; Win64; x64; Trident/7.0; Touch; LCJB; rv:11.0) like Gecko"
161.97.137.93 - - [05/Apr/2026:23:28:30 +0200] "POST /wp-cron.php?doing_wp_cron=1775424509.6442708969116210937500 HTTP/1.1" 404 15888 "https://kefche.kolaji.net/wp-cron.php?doing_wp_cron=1775424509.6442708969116210937500" "WordPress/4.9.26; https://kefche.kolaji.net"
65.108.125.120 - - [05/Apr/2026:23:28:30 +0200] "GET /robots.txt HTTP/1.1" 200 78 "-" "Mozilla/5.0 (compatible; MJ12bot/v1.4.8; http://mj12bot.com/)"
65.108.125.120 - - [05/Apr/2026:23:28:32 +0200] "GET /%D0%BA%D0%BE%D0%BC%D0%B8%D1%86%D0%B8%D1%82%D0%B5-%D1%81%D0%BC%D1%8F%D1%85/ HTTP/1.1" 200 19991 "-" "Mozilla/5.0 (compatible; MJ12bot/v1.4.8; http://mj12bot.com/)"
65.108.125.120 - - [05/Apr/2026:23:28:34 +0200] "GET /%D0%BF%D0%B0%D0%B4%D0%B0%D1%82-%D1%82%D1%83%D1%85%D0%BB%D0%B8/feed/ HTTP/1.1" 200 674 "-" "Mozilla/5.0 (compatible; MJ12bot/v1.4.8; http://mj12bot.com/)"
65.108.125.120 - - [05/Apr/2026:23:28:36 +0200] "GET /category/%D0%BA%D0%B5%D1%84-%D1%82%D0%B8-%D0%BB%D1%8E%D0%B1%D0%BE%D0%BF%D0%B8%D1%82%D0%BD%D0%BE/ HTTP/1.1" 200 19281 "-" "Mozilla/5.0 (compatible; MJ12bot/v1.4.8; http://mj12bot.com/)"
65.108.125.120 - - [05/Apr/2026:23:28:38 +0200] "GET /category/%D0%BA%D0%B5%D1%84-%D1%82%D0%B8-%D1%82%D0%B0%D0%BC/ HTTP/1.1" 200 17308 "-" "Mozilla/5.0 (compatible; MJ12bot/v1.4.8; http://mj12bot.com/)"
65.108.125.120 - - [05/Apr/2026:23:28:43 +0200] "GET /tag/%D1%81%D0%BD%D0%B8%D0%BC%D0%BA%D0%B8-%D1%81-%D0%BD%D0%B0%D0%B4%D0%BF%D0%B8%D1%81%D0%B8/ HTTP/1.1" 200 22012 "-" "Mozilla/5.0 (compatible; MJ12bot/v1.4.8; http://mj12bot.com/)"
65.108.125.120 - - [05/Apr/2026:23:28:45 +0200] "GET /tag/%D1%81%D0%BD%D0%B8%D0%BC%D0%BA%D0%B8-%D1%81-%D0%BD%D0%B0%D0%B4%D0%BF%D0%B8%D1%81%D0%B8/page/2/ HTTP/1.1" 200 22925 "-" "Mozilla/5.0 (compatible; MJ12bot/v1.4.8; http://mj12bot.com/)"
65.108.125.120 - - [05/Apr/2026:23:28:47 +0200] "GET /tag/%D1%81%D0%BD%D0%B8%D0%BC%D0%BA%D0%B8-%D1%81-%D0%BD%D0%B0%D0%B4%D0%BF%D0%B8%D1%81%D0%B8/page/3/ HTTP/1.1" 200 22381 "-" "Mozilla/5.0 (compatible; MJ12bot/v1.4.8; http://mj12bot.com/)"
65.108.125.120 - - [05/Apr/2026:23:28:49 +0200] "GET /tag/%D1%81%D0%BD%D0%B8%D0%BC%D0%BA%D0%B8-%D1%81-%D0%BD%D0%B0%D0%B4%D0%BF%D0%B8%D1%81%D0%B8/page/6/ HTTP/1.1" 200 22016 "-" "Mozilla/5.0 (compatible; MJ12bot/v1.4.8; http://mj12bot.com/)"
65.108.125.120 - - [05/Apr/2026:23:28:51 +0200] "GET /tag/%D0%B2%D0%B8%D1%86%D0%BE%D0%B2%D0%B5-%D0%B2-%D0%BA%D0%B0%D1%80%D1%82%D0%B8%D0%BD%D0%BA%D0%B8/page/2/ HTTP/1.1" 200 23790 "-" "Mozilla/5.0 (compatible; MJ12bot/v1.4.8; http://mj12bot.com/)"
65.108.125.120 - - [05/Apr/2026:23:28:54 +0200] "GET /tag/%D0%B2%D0%B8%D1%86%D0%BE%D0%B2%D0%B5-%D0%B2-%D0%BA%D0%B0%D1%80%D1%82%D0%B8%D0%BD%D0%BA%D0%B8/page/3/ HTTP/1.1" 200 23116 "-" "Mozilla/5.0 (compatible; MJ12bot/v1.4.8; http://mj12bot.com/)"
65.108.125.120 - - [05/Apr/2026:23:28:56 +0200] "GET /tag/%D0%B2%D0%B8%D1%86%D0%BE%D0%B2%D0%B5-%D0%B2-%D0%BA%D0%B0%D1%80%D1%82%D0%B8%D0%BD%D0%BA%D0%B8/page/4/ HTTP/1.1" 200 23458 "-" "Mozilla/5.0 (compatible; MJ12bot/v1.4.8; http://mj12bot.com/)"
65.108.125.120 - - [05/Apr/2026:23:28:58 +0200] "GET /tag/%D0%B2%D0%B8%D1%86%D0%BE%D0%B2%D0%B5-%D0%B2-%D0%BA%D0%B0%D1%80%D1%82%D0%B8%D0%BD%D0%BA%D0%B8/page/5/ HTTP/1.1" 200 22140 "-" "Mozilla/5.0 (compatible; MJ12bot/v1.4.8; http://mj12bot.com/)"
65.108.125.120 - - [05/Apr/2026:23:29:01 +0200] "GET /tag/%D0%B2%D0%B8%D1%86%D0%BE%D0%B2%D0%B5-%D0%B2-%D0%BA%D0%B0%D1%80%D1%82%D0%B8%D0%BD%D0%BA%D0%B8/page/6/ HTTP/1.1" 200 21577 "-" "Mozilla/5.0 (compatible; MJ12bot/v1.4.8; http://mj12bot.com/)"
65.108.125.120 - - [05/Apr/2026:23:29:03 +0200] "GET /tag/%D0%B7%D0%B0%D0%B1%D0%B0%D0%B2%D0%BD%D0%B8-%D0%BA%D0%B0%D1%80%D1%82%D0%B8%D0%BD%D0%BA%D0%B8/ HTTP/1.1" 502 150 "-" "Mozilla/5.0 (compatible; MJ12bot/v1.4.8; http://mj12bot.com/)"
65.108.125.120 - - [05/Apr/2026:23:29:05 +0200] "GET /tag/%D0%B7%D0%B0%D0%B1%D0%B0%D0%B2%D0%BD%D0%B8-%D0%BA%D0%B0%D1%80%D1%82%D0%B8%D0%BD%D0%BA%D0%B8/page/10/ HTTP/1.1" 200 17298 "-" "Mozilla/5.0 (compatible; MJ12bot/v1.4.8; http://mj12bot.com/)"
65.108.125.120 - - [05/Apr/2026:23:29:07 +0200] "GET /tag/%D0%B7%D0%B0%D0%B1%D0%B0%D0%B2%D0%BD%D0%B8-%D0%BA%D0%B0%D1%80%D1%82%D0%B8%D0%BD%D0%BA%D0%B8/page/2/ HTTP/1.1" 200 23109 "-" "Mozilla/5.0 (compatible; MJ12bot/v1.4.8; http://mj12bot.com/)"
65.108.125.120 - - [05/Apr/2026:23:29:09 +0200] "GET /tag/%D0%B7%D0%B0%D0%B1%D0%B0%D0%B2%D0%BD%D0%B8-%D0%BA%D0%B0%D1%80%D1%82%D0%B8%D0%BD%D0%BA%D0%B8/page/6/ HTTP/1.1" 200 21714 "-" "Mozilla/5.0 (compatible; MJ12bot/v1.4.8; http://mj12bot.com/)"
65.108.125.120 - - [05/Apr/2026:23:29:11 +0200] "GET /tag/%D0%B7%D0%B0%D0%B1%D0%B0%D0%B2%D0%BD%D0%B8-%D0%BA%D0%B0%D1%80%D1%82%D0%B8%D0%BD%D0%BA%D0%B8/page/7/ HTTP/1.1" 200 21960 "-" "Mozilla/5.0 (compatible; MJ12bot/v1.4.8; http://mj12bot.com/)"
65.108.125.120 - - [05/Apr/2026:23:29:14 +0200] "GET /tag/%D0%B7%D0%B0%D0%B1%D0%B0%D0%B2%D0%BD%D0%B8-%D0%BA%D0%B0%D1%80%D1%82%D0%B8%D0%BD%D0%BA%D0%B8/page/8/ HTTP/1.1" 200 20630 "-" "Mozilla/5.0 (compatible; MJ12bot/v1.4.8; http://mj12bot.com/)"
65.108.125.120 - - [05/Apr/2026:23:29:16 +0200] "GET /tag/%D0%B7%D0%B0%D0%B1%D0%B0%D0%B2%D0%BD%D0%B8-%D0%BA%D0%B0%D1%80%D1%82%D0%B8%D0%BD%D0%BA%D0%B8/page/9/ HTTP/1.1" 200 20581 "-" "Mozilla/5.0 (compatible; MJ12bot/v1.4.8; http://mj12bot.com/)"
65.108.125.120 - - [05/Apr/2026:23:29:18 +0200] "GET /tag/%D0%BA%D0%B0%D1%80%D1%82%D0%B8%D0%BD%D0%B0/ HTTP/1.1" 200 21883 "-" "Mozilla/5.0 (compatible; MJ12bot/v1.4.8; http://mj12bot.com/)"
65.108.125.120 - - [05/Apr/2026:23:29:21 +0200] "GET /tag/%D0%BA%D0%B0%D1%80%D1%82%D0%B8%D0%BD%D0%B0/page/2/ HTTP/1.1" 200 22296 "-" "Mozilla/5.0 (compatible; MJ12bot/v1.4.8; http://mj12bot.com/)"
65.108.125.120 - - [05/Apr/2026:23:29:23 +0200] "GET /tag/%D0%BA%D0%B0%D1%80%D1%82%D0%B8%D0%BD%D0%B0/page/3/ HTTP/1.1" 200 20987 "-" "Mozilla/5.0 (compatible; MJ12bot/v1.4.8; http://mj12bot.com/)"
65.108.125.120 - - [05/Apr/2026:23:29:25 +0200] "GET /tag/%D0%BA%D0%B0%D1%80%D1%82%D0%B8%D0%BD%D0%B0/page/4/ HTTP/1.1" 200 21789 "-" "Mozilla/5.0 (compatible; MJ12bot/v1.4.8; http://mj12bot.com/)"
65.108.125.120 - - [05/Apr/2026:23:29:27 +0200] "GET /tag/%D0%BA%D0%B0%D1%80%D1%82%D0%B8%D0%BD%D0%B0/page/5/ HTTP/1.1" 200 21701 "-" "Mozilla/5.0 (compatible; MJ12bot/v1.4.8; http://mj12bot.com/)"
65.108.125.120 - - [05/Apr/2026:23:29:29 +0200] "GET /tag/%D0%BA%D0%B0%D1%80%D1%82%D0%B8%D0%BD%D0%B0/page/6/ HTTP/1.1" 200 21040 "-" "Mozilla/5.0 (compatible; MJ12bot/v1.4.8; http://mj12bot.com/)"
161.97.137.93 - - [05/Apr/2026:23:29:32 +0200] "POST /wp-cron.php?doing_wp_cron=1775424571.5320370197296142578125 HTTP/1.1" 404 16171 "https://kefche.kolaji.net/wp-cron.php?doing_wp_cron=1775424571.5320370197296142578125" "WordPress/4.9.26; https://kefche.kolaji.net"
65.108.125.120 - - [05/Apr/2026:23:29:32 +0200] "GET /tag/%D0%BA%D0%B0%D1%80%D1%82%D0%B8%D0%BD%D0%B0/page/7/ HTTP/1.1" 200 21363 "-" "Mozilla/5.0 (compatible; MJ12bot/v1.4.8; http://mj12bot.com/)"
65.108.125.120 - - [05/Apr/2026:23:29:34 +0200] "GET /tag/%D0%BA%D0%B0%D1%80%D1%82%D0%B8%D0%BD%D0%B0/page/8/ HTTP/1.1" 200 17617 "-" "Mozilla/5.0 (compatible; MJ12bot/v1.4.8; http://mj12bot.com/)"
65.108.125.120 - - [05/Apr/2026:23:29:36 +0200] "GET /tag/%D0%BA%D0%B0%D1%80%D1%82%D0%B8%D0%BD%D0%BA%D0%B0/ HTTP/1.1" 200 21956 "-" "Mozilla/5.0 (compatible; MJ12bot/v1.4.8; http://mj12bot.com/)"
65.108.125.120 - - [05/Apr/2026:23:29:38 +0200] "GET /tag/%D0%BA%D0%B0%D1%80%D1%82%D0%B8%D0%BD%D0%BA%D0%B0/page/10/ HTTP/1.1" 200 21759 "-" "Mozilla/5.0 (compatible; MJ12bot/v1.4.8; http://mj12bot.com/)"
65.108.125.120 - - [05/Apr/2026:23:29:41 +0200] "GET /tag/%D0%BA%D0%B0%D1%80%D1%82%D0%B8%D0%BD%D0%BA%D0%B0/page/11/ HTTP/1.1" 200 21482 "-" "Mozilla/5.0 (compatible; MJ12bot/v1.4.8; http://mj12bot.com/)"
65.108.125.120 - - [05/Apr/2026:23:29:43 +0200] "GET /tag/%D0%BA%D0%B0%D1%80%D1%82%D0%B8%D0%BD%D0%BA%D0%B0/page/12/ HTTP/1.1" 200 21108 "-" "Mozilla/5.0 (compatible; MJ12bot/v1.4.8; http://mj12bot.com/)"
65.108.125.120 - - [05/Apr/2026:23:29:45 +0200] "GET /tag/%D0%BA%D0%B0%D1%80%D1%82%D0%B8%D0%BD%D0%BA%D0%B0/page/13/ HTTP/1.1" 200 21880 "-" "Mozilla/5.0 (compatible; MJ12bot/v1.4.8; http://mj12bot.com/)"
65.108.125.120 - - [05/Apr/2026:23:29:47 +0200] "GET /tag/%D0%BA%D0%B0%D1%80%D1%82%D0%B8%D0%BD%D0%BA%D0%B0/page/14/ HTTP/1.1" 200 20657 "-" "Mozilla/5.0 (compatible; MJ12bot/v1.4.8; http://mj12bot.com/)"
88.198.64.173 - - [05/Apr/2026:23:30:29 +0200] "GET /wp-login.php HTTP/1.1" 200 1064 "-" "Mozilla/5.0 (X11; Linux x86_64) AppleWebKit/537.36 (KHTML, like Gecko) Chrome/65.0.3325.181 Safari/537.36"
88.198.64.173 - - [05/Apr/2026:23:30:29 +0200] "POST /wp-login.php HTTP/1.1" 200 1420 "https://kefche.kolaji.net/wp-login.php" "Mozilla/5.0 (X11; Linux x86_64) AppleWebKit/537.36 (KHTML, like Gecko) Chrome/65.0.3325.181 Safari/537.36"
161.97.137.93 - - [05/Apr/2026:23:33:27 +0200] "POST /wp-cron.php?doing_wp_cron=1775424806.9314548969268798828125 HTTP/1.1" 404 16107 "https://kefche.kolaji.net/wp-cron.php?doing_wp_cron=1775424806.9314548969268798828125" "WordPress/4.9.26; https://kefche.kolaji.net"
222.165.190.235 - - [05/Apr/2026:23:33:27 +0200] "GET /wp-login.php HTTP/1.1" 200 1064 "-" "Mozilla/5.0 (Windows NT 6.3; WOW64; Trident/7.0; Touch; MASMJS; rv:11.0) like Gecko"
79.124.76.218 - - [05/Apr/2026:23:33:46 +0200] "GET /wp-login.php HTTP/1.1" 200 1064 "-" "Mozilla/5.0 (Windows NT 6.3; Win64; x64; Trident/7.0; Touch; rv:11.0) like Gecko"
79.124.76.218 - - [05/Apr/2026:23:33:47 +0200] "POST /wp-login.php HTTP/1.1" 200 1420 "https://kefche.kolaji.net/wp-login.php" "Mozilla/5.0 (Windows NT 6.3; Win64; x64; Trident/7.0; Touch; rv:11.0) like Gecko"
63.34.169.56 - - [05/Apr/2026:23:34:04 +0200] "GET /wp-login.php HTTP/1.1" 200 1064 "-" "Mozilla/5.0 (Macintosh; Intel Mac OS X 10_10_5) AppleWebKit/537.36 (KHTML, like Gecko) Chrome/65.0.3325.162 Safari/537.36"
63.34.169.56 - - [05/Apr/2026:23:34:06 +0200] "POST /wp-login.php HTTP/1.1" 200 1420 "https://kefche.kolaji.net/wp-login.php" "Mozilla/5.0 (Macintosh; Intel Mac OS X 10_10_5) AppleWebKit/537.36 (KHTML, like Gecko) Chrome/65.0.3325.162 Safari/537.36"
161.97.137.93 - - [05/Apr/2026:23:35:23 +0200] "POST /wp-cron.php?doing_wp_cron=1775424922.4072520732879638671875 HTTP/1.1" 404 16194 "https://kefche.kolaji.net/wp-cron.php?doing_wp_cron=1775424922.4072520732879638671875" "WordPress/4.9.26; https://kefche.kolaji.net"
18.205.231.47 - - [05/Apr/2026:23:35:23 +0200] "GET /wp-login.php HTTP/1.1" 200 1064 "-" "Mozilla/5.0 (Windows NT 6.1; WOW64; Trident/7.0; LCJB; rv:11.0) like Gecko"
18.205.231.47 - - [05/Apr/2026:23:35:26 +0200] "POST /wp-login.php HTTP/1.1" 200 1420 "https://kefche.kolaji.net/wp-login.php" "Mozilla/5.0 (Windows NT 6.1; WOW64; Trident/7.0; LCJB; rv:11.0) like Gecko"
50.6.231.18 - - [05/Apr/2026:23:35:45 +0200] "GET /wp-login.php HTTP/1.1" 200 1064 "-" "Mozilla/5.0 (Macintosh; Intel Mac OS X 10_10_5) AppleWebKit/537.36 (KHTML, like Gecko) Chrome/65.0.3325.162 Safari/537.36"
50.6.231.18 - - [05/Apr/2026:23:35:53 +0200] "POST /wp-login.php HTTP/1.1" 200 1420 "https://kefche.kolaji.net/wp-login.php" "Mozilla/5.0 (Macintosh; Intel Mac OS X 10_10_5) AppleWebKit/537.36 (KHTML, like Gecko) Chrome/65.0.3325.162 Safari/537.36"
161.97.137.93 - - [05/Apr/2026:23:36:25 +0200] "POST /wp-cron.php?doing_wp_cron=1775424984.5338420867919921875000 HTTP/1.1" 404 15965 "https://kefche.kolaji.net/wp-cron.php?doing_wp_cron=1775424984.5338420867919921875000" "WordPress/4.9.26; https://kefche.kolaji.net"
79.124.76.218 - - [05/Apr/2026:23:36:25 +0200] "GET /wp-login.php HTTP/1.1" 200 1064 "-" "Mozilla/5.0 (Windows NT 10.0; WOW64) AppleWebKit/537.36 (KHTML, like Gecko) Chrome/65.0.3325.146 Safari/537.36"
79.124.76.218 - - [05/Apr/2026:23:36:26 +0200] "POST /wp-login.php HTTP/1.1" 200 1445 "https://kefche.kolaji.net/wp-login.php" "Mozilla/5.0 (Windows NT 10.0; WOW64) AppleWebKit/537.36 (KHTML, like Gecko) Chrome/65.0.3325.146 Safari/537.36"
88.198.64.173 - - [05/Apr/2026:23:36:31 +0200] "GET /wp-login.php HTTP/1.1" 200 1064 "-" "Mozilla/5.0 (Windows NT 6.3; WOW64; Trident/7.0; MAARJS; rv:11.0) like Gecko"
88.198.64.173 - - [05/Apr/2026:23:36:31 +0200] "POST /wp-login.php HTTP/1.1" 200 1420 "https://kefche.kolaji.net/wp-login.php" "Mozilla/5.0 (Windows NT 6.3; WOW64; Trident/7.0; MAARJS; rv:11.0) like Gecko"
88.198.64.173 - - [05/Apr/2026:23:36:48 +0200] "GET /wp-login.php HTTP/1.1" 200 1064 "-" "Mozilla/5.0 (Macintosh; Intel Mac OS X 10_13_3) AppleWebKit/537.36 (KHTML, like Gecko) Chrome/67.0.3396.87 Safari/537.36"
88.198.64.173 - - [05/Apr/2026:23:36:49 +0200] "POST /wp-login.php HTTP/1.1" 200 1420 "https://kefche.kolaji.net/wp-login.php" "Mozilla/5.0 (Macintosh; Intel Mac OS X 10_13_3) AppleWebKit/537.36 (KHTML, like Gecko) Chrome/67.0.3396.87 Safari/537.36"
161.97.137.93 - - [05/Apr/2026:23:37:46 +0200] "POST /wp-cron.php?doing_wp_cron=1775425066.0874340534210205078125 HTTP/1.1" 404 16056 "https://kefche.kolaji.net/wp-cron.php?doing_wp_cron=1775425066.0874340534210205078125" "WordPress/4.9.26; https://kefche.kolaji.net"
198.235.24.49 - - [05/Apr/2026:23:37:47 +0200] "GET / HTTP/1.1" 200 249300 "-" "Hello from Palo Alto Networks, find out more about our scans in https://docs-cortex.paloaltonetworks.com/r/1/Cortex-Xpanse/Scanning-activity"
141.98.11.117 - - [05/Apr/2026:23:38:44 +0200] "GET /wp-login.php HTTP/1.1" 200 1064 "-" "Mozilla/5.0 (Windows NT 6.3; Win64; x64; rv:60.0) Gecko/20100101 Firefox/60.0"
161.97.137.93 - - [05/Apr/2026:23:38:47 +0200] "POST /wp-cron.php?doing_wp_cron=1775425126.8052148818969726562500 HTTP/1.1" 404 15805 "https://kefche.kolaji.net/wp-cron.php?doing_wp_cron=1775425126.8052148818969726562500" "WordPress/4.9.26; https://kefche.kolaji.net"
141.98.11.117 - - [05/Apr/2026:23:38:47 +0200] "POST /wp-login.php HTTP/1.1" 200 1420 "https://kefche.kolaji.net/wp-login.php" "Mozilla/5.0 (Windows NT 6.3; Win64; x64; rv:60.0) Gecko/20100101 Firefox/60.0"
78.129.140.139 - - [05/Apr/2026:23:39:44 +0200] "GET /wp-login.php HTTP/1.1" 200 1064 "-" "Mozilla/5.0 (Windows NT 10.0; WOW64) AppleWebKit/537.36 (KHTML, like Gecko) Chrome/67.0.3396.79 Safari/537.36"
78.129.140.139 - - [05/Apr/2026:23:39:46 +0200] "POST /wp-login.php HTTP/1.1" 200 1420 "https://kefche.kolaji.net/wp-login.php" "Mozilla/5.0 (Windows NT 10.0; WOW64) AppleWebKit/537.36 (KHTML, like Gecko) Chrome/67.0.3396.79 Safari/537.36"
161.97.137.93 - - [05/Apr/2026:23:41:22 +0200] "POST /wp-cron.php?doing_wp_cron=1775425282.2144880294799804687500 HTTP/1.1" 404 15988 "https://kefche.kolaji.net/wp-cron.php?doing_wp_cron=1775425282.2144880294799804687500" "WordPress/4.9.26; https://kefche.kolaji.net"
82.165.45.12 - - [05/Apr/2026:23:41:22 +0200] "GET /wp-login.php HTTP/1.1" 200 1064 "-" "Mozilla/5.0 (Windows NT 6.1; Trident/7.0; yie11; rv:11.0) like Gecko"
82.165.45.12 - - [05/Apr/2026:23:41:26 +0200] "POST /wp-login.php HTTP/1.1" 200 1420 "https://kefche.kolaji.net/wp-login.php" "Mozilla/5.0 (Windows NT 6.1; Trident/7.0; yie11; rv:11.0) like Gecko"
163.61.156.33 - - [05/Apr/2026:23:41:53 +0200] "GET /wp-login.php HTTP/1.1" 200 1064 "-" "Mozilla/5.0 (Windows NT 10.0; Win64; x64) AppleWebKit/537.36 (KHTML, like Gecko) Chrome/64.0.3282.140 Safari/537.36 Edge/17.17134"
163.61.156.33 - - [05/Apr/2026:23:41:55 +0200] "POST /wp-login.php HTTP/1.1" 200 1420 "https://kefche.kolaji.net/wp-login.php" "Mozilla/5.0 (Windows NT 10.0; Win64; x64) AppleWebKit/537.36 (KHTML, like Gecko) Chrome/64.0.3282.140 Safari/537.36 Edge/17.17134"
161.97.137.93 - - [05/Apr/2026:23:43:04 +0200] "POST /wp-cron.php?doing_wp_cron=1775425384.1302430629730224609375 HTTP/1.1" 404 15992 "https://kefche.kolaji.net/wp-cron.php?doing_wp_cron=1775425384.1302430629730224609375" "WordPress/4.9.26; https://kefche.kolaji.net"
63.34.169.56 - - [05/Apr/2026:23:43:04 +0200] "GET /wp-login.php HTTP/1.1" 200 1064 "-" "Mozilla/5.0 (Windows NT 6.1; Win64; x64; Trident/7.0; managedpc; rv:11.0) like Gecko"
63.34.169.56 - - [05/Apr/2026:23:43:06 +0200] "POST /wp-login.php HTTP/1.1" 200 1420 "https://kefche.kolaji.net/wp-login.php" "Mozilla/5.0 (Windows NT 6.1; Win64; x64; Trident/7.0; managedpc; rv:11.0) like Gecko"
161.97.137.93 - - [05/Apr/2026:23:49:55 +0200] "POST /wp-cron.php?doing_wp_cron=1775425795.0774409770965576171875 HTTP/1.1" 404 16009 "https://kefche.kolaji.net/wp-cron.php?doing_wp_cron=1775425795.0774409770965576171875" "WordPress/4.9.26; https://kefche.kolaji.net"
51.195.41.174 - - [05/Apr/2026:23:49:55 +0200] "GET /wp-login.php HTTP/1.1" 200 1064 "-" "Mozilla/5.0 (X11; Linux x86_64) AppleWebKit/537.36 (KHTML, like Gecko) Chrome/65.0.3325.181 Safari/537.36"
51.195.41.174 - - [05/Apr/2026:23:49:55 +0200] "POST /wp-login.php HTTP/1.1" 200 1420 "https://kefche.kolaji.net/wp-login.php" "Mozilla/5.0 (X11; Linux x86_64) AppleWebKit/537.36 (KHTML, like Gecko) Chrome/65.0.3325.181 Safari/537.36"
45.13.190.27 - - [05/Apr/2026:23:50:03 +0200] "GET /wp-login.php HTTP/1.1" 502 150 "-" "Mozilla/5.0 (X11; Ubuntu; Linux x86_64; rv:61.0) Gecko/20100101 Firefox/61.0"
45.13.190.27 - - [05/Apr/2026:23:50:03 +0200] "POST /wp-login.php HTTP/1.1" 502 150 "https://kefche.kolaji.net/wp-login.php" "Mozilla/5.0 (X11; Ubuntu; Linux x86_64; rv:61.0) Gecko/20100101 Firefox/61.0"
161.97.137.93 - - [05/Apr/2026:23:51:45 +0200] "POST /wp-cron.php?doing_wp_cron=1775425904.7693769931793212890625 HTTP/1.1" 404 16015 "https://kefche.kolaji.net/wp-cron.php?doing_wp_cron=1775425904.7693769931793212890625" "WordPress/4.9.26; https://kefche.kolaji.net"
208.109.188.137 - - [05/Apr/2026:23:51:45 +0200] "GET /wp-login.php HTTP/1.1" 200 1064 "-" "Mozilla/5.0 (Macintosh; Intel Mac OS X 10_13_3) AppleWebKit/537.36 (KHTML, like Gecko) Chrome/66.0.3359.139 Safari/537.36"
72.167.150.128 - - [05/Apr/2026:23:51:45 +0200] "GET /wp-login.php HTTP/1.1" 200 1064 "-" "Mozilla/5.0 (X11; Linux x86_64) AppleWebKit/537.36 (KHTML, like Gecko) Chrome/67.0.3396.62 Safari/537.36"
208.109.188.137 - - [05/Apr/2026:23:51:45 +0200] "POST /wp-login.php HTTP/1.1" 200 1420 "https://kefche.kolaji.net/wp-login.php" "Mozilla/5.0 (Macintosh; Intel Mac OS X 10_13_3) AppleWebKit/537.36 (KHTML, like Gecko) Chrome/66.0.3359.139 Safari/537.36"
72.167.150.128 - - [05/Apr/2026:23:51:46 +0200] "POST /wp-login.php HTTP/1.1" 200 1420 "https://kefche.kolaji.net/wp-login.php" "Mozilla/5.0 (X11; Linux x86_64) AppleWebKit/537.36 (KHTML, like Gecko) Chrome/67.0.3396.62 Safari/537.36"
63.34.169.56 - - [05/Apr/2026:23:51:51 +0200] "GET /wp-login.php HTTP/1.1" 200 1064 "-" "Mozilla/5.0 (Windows NT 6.1) AppleWebKit/537.36 (KHTML, like Gecko) Chrome/66.0.3359.181 Safari/537.36"
63.34.169.56 - - [05/Apr/2026:23:51:53 +0200] "POST /wp-login.php HTTP/1.1" 200 1420 "https://kefche.kolaji.net/wp-login.php" "Mozilla/5.0 (Windows NT 6.1) AppleWebKit/537.36 (KHTML, like Gecko) Chrome/66.0.3359.181 Safari/537.36"
179.191.78.222 - - [05/Apr/2026:23:52:17 +0200] "GET /wp-login.php HTTP/1.1" 200 1064 "-" "Mozilla/5.0 (Windows NT 6.3; WOW64; Trident/7.0; Touch; MASEJS; rv:11.0) like Gecko"
179.191.78.222 - - [05/Apr/2026:23:52:18 +0200] "POST /wp-login.php HTTP/1.1" 200 1420 "https://kefche.kolaji.net/wp-login.php" "Mozilla/5.0 (Windows NT 6.3; WOW64; Trident/7.0; Touch; MASEJS; rv:11.0) like Gecko"
161.97.137.93 - - [05/Apr/2026:23:53:49 +0200] "POST /wp-cron.php?doing_wp_cron=1775426029.0599789619445800781250 HTTP/1.1" 404 16150 "https://kefche.kolaji.net/wp-cron.php?doing_wp_cron=1775426029.0599789619445800781250" "WordPress/4.9.26; https://kefche.kolaji.net"
97.74.93.106 - - [05/Apr/2026:23:53:49 +0200] "GET /wp-login.php HTTP/1.1" 200 0 "-" "Mozilla/5.0 (Windows NT 6.1; Win64; x64) AppleWebKit/537.36 (KHTML, like Gecko) Chrome/66.0.3359.181 Safari/537.36"
88.198.64.173 - - [05/Apr/2026:23:53:50 +0200] "GET /wp-login.php HTTP/1.1" 200 1064 "-" "Mozilla/5.0 (X11; Linux x86_64) AppleWebKit/537.36 (KHTML, like Gecko) Chrome/65.0.3325.109 Safari/537.36"
88.198.64.173 - - [05/Apr/2026:23:53:51 +0200] "POST /wp-login.php HTTP/1.1" 200 1445 "https://kefche.kolaji.net/wp-login.php" "Mozilla/5.0 (X11; Linux x86_64) AppleWebKit/537.36 (KHTML, like Gecko) Chrome/65.0.3325.109 Safari/537.36"
82.223.30.175 - - [05/Apr/2026:23:53:53 +0200] "GET /wp-login.php HTTP/1.1" 200 1064 "-" "Mozilla/5.0 (Windows NT 6.1; WOW64; Trident/7.0; MAAU; rv:11.0) like Gecko"
82.223.30.175 - - [05/Apr/2026:23:53:53 +0200] "POST /wp-login.php HTTP/1.1" 200 1420 "https://kefche.kolaji.net/wp-login.php" "Mozilla/5.0 (Windows NT 6.1; WOW64; Trident/7.0; MAAU; rv:11.0) like Gecko"
82.223.30.175 - - [05/Apr/2026:23:54:34 +0200] "GET /wp-login.php HTTP/1.1" 200 1064 "-" "Mozilla/4.0 (compatible; MSIE 7.0; Windows NT 6.3; WOW64; Trident/7.0; .NET4.0E; .NET4.0C; .NET CLR 3.5.30729; .NET CLR 2.0.50727; .NET CLR 3.0.30729; InfoPath.3)"
82.223.30.175 - - [05/Apr/2026:23:54:36 +0200] "POST /wp-login.php HTTP/1.1" 200 1420 "https://kefche.kolaji.net/wp-login.php" "Mozilla/4.0 (compatible; MSIE 7.0; Windows NT 6.3; WOW64; Trident/7.0; .NET4.0E; .NET4.0C; .NET CLR 3.5.30729; .NET CLR 2.0.50727; .NET CLR 3.0.30729; InfoPath.3)"
88.198.64.173 - - [05/Apr/2026:23:55:02 +0200] "GET /wp-login.php HTTP/1.1" 502 150 "-" "Mozilla/5.0 (Windows NT 6.3; Win64; x64; Trident/7.0; MAGWJS; rv:11.0) like Gecko"
161.97.137.93 - - [05/Apr/2026:23:55:05 +0200] "POST /wp-cron.php?doing_wp_cron=1775426105.0600929260253906250000 HTTP/1.1" 404 16361 "https://kefche.kolaji.net/wp-cron.php?doing_wp_cron=1775426105.0600929260253906250000" "WordPress/4.9.26; https://kefche.kolaji.net"
50.6.229.148 - - [05/Apr/2026:23:55:05 +0200] "GET /wp-login.php HTTP/1.1" 200 1064 "-" "Mozilla/5.0 (Windows NT 6.1; WOW64; Trident/7.0; rv:11.0; MSN 9.0;MSN 9.1;MSN 9.6;MSN 10.0;MSN 10.2;MSN 10.5; MSNbMSNI; MSNmen-us; MSNcIA)"
88.198.64.173 - - [05/Apr/2026:23:55:06 +0200] "POST /wp-login.php HTTP/1.1" 200 1064 "https://kefche.kolaji.net/wp-login.php" "Mozilla/5.0 (Windows NT 6.3; Win64; x64; Trident/7.0; MAGWJS; rv:11.0) like Gecko"
50.6.229.148 - - [05/Apr/2026:23:55:06 +0200] "POST /wp-login.php HTTP/1.1" 200 1420 "https://kefche.kolaji.net/wp-login.php" "Mozilla/5.0 (Windows NT 6.1; WOW64; Trident/7.0; rv:11.0; MSN 9.0;MSN 9.1;MSN 9.6;MSN 10.0;MSN 10.2;MSN 10.5; MSNbMSNI; MSNmen-us; MSNcIA)"
161.97.137.93 - - [05/Apr/2026:23:56:28 +0200] "POST /wp-cron.php?doing_wp_cron=1775426187.5906150341033935546875 HTTP/1.1" 404 16032 "https://kefche.kolaji.net/wp-cron.php?doing_wp_cron=1775426187.5906150341033935546875" "WordPress/4.9.26; https://kefche.kolaji.net"
103.172.92.25 - - [05/Apr/2026:23:56:28 +0200] "GET /wp-login.php HTTP/1.1" 200 1064 "-" "Mozilla/5.0 (Windows NT 6.1; WOW64; Trident/7.0; EIE10;ENGBMSN; rv:11.0) like Gecko"
103.172.92.25 - - [05/Apr/2026:23:56:28 +0200] "POST /wp-login.php HTTP/1.1" 200 1420 "https://kefche.kolaji.net/wp-login.php" "Mozilla/5.0 (Windows NT 6.1; WOW64; Trident/7.0; EIE10;ENGBMSN; rv:11.0) like Gecko"
94.46.170.34 - - [05/Apr/2026:23:57:12 +0200] "GET /wp-login.php HTTP/1.1" 200 1064 "-" "Mozilla/5.0 (Windows NT 6.1; WOW64; rv:61.0) Gecko/20100101 Firefox/61.0"
161.97.137.93 - - [05/Apr/2026:23:57:43 +0200] "POST /wp-cron.php?doing_wp_cron=1775426262.7908980846405029296875 HTTP/1.1" 404 16193 "https://kefche.kolaji.net/wp-cron.php?doing_wp_cron=1775426262.7908980846405029296875" "WordPress/4.9.26; https://kefche.kolaji.net"
50.62.181.149 - - [05/Apr/2026:23:57:43 +0200] "GET /wp-login.php HTTP/1.1" 200 1064 "-" "Mozilla/5.0 (Windows NT 10.0; WOW64; Trident/7.0; MAARJS; rv:11.0) like Gecko"
50.62.181.149 - - [05/Apr/2026:23:57:43 +0200] "POST /wp-login.php HTTP/1.1" 200 1420 "https://kefche.kolaji.net/wp-login.php" "Mozilla/5.0 (Windows NT 10.0; WOW64; Trident/7.0; MAARJS; rv:11.0) like Gecko"
161.97.137.93 - - [05/Apr/2026:23:59:17 +0200] "POST /wp-cron.php?doing_wp_cron=1775426357.4212648868560791015625 HTTP/1.1" 404 15940 "https://kefche.kolaji.net/wp-cron.php?doing_wp_cron=1775426357.4212648868560791015625" "WordPress/4.9.26; https://kefche.kolaji.net"
194.163.131.184 - - [05/Apr/2026:23:59:17 +0200] "GET /wp-login.php HTTP/1.1" 200 1064 "-" "Mozilla/5.0 (Windows NT 6.3; WOW64; Trident/7.0; MANMJS; rv:11.0) like Gecko"
194.163.131.184 - - [05/Apr/2026:23:59:20 +0200] "POST /wp-login.php HTTP/1.1" 200 1420 "https://kefche.kolaji.net/wp-login.php" "Mozilla/5.0 (Windows NT 6.3; WOW64; Trident/7.0; MANMJS; rv:11.0) like Gecko"
97.74.93.106 - - [05/Apr/2026:23:59:50 +0200] "GET /wp-login.php HTTP/1.1" 200 1064 "-" "Mozilla/5.0 (Windows NT 5.1; Win64; x64) AppleWebKit/537.36 (KHTML, like Gecko) Chrome/52.0.2743.116 Safari/537.36 Edge/15.15063"
97.74.93.106 - - [05/Apr/2026:23:59:54 +0200] "POST /wp-login.php HTTP/1.1" 200 1420 "https://kefche.kolaji.net/wp-login.php" "Mozilla/5.0 (Windows NT 5.1; Win64; x64) AppleWebKit/537.36 (KHTML, like Gecko) Chrome/52.0.2743.116 Safari/537.36 Edge/15.15063"
161.97.137.93 - - [06/Apr/2026:00:01:08 +0200] "POST /wp-cron.php?doing_wp_cron=1775426467.1654291152954101562500 HTTP/1.1" 499 0 "https://kefche.kolaji.net/wp-cron.php?doing_wp_cron=1775426467.1654291152954101562500" "WordPress/4.9.26; https://kefche.kolaji.net"
194.32.155.65 - - [06/Apr/2026:00:01:08 +0200] "GET /wp-login.php HTTP/1.1" 200 1064 "-" "Mozilla/5.0 (Windows NT 6.3; Win64; x64) AppleWebKit/537.36 (KHTML, like Gecko) Chrome/65.0.3325.146 Safari/537.36"
194.32.155.65 - - [06/Apr/2026:00:01:08 +0200] "POST /wp-login.php HTTP/1.1" 200 1420 "https://kefche.kolaji.net/wp-login.php" "Mozilla/5.0 (Windows NT 6.3; Win64; x64) AppleWebKit/537.36 (KHTML, like Gecko) Chrome/65.0.3325.146 Safari/537.36"
72.167.150.128 - - [06/Apr/2026:00:02:04 +0200] "GET /wp-login.php HTTP/1.1" 200 1064 "-" "Mozilla/4.0 (compatible; MSIE 7.0; Windows NT 6.1; Trident/7.0; SLCC2; .NET CLR 2.0.50727; .NET CLR 3.5.30729; .NET CLR 3.0.30729; Media Center PC 6.0; .NET4.0C; .NET4.0E; Tablet PC 2.0; .NET CLR 1.1.4322; Alexa Toolbar)"
72.167.150.128 - - [06/Apr/2026:00:02:04 +0200] "POST /wp-login.php HTTP/1.1" 200 1420 "https://kefche.kolaji.net/wp-login.php" "Mozilla/4.0 (compatible; MSIE 7.0; Windows NT 6.1; Trident/7.0; SLCC2; .NET CLR 2.0.50727; .NET CLR 3.5.30729; .NET CLR 3.0.30729; Media Center PC 6.0; .NET4.0C; .NET4.0E; Tablet PC 2.0; .NET CLR 1.1.4322; Alexa Toolbar)"
161.97.137.93 - - [06/Apr/2026:00:05:33 +0200] "POST /wp-cron.php?doing_wp_cron=1775426732.5359640121459960937500 HTTP/1.1" 404 16036 "https://kefche.kolaji.net/wp-cron.php?doing_wp_cron=1775426732.5359640121459960937500" "WordPress/4.9.26; https://kefche.kolaji.net"
88.198.64.173 - - [06/Apr/2026:00:05:33 +0200] "GET /wp-login.php HTTP/1.1" 200 1064 "-" "Mozilla/5.0 (Windows NT 6.3; WOW64; Trident/7.0; Touch; TNJB; rv:11.0) like Gecko"
88.198.64.173 - - [06/Apr/2026:00:05:37 +0200] "POST /wp-login.php HTTP/1.1" 200 1420 "https://kefche.kolaji.net/wp-login.php" "Mozilla/5.0 (Windows NT 6.3; WOW64; Trident/7.0; Touch; TNJB; rv:11.0) like Gecko"
161.97.137.93 - - [06/Apr/2026:00:07:22 +0200] "POST /wp-cron.php?doing_wp_cron=1775426842.2018339633941650390625 HTTP/1.1" 404 15899 "https://kefche.kolaji.net/wp-cron.php?doing_wp_cron=1775426842.2018339633941650390625" "WordPress/4.9.26; https://kefche.kolaji.net"
