141.98.11.117 - - [05/Apr/2026:16:02:46 +0200] "GET /wp-login.php HTTP/1.1" 200 1064 "-" "Mozilla/5.0 (Windows NT 6.1; WOW64; Trident/7.0; MANM; rv:11.0) like Gecko"
141.98.11.117 - - [05/Apr/2026:16:02:46 +0200] "POST /wp-login.php HTTP/1.1" 200 1420 "https://kefche.kolaji.net/wp-login.php" "Mozilla/5.0 (Windows NT 6.1; WOW64; Trident/7.0; MANM; rv:11.0) like Gecko"
161.97.137.93 - - [05/Apr/2026:16:03:47 +0200] "POST /wp-cron.php?doing_wp_cron=1775397827.4379620552062988281250 HTTP/1.1" 404 15714 "https://kefche.kolaji.net/wp-cron.php?doing_wp_cron=1775397827.4379620552062988281250" "WordPress/4.9.26; https://kefche.kolaji.net"
50.6.229.148 - - [05/Apr/2026:16:03:48 +0200] "GET /wp-login.php HTTP/1.1" 200 1064 "-" "Mozilla/5.0 (Macintosh; Intel Mac OS X 10_13_3) AppleWebKit/537.36 (KHTML, like Gecko) Chrome/65.0.3325.146 Safari/537.36"
50.6.229.148 - - [05/Apr/2026:16:03:50 +0200] "POST /wp-login.php HTTP/1.1" 200 1420 "https://kefche.kolaji.net/wp-login.php" "Mozilla/5.0 (Macintosh; Intel Mac OS X 10_13_3) AppleWebKit/537.36 (KHTML, like Gecko) Chrome/65.0.3325.146 Safari/537.36"
179.191.78.222 - - [05/Apr/2026:16:04:43 +0200] "GET /wp-login.php HTTP/1.1" 200 1064 "-" "Mozilla/5.0 (Windows NT 10.0; Win64; x64) AppleWebKit/537.36 (KHTML, like Gecko) Chrome/66.0.3359.181 Safari/537.36"
179.191.78.222 - - [05/Apr/2026:16:04:44 +0200] "POST /wp-login.php HTTP/1.1" 200 1420 "https://kefche.kolaji.net/wp-login.php" "Mozilla/5.0 (Windows NT 10.0; Win64; x64) AppleWebKit/537.36 (KHTML, like Gecko) Chrome/66.0.3359.181 Safari/537.36"
161.97.137.93 - - [05/Apr/2026:16:05:00 +0200] "POST /wp-cron.php?doing_wp_cron=1775397900.1396911144256591796875 HTTP/1.1" 404 15839 "https://kefche.kolaji.net/wp-cron.php?doing_wp_cron=1775397900.1396911144256591796875" "WordPress/4.9.26; https://kefche.kolaji.net"
88.198.64.173 - - [05/Apr/2026:16:05:00 +0200] "GET /wp-login.php HTTP/1.1" 200 1064 "-" "Mozilla/5.0 (X11; CrOS armv7l 10323.67.0) AppleWebKit/537.36 (KHTML, like Gecko) Chrome/65.0.3325.209 Safari/537.36"
88.198.64.173 - - [05/Apr/2026:16:05:01 +0200] "POST /wp-login.php HTTP/1.1" 200 1420 "https://kefche.kolaji.net/wp-login.php" "Mozilla/5.0 (X11; CrOS armv7l 10323.67.0) AppleWebKit/537.36 (KHTML, like Gecko) Chrome/65.0.3325.209 Safari/537.36"
141.98.11.117 - - [05/Apr/2026:16:05:23 +0200] "GET /wp-login.php HTTP/1.1" 200 1064 "-" "Mozilla/5.0 (Windows NT 6.3; ARM; Trident/7.0; Touch; rv:11.0) like Gecko"
141.98.11.117 - - [05/Apr/2026:16:05:23 +0200] "POST /wp-login.php HTTP/1.1" 200 1420 "https://kefche.kolaji.net/wp-login.php" "Mozilla/5.0 (Windows NT 6.3; ARM; Trident/7.0; Touch; rv:11.0) like Gecko"
213.32.30.70 - - [05/Apr/2026:16:05:34 +0200] "GET /wp-login.php HTTP/1.1" 200 1064 "-" "Mozilla/5.0 (Macintosh; Intel Mac OS X 10_13_4) AppleWebKit/537.36 (KHTML, like Gecko) Chrome/66.0.3359.139 Safari/537.36"
213.32.30.70 - - [05/Apr/2026:16:05:34 +0200] "POST /wp-login.php HTTP/1.1" 200 1420 "https://kefche.kolaji.net/wp-login.php" "Mozilla/5.0 (Macintosh; Intel Mac OS X 10_13_4) AppleWebKit/537.36 (KHTML, like Gecko) Chrome/66.0.3359.139 Safari/537.36"
161.97.137.93 - - [05/Apr/2026:16:06:00 +0200] "POST /wp-cron.php?doing_wp_cron=1775397960.4079720973968505859375 HTTP/1.1" 404 16189 "https://kefche.kolaji.net/wp-cron.php?doing_wp_cron=1775397960.4079720973968505859375" "WordPress/4.9.26; https://kefche.kolaji.net"
41.76.215.184 - - [05/Apr/2026:16:06:00 +0200] "GET /wp-login.php HTTP/1.1" 200 1064 "-" "Mozilla/5.0 (Windows NT 10.0; rv:60.0) Gecko/20100101 Firefox/60.0"
41.76.215.184 - - [05/Apr/2026:16:06:02 +0200] "POST /wp-login.php HTTP/1.1" 502 150 "https://kefche.kolaji.net/wp-login.php" "Mozilla/5.0 (Windows NT 10.0; rv:60.0) Gecko/20100101 Firefox/60.0"
79.124.76.218 - - [05/Apr/2026:16:06:26 +0200] "GET /wp-login.php HTTP/1.1" 200 1064 "-" "Mozilla/4.0 (compatible; MSIE 7.0; Windows NT 6.1; Win64; x64; Trident/7.0; .NET CLR 2.0.50727; SLCC2; .NET4.0C; .NET4.0E; .NET CLR 3.5.30729; .NET CLR 3.0.30729)"
79.124.76.218 - - [05/Apr/2026:16:06:27 +0200] "POST /wp-login.php HTTP/1.1" 200 1420 "https://kefche.kolaji.net/wp-login.php" "Mozilla/4.0 (compatible; MSIE 7.0; Windows NT 6.1; Win64; x64; Trident/7.0; .NET CLR 2.0.50727; SLCC2; .NET4.0C; .NET4.0E; .NET CLR 3.5.30729; .NET CLR 3.0.30729)"
161.97.137.93 - - [05/Apr/2026:16:07:04 +0200] "POST /wp-cron.php?doing_wp_cron=1775398023.9709448814392089843750 HTTP/1.1" 404 15722 "https://kefche.kolaji.net/wp-cron.php?doing_wp_cron=1775398023.9709448814392089843750" "WordPress/4.9.26; https://kefche.kolaji.net"
216.137.185.158 - - [05/Apr/2026:16:07:04 +0200] "GET /wp-login.php HTTP/1.1" 200 1064 "-" "Mozilla/5.0 (Macintosh; Intel Mac OS X 10_13_3) AppleWebKit/537.36 (KHTML, like Gecko) Chrome/65.0.3325.146 Safari/537.36"
216.137.185.158 - - [05/Apr/2026:16:07:05 +0200] "POST /wp-login.php HTTP/1.1" 200 1445 "https://kefche.kolaji.net/wp-login.php" "Mozilla/5.0 (Macintosh; Intel Mac OS X 10_13_3) AppleWebKit/537.36 (KHTML, like Gecko) Chrome/65.0.3325.146 Safari/537.36"
116.118.2.113 - - [05/Apr/2026:16:07:15 +0200] "GET /wp-login.php HTTP/1.1" 200 1064 "-" "Mozilla/5.0 (Windows NT 10.0; Win64; x64) AppleWebKit/537.36 (KHTML, like Gecko) Chrome/64.0.3282.140 Safari/537.36 OPR/51.0.2830.34"
116.118.2.113 - - [05/Apr/2026:16:07:16 +0200] "POST /wp-login.php HTTP/1.1" 200 1420 "https://kefche.kolaji.net/wp-login.php" "Mozilla/5.0 (Windows NT 10.0; Win64; x64) AppleWebKit/537.36 (KHTML, like Gecko) Chrome/64.0.3282.140 Safari/537.36 OPR/51.0.2830.34"
194.238.31.215 - - [05/Apr/2026:16:07:41 +0200] "GET /wp-login.php HTTP/1.1" 200 1064 "-" "Mozilla/4.0 (compatible; MSIE 7.0; Windows NT 10.0; WOW64; Trident/7.0; .NET4.0C; .NET4.0E; .NET CLR 2.0.50727; .NET CLR 3.0.30729; .NET CLR 3.5.30729; McAfee)"
194.238.31.215 - - [05/Apr/2026:16:07:51 +0200] "POST /wp-login.php HTTP/1.1" 200 1420 "https://kefche.kolaji.net/wp-login.php" "Mozilla/4.0 (compatible; MSIE 7.0; Windows NT 10.0; WOW64; Trident/7.0; .NET4.0C; .NET4.0E; .NET CLR 2.0.50727; .NET CLR 3.0.30729; .NET CLR 3.5.30729; McAfee)"
78.129.140.139 - - [05/Apr/2026:16:07:56 +0200] "GET /wp-login.php HTTP/1.1" 200 1064 "-" "Mozilla/5.0 (Macintosh; Intel Mac OS X 10_13_1) AppleWebKit/537.36 (KHTML, like Gecko) Chrome/65.0.3325.162 Safari/537.36"
161.97.137.93 - - [05/Apr/2026:16:09:20 +0200] "POST /wp-cron.php?doing_wp_cron=1775398160.3208539485931396484375 HTTP/1.1" 404 15940 "https://kefche.kolaji.net/wp-cron.php?doing_wp_cron=1775398160.3208539485931396484375" "WordPress/4.9.26; https://kefche.kolaji.net"
50.6.7.129 - - [05/Apr/2026:16:09:20 +0200] "GET /wp-login.php HTTP/1.1" 200 1064 "-" "Mozilla/5.0 (Macintosh; Intel Mac OS X 10.9; rv:60.0) Gecko/20100101 Firefox/60.0"
50.6.7.129 - - [05/Apr/2026:16:09:22 +0200] "POST /wp-login.php HTTP/1.1" 200 1420 "https://kefche.kolaji.net/wp-login.php" "Mozilla/5.0 (Macintosh; Intel Mac OS X 10.9; rv:60.0) Gecko/20100101 Firefox/60.0"
161.97.137.93 - - [05/Apr/2026:16:10:34 +0200] "POST /wp-cron.php?doing_wp_cron=1775398234.3025660514831542968750 HTTP/1.1" 404 16089 "https://kefche.kolaji.net/wp-cron.php?doing_wp_cron=1775398234.3025660514831542968750" "WordPress/4.9.26; https://kefche.kolaji.net"
69.167.171.193 - - [05/Apr/2026:16:10:34 +0200] "GET /wp-login.php HTTP/1.1" 200 1064 "-" "Mozilla/5.0 (Windows NT 6.3; Win64; x64; rv:61.0) Gecko/20100101 Firefox/61.0"
69.167.171.193 - - [05/Apr/2026:16:10:35 +0200] "POST /wp-login.php HTTP/1.1" 200 1420 "https://kefche.kolaji.net/wp-login.php" "Mozilla/5.0 (Windows NT 6.3; Win64; x64; rv:61.0) Gecko/20100101 Firefox/61.0"
161.97.137.93 - - [05/Apr/2026:16:12:58 +0200] "POST /wp-cron.php?doing_wp_cron=1775398377.2719099521636962890625 HTTP/1.1" 404 16072 "https://kefche.kolaji.net/wp-cron.php?doing_wp_cron=1775398377.2719099521636962890625" "WordPress/4.9.26; https://kefche.kolaji.net"
103.82.21.169 - - [05/Apr/2026:16:12:58 +0200] "GET /wp-login.php HTTP/1.1" 200 1064 "-" "Mozilla/5.0 (Windows NT 6.1) AppleWebKit/537.36 (KHTML, like Gecko) Chrome/65.0.3325.181 Safari/537.36"
103.82.21.169 - - [05/Apr/2026:16:12:58 +0200] "POST /wp-login.php HTTP/1.1" 200 1420 "https://kefche.kolaji.net/wp-login.php" "Mozilla/5.0 (Windows NT 6.1) AppleWebKit/537.36 (KHTML, like Gecko) Chrome/65.0.3325.181 Safari/537.36"
163.47.203.81 - - [05/Apr/2026:16:13:22 +0200] "GET /wp-login.php HTTP/1.1" 200 1064 "-" "Mozilla/5.0 (Windows NT 6.1; WOW64; Trident/7.0; EIE10;ENUSMCM; rv:11.0) like Gecko"
163.47.203.81 - - [05/Apr/2026:16:13:23 +0200] "POST /wp-login.php HTTP/1.1" 200 1420 "https://kefche.kolaji.net/wp-login.php" "Mozilla/5.0 (Windows NT 6.1; WOW64; Trident/7.0; EIE10;ENUSMCM; rv:11.0) like Gecko"
161.97.137.93 - - [05/Apr/2026:16:14:24 +0200] "POST /wp-cron.php?doing_wp_cron=1775398463.4351310729980468750000 HTTP/1.1" 404 16034 "https://kefche.kolaji.net/wp-cron.php?doing_wp_cron=1775398463.4351310729980468750000" "WordPress/4.9.26; https://kefche.kolaji.net"
69.167.171.193 - - [05/Apr/2026:16:14:24 +0200] "GET /wp-login.php HTTP/1.1" 200 1064 "-" "Mozilla/5.0 (Windows NT 6.1; WOW64; Trident/7.0; EIE10;ENUSMSN; rv:11.0) like Gecko"
69.167.171.193 - - [05/Apr/2026:16:14:24 +0200] "POST /wp-login.php HTTP/1.1" 200 1420 "https://kefche.kolaji.net/wp-login.php" "Mozilla/5.0 (Windows NT 6.1; WOW64; Trident/7.0; EIE10;ENUSMSN; rv:11.0) like Gecko"
103.216.117.42 - - [05/Apr/2026:16:15:02 +0200] "GET /wp-login.php HTTP/1.1" 502 552 "-" "Mozilla/5.0 (Macintosh; Intel Mac OS X 10_12_6) AppleWebKit/537.36 (KHTML, like Gecko) Chrome/65.0.3325.181 Safari/537.36"
103.216.117.42 - - [05/Apr/2026:16:15:03 +0200] "POST /wp-login.php HTTP/1.1" 502 552 "https://kefche.kolaji.net/wp-login.php" "Mozilla/5.0 (Macintosh; Intel Mac OS X 10_12_6) AppleWebKit/537.36 (KHTML, like Gecko) Chrome/65.0.3325.181 Safari/537.36"
3.99.24.75 - - [05/Apr/2026:16:15:05 +0200] "GET /wp-login.php HTTP/1.1" 200 1064 "-" "Mozilla/4.0 (compatible; MSIE 7.0; Windows NT 6.3; WOW64; Trident/7.0; Touch; .NET4.0E; .NET4.0C; Tablet PC 2.0; .NET CLR 3.5.30729; .NET CLR 2.0.50727; .NET CLR 3.0.30729)"
3.99.24.75 - - [05/Apr/2026:16:15:06 +0200] "POST /wp-login.php HTTP/1.1" 200 1420 "https://kefche.kolaji.net/wp-login.php" "Mozilla/4.0 (compatible; MSIE 7.0; Windows NT 6.3; WOW64; Trident/7.0; Touch; .NET4.0E; .NET4.0C; Tablet PC 2.0; .NET CLR 3.5.30729; .NET CLR 2.0.50727; .NET CLR 3.0.30729)"
161.97.137.93 - - [05/Apr/2026:16:15:25 +0200] "POST /wp-cron.php?doing_wp_cron=1775398524.7967169284820556640625 HTTP/1.1" 404 15652 "https://kefche.kolaji.net/wp-cron.php?doing_wp_cron=1775398524.7967169284820556640625" "WordPress/4.9.26; https://kefche.kolaji.net"
46.224.99.107 - - [05/Apr/2026:16:15:25 +0200] "GET /wp-login.php HTTP/1.1" 200 1064 "-" "Mozilla/5.0 (Macintosh; Intel Mac OS X 10_12_6) AppleWebKit/537.36 (KHTML, like Gecko) Chrome/66.0.3359.117 Safari/537.36"
46.224.99.107 - - [05/Apr/2026:16:15:25 +0200] "POST /wp-login.php HTTP/1.1" 200 1420 "https://kefche.kolaji.net/wp-login.php" "Mozilla/5.0 (Macintosh; Intel Mac OS X 10_12_6) AppleWebKit/537.36 (KHTML, like Gecko) Chrome/66.0.3359.117 Safari/537.36"
141.98.11.117 - - [05/Apr/2026:16:16:05 +0200] "GET /wp-login.php HTTP/1.1" 200 1064 "-" "Mozilla/5.0 (Macintosh; Intel Mac OS X 10_11_6) AppleWebKit/537.36 (KHTML, like Gecko) Chrome/67.0.3396.79 Safari/537.36"
141.98.11.117 - - [05/Apr/2026:16:16:06 +0200] "POST /wp-login.php HTTP/1.1" 200 1420 "https://kefche.kolaji.net/wp-login.php" "Mozilla/5.0 (Macintosh; Intel Mac OS X 10_11_6) AppleWebKit/537.36 (KHTML, like Gecko) Chrome/67.0.3396.79 Safari/537.36"
161.97.137.93 - - [05/Apr/2026:16:16:41 +0200] "POST /wp-cron.php?doing_wp_cron=1775398600.7697000503540039062500 HTTP/1.1" 404 16065 "https://kefche.kolaji.net/wp-cron.php?doing_wp_cron=1775398600.7697000503540039062500" "WordPress/4.9.26; https://kefche.kolaji.net"
145.239.69.153 - - [05/Apr/2026:16:16:41 +0200] "GET /robots.txt HTTP/1.1" 200 78 "-" "Mozilla/5.0 (compatible; MJ12bot/v1.4.8; http://mj12bot.com/)"
145.239.69.153 - - [05/Apr/2026:16:16:43 +0200] "GET /%D0%BA%D0%BE%D0%BC%D0%B8%D1%86%D0%B8%D1%82%D0%B5-%D1%81%D0%BC%D1%8F%D1%85/feed/ HTTP/1.1" 200 488 "-" "Mozilla/5.0 (compatible; MJ12bot/v1.4.8; http://mj12bot.com/)"
145.239.69.153 - - [05/Apr/2026:16:16:46 +0200] "GET /category/%D0%BA%D0%B5%D1%84-%D1%82%D0%B8-%D1%82%D1%83%D0%BA/ HTTP/1.1" 200 17047 "-" "Mozilla/5.0 (compatible; MJ12bot/v1.4.8; http://mj12bot.com/)"
145.239.69.153 - - [05/Apr/2026:16:16:48 +0200] "GET /tag/%D0%BA%D0%B0%D1%80%D1%82%D0%B8%D0%BD%D0%BA%D0%B8-%D1%81-%D0%BD%D0%B0%D0%B4%D0%BF%D0%B8%D1%81/page/5/ HTTP/1.1" 200 22812 "-" "Mozilla/5.0 (compatible; MJ12bot/v1.4.8; http://mj12bot.com/)"
145.239.69.153 - - [05/Apr/2026:16:16:51 +0200] "GET /tag/%D0%BA%D0%B5%D1%84-%D1%82%D0%B8-%D0%BA%D0%B0%D1%80%D1%82%D0%B8%D0%BD%D0%BA%D0%B8/page/3/ HTTP/1.1" 200 22674 "-" "Mozilla/5.0 (compatible; MJ12bot/v1.4.8; http://mj12bot.com/)"
145.239.69.153 - - [05/Apr/2026:16:16:54 +0200] "GET /tag/%D0%BA%D0%B5%D1%84-%D1%82%D0%B8-%D0%BA%D0%B0%D1%80%D1%82%D0%B8%D0%BD%D0%BA%D0%B8/page/4/ HTTP/1.1" 200 22615 "-" "Mozilla/5.0 (compatible; MJ12bot/v1.4.8; http://mj12bot.com/)"
145.239.69.153 - - [05/Apr/2026:16:16:56 +0200] "GET /tag/%D0%BA%D0%B5%D1%84-%D1%82%D0%B8-%D0%BA%D0%B0%D1%80%D1%82%D0%B8%D0%BD%D0%BA%D0%B8/page/5/ HTTP/1.1" 200 21772 "-" "Mozilla/5.0 (compatible; MJ12bot/v1.4.8; http://mj12bot.com/)"
145.239.69.153 - - [05/Apr/2026:16:16:59 +0200] "GET /tag/%D0%BA%D0%B5%D1%84-%D1%82%D0%B8-%D0%BA%D0%B0%D1%80%D1%82%D0%B8%D0%BD%D0%BA%D0%B8/page/6/ HTTP/1.1" 200 21562 "-" "Mozilla/5.0 (compatible; MJ12bot/v1.4.8; http://mj12bot.com/)"
145.239.69.153 - - [05/Apr/2026:16:17:02 +0200] "GET /tag/%D0%BA%D0%B5%D1%84-%D1%82%D0%B8-%D0%BA%D0%B0%D1%80%D1%82%D0%B8%D0%BD%D0%BA%D0%B8/page/7/ HTTP/1.1" 502 150 "-" "Mozilla/5.0 (compatible; MJ12bot/v1.4.8; http://mj12bot.com/)"
145.239.69.153 - - [05/Apr/2026:16:17:05 +0200] "GET /tag/%D0%BA%D0%B5%D1%84-%D1%82%D0%B8-%D1%81%D0%BD%D0%B8%D0%BC%D0%BA%D0%B8/feed/ HTTP/1.1" 200 7583 "-" "Mozilla/5.0 (compatible; MJ12bot/v1.4.8; http://mj12bot.com/)"
212.89.15.132 - - [05/Apr/2026:16:17:07 +0200] "GET /wp-login.php HTTP/1.1" 200 1064 "-" "Mozilla/5.0 (Windows NT 6.1; WOW64) AppleWebKit/537.36 (KHTML, like Gecko) Chrome/65.0.3325.146 Safari/537.36"
145.239.69.153 - - [05/Apr/2026:16:17:08 +0200] "GET /tag/%D0%BA%D0%B5%D1%84-%D1%82%D0%B8-%D1%81%D0%BD%D0%B8%D0%BC%D0%BA%D0%B8/page/2/ HTTP/1.1" 200 21798 "-" "Mozilla/5.0 (compatible; MJ12bot/v1.4.8; http://mj12bot.com/)"
212.89.15.132 - - [05/Apr/2026:16:17:08 +0200] "POST /wp-login.php HTTP/1.1" 200 1420 "https://kefche.kolaji.net/wp-login.php" "Mozilla/5.0 (Windows NT 6.1; WOW64) AppleWebKit/537.36 (KHTML, like Gecko) Chrome/65.0.3325.146 Safari/537.36"
145.239.69.153 - - [05/Apr/2026:16:17:10 +0200] "GET /tag/%D0%BA%D0%B5%D1%84-%D1%82%D0%B8-%D1%81%D0%BD%D0%B8%D0%BC%D0%BA%D0%B8/page/3/ HTTP/1.1" 200 22665 "-" "Mozilla/5.0 (compatible; MJ12bot/v1.4.8; http://mj12bot.com/)"
145.239.69.153 - - [05/Apr/2026:16:17:12 +0200] "GET /tag/%D0%BA%D0%B5%D1%84-%D1%82%D0%B8-%D1%81%D0%BD%D0%B8%D0%BC%D0%BA%D0%B8/page/4/ HTTP/1.1" 200 22871 "-" "Mozilla/5.0 (compatible; MJ12bot/v1.4.8; http://mj12bot.com/)"
145.239.69.153 - - [05/Apr/2026:16:17:16 +0200] "GET /tag/%D0%BA%D0%B5%D1%84-%D1%82%D0%B8-%D1%81%D0%BD%D0%B8%D0%BC%D0%BA%D0%B8/page/5/ HTTP/1.1" 200 22149 "-" "Mozilla/5.0 (compatible; MJ12bot/v1.4.8; http://mj12bot.com/)"
145.239.69.153 - - [05/Apr/2026:16:17:18 +0200] "GET /tag/%D0%BA%D0%B5%D1%84-%D1%82%D0%B8-%D1%81%D0%BD%D0%B8%D0%BC%D0%BA%D0%B8/page/6/ HTTP/1.1" 200 21085 "-" "Mozilla/5.0 (compatible; MJ12bot/v1.4.8; http://mj12bot.com/)"
50.6.231.18 - - [05/Apr/2026:16:17:21 +0200] "GET /wp-login.php HTTP/1.1" 200 1064 "-" "Mozilla/5.0 (Windows NT 10.0; WOW64) AppleWebKit/537.36 (KHTML, like Gecko) Chrome/63.0.3239.132 Safari/537.36 OPR/50.0.2762.67"
145.239.69.153 - - [05/Apr/2026:16:17:21 +0200] "GET /tag/%D0%BA%D0%B5%D1%84-%D1%82%D0%B8-%D1%81%D0%BD%D0%B8%D0%BC%D0%BA%D0%B8/page/7/ HTTP/1.1" 200 20658 "-" "Mozilla/5.0 (compatible; MJ12bot/v1.4.8; http://mj12bot.com/)"
50.6.231.18 - - [05/Apr/2026:16:17:21 +0200] "POST /wp-login.php HTTP/1.1" 200 1420 "https://kefche.kolaji.net/wp-login.php" "Mozilla/5.0 (Windows NT 10.0; WOW64) AppleWebKit/537.36 (KHTML, like Gecko) Chrome/63.0.3239.132 Safari/537.36 OPR/50.0.2762.67"
145.239.69.153 - - [05/Apr/2026:16:17:24 +0200] "GET /tag/%D0%BA%D0%B5%D1%84-%D1%82%D0%B8-%D1%81%D0%BD%D0%B8%D0%BC%D0%BA%D0%B8/page/8/ HTTP/1.1" 200 20568 "-" "Mozilla/5.0 (compatible; MJ12bot/v1.4.8; http://mj12bot.com/)"
145.239.69.153 - - [05/Apr/2026:16:17:26 +0200] "GET /tag/%D1%80%D0%B8%D1%81%D1%83%D0%B2%D0%B0%D0%BD%D0%B8-%D0%BA%D0%B0%D1%80%D1%82%D0%B8%D0%BD%D0%BA%D0%B8/ HTTP/1.1" 200 22213 "-" "Mozilla/5.0 (compatible; MJ12bot/v1.4.8; http://mj12bot.com/)"
145.239.69.153 - - [05/Apr/2026:16:17:29 +0200] "GET /tag/%D1%80%D0%B8%D1%81%D1%83%D0%B2%D0%B0%D0%BD%D0%B8-%D0%BA%D0%B0%D1%80%D1%82%D0%B8%D0%BD%D0%BA%D0%B8/feed/ HTTP/1.1" 200 6202 "-" "Mozilla/5.0 (compatible; MJ12bot/v1.4.8; http://mj12bot.com/)"
145.239.69.153 - - [05/Apr/2026:16:17:31 +0200] "GET /tag/%D1%80%D0%B8%D1%81%D1%83%D0%B2%D0%B0%D0%BD%D0%B8-%D0%BA%D0%B0%D1%80%D1%82%D0%B8%D0%BD%D0%BA%D0%B8/page/2/ HTTP/1.1" 200 23002 "-" "Mozilla/5.0 (compatible; MJ12bot/v1.4.8; http://mj12bot.com/)"
145.239.69.153 - - [05/Apr/2026:16:17:34 +0200] "GET /tag/%D1%80%D0%B8%D1%81%D1%83%D0%B2%D0%B0%D0%BD%D0%B8-%D0%BA%D0%B0%D1%80%D1%82%D0%B8%D0%BD%D0%BA%D0%B8/page/3/ HTTP/1.1" 200 22731 "-" "Mozilla/5.0 (compatible; MJ12bot/v1.4.8; http://mj12bot.com/)"
145.239.69.153 - - [05/Apr/2026:16:17:37 +0200] "GET /tag/%D1%80%D0%B8%D1%81%D1%83%D0%B2%D0%B0%D0%BD%D0%B8-%D0%BA%D0%B0%D1%80%D1%82%D0%B8%D0%BD%D0%BA%D0%B8/page/4/ HTTP/1.1" 200 22492 "-" "Mozilla/5.0 (compatible; MJ12bot/v1.4.8; http://mj12bot.com/)"
145.239.69.153 - - [05/Apr/2026:16:17:40 +0200] "GET /tag/%D1%80%D0%B8%D1%81%D1%83%D0%B2%D0%B0%D0%BD%D0%B8-%D0%BA%D0%B0%D1%80%D1%82%D0%B8%D0%BD%D0%BA%D0%B8/page/5/ HTTP/1.1" 200 21551 "-" "Mozilla/5.0 (compatible; MJ12bot/v1.4.8; http://mj12bot.com/)"
161.97.137.93 - - [05/Apr/2026:16:17:43 +0200] "POST /wp-cron.php?doing_wp_cron=1775398662.6066570281982421875000 HTTP/1.1" 404 15650 "https://kefche.kolaji.net/wp-cron.php?doing_wp_cron=1775398662.6066570281982421875000" "WordPress/4.9.26; https://kefche.kolaji.net"
145.239.69.153 - - [05/Apr/2026:16:17:43 +0200] "GET /tag/%D1%80%D0%B8%D1%81%D1%83%D0%B2%D0%B0%D0%BD%D0%B8-%D0%BA%D0%B0%D1%80%D1%82%D0%B8%D0%BD%D0%BA%D0%B8/page/6/ HTTP/1.1" 200 21352 "-" "Mozilla/5.0 (compatible; MJ12bot/v1.4.8; http://mj12bot.com/)"
145.239.69.153 - - [05/Apr/2026:16:17:46 +0200] "GET /tag/%D1%80%D0%B8%D1%81%D1%83%D0%B2%D0%B0%D0%BD%D0%B8-%D0%BA%D0%B0%D1%80%D1%82%D0%B8%D0%BD%D0%BA%D0%B8/page/7/ HTTP/1.1" 200 20610 "-" "Mozilla/5.0 (compatible; MJ12bot/v1.4.8; http://mj12bot.com/)"
145.239.69.153 - - [05/Apr/2026:16:17:48 +0200] "GET /tag/%D1%80%D0%B8%D1%81%D1%83%D0%B2%D0%B0%D0%BD%D0%B8-%D0%BA%D0%B0%D1%80%D1%82%D0%B8%D0%BD%D0%BA%D0%B8/page/8/ HTTP/1.1" 200 20182 "-" "Mozilla/5.0 (compatible; MJ12bot/v1.4.8; http://mj12bot.com/)"
145.239.69.153 - - [05/Apr/2026:16:17:51 +0200] "GET /tag/%D1%81%D0%BC%D0%B5%D1%88%D0%BD%D0%B8-%D0%BA%D0%B0%D1%80%D1%82%D0%B8%D0%BD%D0%BA%D0%B8/ HTTP/1.1" 200 21785 "-" "Mozilla/5.0 (compatible; MJ12bot/v1.4.8; http://mj12bot.com/)"
145.239.69.153 - - [05/Apr/2026:16:17:53 +0200] "GET /tag/%D1%81%D0%BC%D0%B5%D1%88%D0%BD%D0%B8-%D0%BA%D0%B0%D1%80%D1%82%D0%B8%D0%BD%D0%BA%D0%B8/feed/ HTTP/1.1" 200 5881 "-" "Mozilla/5.0 (compatible; MJ12bot/v1.4.8; http://mj12bot.com/)"
145.239.69.153 - - [05/Apr/2026:16:17:56 +0200] "GET /tag/%D1%81%D0%BC%D0%B5%D1%88%D0%BD%D0%B8-%D0%BA%D0%B0%D1%80%D1%82%D0%B8%D0%BD%D0%BA%D0%B8/page/10/ HTTP/1.1" 200 17422 "-" "Mozilla/5.0 (compatible; MJ12bot/v1.4.8; http://mj12bot.com/)"
145.239.69.153 - - [05/Apr/2026:16:17:58 +0200] "GET /tag/%D1%81%D0%BC%D0%B5%D1%88%D0%BD%D0%B8-%D0%BA%D0%B0%D1%80%D1%82%D0%B8%D0%BD%D0%BA%D0%B8/page/2/ HTTP/1.1" 200 22569 "-" "Mozilla/5.0 (compatible; MJ12bot/v1.4.8; http://mj12bot.com/)"
145.239.69.153 - - [05/Apr/2026:16:18:02 +0200] "GET /tag/%D1%81%D0%BC%D0%B5%D1%88%D0%BD%D0%B8-%D0%BA%D0%B0%D1%80%D1%82%D0%B8%D0%BD%D0%BA%D0%B8/page/3/ HTTP/1.1" 200 17165 "-" "Mozilla/5.0 (compatible; MJ12bot/v1.4.8; http://mj12bot.com/)"
145.239.69.153 - - [05/Apr/2026:16:18:04 +0200] "GET /tag/%D1%81%D0%BC%D0%B5%D1%88%D0%BD%D0%B8-%D0%BA%D0%B0%D1%80%D1%82%D0%B8%D0%BD%D0%BA%D0%B8/page/5/ HTTP/1.1" 200 22850 "-" "Mozilla/5.0 (compatible; MJ12bot/v1.4.8; http://mj12bot.com/)"
145.239.69.153 - - [05/Apr/2026:16:18:07 +0200] "GET /tag/%D1%81%D0%BC%D0%B5%D1%88%D0%BD%D0%B8-%D0%BA%D0%B0%D1%80%D1%82%D0%B8%D0%BD%D0%BA%D0%B8/page/6/ HTTP/1.1" 200 21773 "-" "Mozilla/5.0 (compatible; MJ12bot/v1.4.8; http://mj12bot.com/)"
145.239.69.153 - - [05/Apr/2026:16:18:10 +0200] "GET /tag/%D1%81%D0%BC%D0%B5%D1%88%D0%BD%D0%B8-%D0%BA%D0%B0%D1%80%D1%82%D0%B8%D0%BD%D0%BA%D0%B8/page/8/ HTTP/1.1" 200 20652 "-" "Mozilla/5.0 (compatible; MJ12bot/v1.4.8; http://mj12bot.com/)"
145.239.69.153 - - [05/Apr/2026:16:18:12 +0200] "GET /tag/%D1%81%D0%BC%D0%B5%D1%88%D0%BD%D0%B8-%D0%BA%D0%B0%D1%80%D1%82%D0%B8%D0%BD%D0%BA%D0%B8/page/9/ HTTP/1.1" 200 21211 "-" "Mozilla/5.0 (compatible; MJ12bot/v1.4.8; http://mj12bot.com/)"
145.239.69.153 - - [05/Apr/2026:16:18:15 +0200] "GET /tag/%D1%81%D0%BC%D0%B5%D1%88%D0%BD%D0%B8-%D1%81%D0%BD%D0%B8%D0%BC%D0%BA%D0%B8/ HTTP/1.1" 200 22218 "-" "Mozilla/5.0 (compatible; MJ12bot/v1.4.8; http://mj12bot.com/)"
145.239.69.153 - - [05/Apr/2026:16:18:17 +0200] "GET /tag/%D1%81%D0%BC%D0%B5%D1%88%D0%BD%D0%B8-%D1%81%D0%BD%D0%B8%D0%BC%D0%BA%D0%B8/feed/ HTTP/1.1" 200 5877 "-" "Mozilla/5.0 (compatible; MJ12bot/v1.4.8; http://mj12bot.com/)"
145.239.69.153 - - [05/Apr/2026:16:18:19 +0200] "GET /tag/%D1%81%D0%BC%D0%B5%D1%88%D0%BD%D0%B8-%D1%81%D0%BD%D0%B8%D0%BC%D0%BA%D0%B8/page/10/ HTTP/1.1" 200 17421 "-" "Mozilla/5.0 (compatible; MJ12bot/v1.4.8; http://mj12bot.com/)"
15.161.25.29 - - [05/Apr/2026:16:18:21 +0200] "GET /wp-login.php HTTP/1.1" 200 1064 "-" "Mozilla/5.0 (IE 11.0; Windows NT 6.3; Trident/7.0; .NET4.0E; .NET4.0C; rv:11.0) like Gecko"
15.161.25.29 - - [05/Apr/2026:16:18:21 +0200] "POST /wp-login.php HTTP/1.1" 200 1420 "https://kefche.kolaji.net/wp-login.php" "Mozilla/5.0 (IE 11.0; Windows NT 6.3; Trident/7.0; .NET4.0E; .NET4.0C; rv:11.0) like Gecko"
145.239.69.153 - - [05/Apr/2026:16:18:22 +0200] "GET /tag/%D1%81%D0%BC%D0%B5%D1%88%D0%BD%D0%B8-%D1%81%D0%BD%D0%B8%D0%BC%D0%BA%D0%B8/page/2/ HTTP/1.1" 200 22762 "-" "Mozilla/5.0 (compatible; MJ12bot/v1.4.8; http://mj12bot.com/)"
145.239.69.153 - - [05/Apr/2026:16:18:24 +0200] "GET /tag/%D1%81%D0%BC%D0%B5%D1%88%D0%BD%D0%B8-%D1%81%D0%BD%D0%B8%D0%BC%D0%BA%D0%B8/page/3/ HTTP/1.1" 200 22629 "-" "Mozilla/5.0 (compatible; MJ12bot/v1.4.8; http://mj12bot.com/)"
145.239.69.153 - - [05/Apr/2026:16:18:27 +0200] "GET /tag/%D1%81%D0%BC%D0%B5%D1%88%D0%BD%D0%B8-%D1%81%D0%BD%D0%B8%D0%BC%D0%BA%D0%B8/page/4/ HTTP/1.1" 200 22663 "-" "Mozilla/5.0 (compatible; MJ12bot/v1.4.8; http://mj12bot.com/)"
145.239.69.153 - - [05/Apr/2026:16:18:29 +0200] "GET /tag/%D1%81%D0%BC%D0%B5%D1%88%D0%BD%D0%B8-%D1%81%D0%BD%D0%B8%D0%BC%D0%BA%D0%B8/page/6/ HTTP/1.1" 200 21723 "-" "Mozilla/5.0 (compatible; MJ12bot/v1.4.8; http://mj12bot.com/)"
145.239.69.153 - - [05/Apr/2026:16:18:31 +0200] "GET /tag/%D1%81%D0%BC%D0%B5%D1%88%D0%BD%D0%B8-%D1%81%D0%BD%D0%B8%D0%BC%D0%BA%D0%B8/page/7/ HTTP/1.1" 200 21374 "-" "Mozilla/5.0 (compatible; MJ12bot/v1.4.8; http://mj12bot.com/)"
145.239.69.153 - - [05/Apr/2026:16:18:34 +0200] "GET /tag/%D1%81%D0%BC%D0%B5%D1%88%D0%BD%D0%B8-%D1%81%D0%BD%D0%B8%D0%BC%D0%BA%D0%B8/page/8/ HTTP/1.1" 200 20681 "-" "Mozilla/5.0 (compatible; MJ12bot/v1.4.8; http://mj12bot.com/)"
145.239.69.153 - - [05/Apr/2026:16:18:36 +0200] "GET /tag/%D1%81%D0%BC%D0%B5%D1%88%D0%BD%D0%B8-%D1%81%D0%BD%D0%B8%D0%BC%D0%BA%D0%B8/page/9/ HTTP/1.1" 200 20614 "-" "Mozilla/5.0 (compatible; MJ12bot/v1.4.8; http://mj12bot.com/)"
145.239.69.153 - - [05/Apr/2026:16:18:39 +0200] "GET /tag/%D1%81%D0%BD%D0%B8%D0%BC%D0%BA%D0%B0%D1%82%D0%B0/ HTTP/1.1" 200 22736 "-" "Mozilla/5.0 (compatible; MJ12bot/v1.4.8; http://mj12bot.com/)"
145.239.69.153 - - [05/Apr/2026:16:18:41 +0200] "GET /tag/%D1%81%D0%BD%D0%B8%D0%BC%D0%BA%D0%B0%D1%82%D0%B0/feed/ HTTP/1.1" 200 7061 "-" "Mozilla/5.0 (compatible; MJ12bot/v1.4.8; http://mj12bot.com/)"
161.97.137.93 - - [05/Apr/2026:16:18:44 +0200] "POST /wp-cron.php?doing_wp_cron=1775398723.6131429672241210937500 HTTP/1.1" 404 15739 "https://kefche.kolaji.net/wp-cron.php?doing_wp_cron=1775398723.6131429672241210937500" "WordPress/4.9.26; https://kefche.kolaji.net"
145.239.69.153 - - [05/Apr/2026:16:18:44 +0200] "GET /tag/%D1%81%D0%BD%D0%B8%D0%BC%D0%BA%D0%B0%D1%82%D0%B0/page/2/ HTTP/1.1" 200 22537 "-" "Mozilla/5.0 (compatible; MJ12bot/v1.4.8; http://mj12bot.com/)"
145.239.69.153 - - [05/Apr/2026:16:18:47 +0200] "GET /tag/%D1%81%D0%BD%D0%B8%D0%BC%D0%BA%D0%B0%D1%82%D0%B0/page/4/ HTTP/1.1" 200 22622 "-" "Mozilla/5.0 (compatible; MJ12bot/v1.4.8; http://mj12bot.com/)"
145.239.69.153 - - [05/Apr/2026:16:18:50 +0200] "GET /tag/%D1%81%D0%BD%D0%B8%D0%BC%D0%BA%D0%B0%D1%82%D0%B0/page/5/ HTTP/1.1" 200 21902 "-" "Mozilla/5.0 (compatible; MJ12bot/v1.4.8; http://mj12bot.com/)"
145.239.69.153 - - [05/Apr/2026:16:18:52 +0200] "GET /tag/%D1%81%D0%BD%D0%B8%D0%BC%D0%BA%D0%B0%D1%82%D0%B0/page/6/ HTTP/1.1" 200 21147 "-" "Mozilla/5.0 (compatible; MJ12bot/v1.4.8; http://mj12bot.com/)"
145.239.69.153 - - [05/Apr/2026:16:18:55 +0200] "GET /tag/%D1%81%D0%BD%D0%B8%D0%BC%D0%BA%D0%B0%D1%82%D0%B0/page/7/ HTTP/1.1" 200 20897 "-" "Mozilla/5.0 (compatible; MJ12bot/v1.4.8; http://mj12bot.com/)"
116.203.25.213 - - [05/Apr/2026:16:18:57 +0200] "GET /wp-login.php HTTP/1.1" 200 1064 "-" "Mozilla/4.0 (compatible; MSIE 7.0; Windows NT 6.1; WOW64; Trident/7.0; SLCC2; .NET CLR 2.0.50727; .NET CLR 3.5.30729; .NET CLR 3.0.30729; .NET4.0C; .NET4.0E)"
145.239.69.153 - - [05/Apr/2026:16:18:57 +0200] "GET /tag/%D1%81%D0%BD%D0%B8%D0%BC%D0%BA%D0%B0%D1%82%D0%B0/page/8/ HTTP/1.1" 200 20244 "-" "Mozilla/5.0 (compatible; MJ12bot/v1.4.8; http://mj12bot.com/)"
116.203.25.213 - - [05/Apr/2026:16:18:58 +0200] "POST /wp-login.php HTTP/1.1" 200 1420 "https://kefche.kolaji.net/wp-login.php" "Mozilla/4.0 (compatible; MSIE 7.0; Windows NT 6.1; WOW64; Trident/7.0; SLCC2; .NET CLR 2.0.50727; .NET CLR 3.5.30729; .NET CLR 3.0.30729; .NET4.0C; .NET4.0E)"
145.239.69.153 - - [05/Apr/2026:16:19:00 +0200] "GET /tag/%D1%81%D0%BD%D0%B8%D0%BC%D0%BA%D0%B8-%D1%81%D0%BC%D1%8F%D1%85/ HTTP/1.1" 200 21981 "-" "Mozilla/5.0 (compatible; MJ12bot/v1.4.8; http://mj12bot.com/)"
145.239.69.153 - - [05/Apr/2026:16:19:06 +0200] "GET /tag/%D1%81%D0%BD%D0%B8%D0%BC%D0%BA%D0%B8-%D1%81%D0%BC%D1%8F%D1%85/feed/ HTTP/1.1" 502 150 "-" "Mozilla/5.0 (compatible; MJ12bot/v1.4.8; http://mj12bot.com/)"
145.239.69.153 - - [05/Apr/2026:16:19:08 +0200] "GET /tag/%D1%81%D0%BD%D0%B8%D0%BC%D0%BA%D0%B8-%D1%81%D0%BC%D1%8F%D1%85/page/10/ HTTP/1.1" 200 17753 "-" "Mozilla/5.0 (compatible; MJ12bot/v1.4.8; http://mj12bot.com/)"
145.239.69.153 - - [05/Apr/2026:16:19:10 +0200] "GET /tag/%D1%81%D0%BD%D0%B8%D0%BC%D0%BA%D0%B8-%D1%81%D0%BC%D1%8F%D1%85/page/2/ HTTP/1.1" 200 22749 "-" "Mozilla/5.0 (compatible; MJ12bot/v1.4.8; http://mj12bot.com/)"
66.154.119.233 - - [05/Apr/2026:16:19:11 +0200] "GET /wp-login.php HTTP/1.1" 200 1064 "-" "Mozilla/5.0 (Windows NT 6.1; WOW64; Trident/7.0; FunWebProducts; rv:11.0) like Gecko"
66.154.119.233 - - [05/Apr/2026:16:19:12 +0200] "POST /wp-login.php HTTP/1.1" 200 1420 "https://kefche.kolaji.net/wp-login.php" "Mozilla/5.0 (Windows NT 6.1; WOW64; Trident/7.0; FunWebProducts; rv:11.0) like Gecko"
50.6.231.18 - - [05/Apr/2026:16:19:28 +0200] "GET /wp-login.php HTTP/1.1" 200 1064 "-" "Mozilla/5.0 (Macintosh; Intel Mac OS X 10_13_4) AppleWebKit/537.36 (KHTML, like Gecko) Chrome/66.0.3359.170 Safari/537.36"
50.6.231.18 - - [05/Apr/2026:16:19:29 +0200] "POST /wp-login.php HTTP/1.1" 200 1420 "https://kefche.kolaji.net/wp-login.php" "Mozilla/5.0 (Macintosh; Intel Mac OS X 10_13_4) AppleWebKit/537.36 (KHTML, like Gecko) Chrome/66.0.3359.170 Safari/537.36"
94.46.170.34 - - [05/Apr/2026:16:19:43 +0200] "GET /wp-login.php HTTP/1.1" 200 1064 "-" "Mozilla/5.0 (Windows NT 6.2; Win64; x64; rv:60.0) Gecko/20100101 Firefox/60.0"
94.46.170.34 - - [05/Apr/2026:16:19:43 +0200] "POST /wp-login.php HTTP/1.1" 200 1420 "https://kefche.kolaji.net/wp-login.php" "Mozilla/5.0 (Windows NT 6.2; Win64; x64; rv:60.0) Gecko/20100101 Firefox/60.0"
161.97.137.93 - - [05/Apr/2026:16:20:46 +0200] "POST /wp-cron.php?doing_wp_cron=1775398846.1776349544525146484375 HTTP/1.1" 404 15893 "https://kefche.kolaji.net/wp-cron.php?doing_wp_cron=1775398846.1776349544525146484375" "WordPress/4.9.26; https://kefche.kolaji.net"
45.239.148.226 - - [05/Apr/2026:16:20:46 +0200] "GET /wp-login.php HTTP/1.1" 200 1064 "-" "Mozilla/4.0 (compatible; MSIE 7.0; Windows NT 6.1; WOW64; Trident/7.0; SLCC2; .NET CLR 2.0.50727; .NET CLR 3.5.30729; .NET CLR 3.0.30729; Media Center PC 6.0; .NET4.0C; .NET4.0E; InfoPath.3)"
45.239.148.226 - - [05/Apr/2026:16:20:47 +0200] "POST /wp-login.php HTTP/1.1" 200 1420 "https://kefche.kolaji.net/wp-login.php" "Mozilla/4.0 (compatible; MSIE 7.0; Windows NT 6.1; WOW64; Trident/7.0; SLCC2; .NET CLR 2.0.50727; .NET CLR 3.5.30729; .NET CLR 3.0.30729; Media Center PC 6.0; .NET4.0C; .NET4.0E; InfoPath.3)"
97.74.92.211 - - [05/Apr/2026:16:21:12 +0200] "GET /wp-login.php HTTP/1.1" 200 1064 "-" "Mozilla/4.0 (compatible; MSIE 7.0; Windows NT 6.1; Trident/7.0; SLCC2; .NET CLR 2.0.50727; .NET CLR 3.5.30729; .NET CLR 3.0.30729; Media Center PC 6.0; .NET4.0C; .NET4.0E)"
185.125.27.34 - - [05/Apr/2026:16:21:13 +0200] "GET /wp-login.php HTTP/1.1" 200 1064 "-" "Mozilla/5.0 (Macintosh; Intel Mac OS X 10_11_6) AppleWebKit/602.3.12 (KHTML, like Gecko) Version/10.0.2 Safari/602.3.12"
185.125.27.34 - - [05/Apr/2026:16:21:13 +0200] "POST /wp-login.php HTTP/1.1" 200 1420 "https://kefche.kolaji.net/wp-login.php" "Mozilla/5.0 (Macintosh; Intel Mac OS X 10_11_6) AppleWebKit/602.3.12 (KHTML, like Gecko) Version/10.0.2 Safari/602.3.12"
97.74.92.211 - - [05/Apr/2026:16:21:14 +0200] "POST /wp-login.php HTTP/1.1" 200 1420 "https://kefche.kolaji.net/wp-login.php" "Mozilla/4.0 (compatible; MSIE 7.0; Windows NT 6.1; Trident/7.0; SLCC2; .NET CLR 2.0.50727; .NET CLR 3.5.30729; .NET CLR 3.0.30729; Media Center PC 6.0; .NET4.0C; .NET4.0E)"
161.97.137.93 - - [05/Apr/2026:16:22:11 +0200] "POST /wp-cron.php?doing_wp_cron=1775398931.5240240097045898437500 HTTP/1.1" 404 16059 "https://kefche.kolaji.net/wp-cron.php?doing_wp_cron=1775398931.5240240097045898437500" "WordPress/4.9.26; https://kefche.kolaji.net"
82.223.30.175 - - [05/Apr/2026:16:22:12 +0200] "GET /wp-login.php HTTP/1.1" 200 1064 "-" "Mozilla/5.0 (Windows NT 6.1; Trident/7.0; BOIE9;ENUS; rv:11.0) like Gecko"
82.223.30.175 - - [05/Apr/2026:16:22:12 +0200] "POST /wp-login.php HTTP/1.1" 200 1420 "https://kefche.kolaji.net/wp-login.php" "Mozilla/5.0 (Windows NT 6.1; Trident/7.0; BOIE9;ENUS; rv:11.0) like Gecko"
161.97.137.93 - - [05/Apr/2026:16:23:52 +0200] "POST /wp-cron.php?doing_wp_cron=1775399032.2414350509643554687500 HTTP/1.1" 404 15809 "https://kefche.kolaji.net/wp-cron.php?doing_wp_cron=1775399032.2414350509643554687500" "WordPress/4.9.26; https://kefche.kolaji.net"
18.205.231.47 - - [05/Apr/2026:16:23:52 +0200] "GET /wp-login.php HTTP/1.1" 200 1064 "-" "Mozilla/5.0 (Windows NT 6.1; WOW64; Trident/7.0; QwestIE8x64; rv:11.0) like Gecko"
18.205.231.47 - - [05/Apr/2026:16:23:53 +0200] "POST /wp-login.php HTTP/1.1" 200 1420 "https://kefche.kolaji.net/wp-login.php" "Mozilla/5.0 (Windows NT 6.1; WOW64; Trident/7.0; QwestIE8x64; rv:11.0) like Gecko"
15.161.25.29 - - [05/Apr/2026:16:23:59 +0200] "GET /wp-login.php HTTP/1.1" 200 1064 "-" "Mozilla/5.0 (Windows NT 6.1) AppleWebKit/537.36 (KHTML, like Gecko) Chrome/63.0.3239.132 Safari/537.36 OPR/50.0.2762.67"
15.161.25.29 - - [05/Apr/2026:16:23:59 +0200] "POST /wp-login.php HTTP/1.1" 200 1420 "https://kefche.kolaji.net/wp-login.php" "Mozilla/5.0 (Windows NT 6.1) AppleWebKit/537.36 (KHTML, like Gecko) Chrome/63.0.3239.132 Safari/537.36 OPR/50.0.2762.67"
161.97.137.93 - - [05/Apr/2026:16:26:08 +0200] "POST /wp-cron.php?doing_wp_cron=1775399167.6378719806671142578125 HTTP/1.1" 404 15782 "https://kefche.kolaji.net/wp-cron.php?doing_wp_cron=1775399167.6378719806671142578125" "WordPress/4.9.26; https://kefche.kolaji.net"
222.165.190.235 - - [05/Apr/2026:16:26:08 +0200] "GET /wp-login.php HTTP/1.1" 200 1064 "-" "Mozilla/5.0 (Windows NT 6.1; WOW64; Trident/7.0; MAARJS; rv:11.0) like Gecko"
222.165.190.235 - - [05/Apr/2026:16:26:08 +0200] "POST /wp-login.php HTTP/1.1" 200 1420 "https://kefche.kolaji.net/wp-login.php" "Mozilla/5.0 (Windows NT 6.1; WOW64; Trident/7.0; MAARJS; rv:11.0) like Gecko"
66.116.226.103 - - [05/Apr/2026:16:26:16 +0200] "GET /wp-login.php HTTP/1.1" 200 1064 "-" "Mozilla/5.0 (Windows NT 6.0; Win64; x64) AppleWebKit/537.36 (KHTML, like Gecko) Chrome/52.0.2743.116 Safari/537.36 Edge/15.15063"
66.116.226.103 - - [05/Apr/2026:16:26:17 +0200] "POST /wp-login.php HTTP/1.1" 200 1420 "https://kefche.kolaji.net/wp-login.php" "Mozilla/5.0 (Windows NT 6.0; Win64; x64) AppleWebKit/537.36 (KHTML, like Gecko) Chrome/52.0.2743.116 Safari/537.36 Edge/15.15063"
161.97.137.93 - - [05/Apr/2026:16:27:08 +0200] "POST /wp-cron.php?doing_wp_cron=1775399227.7814080715179443359375 HTTP/1.1" 404 16059 "https://kefche.kolaji.net/wp-cron.php?doing_wp_cron=1775399227.7814080715179443359375" "WordPress/4.9.26; https://kefche.kolaji.net"
222.165.190.235 - - [05/Apr/2026:16:27:08 +0200] "GET /wp-login.php HTTP/1.1" 200 1064 "-" "Mozilla/5.0 (X11; Linux x86_64) AppleWebKit/537.36 (KHTML, like Gecko) Chrome/66.0.3359.158 Safari/537.36"
222.165.190.235 - - [05/Apr/2026:16:27:08 +0200] "POST /wp-login.php HTTP/1.1" 200 1420 "https://kefche.kolaji.net/wp-login.php" "Mozilla/5.0 (X11; Linux x86_64) AppleWebKit/537.36 (KHTML, like Gecko) Chrome/66.0.3359.158 Safari/537.36"
141.98.11.117 - - [05/Apr/2026:16:28:07 +0200] "GET /wp-login.php HTTP/1.1" 200 1064 "-" "Mozilla/5.0 (Windows NT 6.1; WOW64; Trident/7.0; MASBJS; rv:11.0) like Gecko"
161.97.137.93 - - [05/Apr/2026:16:28:08 +0200] "POST /wp-cron.php?doing_wp_cron=1775399288.2419240474700927734375 HTTP/1.1" 404 16075 "https://kefche.kolaji.net/wp-cron.php?doing_wp_cron=1775399288.2419240474700927734375" "WordPress/4.9.26; https://kefche.kolaji.net"
141.98.11.117 - - [05/Apr/2026:16:28:08 +0200] "POST /wp-login.php HTTP/1.1" 200 1420 "https://kefche.kolaji.net/wp-login.php" "Mozilla/5.0 (Windows NT 6.1; WOW64; Trident/7.0; MASBJS; rv:11.0) like Gecko"
50.6.231.18 - - [05/Apr/2026:16:28:17 +0200] "GET /wp-login.php HTTP/1.1" 200 1064 "-" "Mozilla/5.0 (Windows NT 6.1; WOW64; Trident/7.0; rv:11.0)"
50.6.231.18 - - [05/Apr/2026:16:28:17 +0200] "POST /wp-login.php HTTP/1.1" 200 1420 "https://kefche.kolaji.net/wp-login.php" "Mozilla/5.0 (Windows NT 6.1; WOW64; Trident/7.0; rv:11.0)"
160.238.242.2 - - [05/Apr/2026:16:28:39 +0200] "GET /wp-login.php HTTP/1.1" 200 1064 "-" "Mozilla/5.0 (Windows NT 10.0; WOW64; Trident/7.0; Touch; TBTE; rv:11.0) like Gecko"
160.238.242.2 - - [05/Apr/2026:16:28:49 +0200] "POST /wp-login.php HTTP/1.1" 200 1420 "https://kefche.kolaji.net/wp-login.php" "Mozilla/5.0 (Windows NT 10.0; WOW64; Trident/7.0; Touch; TBTE; rv:11.0) like Gecko"
222.165.190.235 - - [05/Apr/2026:16:28:53 +0200] "GET /wp-login.php HTTP/1.1" 200 1064 "-" "Mozilla/5.0 (Windows NT 10.0; WOW64; Trident/7.0; Touch; MASMJS; rv:11.0) like Gecko"
222.165.190.235 - - [05/Apr/2026:16:28:54 +0200] "POST /wp-login.php HTTP/1.1" 200 1420 "https://kefche.kolaji.net/wp-login.php" "Mozilla/5.0 (Windows NT 10.0; WOW64; Trident/7.0; Touch; MASMJS; rv:11.0) like Gecko"
161.97.137.93 - - [05/Apr/2026:16:29:48 +0200] "POST /wp-cron.php?doing_wp_cron=1775399387.9494659900665283203125 HTTP/1.1" 404 15995 "https://kefche.kolaji.net/wp-cron.php?doing_wp_cron=1775399387.9494659900665283203125" "WordPress/4.9.26; https://kefche.kolaji.net"
97.74.93.106 - - [05/Apr/2026:16:29:48 +0200] "GET /wp-login.php HTTP/1.1" 200 1064 "-" "Mozilla/5.0 (Windows NT 6.1; WOW64; Trident/7.0; rv:11.0) like Gecko,gzip(gfe)"
97.74.93.106 - - [05/Apr/2026:16:29:51 +0200] "POST /wp-login.php HTTP/1.1" 200 1420 "https://kefche.kolaji.net/wp-login.php" "Mozilla/5.0 (Windows NT 6.1; WOW64; Trident/7.0; rv:11.0) like Gecko,gzip(gfe)"
168.187.5.210 - - [05/Apr/2026:16:30:24 +0200] "GET /wp-login.php HTTP/1.1" 200 1064 "-" "Mozilla/5.0 (X11; Linux x86_64) AppleWebKit/537.36 (KHTML, like Gecko) Chrome/65.0.3325.162 Safari/537.36"
168.187.5.210 - - [05/Apr/2026:16:30:28 +0200] "POST /wp-login.php HTTP/1.1" 200 1420 "https://kefche.kolaji.net/wp-login.php" "Mozilla/5.0 (X11; Linux x86_64) AppleWebKit/537.36 (KHTML, like Gecko) Chrome/65.0.3325.162 Safari/537.36"
82.196.25.136 - - [05/Apr/2026:16:30:28 +0200] "GET /wp-login.php HTTP/1.1" 200 1064 "-" "Mozilla/5.0 (Windows NT 6.1; Win64; x64) AppleWebKit/537.36 (KHTML, like Gecko) Chrome/66.0.3359.170 Safari/537.36 OPR/53.0.2907.68"
82.196.25.136 - - [05/Apr/2026:16:30:30 +0200] "POST /wp-login.php HTTP/1.1" 200 1420 "https://kefche.kolaji.net/wp-login.php" "Mozilla/5.0 (Windows NT 6.1; Win64; x64) AppleWebKit/537.36 (KHTML, like Gecko) Chrome/66.0.3359.170 Safari/537.36 OPR/53.0.2907.68"
161.97.137.93 - - [05/Apr/2026:16:31:38 +0200] "POST /wp-cron.php?doing_wp_cron=1775399497.8153529167175292968750 HTTP/1.1" 404 15851 "https://kefche.kolaji.net/wp-cron.php?doing_wp_cron=1775399497.8153529167175292968750" "WordPress/4.9.26; https://kefche.kolaji.net"
37.27.249.26 - - [05/Apr/2026:16:31:38 +0200] "GET /wp-login.php HTTP/1.1" 200 1064 "-" "Mozilla/5.0 (Windows NT 6.3; Win64; x64; rv:60.0) Gecko/20100101 Firefox/60.0"
37.27.249.26 - - [05/Apr/2026:16:31:42 +0200] "POST /wp-login.php HTTP/1.1" 200 1420 "https://kefche.kolaji.net/wp-login.php" "Mozilla/5.0 (Windows NT 6.3; Win64; x64; rv:60.0) Gecko/20100101 Firefox/60.0"
161.97.137.93 - - [05/Apr/2026:16:32:44 +0200] "POST /wp-cron.php?doing_wp_cron=1775399564.0868980884552001953125 HTTP/1.1" 404 15908 "https://kefche.kolaji.net/wp-cron.php?doing_wp_cron=1775399564.0868980884552001953125" "WordPress/4.9.26; https://kefche.kolaji.net"
103.121.89.157 - - [05/Apr/2026:16:32:44 +0200] "GET /wp-login.php HTTP/1.1" 200 1064 "-" "Mozilla/4.0 (compatible; MSIE 7.0; Windows NT 10.0; WOW64; Trident/7.0; .NET4.0C; .NET4.0E; .NET CLR 2.0.50727; .NET CLR 3.0.30729; .NET CLR 3.5.30729; InfoPath.3)"
103.121.89.157 - - [05/Apr/2026:16:32:46 +0200] "POST /wp-login.php HTTP/1.1" 200 1420 "https://kefche.kolaji.net/wp-login.php" "Mozilla/4.0 (compatible; MSIE 7.0; Windows NT 10.0; WOW64; Trident/7.0; .NET4.0C; .NET4.0E; .NET CLR 2.0.50727; .NET CLR 3.0.30729; .NET CLR 3.5.30729; InfoPath.3)"
135.236.141.8 - - [05/Apr/2026:16:32:54 +0200] "GET /wp-login.php HTTP/1.1" 200 1064 "-" "Mozilla/5.0 (Windows NT 6.3; WOW64; Trident/7.0; Touch; MASAJS; rv:11.0) like Gecko"
135.236.141.8 - - [05/Apr/2026:16:32:55 +0200] "POST /wp-login.php HTTP/1.1" 200 1420 "https://kefche.kolaji.net/wp-login.php" "Mozilla/5.0 (Windows NT 6.3; WOW64; Trident/7.0; Touch; MASAJS; rv:11.0) like Gecko"
161.97.137.93 - - [05/Apr/2026:16:34:06 +0200] "POST /wp-cron.php?doing_wp_cron=1775399645.4753561019897460937500 HTTP/1.1" 404 16052 "https://kefche.kolaji.net/wp-cron.php?doing_wp_cron=1775399645.4753561019897460937500" "WordPress/4.9.26; https://kefche.kolaji.net"
94.46.170.34 - - [05/Apr/2026:16:34:06 +0200] "GET /wp-login.php HTTP/1.1" 200 1064 "-" "Mozilla/4.0 (compatible; MSIE 8.0; Windows NT 6.2; WOW64; Trident/7.0; .NET4.0C; .NET4.0E; .NET CLR 2.0.50727; .NET CLR 3.0.30729; .NET CLR 3.5.30729)"
94.46.170.34 - - [05/Apr/2026:16:34:08 +0200] "POST /wp-login.php HTTP/1.1" 200 1420 "https://kefche.kolaji.net/wp-login.php" "Mozilla/4.0 (compatible; MSIE 8.0; Windows NT 6.2; WOW64; Trident/7.0; .NET4.0C; .NET4.0E; .NET CLR 2.0.50727; .NET CLR 3.0.30729; .NET CLR 3.5.30729)"
200.137.65.73 - - [05/Apr/2026:16:34:10 +0200] "GET /wp-login.php HTTP/1.1" 200 1064 "-" "Mozilla/5.0 (X11; Linux x86_64) AppleWebKit/537.36 (KHTML, like Gecko) Chrome/65.0.3325.162 Safari/537.36"
200.137.65.73 - - [05/Apr/2026:16:34:12 +0200] "POST /wp-login.php HTTP/1.1" 200 1445 "https://kefche.kolaji.net/wp-login.php" "Mozilla/5.0 (X11; Linux x86_64) AppleWebKit/537.36 (KHTML, like Gecko) Chrome/65.0.3325.162 Safari/537.36"
194.163.131.184 - - [05/Apr/2026:16:34:20 +0200] "GET /wp-login.php HTTP/1.1" 200 1064 "-" "Mozilla/5.0 (Windows NT 6.1; Win64; x64) AppleWebKit/537.36 (KHTML, like Gecko) Chrome/66.0.3359.170 Safari/537.36 OPR/53.0.2907.99"
194.163.131.184 - - [05/Apr/2026:16:34:21 +0200] "POST /wp-login.php HTTP/1.1" 200 1420 "https://kefche.kolaji.net/wp-login.php" "Mozilla/5.0 (Windows NT 6.1; Win64; x64) AppleWebKit/537.36 (KHTML, like Gecko) Chrome/66.0.3359.170 Safari/537.36 OPR/53.0.2907.99"
208.115.200.114 - - [05/Apr/2026:16:34:32 +0200] "GET /wp-login.php HTTP/1.1" 200 1064 "-" "Mozilla/5.0 (Macintosh; Intel Mac OS X 10_9_5) AppleWebKit/537.36 (KHTML, like Gecko) Chrome/66.0.3359.181 Safari/537.36"
208.115.200.114 - - [05/Apr/2026:16:34:34 +0200] "POST /wp-login.php HTTP/1.1" 200 1420 "https://kefche.kolaji.net/wp-login.php" "Mozilla/5.0 (Macintosh; Intel Mac OS X 10_9_5) AppleWebKit/537.36 (KHTML, like Gecko) Chrome/66.0.3359.181 Safari/537.36"
208.115.200.114 - - [05/Apr/2026:16:34:53 +0200] "GET /wp-login.php HTTP/1.1" 200 1064 "-" "Mozilla/5.0 (Windows NT 10.0; WOW64; Trident/7.0; Touch; TNJB; rv:11.0) like Gecko"
208.115.200.114 - - [05/Apr/2026:16:34:56 +0200] "POST /wp-login.php HTTP/1.1" 200 1420 "https://kefche.kolaji.net/wp-login.php" "Mozilla/5.0 (Windows NT 10.0; WOW64; Trident/7.0; Touch; TNJB; rv:11.0) like Gecko"
161.97.137.93 - - [05/Apr/2026:16:36:59 +0200] "POST /wp-cron.php?doing_wp_cron=1775399818.5731449127197265625000 HTTP/1.1" 404 15827 "https://kefche.kolaji.net/wp-cron.php?doing_wp_cron=1775399818.5731449127197265625000" "WordPress/4.9.26; https://kefche.kolaji.net"
31.24.155.180 - - [05/Apr/2026:16:36:59 +0200] "GET /wp-login.php HTTP/1.1" 200 1064 "-" "Mozilla/5.0 (Windows NT 6.3; Win64; x64; Trident/7.0; Touch; MAARJS; rv:11.0) like Gecko"
82.223.30.175 - - [05/Apr/2026:16:37:00 +0200] "GET /wp-login.php HTTP/1.1" 200 1064 "-" "Mozilla/5.0 (Windows NT 6.1; Win64; x64; rv:60.0) Gecko/20100101 Firefox/60.0"
82.223.30.175 - - [05/Apr/2026:16:37:03 +0200] "POST /wp-login.php HTTP/1.1" 502 150 "https://kefche.kolaji.net/wp-login.php" "Mozilla/5.0 (Windows NT 6.1; Win64; x64; rv:60.0) Gecko/20100101 Firefox/60.0"
31.24.155.180 - - [05/Apr/2026:16:37:03 +0200] "POST /wp-login.php HTTP/1.1" 502 150 "https://kefche.kolaji.net/wp-login.php" "Mozilla/5.0 (Windows NT 6.3; Win64; x64; Trident/7.0; Touch; MAARJS; rv:11.0) like Gecko"
161.97.137.93 - - [05/Apr/2026:16:38:47 +0200] "POST /wp-cron.php?doing_wp_cron=1775399926.7574770450592041015625 HTTP/1.1" 404 15777 "https://kefche.kolaji.net/wp-cron.php?doing_wp_cron=1775399926.7574770450592041015625" "WordPress/4.9.26; https://kefche.kolaji.net"
117.53.155.42 - - [05/Apr/2026:16:38:47 +0200] "GET /wp-login.php HTTP/1.1" 200 1064 "-" "Mozilla/5.0 (Macintosh; Intel Mac OS X 10_12_5) AppleWebKit/537.36 (KHTML, like Gecko) Chrome/65.0.3325.181 Safari/537.36"
117.53.155.42 - - [05/Apr/2026:16:38:48 +0200] "POST /wp-login.php HTTP/1.1" 200 1420 "https://kefche.kolaji.net/wp-login.php" "Mozilla/5.0 (Macintosh; Intel Mac OS X 10_12_5) AppleWebKit/537.36 (KHTML, like Gecko) Chrome/65.0.3325.181 Safari/537.36"
141.98.11.117 - - [05/Apr/2026:16:38:52 +0200] "GET /wp-login.php HTTP/1.1" 200 1064 "-" "Mozilla/5.0 (Macintosh; Intel Mac OS X 10_11_6) AppleWebKit/603.2.5 (KHTML, like Gecko) Version/10.1.1 Safari/603.2.5"
141.98.11.117 - - [05/Apr/2026:16:38:52 +0200] "POST /wp-login.php HTTP/1.1" 200 1420 "https://kefche.kolaji.net/wp-login.php" "Mozilla/5.0 (Macintosh; Intel Mac OS X 10_11_6) AppleWebKit/603.2.5 (KHTML, like Gecko) Version/10.1.1 Safari/603.2.5"
161.97.137.93 - - [05/Apr/2026:16:39:55 +0200] "POST /wp-cron.php?doing_wp_cron=1775399994.9070401191711425781250 HTTP/1.1" 404 15903 "https://kefche.kolaji.net/wp-cron.php?doing_wp_cron=1775399994.9070401191711425781250" "WordPress/4.9.26; https://kefche.kolaji.net"
82.196.25.136 - - [05/Apr/2026:16:39:55 +0200] "GET /wp-login.php HTTP/1.1" 200 1064 "-" "Mozilla/5.0 (Windows NT 6.3; WOW64; Trident/7.0; MASMJS; rv:11.0) like Gecko"
82.196.25.136 - - [05/Apr/2026:16:39:55 +0200] "POST /wp-login.php HTTP/1.1" 200 1420 "https://kefche.kolaji.net/wp-login.php" "Mozilla/5.0 (Windows NT 6.3; WOW64; Trident/7.0; MASMJS; rv:11.0) like Gecko"
161.97.137.93 - - [05/Apr/2026:16:41:01 +0200] "POST /wp-cron.php?doing_wp_cron=1775400060.4231169223785400390625 HTTP/1.1" 404 16000 "https://kefche.kolaji.net/wp-cron.php?doing_wp_cron=1775400060.4231169223785400390625" "WordPress/4.9.26; https://kefche.kolaji.net"
193.180.208.18 - - [05/Apr/2026:16:41:01 +0200] "GET /wp-login.php HTTP/1.1" 200 1064 "-" "Mozilla/5.0 (Windows NT 10.0) AppleWebKit/537.36 (KHTML, like Gecko) Chrome/52.0.2743.116 Safari/537.36 Edge/15.15063"
193.180.208.18 - - [05/Apr/2026:16:41:01 +0200] "POST /wp-login.php HTTP/1.1" 200 1420 "https://kefche.kolaji.net/wp-login.php" "Mozilla/5.0 (Windows NT 10.0) AppleWebKit/537.36 (KHTML, like Gecko) Chrome/52.0.2743.116 Safari/537.36 Edge/15.15063"
116.203.25.213 - - [05/Apr/2026:16:41:11 +0200] "GET /wp-login.php HTTP/1.1" 200 1064 "-" "Mozilla/5.0 (Windows NT 6.1; WOW64) AppleWebKit/537.36 (KHTML, like Gecko) Chrome/65.0.3325.181 Safari/537.36"
116.203.25.213 - - [05/Apr/2026:16:41:11 +0200] "POST /wp-login.php HTTP/1.1" 200 1420 "https://kefche.kolaji.net/wp-login.php" "Mozilla/5.0 (Windows NT 6.1; WOW64) AppleWebKit/537.36 (KHTML, like Gecko) Chrome/65.0.3325.181 Safari/537.36"
197.159.192.39 - - [05/Apr/2026:16:41:24 +0200] "GET /wp-login.php HTTP/1.1" 200 1064 "-" "Mozilla/5.0 (Windows NT 6.2; ARM; Trident/7.0; Touch; rv:11.0; WPDesktop; NOKIA; Lumia 520) like Gecko"
197.159.192.39 - - [05/Apr/2026:16:41:24 +0200] "POST /wp-login.php HTTP/1.1" 200 1420 "https://kefche.kolaji.net/wp-login.php" "Mozilla/5.0 (Windows NT 6.2; ARM; Trident/7.0; Touch; rv:11.0; WPDesktop; NOKIA; Lumia 520) like Gecko"
89.43.17.214 - - [05/Apr/2026:16:42:03 +0200] "GET /wp-login.php HTTP/1.1" 502 552 "-" "Mozilla/4.0 (compatible; MSIE 7.0; Windows NT 6.2; Trident/7.0; .NET4.0E; .NET4.0C)"
161.97.137.93 - - [05/Apr/2026:16:42:09 +0200] "POST /wp-cron.php?doing_wp_cron=1775400128.8078351020812988281250 HTTP/1.1" 404 16150 "https://kefche.kolaji.net/wp-cron.php?doing_wp_cron=1775400128.8078351020812988281250" "WordPress/4.9.26; https://kefche.kolaji.net"
89.43.17.214 - - [05/Apr/2026:16:42:09 +0200] "POST /wp-login.php HTTP/1.1" 200 1064 "https://kefche.kolaji.net/wp-login.php" "Mozilla/4.0 (compatible; MSIE 7.0; Windows NT 6.2; Trident/7.0; .NET4.0E; .NET4.0C)"
141.98.11.117 - - [05/Apr/2026:16:42:33 +0200] "GET /wp-login.php HTTP/1.1" 200 1064 "-" "Mozilla/5.0 (Windows NT 10.0; WOW64; Trident/7.0; Touch; ASU2JS; rv:11.0) like Gecko"
141.98.11.117 - - [05/Apr/2026:16:42:34 +0200] "POST /wp-login.php HTTP/1.1" 200 1420 "https://kefche.kolaji.net/wp-login.php" "Mozilla/5.0 (Windows NT 10.0; WOW64; Trident/7.0; Touch; ASU2JS; rv:11.0) like Gecko"
161.97.137.93 - - [05/Apr/2026:16:43:21 +0200] "POST /wp-cron.php?doing_wp_cron=1775400201.0373110771179199218750 HTTP/1.1" 404 16336 "https://kefche.kolaji.net/wp-cron.php?doing_wp_cron=1775400201.0373110771179199218750" "WordPress/4.9.26; https://kefche.kolaji.net"
103.182.139.128 - - [05/Apr/2026:16:43:21 +0200] "GET /wp-login.php HTTP/1.1" 200 1064 "-" "Mozilla/4.0 (compatible; MSIE 7.0; Windows NT 6.1; WOW64; Trident/7.0; SLCC2; .NET CLR 2.0.50727; .NET4.0C; .NET4.0E; .NET CLR 3.5.30729; .NET CLR 3.0.30729)"
103.182.139.128 - - [05/Apr/2026:16:43:23 +0200] "POST /wp-login.php HTTP/1.1" 200 1420 "https://kefche.kolaji.net/wp-login.php" "Mozilla/4.0 (compatible; MSIE 7.0; Windows NT 6.1; WOW64; Trident/7.0; SLCC2; .NET CLR 2.0.50727; .NET4.0C; .NET4.0E; .NET CLR 3.5.30729; .NET CLR 3.0.30729)"
135.236.141.8 - - [05/Apr/2026:16:43:30 +0200] "GET /wp-login.php HTTP/1.1" 200 1064 "-" "Mozilla/5.0 (compatible; MSIE 9.0; Windows NT 6.1; Trident/7.0)"
135.236.141.8 - - [05/Apr/2026:16:43:30 +0200] "POST /wp-login.php HTTP/1.1" 200 1420 "https://kefche.kolaji.net/wp-login.php" "Mozilla/5.0 (compatible; MSIE 9.0; Windows NT 6.1; Trident/7.0)"
185.140.224.3 - - [05/Apr/2026:16:44:16 +0200] "GET /wp-login.php HTTP/1.1" 200 1064 "-" "Mozilla/5.0 (Windows NT 6.1; WOW64; Trident/7.0; EIE10;ENGBMSN; rv:11.0) like Gecko"
185.140.224.3 - - [05/Apr/2026:16:44:16 +0200] "POST /wp-login.php HTTP/1.1" 200 1420 "https://kefche.kolaji.net/wp-login.php" "Mozilla/5.0 (Windows NT 6.1; WOW64; Trident/7.0; EIE10;ENGBMSN; rv:11.0) like Gecko"
161.97.137.93 - - [05/Apr/2026:16:44:57 +0200] "POST /wp-cron.php?doing_wp_cron=1775400296.7942290306091308593750 HTTP/1.1" 404 15939 "https://kefche.kolaji.net/wp-cron.php?doing_wp_cron=1775400296.7942290306091308593750" "WordPress/4.9.26; https://kefche.kolaji.net"
141.98.11.117 - - [05/Apr/2026:16:44:57 +0200] "GET /wp-login.php HTTP/1.1" 200 1064 "-" "Mozilla/5.0 (Windows NT 10.0; WOW64; rv:61.0) Gecko/20100101 Firefox/61.0"
141.98.11.117 - - [05/Apr/2026:16:44:57 +0200] "POST /wp-login.php HTTP/1.1" 200 1420 "https://kefche.kolaji.net/wp-login.php" "Mozilla/5.0 (Windows NT 10.0; WOW64; rv:61.0) Gecko/20100101 Firefox/61.0"
18.205.231.47 - - [05/Apr/2026:16:45:29 +0200] "GET /wp-login.php HTTP/1.1" 200 1064 "-" "Mozilla/5.0 (compatible; MSIE 10.0; Windows NT 6.2; Win64; x64; Trident/7.0)"
18.205.231.47 - - [05/Apr/2026:16:45:30 +0200] "POST /wp-login.php HTTP/1.1" 200 1420 "https://kefche.kolaji.net/wp-login.php" "Mozilla/5.0 (compatible; MSIE 10.0; Windows NT 6.2; Win64; x64; Trident/7.0)"
134.209.100.212 - - [05/Apr/2026:16:45:42 +0200] "GET /wp-login.php HTTP/1.1" 200 1064 "-" "Mozilla/4.0 (compatible; MSIE 7.0; Windows NT 6.1; WOW64; Trident/7.0; SLCC2; .NET CLR 2.0.50727; .NET CLR 3.5.30729; .NET CLR 3.0.30729; Media Center PC 6.0; .NET4.0C; .NET4.0E)"
