116.118.2.113 - - [06/Apr/2026:00:07:22 +0200] "GET /wp-login.php HTTP/1.1" 200 1064 "-" "Mozilla/4.0 (compatible; MSIE 7.0; Windows NT 6.1; WOW64; Trident/7.0; SLCC2; .NET CLR 2.0.50727; .NET CLR 3.5.30729; .NET CLR 3.0.30729; Media Center PC 6.0; .NET4.0C; .NET4.0E; MS-RTC LM 8)"
116.118.2.113 - - [06/Apr/2026:00:07:26 +0200] "POST /wp-login.php HTTP/1.1" 200 1420 "https://kefche.kolaji.net/wp-login.php" "Mozilla/4.0 (compatible; MSIE 7.0; Windows NT 6.1; WOW64; Trident/7.0; SLCC2; .NET CLR 2.0.50727; .NET CLR 3.5.30729; .NET CLR 3.0.30729; Media Center PC 6.0; .NET4.0C; .NET4.0E; MS-RTC LM 8)"
97.74.93.106 - - [06/Apr/2026:00:07:41 +0200] "GET /wp-login.php HTTP/1.1" 200 1064 "-" "Mozilla/5.0 (Windows NT 6.1; WOW64; Trident/7.0; MSBrowserIE; rv:11.0) like Gecko"
97.74.93.106 - - [06/Apr/2026:00:07:44 +0200] "POST /wp-login.php HTTP/1.1" 200 1420 "https://kefche.kolaji.net/wp-login.php" "Mozilla/5.0 (Windows NT 6.1; WOW64; Trident/7.0; MSBrowserIE; rv:11.0) like Gecko"
88.198.64.173 - - [06/Apr/2026:00:08:06 +0200] "GET /wp-login.php HTTP/1.1" 200 1064 "-" "Mozilla/5.0 (Windows NT 6.3; Trident/7.0; Touch; rv:11.0) like Gecko"
88.198.64.173 - - [06/Apr/2026:00:08:06 +0200] "POST /wp-login.php HTTP/1.1" 200 1420 "https://kefche.kolaji.net/wp-login.php" "Mozilla/5.0 (Windows NT 6.3; Trident/7.0; Touch; rv:11.0) like Gecko"
161.97.137.93 - - [06/Apr/2026:00:08:25 +0200] "POST /wp-cron.php?doing_wp_cron=1775426905.1343030929565429687500 HTTP/1.1" 404 16071 "https://kefche.kolaji.net/wp-cron.php?doing_wp_cron=1775426905.1343030929565429687500" "WordPress/4.9.26; https://kefche.kolaji.net"
116.118.2.113 - - [06/Apr/2026:00:08:25 +0200] "GET /wp-login.php HTTP/1.1" 200 1064 "-" "Mozilla/5.0 (X11; Linux x86_64) AppleWebKit/537.36 (KHTML, like Gecko) Chrome/66.0.3359.181 Safari/537.36"
116.118.2.113 - - [06/Apr/2026:00:08:27 +0200] "POST /wp-login.php HTTP/1.1" 200 1420 "https://kefche.kolaji.net/wp-login.php" "Mozilla/5.0 (X11; Linux x86_64) AppleWebKit/537.36 (KHTML, like Gecko) Chrome/66.0.3359.181 Safari/537.36"
161.97.137.93 - - [06/Apr/2026:00:09:38 +0200] "POST /wp-cron.php?doing_wp_cron=1775426977.7567820549011230468750 HTTP/1.1" 404 16010 "https://kefche.kolaji.net/wp-cron.php?doing_wp_cron=1775426977.7567820549011230468750" "WordPress/4.9.26; https://kefche.kolaji.net"
51.75.119.69 - - [06/Apr/2026:00:09:38 +0200] "GET /robots.txt HTTP/1.1" 200 78 "-" "Mozilla/5.0 (compatible; MJ12bot/v1.4.8; http://mj12bot.com/)"
51.75.119.69 - - [06/Apr/2026:00:09:40 +0200] "GET /%D0%B0%D0%B2%D1%82%D0%BE%D0%BF%D0%B8%D0%BB%D0%BE%D1%82-%D0%B1%D0%B0%D1%86%D0%B5/ HTTP/1.1" 200 20314 "-" "Mozilla/5.0 (compatible; MJ12bot/v1.4.8; http://mj12bot.com/)"
51.75.119.69 - - [06/Apr/2026:00:09:42 +0200] "GET /tag/%D0%BA%D0%B0%D1%80%D1%82%D0%B8%D0%BD%D0%BA%D0%B0%D1%82%D0%B0/page/5/ HTTP/1.1" 200 22676 "-" "Mozilla/5.0 (compatible; MJ12bot/v1.4.8; http://mj12bot.com/)"
51.75.119.69 - - [06/Apr/2026:00:09:44 +0200] "GET /tag/%D0%BA%D0%B0%D1%80%D1%82%D0%B8%D0%BD%D0%BA%D0%B8-%D1%81-%D0%BA%D0%BE%D0%BB%D0%B8/page/5/ HTTP/1.1" 200 21439 "-" "Mozilla/5.0 (compatible; MJ12bot/v1.4.8; http://mj12bot.com/)"
51.75.119.69 - - [06/Apr/2026:00:09:46 +0200] "GET /tag/%D0%BA%D0%B0%D1%80%D1%82%D0%B8%D0%BD%D0%BA%D0%B8-%D1%81-%D0%BA%D0%BE%D0%BB%D0%B8/page/6/ HTTP/1.1" 200 21353 "-" "Mozilla/5.0 (compatible; MJ12bot/v1.4.8; http://mj12bot.com/)"
51.75.119.69 - - [06/Apr/2026:00:09:48 +0200] "GET /tag/%D0%BA%D0%B0%D1%80%D1%82%D0%B8%D0%BD%D0%BA%D0%B8-%D1%81-%D0%BA%D0%BE%D0%BB%D0%B8/page/7/ HTTP/1.1" 200 20673 "-" "Mozilla/5.0 (compatible; MJ12bot/v1.4.8; http://mj12bot.com/)"
51.75.119.69 - - [06/Apr/2026:00:09:50 +0200] "GET /tag/%D0%BA%D0%B0%D1%80%D1%82%D0%B8%D0%BD%D0%BA%D0%B8-%D1%81-%D0%BA%D0%BE%D0%BB%D0%B8/page/8/ HTTP/1.1" 200 20469 "-" "Mozilla/5.0 (compatible; MJ12bot/v1.4.8; http://mj12bot.com/)"
51.75.119.69 - - [06/Apr/2026:00:09:52 +0200] "GET /tag/%D0%BA%D0%B0%D1%80%D1%82%D0%B8%D0%BD%D0%BA%D0%B8-%D1%81-%D0%BC%D0%BE%D0%BC%D1%87%D0%B5%D1%82%D0%B0/ HTTP/1.1" 200 22876 "-" "Mozilla/5.0 (compatible; MJ12bot/v1.4.8; http://mj12bot.com/)"
51.75.119.69 - - [06/Apr/2026:00:09:54 +0200] "GET /tag/%D0%BA%D0%B0%D1%80%D1%82%D0%B8%D0%BD%D0%BA%D0%B8-%D1%81-%D0%BC%D0%BE%D0%BC%D1%87%D0%B5%D1%82%D0%B0/page/2/ HTTP/1.1" 200 22614 "-" "Mozilla/5.0 (compatible; MJ12bot/v1.4.8; http://mj12bot.com/)"
51.75.119.69 - - [06/Apr/2026:00:09:56 +0200] "GET /tag/%D0%BA%D0%B0%D1%80%D1%82%D0%B8%D0%BD%D0%BA%D0%B8-%D1%81-%D0%BC%D0%BE%D0%BC%D1%87%D0%B5%D1%82%D0%B0/page/3/ HTTP/1.1" 200 22725 "-" "Mozilla/5.0 (compatible; MJ12bot/v1.4.8; http://mj12bot.com/)"
51.75.119.69 - - [06/Apr/2026:00:09:58 +0200] "GET /tag/%D0%BA%D0%B0%D1%80%D1%82%D0%B8%D0%BD%D0%BA%D0%B8-%D1%81-%D0%BC%D0%BE%D0%BC%D1%87%D0%B5%D1%82%D0%B0/page/5/ HTTP/1.1" 200 21982 "-" "Mozilla/5.0 (compatible; MJ12bot/v1.4.8; http://mj12bot.com/)"
51.75.119.69 - - [06/Apr/2026:00:10:00 +0200] "GET /tag/%D0%BA%D0%B0%D1%80%D1%82%D0%B8%D0%BD%D0%BA%D0%B8-%D1%81-%D0%BD%D0%B0%D0%B4%D0%BF%D0%B8%D1%81/page/5/ HTTP/1.1" 200 22459 "-" "Mozilla/5.0 (compatible; MJ12bot/v1.4.8; http://mj12bot.com/)"
51.75.119.69 - - [06/Apr/2026:00:10:02 +0200] "GET /tag/%D0%BA%D0%B0%D1%80%D1%82%D0%B8%D0%BD%D0%BA%D0%B8-%D1%81-%D0%BD%D0%B0%D0%B4%D0%BF%D0%B8%D1%81/page/9/ HTTP/1.1" 502 150 "-" "Mozilla/5.0 (compatible; MJ12bot/v1.4.8; http://mj12bot.com/)"
51.75.119.69 - - [06/Apr/2026:00:10:04 +0200] "GET /tag/%D0%BA%D0%B0%D1%80%D1%82%D0%B8%D0%BD%D0%BA%D0%B8/page/10/ HTTP/1.1" 200 18462 "-" "Mozilla/5.0 (compatible; MJ12bot/v1.4.8; http://mj12bot.com/)"
3.77.129.9 - - [06/Apr/2026:00:10:05 +0200] "GET /wp-login.php HTTP/1.1" 200 1064 "-" "Mozilla/5.0 (Macintosh; Intel Mac OS X 10_12_1) AppleWebKit/602.2.14 (KHTML, like Gecko) Version/10.0.1 Safari/602.2.14"
3.77.129.9 - - [06/Apr/2026:00:10:10 +0200] "POST /wp-login.php HTTP/1.1" 200 1420 "https://kefche.kolaji.net/wp-login.php" "Mozilla/5.0 (Macintosh; Intel Mac OS X 10_12_1) AppleWebKit/602.2.14 (KHTML, like Gecko) Version/10.0.1 Safari/602.2.14"
141.98.11.117 - - [06/Apr/2026:00:10:26 +0200] "GET /wp-login.php HTTP/1.1" 200 1064 "-" "Mozilla/5.0 (Windows NT 10.0; Win64; x64) AppleWebKit/537.36 (KHTML, like Gecko) Chrome/65.0.3325.181 Safari/537.36 OPR/52.0.2871.64"
141.98.11.117 - - [06/Apr/2026:00:10:26 +0200] "POST /wp-login.php HTTP/1.1" 200 1420 "https://kefche.kolaji.net/wp-login.php" "Mozilla/5.0 (Windows NT 10.0; Win64; x64) AppleWebKit/537.36 (KHTML, like Gecko) Chrome/65.0.3325.181 Safari/537.36 OPR/52.0.2871.64"
161.97.137.93 - - [06/Apr/2026:00:10:38 +0200] "POST /wp-cron.php?doing_wp_cron=1775427038.2227790355682373046875 HTTP/1.1" 404 16084 "https://kefche.kolaji.net/wp-cron.php?doing_wp_cron=1775427038.2227790355682373046875" "WordPress/4.9.26; https://kefche.kolaji.net"
208.115.200.114 - - [06/Apr/2026:00:10:38 +0200] "GET /wp-login.php HTTP/1.1" 200 1064 "-" "Mozilla/5.0 (Windows NT 6.3; WOW64; Trident/7.0; TAJB; rv:11.0) like Gecko"
208.115.200.114 - - [06/Apr/2026:00:10:39 +0200] "POST /wp-login.php HTTP/1.1" 200 1420 "https://kefche.kolaji.net/wp-login.php" "Mozilla/5.0 (Windows NT 6.3; WOW64; Trident/7.0; TAJB; rv:11.0) like Gecko"
157.230.247.181 - - [06/Apr/2026:00:10:59 +0200] "GET /wp-login.php HTTP/1.1" 200 1064 "-" "Mozilla/5.0 (Macintosh; Intel Mac OS X 10_12_6) AppleWebKit/605.1.15 (KHTML, like Gecko) Version/11.1 Safari/605.1.15"
157.230.247.181 - - [06/Apr/2026:00:11:00 +0200] "POST /wp-login.php HTTP/1.1" 200 1420 "https://kefche.kolaji.net/wp-login.php" "Mozilla/5.0 (Macintosh; Intel Mac OS X 10_12_6) AppleWebKit/605.1.15 (KHTML, like Gecko) Version/11.1 Safari/605.1.15"
200.137.65.73 - - [06/Apr/2026:00:11:18 +0200] "GET /wp-login.php HTTP/1.1" 200 1064 "-" "Mozilla/5.0 (Macintosh; Intel Mac OS X 10_10_5) AppleWebKit/602.2.14 (KHTML, like Gecko) Version/10.0.1 Safari/602.2.14"
200.137.65.73 - - [06/Apr/2026:00:11:19 +0200] "POST /wp-login.php HTTP/1.1" 200 1445 "https://kefche.kolaji.net/wp-login.php" "Mozilla/5.0 (Macintosh; Intel Mac OS X 10_10_5) AppleWebKit/602.2.14 (KHTML, like Gecko) Version/10.0.1 Safari/602.2.14"
161.97.137.93 - - [06/Apr/2026:00:13:23 +0200] "POST /wp-cron.php?doing_wp_cron=1775427202.3686070442199707031250 HTTP/1.1" 404 16035 "https://kefche.kolaji.net/wp-cron.php?doing_wp_cron=1775427202.3686070442199707031250" "WordPress/4.9.26; https://kefche.kolaji.net"
45.13.190.27 - - [06/Apr/2026:00:13:23 +0200] "GET /wp-login.php HTTP/1.1" 200 1064 "-" "Mozilla/5.0 (Windows NT 6.3; ARM; Trident/7.0; Touch; rv:11.0) like Gecko"
45.13.190.27 - - [06/Apr/2026:00:13:23 +0200] "POST /wp-login.php HTTP/1.1" 200 1420 "https://kefche.kolaji.net/wp-login.php" "Mozilla/5.0 (Windows NT 6.3; ARM; Trident/7.0; Touch; rv:11.0) like Gecko"
161.97.137.93 - - [06/Apr/2026:00:15:54 +0200] "POST /wp-cron.php?doing_wp_cron=1775427353.8200070858001708984375 HTTP/1.1" 404 16027 "https://kefche.kolaji.net/wp-cron.php?doing_wp_cron=1775427353.8200070858001708984375" "WordPress/4.9.26; https://kefche.kolaji.net"
116.118.2.113 - - [06/Apr/2026:00:15:54 +0200] "GET /wp-login.php HTTP/1.1" 200 1064 "-" "Mozilla/5.0 (Windows NT 6.1) AppleWebKit/537.36 (KHTML, like Gecko) Chrome/65.0.3325.181 Safari/537.36 OPR/52.0.2871.64"
116.118.2.113 - - [06/Apr/2026:00:15:56 +0200] "POST /wp-login.php HTTP/1.1" 200 1420 "https://kefche.kolaji.net/wp-login.php" "Mozilla/5.0 (Windows NT 6.1) AppleWebKit/537.36 (KHTML, like Gecko) Chrome/65.0.3325.181 Safari/537.36 OPR/52.0.2871.64"
161.97.137.93 - - [06/Apr/2026:00:21:19 +0200] "POST /wp-cron.php?doing_wp_cron=1775427679.2394709587097167968750 HTTP/1.1" 404 16170 "https://kefche.kolaji.net/wp-cron.php?doing_wp_cron=1775427679.2394709587097167968750" "WordPress/4.9.26; https://kefche.kolaji.net"
116.203.25.213 - - [06/Apr/2026:00:21:19 +0200] "GET /wp-login.php HTTP/1.1" 200 1064 "-" "Mozilla/4.0 (compatible; MSIE 7.0; Windows NT 6.1; WOW64; Trident/7.0; SLCC2; .NET CLR 2.0.50727; .NET4.0C; .NET4.0E)"
161.97.137.93 - - [06/Apr/2026:00:23:26 +0200] "POST /wp-cron.php?doing_wp_cron=1775427806.3306839466094970703125 HTTP/1.1" 404 15946 "https://kefche.kolaji.net/wp-cron.php?doing_wp_cron=1775427806.3306839466094970703125" "WordPress/4.9.26; https://kefche.kolaji.net"
79.124.76.218 - - [06/Apr/2026:00:23:26 +0200] "GET /wp-login.php HTTP/1.1" 200 1064 "-" "Mozilla/5.0 (Windows NT 6.3; Win64; x64) AppleWebKit/537.36 (KHTML, like Gecko) Chrome/66.0.3359.139 Safari/537.36"
79.124.76.218 - - [06/Apr/2026:00:23:27 +0200] "POST /wp-login.php HTTP/1.1" 200 1420 "https://kefche.kolaji.net/wp-login.php" "Mozilla/5.0 (Windows NT 6.3; Win64; x64) AppleWebKit/537.36 (KHTML, like Gecko) Chrome/66.0.3359.139 Safari/537.36"
74.7.227.157 - - [06/Apr/2026:00:24:07 +0200] "GET / HTTP/1.1" 301 0 "-" "Mozilla/5.0 AppleWebKit/537.36 (KHTML, like Gecko; compatible; GPTBot/1.3; +https://openai.com/gptbot)"
74.7.230.24 - - [06/Apr/2026:00:24:12 +0200] "GET /robots.txt HTTP/1.1" 200 66 "-" "Mozilla/5.0 (Macintosh; Intel Mac OS X 10_15_7) AppleWebKit/537.36 (KHTML, like Gecko) Chrome/131.0.0.0 Safari/537.36; compatible; OAI-SearchBot/1.3; robots.txt; +https://openai.com/searchbot"
74.7.230.50 - - [06/Apr/2026:00:24:19 +0200] "GET /robots.txt HTTP/1.1" 200 66 "-" "Mozilla/5.0 (Macintosh; Intel Mac OS X 10_15_7) AppleWebKit/537.36 (KHTML, like Gecko) Chrome/131.0.0.0 Safari/537.36; compatible; OAI-SearchBot/1.3; robots.txt; +https://openai.com/searchbot"
161.97.137.93 - - [06/Apr/2026:00:25:07 +0200] "POST /wp-cron.php?doing_wp_cron=1775427907.0252289772033691406250 HTTP/1.1" 404 15916 "https://kefche.kolaji.net/wp-cron.php?doing_wp_cron=1775427907.0252289772033691406250" "WordPress/4.9.26; https://kefche.kolaji.net"
209.38.204.226 - - [06/Apr/2026:00:25:07 +0200] "GET /wp-login.php HTTP/1.1" 200 1064 "-" "Mozilla/5.0 (Windows NT 6.1; WOW64; Trident/7.0; EIE11;ENGBWOL; rv:11.0) like Gecko"
209.38.204.226 - - [06/Apr/2026:00:25:07 +0200] "POST /wp-login.php HTTP/1.1" 200 1420 "https://kefche.kolaji.net/wp-login.php" "Mozilla/5.0 (Windows NT 6.1; WOW64; Trident/7.0; EIE11;ENGBWOL; rv:11.0) like Gecko"
161.97.137.93 - - [06/Apr/2026:00:26:43 +0200] "POST /wp-cron.php?doing_wp_cron=1775428003.4203789234161376953125 HTTP/1.1" 404 16135 "https://kefche.kolaji.net/wp-cron.php?doing_wp_cron=1775428003.4203789234161376953125" "WordPress/4.9.26; https://kefche.kolaji.net"
34.75.167.170 - - [06/Apr/2026:00:26:44 +0200] "GET /wp-login.php HTTP/1.1" 200 1064 "-" "Mozilla/5.0+(Windows+NT+6.3;+WOW64;+Trident/7.0;+rv:11.0)+like+Gecko"
34.75.167.170 - - [06/Apr/2026:00:26:46 +0200] "POST /wp-login.php HTTP/1.1" 200 1420 "https://kefche.kolaji.net/wp-login.php" "Mozilla/5.0+(Windows+NT+6.3;+WOW64;+Trident/7.0;+rv:11.0)+like+Gecko"
18.205.231.47 - - [06/Apr/2026:00:33:01 +0200] "GET /wp-login.php HTTP/1.1" 502 150 "-" "Mozilla/5.0 (Windows NT 10.0; WOW64; Trident/7.0; MASMJS; rv:11.0) like Gecko"
161.97.137.93 - - [06/Apr/2026:00:33:03 +0200] "POST /wp-cron.php?doing_wp_cron=1775428382.8166010379791259765625 HTTP/1.1" 499 0 "https://kefche.kolaji.net/wp-cron.php?doing_wp_cron=1775428382.8166010379791259765625" "WordPress/4.9.26; https://kefche.kolaji.net"
18.205.231.47 - - [06/Apr/2026:00:33:03 +0200] "POST /wp-login.php HTTP/1.1" 200 1064 "https://kefche.kolaji.net/wp-login.php" "Mozilla/5.0 (Windows NT 10.0; WOW64; Trident/7.0; MASMJS; rv:11.0) like Gecko"
161.97.137.93 - - [06/Apr/2026:00:40:13 +0200] "POST /wp-cron.php?doing_wp_cron=1775428812.9889628887176513671875 HTTP/1.1" 404 16080 "https://kefche.kolaji.net/wp-cron.php?doing_wp_cron=1775428812.9889628887176513671875" "WordPress/4.9.26; https://kefche.kolaji.net"
68.178.173.85 - - [06/Apr/2026:00:40:13 +0200] "GET /wp-login.php HTTP/1.1" 200 1064 "-" "Mozilla/5.0 (Windows NT 6.1; WOW64; Trident/7.0; MALCJS; rv:11.0) like Gecko"
68.178.173.85 - - [06/Apr/2026:00:40:14 +0200] "POST /wp-login.php HTTP/1.1" 200 1420 "https://kefche.kolaji.net/wp-login.php" "Mozilla/5.0 (Windows NT 6.1; WOW64; Trident/7.0; MALCJS; rv:11.0) like Gecko"
161.97.137.93 - - [06/Apr/2026:00:41:33 +0200] "POST /wp-cron.php?doing_wp_cron=1775428892.9067809581756591796875 HTTP/1.1" 404 15829 "https://kefche.kolaji.net/wp-cron.php?doing_wp_cron=1775428892.9067809581756591796875" "WordPress/4.9.26; https://kefche.kolaji.net"
82.223.30.175 - - [06/Apr/2026:00:41:33 +0200] "GET /wp-login.php HTTP/1.1" 200 1064 "-" "Mozilla/5.0 (X11; Linux x86_64) AppleWebKit/537.36 (KHTML, like Gecko) Chrome/67.0.3396.79 Safari/537.36"
82.223.30.175 - - [06/Apr/2026:00:41:37 +0200] "POST /wp-login.php HTTP/1.1" 200 1420 "https://kefche.kolaji.net/wp-login.php" "Mozilla/5.0 (X11; Linux x86_64) AppleWebKit/537.36 (KHTML, like Gecko) Chrome/67.0.3396.79 Safari/537.36"
161.97.137.93 - - [06/Apr/2026:00:43:24 +0200] "POST /wp-cron.php?doing_wp_cron=1775429004.1259291172027587890625 HTTP/1.1" 404 16148 "https://kefche.kolaji.net/wp-cron.php?doing_wp_cron=1775429004.1259291172027587890625" "WordPress/4.9.26; https://kefche.kolaji.net"
212.89.15.132 - - [06/Apr/2026:00:43:24 +0200] "GET /wp-login.php HTTP/1.1" 200 1064 "-" "Mozilla/4.0 (compatible; MSIE 7.0; Windows NT 6.2; WOW64; Trident/7.0; .NET4.0C; .NET4.0E; InfoPath.3; .NET CLR 2.0.50727; .NET CLR 3.0.30729; .NET CLR 3.5.30729)"
212.89.15.132 - - [06/Apr/2026:00:43:26 +0200] "POST /wp-login.php HTTP/1.1" 200 1420 "https://kefche.kolaji.net/wp-login.php" "Mozilla/4.0 (compatible; MSIE 7.0; Windows NT 6.2; WOW64; Trident/7.0; .NET4.0C; .NET4.0E; InfoPath.3; .NET CLR 2.0.50727; .NET CLR 3.0.30729; .NET CLR 3.5.30729)"
161.97.137.93 - - [06/Apr/2026:00:46:12 +0200] "POST /wp-cron.php?doing_wp_cron=1775429171.7488958835601806640625 HTTP/1.1" 404 15777 "https://kefche.kolaji.net/wp-cron.php?doing_wp_cron=1775429171.7488958835601806640625" "WordPress/4.9.26; https://kefche.kolaji.net"
103.127.30.137 - - [06/Apr/2026:00:46:12 +0200] "GET /wp-login.php HTTP/1.1" 200 1064 "-" "Mozilla/5.0 (Windows NT 6.1; Trident/7.0; MAMD; rv:11.0) like Gecko"
103.127.30.137 - - [06/Apr/2026:00:46:17 +0200] "POST /wp-login.php HTTP/1.1" 200 1420 "https://kefche.kolaji.net/wp-login.php" "Mozilla/5.0 (Windows NT 6.1; Trident/7.0; MAMD; rv:11.0) like Gecko"
63.34.169.56 - - [06/Apr/2026:00:46:24 +0200] "GET /wp-login.php HTTP/1.1" 200 1064 "-" "Mozilla/5.0 (Macintosh; Intel Mac OS X 10_11_6) AppleWebKit/537.36 (KHTML, like Gecko) Chrome/66.0.3359.139 Safari/537.36"
63.34.169.56 - - [06/Apr/2026:00:46:25 +0200] "POST /wp-login.php HTTP/1.1" 200 1445 "https://kefche.kolaji.net/wp-login.php" "Mozilla/5.0 (Macintosh; Intel Mac OS X 10_11_6) AppleWebKit/537.36 (KHTML, like Gecko) Chrome/66.0.3359.139 Safari/537.36"
161.97.137.93 - - [06/Apr/2026:00:47:49 +0200] "POST /wp-cron.php?doing_wp_cron=1775429269.2441349029541015625000 HTTP/1.1" 404 15836 "https://kefche.kolaji.net/wp-cron.php?doing_wp_cron=1775429269.2441349029541015625000" "WordPress/4.9.26; https://kefche.kolaji.net"
195.26.250.114 - - [06/Apr/2026:00:47:49 +0200] "GET /wp-login.php HTTP/1.1" 200 1064 "-" "Mozilla/5.0 (Macintosh; Intel Mac OS X 10_12_6) AppleWebKit/604.4.7 (KHTML, like Gecko) Version/11.0.2 Safari/604.4.7"
195.26.250.114 - - [06/Apr/2026:00:47:53 +0200] "POST /wp-login.php HTTP/1.1" 200 1420 "https://kefche.kolaji.net/wp-login.php" "Mozilla/5.0 (Macintosh; Intel Mac OS X 10_12_6) AppleWebKit/604.4.7 (KHTML, like Gecko) Version/11.0.2 Safari/604.4.7"
161.132.49.90 - - [06/Apr/2026:00:48:06 +0200] "GET /wp-login.php HTTP/1.1" 200 1064 "-" "Mozilla/5.0 (Windows NT 10.0; WOW64; Trident/7.0; TAJB; rv:11.0) like Gecko"
161.132.49.90 - - [06/Apr/2026:00:48:06 +0200] "POST /wp-login.php HTTP/1.1" 200 1420 "https://kefche.kolaji.net/wp-login.php" "Mozilla/5.0 (Windows NT 10.0; WOW64; Trident/7.0; TAJB; rv:11.0) like Gecko"
208.109.188.137 - - [06/Apr/2026:00:48:39 +0200] "GET /wp-login.php HTTP/1.1" 200 1064 "-" "Mozilla/4.0 (compatible; MSIE 7.0; Windows NT 6.2; WOW64; Trident/7.0; .NET4.0C; .NET4.0E; .NET CLR 2.0.50727; .NET CLR 3.0.30729; .NET CLR 3.5.30729; McAfee)"
208.109.188.137 - - [06/Apr/2026:00:48:41 +0200] "POST /wp-login.php HTTP/1.1" 200 1420 "https://kefche.kolaji.net/wp-login.php" "Mozilla/4.0 (compatible; MSIE 7.0; Windows NT 6.2; WOW64; Trident/7.0; .NET4.0C; .NET4.0E; .NET CLR 2.0.50727; .NET CLR 3.0.30729; .NET CLR 3.5.30729; McAfee)"
161.97.137.93 - - [06/Apr/2026:00:48:55 +0200] "POST /wp-cron.php?doing_wp_cron=1775429334.7911219596862792968750 HTTP/1.1" 404 16042 "https://kefche.kolaji.net/wp-cron.php?doing_wp_cron=1775429334.7911219596862792968750" "WordPress/4.9.26; https://kefche.kolaji.net"
135.236.141.8 - - [06/Apr/2026:00:48:55 +0200] "GET /wp-login.php HTTP/1.1" 200 1064 "-" "Mozilla/5.0 (Windows NT 6.1; WOW64; Trident/7.0; BOIE9;ENUS; rv:11.0) like Gecko"
173.212.245.56 - - [06/Apr/2026:00:48:57 +0200] "GET /wp-login.php HTTP/1.1" 200 1064 "-" "Mozilla/4.0 (compatible; MSIE 7.0; Windows NT 6.3; WOW64; Trident/7.0; .NET4.0C; .NET4.0E; .NET CLR 2.0.50727; .NET CLR 3.0.30729; .NET CLR 3.5.30729; Tablet PC 2.0)"
173.212.245.56 - - [06/Apr/2026:00:48:57 +0200] "POST /wp-login.php HTTP/1.1" 200 1420 "https://kefche.kolaji.net/wp-login.php" "Mozilla/4.0 (compatible; MSIE 7.0; Windows NT 6.3; WOW64; Trident/7.0; .NET4.0C; .NET4.0E; .NET CLR 2.0.50727; .NET CLR 3.0.30729; .NET CLR 3.5.30729; Tablet PC 2.0)"
135.236.141.8 - - [06/Apr/2026:00:48:58 +0200] "POST /wp-login.php HTTP/1.1" 200 1420 "https://kefche.kolaji.net/wp-login.php" "Mozilla/5.0 (Windows NT 6.1; WOW64; Trident/7.0; BOIE9;ENUS; rv:11.0) like Gecko"
216.137.185.158 - - [06/Apr/2026:00:49:32 +0200] "GET /wp-login.php HTTP/1.1" 200 1064 "-" "Mozilla/5.0 (Windows NT 10.0; WOW64; Trident/7.0; Touch; rv:11.0) like Gecko"
216.137.185.158 - - [06/Apr/2026:00:49:37 +0200] "POST /wp-login.php HTTP/1.1" 200 1420 "https://kefche.kolaji.net/wp-login.php" "Mozilla/5.0 (Windows NT 10.0; WOW64; Trident/7.0; Touch; rv:11.0) like Gecko"
194.238.31.215 - - [06/Apr/2026:00:49:54 +0200] "GET /wp-login.php HTTP/1.1" 200 1064 "-" "Mozilla/4.0 (compatible; MSIE 7.0; Windows NT 6.2; Trident/7.0; .NET4.0E; .NET4.0C; .NET CLR 3.5.30729; .NET CLR 2.0.50727; .NET CLR 3.0.30729)"
161.97.137.93 - - [06/Apr/2026:00:49:57 +0200] "POST /wp-cron.php?doing_wp_cron=1775429397.1399600505828857421875 HTTP/1.1" 404 16090 "https://kefche.kolaji.net/wp-cron.php?doing_wp_cron=1775429397.1399600505828857421875" "WordPress/4.9.26; https://kefche.kolaji.net"
194.238.31.215 - - [06/Apr/2026:00:49:57 +0200] "POST /wp-login.php HTTP/1.1" 200 1420 "https://kefche.kolaji.net/wp-login.php" "Mozilla/4.0 (compatible; MSIE 7.0; Windows NT 6.2; Trident/7.0; .NET4.0E; .NET4.0C; .NET CLR 3.5.30729; .NET CLR 2.0.50727; .NET CLR 3.0.30729)"
82.223.30.175 - - [06/Apr/2026:00:50:25 +0200] "GET /wp-login.php HTTP/1.1" 200 1064 "-" "Mozilla/5.0 (X11; CrOS x86_64 10323.62.0) AppleWebKit/537.36 (KHTML, like Gecko) Chrome/65.0.3325.184 Safari/537.36"
82.223.30.175 - - [06/Apr/2026:00:50:25 +0200] "POST /wp-login.php HTTP/1.1" 200 1420 "https://kefche.kolaji.net/wp-login.php" "Mozilla/5.0 (X11; CrOS x86_64 10323.62.0) AppleWebKit/537.36 (KHTML, like Gecko) Chrome/65.0.3325.184 Safari/537.36"
82.223.30.175 - - [06/Apr/2026:00:50:38 +0200] "GET /wp-login.php HTTP/1.1" 200 1064 "-" "Mozilla/5.0 (Windows NT 10.0) AppleWebKit/537.36 (KHTML, like Gecko) Chrome/66.0.3359.139 Safari/537.36"
82.223.30.175 - - [06/Apr/2026:00:50:40 +0200] "POST /wp-login.php HTTP/1.1" 200 1420 "https://kefche.kolaji.net/wp-login.php" "Mozilla/5.0 (Windows NT 10.0) AppleWebKit/537.36 (KHTML, like Gecko) Chrome/66.0.3359.139 Safari/537.36"
161.97.137.93 - - [06/Apr/2026:00:51:56 +0200] "POST /wp-cron.php?doing_wp_cron=1775429515.5059669017791748046875 HTTP/1.1" 404 15835 "https://kefche.kolaji.net/wp-cron.php?doing_wp_cron=1775429515.5059669017791748046875" "WordPress/4.9.26; https://kefche.kolaji.net"
72.167.150.128 - - [06/Apr/2026:00:51:56 +0200] "GET /wp-login.php HTTP/1.1" 200 1064 "-" "Mozilla/5.0 (Windows NT 6.1; WOW64; Trident/7.0; ATT-IE11; rv:11.0) like Gecko"
72.167.150.128 - - [06/Apr/2026:00:51:56 +0200] "POST /wp-login.php HTTP/1.1" 200 1420 "https://kefche.kolaji.net/wp-login.php" "Mozilla/5.0 (Windows NT 6.1; WOW64; Trident/7.0; ATT-IE11; rv:11.0) like Gecko"
116.118.2.113 - - [06/Apr/2026:00:52:53 +0200] "GET /wp-login.php HTTP/1.1" 200 1064 "-" "Mozilla/5.0 (Macintosh; Intel Mac OS X 10_12_6) AppleWebKit/537.36 (KHTML, like Gecko) Chrome/67.0.3396.62 Safari/537.36"
116.118.2.113 - - [06/Apr/2026:00:52:54 +0200] "POST /wp-login.php HTTP/1.1" 200 1420 "https://kefche.kolaji.net/wp-login.php" "Mozilla/5.0 (Macintosh; Intel Mac OS X 10_12_6) AppleWebKit/537.36 (KHTML, like Gecko) Chrome/67.0.3396.62 Safari/537.36"
161.97.137.93 - - [06/Apr/2026:00:54:35 +0200] "POST /wp-cron.php?doing_wp_cron=1775429674.8399829864501953125000 HTTP/1.1" 404 16354 "https://kefche.kolaji.net/wp-cron.php?doing_wp_cron=1775429674.8399829864501953125000" "WordPress/4.9.26; https://kefche.kolaji.net"
50.6.231.18 - - [06/Apr/2026:00:54:35 +0200] "GET /wp-login.php HTTP/1.1" 200 1064 "-" "Mozilla/5.0 (Macintosh; Intel Mac OS X 10_11_6) AppleWebKit/537.36 (KHTML, like Gecko) Chrome/66.0.3359.181 Safari/537.36"
50.6.231.18 - - [06/Apr/2026:00:54:37 +0200] "POST /wp-login.php HTTP/1.1" 200 1420 "https://kefche.kolaji.net/wp-login.php" "Mozilla/5.0 (Macintosh; Intel Mac OS X 10_11_6) AppleWebKit/537.36 (KHTML, like Gecko) Chrome/66.0.3359.181 Safari/537.36"
161.97.137.93 - - [06/Apr/2026:00:56:05 +0200] "POST /wp-cron.php?doing_wp_cron=1775429765.2226719856262207031250 HTTP/1.1" 404 16004 "https://kefche.kolaji.net/wp-cron.php?doing_wp_cron=1775429765.2226719856262207031250" "WordPress/4.9.26; https://kefche.kolaji.net"
208.109.188.137 - - [06/Apr/2026:00:56:05 +0200] "GET /wp-login.php HTTP/1.1" 200 1064 "-" "Mozilla/5.0 (Windows NT 10.0; Win64; x64; WebView/3.0) AppleWebKit/537.36 (KHTML, like Gecko) Chrome/52.0.2743.116 Safari/537.36 Edge/15.15063"
208.109.188.137 - - [06/Apr/2026:00:56:11 +0200] "POST /wp-login.php HTTP/1.1" 200 1420 "https://kefche.kolaji.net/wp-login.php" "Mozilla/5.0 (Windows NT 10.0; Win64; x64; WebView/3.0) AppleWebKit/537.36 (KHTML, like Gecko) Chrome/52.0.2743.116 Safari/537.36 Edge/15.15063"
88.198.64.173 - - [06/Apr/2026:00:57:03 +0200] "GET /wp-login.php HTTP/1.1" 502 150 "-" "Mozilla/5.0 (Windows NT 10.0; WOW64; Trident/7.0; MDDRJS; rv:11.0) like Gecko"
88.198.64.173 - - [06/Apr/2026:00:57:03 +0200] "POST /wp-login.php HTTP/1.1" 502 150 "https://kefche.kolaji.net/wp-login.php" "Mozilla/5.0 (Windows NT 10.0; WOW64; Trident/7.0; MDDRJS; rv:11.0) like Gecko"
161.97.137.93 - - [06/Apr/2026:00:58:28 +0200] "POST /wp-cron.php?doing_wp_cron=1775429907.8432919979095458984375 HTTP/1.1" 404 16105 "https://kefche.kolaji.net/wp-cron.php?doing_wp_cron=1775429907.8432919979095458984375" "WordPress/4.9.26; https://kefche.kolaji.net"
66.33.193.94 - - [06/Apr/2026:00:58:28 +0200] "GET /wp-login.php HTTP/1.1" 200 1064 "-" "Mozilla/5.0 (Macintosh; Intel Mac OS X 10_13_2) AppleWebKit/537.36 (KHTML, like Gecko) Chrome/66.0.3359.139 Safari/537.36"
66.33.193.94 - - [06/Apr/2026:00:58:28 +0200] "POST /wp-login.php HTTP/1.1" 200 1420 "https://kefche.kolaji.net/wp-login.php" "Mozilla/5.0 (Macintosh; Intel Mac OS X 10_13_2) AppleWebKit/537.36 (KHTML, like Gecko) Chrome/66.0.3359.139 Safari/537.36"
161.97.137.93 - - [06/Apr/2026:00:59:34 +0200] "POST /wp-cron.php?doing_wp_cron=1775429973.8356609344482421875000 HTTP/1.1" 404 15934 "https://kefche.kolaji.net/wp-cron.php?doing_wp_cron=1775429973.8356609344482421875000" "WordPress/4.9.26; https://kefche.kolaji.net"
1.55.205.164 - - [06/Apr/2026:00:59:34 +0200] "GET /wp-login.php HTTP/1.1" 200 1064 "-" "Mozilla/5.0 (Macintosh; Intel Mac OS X 10_12_6) AppleWebKit/605.1.15 (KHTML, like Gecko) Version/11.1.1 Safari/605.1.15"
1.55.205.164 - - [06/Apr/2026:00:59:37 +0200] "POST /wp-login.php HTTP/1.1" 200 1420 "https://kefche.kolaji.net/wp-login.php" "Mozilla/5.0 (Macintosh; Intel Mac OS X 10_12_6) AppleWebKit/605.1.15 (KHTML, like Gecko) Version/11.1.1 Safari/605.1.15"
51.222.15.106 - - [06/Apr/2026:01:00:37 +0200] "GET /wp-login.php HTTP/1.1" 403 218 "-" "Mozilla/4.0 (compatible; MSIE 8.0; Windows NT 6.1; WOW64; Trident/7.0; SLCC2; .NET CLR 2.0.50727; .NET CLR 3.5.30729; .NET CLR 3.0.30729; Media Center PC 6.0; .NET4.0C; .NET4.0E)"
51.222.15.106 - - [06/Apr/2026:01:00:38 +0200] "POST /wp-login.php HTTP/1.1" 403 218 "https://kefche.kolaji.net/wp-login.php" "Mozilla/4.0 (compatible; MSIE 8.0; Windows NT 6.1; WOW64; Trident/7.0; SLCC2; .NET CLR 2.0.50727; .NET CLR 3.5.30729; .NET CLR 3.0.30729; Media Center PC 6.0; .NET4.0C; .NET4.0E)"
161.97.137.93 - - [06/Apr/2026:01:01:35 +0200] "POST /wp-cron.php?doing_wp_cron=1775430095.2445468902587890625000 HTTP/1.1" 404 15929 "https://kefche.kolaji.net/wp-cron.php?doing_wp_cron=1775430095.2445468902587890625000" "WordPress/4.9.26; https://kefche.kolaji.net"
213.32.30.70 - - [06/Apr/2026:01:01:35 +0200] "GET /wp-login.php HTTP/1.1" 200 1064 "-" "Mozilla/5.0 (Windows NT 6.3; ARM; Trident/7.0; Touch; ARMBJS; rv:11.0) like Gecko"
213.32.30.70 - - [06/Apr/2026:01:01:37 +0200] "POST /wp-login.php HTTP/1.1" 200 1420 "https://kefche.kolaji.net/wp-login.php" "Mozilla/5.0 (Windows NT 6.3; ARM; Trident/7.0; Touch; ARMBJS; rv:11.0) like Gecko"
213.32.22.52 - - [06/Apr/2026:01:02:31 +0200] "GET /wp-login.php HTTP/1.1" 200 1064 "-" "Mozilla/5.0 (Windows NT 10.0; WOW64) AppleWebKit/537.36 (KHTML, like Gecko) Chrome/64.0.3282.186 Safari/537.36 OPR/51.0.2830.55"
213.32.22.52 - - [06/Apr/2026:01:02:31 +0200] "POST /wp-login.php HTTP/1.1" 200 1420 "https://kefche.kolaji.net/wp-login.php" "Mozilla/5.0 (Windows NT 10.0; WOW64) AppleWebKit/537.36 (KHTML, like Gecko) Chrome/64.0.3282.186 Safari/537.36 OPR/51.0.2830.55"
50.62.181.149 - - [06/Apr/2026:01:03:01 +0200] "GET /wp-login.php HTTP/1.1" 502 150 "-" "Mozilla/5.0 (Windows NT 6.1; Trident/7.0; yie11; rv:11.0) like Gecko"
161.97.137.93 - - [06/Apr/2026:01:03:03 +0200] "POST /wp-cron.php?doing_wp_cron=1775430182.8401379585266113281250 HTTP/1.1" 404 15939 "https://kefche.kolaji.net/wp-cron.php?doing_wp_cron=1775430182.8401379585266113281250" "WordPress/4.9.26; https://kefche.kolaji.net"
50.62.181.149 - - [06/Apr/2026:01:03:03 +0200] "POST /wp-login.php HTTP/1.1" 200 1064 "https://kefche.kolaji.net/wp-login.php" "Mozilla/5.0 (Windows NT 6.1; Trident/7.0; yie11; rv:11.0) like Gecko"
194.238.31.215 - - [06/Apr/2026:01:03:41 +0200] "GET /wp-login.php HTTP/1.1" 200 1064 "-" "Mozilla/5.0 (Windows NT 6.1; WOW64) AppleWebKit/537.36 (KHTML, like Gecko) Chrome/67.0.3396.79 Safari/537.36"
194.238.31.215 - - [06/Apr/2026:01:03:42 +0200] "POST /wp-login.php HTTP/1.1" 200 1445 "https://kefche.kolaji.net/wp-login.php" "Mozilla/5.0 (Windows NT 6.1; WOW64) AppleWebKit/537.36 (KHTML, like Gecko) Chrome/67.0.3396.79 Safari/537.36"
161.97.137.93 - - [06/Apr/2026:01:04:13 +0200] "POST /wp-cron.php?doing_wp_cron=1775430252.8680260181427001953125 HTTP/1.1" 404 16000 "https://kefche.kolaji.net/wp-cron.php?doing_wp_cron=1775430252.8680260181427001953125" "WordPress/4.9.26; https://kefche.kolaji.net"
69.167.171.193 - - [06/Apr/2026:01:04:13 +0200] "GET /wp-login.php HTTP/1.1" 200 1064 "-" "Mozilla/5.0 (Windows NT 6.1; WOW64; Trident/7.0; EIE11;ENUSMSN; rv:11.0) like Gecko"
69.167.171.193 - - [06/Apr/2026:01:04:14 +0200] "POST /wp-login.php HTTP/1.1" 200 1420 "https://kefche.kolaji.net/wp-login.php" "Mozilla/5.0 (Windows NT 6.1; WOW64; Trident/7.0; EIE11;ENUSMSN; rv:11.0) like Gecko"
103.216.118.192 - - [06/Apr/2026:01:04:30 +0200] "GET /wp-login.php HTTP/1.1" 200 1064 "-" "Mozilla/5.0 (Windows NT 6.1; WOW64; Trident/7.0; NP08; rv:11.0) like Gecko"
103.216.118.192 - - [06/Apr/2026:01:04:31 +0200] "POST /wp-login.php HTTP/1.1" 200 1420 "https://kefche.kolaji.net/wp-login.php" "Mozilla/5.0 (Windows NT 6.1; WOW64; Trident/7.0; NP08; rv:11.0) like Gecko"
94.46.170.34 - - [06/Apr/2026:01:04:51 +0200] "GET /wp-login.php HTTP/1.1" 200 1064 "-" "Mozilla/5.0 (Windows NT 10.0; Win64; x64) AppleWebKit/537.36 (KHTML, like Gecko) Chrome/66.0.3359.139 Safari/537.36"
94.46.170.34 - - [06/Apr/2026:01:04:53 +0200] "POST /wp-login.php HTTP/1.1" 200 1420 "https://kefche.kolaji.net/wp-login.php" "Mozilla/5.0 (Windows NT 10.0; Win64; x64) AppleWebKit/537.36 (KHTML, like Gecko) Chrome/66.0.3359.139 Safari/537.36"
50.6.231.18 - - [06/Apr/2026:01:05:03 +0200] "GET /wp-login.php HTTP/1.1" 502 552 "-" "Mozilla/5.0 (compatible; MSIE 10.0; Windows NT 6.1; Trident/7.0)"
50.6.231.18 - - [06/Apr/2026:01:05:06 +0200] "POST /wp-login.php HTTP/1.1" 200 1064 "https://kefche.kolaji.net/wp-login.php" "Mozilla/5.0 (compatible; MSIE 10.0; Windows NT 6.1; Trident/7.0)"
161.97.137.93 - - [06/Apr/2026:01:05:21 +0200] "POST /wp-cron.php?doing_wp_cron=1775430320.6271080970764160156250 HTTP/1.1" 404 15823 "https://kefche.kolaji.net/wp-cron.php?doing_wp_cron=1775430320.6271080970764160156250" "WordPress/4.9.26; https://kefche.kolaji.net"
98.70.2.27 - - [06/Apr/2026:01:05:21 +0200] "GET /wp-login.php HTTP/1.1" 200 1064 "-" "Mozilla/5.0 (Windows NT 6.1; WOW64; Trident/7.0; MANM; rv:11.0) like Gecko"
98.70.2.27 - - [06/Apr/2026:01:05:22 +0200] "POST /wp-login.php HTTP/1.1" 200 1420 "https://kefche.kolaji.net/wp-login.php" "Mozilla/5.0 (Windows NT 6.1; WOW64; Trident/7.0; MANM; rv:11.0) like Gecko"
141.98.11.117 - - [06/Apr/2026:01:06:06 +0200] "GET /wp-login.php HTTP/1.1" 200 1064 "-" "Mozilla/5.0 (Windows NT 6.1; WOW64; Trident/7.0; EIE10;ENCAWOL; rv:11.0) like Gecko"
141.98.11.117 - - [06/Apr/2026:01:06:07 +0200] "POST /wp-login.php HTTP/1.1" 200 1420 "https://kefche.kolaji.net/wp-login.php" "Mozilla/5.0 (Windows NT 6.1; WOW64; Trident/7.0; EIE10;ENCAWOL; rv:11.0) like Gecko"
116.118.2.113 - - [06/Apr/2026:01:06:16 +0200] "GET /wp-login.php HTTP/1.1" 200 1064 "-" "Mozilla/5.0 (Windows NT 10.0) AppleWebKit/537.36 (KHTML, like Gecko) Chrome/67.0.3396.79 Safari/537.36"
116.118.2.113 - - [06/Apr/2026:01:06:19 +0200] "POST /wp-login.php HTTP/1.1" 200 1420 "https://kefche.kolaji.net/wp-login.php" "Mozilla/5.0 (Windows NT 10.0) AppleWebKit/537.36 (KHTML, like Gecko) Chrome/67.0.3396.79 Safari/537.36"
161.97.137.93 - - [06/Apr/2026:01:07:31 +0200] "POST /wp-cron.php?doing_wp_cron=1775430451.3091759681701660156250 HTTP/1.1" 404 16043 "https://kefche.kolaji.net/wp-cron.php?doing_wp_cron=1775430451.3091759681701660156250" "WordPress/4.9.26; https://kefche.kolaji.net"
129.121.72.237 - - [06/Apr/2026:01:07:31 +0200] "GET /wp-login.php HTTP/1.1" 200 1064 "-" "Mozilla/5.0 (compatible; MSIE 10.0; Windows NT 6.1; WOW64; Trident/7.0)"
129.121.72.237 - - [06/Apr/2026:01:07:32 +0200] "POST /wp-login.php HTTP/1.1" 200 1420 "https://kefche.kolaji.net/wp-login.php" "Mozilla/5.0 (compatible; MSIE 10.0; Windows NT 6.1; WOW64; Trident/7.0)"
161.97.137.93 - - [06/Apr/2026:01:09:09 +0200] "POST /wp-cron.php?doing_wp_cron=1775430548.8879621028900146484375 HTTP/1.1" 404 16001 "https://kefche.kolaji.net/wp-cron.php?doing_wp_cron=1775430548.8879621028900146484375" "WordPress/4.9.26; https://kefche.kolaji.net"
78.129.140.139 - - [06/Apr/2026:01:09:09 +0200] "GET /wp-login.php HTTP/1.1" 200 1064 "-" "Mozilla/5.0 (Windows NT 10.0; Win64; x64; WebView/3.0) AppleWebKit/537.36 (KHTML, like Gecko) Chrome/52.0.2743.116 Safari/537.36 Edge/15.15063"
78.129.140.139 - - [06/Apr/2026:01:09:10 +0200] "POST /wp-login.php HTTP/1.1" 200 1420 "https://kefche.kolaji.net/wp-login.php" "Mozilla/5.0 (Windows NT 10.0; Win64; x64; WebView/3.0) AppleWebKit/537.36 (KHTML, like Gecko) Chrome/52.0.2743.116 Safari/537.36 Edge/15.15063"
161.97.137.93 - - [06/Apr/2026:01:12:09 +0200] "POST /wp-cron.php?doing_wp_cron=1775430728.8189780712127685546875 HTTP/1.1" 404 15805 "https://kefche.kolaji.net/wp-cron.php?doing_wp_cron=1775430728.8189780712127685546875" "WordPress/4.9.26; https://kefche.kolaji.net"
177.91.172.6 - - [06/Apr/2026:01:12:09 +0200] "GET /wp-login.php HTTP/1.1" 200 1064 "-" "Mozilla/5.0 (Macintosh; Intel Mac OS X 10_11_6) AppleWebKit/602.2.14 (KHTML, like Gecko) Version/10.0.1 Safari/602.2.14"
177.91.172.6 - - [06/Apr/2026:01:12:10 +0200] "POST /wp-login.php HTTP/1.1" 200 1420 "https://kefche.kolaji.net/wp-login.php" "Mozilla/5.0 (Macintosh; Intel Mac OS X 10_11_6) AppleWebKit/602.2.14 (KHTML, like Gecko) Version/10.0.1 Safari/602.2.14"
66.116.226.103 - - [06/Apr/2026:01:12:22 +0200] "GET /wp-login.php HTTP/1.1" 200 1064 "-" "Mozilla/5.0 (Windows NT 6.1; WOW64; Trident/7.0; EIE10;ENUSMCM; rv:11.0) like Gecko"
51.222.15.106 - - [06/Apr/2026:01:13:09 +0200] "GET /wp-login.php HTTP/1.1" 403 218 "-" "Mozilla/5.0 (Windows NT 6.3; WOW64; Trident/7.0; MATPJS; rv:11.0) like Gecko"
51.222.15.106 - - [06/Apr/2026:01:13:10 +0200] "POST /wp-login.php HTTP/1.1" 403 218 "https://kefche.kolaji.net/wp-login.php" "Mozilla/5.0 (Windows NT 6.3; WOW64; Trident/7.0; MATPJS; rv:11.0) like Gecko"
161.97.137.93 - - [06/Apr/2026:01:13:54 +0200] "POST /wp-cron.php?doing_wp_cron=1775430833.6142430305480957031250 HTTP/1.1" 404 16084 "https://kefche.kolaji.net/wp-cron.php?doing_wp_cron=1775430833.6142430305480957031250" "WordPress/4.9.26; https://kefche.kolaji.net"
62.84.185.52 - - [06/Apr/2026:01:13:54 +0200] "GET /robots.txt HTTP/1.1" 200 78 "-" "Mozilla/5.0 (compatible; MJ12bot/v1.4.8; http://mj12bot.com/)"
62.84.185.52 - - [06/Apr/2026:01:13:56 +0200] "GET /%D0%B0%D0%B7-%D0%B2%D0%B5%D1%87%D0%B5-%D0%B3%D0%BE-%D0%BB%D0%B0%D0%BF%D0%BD%D0%B0%D1%85/ HTTP/1.1" 200 19862 "-" "Mozilla/5.0 (compatible; MJ12bot/v1.4.8; http://mj12bot.com/)"
62.84.185.52 - - [06/Apr/2026:01:13:57 +0200] "GET /tag/%D0%BA%D0%B0%D1%80%D1%82%D0%B8%D0%BD%D0%BA%D0%B0%D1%82%D0%B0/page/7/ HTTP/1.1" 200 21412 "-" "Mozilla/5.0 (compatible; MJ12bot/v1.4.8; http://mj12bot.com/)"
103.56.163.133 - - [06/Apr/2026:01:14:32 +0200] "GET /wp-login.php HTTP/1.1" 200 1064 "-" "Mozilla/5.0 (Windows NT 10.0; WOW64; Trident/7.0; TNJB; rv:11.0) like Gecko"
103.56.163.133 - - [06/Apr/2026:01:14:35 +0200] "POST /wp-login.php HTTP/1.1" 200 1420 "https://kefche.kolaji.net/wp-login.php" "Mozilla/5.0 (Windows NT 10.0; WOW64; Trident/7.0; TNJB; rv:11.0) like Gecko"
81.29.32.213 - - [06/Apr/2026:01:14:40 +0200] "GET /wp-login.php HTTP/1.1" 200 1064 "-" "Mozilla/4.0 (compatible; MSIE 7.0; Windows NT 6.1; WOW64; Trident/7.0; SLCC2; .NET CLR 2.0.50727; .NET CLR 3.5.30729; .NET CLR 3.0.30729; .NET4.0C; .NET4.0E; Media Center PC 6.0)"
81.29.32.213 - - [06/Apr/2026:01:14:40 +0200] "POST /wp-login.php HTTP/1.1" 200 1420 "https://kefche.kolaji.net/wp-login.php" "Mozilla/4.0 (compatible; MSIE 7.0; Windows NT 6.1; WOW64; Trident/7.0; SLCC2; .NET CLR 2.0.50727; .NET CLR 3.5.30729; .NET CLR 3.0.30729; .NET4.0C; .NET4.0E; Media Center PC 6.0)"
82.223.30.175 - - [06/Apr/2026:01:14:44 +0200] "GET /wp-login.php HTTP/1.1" 200 1064 "-" "Mozilla/5.0 (Macintosh; Intel Mac OS X 10_13_3) AppleWebKit/537.36 (KHTML, like Gecko) Chrome/67.0.3396.87 Safari/537.36"
82.223.30.175 - - [06/Apr/2026:01:14:44 +0200] "POST /wp-login.php HTTP/1.1" 200 1420 "https://kefche.kolaji.net/wp-login.php" "Mozilla/5.0 (Macintosh; Intel Mac OS X 10_13_3) AppleWebKit/537.36 (KHTML, like Gecko) Chrome/67.0.3396.87 Safari/537.36"
161.97.137.93 - - [06/Apr/2026:01:15:10 +0200] "POST /wp-cron.php?doing_wp_cron=1775430910.2824399471282958984375 HTTP/1.1" 404 16152 "https://kefche.kolaji.net/wp-cron.php?doing_wp_cron=1775430910.2824399471282958984375" "WordPress/4.9.26; https://kefche.kolaji.net"
62.84.185.52 - - [06/Apr/2026:01:15:11 +0200] "GET /tag/%D0%BA%D0%B5%D1%84-%D1%82%D0%B8-%D0%BA%D0%B0%D1%80%D1%82%D0%B8%D0%BD%D0%BA%D0%B8/page/5/ HTTP/1.1" 200 21592 "-" "Mozilla/5.0 (compatible; MJ12bot/v1.4.8; http://mj12bot.com/)"
62.84.185.52 - - [06/Apr/2026:01:15:12 +0200] "GET /tag/%D0%BA%D0%B5%D1%84-%D1%82%D0%B8-%D0%BA%D0%B0%D1%80%D1%82%D0%B8%D0%BD%D0%BA%D0%B8/page/6/ HTTP/1.1" 200 21002 "-" "Mozilla/5.0 (compatible; MJ12bot/v1.4.8; http://mj12bot.com/)"
162.240.175.101 - - [06/Apr/2026:01:15:50 +0200] "GET /wp-login.php HTTP/1.1" 200 1064 "-" "Mozilla/5.0 (Windows NT 6.1; WOW64; Trident/7.0; yie9; rv:11.0) like Gecko"
162.240.175.101 - - [06/Apr/2026:01:15:51 +0200] "POST /wp-login.php HTTP/1.1" 200 1420 "https://kefche.kolaji.net/wp-login.php" "Mozilla/5.0 (Windows NT 6.1; WOW64; Trident/7.0; yie9; rv:11.0) like Gecko"
161.97.137.93 - - [06/Apr/2026:01:16:40 +0200] "POST /wp-cron.php?doing_wp_cron=1775430999.9999918937683105468750 HTTP/1.1" 404 16023 "https://kefche.kolaji.net/wp-cron.php?doing_wp_cron=1775430999.9999918937683105468750" "WordPress/4.9.26; https://kefche.kolaji.net"
50.6.7.129 - - [06/Apr/2026:01:16:40 +0200] "GET /wp-login.php HTTP/1.1" 200 1064 "-" "Mozilla/5.0 (compatible; MSIE 9.0; Windows NT 6.1; Win64; x64; Trident/7.0)"
50.6.7.129 - - [06/Apr/2026:01:16:40 +0200] "POST /wp-login.php HTTP/1.1" 200 1420 "https://kefche.kolaji.net/wp-login.php" "Mozilla/5.0 (compatible; MSIE 9.0; Windows NT 6.1; Win64; x64; Trident/7.0)"
161.97.137.93 - - [06/Apr/2026:01:18:04 +0200] "POST /wp-cron.php?doing_wp_cron=1775431084.4710400104522705078125 HTTP/1.1" 404 16208 "https://kefche.kolaji.net/wp-cron.php?doing_wp_cron=1775431084.4710400104522705078125" "WordPress/4.9.26; https://kefche.kolaji.net"
194.163.131.184 - - [06/Apr/2026:01:18:05 +0200] "GET /wp-login.php HTTP/1.1" 200 1064 "-" "Mozilla/4.0 (compatible; MSIE 7.0; Windows NT 6.1; Trident/7.0; SLCC2; .NET CLR 2.0.50727; .NET CLR 3.5.30729; .NET CLR 3.0.30729; Media Center PC 6.0; .NET4.0C; .NET4.0E; InfoPath.3; Tablet PC 2.0)"
216.137.185.158 - - [06/Apr/2026:01:18:06 +0200] "GET /wp-login.php HTTP/1.1" 200 1064 "-" "Mozilla/5.0 (Windows NT 6.1; WOW64; Trident/7.0; MDDRJS; rv:11.0) like Gecko"
194.163.131.184 - - [06/Apr/2026:01:18:06 +0200] "POST /wp-login.php HTTP/1.1" 200 1445 "https://kefche.kolaji.net/wp-login.php" "Mozilla/4.0 (compatible; MSIE 7.0; Windows NT 6.1; Trident/7.0; SLCC2; .NET CLR 2.0.50727; .NET CLR 3.5.30729; .NET CLR 3.0.30729; Media Center PC 6.0; .NET4.0C; .NET4.0E; InfoPath.3; Tablet PC 2.0)"
216.137.185.158 - - [06/Apr/2026:01:18:08 +0200] "POST /wp-login.php HTTP/1.1" 200 1420 "https://kefche.kolaji.net/wp-login.php" "Mozilla/5.0 (Windows NT 6.1; WOW64; Trident/7.0; MDDRJS; rv:11.0) like Gecko"
161.97.137.93 - - [06/Apr/2026:01:19:12 +0200] "POST /wp-cron.php?doing_wp_cron=1775431151.9793179035186767578125 HTTP/1.1" 404 16173 "https://kefche.kolaji.net/wp-cron.php?doing_wp_cron=1775431151.9793179035186767578125" "WordPress/4.9.26; https://kefche.kolaji.net"
208.109.188.137 - - [06/Apr/2026:01:19:12 +0200] "GET /wp-login.php HTTP/1.1" 200 1064 "-" "Mozilla/4.0 (compatible; MSIE 7.0; Windows NT 6.3; WOW64; Trident/7.0; .NET4.0E; .NET4.0C; .NET CLR 3.5.30729; .NET CLR 2.0.50727; .NET CLR 3.0.30729)"
208.109.188.137 - - [06/Apr/2026:01:19:14 +0200] "POST /wp-login.php HTTP/1.1" 200 1420 "https://kefche.kolaji.net/wp-login.php" "Mozilla/4.0 (compatible; MSIE 7.0; Windows NT 6.3; WOW64; Trident/7.0; .NET4.0E; .NET4.0C; .NET CLR 3.5.30729; .NET CLR 2.0.50727; .NET CLR 3.0.30729)"
161.97.137.93 - - [06/Apr/2026:01:20:36 +0200] "POST /wp-cron.php?doing_wp_cron=1775431236.4585680961608886718750 HTTP/1.1" 404 15793 "https://kefche.kolaji.net/wp-cron.php?doing_wp_cron=1775431236.4585680961608886718750" "WordPress/4.9.26; https://kefche.kolaji.net"
50.6.231.18 - - [06/Apr/2026:01:20:36 +0200] "GET /wp-login.php HTTP/1.1" 200 1064 "-" "Mozilla/5.0 (Windows NT 6.3; WOW64; Trident/7.0; LCJB; rv:11.0) like Gecko"
50.6.231.18 - - [06/Apr/2026:01:20:39 +0200] "POST /wp-login.php HTTP/1.1" 200 1420 "https://kefche.kolaji.net/wp-login.php" "Mozilla/5.0 (Windows NT 6.3; WOW64; Trident/7.0; LCJB; rv:11.0) like Gecko"
62.171.171.199 - - [06/Apr/2026:01:20:46 +0200] "GET /wp-login.php HTTP/1.1" 200 1064 "-" "Mozilla/5.0 (Macintosh; Intel Mac OS X 10_10_5) AppleWebKit/537.36 (KHTML, like Gecko) Chrome/66.0.3359.181 Safari/537.36"
62.171.171.199 - - [06/Apr/2026:01:20:51 +0200] "POST /wp-login.php HTTP/1.1" 200 1420 "https://kefche.kolaji.net/wp-login.php" "Mozilla/5.0 (Macintosh; Intel Mac OS X 10_10_5) AppleWebKit/537.36 (KHTML, like Gecko) Chrome/66.0.3359.181 Safari/537.36"
194.163.131.184 - - [06/Apr/2026:01:20:54 +0200] "GET /wp-login.php HTTP/1.1" 200 1064 "-" "Mozilla/5.0 (Windows NT 6.1; WOW64; Trident/7.0; MATM; rv:11.0) like Gecko"
194.163.131.184 - - [06/Apr/2026:01:20:55 +0200] "POST /wp-login.php HTTP/1.1" 200 1420 "https://kefche.kolaji.net/wp-login.php" "Mozilla/5.0 (Windows NT 6.1; WOW64; Trident/7.0; MATM; rv:11.0) like Gecko"
93.93.202.44 - - [06/Apr/2026:01:21:35 +0200] "GET /wp-login.php HTTP/1.1" 200 1064 "-" "Mozilla/4.0 (compatible; MSIE 7.0; Windows NT 6.2; WOW64; Trident/7.0; .NET4.0C; .NET4.0E; .NET CLR 2.0.50727; .NET CLR 3.0.30729; .NET CLR 3.5.30729; Tablet PC 2.0; InfoPath.3)"
93.93.202.44 - - [06/Apr/2026:01:21:35 +0200] "POST /wp-login.php HTTP/1.1" 200 1420 "https://kefche.kolaji.net/wp-login.php" "Mozilla/4.0 (compatible; MSIE 7.0; Windows NT 6.2; WOW64; Trident/7.0; .NET4.0C; .NET4.0E; .NET CLR 2.0.50727; .NET CLR 3.0.30729; .NET CLR 3.5.30729; Tablet PC 2.0; InfoPath.3)"
161.97.137.93 - - [06/Apr/2026:01:22:17 +0200] "POST /wp-cron.php?doing_wp_cron=1775431336.9612979888916015625000 HTTP/1.1" 404 16031 "https://kefche.kolaji.net/wp-cron.php?doing_wp_cron=1775431336.9612979888916015625000" "WordPress/4.9.26; https://kefche.kolaji.net"
152.42.232.149 - - [06/Apr/2026:01:22:17 +0200] "GET /wp-login.php HTTP/1.1" 200 1064 "-" "Mozilla/4.0 (compatible; MSIE 7.0; Windows NT 6.1; WOW64; Trident/7.0; SLCC2; .NET CLR 2.0.50727; .NET CLR 3.5.30729; .NET CLR 3.0.30729; InfoPath.2; .NET4.0C; .NET4.0E)"
152.42.232.149 - - [06/Apr/2026:01:22:20 +0200] "POST /wp-login.php HTTP/1.1" 200 1420 "https://kefche.kolaji.net/wp-login.php" "Mozilla/4.0 (compatible; MSIE 7.0; Windows NT 6.1; WOW64; Trident/7.0; SLCC2; .NET CLR 2.0.50727; .NET CLR 3.5.30729; .NET CLR 3.0.30729; InfoPath.2; .NET4.0C; .NET4.0E)"
91.137.27.140 - - [06/Apr/2026:01:23:06 +0200] "GET /robots.txt HTTP/1.1" 200 78 "-" "Mozilla/5.0 (compatible; MJ12bot/v1.4.8; http://mj12bot.com/)"
91.137.27.140 - - [06/Apr/2026:01:23:08 +0200] "GET /dim4ou-%D0%BA%D1%8A%D0%B4%D0%B5-%D1%82%D0%B8-hrdondabeat/ HTTP/1.1" 200 19899 "-" "Mozilla/5.0 (compatible; MJ12bot/v1.4.8; http://mj12bot.com/)"
91.137.27.140 - - [06/Apr/2026:01:23:10 +0200] "GET /dim4ou-%D0%BA%D1%8A%D0%B4%D0%B5-%D1%82%D0%B8-hrdondabeat/feed/ HTTP/1.1" 200 501 "-" "Mozilla/5.0 (compatible; MJ12bot/v1.4.8; http://mj12bot.com/)"
91.137.27.140 - - [06/Apr/2026:01:23:11 +0200] "GET /gery-nikol-%D0%BC%D0%BE%D0%BC%D0%B8%D1%87%D0%B5-%D0%BA%D0%B0%D1%82%D0%BE-%D0%BC%D0%B5%D0%BD/feed/ HTTP/1.1" 200 716 "-" "Mozilla/5.0 (compatible; MJ12bot/v1.4.8; http://mj12bot.com/)"
91.137.27.140 - - [06/Apr/2026:01:23:13 +0200] "GET /gery-nikol-%D0%BC%D0%BE%D0%BC%D0%B8%D1%87%D0%B5-%D0%BA%D0%B0%D1%82%D0%BE-%D0%BC%D0%B5%D0%BD/ HTTP/1.1" 200 19954 "-" "Mozilla/5.0 (compatible; MJ12bot/v1.4.8; http://mj12bot.com/)"
91.137.27.140 - - [06/Apr/2026:01:23:15 +0200] "GET /google-chrome-%D1%85%D0%B0%D0%BF%D0%B2%D0%B0-%D1%80%D0%B0%D0%BC/ HTTP/1.1" 200 19418 "-" "Mozilla/5.0 (compatible; MJ12bot/v1.4.8; http://mj12bot.com/)"
161.97.137.93 - - [06/Apr/2026:01:23:17 +0200] "POST /wp-cron.php?doing_wp_cron=1775431397.4435911178588867187500 HTTP/1.1" 404 15736 "https://kefche.kolaji.net/wp-cron.php?doing_wp_cron=1775431397.4435911178588867187500" "WordPress/4.9.26; https://kefche.kolaji.net"
91.137.27.140 - - [06/Apr/2026:01:23:17 +0200] "GET /google-chrome-%D1%85%D0%B0%D0%BF%D0%B2%D0%B0-%D1%80%D0%B0%D0%BC/feed/ HTTP/1.1" 200 477 "-" "Mozilla/5.0 (compatible; MJ12bot/v1.4.8; http://mj12bot.com/)"
91.137.27.140 - - [06/Apr/2026:01:23:19 +0200] "GET /tag/%D0%B2%D0%B8%D1%86%D0%BE%D0%B2%D0%B5-%D0%B2-%D0%BA%D0%B0%D1%80%D1%82%D0%B8%D0%BD%D0%BA%D0%B8/ HTTP/1.1" 200 21883 "-" "Mozilla/5.0 (compatible; MJ12bot/v1.4.8; http://mj12bot.com/)"
91.137.27.140 - - [06/Apr/2026:01:23:21 +0200] "GET /tag/%D0%B2%D0%B8%D1%86%D0%BE%D0%B2%D0%B5-%D0%B2-%D0%BA%D0%B0%D1%80%D1%82%D0%B8%D0%BD%D0%BA%D0%B8/feed/ HTTP/1.1" 200 5885 "-" "Mozilla/5.0 (compatible; MJ12bot/v1.4.8; http://mj12bot.com/)"
91.137.27.140 - - [06/Apr/2026:01:23:23 +0200] "GET /tag/%D0%B2%D0%B8%D1%86%D0%BE%D0%B2%D0%B5-%D0%B2-%D0%BA%D0%B0%D1%80%D1%82%D0%B8%D0%BD%D0%BA%D0%B8/page/2/ HTTP/1.1" 200 23834 "-" "Mozilla/5.0 (compatible; MJ12bot/v1.4.8; http://mj12bot.com/)"
91.137.27.140 - - [06/Apr/2026:01:23:25 +0200] "GET /tag/%D0%B2%D0%B8%D1%86%D0%BE%D0%B2%D0%B5-%D0%B2-%D0%BA%D0%B0%D1%80%D1%82%D0%B8%D0%BD%D0%BA%D0%B8/page/3/ HTTP/1.1" 200 23405 "-" "Mozilla/5.0 (compatible; MJ12bot/v1.4.8; http://mj12bot.com/)"
91.137.27.140 - - [06/Apr/2026:01:23:27 +0200] "GET /tag/%D0%B2%D0%B8%D1%86%D0%BE%D0%B2%D0%B5-%D0%B2-%D0%BA%D0%B0%D1%80%D1%82%D0%B8%D0%BD%D0%BA%D0%B8/page/4/ HTTP/1.1" 200 23099 "-" "Mozilla/5.0 (compatible; MJ12bot/v1.4.8; http://mj12bot.com/)"
91.137.27.140 - - [06/Apr/2026:01:23:29 +0200] "GET /tag/%D0%B2%D0%B8%D1%86%D0%BE%D0%B2%D0%B5-%D0%B2-%D0%BA%D0%B0%D1%80%D1%82%D0%B8%D0%BD%D0%BA%D0%B8/page/5/ HTTP/1.1" 200 22210 "-" "Mozilla/5.0 (compatible; MJ12bot/v1.4.8; http://mj12bot.com/)"
81.29.32.213 - - [06/Apr/2026:01:23:29 +0200] "GET /wp-login.php HTTP/1.1" 200 1064 "-" "Mozilla/5.0 (Windows NT 6.1; Win64; x64) AppleWebKit/537.36 (KHTML, like Gecko) Chrome/66.0.3359.170 Safari/537.36 OPR/53.0.2907.99"
81.29.32.213 - - [06/Apr/2026:01:23:30 +0200] "POST /wp-login.php HTTP/1.1" 200 1420 "https://kefche.kolaji.net/wp-login.php" "Mozilla/5.0 (Windows NT 6.1; Win64; x64) AppleWebKit/537.36 (KHTML, like Gecko) Chrome/66.0.3359.170 Safari/537.36 OPR/53.0.2907.99"
91.137.27.140 - - [06/Apr/2026:01:23:31 +0200] "GET /tag/%D0%B2%D0%B8%D1%86%D0%BE%D0%B2%D0%B5-%D0%B2-%D0%BA%D0%B0%D1%80%D1%82%D0%B8%D0%BD%D0%BA%D0%B8/page/6/ HTTP/1.1" 200 21756 "-" "Mozilla/5.0 (compatible; MJ12bot/v1.4.8; http://mj12bot.com/)"
91.137.27.140 - - [06/Apr/2026:01:23:33 +0200] "GET /tag/%D0%B7%D0%B0%D0%B1%D0%B0%D0%B2%D0%BD%D0%B8-%D0%BA%D0%B0%D1%80%D1%82%D0%B8%D0%BD%D0%BA%D0%B8/ HTTP/1.1" 200 21979 "-" "Mozilla/5.0 (compatible; MJ12bot/v1.4.8; http://mj12bot.com/)"
91.137.27.140 - - [06/Apr/2026:01:23:35 +0200] "GET /tag/%D0%B7%D0%B0%D0%B1%D0%B0%D0%B2%D0%BD%D0%B8-%D0%BA%D0%B0%D1%80%D1%82%D0%B8%D0%BD%D0%BA%D0%B8/feed/ HTTP/1.1" 200 5875 "-" "Mozilla/5.0 (compatible; MJ12bot/v1.4.8; http://mj12bot.com/)"
91.137.27.140 - - [06/Apr/2026:01:23:37 +0200] "GET /tag/%D0%B7%D0%B0%D0%B1%D0%B0%D0%B2%D0%BD%D0%B8-%D0%BA%D0%B0%D1%80%D1%82%D0%B8%D0%BD%D0%BA%D0%B8/page/10/ HTTP/1.1" 200 17553 "-" "Mozilla/5.0 (compatible; MJ12bot/v1.4.8; http://mj12bot.com/)"
91.137.27.140 - - [06/Apr/2026:01:23:39 +0200] "GET /tag/%D0%B7%D0%B0%D0%B1%D0%B0%D0%B2%D0%BD%D0%B8-%D0%BA%D0%B0%D1%80%D1%82%D0%B8%D0%BD%D0%BA%D0%B8/page/3/ HTTP/1.1" 200 22258 "-" "Mozilla/5.0 (compatible; MJ12bot/v1.4.8; http://mj12bot.com/)"
91.137.27.140 - - [06/Apr/2026:01:23:41 +0200] "GET /tag/%D0%B7%D0%B0%D0%B1%D0%B0%D0%B2%D0%BD%D0%B8-%D0%BA%D0%B0%D1%80%D1%82%D0%B8%D0%BD%D0%BA%D0%B8/page/4/ HTTP/1.1" 200 22822 "-" "Mozilla/5.0 (compatible; MJ12bot/v1.4.8; http://mj12bot.com/)"
91.137.27.140 - - [06/Apr/2026:01:23:43 +0200] "GET /tag/%D0%B7%D0%B0%D0%B1%D0%B0%D0%B2%D0%BD%D0%B8-%D0%BA%D0%B0%D1%80%D1%82%D0%B8%D0%BD%D0%BA%D0%B8/page/5/ HTTP/1.1" 200 22553 "-" "Mozilla/5.0 (compatible; MJ12bot/v1.4.8; http://mj12bot.com/)"
91.137.27.140 - - [06/Apr/2026:01:23:45 +0200] "GET /tag/%D0%B7%D0%B0%D0%B1%D0%B0%D0%B2%D0%BD%D0%B8-%D0%BA%D0%B0%D1%80%D1%82%D0%B8%D0%BD%D0%BA%D0%B8/page/7/ HTTP/1.1" 200 21451 "-" "Mozilla/5.0 (compatible; MJ12bot/v1.4.8; http://mj12bot.com/)"
91.137.27.140 - - [06/Apr/2026:01:23:47 +0200] "GET /tag/%D0%B7%D0%B0%D0%B1%D0%B0%D0%B2%D0%BD%D0%B8-%D0%BA%D0%B0%D1%80%D1%82%D0%B8%D0%BD%D0%BA%D0%B8/page/8/ HTTP/1.1" 200 20539 "-" "Mozilla/5.0 (compatible; MJ12bot/v1.4.8; http://mj12bot.com/)"
91.137.27.140 - - [06/Apr/2026:01:23:49 +0200] "GET /tag/%D0%B7%D0%B0%D0%B1%D0%B0%D0%B2%D0%BD%D0%B8-%D0%BA%D0%B0%D1%80%D1%82%D0%B8%D0%BD%D0%BA%D0%B8/page/9/ HTTP/1.1" 200 20573 "-" "Mozilla/5.0 (compatible; MJ12bot/v1.4.8; http://mj12bot.com/)"
91.137.27.140 - - [06/Apr/2026:01:23:51 +0200] "GET /tag/%D0%BA%D0%B0%D1%80%D1%82%D0%B8%D0%BD%D0%B0/ HTTP/1.1" 200 22222 "-" "Mozilla/5.0 (compatible; MJ12bot/v1.4.8; http://mj12bot.com/)"
91.137.27.140 - - [06/Apr/2026:01:23:53 +0200] "GET /tag/%D0%BA%D0%B0%D1%80%D1%82%D0%B8%D0%BD%D0%B0/feed/ HTTP/1.1" 200 5860 "-" "Mozilla/5.0 (compatible; MJ12bot/v1.4.8; http://mj12bot.com/)"
