216.73.216.187 - - [05/Apr/2026:17:02:19 +0200] "GET /tag/%D0%B5%D0%B2%D1%80%D0%BE%D0%B4%D0%B5%D0%BF%D1%83%D1%82%D0%B0%D1%82%D1%8A%D1%82-%D0%B5%D0%BB%D0%B5%D0%BD%D0%B0-%D0%B9%D0%BE%D0%BD%D1%87%D0%B5%D0%B2%D0%B0/ HTTP/1.1" 200 15952 "https://netvesti.com/tag/%D0%B5%D0%B2%D1%80%D0%BE%D0%B4%D0%B5%D0%BF%D1%83%D1%82%D0%B0%D1%82%D1%8A%D1%82-%D0%B5%D0%BB%D0%B5%D0%BD%D0%B0-%D0%B9%D0%BE%D0%BD%D1%87%D0%B5%D0%B2%D0%B0" "Mozilla/5.0 AppleWebKit/537.36 (KHTML, like Gecko; compatible; ClaudeBot/1.0; +claudebot@anthropic.com)"
216.73.216.187 - - [05/Apr/2026:17:02:20 +0200] "GET /wp-content/uploads/2025/09/542923753_1267035352129508_4796697821653957362_n-708x420.jpg HTTP/1.1" 200 37270 "-" "Mozilla/5.0 AppleWebKit/537.36 (KHTML, like Gecko; compatible; ClaudeBot/1.0; +claudebot@anthropic.com)"
216.73.216.187 - - [05/Apr/2026:17:02:20 +0200] "GET /%D1%80%D0%B0%D1%88%D0%BA%D0%BE%D0%B2-%D0%BE%D1%82%D0%BA%D0%B0%D0%B7%D0%B0-%D0%B4%D0%B0-%D1%81%D0%B5-%D1%8F%D0%B2%D0%B8-%D0%B2-%D0%BF%D1%80%D0%BE%D0%BA%D1%83%D1%80%D0%B0%D1%82%D1%83%D1%80%D0%B0%D1%82/ HTTP/1.1" 200 79639 "https://netvesti.com/%D1%80%D0%B0%D1%88%D0%BA%D0%BE%D0%B2-%D0%BE%D1%82%D0%BA%D0%B0%D0%B7%D0%B0-%D0%B4%D0%B0-%D1%81%D0%B5-%D1%8F%D0%B2%D0%B8-%D0%B2-%D0%BF%D1%80%D0%BE%D0%BA%D1%83%D1%80%D0%B0%D1%82%D1%83%D1%80%D0%B0%D1%82" "Mozilla/5.0 AppleWebKit/537.36 (KHTML, like Gecko; compatible; ClaudeBot/1.0; +claudebot@anthropic.com)"
216.73.216.187 - - [05/Apr/2026:17:02:21 +0200] "GET /wp-content/uploads/2024/11/big_468333610_10162215958566392_3607447393977034787_n826-533x261.jpg HTTP/1.1" 200 22999 "-" "Mozilla/5.0 AppleWebKit/537.36 (KHTML, like Gecko; compatible; ClaudeBot/1.0; +claudebot@anthropic.com)"
216.73.216.187 - - [05/Apr/2026:17:02:22 +0200] "GET /wp-content/uploads/2022/08/kabinetat-prizna-gaz-nama-a-bulgargaz-nama-pari-da-go-kupi-2-50x50.jpg HTTP/1.1" 200 1600 "-" "Mozilla/5.0 AppleWebKit/537.36 (KHTML, like Gecko; compatible; ClaudeBot/1.0; +claudebot@anthropic.com)"
216.73.216.187 - - [05/Apr/2026:17:02:23 +0200] "GET /wp-content/themes/Newspaper/includes/demos/blog_health/pages/xxx_td_pic_p4_xxx HTTP/1.1" 404 12110 "-" "Mozilla/5.0 AppleWebKit/537.36 (KHTML, like Gecko; compatible; ClaudeBot/1.0; +claudebot@anthropic.com)"
216.73.216.187 - - [05/Apr/2026:17:02:24 +0200] "GET /wp-content/uploads/2022/03/276303424_10218272157068786_5229656934118999039_n-300x194.jpg HTTP/1.1" 200 10354 "-" "Mozilla/5.0 AppleWebKit/537.36 (KHTML, like Gecko; compatible; ClaudeBot/1.0; +claudebot@anthropic.com)"
91.92.243.248 - - [05/Apr/2026:17:02:24 +0200] "POST /wp-login.php HTTP/1.1" 200 1539 "-" "Mozilla/5.0"
216.73.216.187 - - [05/Apr/2026:17:02:24 +0200] "GET /wp-content/uploads/2023/04/karbovski-veche-nama-hora-koito-da-izlazat-i-da-se-sbiat-s-policiata-1-533x261.jpg HTTP/1.1" 200 17070 "-" "Mozilla/5.0 AppleWebKit/537.36 (KHTML, like Gecko; compatible; ClaudeBot/1.0; +claudebot@anthropic.com)"
91.92.243.248 - - [05/Apr/2026:17:02:24 +0200] "POST /wp-login.php HTTP/1.1" 200 1554 "-" "Mozilla/5.0"
91.92.243.248 - - [05/Apr/2026:17:02:24 +0200] "POST /wp-login.php HTTP/1.1" 200 1552 "-" "Mozilla/5.0"
91.92.243.248 - - [05/Apr/2026:17:02:24 +0200] "POST /wp-login.php HTTP/1.1" 200 1550 "-" "Mozilla/5.0"
91.92.243.248 - - [05/Apr/2026:17:02:24 +0200] "POST /wp-login.php HTTP/1.1" 200 1554 "-" "Mozilla/5.0"
91.92.243.248 - - [05/Apr/2026:17:02:24 +0200] "POST /wp-login.php HTTP/1.1" 200 1551 "-" "Mozilla/5.0"
91.92.243.248 - - [05/Apr/2026:17:02:24 +0200] "POST /wp-login.php HTTP/1.1" 200 1554 "-" "Mozilla/5.0"
216.73.216.187 - - [05/Apr/2026:17:02:24 +0200] "GET /wp-content/uploads/2024/11/big_468333610_10162215958566392_3607447393977034787_n826-150x150.jpg HTTP/1.1" 200 6008 "-" "Mozilla/5.0 AppleWebKit/537.36 (KHTML, like Gecko; compatible; ClaudeBot/1.0; +claudebot@anthropic.com)"
91.92.243.248 - - [05/Apr/2026:17:02:24 +0200] "POST /wp-login.php HTTP/1.1" 200 1552 "-" "Mozilla/5.0"
91.92.243.248 - - [05/Apr/2026:17:02:25 +0200] "POST /wp-login.php HTTP/1.1" 200 1550 "-" "Mozilla/5.0"
91.92.243.248 - - [05/Apr/2026:17:02:25 +0200] "POST /wp-login.php HTTP/1.1" 200 1554 "-" "Mozilla/5.0"
91.92.243.248 - - [05/Apr/2026:17:02:25 +0200] "POST /wp-login.php HTTP/1.1" 200 1553 "-" "Mozilla/5.0"
216.73.216.187 - - [05/Apr/2026:17:02:25 +0200] "GET /wp-content/uploads/2022/08/kabinetat-prizna-gaz-nama-a-bulgargaz-nama-pari-da-go-kupi-2-696x385.jpg HTTP/1.1" 200 39299 "-" "Mozilla/5.0 AppleWebKit/537.36 (KHTML, like Gecko; compatible; ClaudeBot/1.0; +claudebot@anthropic.com)"
216.73.216.187 - - [05/Apr/2026:17:02:25 +0200] "GET /wp-content/uploads/2023/04/karbovski-veche-nama-hora-koito-da-izlazat-i-da-se-sbiat-s-policiata-1-534x462.jpg HTTP/1.1" 200 27618 "-" "Mozilla/5.0 AppleWebKit/537.36 (KHTML, like Gecko; compatible; ClaudeBot/1.0; +claudebot@anthropic.com)"
216.73.216.187 - - [05/Apr/2026:17:02:26 +0200] "GET /wp-content/uploads/2022/08/georgi-angelov-pri-evtinia-petrol-koito-balgaria-plashta-cenata-na-benzina-trabva-da-e-2-leva-a-e-nad-3-1-150x150.jpg HTTP/1.1" 200 5868 "-" "Mozilla/5.0 AppleWebKit/537.36 (KHTML, like Gecko; compatible; ClaudeBot/1.0; +claudebot@anthropic.com)"
216.73.216.187 - - [05/Apr/2026:17:02:27 +0200] "GET /wp-content/uploads/2022/02/274134622_10218783497798509_3109586358128628475_n-324x235.jpg HTTP/1.1" 200 8346 "-" "Mozilla/5.0 AppleWebKit/537.36 (KHTML, like Gecko; compatible; ClaudeBot/1.0; +claudebot@anthropic.com)"
216.73.216.187 - - [05/Apr/2026:17:02:27 +0200] "GET /wp-content/uploads/2025/06/511664416_24334892756108348_4416221990711526271_n-300x240.jpg HTTP/1.1" 200 20468 "-" "Mozilla/5.0 AppleWebKit/537.36 (KHTML, like Gecko; compatible; ClaudeBot/1.0; +claudebot@anthropic.com)"
216.73.216.187 - - [05/Apr/2026:17:02:27 +0200] "GET /wp-content/uploads/2023/04/karbovski-veche-nama-hora-koito-da-izlazat-i-da-se-sbiat-s-policiata-1-324x235.jpg HTTP/1.1" 200 11143 "-" "Mozilla/5.0 AppleWebKit/537.36 (KHTML, like Gecko; compatible; ClaudeBot/1.0; +claudebot@anthropic.com)"
216.73.216.187 - - [05/Apr/2026:17:02:28 +0200] "GET /wp-content/uploads/2025/11/591264614_1341456508020725_5401317922340641505_n-1068x580.jpg HTTP/1.1" 200 57059 "-" "Mozilla/5.0 AppleWebKit/537.36 (KHTML, like Gecko; compatible; ClaudeBot/1.0; +claudebot@anthropic.com)"
216.73.216.187 - - [05/Apr/2026:17:02:29 +0200] "GET /wp-content/uploads/2022/08/kabinetat-prizna-gaz-nama-a-bulgargaz-nama-pari-da-go-kupi-2-534x462.jpg HTTP/1.1" 200 33538 "-" "Mozilla/5.0 AppleWebKit/537.36 (KHTML, like Gecko; compatible; ClaudeBot/1.0; +claudebot@anthropic.com)"
216.73.216.187 - - [05/Apr/2026:17:02:29 +0200] "GET /wp-content/uploads/2022/09/307302232_453918026772198_3220489176306803163_n-300x289.jpg HTTP/1.1" 200 14648 "-" "Mozilla/5.0 AppleWebKit/537.36 (KHTML, like Gecko; compatible; ClaudeBot/1.0; +claudebot@anthropic.com)"
216.73.216.187 - - [05/Apr/2026:17:02:30 +0200] "GET /wp-content/uploads/2022/08/kabinetat-prizna-gaz-nama-a-bulgargaz-nama-pari-da-go-kupi-2-324x235.jpg HTTP/1.1" 200 15226 "-" "Mozilla/5.0 AppleWebKit/537.36 (KHTML, like Gecko; compatible; ClaudeBot/1.0; +claudebot@anthropic.com)"
216.244.66.232 - - [05/Apr/2026:17:02:30 +0200] "GET /%D0%B2%D1%8A%D0%B7%D1%80%D0%B0%D0%B6%D0%B4%D0%B0%D0%BD%D0%B5-%D0%B1%D0%B8%D1%82%D0%BE%D0%B2%D0%B8%D1%82%D0%B5-%D0%BF%D0%BE%D1%82%D1%80%D0%B5%D0%B1%D0%B8%D1%82%D0%B5%D0%BB%D0%B8/ HTTP/1.1" 200 34640 "-" "Mozilla/5.0 (compatible; DotBot/1.2; +https://opensiteexplorer.org/dotbot; help@moz.com)"
216.73.216.187 - - [05/Apr/2026:17:02:31 +0200] "GET /wp-content/uploads/2022/08/kabinetat-prizna-gaz-nama-a-bulgargaz-nama-pari-da-go-kupi-2-533x261.jpg HTTP/1.1" 200 23037 "-" "Mozilla/5.0 AppleWebKit/537.36 (KHTML, like Gecko; compatible; ClaudeBot/1.0; +claudebot@anthropic.com)"
216.73.216.187 - - [05/Apr/2026:17:02:31 +0200] "GET /wp-content/uploads/2025/09/542923753_1267035352129508_4796697821653957362_n-534x424.jpg HTTP/1.1" 200 34529 "-" "Mozilla/5.0 AppleWebKit/537.36 (KHTML, like Gecko; compatible; ClaudeBot/1.0; +claudebot@anthropic.com)"
216.73.216.187 - - [05/Apr/2026:17:02:31 +0200] "GET /wp-content/uploads/2024/07/451501821_10219623596580933_1213869410060329265_n-768x520-300x203.jpg HTTP/1.1" 200 11411 "-" "Mozilla/5.0 AppleWebKit/537.36 (KHTML, like Gecko; compatible; ClaudeBot/1.0; +claudebot@anthropic.com)"
216.73.216.187 - - [05/Apr/2026:17:02:32 +0200] "GET /tag/%D0%BA%D0%BE%D1%81%D1%82%D0%B0%D0%B4%D0%B8%D0%BD-%D0%BA%D0%BE%D1%81%D1%82%D0%B0%D0%B4%D0%B8%D0%BD%D0%BE%D0%B2 HTTP/1.1" 301 0 "-" "Mozilla/5.0 AppleWebKit/537.36 (KHTML, like Gecko; compatible; ClaudeBot/1.0; +claudebot@anthropic.com)"
216.73.216.187 - - [05/Apr/2026:17:02:33 +0200] "GET /tag/%D0%BA%D0%BE%D1%81%D1%82%D0%B0%D0%B4%D0%B8%D0%BD-%D0%BA%D0%BE%D1%81%D1%82%D0%B0%D0%B4%D0%B8%D0%BD%D0%BE%D0%B2/ HTTP/1.1" 200 16269 "https://netvesti.com/tag/%D0%BA%D0%BE%D1%81%D1%82%D0%B0%D0%B4%D0%B8%D0%BD-%D0%BA%D0%BE%D1%81%D1%82%D0%B0%D0%B4%D0%B8%D0%BD%D0%BE%D0%B2" "Mozilla/5.0 AppleWebKit/537.36 (KHTML, like Gecko; compatible; ClaudeBot/1.0; +claudebot@anthropic.com)"
216.73.216.187 - - [05/Apr/2026:17:02:34 +0200] "GET /tag/%d0%b7%d0%b0-%d0%b4%d0%b0-%d0%b3%d0%be%d1%82%d0%b2%d0%b8-%d1%81%d1%82%d1%80%d0%b0%d0%bd%d0%b0%d1%82%d0%b0-%d0%b7%d0%b0-%d0%b2%d1%82%d0%be%d1%80%d0%b0%d1%82%d0%b0-%d0%b2%d1%8a%d0%bb%d0%bd%d0%b0/feed HTTP/1.1" 301 0 "-" "Mozilla/5.0 AppleWebKit/537.36 (KHTML, like Gecko; compatible; ClaudeBot/1.0; +claudebot@anthropic.com)"
216.73.216.187 - - [05/Apr/2026:17:02:35 +0200] "GET /tag/%d0%b7%d0%b0-%d0%b4%d0%b0-%d0%b3%d0%be%d1%82%d0%b2%d0%b8-%d1%81%d1%82%d1%80%d0%b0%d0%bd%d0%b0%d1%82%d0%b0-%d0%b7%d0%b0-%d0%b2%d1%82%d0%be%d1%80%d0%b0%d1%82%d0%b0-%d0%b2%d1%8a%d0%bb%d0%bd%d0%b0/feed/ HTTP/1.1" 200 3484 "https://netvesti.com/tag/%d0%b7%d0%b0-%d0%b4%d0%b0-%d0%b3%d0%be%d1%82%d0%b2%d0%b8-%d1%81%d1%82%d1%80%d0%b0%d0%bd%d0%b0%d1%82%d0%b0-%d0%b7%d0%b0-%d0%b2%d1%82%d0%be%d1%80%d0%b0%d1%82%d0%b0-%d0%b2%d1%8a%d0%bb%d0%bd%d0%b0/feed" "Mozilla/5.0 AppleWebKit/537.36 (KHTML, like Gecko; compatible; ClaudeBot/1.0; +claudebot@anthropic.com)"
216.73.216.187 - - [05/Apr/2026:17:02:35 +0200] "GET /tag/%d0%b7%d0%b0-%d0%b4%d0%b0-%d0%b3%d0%be%d1%82%d0%b2%d0%b8-%d1%81%d1%82%d1%80%d0%b0%d0%bd%d0%b0%d1%82%d0%b0-%d0%b7%d0%b0-%d0%b2%d1%82%d0%be%d1%80%d0%b0%d1%82%d0%b0-%d0%b2%d1%8a%d0%bb%d0%bd%d0%b0 HTTP/1.1" 301 0 "-" "Mozilla/5.0 AppleWebKit/537.36 (KHTML, like Gecko; compatible; ClaudeBot/1.0; +claudebot@anthropic.com)"
216.73.216.187 - - [05/Apr/2026:17:02:36 +0200] "GET /tag/%d0%b7%d0%b0-%d0%b4%d0%b0-%d0%b3%d0%be%d1%82%d0%b2%d0%b8-%d1%81%d1%82%d1%80%d0%b0%d0%bd%d0%b0%d1%82%d0%b0-%d0%b7%d0%b0-%d0%b2%d1%82%d0%be%d1%80%d0%b0%d1%82%d0%b0-%d0%b2%d1%8a%d0%bb%d0%bd%d0%b0/ HTTP/1.1" 200 13464 "https://netvesti.com/tag/%d0%b7%d0%b0-%d0%b4%d0%b0-%d0%b3%d0%be%d1%82%d0%b2%d0%b8-%d1%81%d1%82%d1%80%d0%b0%d0%bd%d0%b0%d1%82%d0%b0-%d0%b7%d0%b0-%d0%b2%d1%82%d0%be%d1%80%d0%b0%d1%82%d0%b0-%d0%b2%d1%8a%d0%bb%d0%bd%d0%b0" "Mozilla/5.0 AppleWebKit/537.36 (KHTML, like Gecko; compatible; ClaudeBot/1.0; +claudebot@anthropic.com)"
216.73.216.187 - - [05/Apr/2026:17:02:37 +0200] "GET /%d0%bc%d0%bb%d0%b0%d0%b4%d0%b8%d1%82%d0%b5-%d0%bb%d0%b5%d0%ba%d0%b0%d1%80%d0%b8-%d0%bd%d0%b5-%d0%bf%d1%80%d0%b8%d0%b5%d0%bc%d0%b0%d1%82-%d0%b8%d0%b7%d0%b2%d0%b8%d0%bd%d0%b5%d0%bd%d0%b8%d0%b5%d1%82 HTTP/1.1" 301 0 "-" "Mozilla/5.0 AppleWebKit/537.36 (KHTML, like Gecko; compatible; ClaudeBot/1.0; +claudebot@anthropic.com)"
216.73.216.187 - - [05/Apr/2026:17:02:38 +0200] "GET /%d0%bc%d0%bb%d0%b0%d0%b4%d0%b8%d1%82%d0%b5-%d0%bb%d0%b5%d0%ba%d0%b0%d1%80%d0%b8-%d0%bd%d0%b5-%d0%bf%d1%80%d0%b8%d0%b5%d0%bc%d0%b0%d1%82-%d0%b8%d0%b7%d0%b2%d0%b8%d0%bd%d0%b5%d0%bd%d0%b8%d0%b5%d1%82/ HTTP/1.1" 200 41177 "https://netvesti.com/%d0%bc%d0%bb%d0%b0%d0%b4%d0%b8%d1%82%d0%b5-%d0%bb%d0%b5%d0%ba%d0%b0%d1%80%d0%b8-%d0%bd%d0%b5-%d0%bf%d1%80%d0%b8%d0%b5%d0%bc%d0%b0%d1%82-%d0%b8%d0%b7%d0%b2%d0%b8%d0%bd%d0%b5%d0%bd%d0%b8%d0%b5%d1%82" "Mozilla/5.0 AppleWebKit/537.36 (KHTML, like Gecko; compatible; ClaudeBot/1.0; +claudebot@anthropic.com)"
216.73.216.187 - - [05/Apr/2026:17:02:38 +0200] "GET /%d0%b4%d0%b5%d0%ba%d0%bb%d0%b0%d1%80%d0%b0%d1%86%d0%b8%d1%8f%d1%82%d0%b0-%d0%b7%d0%b0-%d0%bf%d0%be%d0%b2%d0%b5%d1%80%d0%b8%d1%82%d0%b5%d0%bb%d0%bd%d0%be%d1%81%d1%82 HTTP/1.1" 301 0 "-" "Mozilla/5.0 AppleWebKit/537.36 (KHTML, like Gecko; compatible; ClaudeBot/1.0; +claudebot@anthropic.com)"
216.244.66.232 - - [05/Apr/2026:17:02:38 +0200] "GET /%D0%BC%D0%BE%D0%BC%D0%B8%D1%87%D0%B5-%D0%BE%D1%82-%D1%80%D1%83%D1%81%D0%B5-%D0%B0%D0%B4%D1%81%D0%BA%D0%B8-%D1%81%D1%8A%D0%BC-%D1%8F%D0%B4%D0%BE%D1%81%D0%B0%D0%BD%D0%B0-%D0%BD%D0%B0-%D1%82%D0%B0%D0%B7/ HTTP/1.1" 200 19534 "-" "Mozilla/5.0 (compatible; DotBot/1.2; +https://opensiteexplorer.org/dotbot; help@moz.com)"
216.73.216.187 - - [05/Apr/2026:17:02:39 +0200] "GET /%d0%b4%d0%b5%d0%ba%d0%bb%d0%b0%d1%80%d0%b0%d1%86%d0%b8%d1%8f%d1%82%d0%b0-%d0%b7%d0%b0-%d0%bf%d0%be%d0%b2%d0%b5%d1%80%d0%b8%d1%82%d0%b5%d0%bb%d0%bd%d0%be%d1%81%d1%82/ HTTP/1.1" 200 16246 "https://netvesti.com/%d0%b4%d0%b5%d0%ba%d0%bb%d0%b0%d1%80%d0%b0%d1%86%d0%b8%d1%8f%d1%82%d0%b0-%d0%b7%d0%b0-%d0%bf%d0%be%d0%b2%d0%b5%d1%80%d0%b8%d1%82%d0%b5%d0%bb%d0%bd%d0%be%d1%81%d1%82" "Mozilla/5.0 AppleWebKit/537.36 (KHTML, like Gecko; compatible; ClaudeBot/1.0; +claudebot@anthropic.com)"
216.73.216.187 - - [05/Apr/2026:17:02:40 +0200] "GET /tag/%d0%bf%d1%80%d0%b5%d1%81%d1%82%d1%8a%d0%bf%d0%bd%d0%b8%d0%ba%d0%b0-%d0%b1%d0%be%d1%80%d0%b8%d1%81%d0%be%d0%b2/page/31 HTTP/1.1" 301 0 "-" "Mozilla/5.0 AppleWebKit/537.36 (KHTML, like Gecko; compatible; ClaudeBot/1.0; +claudebot@anthropic.com)"
114.119.158.128 - - [05/Apr/2026:17:02:41 +0200] "GET /wp-content/themes/Newspaper/includes/demos/blog_health/td_media_2.php HTTP/1.1" 500 0 "https://netvesti.com/wp-content/themes/Newspaper/includes/demos/blog_health/?C=D%3BO%3DA" "Mozilla/5.0 (Linux; Android 7.0;) AppleWebKit/537.36 (KHTML, like Gecko) Mobile Safari/537.36 (compatible; PetalBot;+https://webmaster.petalsearch.com/site/petalbot)"
216.73.216.187 - - [05/Apr/2026:17:02:42 +0200] "GET /tag/%d0%bf%d1%80%d0%b5%d1%81%d1%82%d1%8a%d0%bf%d0%bd%d0%b8%d0%ba%d0%b0-%d0%b1%d0%be%d1%80%d0%b8%d1%81%d0%be%d0%b2/page/31/ HTTP/1.1" 200 16180 "https://netvesti.com/tag/%d0%bf%d1%80%d0%b5%d1%81%d1%82%d1%8a%d0%bf%d0%bd%d0%b8%d0%ba%d0%b0-%d0%b1%d0%be%d1%80%d0%b8%d1%81%d0%be%d0%b2/page/31" "Mozilla/5.0 AppleWebKit/537.36 (KHTML, like Gecko; compatible; ClaudeBot/1.0; +claudebot@anthropic.com)"
216.73.216.187 - - [05/Apr/2026:17:02:42 +0200] "GET /wp-content/uploads/2020/04/d0bcd183d0b7d0b8d0bad0b0-d0b7d0b0-d0bdd0b0d0b4d0b5d0b6d0b4d0b0-d0bdd0b0-d0b0d0bdd0b4d180d0b5d0b0-d0b1d0bed187d0b5d0bbd0b8-218x150.jpg HTTP/1.1" 200 9092 "-" "Mozilla/5.0 AppleWebKit/537.36 (KHTML, like Gecko; compatible; ClaudeBot/1.0; +claudebot@anthropic.com)"
216.73.216.187 - - [05/Apr/2026:17:02:42 +0200] "GET /wp-content/uploads/2020/12/ima-hora-koito-nikoga-niama-da-se-229-533x261.png HTTP/1.1" 200 220702 "-" "Mozilla/5.0 AppleWebKit/537.36 (KHTML, like Gecko; compatible; ClaudeBot/1.0; +claudebot@anthropic.com)"
216.73.216.187 - - [05/Apr/2026:17:02:43 +0200] "GET /wp-content/uploads/2023/04/10-1_3633042631429356621_big-300x160.jpg HTTP/1.1" 200 10579 "-" "Mozilla/5.0 AppleWebKit/537.36 (KHTML, like Gecko; compatible; ClaudeBot/1.0; +claudebot@anthropic.com)"
216.73.216.187 - - [05/Apr/2026:17:02:43 +0200] "GET /wp-content/uploads/2020/07/d0bad0b0d0ba-d0bed0bdd0bbd0b0d0b9d0bd-d0b7d0b0d0bbd0bed0b7d0b8d182d0b5-d0bfd0b5d187d0b5d0bbd18fd182-d0b1d0b8d182d0bad0b0d182d0b0-d0b7-265x198.jpg HTTP/1.1" 200 12476 "-" "Mozilla/5.0 AppleWebKit/537.36 (KHTML, like Gecko; compatible; ClaudeBot/1.0; +claudebot@anthropic.com)"
216.73.216.187 - - [05/Apr/2026:17:02:43 +0200] "GET /wp-content/uploads/2020/04/d0bbd0b5d0b3d0b5d0bdd0b4d0b0d182d0b0-d181d0b5d0bcd0b8-d188d0b8d0bbd182-d181-d0bed0bdd0bbd0b0d0b9d0bd-d0bcd0b0d181d182d18ad180d0bad0bb-218x150.jpg HTTP/1.1" 200 9165 "-" "Mozilla/5.0 AppleWebKit/537.36 (KHTML, like Gecko; compatible; ClaudeBot/1.0; +claudebot@anthropic.com)"
216.73.216.187 - - [05/Apr/2026:17:02:44 +0200] "GET /wp-content/uploads/2020/12/antitelata-ne-lekuvat-koronavirusa-811-1-150x150.jpg HTTP/1.1" 200 4945 "-" "Mozilla/5.0 AppleWebKit/537.36 (KHTML, like Gecko; compatible; ClaudeBot/1.0; +claudebot@anthropic.com)"
216.73.216.187 - - [05/Apr/2026:17:02:45 +0200] "GET /wp-content/uploads/2020/06/d0b1d0bed0bbd0bdd0b8d186d0b8d182d0b5-d0b2-d0b3d0bed182d0bed0b2d0bdd0bed181d182-d0b7d0b0-d0bfd0b0d0bdd0b4d0b5d0bcd0b8d18f-d0bed182-d0ba-300x225.jpg HTTP/1.1" 200 11881 "-" "Mozilla/5.0 AppleWebKit/537.36 (KHTML, like Gecko; compatible; ClaudeBot/1.0; +claudebot@anthropic.com)"
216.73.216.187 - - [05/Apr/2026:17:02:45 +0200] "GET /wp-content/uploads/2020/04/d0bfd18ad180d0b2d0b8-d181d0bbd183d187d0b0d0b9-d0bdd0b0-covid-19-d0b2-d0b9d0b5d0bcd0b5d0bd-356x359.jpg HTTP/1.1" 200 16188 "-" "Mozilla/5.0 AppleWebKit/537.36 (KHTML, like Gecko; compatible; ClaudeBot/1.0; +claudebot@anthropic.com)"
216.73.216.187 - - [05/Apr/2026:17:02:46 +0200] "GET /wp-content/uploads/2020/02/d0b2d0b8d182d0bed188d0bad0b0-d0bfd180d0b8d0bcd0b5d180-d0b7d0b0-d181d0bbd0b0d0b1d0b8-d0b8d0bdd181d182d0b8d182d183d186d0b8d0b8-d0b8-356x364.jpg HTTP/1.1" 200 25055 "-" "Mozilla/5.0 AppleWebKit/537.36 (KHTML, like Gecko; compatible; ClaudeBot/1.0; +claudebot@anthropic.com)"
216.73.216.187 - - [05/Apr/2026:17:02:46 +0200] "GET /wp-content/uploads/2021/04/mika_zaikova_novatv-768x432-768x432.jpg HTTP/1.1" 200 48568 "-" "Mozilla/5.0 AppleWebKit/537.36 (KHTML, like Gecko; compatible; ClaudeBot/1.0; +claudebot@anthropic.com)"
216.73.216.187 - - [05/Apr/2026:17:02:47 +0200] "GET /wp-content/uploads/2020/05/d180d183d181d0bad0b8d0bdd18f-d0bed186d0b5d0bbd18fd0bbd0b0-d0bfd180d0b8-d0bed0b1d181d0b0d0b4d0b0d182d0b0-d0bdd0b0-d0bbd0b5d0bdd0b8d0bd-100x70.jpg HTTP/1.1" 200 2692 "-" "Mozilla/5.0 AppleWebKit/537.36 (KHTML, like Gecko; compatible; ClaudeBot/1.0; +claudebot@anthropic.com)"
216.73.216.187 - - [05/Apr/2026:17:02:47 +0200] "GET /wp-content/uploads/2020/07/d0b1d180d183d182d0b0d0bbd0bdd0be-d181d180d18ad0b1d181d0bad0b8-d0bfd0bed0bbd0b8d186d0b0d0b8-d0b1d0b8d18fd182-d0bcd0bbd0b0d0b4d0b5d0b6-80x60.jpg HTTP/1.1" 200 1887 "-" "Mozilla/5.0 AppleWebKit/537.36 (KHTML, like Gecko; compatible; ClaudeBot/1.0; +claudebot@anthropic.com)"
216.73.216.187 - - [05/Apr/2026:17:02:48 +0200] "GET /wp-content/uploads/2020/05/d0b8d0b7d0bcd0b0d0bcd0bdd0b8d0ba-d181d0b5-d0bfd180d0b5d0b4d181d182d0b0d0b2d0b8-d0b7d0b0-d0bed0b1d189d0b8d0bdd0b0d180-d0bed182d0bdd0b5-1-533x261.jpg HTTP/1.1" 200 28415 "-" "Mozilla/5.0 AppleWebKit/537.36 (KHTML, like Gecko; compatible; ClaudeBot/1.0; +claudebot@anthropic.com)"
216.73.216.187 - - [05/Apr/2026:17:02:49 +0200] "GET /wp-content/uploads/2020/05/d0bbd0b5d0b2d181d0bad0b8-d0bdd0b5-d0bcd0bed0b6d0b5-d0b4d0b0-d181d0b8-d0bfd0bbd0b0d182d0b8-d0b4d0bed180d0b8-d0b5d0bad0b8d0bfd0b8d180-100x70.jpg HTTP/1.1" 200 2999 "-" "Mozilla/5.0 AppleWebKit/537.36 (KHTML, like Gecko; compatible; ClaudeBot/1.0; +claudebot@anthropic.com)"
216.73.216.187 - - [05/Apr/2026:17:02:49 +0200] "GET /wp-content/uploads/2020/05/d0bdd0b0d180d0b5d0b4d0b8d185d0b0-d0b3d180d0b8d188d0be-d0b1d0bbd0b8d0b7d0be-d0b4d0be-d0b4d0b6d0bed0bad0bed0b2d0b8d187-d0bdd0b0d0b4d0b0-324x235.jpg HTTP/1.1" 200 14227 "-" "Mozilla/5.0 AppleWebKit/537.36 (KHTML, like Gecko; compatible; ClaudeBot/1.0; +claudebot@anthropic.com)"
216.73.216.187 - - [05/Apr/2026:17:02:50 +0200] "GET /wp-content/uploads/2021/04/mika_zaikova_novatv-768x432-534x432.jpg HTTP/1.1" 200 38755 "-" "Mozilla/5.0 AppleWebKit/537.36 (KHTML, like Gecko; compatible; ClaudeBot/1.0; +claudebot@anthropic.com)"
216.73.216.187 - - [05/Apr/2026:17:02:50 +0200] "GET /wp-content/uploads/2020/07/d0bed182-d0b5d181-d0b3d18ad180d186d0b8d18f-d0bfd0bed0bbd183d187d0b0d0b2d0b0-e70-d0bcd0bbd180d0b4-d0bad0b8d0bfd18ad180-27-d0bcd0bb-600x385.jpg HTTP/1.1" 200 31150 "-" "Mozilla/5.0 AppleWebKit/537.36 (KHTML, like Gecko; compatible; ClaudeBot/1.0; +claudebot@anthropic.com)"
216.73.216.187 - - [05/Apr/2026:17:02:51 +0200] "GET /wp-content/uploads/2020/07/d183d0b8d0bad0b5d0bdd0b4-d0bfd0bed187d0b8d0b2d0bad0b0-d0bdd0b0-d0bfd0bbd0b0d0bdd0b8d0bdd0b0-d0bdd0b8-d181d182d180d183d0b2d0b0-d0bed0ba-218x150.jpg HTTP/1.1" 200 11620 "-" "Mozilla/5.0 AppleWebKit/537.36 (KHTML, like Gecko; compatible; ClaudeBot/1.0; +claudebot@anthropic.com)"
216.73.216.187 - - [05/Apr/2026:17:02:51 +0200] "GET /wp-content/uploads/2020/06/d0b1d0b5d0b7-d182d0bed0bfd0bbd0b0-d0b2d0bed0b4d0b0-d0b4d0b2d0b0-d0bcd0b5d181d0b5d186d0b0-d0b2-d181d0bed184d0b8d18f-d181d0b0-d0b3d0be-218x150.jpg HTTP/1.1" 200 8099 "-" "Mozilla/5.0 AppleWebKit/537.36 (KHTML, like Gecko; compatible; ClaudeBot/1.0; +claudebot@anthropic.com)"
216.73.216.187 - - [05/Apr/2026:17:02:52 +0200] "GET /wp-content/uploads/2019/11/d0bfd180d0bed0b2d0b5d180d0b8d185d0b0-d0b8d0b7d0b2d18ad0bdd180d0b5d0b4d0bdd0be-d18fd0b7d0bed0b2d0b8d180-d181d182d183d0b4d0b5d0bdd0b0-533x261.jpg HTTP/1.1" 200 29237 "-" "Mozilla/5.0 AppleWebKit/537.36 (KHTML, like Gecko; compatible; ClaudeBot/1.0; +claudebot@anthropic.com)"
216.73.216.187 - - [05/Apr/2026:17:02:52 +0200] "GET /wp-content/uploads/2020/03/d0bdd0b0d0b4-d0bcd0b8d0bbd0b8d0b0d180d0b4-d183d181d182d180d0bed0b9d181d182d0b2d0b0-d181-d0b0d0bdd0b4d180d0bed0b8d0b4-d0b2-d0bed0bfd0b0-218x150.jpg HTTP/1.1" 200 9751 "-" "Mozilla/5.0 AppleWebKit/537.36 (KHTML, like Gecko; compatible; ClaudeBot/1.0; +claudebot@anthropic.com)"
216.73.216.187 - - [05/Apr/2026:17:02:53 +0200] "GET /wp-content/uploads/2020/04/d0b2-d182d183d180d186d0b8d18f-d180d0b0d0b7d0b4d0b0d0b2d0b0d182-d0b1d0b5d0b7d0bfd0bbd0b0d182d0bdd0b8-d0bcd0b0d181d0bad0b8-d0bd-218x150.jpg HTTP/1.1" 200 9039 "-" "Mozilla/5.0 AppleWebKit/537.36 (KHTML, like Gecko; compatible; ClaudeBot/1.0; +claudebot@anthropic.com)"
216.73.216.187 - - [05/Apr/2026:17:02:53 +0200] "GET /wp-content/uploads/2020/06/d0bbd183d0b4d0bed0b3d0bed180d0b5d186-d0bed182d0bdd0b5d181d0b5-d0bbd0bed0bad0be-d0bfd0bbd0bed0b2d0b4d0b8d0b2-d181-61-300x180.jpg HTTP/1.1" 200 11570 "-" "Mozilla/5.0 AppleWebKit/537.36 (KHTML, like Gecko; compatible; ClaudeBot/1.0; +claudebot@anthropic.com)"
216.73.216.187 - - [05/Apr/2026:17:02:54 +0200] "GET /wp-content/uploads/2020/02/d0bfd183d188d0b0d187d0b8-vs-d0bdd0b5d0bfd183d188d0b0d187d0b8-d0b4d0b0-d0b8d0bcd0b0d182-d0bbd0b8-d0bfd0bed0b2d0b5d187d0b5-d0b3d0bed0b4-534x450.jpg HTTP/1.1" 200 21986 "-" "Mozilla/5.0 AppleWebKit/537.36 (KHTML, like Gecko; compatible; ClaudeBot/1.0; +claudebot@anthropic.com)"
216.73.216.187 - - [05/Apr/2026:17:02:54 +0200] "GET /wp-content/uploads/2020/04/d0bfd0bed0bbd0b8d186d0b5d0b9d181d0bad0b8-d0bbd0b5d0bdd182d0b8-d0b8-d0bfd0b0d182d180d183d0bbd0b8-d0bdd0bed0b2d0b0-d181d0b5d0b4-324x400.jpg HTTP/1.1" 200 28523 "-" "Mozilla/5.0 AppleWebKit/537.36 (KHTML, like Gecko; compatible; ClaudeBot/1.0; +claudebot@anthropic.com)"
216.73.216.187 - - [05/Apr/2026:17:02:55 +0200] "GET /wp-content/uploads/2020/01/d182d183d180d187d0b8d0bd-d0bed0bfd0b8d182d0b0-d0b4d0b0-d0bdd0b0d0bfd0b0d0b4d0bdd0b5-d0b3d0b5d180d0bcd0b0d0bdd181d0bad0b8-d0bfd0bed0bb-265x198.jpg HTTP/1.1" 200 13923 "-" "Mozilla/5.0 AppleWebKit/537.36 (KHTML, like Gecko; compatible; ClaudeBot/1.0; +claudebot@anthropic.com)"
216.73.216.187 - - [05/Apr/2026:17:02:55 +0200] "GET /wp-content/uploads/2020/05/d0bdd0b0d0b9-d0bcd0bbd0b0d0b4d0b8d182d0b5-d0bcd0b0d0b9d0bad0b8-d0b2-d0b5d181-d0b2d181d0b5-d182d0b0d0bad0b0-d181d0b0-d0b2-d0b1d18ad0bb-100x70.jpg HTTP/1.1" 200 2318 "-" "Mozilla/5.0 AppleWebKit/537.36 (KHTML, like Gecko; compatible; ClaudeBot/1.0; +claudebot@anthropic.com)"
216.73.216.187 - - [05/Apr/2026:17:02:56 +0200] "GET /wp-content/uploads/2020/01/d0bcd0b0d180d0b8d186d0b0-d0bdd0b8d0bad0bed0b3d0b0-d0bdd0b5-d0b5-d0b1d0b8d0bbd0b0-d0b7d0b0d0bcd18ad180d181d18fd0b2d0b0d0bdd0b0-d182d0b0-533x261.jpg HTTP/1.1" 200 46231 "-" "Mozilla/5.0 AppleWebKit/537.36 (KHTML, like Gecko; compatible; ClaudeBot/1.0; +claudebot@anthropic.com)"
216.73.216.187 - - [05/Apr/2026:17:02:56 +0200] "GET /wp-content/uploads/2020/04/d0b7d0b0d189d0be-d0bad180d0b8d181d182d0b8d18fd0bd-d0bdd0b8d0bad0bed0bbd0bed0b2-d0b5-d0bed0b1d0b2d0b8d0bdd0b5d0bd-d0b7d0b0-d183d0bcd0b8-324x235.jpg HTTP/1.1" 200 15307 "-" "Mozilla/5.0 AppleWebKit/537.36 (KHTML, like Gecko; compatible; ClaudeBot/1.0; +claudebot@anthropic.com)"
216.73.216.187 - - [05/Apr/2026:17:02:57 +0200] "GET /wp-content/uploads/2020/05/d18ed0bbd0b8-d189d0b5-d0b1d18ad0b4d0b5-d0bcd0b0d0b9-d0b0d0b1d0b8d182d183d180d0b8d0b5d0bdd182d0b8d182d0b5-d181-d183d0bdd0b8d0bad0b0d0bb-533x261.jpg HTTP/1.1" 200 34472 "-" "Mozilla/5.0 AppleWebKit/537.36 (KHTML, like Gecko; compatible; ClaudeBot/1.0; +claudebot@anthropic.com)"
216.73.216.187 - - [05/Apr/2026:17:02:58 +0200] "GET /wp-content/uploads/2025/03/Makron-voenen-parad_1727855363-300x169.jpg HTTP/1.1" 200 17483 "-" "Mozilla/5.0 AppleWebKit/537.36 (KHTML, like Gecko; compatible; ClaudeBot/1.0; +claudebot@anthropic.com)"
216.73.216.187 - - [05/Apr/2026:17:02:58 +0200] "GET /wp-content/uploads/2020/04/d0b2d18ad0b2-d0b2d180d0b5d0bcd0b5-d0bdd0b0-d0bad180d0b8d0b7d0b0-d0b8d0bdd181d182d0b8d182d183d186d0b8d0b8d182d0b5-d182d180d18fd0b1d0b2-80x60.jpg HTTP/1.1" 200 2062 "-" "Mozilla/5.0 AppleWebKit/537.36 (KHTML, like Gecko; compatible; ClaudeBot/1.0; +claudebot@anthropic.com)"
216.73.216.187 - - [05/Apr/2026:17:02:59 +0200] "GET /wp-content/uploads/2020/06/d186d181d0bad0b0-d0b3d0bed182d0b2d0b8-d181d0b5d180d0b8d0bed0b7d0bdd0b0-d181d0b5d0bbd0b5d0bad186d0b8d18f-d0b2d0b7d0b8d0bcd0b0-d0bfd0b5-218x150.jpg HTTP/1.1" 200 10038 "-" "Mozilla/5.0 AppleWebKit/537.36 (KHTML, like Gecko; compatible; ClaudeBot/1.0; +claudebot@anthropic.com)"
216.73.216.187 - - [05/Apr/2026:17:02:59 +0200] "GET /wp-content/uploads/2020/04/d0b8d0bfd0ba-d180d0bed0b4d0b8d0bdd0b0-d0b5-d0b2-d0b8d181d182d0bed180d0b8d18fd182d0b0-d0b2d0b7d180d0b8d0b2-d183d0bdd0b8d189d0bed0b6-600x385.jpg HTTP/1.1" 200 42642 "-" "Mozilla/5.0 AppleWebKit/537.36 (KHTML, like Gecko; compatible; ClaudeBot/1.0; +claudebot@anthropic.com)"
17.246.19.41 - - [05/Apr/2026:17:02:59 +0200] "GET /tag/%D0%B8%D0%B2%D0%B0%D0%BD-%D1%82%D0%B0%D0%BA%D0%BE%D0%B2-%D0%BA%D1%8A%D0%BC-%D0%B4%D0%B1/page/14/ HTTP/1.1" 200 16268 "-" "Mozilla/5.0 (Macintosh; Intel Mac OS X 10_15_7) AppleWebKit/605.1.15 (KHTML, like Gecko) Version/17.4 Safari/605.1.15 (Applebot/0.1; +http://www.apple.com/go/applebot)"
185.191.171.15 - - [05/Apr/2026:17:03:00 +0200] "GET /%D0%BD%D0%B5%D0%BE%D0%BF%D0%B8%D1%81%D1%83%D0%B5%D0%BC%D0%B0-%D1%82%D1%80%D0%B0%D0%B3%D0%B5%D0%B4%D0%B8%D1%8F-%D0%B1%D0%B0%D1%89%D0%B0%D1%82%D0%B0-%D0%BD%D0%B0-%D0%B7%D0%B0%D0%B3%D0%B8%D0%BD%D0%B0/ HTTP/1.1" 403 218 "-" "Mozilla/5.0 (compatible; SemrushBot/7~bl; +http://www.semrush.com/bot.html)"
216.73.216.187 - - [05/Apr/2026:17:03:00 +0200] "GET /wp-content/uploads/2020/07/d183d0bcd0bdd0be-d181d0b5d0bbd0be-d0b7d0bbd0b0d182d0bdd0b8d18fd182-d184d0bed0bdd0b4-d0bed182-d0b4d0bed0bad183d0bcd0b5d0bdd182-560x420.jpg HTTP/1.1" 200 29457 "-" "Mozilla/5.0 AppleWebKit/537.36 (KHTML, like Gecko; compatible; ClaudeBot/1.0; +claudebot@anthropic.com)"
216.73.216.187 - - [05/Apr/2026:17:03:00 +0200] "GET /wp-content/uploads/2020/04/d0bfd0b0d0bdd0b4d0b5d0bcd0b8d18fd182d0b0-d0bdd0b5-d181d0bfd0b8d180d0b0-d0b8d0b7d180d0b0d0b5d0bbd186d0b8-d0b4d0b0-d0bfd180d0bed182d0b5-100x70.jpg HTTP/1.1" 200 4036 "-" "Mozilla/5.0 AppleWebKit/537.36 (KHTML, like Gecko; compatible; ClaudeBot/1.0; +claudebot@anthropic.com)"
216.73.216.187 - - [05/Apr/2026:17:03:01 +0200] "GET /wp-content/uploads/2020/04/chef-d0bcd0b8d185d0b0d0bbd187d0b5d0b2-d181d180d0b0d0b2d0bdd0b8-d183d187d0b0d181d182d0bdd0b8d0ba-d181-d0b4d0b6d0b5d0b4d0b0d0b9-d0b2-d0ba-534x359.jpg HTTP/1.1" 502 150 "-" "Mozilla/5.0 AppleWebKit/537.36 (KHTML, like Gecko; compatible; ClaudeBot/1.0; +claudebot@anthropic.com)"
216.244.66.232 - - [05/Apr/2026:17:03:02 +0200] "GET /%D0%B5%D0%B2%D1%80%D0%BE%D0%B4%D0%BE%D0%BA%D0%BB%D0%B0%D0%B4%D1%8A%D1%82-%D0%B1%D1%8A%D0%BB%D0%B3%D0%B0%D1%80%D0%B8%D1%82%D0%B5-%D0%BF%D1%80%D0%BE%D1%82%D0%B5%D1%81%D1%82%D0%B8%D1%80%D0%B0%D1%82/ HTTP/1.1" 502 150 "-" "Mozilla/5.0 (compatible; DotBot/1.2; +https://opensiteexplorer.org/dotbot; help@moz.com)"
216.73.216.187 - - [05/Apr/2026:17:03:02 +0200] "GET /wp-content/uploads/2024/09/05-01_775393951788154007_big-356x364.jpg HTTP/1.1" 502 150 "-" "Mozilla/5.0 AppleWebKit/537.36 (KHTML, like Gecko; compatible; ClaudeBot/1.0; +claudebot@anthropic.com)"
216.73.216.187 - - [05/Apr/2026:17:03:02 +0200] "GET /wp-content/uploads/2020/04/d0b2d0b0d0bd-d0bfd0b5d180d181d0b8-d0b2d0b0d0bd-d0b3d0b0d0b0d0bb-d0bcd0b5-d0b8d0b7d180d0b8d182d0b0-d0b3d180d183d0b1d0be-d0bed182-d0bc-80x60.jpg HTTP/1.1" 200 2052 "-" "Mozilla/5.0 AppleWebKit/537.36 (KHTML, like Gecko; compatible; ClaudeBot/1.0; +claudebot@anthropic.com)"
216.73.216.187 - - [05/Apr/2026:17:03:03 +0200] "GET /wp-content/uploads/2020/12/antitelata-ne-lekuvat-koronavirusa-811-1-533x261.jpg HTTP/1.1" 200 17121 "-" "Mozilla/5.0 AppleWebKit/537.36 (KHTML, like Gecko; compatible; ClaudeBot/1.0; +claudebot@anthropic.com)"
216.73.216.187 - - [05/Apr/2026:17:03:04 +0200] "GET /wp-content/uploads/2020/04/d0b7d0b5d0bcd0b5d182d180d0b5d181d0b5d0bdd0b8d0b5-d180d0b0d0b7d0bbd18ed0bbd18f-d0bed181d182d180d0bed0b2-d0bad180d0b8d182-80x60.jpg HTTP/1.1" 200 2155 "-" "Mozilla/5.0 AppleWebKit/537.36 (KHTML, like Gecko; compatible; ClaudeBot/1.0; +claudebot@anthropic.com)"
216.73.216.187 - - [05/Apr/2026:17:03:04 +0200] "GET /wp-content/uploads/2020/07/d0b0d0b2d181d182d180d0b8d18f-d0b2d180d18ad189d0b0-d0bcd0b0d181d0bad0b8d182d0b5-d0b2-d0bcd0b0d0b3d0b0d0b7d0b8d0bdd0b8-d0b1d0b0d0bdd0ba-356x364.jpg HTTP/1.1" 200 18830 "-" "Mozilla/5.0 AppleWebKit/537.36 (KHTML, like Gecko; compatible; ClaudeBot/1.0; +claudebot@anthropic.com)"
216.73.216.187 - - [05/Apr/2026:17:03:04 +0200] "GET /wp-content/uploads/2020/07/d0bad18ad0b4d0b5-d0bdd18fd0bcd0b0-d0b4d0b0-d0b8d0bcd0b0-d0b2d0bed0b4d0b0-d0b2-d181d182d0bed0bbd0b8d186d0b0d182d0b0-d0b4d0bdd0b5d181-218x150.jpg HTTP/1.1" 200 6954 "-" "Mozilla/5.0 AppleWebKit/537.36 (KHTML, like Gecko; compatible; ClaudeBot/1.0; +claudebot@anthropic.com)"
216.73.216.187 - - [05/Apr/2026:17:03:05 +0200] "GET /wp-content/uploads/2020/03/d0b0d0b7-d0b8-d182d0b8-d0b0d0bbd0b5d0bad181-d0b8-d0b4d0b5d181d0b8-d181-d0bdd0bed0b2d0b0-d0bfd0b5d181d0b5d0bd-324x235.jpg HTTP/1.1" 200 15257 "-" "Mozilla/5.0 AppleWebKit/537.36 (KHTML, like Gecko; compatible; ClaudeBot/1.0; +claudebot@anthropic.com)"
216.73.216.187 - - [05/Apr/2026:17:03:05 +0200] "GET /wp-content/uploads/2020/06/d180d0b0d0b4d0b5d0b2-d0bfd0bed0b8d181d0bad0b0-d0b4d0b0-d181d0b5-d183d181d182d0b0d0bdd0bed0b2d0b8-d0b4d0b0d0bbd0b8-d0b7d0b0d0bfd0b8d181-324x235.jpg HTTP/1.1" 200 12279 "-" "Mozilla/5.0 AppleWebKit/537.36 (KHTML, like Gecko; compatible; ClaudeBot/1.0; +claudebot@anthropic.com)"
216.73.216.187 - - [05/Apr/2026:17:03:06 +0200] "GET /wp-content/uploads/2019/12/205-d0bad0b0d0bcd0b5d180d0b8-d189d0b5-d181d0bdd0b8d0bcd0b0d182-d0b4d0b6d0b8d0b3d0b8d182d0b8d182d0b5-d0bfd0be-d0bfd180d0b0d0b7d0bdd0b8-150x150.jpg HTTP/1.1" 200 6166 "-" "Mozilla/5.0 AppleWebKit/537.36 (KHTML, like Gecko; compatible; ClaudeBot/1.0; +claudebot@anthropic.com)"
216.73.216.187 - - [05/Apr/2026:17:03:07 +0200] "GET /wp-content/uploads/2020/01/d0b0d180d185d0b8d182d0b5d0bad182d0b8-d0bfd180d0b5d0b4d0bbd0b0d0b3d0b0d182-d181d0bfd0b0d181d0b5d0bdd0b8d0b5-d0b7d0b0-d0bfd0b5d180d0bd-150x150.jpg HTTP/1.1" 200 6319 "-" "Mozilla/5.0 AppleWebKit/537.36 (KHTML, like Gecko; compatible; ClaudeBot/1.0; +claudebot@anthropic.com)"
216.73.216.187 - - [05/Apr/2026:17:03:08 +0200] "GET /wp-content/uploads/2020/05/d0b2d0bed0b4d0bdd0b8d18fd182-d180d0b5d0b6d0b8d0bc-d0b2-d0bfd0b5d180d0bdd0b8d0ba-d0bfd0b0d0b4d0b0-d0bfd180d0b5d0b7-d18ed0bdd0b8-150x150.jpg HTTP/1.1" 200 6081 "-" "Mozilla/5.0 AppleWebKit/537.36 (KHTML, like Gecko; compatible; ClaudeBot/1.0; +claudebot@anthropic.com)"
216.73.216.187 - - [05/Apr/2026:17:03:08 +0200] "GET /wp-content/uploads/2020/01/d0bed182d0bad180d0b8d185d0b0-17-d0b3d0bed0b4d0b8d188d0bdd0b0d182d0b0-d0bcd0b8d185d0b0d0b5d0bbd0b0-d0b2-d0b1d0b5d180d0bbd0b8d0bd-265x198.jpg HTTP/1.1" 200 6980 "-" "Mozilla/5.0 AppleWebKit/537.36 (KHTML, like Gecko; compatible; ClaudeBot/1.0; +claudebot@anthropic.com)"
216.73.216.187 - - [05/Apr/2026:17:03:09 +0200] "GET /wp-content/uploads/2020/07/d187d0b5d180d0bdd0be-d0b8d0bbd0b8-d0b1d18fd0bbd0be-d0bcd0bed180d0b5-d0b8d0b7d0b1d180d0b0d185d0b0-d0b1d18ad0bbd0b3d0b0d180d0b8d182d0b5-100x70.jpg HTTP/1.1" 200 2731 "-" "Mozilla/5.0 AppleWebKit/537.36 (KHTML, like Gecko; compatible; ClaudeBot/1.0; +claudebot@anthropic.com)"
216.73.216.187 - - [05/Apr/2026:17:03:09 +0200] "GET /wp-content/uploads/2020/12/antitelata-ne-lekuvat-koronavirusa-811-1-741x431.jpg HTTP/1.1" 200 32916 "-" "Mozilla/5.0 AppleWebKit/537.36 (KHTML, like Gecko; compatible; ClaudeBot/1.0; +claudebot@anthropic.com)"
185.170.167.18 - - [05/Apr/2026:17:03:13 +0200] "GET /%D0%BD%D0%B5%D0%BE%D0%BF%D0%B8%D1%81%D1%83%D0%B5%D0%BC%D0%B0-%D1%82%D1%80%D0%B0%D0%B3%D0%B5%D0%B4%D0%B8%D1%8F-%D0%B1%D0%B0%D1%89%D0%B0%D1%82%D0%B0-%D0%BD%D0%B0-%D0%B7%D0%B0%D0%B3%D0%B8%D0%BD%D0%B0/ HTTP/1.1" 200 31616 "-" "Mozilla/5.0 (compatible; BacklinksExtendedBot)"
216.244.66.232 - - [05/Apr/2026:17:03:16 +0200] "GET /%D0%BD%D0%B8%D0%BA%D0%BE%D0%BB%D0%B0-%D0%BC%D0%B8%D0%BD%D1%87%D0%B5%D0%B2-%D0%BB%D1%8A%D0%B6%D0%B5-%D1%87%D0%B5-%D0%BD%D1%8F%D0%BC%D0%B0-%D0%B4%D0%B5%D0%BF%D0%BE%D0%B7%D0%B8%D1%80%D0%B0%D0%BD%D0%B8/ HTTP/1.1" 200 35329 "-" "Mozilla/5.0 (compatible; DotBot/1.2; +https://opensiteexplorer.org/dotbot; help@moz.com)"
220.181.108.102 - - [05/Apr/2026:17:03:16 +0200] "GET /tag/%D0%B0-%D1%83%D0%BA%D1%80%D0%B0%D0%B9%D0%BD%D0%B0-%D0%B5-%D1%87%D0%BB%D0%B5%D0%BD-%D0%BD%D0%B0-%D0%B5%D1%81/page/2/ HTTP/1.1" 200 16697 "-" "Mozilla/5.0 (compatible; Baiduspider/2.0; +http://www.baidu.com/search/spider.html)"
116.179.37.70 - - [05/Apr/2026:17:03:24 +0200] "GET /wp-content/uploads/2023/12/fwefew-356x220.jpg HTTP/1.1" 200 20130 "https://netvesti.com/tag/%D0%B0-%D1%83%D0%BA%D1%80%D0%B0%D0%B9%D0%BD%D0%B0-%D0%B5-%D1%87%D0%BB%D0%B5%D0%BD-%D0%BD%D0%B0-%D0%B5%D1%81/page/2/" "Mozilla/5.0 (compatible; Baiduspider-render/2.0; +http://www.baidu.com/search/spider.html)"
185.191.171.15 - - [05/Apr/2026:17:03:26 +0200] "GET /tag/%D0%B3%D0%B8-%D0%BD%D1%8F%D0%BC%D0%B0-%D0%B0%D1%83%D0%B4%D0%B8%D0%BE/page/16/ HTTP/1.1" 403 218 "-" "Mozilla/5.0 (compatible; SemrushBot/7~bl; +http://www.semrush.com/bot.html)"
216.244.66.232 - - [05/Apr/2026:17:03:30 +0200] "GET /%D1%80%D0%B0%D1%88%D0%BA%D0%BE%D0%B2-%D0%B1%D1%83%D0%BB%D0%B3%D0%B0%D1%80%D0%B3%D0%B0%D0%B7-%D0%B5-%D1%80%D0%B0%D0%B1%D0%BE%D1%82%D0%B8%D0%BB%D0%B0-%D0%BF%D1%80%D0%BE%D1%82%D0%B8/ HTTP/1.1" 200 49308 "-" "Mozilla/5.0 (compatible; DotBot/1.2; +https://opensiteexplorer.org/dotbot; help@moz.com)"
216.73.216.187 - - [05/Apr/2026:17:03:33 +0200] "GET /wp-content/uploads/2020/02/d0b0d0bdd0bad0b0d180d0b0-d0b8-d0bcd0bed181d0bad0b2d0b0-d180d0b0d0b1d0bed182d18fd182-d0b7d0b0-d0bdd0b0d0bcd0b0d0bbd18fd0b2d0b0d0bdd0b5-533x261.jpg HTTP/1.1" 200 16815 "-" "Mozilla/5.0 AppleWebKit/537.36 (KHTML, like Gecko; compatible; ClaudeBot/1.0; +claudebot@anthropic.com)"
216.73.216.187 - - [05/Apr/2026:17:03:33 +0200] "GET /wp-content/uploads/2019/12/205-d0bad0b0d0bcd0b5d180d0b8-d189d0b5-d181d0bdd0b8d0bcd0b0d182-d0b4d0b6d0b8d0b3d0b8d182d0b8d182d0b5-d0bfd0be-d0bfd180d0b0d0b7d0bdd0b8-300x225.jpg HTTP/1.1" 200 13841 "-" "Mozilla/5.0 AppleWebKit/537.36 (KHTML, like Gecko; compatible; ClaudeBot/1.0; +claudebot@anthropic.com)"
216.73.216.187 - - [05/Apr/2026:17:03:34 +0200] "GET /wp-content/uploads/2020/07/d0b2d180d0b5d0bcd0b5d0bdd0bdd0be-d181d0bfd0b8d180d0b0-d0b2d0bed0b4d0b0d182d0b0-d0b2-d0bbd0bed0b7d0b5d0bd-d0b8-d187d0b0d181d182-d0bed182-300x180.jpg HTTP/1.1" 200 9435 "-" "Mozilla/5.0 AppleWebKit/537.36 (KHTML, like Gecko; compatible; ClaudeBot/1.0; +claudebot@anthropic.com)"
216.73.216.187 - - [05/Apr/2026:17:03:34 +0200] "GET /wp-content/uploads/2020/04/d0b4d0bfd181-d0b8d181d0bad0b0-d0bfd0bbd0b0d0bd-d0b7d0b0-d0b8d0b7d0bbd0b8d0b7d0b0d0bdd0b5-d0bed182-d0bad180d0b8d0b7d0b0d182d0b0-d0b8-d182-324x235.jpg HTTP/1.1" 200 19488 "-" "Mozilla/5.0 AppleWebKit/537.36 (KHTML, like Gecko; compatible; ClaudeBot/1.0; +claudebot@anthropic.com)"
216.73.216.187 - - [05/Apr/2026:17:03:35 +0200] "GET /wp-content/uploads/2020/05/d0b0d0bbd0b1d0b5d0bdd0b0-d0b8-d180d0b5d0b7d0b5d180d0b2d0b0d182d18ad182-d0b1d0b0d0bbd182d0b0d182d0b0-d0b2d0b5d187d0b5-d181d0b0-d0be-80x60.jpg HTTP/1.1" 200 2256 "-" "Mozilla/5.0 AppleWebKit/537.36 (KHTML, like Gecko; compatible; ClaudeBot/1.0; +claudebot@anthropic.com)"
216.73.216.187 - - [05/Apr/2026:17:03:35 +0200] "GET /wp-content/uploads/2020/05/d182d180d0b8-d0bed181d0bdd0bed0b2d0bdd0b8-d181d186d0b5d0bdd0b0d180d0b8d18f-d0b7d0b0-d180d0b0d0b7d0b2d0b8d182d0b8d0b5d182d0be-d0bdd0b0-533x261.jpg HTTP/1.1" 200 50907 "-" "Mozilla/5.0 AppleWebKit/537.36 (KHTML, like Gecko; compatible; ClaudeBot/1.0; +claudebot@anthropic.com)"
216.73.216.187 - - [05/Apr/2026:17:03:36 +0200] "GET /wp-content/uploads/2020/05/d0b4d0bed0b1d180d0b0d182d0b0-d0bdd0bed0b2d0b8d0bdd0b0-d0b1d0b0d0b1d0b0-d0b4d0b0d180d0b8-d181d0bfd0b5d181d182d18fd0b2d0b0d0bdd0b8d18f-324x235.jpg HTTP/1.1" 200 20381 "-" "Mozilla/5.0 AppleWebKit/537.36 (KHTML, like Gecko; compatible; ClaudeBot/1.0; +claudebot@anthropic.com)"
216.73.216.187 - - [05/Apr/2026:17:03:36 +0200] "GET /wp-content/uploads/2020/07/d181d180d0b5d0b4-d0bfd0bed187d0b8d0bdd0b0d0bbd0b8d182d0b5-d0bed182-d0bad0bed180d0bed0bdd0b0d0b2d0b8d180d183d181-d0b4d0b2d0b0d0bcd0b0-534x359.jpg HTTP/1.1" 200 24472 "-" "Mozilla/5.0 AppleWebKit/537.36 (KHTML, like Gecko; compatible; ClaudeBot/1.0; +claudebot@anthropic.com)"
216.73.216.187 - - [05/Apr/2026:17:03:37 +0200] "GET /wp-content/uploads/2020/05/d181d0bfd0b0d0b4-d0bdd0b0-d0bfd18ad182d0bdd0b8d186d0b8d182d0b5-d0bdd0b0-d0bdd0b0d0b9-d0b3d0bed0bbd18fd0bcd0bed182d0be-d0bbd0b5d182d0b8-300x180.jpg HTTP/1.1" 200 17641 "-" "Mozilla/5.0 AppleWebKit/537.36 (KHTML, like Gecko; compatible; ClaudeBot/1.0; +claudebot@anthropic.com)"
216.73.216.187 - - [05/Apr/2026:17:03:37 +0200] "GET /wp-content/uploads/2020/05/d180d0b0d0b4d0b5d0b2-d181d18ad0b1d0b8d180d0b0-d0b5d0bad181d0bfd0b5d180d182d0b8-d0b7d0b0-d0b8d0b7d0bbd0b8d0b7d0b0d0bdd0b5d182d0be-d0be-324x359.jpg HTTP/1.1" 200 11621 "-" "Mozilla/5.0 AppleWebKit/537.36 (KHTML, like Gecko; compatible; ClaudeBot/1.0; +claudebot@anthropic.com)"
216.73.216.187 - - [05/Apr/2026:17:03:38 +0200] "GET /wp-content/uploads/2020/03/d0b1d183d180d0b3d0b0d181-d181-d0bdd0b5d181d182d0b0d0bdd0b4d0b0d180d182d0bdd0b0-d0b8d0bdd0b8d186d0b8d0b0d182d0b8d0b2d0b0-d0b7d0b0d180-356x364.jpg HTTP/1.1" 200 22511 "-" "Mozilla/5.0 AppleWebKit/537.36 (KHTML, like Gecko; compatible; ClaudeBot/1.0; +claudebot@anthropic.com)"
216.73.216.187 - - [05/Apr/2026:17:03:39 +0200] "GET /wp-content/uploads/2020/05/d0bdd0b0d0b9-d0bcd0bbd0b0d0b4d0b8d182d0b5-d0bcd0b0d0b9d0bad0b8-d0b2-d0b5d181-d0b2d181d0b5-d182d0b0d0bad0b0-d181d0b0-d0b2-d0b1d18ad0bb-265x198.jpg HTTP/1.1" 200 8796 "-" "Mozilla/5.0 AppleWebKit/537.36 (KHTML, like Gecko; compatible; ClaudeBot/1.0; +claudebot@anthropic.com)"
216.73.216.187 - - [05/Apr/2026:17:03:39 +0200] "GET /wp-content/uploads/2020/07/d182d180d0b5d0bdd18cd0bed180d18ad182-d0bdd0b0-d0bed0b1d0b2d0b8d0bdd0b5d0bdd0b8d18f-d0bcd0bed185d0b0d0bcd0b5d0b4-d182d0bed0b2d0b0-d0b4-534x450.jpg HTTP/1.1" 200 18957 "-" "Mozilla/5.0 AppleWebKit/537.36 (KHTML, like Gecko; compatible; ClaudeBot/1.0; +claudebot@anthropic.com)"
216.73.216.187 - - [05/Apr/2026:17:03:40 +0200] "GET /wp-content/uploads/2020/11/k-19-otne-zhivota-nash-mlad-lekar-441-80x60.png HTTP/1.1" 200 11099 "-" "Mozilla/5.0 AppleWebKit/537.36 (KHTML, like Gecko; compatible; ClaudeBot/1.0; +claudebot@anthropic.com)"
216.73.216.187 - - [05/Apr/2026:17:03:40 +0200] "GET /wp-content/uploads/2019/12/d0bdd0b0d0b3d180d0b0d0b6d0b4d0b0d0b2d0b0d182-d0bdd0b0d0b9-d0b4d0bed0b1d180d0b8d182d0b5-d0b2-d0b1d0bed0b9d0bdd0b8d182d0b5-d181d0bfd0be-534x359.jpg HTTP/1.1" 200 46130 "-" "Mozilla/5.0 AppleWebKit/537.36 (KHTML, like Gecko; compatible; ClaudeBot/1.0; +claudebot@anthropic.com)"
216.73.216.187 - - [05/Apr/2026:17:03:41 +0200] "GET /wp-content/uploads/2020/06/d0b4d0b0-d181d0b5-d0b2d0bbd18ed0b1d0b8d188-d0b2-d0b6d0b5d0bdd0b0-d0bed182-d0b7d0bed0b4d0b8d18f-d180d0b0d0ba-d0b5-d0bbd0b5d181d0bdd0be-356x359.jpg HTTP/1.1" 200 16467 "-" "Mozilla/5.0 AppleWebKit/537.36 (KHTML, like Gecko; compatible; ClaudeBot/1.0; +claudebot@anthropic.com)"
216.244.66.232 - - [05/Apr/2026:17:03:42 +0200] "GET /%D0%BC%D0%B0%D0%BD%D0%B3%D1%8A%D1%80%D0%BE%D0%B2-%D1%81%D0%BB%D0%B5%D0%B4-%D0%BE%D0%BA%D0%BE%D0%BB%D0%BE-2-3-%D0%BC%D0%B5%D1%81%D0%B5%D1%86%D0%B0-%D1%86%D1%8F%D0%BB%D0%BE%D1%82%D0%BE-%D0%BD%D0%B0/ HTTP/1.1" 200 21363 "-" "Mozilla/5.0 (compatible; DotBot/1.2; +https://opensiteexplorer.org/dotbot; help@moz.com)"
216.73.216.187 - - [05/Apr/2026:17:03:42 +0200] "GET /wp-content/uploads/2020/06/d180d183d0bcd0b5d0bd-d0b4d180d0b0d0b3d0b0d0bdd0bed0b2-d0b7d0b0-d182d183d180d0b8d0b7d0bcd0b0-d186d0b5d0bdd0b0d182d0b0-d181d0b5-d0bed0bf-265x198.jpg HTTP/1.1" 200 14215 "-" "Mozilla/5.0 AppleWebKit/537.36 (KHTML, like Gecko; compatible; ClaudeBot/1.0; +claudebot@anthropic.com)"
216.73.216.187 - - [05/Apr/2026:17:03:42 +0200] "GET /wp-content/uploads/2020/05/d0b3d18ad180d186d0b8d182d0b5-d0b8d0b7d0bbd0b8d0b7d0b0d182-d0bed182-d0b4d0bdd0b5d181-d0b1d0b5d0b7-d0b4d0b0-d0b8d0b7d0bfd180d0b0d189d0b0-100x70.jpg HTTP/1.1" 200 2639 "-" "Mozilla/5.0 AppleWebKit/537.36 (KHTML, like Gecko; compatible; ClaudeBot/1.0; +claudebot@anthropic.com)"
216.73.216.187 - - [05/Apr/2026:17:03:42 +0200] "GET /wp-content/uploads/2020/05/d0b2d0bed0b4d0bdd0b8d18fd182-d180d0b5d0b6d0b8d0bc-d0b2-d0bfd0b5d180d0bdd0b8d0ba-d0bfd0b0d0b4d0b0-d0bfd180d0b5d0b7-d18ed0bdd0b8-300x180.jpg HTTP/1.1" 200 14190 "-" "Mozilla/5.0 AppleWebKit/537.36 (KHTML, like Gecko; compatible; ClaudeBot/1.0; +claudebot@anthropic.com)"
216.73.216.187 - - [05/Apr/2026:17:03:43 +0200] "GET /wp-content/uploads/2020/02/d0b6d0b5d0bdd0b0-d0b7d0b0d0b3d0b8d0bdd0b0-d0bfd180d0b8-d0b1d183d180d18f-d0b2-d0b3d0b5d180d0bcd0b0d0bdd0b8d18f-8-d0b4d183d188d0b8-d181-150x150.jpg HTTP/1.1" 200 6018 "-" "Mozilla/5.0 AppleWebKit/537.36 (KHTML, like Gecko; compatible; ClaudeBot/1.0; +claudebot@anthropic.com)"
216.73.216.187 - - [05/Apr/2026:17:03:43 +0200] "GET /wp-content/uploads/2020/05/slng-d0bfd183d181d0bdd0b0d185d0b0-d0bdd0bed0b2d0b0d182d0b0-d181d0b8-d0bfd0b5d181d0b5d0bd-d184d0b8d0bbd0bc-150x150.jpg HTTP/1.1" 200 6955 "-" "Mozilla/5.0 AppleWebKit/537.36 (KHTML, like Gecko; compatible; ClaudeBot/1.0; +claudebot@anthropic.com)"
216.73.216.187 - - [05/Apr/2026:17:03:44 +0200] "GET /wp-content/uploads/2020/07/d0bad0bcd0b5d182d18ad182-d0b2-d0bad18ed181d182d0b5d0bdd0b4d0b8d0bb-d0b8d0bcd0b0d188d0b5-d0bad0bed0bcd0bfd0bbd0b5d0bad181d0bdd0b0-d0b1-100x70.jpg HTTP/1.1" 200 2989 "-" "Mozilla/5.0 AppleWebKit/537.36 (KHTML, like Gecko; compatible; ClaudeBot/1.0; +claudebot@anthropic.com)"
17.22.253.70 - - [05/Apr/2026:17:03:44 +0200] "GET /tag/%D0%BF%D0%BE%D0%BB%D0%BE%D0%B6%D0%B8%D1%82%D0%B5%D0%BB%D0%BD%D0%BE/ HTTP/1.1" 200 13602 "-" "Mozilla/5.0 (Macintosh; Intel Mac OS X 10_15_7) AppleWebKit/605.1.15 (KHTML, like Gecko) Version/17.4 Safari/605.1.15 (Applebot/0.1; +http://www.apple.com/go/applebot)"
216.73.216.187 - - [05/Apr/2026:17:03:45 +0200] "GET /wp-content/uploads/2020/05/d189d0b5-d0bed181d182d0b0d0bdd0b5-d0bbd0b8-d0b6d0b8d0b2-d0bdd0b0-d0bed181d182d180d0bed0b2d0b0-d0b2-d0b4d0b5d181d0b5d182-d0bcd0b0d0bb-218x150.jpg HTTP/1.1" 200 7763 "-" "Mozilla/5.0 AppleWebKit/537.36 (KHTML, like Gecko; compatible; ClaudeBot/1.0; +claudebot@anthropic.com)"
216.73.216.187 - - [05/Apr/2026:17:03:45 +0200] "GET /wp-content/uploads/2020/05/d181d0b2d0b0d0bbd18fd182-d0bed0b3d180d0b0d0bdd0b8d187d0b5d0bdd0b8d18f-d0bdd0b0-d0bcd0b5d181d182d0b0-d0b2-d181d0b0d189-d0bdd18e-d0b9d0be-356x359.jpg HTTP/1.1" 200 34854 "-" "Mozilla/5.0 AppleWebKit/537.36 (KHTML, like Gecko; compatible; ClaudeBot/1.0; +claudebot@anthropic.com)"
216.73.216.187 - - [05/Apr/2026:17:03:46 +0200] "GET /wp-content/uploads/2020/03/d0b5d0b4d0b8d0bd-d180d0b5d181d0bfd0b8d180d0b0d182d0bed180-d189d0b5-d0bcd0bed0b6d0b5-d0b4d0b0-d0b1d18ad0b4d0b5-d0b8d0b7d0bfd0bed0bbd0b7-533x261.jpg HTTP/1.1" 200 33873 "-" "Mozilla/5.0 AppleWebKit/537.36 (KHTML, like Gecko; compatible; ClaudeBot/1.0; +claudebot@anthropic.com)"
216.73.216.187 - - [05/Apr/2026:17:03:46 +0200] "GET /wp-content/uploads/2020/05/d0b1d0b5d0b7d0bfd0bbd0b0d182d0bdd0b8-d187d0b0d0b4d18ad180d0b8-d0bdd0b0-d0bfd0bbd0b0d0b6d0b0-d0bdd0be-d181d0b0d0bcd0be-d0b0d0bad0be-d0ba-80x60.jpg HTTP/1.1" 200 2152 "-" "Mozilla/5.0 AppleWebKit/537.36 (KHTML, like Gecko; compatible; ClaudeBot/1.0; +claudebot@anthropic.com)"
216.73.216.187 - - [05/Apr/2026:17:03:47 +0200] "GET /wp-content/uploads/2020/04/d0bdd0b0-d0bbd0b0d0b7d0b0d180d0bed0b2d0b4d0b5d0bd-d181d0bbd18ad0bdd187d0b5d0b2d0be-d0bdd0b0-d0bcd0b5d181d182d0b0-d0b4d18ad0b6d0b4-324x359.jpg HTTP/1.1" 200 22210 "-" "Mozilla/5.0 AppleWebKit/537.36 (KHTML, like Gecko; compatible; ClaudeBot/1.0; +claudebot@anthropic.com)"
216.73.216.187 - - [05/Apr/2026:17:03:47 +0200] "GET /wp-content/uploads/2020/07/d182d0b2d0bed180d187d0b5d181d182d0b2d0bed182d0be-d0bdd0b0-d0bfd0bbd0bed189d0b0d0b4d0b0-d0b5-d0bad180d0b5d0b0d182d0b8d0b2d0bdd0be-d0bf-80x60.jpg HTTP/1.1" 200 2460 "-" "Mozilla/5.0 AppleWebKit/537.36 (KHTML, like Gecko; compatible; ClaudeBot/1.0; +claudebot@anthropic.com)"
216.73.216.187 - - [05/Apr/2026:17:03:48 +0200] "GET /wp-content/uploads/2020/07/d0bcd0bbd0b0d0b4d0b5d0b6-d181d0b5-d183d0b4d0b0d0b2d0b8-d0b2d18ad0b2-d0b2d0bed0b4d0bed0b5d0bc-d0bad180d0b0d0b9-d181d0b5d0bbd0be-d181d0b8-218x150.jpg HTTP/1.1" 200 9312 "-" "Mozilla/5.0 AppleWebKit/537.36 (KHTML, like Gecko; compatible; ClaudeBot/1.0; +claudebot@anthropic.com)"
216.73.216.187 - - [05/Apr/2026:17:03:48 +0200] "GET /wp-content/uploads/2022/03/big_big_big_Image_10998263_500_0725cb3_1_c44-100x70.jpg HTTP/1.1" 200 3264 "-" "Mozilla/5.0 AppleWebKit/537.36 (KHTML, like Gecko; compatible; ClaudeBot/1.0; +claudebot@anthropic.com)"
216.73.216.187 - - [05/Apr/2026:17:03:49 +0200] "GET /wp-content/uploads/2020/05/d0bfd180d0b8d181d182d0b8d0b3d0bdd0b0-d0b2d182d0bed180d0b8-d181d0b0d0bcd0bed0bbd0b5d182-d181-d0bbd0b5d0bad0b0d180d181d182d0b2d0b0-d0b8-533x261.jpg HTTP/1.1" 200 33802 "-" "Mozilla/5.0 AppleWebKit/537.36 (KHTML, like Gecko; compatible; ClaudeBot/1.0; +claudebot@anthropic.com)"
216.73.216.187 - - [05/Apr/2026:17:03:49 +0200] "GET /wp-content/uploads/2020/06/d0b1d0b5d0b7-d182d0bed0bfd0bbd0b0-d0b2d0bed0b4d0b0-d0b4d0b2d0b0-d0bcd0b5d181d0b5d186d0b0-d0b2-d181d0bed184d0b8d18f-d181d0b0-d0b3d0be-265x198.jpg HTTP/1.1" 200 11598 "-" "Mozilla/5.0 AppleWebKit/537.36 (KHTML, like Gecko; compatible; ClaudeBot/1.0; +claudebot@anthropic.com)"
216.73.216.187 - - [05/Apr/2026:17:03:50 +0200] "GET /wp-content/uploads/2019/12/d0b1d181d0bf-d0b3d0bed182d0b2d0b8-d0b2d0bed182-d0bdd0b0-d0bdd0b5d0b4d0bed0b2d0b5d180d0b8d0b5-d0b7d0b0d180d0b0d0b4d0b8-d0b2d0bed0b4d0bd-300x180.jpg HTTP/1.1" 200 7842 "-" "Mozilla/5.0 AppleWebKit/537.36 (KHTML, like Gecko; compatible; ClaudeBot/1.0; +claudebot@anthropic.com)"
216.73.216.187 - - [05/Apr/2026:17:03:50 +0200] "GET /wp-content/uploads/2020/04/d0b4d0b2d0b0d0bcd0b0-d0bcd0bbd0b0d0b4d0b5d0b6d0b8-d181d0b0-d0b7d0b0d0b4d18ad180d0b6d0b0d0bdd0b8-d0b7d0b0-d0bdd0b0d180d183d188d0b0d0b2-324x235.jpg HTTP/1.1" 200 14404 "-" "Mozilla/5.0 AppleWebKit/537.36 (KHTML, like Gecko; compatible; ClaudeBot/1.0; +claudebot@anthropic.com)"
216.73.216.187 - - [05/Apr/2026:17:03:51 +0200] "GET /wp-content/uploads/2020/02/d183d0b1d0b8d0b5d186d18ad182-d0bed182-d185d0b0d0bdd0b0d183-d181-d0bbd0b8d187d0bdd0be-d0bfd0bed181d0bbd0b0d0bdd0b8d0b5-d0b4d0be-d0b2d181-100x70.jpg HTTP/1.1" 200 2221 "-" "Mozilla/5.0 AppleWebKit/537.36 (KHTML, like Gecko; compatible; ClaudeBot/1.0; +claudebot@anthropic.com)"
216.73.216.187 - - [05/Apr/2026:17:03:51 +0200] "GET /wp-content/uploads/2019/11/d183d0b4d0b0d180-d0b2-d0b8d181d0bfd0b0d0bdd0b8d18f-d181d0bfd0b8d0bfd0b0d185d0b0-2-d182d0bed0bdd0b0-d0bad0bed0bad0b0d0b8d0bd-d0b2-d0bf-324x235.jpg HTTP/1.1" 200 22781 "-" "Mozilla/5.0 AppleWebKit/537.36 (KHTML, like Gecko; compatible; ClaudeBot/1.0; +claudebot@anthropic.com)"
216.73.216.187 - - [05/Apr/2026:17:03:52 +0200] "GET /wp-content/uploads/2020/05/d0bbd0b5d0b2d181d0bad0b8-d0bdd0b5-d0bcd0bed0b6d0b5-d0b4d0b0-d181d0b8-d0bfd0bbd0b0d182d0b8-d0b4d0bed180d0b8-d0b5d0bad0b8d0bfd0b8d180-218x150.jpg HTTP/1.1" 200 10495 "-" "Mozilla/5.0 AppleWebKit/537.36 (KHTML, like Gecko; compatible; ClaudeBot/1.0; +claudebot@anthropic.com)"
216.73.216.187 - - [05/Apr/2026:17:03:52 +0200] "GET /wp-content/uploads/2020/04/d0b2d0bcd0b0-d181-d0b3d0bed180d0b5d189-d182d0b5d0bbd0b5d184d0bed0bd-d0b7d0b0-d0bfd181d0b8d185d0bed0bbd0bed0b3d0b8d187d0bdd0b0-d0bfd0be-150x150.jpg HTTP/1.1" 200 7101 "-" "Mozilla/5.0 AppleWebKit/537.36 (KHTML, like Gecko; compatible; ClaudeBot/1.0; +claudebot@anthropic.com)"
216.73.216.187 - - [05/Apr/2026:17:03:52 +0200] "GET /wp-content/uploads/2020/07/d0b2d0bad181-d0b2d18ad180d0bdd0b0-d0bfd0b0d0ba-d0b7d0b0-d0bfd180d0b5d180d0b0d0b7d0b3d0bbd0b5d0b6d0b4d0b0d0bdd0b5-d0b4d0b5d0bbd0bed182-324x389.jpg HTTP/1.1" 200 30179 "-" "Mozilla/5.0 AppleWebKit/537.36 (KHTML, like Gecko; compatible; ClaudeBot/1.0; +claudebot@anthropic.com)"
216.244.66.232 - - [05/Apr/2026:17:03:53 +0200] "GET /%D0%BF%D1%80%D0%B5%D0%BC%D0%B8%D0%B5%D1%80%D1%8A%D1%82-%D1%81%D1%82%D0%B5%D1%84%D0%B0%D0%BD-%D1%8F%D0%BD%D0%B5%D0%B2-%D0%BF%D1%8A%D0%BB%D0%BD%D0%B8%D0%BC-%D1%85%D0%B0%D0%B7%D0%BD%D0%B0%D1%82%D0%B0/ HTTP/1.1" 200 24299 "-" "Mozilla/5.0 (compatible; DotBot/1.2; +https://opensiteexplorer.org/dotbot; help@moz.com)"
216.73.216.187 - - [05/Apr/2026:17:03:54 +0200] "GET /wp-content/uploads/2020/05/d0bdd0b0d0b9-d0bcd0bbd0b0d0b4d0b8d182d0b5-d0bcd0b0d0b9d0bad0b8-d0b2-d0b5d181-d0b2d181d0b5-d182d0b0d0bad0b0-d181d0b0-d0b2-d0b1d18ad0bb-218x150.jpg HTTP/1.1" 200 6403 "-" "Mozilla/5.0 AppleWebKit/537.36 (KHTML, like Gecko; compatible; ClaudeBot/1.0; +claudebot@anthropic.com)"
216.73.216.187 - - [05/Apr/2026:17:03:54 +0200] "GET /wp-content/uploads/2020/05/d0b4d0be-20-000-d0bbd0b2-d0b3d0bbd0bed0b1d0b0-d0b7d0b0-d0bdd0b5d181d0bfd0b0d0b7d0b2d0b0d0bdd0b5-d0bdd0b0-d0b1d0b5d0b7d0bed0bfd0b0d181d0bd-218x150.jpg HTTP/1.1" 200 8353 "-" "Mozilla/5.0 AppleWebKit/537.36 (KHTML, like Gecko; compatible; ClaudeBot/1.0; +claudebot@anthropic.com)"
