216.73.216.187 - - [05/Apr/2026:15:29:08 +0200] "GET /wp-content/uploads/2019/11/30-bg-d181d0bfd0b0d181d0b8d182d0b5d0bbd0b8-d0b7d0b0d0bcd0b8d0bdd0b0d0bbd0b8-d0b7d0b0-d0b0d0bbd0b1d0b0d0bdd0b8d18f-d181d0bbd0b5d0b4-d182-534x359.jpg HTTP/1.1" 200 48885 "-" "Mozilla/5.0 AppleWebKit/537.36 (KHTML, like Gecko; compatible; ClaudeBot/1.0; +claudebot@anthropic.com)"
216.73.216.187 - - [05/Apr/2026:15:29:15 +0200] "GET /wp-content/uploads/2021/04/mika_zaikova_novatv-768x432-741x432.jpg HTTP/1.1" 200 47264 "-" "Mozilla/5.0 AppleWebKit/537.36 (KHTML, like Gecko; compatible; ClaudeBot/1.0; +claudebot@anthropic.com)"
216.244.66.232 - - [05/Apr/2026:15:29:17 +0200] "GET /%D0%B4%D0%BE%D1%86-%D0%BC%D0%B0%D0%BD%D0%B3%D1%8A%D1%80%D0%BE%D0%B2-%D0%B2-%D0%B7%D0%B0%D0%B2%D0%B5%D0%B4%D0%B5%D0%BD%D0%B8%D1%8F%D1%82%D0%B0-%D0%BD%D0%B5-%D0%B5-%D0%BF%D0%BE-%D0%BE%D0%BF%D0%B0/ HTTP/1.1" 200 19655 "-" "Mozilla/5.0 (compatible; DotBot/1.2; +https://opensiteexplorer.org/dotbot; help@moz.com)"
216.73.216.187 - - [05/Apr/2026:15:29:18 +0200] "GET /wp-content/uploads/2020/05/d181d0b8d0bdd0b4d0b8d0bad0b0d0bbd0b8d181d182-d181d0bad18ad0bfd0b8-d0bad0b0d0bfd0b8d182d0b0d0bbd0b8d181d182d0b8-d0bdd0b5-d0bcd0bed0b6-324x400.jpg HTTP/1.1" 200 24061 "-" "Mozilla/5.0 AppleWebKit/537.36 (KHTML, like Gecko; compatible; ClaudeBot/1.0; +claudebot@anthropic.com)"
216.73.216.187 - - [05/Apr/2026:15:29:23 +0200] "GET /wp-content/uploads/2020/04/d0bdd0b0-d0bbd0b0d0b7d0b0d180d0bed0b2d0b4d0b5d0bd-d181d0bbd18ad0bdd187d0b5d0b2d0be-d0bdd0b0-d0bcd0b5d181d182d0b0-d0b4d18ad0b6d0b4-80x60.jpg HTTP/1.1" 200 1792 "-" "Mozilla/5.0 AppleWebKit/537.36 (KHTML, like Gecko; compatible; ClaudeBot/1.0; +claudebot@anthropic.com)"
216.73.216.187 - - [05/Apr/2026:15:29:28 +0200] "GET /wp-content/uploads/2020/07/d0b0d0bbd0b5d0bad181d0b0d0bdd0b4d180d0b0-d0bfd0b5d182d0bad0b0d0bdd0bed0b2d0b0-d181d0b5d0bad181d0b0d0bfd0b8d0bb-d0bfd0be-d0b1d0b0d0bd-218x150.jpg HTTP/1.1" 200 7967 "-" "Mozilla/5.0 AppleWebKit/537.36 (KHTML, like Gecko; compatible; ClaudeBot/1.0; +claudebot@anthropic.com)"
216.244.66.232 - - [05/Apr/2026:15:29:28 +0200] "GET /%D0%B8%D0%B2%D0%BE-%D1%85%D1%80%D0%B8%D1%81%D1%82%D0%BE%D0%B2-%D0%BF%D1%80%D0%B5%D0%B7%D0%B8%D0%B4%D0%B5%D0%BD%D1%82%D1%8A%D1%82-%D1%80%D0%B0%D0%B4%D0%B5%D0%B2-%D1%81%D0%B5-%D0%BF%D1%80%D0%B5%D0%B2/ HTTP/1.1" 200 20947 "-" "Mozilla/5.0 (compatible; DotBot/1.2; +https://opensiteexplorer.org/dotbot; help@moz.com)"
216.73.216.187 - - [05/Apr/2026:15:29:33 +0200] "GET /wp-content/uploads/2020/06/d182d180d18ad0bcd0bf-d0bad180d0b0d0b9d0bdd0bed0bbd18fd0b2d0b0d182d0b0-d0bfd0b0d0bfd0bbd0b0d187-d181d0b5-d0bed0bfd0b8d182d0b2d0b0-d0b4-80x60.jpg HTTP/1.1" 200 3007 "-" "Mozilla/5.0 AppleWebKit/537.36 (KHTML, like Gecko; compatible; ClaudeBot/1.0; +claudebot@anthropic.com)"
216.244.66.232 - - [05/Apr/2026:15:29:37 +0200] "GET /%D0%BB%D0%B5%D0%B3%D0%B5%D0%BD%D0%B4%D0%B0%D1%82%D0%B0-%D0%B3%D0%B5%D0%BE%D1%80%D0%B3%D0%B8-%D0%B8%D0%B2%D0%B0%D0%BD%D0%BE%D0%B2-%D0%B1%D1%8F%D1%85-%D0%BF%D1%80%D0%BE%D1%82%D0%B8%D0%B2-%D0%B1%D0%BE/ HTTP/1.1" 200 35238 "-" "Mozilla/5.0 (compatible; DotBot/1.2; +https://opensiteexplorer.org/dotbot; help@moz.com)"
216.73.216.187 - - [05/Apr/2026:15:29:38 +0200] "GET /wp-content/uploads/2020/05/d0b1d0b0d180d181d0b0-d0b2d0b7d0b5-d0b2d0b0d0b6d0bdd0be-d180d0b5d188d0b5d0bdd0b8d0b5-d0b7d0b0-d0bdd0b5d0b9d0bcd0b0d180-328x420.jpg HTTP/1.1" 200 25008 "-" "Mozilla/5.0 AppleWebKit/537.36 (KHTML, like Gecko; compatible; ClaudeBot/1.0; +claudebot@anthropic.com)"
185.191.171.16 - - [05/Apr/2026:15:29:39 +0200] "GET /tag/%D0%B7%D0%B0%D1%89%D0%BE%D1%82%D0%BE-%D1%8F%D0%B2%D0%BD%D0%BE-%D0%BD%D1%8F%D0%BC%D0%B0-%D0%BA%D0%BE%D0%B9-%D0%B4%D1%80%D1%83%D0%B3/page/7/ HTTP/1.1" 200 16598 "-" "Mozilla/5.0 (compatible; SemrushBot/7~bl; +http://www.semrush.com/bot.html)"
216.73.216.187 - - [05/Apr/2026:15:29:43 +0200] "GET /wp-content/uploads/2020/05/d0bed181d182d0b0d0b2d0b0-d0bbd0b8-d180d183d0bcd0b5d0bd-d182d0bed0bcd0bed0b2-d0bad0bcd0b5d182-d0bdd0b0-d0b1d0bbd0b0d0b3d0bed0b5d0b2d0b3-300x180.jpg HTTP/1.1" 200 10537 "-" "Mozilla/5.0 AppleWebKit/537.36 (KHTML, like Gecko; compatible; ClaudeBot/1.0; +claudebot@anthropic.com)"
216.244.66.232 - - [05/Apr/2026:15:29:47 +0200] "GET /%D0%BC%D0%B8%D0%B7%D0%B5%D1%80%D0%BD%D0%B8%D1%86%D0%B8-%D0%BE%D1%82-%D0%BD%D1%81-%D0%B2%D0%B4%D0%B8%D0%B3%D0%BD%D0%B5%D1%82%D0%B5-%D1%81%D0%B8-%D0%BE%D1%85%D1%80%D0%B0%D0%BD%D0%B5%D0%BD%D0%B8%D1%82/ HTTP/1.1" 200 23517 "-" "Mozilla/5.0 (compatible; DotBot/1.2; +https://opensiteexplorer.org/dotbot; help@moz.com)"
216.73.216.187 - - [05/Apr/2026:15:29:48 +0200] "GET /wp-content/uploads/2020/03/d0b0d0b7-d0b8-d182d0b8-d0b0d0bbd0b5d0bad181-d0b8-d0b4d0b5d181d0b8-d181-d0bdd0bed0b2d0b0-d0bfd0b5d181d0b5d0bd-533x261.jpg HTTP/1.1" 200 19559 "-" "Mozilla/5.0 AppleWebKit/537.36 (KHTML, like Gecko; compatible; ClaudeBot/1.0; +claudebot@anthropic.com)"
216.73.216.187 - - [05/Apr/2026:15:29:53 +0200] "GET /wp-content/uploads/2020/05/d0bad180d0b0d181d0b8d0bcd0b8d180-d0b2d18ad0bbd187d0b5d0b2-d183d187d0b8d0bbd0b8d189d0b0d182d0b0-d181d0b0-d0bfd0be-d0b1d0b5d0b7d0bed0bf-218x150.jpg HTTP/1.1" 200 5422 "-" "Mozilla/5.0 AppleWebKit/537.36 (KHTML, like Gecko; compatible; ClaudeBot/1.0; +claudebot@anthropic.com)"
216.244.66.232 - - [05/Apr/2026:15:29:55 +0200] "GET /%D0%BF%D1%80%D0%B5%D0%B7%D0%B8%D0%B4%D0%B5%D0%BD%D1%82%D1%8A%D1%82-%D0%BE%D1%82%D0%B3%D0%BE%D0%B2%D0%BE%D1%80%D0%B8-%D0%BD%D0%B0-%D1%81%D0%BF%D0%B5%D0%BA%D1%83%D0%BB%D0%B0%D1%86%D0%B8%D0%B8%D1%82/ HTTP/1.1" 200 26867 "-" "Mozilla/5.0 (compatible; DotBot/1.2; +https://opensiteexplorer.org/dotbot; help@moz.com)"
216.73.216.187 - - [05/Apr/2026:15:29:58 +0200] "GET /wp-content/uploads/2019/12/d0b4d0b2d0b0d0bcd0b0-d0b4d183d188d0b8-d183d0b1d0b8d182d0b8-d0bfd180d0b8-d0bdd0bed0b2d0b0-d0bcd0b0d181d0bed0b2d0b0-d181d182d180d0b5d0bb-80x60.jpg HTTP/1.1" 200 2024 "-" "Mozilla/5.0 AppleWebKit/537.36 (KHTML, like Gecko; compatible; ClaudeBot/1.0; +claudebot@anthropic.com)"
216.73.216.187 - - [05/Apr/2026:15:30:03 +0200] "GET /wp-content/uploads/2024/06/05-01_3613414092404768282_big-533x261.jpg HTTP/1.1" 502 150 "-" "Mozilla/5.0 AppleWebKit/537.36 (KHTML, like Gecko; compatible; ClaudeBot/1.0; +claudebot@anthropic.com)"
216.73.216.187 - - [05/Apr/2026:15:30:08 +0200] "GET /wp-content/uploads/2021/07/capture23456789101112131415161718192021222324252627282930-696x359.png HTTP/1.1" 200 303440 "-" "Mozilla/5.0 AppleWebKit/537.36 (KHTML, like Gecko; compatible; ClaudeBot/1.0; +claudebot@anthropic.com)"
17.246.19.121 - - [05/Apr/2026:15:30:12 +0200] "GET /tag/%D1%81%D0%B0%D0%BC%D0%BE%D1%81%D1%8A%D0%B7%D0%BD%D0%B0%D0%BD%D0%B8%D0%B5/page/19/ HTTP/1.1" 200 16482 "-" "Mozilla/5.0 (Macintosh; Intel Mac OS X 10_15_7) AppleWebKit/605.1.15 (KHTML, like Gecko) Version/17.4 Safari/605.1.15 (Applebot/0.1; +http://www.apple.com/go/applebot)"
185.191.171.5 - - [05/Apr/2026:15:30:12 +0200] "GET /tag/%D0%B8-%D0%B0%D0%BA%D0%BE-%D0%B1%D0%BE%D1%80%D0%B8%D1%81%D0%BE%D0%B2-%D1%81%D0%B8-%D0%BC%D0%B8%D1%81%D0%BB%D0%B8/page/5/ HTTP/1.1" 200 18444 "-" "Mozilla/5.0 (compatible; SemrushBot/7~bl; +http://www.semrush.com/bot.html)"
87.250.224.122 - - [05/Apr/2026:15:30:13 +0200] "GET /tag/%D0%B4%D1%8A%D1%80%D0%B6%D0%B0%D0%B2%D0%B0%D1%82%D0%B0-%D0%B5-%D0%B7%D0%B0-%D0%B1%D0%BE%D0%B9-%D0%B2%D1%81%D1%8F%D0%BA%D0%B0%D0%BA%D0%B2%D0%B8-%D1%82%D0%B5%D1%82%D0%BA%D0%B8-%D1%81%D0%B5-%D0%B8%D0%B7/ HTTP/1.1" 200 16305 "-" "Mozilla/5.0 (compatible; YandexBot/3.0; +http://yandex.com/bots)"
216.73.216.187 - - [05/Apr/2026:15:30:13 +0200] "GET /wp-content/uploads/2020/03/d0bed181d182d0b0d0bdd0b8-d0b2d0bad18ad189d0b8-d0b1d18ad0b4d0b8-d0b0d0bad182d0b8d0b2d0b5d0bd-533x261.jpg HTTP/1.1" 200 28775 "-" "Mozilla/5.0 AppleWebKit/537.36 (KHTML, like Gecko; compatible; ClaudeBot/1.0; +claudebot@anthropic.com)"
85.208.96.201 - - [05/Apr/2026:15:30:15 +0200] "GET /tag/%D0%B1%D0%BE%D0%B9%D0%BA%D0%BE-%D0%BC%D0%B8%D0%BD%D0%B0-%D0%BD%D0%B0-%D1%83%D1%81%D0%BF%D0%BE%D0%BA%D0%BE%D0%B8%D1%82%D0%B5%D0%BB%D0%BD%D0%B8/page/34/ HTTP/1.1" 200 16499 "-" "Mozilla/5.0 (compatible; SemrushBot/7~bl; +http://www.semrush.com/bot.html)"
216.73.216.187 - - [05/Apr/2026:15:30:18 +0200] "GET /wp-content/uploads/2020/03/d0b0d0b2d0b8d0bed0bad0bed0bcd0bfd0b0d0bdd0b8d0b8-d0b2-d181d0b0d189-d0b8d181d0bad0b0d182-d184d0b8d0bdd0b0d0bdd181d0bed0b2d0b0-d0bfd0be-150x150.jpg HTTP/1.1" 200 5954 "-" "Mozilla/5.0 AppleWebKit/537.36 (KHTML, like Gecko; compatible; ClaudeBot/1.0; +claudebot@anthropic.com)"
216.73.216.187 - - [05/Apr/2026:15:30:23 +0200] "GET /wp-content/uploads/2024/08/kostadin-kostadinov-1068x623-745x420.jpg HTTP/1.1" 200 37263 "-" "Mozilla/5.0 AppleWebKit/537.36 (KHTML, like Gecko; compatible; ClaudeBot/1.0; +claudebot@anthropic.com)"
116.179.32.81 - - [05/Apr/2026:15:30:27 +0200] "GET /category/%D0%B1%D1%8A%D0%BB%D0%B3%D0%B0%D1%80%D0%B8%D1%8F/?filter_by=popular7 HTTP/1.1" 200 14254 "-" "Mozilla/5.0 (compatible; Baiduspider/2.0; +http://www.baidu.com/search/spider.html)"
216.73.216.187 - - [05/Apr/2026:15:30:28 +0200] "GET /wp-content/uploads/2020/06/d180d0b5d186d0b5d0bfd182d0b0d182d0b0-dnes-d0bfd0b8d0bbd0b5-d0bfd0be-d182d0b0d0b9d0bbd0b0d0bdd0b4d181d0bad0b8-d181-d0b4d0b6d0b8d0bdd0b4-100x70.jpg HTTP/1.1" 200 3921 "-" "Mozilla/5.0 AppleWebKit/537.36 (KHTML, like Gecko; compatible; ClaudeBot/1.0; +claudebot@anthropic.com)"
216.73.216.187 - - [05/Apr/2026:15:30:33 +0200] "GET /wp-content/uploads/2020/06/d0b1d0bed0b9-d0bcd0b5d0b6d0b4d183-d0b4d0b5d0bfd183d182d0b0d182d0b8-d0b8d0b7d0b1d183d185d0bdd0b0-d0b2-d182d0b0d0b9d0b2d0b0d0bdd181d0ba-324x235.jpg HTTP/1.1" 200 21302 "-" "Mozilla/5.0 AppleWebKit/537.36 (KHTML, like Gecko; compatible; ClaudeBot/1.0; +claudebot@anthropic.com)"
216.73.216.187 - - [05/Apr/2026:15:30:39 +0200] "GET /wp-content/uploads/2020/05/d0b1d0b0d180d181d0b0-d0b2d0b7d0b5-d0b2d0b0d0b6d0bdd0be-d180d0b5d188d0b5d0bdd0b8d0b5-d0b7d0b0-d0bdd0b5d0b9d0bcd0b0d180-350x385.jpg HTTP/1.1" 200 30231 "-" "Mozilla/5.0 AppleWebKit/537.36 (KHTML, like Gecko; compatible; ClaudeBot/1.0; +claudebot@anthropic.com)"
216.73.216.187 - - [05/Apr/2026:15:30:44 +0200] "GET /wp-content/uploads/2020/07/d0bfd0bed187d0b8d0bdd0b0-d185d183d0b4d0bed0b6d0bdd0b8d0bad18ad182-d181d18ad0b7d0b4d0b0d0bb-d0bed0bbd0b8d0bcd0bfd0b8d0b9d181d0bad0be-100x70.jpg HTTP/1.1" 200 3173 "-" "Mozilla/5.0 AppleWebKit/537.36 (KHTML, like Gecko; compatible; ClaudeBot/1.0; +claudebot@anthropic.com)"
216.73.216.187 - - [05/Apr/2026:15:30:49 +0200] "GET /wp-content/uploads/2020/04/d182d183d180d181d0bad0b8-d0bfd0bed0bbd0b8d182d0b8d0ba-d0bbd0b8d0b4d0b5d180-d0bdd0b0-d0bcd0b0d0bbd0bad0b0-d0bfd0b0d180d182d0b8d18f-d0bf-324x235.jpg HTTP/1.1" 200 9156 "-" "Mozilla/5.0 AppleWebKit/537.36 (KHTML, like Gecko; compatible; ClaudeBot/1.0; +claudebot@anthropic.com)"
216.73.216.187 - - [05/Apr/2026:15:30:54 +0200] "GET /wp-content/uploads/2020/06/d0bdd0b0d180d0bad0bed0bfd0bbd0b0d181d18cd0bed180d0b8-d181d0b2d0b8d0b4d0b5d182d0b5d0bbd181d182d0b2d0b0d0bbd0b8-d181d180d0b5d189d183-356x359.jpg HTTP/1.1" 200 17928 "-" "Mozilla/5.0 AppleWebKit/537.36 (KHTML, like Gecko; compatible; ClaudeBot/1.0; +claudebot@anthropic.com)"
216.73.216.187 - - [05/Apr/2026:15:30:59 +0200] "GET /wp-content/uploads/2021/08/tokyo_gimnastichki_zlato_bgnes-218x150.jpg HTTP/1.1" 200 13444 "-" "Mozilla/5.0 AppleWebKit/537.36 (KHTML, like Gecko; compatible; ClaudeBot/1.0; +claudebot@anthropic.com)"
216.73.216.187 - - [05/Apr/2026:15:31:04 +0200] "GET /wp-content/cache/page_enhanced/netvesti.com/%d1%86%d0%b2%d0%b5%d1%82%d0%b5%d1%81%d0%bb%d0%b0%d0%b2%d0%b0-%d0%b3%d1%8a%d0%bb%d1%8a%d0%b1%d0%be%d0%b2%d0%b0-%d0%bf%d0%be%d0%bb%d1%83%d1%87%d0%b8%d1%85-%d1%81%d1%8a%d0%be%d0%b1%d1%89%d0%b5%d0%bd/_index_ssl.html_old HTTP/1.1" 502 150 "-" "Mozilla/5.0 AppleWebKit/537.36 (KHTML, like Gecko; compatible; ClaudeBot/1.0; +claudebot@anthropic.com)"
216.73.216.187 - - [05/Apr/2026:15:31:09 +0200] "GET /wp-content/cache/page_enhanced/netvesti.com/%d0%bd%d0%b8%d0%ba%d0%be%d0%bb%d0%b0%d0%b9-%d0%bc%d0%b0%d1%80%d0%ba%d0%be%d0%b2-%d1%80%d0%b5%d0%b4%d0%be%d0%b2%d0%bd%d0%be-%d0%bf%d1%80%d0%b0%d0%b2%d0%b8%d1%82%d0%b5%d0%bb%d1%81%d1%82%d0%b2%d0%be/_index_ssl.html_old HTTP/1.1" 200 521426 "-" "Mozilla/5.0 AppleWebKit/537.36 (KHTML, like Gecko; compatible; ClaudeBot/1.0; +claudebot@anthropic.com)"
216.244.66.232 - - [05/Apr/2026:15:31:10 +0200] "GET /%D1%80%D0%B0%D0%B4%D0%B5%D0%B2-%D1%89%D0%B5-%D1%81%D0%B5-%D0%BA%D0%B0%D0%BD%D0%B4%D0%B8%D0%B4%D0%B0%D1%82%D0%B8%D1%80%D0%B0-%D0%B7%D0%B0-%D0%B2%D1%82%D0%BE%D1%80%D0%B8-%D0%BC%D0%B0%D0%BD%D0%B4%D0%B0/ HTTP/1.1" 200 19373 "-" "Mozilla/5.0 (compatible; DotBot/1.2; +https://opensiteexplorer.org/dotbot; help@moz.com)"
216.73.216.187 - - [05/Apr/2026:15:31:12 +0200] "GET /wp-content/cache/page_enhanced/netvesti.com/%d0%bf%d1%80%d0%be%d1%84-%d0%bc%d0%b8%d0%bb%d0%b0%d0%bd-%d0%bc%d0%b8%d0%bb%d0%b0%d0%bd%d0%be%d0%b2-%d0%b7%d0%b0%d0%ba%d1%8a%d1%81%d0%bd%d1%8f%d1%85%d0%bc%d0%b5-%d0%b2-%d0%bd%d0%b0%d1%86%d0%b8%d0%be/_index_ssl.html_old HTTP/1.1" 200 111946 "-" "Mozilla/5.0 AppleWebKit/537.36 (KHTML, like Gecko; compatible; ClaudeBot/1.0; +claudebot@anthropic.com)"
95.108.213.194 - - [05/Apr/2026:15:31:16 +0200] "GET /tag/%D1%81%D0%B2%D0%B5%D1%82%D1%8A%D1%82-%D0%BF%D1%80%D0%BE%D0%B4%D1%8A%D0%BB%D0%B6%D0%B0%D0%B2%D0%B0-%D0%B4%D0%B0-%D0%B1%D1%8A%D0%B4%D0%B5-%D0%B1%D0%BE%D0%BB%D0%B5%D0%BD/ HTTP/1.1" 200 13489 "-" "Mozilla/5.0 (compatible; YandexBot/3.0; +http://yandex.com/bots)"
216.73.216.187 - - [05/Apr/2026:15:31:17 +0200] "GET /wp-content/cache/page_enhanced/netvesti.com/%d1%80%d0%b0%d0%b4%d0%b5%d0%b2-%d0%bf%d1%80%d0%b5%d0%ba%d0%bb%d0%be%d0%bd%d0%b5%d0%bd%d0%b0%d1%82%d0%b0-%d0%b3%d0%bb%d0%b0%d0%b2%d0%b8%d1%86%d0%b0-%d0%bd%d0%b0-%d0%b1%d0%be%d1%80/_index_ssl.html_old HTTP/1.1" 200 133857 "-" "Mozilla/5.0 AppleWebKit/537.36 (KHTML, like Gecko; compatible; ClaudeBot/1.0; +claudebot@anthropic.com)"
216.73.216.187 - - [05/Apr/2026:15:31:22 +0200] "GET /wp-content/uploads/2020/07/d0bcd0bed186d0b0d180d182d0bed0b2d0b8d18fd182-d184d0b5d181d182d0b8d0b2d0b0d0bb-d181-d184d0bed0bad183d181-d0bad18ad0bc-d0b1d18ad0bbd0b3-324x400.jpg HTTP/1.1" 200 23619 "-" "Mozilla/5.0 AppleWebKit/537.36 (KHTML, like Gecko; compatible; ClaudeBot/1.0; +claudebot@anthropic.com)"
216.73.216.187 - - [05/Apr/2026:15:31:22 +0200] "GET /wp-content/cache/page_enhanced/netvesti.com/%d1%81%d1%82%d1%8a%d0%bf%d0%ba%d0%b0-%d0%ba%d1%8a%d0%bc-%d0%bd%d0%be%d1%80%d0%bc%d0%b0%d0%bb%d0%bd%d0%be%d1%82%d0%be-%d0%b5%d0%b2%d1%80%d0%be%d0%bf%d0%b0-%d0%bf%d1%80%d0%b8%d0%b5%d0%bc%d0%b0/_index_ssl.html_old HTTP/1.1" 200 113718 "-" "Mozilla/5.0 AppleWebKit/537.36 (KHTML, like Gecko; compatible; ClaudeBot/1.0; +claudebot@anthropic.com)"
85.208.96.203 - - [05/Apr/2026:15:31:23 +0200] "GET /tag/a%D1%80%D1%85-%D0%B8%D0%B2a%D0%BD-%D1%88%D0%B8%D1%88%D0%BAo%D0%B2/page/3/ HTTP/1.1" 200 16459 "-" "Mozilla/5.0 (compatible; SemrushBot/7~bl; +http://www.semrush.com/bot.html)"
216.73.216.187 - - [05/Apr/2026:15:31:27 +0200] "GET /wp-content/uploads/2020/04/d0b4d0b0-d0b2d0bad183d181d0b8d188-d0bed182-d0b6d0b8d0b2d0bed182d0b0-d182d0bed187d0bdd0be-d0bfd180d0b5d0b4d0b8-d181d0bcd18ad180d182d182-324x235.jpg HTTP/1.1" 200 20439 "-" "Mozilla/5.0 AppleWebKit/537.36 (KHTML, like Gecko; compatible; ClaudeBot/1.0; +claudebot@anthropic.com)"
198.244.183.67 - - [05/Apr/2026:15:31:27 +0200] "GET /tag/%D0%BF%D0%BE%D1%81%D0%BB%D0%B5%D0%B4%D0%BD%D0%B8-%D0%BD%D0%BE%D0%B2%D0%B8%D0%BD%D0%B8/page/2/ HTTP/1.1" 200 16232 "-" "Mozilla/5.0 (compatible; AhrefsBot/7.0; +http://ahrefs.com/robot/)"
216.73.216.187 - - [05/Apr/2026:15:31:28 +0200] "GET /wp-content/uploads/2020/07/d181d0b8d0b3d183d180d0bdd0b0d182d0b0-d0b7d0b0d189d0b8d182d0b0-d0b2-d0b8d0bdd182d0b5d180d0bdd0b5d182-d0b7d0b0d0b2d0b8d181d0b8-d0bed182-100x70.jpg HTTP/1.1" 200 3429 "-" "Mozilla/5.0 AppleWebKit/537.36 (KHTML, like Gecko; compatible; ClaudeBot/1.0; +claudebot@anthropic.com)"
216.73.216.187 - - [05/Apr/2026:15:31:32 +0200] "GET /wp-content/cache/page_enhanced/netvesti.com/%d1%80%d0%b0%d0%b4%d0%b5%d0%b2-%d0%be%d1%82-%d0%b2%d1%8a%d1%80%d1%85%d0%b0-%d0%be%d1%87%d0%b0%d0%ba%d0%b2%d0%b0%d0%bb%d0%b8-%d0%bb%d0%b8-%d1%81%d1%82%d0%b5-%d0%bd%d1%8f%d0%ba%d0%be%d0%b3%d0%b0-%d0%bd HTTP/1.1" 301 513 "-" "Mozilla/5.0 AppleWebKit/537.36 (KHTML, like Gecko; compatible; ClaudeBot/1.0; +claudebot@anthropic.com)"
216.73.216.187 - - [05/Apr/2026:15:31:32 +0200] "GET /wp-content/cache/page_enhanced/netvesti.com/%d1%80%d0%b0%d0%b4%d0%b5%d0%b2-%d0%be%d1%82-%d0%b2%d1%8a%d1%80%d1%85%d0%b0-%d0%be%d1%87%d0%b0%d0%ba%d0%b2%d0%b0%d0%bb%d0%b8-%d0%bb%d0%b8-%d1%81%d1%82%d0%b5-%d0%bd%d1%8f%d0%ba%d0%be%d0%b3%d0%b0-%d0%bd/ HTTP/1.1" 200 425 "https://netvesti.com/wp-content/cache/page_enhanced/netvesti.com/%d1%80%d0%b0%d0%b4%d0%b5%d0%b2-%d0%be%d1%82-%d0%b2%d1%8a%d1%80%d1%85%d0%b0-%d0%be%d1%87%d0%b0%d0%ba%d0%b2%d0%b0%d0%bb%d0%b8-%d0%bb%d0%b8-%d1%81%d1%82%d0%b5-%d0%bd%d1%8f%d0%ba%d0%be%d0%b3%d0%b0-%d0%bd" "Mozilla/5.0 AppleWebKit/537.36 (KHTML, like Gecko; compatible; ClaudeBot/1.0; +claudebot@anthropic.com)"
52.167.144.171 - - [05/Apr/2026:15:31:33 +0200] "GET /tag/%D1%89%D0%B5-%D1%81%D0%B5-%D0%BE%D0%BF%D1%80%D0%B0%D0%B2%D0%B8%D0%BC/ HTTP/1.1" 200 13520 "-" "Mozilla/5.0 AppleWebKit/537.36 (KHTML, like Gecko; compatible; bingbot/2.0; +http://www.bing.com/bingbot.htm) Chrome/116.0.1938.76 Safari/537.36"
52.167.144.171 - - [05/Apr/2026:15:31:35 +0200] "GET /tag/%D1%80%D0%B0%D0%B4%D0%B5%D0%B2-%D0%BC%D0%B8%D0%BD%D0%B0%D0%BB%D0%B0%D1%82%D0%B0-%D0%B3%D0%BE%D0%B4%D0%B8%D0%BD%D0%B0-%D0%B4%D0%BE%D0%B6%D0%B8%D0%B2%D1%8F%D1%85%D0%BC%D0%B5-%D0%B3%D0%BE%D0%BB%D1%8F/page/3/ HTTP/1.1" 200 16377 "-" "Mozilla/5.0 AppleWebKit/537.36 (KHTML, like Gecko; compatible; bingbot/2.0; +http://www.bing.com/bingbot.htm) Chrome/116.0.1938.76 Safari/537.36"
52.167.144.171 - - [05/Apr/2026:15:31:36 +0200] "GET /tag/%D0%B0%D0%B4%D0%B2%D0%BE%D0%BA%D0%B0%D1%82%D0%BA%D0%B0-%D0%BE%D1%82-%D0%BF%D0%BB%D0%BE%D0%B2%D0%B4%D0%B8%D0%B2/ HTTP/1.1" 200 16605 "-" "Mozilla/5.0 AppleWebKit/537.36 (KHTML, like Gecko; compatible; bingbot/2.0; +http://www.bing.com/bingbot.htm) Chrome/116.0.1938.76 Safari/537.36"
66.249.77.65 - - [05/Apr/2026:15:31:37 +0200] "GET /author/netvesti/page/2/ HTTP/1.1" 200 15897 "-" "Mozilla/5.0 (Linux; Android 6.0.1; Nexus 5X Build/MMB29P) AppleWebKit/537.36 (KHTML, like Gecko) Chrome/146.0.7680.177 Mobile Safari/537.36 (compatible; Googlebot/2.1; +http://www.google.com/bot.html)"
216.73.216.187 - - [05/Apr/2026:15:31:37 +0200] "GET /wp-content/cache/page_enhanced/netvesti.com/%d1%80%d0%b0%d0%b4%d0%b5%d0%b2-%d0%b1%d1%8a%d0%bb%d0%b3%d0%b0%d1%80%d1%81%d0%ba%d0%b8%d1%8f%d1%82-%d0%b2%d0%be%d0%b9%d0%bd%d0%b8%d0%ba-%d0%b5-%d0%b8%d0%b7%d1%83%d0%bc%d1%8f%d0%b2%d0%b0%d0%bb-%d1%81 HTTP/1.1" 301 511 "-" "Mozilla/5.0 AppleWebKit/537.36 (KHTML, like Gecko; compatible; ClaudeBot/1.0; +claudebot@anthropic.com)"
216.73.216.187 - - [05/Apr/2026:15:31:37 +0200] "GET /wp-content/cache/page_enhanced/netvesti.com/%d1%80%d0%b0%d0%b4%d0%b5%d0%b2-%d0%b1%d1%8a%d0%bb%d0%b3%d0%b0%d1%80%d1%81%d0%ba%d0%b8%d1%8f%d1%82-%d0%b2%d0%be%d0%b9%d0%bd%d0%b8%d0%ba-%d0%b5-%d0%b8%d0%b7%d1%83%d0%bc%d1%8f%d0%b2%d0%b0%d0%bb-%d1%81/ HTTP/1.1" 200 419 "https://netvesti.com/wp-content/cache/page_enhanced/netvesti.com/%d1%80%d0%b0%d0%b4%d0%b5%d0%b2-%d0%b1%d1%8a%d0%bb%d0%b3%d0%b0%d1%80%d1%81%d0%ba%d0%b8%d1%8f%d1%82-%d0%b2%d0%be%d0%b9%d0%bd%d0%b8%d0%ba-%d0%b5-%d0%b8%d0%b7%d1%83%d0%bc%d1%8f%d0%b2%d0%b0%d0%bb-%d1%81" "Mozilla/5.0 AppleWebKit/537.36 (KHTML, like Gecko; compatible; ClaudeBot/1.0; +claudebot@anthropic.com)"
52.167.144.171 - - [05/Apr/2026:15:31:37 +0200] "GET /tag/%D0%BF%D0%B5%D1%80%D1%81%D0%BE%D0%BD%D0%B0%D0%BB%D0%B0/ HTTP/1.1" 200 13554 "-" "Mozilla/5.0 AppleWebKit/537.36 (KHTML, like Gecko; compatible; bingbot/2.0; +http://www.bing.com/bingbot.htm) Chrome/116.0.1938.76 Safari/537.36"
40.77.167.47 - - [05/Apr/2026:15:31:37 +0200] "GET /tag/%D0%BE%D0%B3%D1%80%D0%BE%D0%BC%D0%B5%D0%BD-%D1%81%D0%BA%D0%B0%D0%BD%D0%B4%D0%B0%D0%BB-%D1%81%D1%8A%D1%80%D0%B1%D0%B8%D1%8F-%D0%B8-%D1%83%D0%BD%D0%B3%D0%B0%D1%80%D0%B8%D1%8F-%D1%81%D0%BA%D0%BE%D1%87/page/2/ HTTP/1.1" 200 16783 "-" "Mozilla/5.0 AppleWebKit/537.36 (KHTML, like Gecko; compatible; bingbot/2.0; +http://www.bing.com/bingbot.htm) Chrome/116.0.1938.76 Safari/537.36"
52.167.144.171 - - [05/Apr/2026:15:31:38 +0200] "GET /tag/%D0%B0%D0%BA%D0%BE-%D1%83%D0%BF%D1%80%D0%B0%D0%B2%D0%BB%D1%8F%D0%B2%D0%B0%D1%89%D0%B8%D1%82%D0%B5-%D0%BD%D0%B5-%D0%BE%D1%82%D1%82%D0%B5%D0%B3%D0%BB%D1%8F%D1%82-%D0%B2%D0%B5%D0%B4%D0%BD%D0%B0%D0%B3/ HTTP/1.1" 200 13764 "-" "Mozilla/5.0 AppleWebKit/537.36 (KHTML, like Gecko; compatible; bingbot/2.0; +http://www.bing.com/bingbot.htm) Chrome/116.0.1938.76 Safari/537.36"
52.167.144.171 - - [05/Apr/2026:15:31:39 +0200] "GET /tag/%D0%BF%D1%83%D1%82%D0%B8%D0%BD-%D0%BF%D0%BE%D0%BB%D0%B8%D1%82%D0%B8%D1%87%D0%B5%D1%81%D0%BA%D0%BE%D1%82%D0%BE-%D0%B1%D1%8A%D0%B4%D0%B5%D1%89%D0%B5-%D0%BD%D0%B0-%D0%B7%D0%B5%D0%BB%D0%B5%D0%BD%D1%81/page/8/ HTTP/1.1" 200 16702 "-" "Mozilla/5.0 AppleWebKit/537.36 (KHTML, like Gecko; compatible; bingbot/2.0; +http://www.bing.com/bingbot.htm) Chrome/116.0.1938.76 Safari/537.36"
40.77.167.35 - - [05/Apr/2026:15:31:39 +0200] "GET /tag/%D0%B1%D1%8A%D0%BB%D0%B3%D0%B0%D1%80%D1%81%D0%BA%D0%B8%D1%82%D0%B5-%D1%81%D1%82%D1%83%D0%B4%D0%B5%D0%BD%D1%82%D0%B8-%D0%B2-%D1%80%D1%83%D1%81%D0%B8%D1%8F/ HTTP/1.1" 200 13819 "-" "Mozilla/5.0 AppleWebKit/537.36 (KHTML, like Gecko; compatible; bingbot/2.0; +http://www.bing.com/bingbot.htm) Chrome/116.0.1938.76 Safari/537.36"
40.77.167.35 - - [05/Apr/2026:15:31:40 +0200] "GET /tag/%D0%B7%D0%B0%D1%89%D0%BE%D1%82%D0%BE-%D0%BD%D1%8F%D0%BC%D0%B0%D0%BB-%D0%BA%D0%BE%D0%B2%D0%B8%D0%B4/ HTTP/1.1" 200 13424 "-" "Mozilla/5.0 AppleWebKit/537.36 (KHTML, like Gecko; compatible; bingbot/2.0; +http://www.bing.com/bingbot.htm) Chrome/116.0.1938.76 Safari/537.36"
40.77.167.35 - - [05/Apr/2026:15:31:41 +0200] "GET /tag/%D0%B0%D0%BA%D1%82%D1%8C%D0%BE%D1%80%D1%8A%D1%82-%D0%BF%D0%B0%D0%B2%D0%B5%D0%BB-%D0%BF%D0%BE%D0%BF%D0%B0%D0%BD%D0%B4%D0%BE%D0%B2/ HTTP/1.1" 200 16595 "-" "Mozilla/5.0 AppleWebKit/537.36 (KHTML, like Gecko; compatible; bingbot/2.0; +http://www.bing.com/bingbot.htm) Chrome/116.0.1938.76 Safari/537.36"
216.73.216.187 - - [05/Apr/2026:15:31:42 +0200] "GET /wp-content/uploads/2020/05/d0bcd18ad0b6-d0bfd0bed0b4-d0bad0b0d180d0b0d0bdd182d0b8d0bdd0b0-d0bad0b0d182d0b0d181d182d180d0bed184d0b8d180d0b0-d187d0b5d182d0b8d180-324x235.jpg HTTP/1.1" 200 15707 "-" "Mozilla/5.0 AppleWebKit/537.36 (KHTML, like Gecko; compatible; ClaudeBot/1.0; +claudebot@anthropic.com)"
40.77.167.35 - - [05/Apr/2026:15:31:43 +0200] "GET /%D1%80%D0%B0%D0%B4%D0%B5%D0%B2-%D0%BD%D0%B5%D0%BC%D0%BE%D1%80%D0%B0%D0%BB%D0%BD%D0%BE-%D0%B5-%D0%B5%D0%B2%D1%80%D0%BE%D0%BF%D0%B0-%D0%B4%D0%B0-%D1%82%D0%B8%D0%BA%D0%B0-%D1%83%D0%BA%D1%80%D0%B0%D0%B9/ HTTP/1.1" 200 24932 "-" "Mozilla/5.0 AppleWebKit/537.36 (KHTML, like Gecko; compatible; bingbot/2.0; +http://www.bing.com/bingbot.htm) Chrome/116.0.1938.76 Safari/537.36"
116.179.37.60 - - [05/Apr/2026:15:31:44 +0200] "GET /wp-content/uploads/2022/01/putin04-324x160.jpg HTTP/1.1" 200 6498 "https://netvesti.com/tag/%D0%B6/" "Mozilla/5.0 (compatible; Baiduspider-render/2.0; +http://www.baidu.com/search/spider.html)"
40.77.167.47 - - [05/Apr/2026:15:31:45 +0200] "GET /tag/%D0%B8%D0%BD%D1%84%D0%B5%D0%BA%D1%86%D0%B8%D1%8F/ HTTP/1.1" 200 14391 "-" "Mozilla/5.0 AppleWebKit/537.36 (KHTML, like Gecko; compatible; bingbot/2.0; +http://www.bing.com/bingbot.htm) Chrome/116.0.1938.76 Safari/537.36"
216.73.216.187 - - [05/Apr/2026:15:31:47 +0200] "GET /wp-content/uploads/2020/06/d0bed182d0bad180d0b0d0b4d0bdd0b0d185d0b0-d0bdd0b0d0b4-300-000-d0bbd0b2-d0bed182-d184d0b0d180d0bcd0b0d186d0b5d0b2d182d0b8d187d0bdd0b0-d0ba-324x235.jpg HTTP/1.1" 200 10045 "-" "Mozilla/5.0 AppleWebKit/537.36 (KHTML, like Gecko; compatible; ClaudeBot/1.0; +claudebot@anthropic.com)"
116.179.37.158 - - [05/Apr/2026:15:31:47 +0200] "GET /wp-content/uploads/2022/01/radew-sdfsd-324x160.jpg HTTP/1.1" 200 6553 "https://netvesti.com/tag/%D0%B6/" "Mozilla/5.0 (compatible; Baiduspider-render/2.0; +http://www.baidu.com/search/spider.html)"
85.208.96.209 - - [05/Apr/2026:15:31:48 +0200] "GET /%D1%81%D0%BF%D0%B5%D1%86%D0%BF%D1%80%D0%BE%D0%BA%D1%83%D1%80%D0%BE%D1%80-%D0%B5-%D0%BF%D1%80%D0%B8%D0%B5%D0%BB-%D1%87%D0%B5-%D0%BA%D0%BE%D0%B9%D1%82%D0%BE-%D0%BF%D1%80%D0%BE%D1%82%D0%B5%D1%81%D1%82/ HTTP/1.1" 200 22610 "-" "Mozilla/5.0 (compatible; SemrushBot/7~bl; +http://www.semrush.com/bot.html)"
216.73.216.187 - - [05/Apr/2026:15:31:51 +0200] "GET /wp-content/cache/page_enhanced/netvesti.com/%d1%86%d0%b2%d0%b5%d1%82%d0%b5%d1%81%d0%bb%d0%b0%d0%b2%d0%b0-%d0%b3%d1%8a%d0%bb%d1%8a%d0%b1%d0%be%d0%b2%d0%b0-%d0%bf%d0%be%d0%bb%d1%83%d1%87%d0%b8%d1%85-%d1%81%d1%8a%d0%be%d0%b1%d1%89%d0%b5%d0%bd/?C=M&O=A HTTP/1.1" 200 422 "-" "Mozilla/5.0 AppleWebKit/537.36 (KHTML, like Gecko; compatible; ClaudeBot/1.0; +claudebot@anthropic.com)"
216.73.216.187 - - [05/Apr/2026:15:31:52 +0200] "GET /wp-content/cache/page_enhanced/netvesti.com/%d0%bf%d1%80%d0%be%d1%84-%d0%bc%d0%b8%d0%bb%d0%b0%d0%bd-%d0%bc%d0%b8%d0%bb%d0%b0%d0%bd%d0%be%d0%b2-%d0%b7%d0%b0%d0%ba%d1%8a%d1%81%d0%bd%d1%8f%d1%85%d0%bc%d0%b5-%d0%b2-%d0%bd%d0%b0%d1%86%d0%b8%d0%be/?C=N&O=D HTTP/1.1" 200 417 "-" "Mozilla/5.0 AppleWebKit/537.36 (KHTML, like Gecko; compatible; ClaudeBot/1.0; +claudebot@anthropic.com)"
216.73.216.187 - - [05/Apr/2026:15:31:57 +0200] "GET /wp-content/cache/page_enhanced/netvesti.com/%d1%86%d0%b2%d0%b5%d1%82%d0%b5%d1%81%d0%bb%d0%b0%d0%b2%d0%b0-%d0%b3%d1%8a%d0%bb%d1%8a%d0%b1%d0%be%d0%b2%d0%b0-%d0%bf%d0%be%d0%bb%d1%83%d1%87%d0%b8%d1%85-%d1%81%d1%8a%d0%be%d0%b1%d1%89%d0%b5%d0%bd/?C=S&O=A HTTP/1.1" 200 421 "-" "Mozilla/5.0 AppleWebKit/537.36 (KHTML, like Gecko; compatible; ClaudeBot/1.0; +claudebot@anthropic.com)"
85.208.96.209 - - [05/Apr/2026:15:31:58 +0200] "GET /tag/%D0%B2%D0%B0%D1%81%D0%B8%D0%BB-%D0%B1%D0%BE%D0%B6%D0%BA%D0%BE%D0%B2/page/62/ HTTP/1.1" 200 16995 "-" "Mozilla/5.0 (compatible; SemrushBot/7~bl; +http://www.semrush.com/bot.html)"
216.73.216.187 - - [05/Apr/2026:15:32:02 +0200] "GET /wp-content/cache/page_enhanced/netvesti.com/%d0%bd%d0%b8%d0%ba%d0%be%d0%bb%d0%b0%d0%b9-%d0%bc%d0%b0%d1%80%d0%ba%d0%be%d0%b2-%d1%80%d0%b5%d0%b4%d0%be%d0%b2%d0%bd%d0%be-%d0%bf%d1%80%d0%b0%d0%b2%d0%b8%d1%82%d0%b5%d0%bb%d1%81%d1%82%d0%b2%d0%be/?C=D&O=A HTTP/1.1" 200 419 "-" "Mozilla/5.0 AppleWebKit/537.36 (KHTML, like Gecko; compatible; ClaudeBot/1.0; +claudebot@anthropic.com)"
52.167.144.149 - - [05/Apr/2026:15:32:04 +0200] "GET /tag/%D0%BD%D0%B8%D0%BD%D0%BE%D0%B2%D0%B0-%D1%81-%D0%B3%D0%BE%D1%80%D0%B5%D1%89-%D0%BA%D0%BE%D0%BC%D0%B5%D0%BD%D1%82%D0%B0%D1%80-%D0%BF%D0%BE-%D1%81%D0%BB%D1%83%D1%87%D0%B0%D1%8F-%D0%BD%D0%B0/ HTTP/1.1" 200 13789 "-" "Mozilla/5.0 AppleWebKit/537.36 (KHTML, like Gecko; compatible; bingbot/2.0; +http://www.bing.com/bingbot.htm) Chrome/116.0.1938.76 Safari/537.36"
52.167.144.149 - - [05/Apr/2026:15:32:05 +0200] "GET /tag/%D1%81%D1%82%D1%80%D0%B0%D1%88%D0%BD%D0%B8/ HTTP/1.1" 200 13549 "-" "Mozilla/5.0 AppleWebKit/537.36 (KHTML, like Gecko; compatible; bingbot/2.0; +http://www.bing.com/bingbot.htm) Chrome/116.0.1938.76 Safari/537.36"
52.167.144.149 - - [05/Apr/2026:15:32:06 +0200] "GET /tag/%D0%B5%D0%B2%D1%80%D0%BE%D0%B4%D0%B5%D0%BF%D1%83%D1%82%D0%B0%D1%82/ HTTP/1.1" 200 16147 "-" "Mozilla/5.0 AppleWebKit/537.36 (KHTML, like Gecko; compatible; bingbot/2.0; +http://www.bing.com/bingbot.htm) Chrome/116.0.1938.76 Safari/537.36"
40.77.167.35 - - [05/Apr/2026:15:32:07 +0200] "GET /tag/%D0%B0%D0%B4%D0%BC%D0%B8%D0%BD%D0%B8%D1%81%D1%82%D1%80%D0%B0%D1%86%D0%B8%D1%8F/page/41/ HTTP/1.1" 200 16093 "-" "Mozilla/5.0 AppleWebKit/537.36 (KHTML, like Gecko; compatible; bingbot/2.0; +http://www.bing.com/bingbot.htm) Chrome/116.0.1938.76 Safari/537.36"
216.73.216.187 - - [05/Apr/2026:15:32:07 +0200] "GET /wp-content/cache/page_enhanced/netvesti.com/%d0%bd%d0%b8%d0%ba%d0%be%d0%bb%d0%b0%d0%b9-%d0%bc%d0%b0%d1%80%d0%ba%d0%be%d0%b2-%d1%80%d0%b5%d0%b4%d0%be%d0%b2%d0%bd%d0%be-%d0%bf%d1%80%d0%b0%d0%b2%d0%b8%d1%82%d0%b5%d0%bb%d1%81%d1%82%d0%b2%d0%be/?C=M&O=D HTTP/1.1" 200 416 "-" "Mozilla/5.0 AppleWebKit/537.36 (KHTML, like Gecko; compatible; ClaudeBot/1.0; +claudebot@anthropic.com)"
17.246.19.103 - - [05/Apr/2026:15:32:07 +0200] "GET /tag/%D0%BA%D0%BE%D0%B9%D1%82%D0%BE-%D0%B7%D0%B0%D0%BC%D0%B5%D0%BD%D0%B8-%D0%B4%D0%B6%D0%BE%D1%80%D0%B4%D0%B6%D0%B5%D1%81%D0%BA%D1%83/page/16/ HTTP/1.1" 200 16755 "-" "Mozilla/5.0 (Macintosh; Intel Mac OS X 10_15_7) AppleWebKit/605.1.15 (KHTML, like Gecko) Version/17.4 Safari/605.1.15 (Applebot/0.1; +http://www.apple.com/go/applebot)"
52.167.144.149 - - [05/Apr/2026:15:32:07 +0200] "GET /tag/%D0%B3%D0%B0%D1%80%D0%B0%D0%BD%D1%82%D0%B8%D1%80%D0%B0-%D0%BD%D0%B8-%D0%BF%D0%BE%D1%80%D0%B5%D0%B4%D0%BD%D0%B0%D1%82%D0%B0-%D0%BD%D0%B0%D1%86%D0%B8%D0%BE%D0%BD%D0%B0%D0%BB%D0%BD%D0%B0-%D0%BA%D0%B0/ HTTP/1.1" 200 13841 "-" "Mozilla/5.0 AppleWebKit/537.36 (KHTML, like Gecko; compatible; bingbot/2.0; +http://www.bing.com/bingbot.htm) Chrome/116.0.1938.76 Safari/537.36"
185.191.171.14 - - [05/Apr/2026:15:32:09 +0200] "GET /tag/%D0%BA%D0%BE%D0%B5%D1%82%D0%BE-%D0%B3%D0%B5%D1%88%D0%B5%D0%B2-%D0%B5-%D0%BF%D1%80%D0%B0%D0%B2%D0%B8%D0%BB-%D1%81-%D0%BF%D1%80%D0%B5%D1%81%D1%82%D1%8A%D0%BF%D0%BD%D0%B8%D0%BA%D0%B0-%D0%B1%D0%BE%D1%80/page/28/ HTTP/1.1" 200 16672 "-" "Mozilla/5.0 (compatible; SemrushBot/7~bl; +http://www.semrush.com/bot.html)"
52.167.144.149 - - [05/Apr/2026:15:32:09 +0200] "GET /tag/covid-%D0%BF%D0%B0%D0%BD%D0%B4%D0%B5%D0%BC%D0%B8%D1%8F%D1%82%D0%B0/page/3/ HTTP/1.1" 200 16435 "-" "Mozilla/5.0 AppleWebKit/537.36 (KHTML, like Gecko; compatible; bingbot/2.0; +http://www.bing.com/bingbot.htm) Chrome/116.0.1938.76 Safari/537.36"
40.77.167.47 - - [05/Apr/2026:15:32:09 +0200] "GET /tag/%D0%BC%D0%B5%D0%B3%D0%BB%D0%B5%D0%BD%D0%B0-%D0%BF%D0%BB%D1%83%D0%B3%D1%87%D0%B8%D0%B5%D0%B2%D0%B0/ HTTP/1.1" 200 16087 "-" "Mozilla/5.0 AppleWebKit/537.36 (KHTML, like Gecko; compatible; bingbot/2.0; +http://www.bing.com/bingbot.htm) Chrome/116.0.1938.76 Safari/537.36"
40.77.167.47 - - [05/Apr/2026:15:32:11 +0200] "GET /tag/%D0%BF%D1%80%D0%BE%D1%84-%D1%80%D1%83%D0%BC%D0%B5%D0%BD-%D0%B3%D0%B5%D1%87%D0%B5%D0%B2/ HTTP/1.1" 200 17499 "-" "Mozilla/5.0 AppleWebKit/537.36 (KHTML, like Gecko; compatible; bingbot/2.0; +http://www.bing.com/bingbot.htm) Chrome/116.0.1938.76 Safari/537.36"
216.73.216.187 - - [05/Apr/2026:15:32:12 +0200] "GET /wp-content/cache/page_enhanced/netvesti.com/%d0%bd%d0%b8%d0%ba%d0%be%d0%bb%d0%b0%d0%b9-%d0%bc%d0%b0%d1%80%d0%ba%d0%be%d0%b2-%d1%80%d0%b5%d0%b4%d0%be%d0%b2%d0%bd%d0%be-%d0%bf%d1%80%d0%b0%d0%b2%d0%b8%d1%82%d0%b5%d0%bb%d1%81%d1%82%d0%b2%d0%be/?C=S&O=D HTTP/1.1" 200 416 "-" "Mozilla/5.0 AppleWebKit/537.36 (KHTML, like Gecko; compatible; ClaudeBot/1.0; +claudebot@anthropic.com)"
116.179.32.21 - - [05/Apr/2026:15:32:13 +0200] "GET /wp-content/uploads/2020/01/d0bed0bbd0b8d0bcd0bfd0b8d0b0d0b4d0b0d182d0b0-d0b2-d182d0bed0bad0b8d0be-d181-d0b5d0bad0bed0bbd0bed0b3d0b8d187d0bdd0be-d187d0b8d181d182-356x220.jpg HTTP/1.1" 200 15698 "-" "Baiduspider-image+(+http://www.baidu.com/search/spider.htm)"
52.167.144.149 - - [05/Apr/2026:15:32:13 +0200] "GET /tag/%D0%B3%D0%B5%D1%80%D0%B1-%D0%B2%D0%B5%D1%87%D0%B5-%D1%81%D0%B0-%D0%BF%D0%BE%D0%B4-%D0%B1%D0%BE%D0%BC%D0%B1%D0%B0%D1%80%D0%B4%D0%B8%D1%80%D0%BE%D0%B2%D0%BA%D0%B0/ HTTP/1.1" 200 13496 "-" "Mozilla/5.0 AppleWebKit/537.36 (KHTML, like Gecko; compatible; bingbot/2.0; +http://www.bing.com/bingbot.htm) Chrome/116.0.1938.76 Safari/537.36"
216.73.216.187 - - [05/Apr/2026:15:32:15 +0200] "GET /wp-content/cache/page_enhanced/netvesti.com/%d0%b3%d1%8a%d0%bb%d1%8a%d0%b1-%d0%b4%d0%be%d0%bd%d0%b5%d0%b2-%d0%b3%d0%b0%d0%b7%d0%be%d0%bf%d1%80%d0%be%d0%b2%d0%be%d0%b4%d1%8a%d1%82-%d1%81-%d0%b3%d1%8a%d1%80%d1%86%d0%b8%d1%8f-%d1%89%d0%b5-%d0%b4/?C=D&O=D HTTP/1.1" 200 428 "-" "Mozilla/5.0 AppleWebKit/537.36 (KHTML, like Gecko; compatible; ClaudeBot/1.0; +claudebot@anthropic.com)"
40.77.167.35 - - [05/Apr/2026:15:32:18 +0200] "GET /tag/%D0%BD%D0%B5%D0%B9%D0%BD%D1%81%D0%BA%D0%B8-%D0%B2-%D0%B4%D1%8A%D1%80%D0%B6%D0%B0%D0%B2%D0%B8%D1%82%D0%B5/ HTTP/1.1" 200 16037 "-" "Mozilla/5.0 AppleWebKit/537.36 (KHTML, like Gecko; compatible; bingbot/2.0; +http://www.bing.com/bingbot.htm) Chrome/116.0.1938.76 Safari/537.36"
216.73.216.187 - - [05/Apr/2026:15:32:19 +0200] "GET /wp-content/cache/page_enhanced/netvesti.com/%d0%b3%d1%8a%d0%bb%d1%8a%d0%b1-%d0%b4%d0%be%d0%bd%d0%b5%d0%b2-%d0%b3%d0%b0%d0%b7%d0%be%d0%bf%d1%80%d0%be%d0%b2%d0%be%d0%b4%d1%8a%d1%82-%d1%81-%d0%b3%d1%8a%d1%80%d1%86%d0%b8%d1%8f-%d1%89%d0%b5-%d0%b4/?C=M&O=D HTTP/1.1" 200 428 "-" "Mozilla/5.0 AppleWebKit/537.36 (KHTML, like Gecko; compatible; ClaudeBot/1.0; +claudebot@anthropic.com)"
216.73.216.187 - - [05/Apr/2026:15:32:24 +0200] "GET /wp-content/cache/page_enhanced/netvesti.com/%d0%bf%d1%80%d0%b8-%d0%b3%d1%80%d1%8a%d0%bc%d0%be%d1%82%d0%b5%d0%b2%d0%b8%d1%86%d0%b8-%d0%b8-%d0%bc%d1%8a%d0%bb%d0%bd%d0%b8%d0%b8-%d0%b4%d0%b0%d0%bb%d0%b5%d1%87-%d0%be%d1%82-%d0%b2%d0%be%d0%b4%d0%b0/?C=S&O=A HTTP/1.1" 200 422 "-" "Mozilla/5.0 AppleWebKit/537.36 (KHTML, like Gecko; compatible; ClaudeBot/1.0; +claudebot@anthropic.com)"
216.73.216.187 - - [05/Apr/2026:15:32:31 +0200] "GET /wp-content/cache/page_enhanced/netvesti.com/%d0%bf%d1%80%d0%be%d1%84-%d0%bc%d0%b8%d0%bb%d0%b0%d0%bd-%d0%bc%d0%b8%d0%bb%d0%b0%d0%bd%d0%be%d0%b2-%d0%b7%d0%b0%d0%ba%d1%8a%d1%81%d0%bd%d1%8f%d1%85%d0%bc%d0%b5-%d0%b2-%d0%bd%d0%b0%d1%86%d0%b8%d0%be/?C=D&O=D HTTP/1.1" 200 417 "-" "Mozilla/5.0 AppleWebKit/537.36 (KHTML, like Gecko; compatible; ClaudeBot/1.0; +claudebot@anthropic.com)"
216.73.216.187 - - [05/Apr/2026:15:32:34 +0200] "GET /wp-content/cache/page_enhanced/netvesti.com/%d0%b0%d0%b2%d0%b8%d0%be%d0%ba%d0%be%d0%bc%d0%bf%d0%b0%d0%bd%d0%bd%d0%b8%d1%82%d0%b5-%d0%b2%d1%8a%d0%b7%d0%be%d0%b1%d0%bd%d0%be%d0%b2%d1%8f%d0%b2%d0%b0%d1%82-%d0%bf%d0%be%d0%bb%d0%b5%d1%82%d0%b8%d1%82/?C=N&O=A HTTP/1.1" 200 424 "-" "Mozilla/5.0 AppleWebKit/537.36 (KHTML, like Gecko; compatible; ClaudeBot/1.0; +claudebot@anthropic.com)"
185.191.171.3 - - [05/Apr/2026:15:32:35 +0200] "GET /tag/%D0%BF%D0%B0%D1%80%D1%82%D0%B8%D0%B8%D1%82%D0%B5-%D0%BD%D0%B0-%D0%B2%D0%BE%D0%B9%D0%BD%D0%B0%D1%82%D0%B0-%D0%BF%D1%8A%D1%80%D0%B2%D0%BE-%D0%B4%D0%B0-%D1%81%D0%BF%D0%B5%D1%87%D0%B5%D0%BB%D1%8F%D1%82/page/5/ HTTP/1.1" 200 16766 "-" "Mozilla/5.0 (compatible; SemrushBot/7~bl; +http://www.semrush.com/bot.html)"
17.241.227.151 - - [05/Apr/2026:15:32:36 +0200] "GET /tag/%D1%82%D0%B0%D0%B9%D0%BD%D0%B0%D1%82%D0%B0-%D0%BD%D0%B0-%D1%88%D1%83%D1%82%D0%BE%D0%B2%D0%B5%D1%82%D0%B5/page/19/ HTTP/1.1" 200 16610 "-" "Mozilla/5.0 (Macintosh; Intel Mac OS X 10_15_7) AppleWebKit/605.1.15 (KHTML, like Gecko) Version/17.4 Safari/605.1.15 (Applebot/0.1; +http://www.apple.com/go/applebot)"
185.191.171.4 - - [05/Apr/2026:15:32:38 +0200] "GET /tag/%D0%B4%D0%B6%D0%B8%D0%BF%D0%BA%D0%B0/page/2/ HTTP/1.1" 200 16624 "-" "Mozilla/5.0 (compatible; SemrushBot/7~bl; +http://www.semrush.com/bot.html)"
216.73.216.187 - - [05/Apr/2026:15:32:39 +0200] "GET /wp-content/cache/page_enhanced/netvesti.com/%d0%b0%d0%b2%d0%b8%d0%be%d0%ba%d0%be%d0%bc%d0%bf%d0%b0%d0%bd%d0%bd%d0%b8%d1%82%d0%b5-%d0%b2%d1%8a%d0%b7%d0%be%d0%b1%d0%bd%d0%be%d0%b2%d1%8f%d0%b2%d0%b0%d1%82-%d0%bf%d0%be%d0%bb%d0%b5%d1%82%d0%b8%d1%82/?C=D&O=D HTTP/1.1" 200 422 "-" "Mozilla/5.0 AppleWebKit/537.36 (KHTML, like Gecko; compatible; ClaudeBot/1.0; +claudebot@anthropic.com)"
216.73.216.187 - - [05/Apr/2026:15:32:44 +0200] "GET /wp-content/cache/page_enhanced/netvesti.com/%d0%b0%d0%b2%d0%b8%d0%be%d0%ba%d0%be%d0%bc%d0%bf%d0%b0%d0%bd%d0%bd%d0%b8%d1%82%d0%b5-%d0%b2%d1%8a%d0%b7%d0%be%d0%b1%d0%bd%d0%be%d0%b2%d1%8f%d0%b2%d0%b0%d1%82-%d0%bf%d0%be%d0%bb%d0%b5%d1%82%d0%b8%d1%82/?C=M&O=D HTTP/1.1" 200 422 "-" "Mozilla/5.0 AppleWebKit/537.36 (KHTML, like Gecko; compatible; ClaudeBot/1.0; +claudebot@anthropic.com)"
216.73.216.187 - - [05/Apr/2026:15:32:49 +0200] "GET /wp-content/cache/page_enhanced/netvesti.com/%d0%b0%d0%b2%d0%b8%d0%be%d0%ba%d0%be%d0%bc%d0%bf%d0%b0%d0%bd%d0%bd%d0%b8%d1%82%d0%b5-%d0%b2%d1%8a%d0%b7%d0%be%d0%b1%d0%bd%d0%be%d0%b2%d1%8f%d0%b2%d0%b0%d1%82-%d0%bf%d0%be%d0%bb%d0%b5%d1%82%d0%b8%d1%82/?C=S&O=D HTTP/1.1" 200 422 "-" "Mozilla/5.0 AppleWebKit/537.36 (KHTML, like Gecko; compatible; ClaudeBot/1.0; +claudebot@anthropic.com)"
85.208.96.204 - - [05/Apr/2026:15:32:52 +0200] "GET /tag/%D0%B8%D0%BC%D0%B0-%D1%81%D0%B0%D0%BC%D0%BE-%D0%BF%D1%80%D0%BE%D0%BF%D0%B0%D0%B3%D0%B0%D0%BD%D0%B4%D0%B0/page/6/ HTTP/1.1" 200 16421 "-" "Mozilla/5.0 (compatible; SemrushBot/7~bl; +http://www.semrush.com/bot.html)"
216.73.216.187 - - [05/Apr/2026:15:32:54 +0200] "GET /wp-content/uploads/2022/10/307124505_10159036912558042_570678402085084792_n-80x60.jpg HTTP/1.1" 200 1889 "-" "Mozilla/5.0 AppleWebKit/537.36 (KHTML, like Gecko; compatible; ClaudeBot/1.0; +claudebot@anthropic.com)"
52.167.144.149 - - [05/Apr/2026:15:32:55 +0200] "GET /tag/%D0%BC%D0%B8%D1%82%D0%BD%D0%B8%D1%86%D0%B8%D1%82%D0%B5/page/5/ HTTP/1.1" 200 16395 "-" "Mozilla/5.0 AppleWebKit/537.36 (KHTML, like Gecko; compatible; bingbot/2.0; +http://www.bing.com/bingbot.htm) Chrome/116.0.1938.76 Safari/537.36"
216.73.216.187 - - [05/Apr/2026:15:32:59 +0200] "GET /wp-content/uploads/2020/04/d180d0b0d0b1d0bed182d0bdd0b8d0ba-d0b2-d182d0b5d186-d0b1d0bed0b1d0bed0b2-d0b4d0bed0bb-d0b5-d0b7d0b0d180d0b0d0b7d0b5d0bd-d181-covid-19-534x359.jpg HTTP/1.1" 200 31789 "-" "Mozilla/5.0 AppleWebKit/537.36 (KHTML, like Gecko; compatible; ClaudeBot/1.0; +claudebot@anthropic.com)"
216.73.216.187 - - [05/Apr/2026:15:33:04 +0200] "GET /wp-content/uploads/2025/02/razhodite-pensii-prez-2022-g-sa-blizo-562-630x420.jpg HTTP/1.1" 200 35588 "-" "Mozilla/5.0 AppleWebKit/537.36 (KHTML, like Gecko; compatible; ClaudeBot/1.0; +claudebot@anthropic.com)"
66.249.77.66 - - [05/Apr/2026:15:33:09 +0200] "GET /wp-content/uploads/2025/01/173713669582672-356x220.jpg HTTP/1.1" 200 17965 "-" "Googlebot-Image/1.0"
114.119.154.215 - - [05/Apr/2026:15:33:09 +0200] "GET /wp-content/plugins/w3-total-cache/vendor/aws/aws-sdk-php/src/data/translate/?C=M%3BO%3DA HTTP/1.1" 404 12107 "https://netvesti.com/wp-content/plugins/w3-total-cache/vendor/aws/aws-sdk-php/src/data/translate/?C=M%3BO%3DA" "Mozilla/5.0 (Linux; Android 7.0;) AppleWebKit/537.36 (KHTML, like Gecko) Mobile Safari/537.36 (compatible; PetalBot;+https://webmaster.petalsearch.com/site/petalbot)"
216.73.216.187 - - [05/Apr/2026:15:33:10 +0200] "GET /wp-content/cache/page_enhanced/netvesti.com/%d1%80%d0%b0%d0%b4%d0%b5%d0%b2-%d0%bf%d0%be%d0%b5%d0%bc%d0%b0-%d0%b2%d0%bb%d0%b0%d1%81%d1%82%d1%82%d0%b0-%d0%b2-%d0%b4%d1%8a%d1%80%d0%b6%d0%b0%d0%b2%d0%b0%d1%82%d0%b0-%d0%b2%d1%8a%d0%b2-%d0%b2%d1%82/?C=N&O=A HTTP/1.1" 200 416 "-" "Mozilla/5.0 AppleWebKit/537.36 (KHTML, like Gecko; compatible; ClaudeBot/1.0; +claudebot@anthropic.com)"
216.73.216.187 - - [05/Apr/2026:15:33:15 +0200] "GET /wp-content/cache/page_enhanced/netvesti.com/%d1%82%d1%80%d0%b5%d0%bd%d1%8c%d0%be%d1%80%d1%8a%d1%82-%d0%bd%d0%b0-%d0%be%d0%b1%d0%b2%d0%b8%d0%bd%d0%b5%d0%bd%d0%b8%d1%8f-%d0%bc%d0%be%d1%85%d0%b0%d0%bc%d0%b5%d0%b4-%d1%82%d0%be%d0%b2%d0%b0-%d0%b4/?C=S&O=A HTTP/1.1" 200 425 "-" "Mozilla/5.0 AppleWebKit/537.36 (KHTML, like Gecko; compatible; ClaudeBot/1.0; +claudebot@anthropic.com)"
216.73.216.187 - - [05/Apr/2026:15:33:20 +0200] "GET /wp-content/cache/page_enhanced/netvesti.com/%d0%b3%d1%8a%d0%bb%d1%8a%d0%b1-%d0%b4%d0%be%d0%bd%d0%b5%d0%b2-%d0%b3%d0%b0%d0%b7%d0%be%d0%bf%d1%80%d0%be%d0%b2%d0%be%d0%b4%d1%8a%d1%82-%d1%81-%d0%b3%d1%8a%d1%80%d1%86%d0%b8%d1%8f-%d1%89%d0%b5-%d0%b4/?C=N&O=A HTTP/1.1" 200 429 "-" "Mozilla/5.0 AppleWebKit/537.36 (KHTML, like Gecko; compatible; ClaudeBot/1.0; +claudebot@anthropic.com)"
216.73.216.187 - - [05/Apr/2026:15:33:25 +0200] "GET /wp-content/cache/page_enhanced/netvesti.com/%d0%b0%d0%bf%d0%b8-%d0%bd%d0%b0%d0%bf%d0%be%d0%bc%d0%bd%d1%8f-%d0%bd%d0%b0%d0%b4-1-%d0%bc%d0%bb%d0%bd-%d0%b3%d0%be%d0%b4%d0%b8%d1%88%d0%bd%d0%b8-%d0%b5-%d0%b2%d0%b8%d0%bd%d0%b5%d1%82%d0%ba%d0%b8/?C=N&O=D HTTP/1.1" 200 422 "-" "Mozilla/5.0 AppleWebKit/537.36 (KHTML, like Gecko; compatible; ClaudeBot/1.0; +claudebot@anthropic.com)"
216.73.216.187 - - [05/Apr/2026:15:33:30 +0200] "GET /wp-content/cache/page_enhanced/netvesti.com/%d1%84%d0%b8%d0%bb%d0%b8%d0%bf-%d0%bf%d0%be%d0%bf%d0%be%d0%b2-%d0%b1%d1%81%d0%bf-%d0%bd%d1%8f%d0%bc%d0%b0-%d0%b4%d0%b0-%d0%bf%d0%be%d0%b4%d0%ba%d1%80%d0%b5%d0%bf%d0%b8-%d0%bf%d1%80%d0%b0%d0%b2%d0%b8/?C=N&O=A HTTP/1.1" 200 415 "-" "Mozilla/5.0 AppleWebKit/537.36 (KHTML, like Gecko; compatible; ClaudeBot/1.0; +claudebot@anthropic.com)"
216.73.216.187 - - [05/Apr/2026:15:33:33 +0200] "GET /wp-content/cache/page_enhanced/netvesti.com/%d1%85%d1%80%d0%b0%d0%bd%d0%b5%d0%bd%d0%b5-%d0%bd%d0%b0%d0%b2%d1%8a%d0%bd-%d0%ba%d0%b0%d0%ba-%d0%b4%d0%b0-%d0%b3%d0%be-%d1%81%d1%8a%d0%b2%d0%bc%d0%b5%d1%81%d1%82%d0%b8%d1%82%d0%b5-%d1%81-%d1%80/?C=N&O=D HTTP/1.1" 200 413 "-" "Mozilla/5.0 AppleWebKit/537.36 (KHTML, like Gecko; compatible; ClaudeBot/1.0; +claudebot@anthropic.com)"
216.73.216.187 - - [05/Apr/2026:15:33:35 +0200] "GET /wp-content/cache/page_enhanced/netvesti.com/%d1%80%d0%b0%d0%b4%d0%b5%d0%b2-%d0%b1%d0%be%d1%80%d0%b8%d1%81%d0%be%d0%b2-%d0%b7%d0%b0%d0%b3%d1%80%d0%be%d0%b1%d0%b2%d0%b0-%d0%bf%d0%be%d0%ba%d0%be%d0%bb%d0%b5%d0%bd%d0%b8%d1%8f-%d0%b1%d1%8a%d0%bb/?C=N&O=D HTTP/1.1" 200 419 "-" "Mozilla/5.0 AppleWebKit/537.36 (KHTML, like Gecko; compatible; ClaudeBot/1.0; +claudebot@anthropic.com)"
216.73.216.187 - - [05/Apr/2026:15:33:38 +0200] "GET /wp-content/cache/page_enhanced/netvesti.com/%d1%85%d1%80%d0%b0%d0%bd%d0%b5%d0%bd%d0%b5-%d0%bd%d0%b0%d0%b2%d1%8a%d0%bd-%d0%ba%d0%b0%d0%ba-%d0%b4%d0%b0-%d0%b3%d0%be-%d1%81%d1%8a%d0%b2%d0%bc%d0%b5%d1%81%d1%82%d0%b8%d1%82%d0%b5-%d1%81-%d1%80/?C=D&O=A HTTP/1.1" 200 415 "-" "Mozilla/5.0 AppleWebKit/537.36 (KHTML, like Gecko; compatible; ClaudeBot/1.0; +claudebot@anthropic.com)"
66.249.77.64 - - [05/Apr/2026:15:33:40 +0200] "GET /%D1%81%D0%BB%D0%B5%D0%B4-5-%D0%B3%D0%BE%D0%B4%D0%B8%D0%BD%D0%B8-%D0%BD%D1%8F%D0%BC%D0%B0-%D0%B4%D0%B0-%D0%B8%D0%BC%D0%B0-%D0%BA%D0%BE%D0%B9-%D0%B4%D0%B0-%D1%80%D0%B0%D0%B1%D0%BE%D1%82%D0%B8-%D0%B2/ HTTP/1.1" 200 21323 "-" "Mozilla/5.0 (Linux; Android 6.0.1; Nexus 5X Build/MMB29P) AppleWebKit/537.36 (KHTML, like Gecko) Chrome/146.0.7680.177 Mobile Safari/537.36 (compatible; Googlebot/2.1; +http://www.google.com/bot.html)"
216.73.216.187 - - [05/Apr/2026:15:33:43 +0200] "GET /wp-content/cache/page_enhanced/netvesti.com/%d1%85%d1%80%d0%b0%d0%bd%d0%b5%d0%bd%d0%b5-%d0%bd%d0%b0%d0%b2%d1%8a%d0%bd-%d0%ba%d0%b0%d0%ba-%d0%b4%d0%b0-%d0%b3%d0%be-%d1%81%d1%8a%d0%b2%d0%bc%d0%b5%d1%81%d1%82%d0%b8%d1%82%d0%b5-%d1%81-%d1%80/?C=M&O=A HTTP/1.1" 200 417 "-" "Mozilla/5.0 AppleWebKit/537.36 (KHTML, like Gecko; compatible; ClaudeBot/1.0; +claudebot@anthropic.com)"
52.167.144.149 - - [05/Apr/2026:15:33:45 +0200] "GET /%D0%BF%D1%80%D0%BE%D1%81%D1%82-%D0%BD%D0%B0%D1%80%D0%BE%D0%B4-%D1%81%D0%BB%D0%B0%D0%B1%D0%B0-%D0%B4%D1%8A%D1%80%D0%B6%D0%B0%D0%B2%D0%B0-%D0%B7%D0%B5%D0%BC%D1%8F%D1%82%D0%B0-%D0%BD%D0%B0-%D0%B1/ HTTP/1.1" 200 54986 "-" "Mozilla/5.0 AppleWebKit/537.36 (KHTML, like Gecko; compatible; bingbot/2.0; +http://www.bing.com/bingbot.htm) Chrome/116.0.1938.76 Safari/537.36"
216.73.216.187 - - [05/Apr/2026:15:33:48 +0200] "GET /wp-content/cache/page_enhanced/netvesti.com/%d1%85%d1%80%d0%b0%d0%bd%d0%b5%d0%bd%d0%b5-%d0%bd%d0%b0%d0%b2%d1%8a%d0%bd-%d0%ba%d0%b0%d0%ba-%d0%b4%d0%b0-%d0%b3%d0%be-%d1%81%d1%8a%d0%b2%d0%bc%d0%b5%d1%81%d1%82%d0%b8%d1%82%d0%b5-%d1%81-%d1%80/?C=S&O=A HTTP/1.1" 200 415 "-" "Mozilla/5.0 AppleWebKit/537.36 (KHTML, like Gecko; compatible; ClaudeBot/1.0; +claudebot@anthropic.com)"
40.77.167.47 - - [05/Apr/2026:15:33:49 +0200] "GET /%D0%B1%D0%B5%D0%BD%D0%B0%D1%82%D0%BE%D0%B2%D0%B0-%D0%B7%D0%B0-%D0%B7%D0%B0%D0%BF%D0%B8%D1%81%D0%B8%D1%82%D0%B5-%D1%81-%D0%BF%D0%BB%D0%B0%D0%BC%D0%B5%D0%BD-%D1%83%D0%B7%D1%83%D0%BD%D0%BE%D0%B2-%D0%B4/ HTTP/1.1" 200 20992 "-" "Mozilla/5.0 AppleWebKit/537.36 (KHTML, like Gecko; compatible; bingbot/2.0; +http://www.bing.com/bingbot.htm) Chrome/116.0.1938.76 Safari/537.36"
216.73.216.187 - - [05/Apr/2026:15:33:53 +0200] "GET /wp-content/cache/page_enhanced/netvesti.com/%d1%82%d1%80%d0%b5%d0%bd%d1%8c%d0%be%d1%80%d1%8a%d1%82-%d0%bd%d0%b0-%d0%be%d0%b1%d0%b2%d0%b8%d0%bd%d0%b5%d0%bd%d0%b8%d1%8f-%d0%bc%d0%be%d1%85%d0%b0%d0%bc%d0%b5%d0%b4-%d1%82%d0%be%d0%b2%d0%b0-%d0%b4/?C=N&O=D HTTP/1.1" 200 424 "-" "Mozilla/5.0 AppleWebKit/537.36 (KHTML, like Gecko; compatible; ClaudeBot/1.0; +claudebot@anthropic.com)"
216.73.216.187 - - [05/Apr/2026:15:33:58 +0200] "GET /wp-content/cache/page_enhanced/netvesti.com/%d1%82%d1%83%d1%80%d1%81%d0%ba%d0%b8%d1%82%d0%b5-%d0%b0%d0%b2%d0%b8%d0%be%d0%bb%d0%b8%d0%bd%d0%b8%d0%b8-%d0%b2%d1%8a%d0%b7%d0%be%d0%b1%d0%bd%d0%be%d0%b2%d0%b8%d1%85%d0%b0-%d0%bf%d0%be%d0%bb%d0%b5/?C=N&O=A HTTP/1.1" 200 424 "-" "Mozilla/5.0 AppleWebKit/537.36 (KHTML, like Gecko; compatible; ClaudeBot/1.0; +claudebot@anthropic.com)"
216.73.216.187 - - [05/Apr/2026:15:34:00 +0200] "GET /tag/%d0%bf%d1%80%d0%b5%d0%b7%d0%b8%d0%b4%d0%b5%d0%bd%d1%82%d0%b0-%d1%80%d0%b0%d0%b4%d0%b5%d0%b2/page/5 HTTP/1.1" 301 0 "-" "Mozilla/5.0 AppleWebKit/537.36 (KHTML, like Gecko; compatible; ClaudeBot/1.0; +claudebot@anthropic.com)"
216.73.216.187 - - [05/Apr/2026:15:34:01 +0200] "GET /tag/%d0%bf%d1%80%d0%b5%d0%b7%d0%b8%d0%b4%d0%b5%d0%bd%d1%82%d0%b0-%d1%80%d0%b0%d0%b4%d0%b5%d0%b2/page/5/ HTTP/1.1" 502 150 "https://netvesti.com/tag/%d0%bf%d1%80%d0%b5%d0%b7%d0%b8%d0%b4%d0%b5%d0%bd%d1%82%d0%b0-%d1%80%d0%b0%d0%b4%d0%b5%d0%b2/page/5" "Mozilla/5.0 AppleWebKit/537.36 (KHTML, like Gecko; compatible; ClaudeBot/1.0; +claudebot@anthropic.com)"
216.73.216.187 - - [05/Apr/2026:15:34:02 +0200] "GET /tag/%d0%b2%d0%be%d0%b5%d0%bd%d0%bd%d0%b8%d1%8f-%d0%bc%d0%b8%d0%bd%d0%b8%d1%81%d1%82%d1%8a%d1%80/page/20 HTTP/1.1" 502 150 "-" "Mozilla/5.0 AppleWebKit/537.36 (KHTML, like Gecko; compatible; ClaudeBot/1.0; +claudebot@anthropic.com)"
216.73.216.187 - - [05/Apr/2026:15:34:07 +0200] "GET /tag/%D0%B2%D0%B0%D1%81%D0%BA%D0%BE-%D0%BA%D0%B5%D1%86%D0%B0/page/14 HTTP/1.1" 301 0 "-" "Mozilla/5.0 AppleWebKit/537.36 (KHTML, like Gecko; compatible; ClaudeBot/1.0; +claudebot@anthropic.com)"
216.73.216.187 - - [05/Apr/2026:15:34:09 +0200] "GET /tag/%D0%B2%D0%B0%D1%81%D0%BA%D0%BE-%D0%BA%D0%B5%D1%86%D0%B0/page/14/ HTTP/1.1" 200 16561 "https://netvesti.com/tag/%D0%B2%D0%B0%D1%81%D0%BA%D0%BE-%D0%BA%D0%B5%D1%86%D0%B0/page/14" "Mozilla/5.0 AppleWebKit/537.36 (KHTML, like Gecko; compatible; ClaudeBot/1.0; +claudebot@anthropic.com)"
91.92.243.248 - - [05/Apr/2026:15:34:10 +0200] "POST /wp-login.php HTTP/1.1" 200 1554 "-" "Mozilla/5.0"
91.92.243.248 - - [05/Apr/2026:15:34:10 +0200] "POST /wp-login.php HTTP/1.1" 200 1539 "-" "Mozilla/5.0"
91.92.243.248 - - [05/Apr/2026:15:34:11 +0200] "POST /wp-login.php HTTP/1.1" 200 1550 "-" "Mozilla/5.0"
91.92.243.248 - - [05/Apr/2026:15:34:11 +0200] "POST /wp-login.php HTTP/1.1" 200 1551 "-" "Mozilla/5.0"
91.92.243.248 - - [05/Apr/2026:15:34:11 +0200] "POST /wp-login.php HTTP/1.1" 200 1554 "-" "Mozilla/5.0"
91.92.243.248 - - [05/Apr/2026:15:34:11 +0200] "POST /wp-login.php HTTP/1.1" 200 1552 "-" "Mozilla/5.0"
91.92.243.248 - - [05/Apr/2026:15:34:11 +0200] "POST /wp-login.php HTTP/1.1" 200 1552 "-" "Mozilla/5.0"
91.92.243.248 - - [05/Apr/2026:15:34:11 +0200] "POST /wp-login.php HTTP/1.1" 200 1550 "-" "Mozilla/5.0"
91.92.243.248 - - [05/Apr/2026:15:34:11 +0200] "POST /wp-login.php HTTP/1.1" 200 1554 "-" "Mozilla/5.0"
91.92.243.248 - - [05/Apr/2026:15:34:11 +0200] "POST /wp-login.php HTTP/1.1" 200 1554 "-" "Mozilla/5.0"
91.92.243.248 - - [05/Apr/2026:15:34:11 +0200] "POST /wp-login.php HTTP/1.1" 200 1553 "-" "Mozilla/5.0"
216.73.216.187 - - [05/Apr/2026:15:34:15 +0200] "GET /wp-content/themes/Newspaper/includes/demos/photography/td_media_3.php HTTP/1.1" 500 0 "-" "Mozilla/5.0 AppleWebKit/537.36 (KHTML, like Gecko; compatible; ClaudeBot/1.0; +claudebot@anthropic.com)"
216.73.216.187 - - [05/Apr/2026:15:34:17 +0200] "GET /wp-content/themes/Newspaper/includes/demos/video/td_media_5.php HTTP/1.1" 500 0 "-" "Mozilla/5.0 AppleWebKit/537.36 (KHTML, like Gecko; compatible; ClaudeBot/1.0; +claudebot@anthropic.com)"
14.175.174.152 - - [05/Apr/2026:15:34:17 +0200] "GET /%D0%BA%D0%BE%D1%81%D1%82%D0%B0%D0%B4%D0%B8%D0%BD%D0%BE%D0%B2-%D0%BE%D1%82%D0%B2%D1%8A%D1%80%D0%BD%D0%B0-%D0%BD%D0%B0-%D1%83%D0%B4%D0%B0%D1%80%D0%B0-%D0%BC%D1%8F%D1%81%D1%82%D0%BE%D1%82%D0%BE-%D0%BD/ HTTP/1.1" 200 27064 "-" "Mozilla/5.0 (Windows NT 5.2; kn-IN; rv:1.9.1.20) Gecko/2158-05-28 20:30:55.112092 Firefox/3.6.16"
216.73.216.187 - - [05/Apr/2026:15:34:22 +0200] "GET /wp-content/themes/Newspaper/includes/demos/default/td_media_6.php HTTP/1.1" 500 0 "-" "Mozilla/5.0 AppleWebKit/537.36 (KHTML, like Gecko; compatible; ClaudeBot/1.0; +claudebot@anthropic.com)"
66.249.77.65 - - [05/Apr/2026:15:34:22 +0200] "GET /%D0%BE%D0%B2%D0%B5%D0%BD-%D0%BC%D0%B5%D0%BB%D0%B1%D0%B0-%D0%BB%D1%8A%D0%B2-%D0%BA%D1%80%D0%B5%D0%BC-%D0%B1%D1%80%D1%8E%D0%BB%D0%B5-%D0%B4%D0%B5%D1%81%D0%B5%D1%80%D1%82-%D1%81%D0%BF%D0%BE%D1%80/ HTTP/1.1" 200 25235 "-" "Mozilla/5.0 (Linux; Android 6.0.1; Nexus 5X Build/MMB29P) AppleWebKit/537.36 (KHTML, like Gecko) Chrome/146.0.7680.177 Mobile Safari/537.36 (compatible; GoogleOther)"
216.73.216.187 - - [05/Apr/2026:15:34:27 +0200] "GET /wp-content/themes/Newspaper/mobile/category.php HTTP/1.1" 500 0 "-" "Mozilla/5.0 AppleWebKit/537.36 (KHTML, like Gecko; compatible; ClaudeBot/1.0; +claudebot@anthropic.com)"
17.22.253.124 - - [05/Apr/2026:15:34:27 +0200] "GET /tag/%D1%80%D1%83%D0%BC%D1%8F%D0%BD%D0%B0-%D1%87%D0%B5%D0%BD%D0%B0%D0%BB%D0%BE%D0%B2%D0%B0-%D1%80%D1%83%D1%81%D0%BA%D0%B0%D1%82%D0%B0-%D1%86%D1%8A%D1%80%D0%BA%D0%B2%D0%B0-%D0%B5-%D0%BF%D0%BE%D0%B4-%D1%8E/page/8/ HTTP/1.1" 200 14058 "-" "Mozilla/5.0 (Macintosh; Intel Mac OS X 10_15_7) AppleWebKit/605.1.15 (KHTML, like Gecko) Version/17.4 Safari/605.1.15 (Applebot/0.1; +http://www.apple.com/go/applebot)"
220.181.108.104 - - [05/Apr/2026:15:34:30 +0200] "GET /wp-content/uploads/2023/02/gfnfgn-356x220.jpg HTTP/1.1" 200 21029 "-" "Baiduspider-image+(+http://www.baidu.com/search/spider.htm)"
216.73.216.187 - - [05/Apr/2026:15:34:32 +0200] "GET /wp-content/themes/Newspaper/includes/modules/td_module_mx22.php HTTP/1.1" 500 0 "-" "Mozilla/5.0 AppleWebKit/537.36 (KHTML, like Gecko; compatible; ClaudeBot/1.0; +claudebot@anthropic.com)"
