shell bypass 403
UnknownSec Shell
:
/
home
/
blife
/
access-logs
/ [
drwxr-x---
]
upload
mass deface
mass delete
console
info server
name :
netvesti.com.blife.eu-ssl_log
51.195.183.203 - - [05/Apr/2026:14:06:31 +0200] "GET /tag/%D0%B3%D1%80%D0%B0%D0%B6%D0%B4%D0%B0%D0%BD%D0%B8%D0%BD/page/6/ HTTP/1.1" 200 16433 "-" "Mozilla/5.0 (compatible; AhrefsBot/7.0; +http://ahrefs.com/robot/)"
116.179.32.17 - - [05/Apr/2026:14:06:32 +0200] "GET /wp-content/uploads/2022/06/288134514_10216982988366009_7691956892702895997_n-356x220.jpg HTTP/1.1" 200 11993 "-" "Baiduspider-image+(+http://www.baidu.com/search/spider.htm)"
54.38.147.183 - - [05/Apr/2026:14:07:31 +0200] "GET /tag/%D1%87%D0%B5%D1%81%D1%82%D0%B8%D1%82-%D0%B4%D0%B5%D0%BD-%D0%BD%D0%B0-%D0%B2%D0%B5%D0%BB%D0%B8%D0%BA%D0%B0%D1%82%D0%B0-%D0%BF%D0%BE%D0%B1%D0%B5%D0%B4%D0%B0/page/6/ HTTP/1.1" 200 17255 "-" "Mozilla/5.0 (compatible; AhrefsBot/7.0; +http://ahrefs.com/robot/)"
40.77.167.159 - - [05/Apr/2026:14:08:05 +0200] "GET /tag/%D0%B3-%D0%BD-%D0%B1%D0%BE%D1%80%D0%B8%D1%81%D0%BE%D0%B2-%D0%B4%D0%B0-%D1%81%D0%B5-%D0%BD%D0%B0%D1%81%D0%BE%D1%87%D0%B8-%D0%BA%D1%8A%D0%BC-%D1%81%D1%82%D0%B5%D0%BD%D0%B4%D1%8A%D0%BF-%D0%BA%D0%BE%D0%BC/ HTTP/1.1" 200 16156 "-" "Mozilla/5.0 AppleWebKit/537.36 (KHTML, like Gecko; compatible; bingbot/2.0; +http://www.bing.com/bingbot.htm) Chrome/116.0.1938.76 Safari/537.36"
116.179.32.66 - - [05/Apr/2026:14:08:19 +0200] "GET /wp-content/uploads/2023/08/4-27-620x330-324x160.jpg HTTP/1.1" 200 11005 "-" "Baiduspider-image+(+http://www.baidu.com/search/spider.htm)"
66.249.77.64 - - [05/Apr/2026:14:08:24 +0200] "GET /%D0%BF%D0%B0%D1%82%D1%80%D0%B8%D0%B0%D1%80%D1%85%D1%8A%D1%82-%D0%BE%D1%82%D1%81%D0%BB%D1%83%D0%B6%D0%B8-%D0%B1%D0%BB%D0%B0%D0%B3%D0%BE%D0%B4%D0%B0%D1%80%D1%81%D1%82%D0%B2%D0%B5%D0%BD-%D0%BC%D0%BE/ HTTP/1.1" 200 25583 "-" "Mozilla/5.0 (Linux; Android 6.0.1; Nexus 5X Build/MMB29P) AppleWebKit/537.36 (KHTML, like Gecko) Chrome/146.0.7680.177 Mobile Safari/537.36 (compatible; Googlebot/2.1; +http://www.google.com/bot.html)"
198.244.226.228 - - [05/Apr/2026:14:08:52 +0200] "GET /tag/%D0%B4%D1%8A%D1%80%D0%B6%D0%B0%D0%B2%D0%B0-%D0%BD%D0%B0-%D0%B0%D0%B1%D1%81%D1%83%D1%80%D0%B4%D0%B0/page/19/ HTTP/1.1" 200 16190 "-" "Mozilla/5.0 (compatible; AhrefsBot/7.0; +http://ahrefs.com/robot/)"
85.208.96.206 - - [05/Apr/2026:14:08:59 +0200] "GET /robots.txt HTTP/1.1" 304 0 "-" "Mozilla/5.0 (compatible; SemrushBot/7~bl; +http://www.semrush.com/bot.html)"
85.208.96.197 - - [05/Apr/2026:14:09:00 +0200] "GET /tag/%D0%B4%D0%B5%D0%BB%D1%8F%D0%BD-%D0%B4%D0%BE%D0%B1%D1%80%D0%B5%D0%B2-%D0%B8-%D0%B4%D0%BF%D1%81-%D0%BE%D0%B1%D0%B2%D0%B8%D0%BD%D0%B8%D1%85%D0%B0-%D0%B0%D1%81%D0%B5%D0%BD-%D0%B2%D0%B0%D1%81%D0%B8%D0%BB/page/2/ HTTP/1.1" 200 18498 "-" "Mozilla/5.0 (compatible; SemrushBot/7~bl; +http://www.semrush.com/bot.html)"
8.228.88.249 - - [05/Apr/2026:14:09:00 +0200] "GET /feed/ HTTP/1.1" 200 25217 "-" "Mozilla/5.0 (Windows NT 6.3; WOW64; rv:33.0) Gecko/20100101 Firefox/33.0"
185.191.171.16 - - [05/Apr/2026:14:09:07 +0200] "GET /tag/%D0%BA%D0%B0%D0%BA%D1%82%D0%BE-%D0%B8%D1%81%D0%BA%D0%B0%D1%82-%D0%BD%D1%8F%D0%BA%D0%BE%D0%B8/page/11/ HTTP/1.1" 200 16364 "-" "Mozilla/5.0 (compatible; SemrushBot/7~bl; +http://www.semrush.com/bot.html)"
85.208.96.203 - - [05/Apr/2026:14:09:10 +0200] "GET /tag/%D0%B7%D0%B0%D1%85%D0%B0%D1%80%D0%BE%D0%B2%D0%B0/page/21/ HTTP/1.1" 200 16235 "-" "Mozilla/5.0 (compatible; SemrushBot/7~bl; +http://www.semrush.com/bot.html)"
157.230.250.204 - - [05/Apr/2026:14:09:27 +0200] "GET /wp-login.php HTTP/1.1" 200 1167 "https://www.google.com/search?q=wordpress" "Mozilla/5.0 (Windows NT 10.0; Win64; x64; rv:119.0) Gecko/20100101 Firefox/119.0"
157.230.250.204 - - [05/Apr/2026:14:09:28 +0200] "GET /wp-admin/ HTTP/1.1" 200 1897 "https://www.google.com/search?q=wordpress" "Mozilla/5.0 (X11; Linux x86_64) AppleWebKit/537.36 (KHTML, like Gecko) Chrome/118.0.0.0 Safari/537.36"
85.208.96.200 - - [05/Apr/2026:14:09:29 +0200] "GET /%D1%81%D0%BA%D1%8A%D0%BF%D0%B8-%D0%BF%D1%80%D0%B8%D1%8F%D1%82%D0%B5%D0%BB%D0%B8-%D0%B4%D0%BD%D0%B5%D1%81-12-%D0%BC%D0%B0%D1%80%D1%82-%D0%BF%D1%80%D0%B5%D0%B4-%D0%BD%D0%B4%D0%BA-%D1%81%D0%B5-%D1%81/ HTTP/1.1" 200 30846 "-" "Mozilla/5.0 (compatible; SemrushBot/7~bl; +http://www.semrush.com/bot.html)"
5.255.231.156 - - [05/Apr/2026:14:09:32 +0200] "GET /%D0%B2%D0%BC%D1%80%D0%BE-%D0%BE%D0%B1%D0%BC%D0%B8%D1%81%D0%BB%D1%8F-%D0%BC%D1%8F%D1%80%D0%BA%D0%B0%D1%82%D0%B0-%D0%B7%D0%B0-%D0%B1%D0%B8%D0%B7%D0%BD%D0%B5%D1%81%D0%B0-60-40-%D0%B4%D0%B0-%D1%81%D0%B5/ HTTP/1.1" 200 25514 "-" "Mozilla/5.0 (compatible; YandexBot/3.0; +http://yandex.com/bots)"
185.191.171.12 - - [05/Apr/2026:14:09:33 +0200] "GET /tag/%D0%B5%D0%B4%D0%B8%D0%BD%D1%81%D1%82%D0%B2%D0%B5%D0%BD%D0%BE%D1%82%D0%BE-%D1%81%D0%BF%D0%B0%D1%81%D0%B5%D0%BD%D0%B8%D0%B5-%D0%BD%D0%B5-%D0%B5-%D0%BD%D0%B0%D1%83%D0%BA%D0%B0%D1%82%D0%B0/ HTTP/1.1" 200 13550 "-" "Mozilla/5.0 (compatible; SemrushBot/7~bl; +http://www.semrush.com/bot.html)"
40.77.167.159 - - [05/Apr/2026:14:09:46 +0200] "GET /tag/%D0%BC%D0%B0%D0%BA%D1%80%D0%BE%D0%BD/ HTTP/1.1" 200 16525 "-" "Mozilla/5.0 AppleWebKit/537.36 (KHTML, like Gecko; compatible; bingbot/2.0; +http://www.bing.com/bingbot.htm) Chrome/116.0.1938.76 Safari/537.36"
40.77.167.159 - - [05/Apr/2026:14:09:47 +0200] "GET /tag/%D0%B1%D0%B5%D0%B7%D1%80%D0%B0%D0%B1%D0%BE%D1%82%D0%B8%D1%86%D0%B0/ HTTP/1.1" 200 13774 "-" "Mozilla/5.0 AppleWebKit/537.36 (KHTML, like Gecko; compatible; bingbot/2.0; +http://www.bing.com/bingbot.htm) Chrome/116.0.1938.76 Safari/537.36"
85.208.96.209 - - [05/Apr/2026:14:09:47 +0200] "GET /tag/%D0%B8%D0%B7%D1%82%D0%BE%D1%87%D0%BD%D0%B0-%D1%80%D1%83%D0%BC%D0%B5%D0%BB%D0%B8%D1%8F/ HTTP/1.1" 200 13526 "-" "Mozilla/5.0 (compatible; SemrushBot/7~bl; +http://www.semrush.com/bot.html)"
52.167.144.25 - - [05/Apr/2026:14:09:50 +0200] "GET /tag/%D0%B8%D0%BD%D1%82%D0%B5%D1%80%D0%B5%D1%81%D0%B8/ HTTP/1.1" 200 16300 "-" "Mozilla/5.0 AppleWebKit/537.36 (KHTML, like Gecko; compatible; bingbot/2.0; +http://www.bing.com/bingbot.htm) Chrome/116.0.1938.76 Safari/537.36"
40.77.167.13 - - [05/Apr/2026:14:09:51 +0200] "GET /tag/%D0%B1%D1%83%D0%B4%D0%B0/ HTTP/1.1" 200 16323 "-" "Mozilla/5.0 AppleWebKit/537.36 (KHTML, like Gecko; compatible; bingbot/2.0; +http://www.bing.com/bingbot.htm) Chrome/116.0.1938.76 Safari/537.36"
40.77.167.13 - - [05/Apr/2026:14:09:52 +0200] "GET /tag/%D0%B4%D1%80%D1%8A%D0%BF%D0%BD%D0%B5%D1%82%D0%B5-%D1%88%D0%B0%D0%BB%D1%82%D0%B5%D1%80%D0%B0-%D0%BD%D0%B0-%D0%B4%D1%8A%D1%80%D0%B6%D0%B0%D0%B2%D0%B0%D1%82%D0%B0-%D1%82%D0%BE%D0%B9-%D0%B5/ HTTP/1.1" 200 16571 "-" "Mozilla/5.0 AppleWebKit/537.36 (KHTML, like Gecko; compatible; bingbot/2.0; +http://www.bing.com/bingbot.htm) Chrome/116.0.1938.76 Safari/537.36"
17.241.75.10 - - [05/Apr/2026:14:09:53 +0200] "GET /tag/%d0%bc%d0%b8%d1%80%d0%b0-%d0%b1%d0%b0%d0%b4%d0%b6%d0%b5%d0%b2%d0%b0/ HTTP/1.1" 200 14043 "-" "Mozilla/5.0 (Macintosh; Intel Mac OS X 10_15_7) AppleWebKit/605.1.15 (KHTML, like Gecko) Version/17.4 Safari/605.1.15 (Applebot/0.1; +http://www.apple.com/go/applebot)"
40.77.167.13 - - [05/Apr/2026:14:09:54 +0200] "GET /tag/%D0%B2%D1%81%D0%B8%D1%87%D0%BA%D0%BE-%D1%82%D1%80%D1%8F%D0%B1%D0%B2%D0%B0-%D0%B4%D0%B0-%D0%B5-%D0%B7%D0%B0-%D0%B1%D1%8A%D0%BB%D0%B3%D0%B0%D1%80%D0%B8%D1%8F/ HTTP/1.1" 200 16113 "-" "Mozilla/5.0 AppleWebKit/537.36 (KHTML, like Gecko; compatible; bingbot/2.0; +http://www.bing.com/bingbot.htm) Chrome/116.0.1938.76 Safari/537.36"
40.77.167.159 - - [05/Apr/2026:14:09:56 +0200] "GET /tag/%D0%BD%D0%B5%D0%BB%D0%B5%D0%B3%D0%B8%D1%82%D0%B8%D0%BC%D0%BD%D0%B8-%D1%81%D1%82%D0%B5/ HTTP/1.1" 200 18043 "-" "Mozilla/5.0 AppleWebKit/537.36 (KHTML, like Gecko; compatible; bingbot/2.0; +http://www.bing.com/bingbot.htm) Chrome/116.0.1938.76 Safari/537.36"
185.191.171.12 - - [05/Apr/2026:14:09:59 +0200] "GET /tag/%D0%BD%D0%B0%D0%B7%D0%BD%D0%B0%D1%87%D0%B5%D0%BD%D0%B8%D1%8F%D1%82%D0%B0/page/17/ HTTP/1.1" 200 14668 "-" "Mozilla/5.0 (compatible; SemrushBot/7~bl; +http://www.semrush.com/bot.html)"
52.167.144.25 - - [05/Apr/2026:14:10:01 +0200] "GET /tag/%D0%B5%D0%BF%D0%B8%D0%B4%D0%B5%D0%BC%D0%B8%D1%8F%D1%82%D0%B0/ HTTP/1.1" 200 13631 "-" "Mozilla/5.0 AppleWebKit/537.36 (KHTML, like Gecko; compatible; bingbot/2.0; +http://www.bing.com/bingbot.htm) Chrome/116.0.1938.76 Safari/537.36"
52.167.144.25 - - [05/Apr/2026:14:10:01 +0200] "GET /tag/%D0%BA%D0%BE%D1%81%D1%82%D0%B0%D0%B4%D0%B8%D0%BD-%D0%BA%D0%BE%D1%81%D1%82%D0%B0%D0%B4%D0%B8%D0%BD%D0%BE%D0%B2-%D0%B8%D0%B7%D0%B1%D0%BE%D1%80%D0%B8%D1%82%D0%B5-%D0%B2%D0%B5%D0%B4%D0%BD%D0%B0%D0%B3/page/12/ HTTP/1.1" 200 2196 "-" "Mozilla/5.0 AppleWebKit/537.36 (KHTML, like Gecko; compatible; bingbot/2.0; +http://www.bing.com/bingbot.htm) Chrome/116.0.1938.76 Safari/537.36"
52.167.144.25 - - [05/Apr/2026:14:10:03 +0200] "GET /tag/%D0%BD%D0%B0%D0%BB%D0%B0%D0%B3%D0%B0%D0%BC%D0%B5-%D1%85%D1%83%D0%BC%D0%B0%D0%BD%D0%BD%D0%BE-%D0%B5%D0%B2%D1%82%D0%B0%D0%BD%D0%B0%D0%B7%D0%B8%D1%8F/ HTTP/1.1" 502 552 "-" "Mozilla/5.0 AppleWebKit/537.36 (KHTML, like Gecko; compatible; bingbot/2.0; +http://www.bing.com/bingbot.htm) Chrome/116.0.1938.76 Safari/537.36"
52.167.144.25 - - [05/Apr/2026:14:10:03 +0200] "GET /tag/%D0%B2%D0%B0%D0%BB%D0%B5%D0%BD%D1%82%D0%B8%D0%BD-%D0%B7%D0%BB%D0%B0%D1%82%D0%B5%D0%B2-%D0%BD%D0%B0-%D1%80%D0%B0%D0%B7%D0%BF%D0%B8%D1%82-%D0%B7%D0%B0-%D0%BA%D1%8A%D1%89%D0%B0%D1%82%D0%B0-%D0%B2-%D0%B1/ HTTP/1.1" 502 552 "-" "Mozilla/5.0 AppleWebKit/537.36 (KHTML, like Gecko; compatible; bingbot/2.0; +http://www.bing.com/bingbot.htm) Chrome/116.0.1938.76 Safari/537.36"
52.167.144.25 - - [05/Apr/2026:14:10:03 +0200] "GET /%D0%B2%D1%8A%D0%BF%D1%80%D0%B5%D0%BA%D0%B8-%D0%BF%D0%B0%D0%BD%D0%B4%D0%B5%D0%BC%D0%B8%D1%8F%D1%82%D0%B0-%D1%84%D0%B8%D0%BB%D1%85%D0%B0%D1%80%D0%BC%D0%BE%D0%BD%D0%B8%D1%8F%D1%82%D0%B0-%D1%81-%D0%BB/ HTTP/1.1" 502 552 "-" "Mozilla/5.0 AppleWebKit/537.36 (KHTML, like Gecko; compatible; bingbot/2.0; +http://www.bing.com/bingbot.htm) Chrome/116.0.1938.76 Safari/537.36"
220.181.108.114 - - [05/Apr/2026:14:10:05 +0200] "GET /wp-content/uploads/2022/06/1656069000-324x160.jpg HTTP/1.1" 200 16591 "-" "Baiduspider-image+(+http://www.baidu.com/search/spider.htm)"
198.244.168.246 - - [05/Apr/2026:14:10:12 +0200] "GET /tag/%D1%81%D1%82%D0%B8%D0%B3%D0%B0-%D1%82%D0%BE%D0%BB%D0%BA%D0%BE%D0%B2%D0%B0-%D0%B2%D0%B8%D0%B4%D0%B5%D0%BE/page/7/ HTTP/1.1" 200 16172 "-" "Mozilla/5.0 (compatible; AhrefsBot/7.0; +http://ahrefs.com/robot/)"
216.73.216.187 - - [05/Apr/2026:14:10:15 +0200] "GET /wp-content/plugins/jetpack/scss/?C=D&O=D HTTP/1.1" 200 507 "-" "Mozilla/5.0 AppleWebKit/537.36 (KHTML, like Gecko; compatible; ClaudeBot/1.0; +claudebot@anthropic.com)"
216.73.216.187 - - [05/Apr/2026:14:10:15 +0200] "GET /wp-content/plugins/wordpress-seo/inc/?C=M&O=D HTTP/1.1" 200 922 "-" "Mozilla/5.0 AppleWebKit/537.36 (KHTML, like Gecko; compatible; ClaudeBot/1.0; +claudebot@anthropic.com)"
216.73.216.187 - - [05/Apr/2026:14:10:16 +0200] "GET /wp-content/plugins/jetpack/sal/?C=S&O=D HTTP/1.1" 200 458 "-" "Mozilla/5.0 AppleWebKit/537.36 (KHTML, like Gecko; compatible; ClaudeBot/1.0; +claudebot@anthropic.com)"
185.191.171.15 - - [05/Apr/2026:14:10:18 +0200] "GET /%D1%81%D0%B8%D0%BB%D0%BD%D0%BE-%D0%BE%D1%82-%D0%BF%D0%BE%D0%BB%D0%BA-%D0%BD%D0%B8%D0%BA%D0%BE%D0%BB%D0%B0%D0%B9-%D0%BC%D0%B0%D1%80%D0%BA%D0%BE%D0%B2-%D0%B0%D0%B7-%D0%BC%D0%B8%D1%81%D0%BB%D1%8F/ HTTP/1.1" 403 218 "-" "Mozilla/5.0 (compatible; SemrushBot/7~bl; +http://www.semrush.com/bot.html)"
40.77.167.13 - - [05/Apr/2026:14:10:20 +0200] "GET /tag/%D0%BA%D0%BE%D1%81%D1%82%D0%B0%D0%B4%D0%B8%D0%BD-%D0%B4%D0%B8%D0%BC%D0%B8%D1%82%D1%80%D0%BE%D0%B2/page/8/ HTTP/1.1" 200 16102 "-" "Mozilla/5.0 AppleWebKit/537.36 (KHTML, like Gecko; compatible; bingbot/2.0; +http://www.bing.com/bingbot.htm) Chrome/116.0.1938.76 Safari/537.36"
185.191.171.16 - - [05/Apr/2026:14:10:22 +0200] "GET /%D0%B2%D0%B8%D0%BA%D1%82%D0%BE%D1%80-%D0%BF%D0%B0%D0%BF%D0%B0%D0%B7%D0%BE%D0%B2-%D0%B7%D0%B0-%D0%B8%D0%B7%D1%82%D1%80%D0%B5%D0%B1%D0%B8%D1%82%D0%B5%D0%BB%D0%B8%D1%82%D0%B5-f-16-%D0%B8%D0%BC%D0%B0/ HTTP/1.1" 200 37078 "-" "Mozilla/5.0 (compatible; SemrushBot/7~bl; +http://www.semrush.com/bot.html)"
52.167.144.25 - - [05/Apr/2026:14:10:32 +0200] "GET /%D1%80%D0%B0%D1%88%D0%BA%D0%BE%D0%B2-%D0%BF%D0%B0%D1%80%D0%B8%D1%82%D0%B5-%D0%BE%D1%82-%D1%85%D0%B5%D0%BC%D1%83%D1%81-%D1%81%D0%B0-%D0%BE%D1%82%D0%B8%D0%B2%D0%B0%D0%BB%D0%B8-%D0%B2/ HTTP/1.1" 200 40563 "-" "Mozilla/5.0 AppleWebKit/537.36 (KHTML, like Gecko; compatible; bingbot/2.0; +http://www.bing.com/bingbot.htm) Chrome/116.0.1938.76 Safari/537.36"
198.244.242.93 - - [05/Apr/2026:14:10:51 +0200] "GET /tag/%D0%B0-%D0%B1%D1%83%D0%BB%D0%B3%D0%B0%D1%80%D0%B3%D0%B0%D0%B7-%D0%BD%D1%8F%D0%BC%D0%B0-%D0%BF%D0%B0%D1%80%D0%B8-%D0%B4%D0%B0-%D0%B3%D0%BE-%D0%BA%D1%83%D0%BF%D0%B8-%D0%BA%D1%80%D0%B8/page/21/ HTTP/1.1" 200 16531 "-" "Mozilla/5.0 (compatible; AhrefsBot/7.0; +http://ahrefs.com/robot/)"
185.191.171.11 - - [05/Apr/2026:14:10:52 +0200] "GET /tag/novinite-dnes-i-utre/page/58/ HTTP/1.1" 200 16671 "-" "Mozilla/5.0 (compatible; SemrushBot/7~bl; +http://www.semrush.com/bot.html)"
169.224.18.42 - - [05/Apr/2026:14:10:52 +0200] "GET /wp-content/plugins/jetpack/modules/widget-visibility.php HTTP/1.1" 500 0 "https://netvesti.com/" "Mozilla/5.0 (Macintosh; Intel Mac OS X 10_15_7) AppleWebKit/537.36 (KHTML, like Gecko) Chrome/133.0.0.0 Safari/537.36"
216.73.216.187 - - [05/Apr/2026:14:10:58 +0200] "GET /wp-content/uploads/2020/11/?C=D&O=D HTTP/1.1" 200 23697 "-" "Mozilla/5.0 AppleWebKit/537.36 (KHTML, like Gecko; compatible; ClaudeBot/1.0; +claudebot@anthropic.com)"
216.73.216.187 - - [05/Apr/2026:14:10:58 +0200] "GET /wp-content/plugins/wordpress-seo/vendor/composer/?C=M&O=D HTTP/1.1" 200 488 "-" "Mozilla/5.0 AppleWebKit/537.36 (KHTML, like Gecko; compatible; ClaudeBot/1.0; +claudebot@anthropic.com)"
40.77.167.159 - - [05/Apr/2026:14:11:06 +0200] "GET /wp-content/uploads/2022/03/1010x570-9-300x169.jpg HTTP/1.1" 200 9941 "-" "Mozilla/5.0 AppleWebKit/537.36 (KHTML, like Gecko; compatible; bingbot/2.0; +http://www.bing.com/bingbot.htm) Chrome/116.0.1938.76 Safari/537.36"
91.92.243.248 - - [05/Apr/2026:14:11:32 +0200] "POST /wp-login.php HTTP/1.1" 200 1539 "-" "Mozilla/5.0"
91.92.243.248 - - [05/Apr/2026:14:11:32 +0200] "POST /wp-login.php HTTP/1.1" 200 1554 "-" "Mozilla/5.0"
91.92.243.248 - - [05/Apr/2026:14:11:32 +0200] "POST /wp-login.php HTTP/1.1" 200 1550 "-" "Mozilla/5.0"
91.92.243.248 - - [05/Apr/2026:14:11:32 +0200] "POST /wp-login.php HTTP/1.1" 200 1551 "-" "Mozilla/5.0"
91.92.243.248 - - [05/Apr/2026:14:11:32 +0200] "POST /wp-login.php HTTP/1.1" 200 1554 "-" "Mozilla/5.0"
91.92.243.248 - - [05/Apr/2026:14:11:32 +0200] "POST /wp-login.php HTTP/1.1" 200 1552 "-" "Mozilla/5.0"
91.92.243.248 - - [05/Apr/2026:14:11:33 +0200] "POST /wp-login.php HTTP/1.1" 200 1552 "-" "Mozilla/5.0"
91.92.243.248 - - [05/Apr/2026:14:11:33 +0200] "POST /wp-login.php HTTP/1.1" 200 1550 "-" "Mozilla/5.0"
91.92.243.248 - - [05/Apr/2026:14:11:33 +0200] "POST /wp-login.php HTTP/1.1" 200 1554 "-" "Mozilla/5.0"
91.92.243.248 - - [05/Apr/2026:14:11:33 +0200] "POST /wp-login.php HTTP/1.1" 200 1553 "-" "Mozilla/5.0"
91.92.243.248 - - [05/Apr/2026:14:11:33 +0200] "POST /wp-login.php HTTP/1.1" 200 1554 "-" "Mozilla/5.0"
198.244.168.254 - - [05/Apr/2026:14:11:47 +0200] "GET /tag/%D0%B2%D1%83%D1%87%D0%B8%D1%87/feed/ HTTP/1.1" 200 49946 "-" "Mozilla/5.0 (compatible; AhrefsBot/7.0; +http://ahrefs.com/robot/)"
185.191.171.13 - - [05/Apr/2026:14:11:48 +0200] "GET /tag/%D0%B0-%D0%B2%D0%B5%D1%87%D0%B5-%D1%81%D0%B5-%D0%B3%D0%BE%D0%B2%D0%BE%D1%80%D0%B8-%D0%B8-%D0%B7%D0%B0-%D1%81%D0%B0%D0%BC%D0%BE%D0%BB%D0%B5%D1%82%D0%B8/page/5/ HTTP/1.1" 200 16301 "-" "Mozilla/5.0 (compatible; SemrushBot/7~bl; +http://www.semrush.com/bot.html)"
185.191.171.7 - - [05/Apr/2026:14:11:52 +0200] "GET /tag/%D0%B5%D0%BB%D0%B5%D0%BD%D0%B0-%D0%B3%D1%83%D0%BD%D1%87%D0%B5%D0%B2%D0%B0/ HTTP/1.1" 200 16054 "-" "Mozilla/5.0 (compatible; SemrushBot/7~bl; +http://www.semrush.com/bot.html)"
116.179.32.35 - - [05/Apr/2026:14:11:53 +0200] "GET /wp-content/uploads/2022/09/big_Rumen_Radev1-324x160.jpg HTTP/1.1" 200 8901 "-" "Baiduspider-image+(+http://www.baidu.com/search/spider.htm)"
85.208.96.210 - - [05/Apr/2026:14:11:55 +0200] "GET /tag/%D0%B0%D1%82%D0%B0%D0%BD%D0%B0%D1%81-%D0%BF%D0%B5%D0%BA%D0%B0%D0%BD%D0%BE%D0%B2/page/8/ HTTP/1.1" 200 16302 "-" "Mozilla/5.0 (compatible; SemrushBot/7~bl; +http://www.semrush.com/bot.html)"
216.73.216.187 - - [05/Apr/2026:14:11:55 +0200] "GET /wp-content/uploads/2022/06/radev-kiril_600x380-356x364.jpg HTTP/1.1" 200 13402 "-" "Mozilla/5.0 AppleWebKit/537.36 (KHTML, like Gecko; compatible; ClaudeBot/1.0; +claudebot@anthropic.com)"
216.73.216.187 - - [05/Apr/2026:14:11:55 +0200] "GET /wp-content/themes/Newspaper/includes/demos/voice/images/?C=S&O=D HTTP/1.1" 200 332 "-" "Mozilla/5.0 AppleWebKit/537.36 (KHTML, like Gecko; compatible; ClaudeBot/1.0; +claudebot@anthropic.com)"
216.73.216.187 - - [05/Apr/2026:14:11:56 +0200] "GET /wp-content/themes/Newspaper/images/panel/category_templates/?C=S&O=D HTTP/1.1" 200 550 "-" "Mozilla/5.0 AppleWebKit/537.36 (KHTML, like Gecko; compatible; ClaudeBot/1.0; +claudebot@anthropic.com)"
37.238.4.68 - - [05/Apr/2026:14:12:03 +0200] "GET /wp-content/themes/Newspaper/attachment.php HTTP/1.1" 502 552 "https://netvesti.com/" "Mozilla/5.0 (Windows NT 10.0; Win64; x64) AppleWebKit/537.36 (KHTML, like Gecko) Chrome/135.0.0.0 Safari/537.36"
216.73.216.187 - - [05/Apr/2026:14:12:42 +0200] "GET /wp-content/uploads/2024/01/karakachanow-ghhj-fg-100x70.jpg HTTP/1.1" 200 2336 "-" "Mozilla/5.0 AppleWebKit/537.36 (KHTML, like Gecko; compatible; ClaudeBot/1.0; +claudebot@anthropic.com)"
216.73.216.187 - - [05/Apr/2026:14:12:42 +0200] "GET /wp-content/uploads/2025/04/174369608193899-300x225.jpg HTTP/1.1" 200 9148 "-" "Mozilla/5.0 AppleWebKit/537.36 (KHTML, like Gecko; compatible; ClaudeBot/1.0; +claudebot@anthropic.com)"
66.249.77.66 - - [05/Apr/2026:14:12:50 +0200] "GET /%D0%BC%D0%B0%D1%8F-%D0%BC%D0%B0%D0%BD%D0%BE%D0%BB%D0%BE%D0%B2%D0%B0-%D0%BA%D0%B0%D0%BA-%D0%B2%D1%8A%D1%80%D0%B7%D0%B2%D0%B0%D1%82%D0%B5-%D0%B0%D1%80%D0%B8%D1%82%D0%BC%D0%B5%D1%82%D0%B8%D0%BA%D0%B0/ HTTP/1.1" 200 20557 "-" "Mozilla/5.0 (Linux; Android 6.0.1; Nexus 5X Build/MMB29P) AppleWebKit/537.36 (KHTML, like Gecko) Chrome/146.0.7680.177 Mobile Safari/537.36 (compatible; Googlebot/2.1; +http://www.google.com/bot.html)"
198.244.242.30 - - [05/Apr/2026:14:12:57 +0200] "GET /tag/%D0%B7%D0%B0%D0%B9%D0%BA%D0%BE%D0%B2%D0%B0-%D0%BD%D0%B0%D1%80%D0%BE%D0%B4%D1%8A%D1%82-%D0%BD%D0%B8-%D0%BA%D0%B0%D0%B7%D0%B0/page/4/ HTTP/1.1" 200 15837 "-" "Mozilla/5.0 (compatible; AhrefsBot/7.0; +http://ahrefs.com/robot/)"
185.191.171.11 - - [05/Apr/2026:14:13:22 +0200] "GET /tag/%D0%B2%D1%8A%D1%82%D1%80%D0%B5%D1%88%D0%BD%D0%B8%D1%8F%D1%82-%D0%BC%D0%B8%D0%BD%D0%B8%D1%81%D1%82%D1%8A%D1%80-%D0%B8%D0%B2%D0%B0%D0%BD-%D0%B4%D0%B5%D0%BC%D0%B5%D1%80%D0%B4%D0%B6%D0%B8%D0%B5%D0%B2/page/4/ HTTP/1.1" 200 16838 "-" "Mozilla/5.0 (compatible; SemrushBot/7~bl; +http://www.semrush.com/bot.html)"
216.73.216.187 - - [05/Apr/2026:14:13:25 +0200] "GET /wp-content/themes/Newspaper/includes/demos/black/pages/xxx_td_pic_p4_xxx HTTP/1.1" 404 12108 "-" "Mozilla/5.0 AppleWebKit/537.36 (KHTML, like Gecko; compatible; ClaudeBot/1.0; +claudebot@anthropic.com)"
216.73.216.187 - - [05/Apr/2026:14:13:25 +0200] "GET /wp-content/themes/Newspaper/includes/demos/black/pages/xxx_td_pic_p3_xxx HTTP/1.1" 404 12108 "-" "Mozilla/5.0 AppleWebKit/537.36 (KHTML, like Gecko; compatible; ClaudeBot/1.0; +claudebot@anthropic.com)"
216.73.216.187 - - [05/Apr/2026:14:13:26 +0200] "GET /wp-content/themes/Newspaper/includes/demos/black/pages/xxx_td_pic_p2_xxx HTTP/1.1" 404 12104 "-" "Mozilla/5.0 AppleWebKit/537.36 (KHTML, like Gecko; compatible; ClaudeBot/1.0; +claudebot@anthropic.com)"
8.228.88.249 - - [05/Apr/2026:14:13:30 +0200] "GET /category/%d0%bd%d0%be%d0%b2%d0%b8%d0%bd%d0%b8/feed/ HTTP/1.1" 200 43059 "-" "Mozilla/5.0 (Windows NT 6.3; WOW64; rv:33.0) Gecko/20100101 Firefox/33.0"
216.73.216.187 - - [05/Apr/2026:14:13:35 +0200] "GET /wp-content/uploads/2020/03/d0b2-d0b5d0b2d180d0bed0bfd0b0-d0bed182d0bad180d0b8d185d0b0-d0bad0bed180d0bed0bdd0b0d0b2d0b8d180d183d181-d0b2-d0bad0b0d0bdd0b0d0bbd0b8-533x261.jpg HTTP/1.1" 200 26594 "-" "Mozilla/5.0 AppleWebKit/537.36 (KHTML, like Gecko; compatible; ClaudeBot/1.0; +claudebot@anthropic.com)"
216.73.216.187 - - [05/Apr/2026:14:13:36 +0200] "GET /wp-content/themes/Newspaper/includes/demos/black/pages/xxx_td_pic_p1_xxx HTTP/1.1" 404 12111 "-" "Mozilla/5.0 AppleWebKit/537.36 (KHTML, like Gecko; compatible; ClaudeBot/1.0; +claudebot@anthropic.com)"
220.181.108.178 - - [05/Apr/2026:14:13:40 +0200] "GET /wp-content/uploads/2021/03/sad-356x220.jpeg HTTP/1.1" 200 13942 "-" "Baiduspider-image+(+http://www.baidu.com/search/spider.htm)"
17.241.227.9 - - [05/Apr/2026:14:13:55 +0200] "GET /tag/%D0%BC%D0%B8%D1%80%D0%B0-%D0%B1%D0%B0%D0%B4%D0%B6%D0%B5%D0%B2%D0%B0/ HTTP/1.1" 200 14057 "-" "Mozilla/5.0 (Macintosh; Intel Mac OS X 10_15_7) AppleWebKit/605.1.15 (KHTML, like Gecko) Version/17.4 Safari/605.1.15 (Applebot/0.1; +http://www.apple.com/go/applebot)"
51.195.244.85 - - [05/Apr/2026:14:14:12 +0200] "GET /tag/%D1%80%D0%B0%D0%B4%D0%B5%D0%B2-%D0%BF%D1%80%D0%B5%D0%B4-%D0%B4%D0%B8%D0%BF%D0%BB%D0%BE%D0%BC%D0%B0%D1%82%D0%B8-%D0%B7%D0%B0-%D0%B2%D0%BE%D0%B9%D0%BD%D0%B0%D1%82%D0%B0/page/2/ HTTP/1.1" 200 18451 "-" "Mozilla/5.0 (compatible; AhrefsBot/7.0; +http://ahrefs.com/robot/)"
216.73.216.187 - - [05/Apr/2026:14:14:18 +0200] "GET /wp-content/uploads/2020/03/d0b7d0b8d0bcd0bdd0b8d182d0b5-d0bad183d180d0bed180d182d0b8-d0b2-d0b5d0b2d180d0bed0bfd0b0-d0b7d0b0d182d0b2d0b0d180d18fd182-d0bfd180d0b5-300x180.jpg HTTP/1.1" 200 19305 "-" "Mozilla/5.0 AppleWebKit/537.36 (KHTML, like Gecko; compatible; ClaudeBot/1.0; +claudebot@anthropic.com)"
216.73.216.187 - - [05/Apr/2026:14:14:18 +0200] "GET /wp-content/uploads/2020/06/d0bbd0b5d0bad183d0b2d0b0-d0bbd0b8-d0bad0bed180d182d0b8d0bad0bed181d182d0b5d180d0bed0b8d0b4d18ad182-d0b4d0b5d0bad181d0b0d0bcd0b5d0b7-356x364.jpg HTTP/1.1" 200 28267 "-" "Mozilla/5.0 AppleWebKit/537.36 (KHTML, like Gecko; compatible; ClaudeBot/1.0; +claudebot@anthropic.com)"
85.208.96.193 - - [05/Apr/2026:14:14:21 +0200] "GET /tag/%D0%BC%D0%BE%D1%81%D0%BA%D0%B2%D0%B0-%D1%81%D0%B0%D1%89-%D1%83%D1%81%D0%BF%D1%8F%D1%85%D0%B0-%D0%B4%D0%B0-%D0%BD%D0%B0%D0%B2%D1%8A%D1%80%D0%B6%D0%B0%D1%82-%D0%BD%D0%B0%D0%B2%D0%B0%D0%BB%D0%BD%D0%B8/page/14/ HTTP/1.1" 200 16248 "-" "Mozilla/5.0 (compatible; SemrushBot/7~bl; +http://www.semrush.com/bot.html)"
85.208.96.193 - - [05/Apr/2026:14:14:24 +0200] "GET /tag/%D0%B4%D0%B5%D0%BC%D0%B5%D1%80%D0%B4%D0%B6%D0%B8%D0%B5%D0%B2/page/9/ HTTP/1.1" 200 16421 "-" "Mozilla/5.0 (compatible; SemrushBot/7~bl; +http://www.semrush.com/bot.html)"
51.195.183.90 - - [05/Apr/2026:14:15:02 +0200] "GET /tag/%D0%BD%D0%B8%D0%BA%D0%B0%D0%BA%D0%B2%D0%B8-%D0%B8%D0%B4%D0%B5%D0%B8/feed/ HTTP/1.1" 502 150 "-" "Mozilla/5.0 (compatible; AhrefsBot/7.0; +http://ahrefs.com/robot/)"
216.73.216.187 - - [05/Apr/2026:14:15:21 +0200] "GET /wp-content/uploads/2020/01/d0bad183d0bfd183d0b2d0b0d0bcd0b5-d0bad0bed0bbd0b0-d0bdd0b0-d181d182d0b0d180d0be-d0bad0b0d0ba-d0b4d0b0-d0bfd180d0bed0b2d0b5d180d0b8d0bc-324x235.jpg HTTP/1.1" 200 20390 "-" "Mozilla/5.0 AppleWebKit/537.36 (KHTML, like Gecko; compatible; ClaudeBot/1.0; +claudebot@anthropic.com)"
216.73.216.187 - - [05/Apr/2026:14:15:21 +0200] "GET /wp-content/uploads/2020/07/d182d180d183d181-d0bad180d0b0d0b9-d182d0b0d0bdd188d0b0d0bd-d0bdd0b0d0bfd0bed0bcd0bdd0b8-d0b7d0b0-d181d0b8d0bbd0bdd0bed182d0be-d0b7d0b5-356x359.jpg HTTP/1.1" 200 13159 "-" "Mozilla/5.0 AppleWebKit/537.36 (KHTML, like Gecko; compatible; ClaudeBot/1.0; +claudebot@anthropic.com)"
116.179.32.46 - - [05/Apr/2026:14:15:26 +0200] "GET /wp-content/uploads/2021/01/2112361018.jpg HTTP/1.1" 200 49673 "-" "Baiduspider-image+(+http://www.baidu.com/search/spider.htm)"
216.73.216.187 - - [05/Apr/2026:14:15:46 +0200] "GET /wp-content/uploads/2020/07/d0bfd180d0bed182d0b5d181d182-d0bdd0b0-d0bfd180d0b0d0b7d0bdd0b8d0bad0b0-d0bdd0be-d0bcd0b0d180d0b8d0bdd0bed0b2-d187d0b5d181d182d0b8d182-300x180.jpg HTTP/1.1" 200 9230 "-" "Mozilla/5.0 AppleWebKit/537.36 (KHTML, like Gecko; compatible; ClaudeBot/1.0; +claudebot@anthropic.com)"
216.73.216.187 - - [05/Apr/2026:14:15:46 +0200] "GET /wp-content/uploads/2020/03/d0b2-d181d0bed184d0b8d18f-d189d0b5-d0b8d0bcd0b0-d182d0bed0bfd18ad0bb-d0bed0b1d18fd0b4-d0b7d0b0-d0bdd183d0b6d0b4d0b0d0b5d189d0b8-d181d0b5-534x359.jpg HTTP/1.1" 200 37182 "-" "Mozilla/5.0 AppleWebKit/537.36 (KHTML, like Gecko; compatible; ClaudeBot/1.0; +claudebot@anthropic.com)"
40.77.167.44 - - [05/Apr/2026:14:15:57 +0200] "GET /tag/%D0%BF%D1%80%D0%BE%D0%B5%D0%BA%D1%82%D1%8A%D1%82-%D0%B7%D0%B0-%D0%B1%D1%8E%D0%B4%D0%B6%D0%B5%D1%82-%D0%BC%D0%B0%D0%B9%D1%87%D0%B8%D0%BD%D1%81%D0%BA%D0%B8%D1%82%D0%B5-%D0%B7%D0%B0%D0%BC%D1%80%D0%B0/page/14/ HTTP/1.1" 200 19023 "-" "Mozilla/5.0 AppleWebKit/537.36 (KHTML, like Gecko; compatible; bingbot/2.0; +http://www.bing.com/bingbot.htm) Chrome/116.0.1938.76 Safari/537.36"
40.77.167.44 - - [05/Apr/2026:14:15:58 +0200] "GET /tag/%D0%B8%D0%B7%D0%B1%D0%BE%D1%80%D0%B8%D1%82%D0%B5/page/3/ HTTP/1.1" 200 16952 "-" "Mozilla/5.0 AppleWebKit/537.36 (KHTML, like Gecko; compatible; bingbot/2.0; +http://www.bing.com/bingbot.htm) Chrome/116.0.1938.76 Safari/537.36"
40.77.167.44 - - [05/Apr/2026:14:16:00 +0200] "GET /daimler-%D0%BA%D1%83%D0%BF%D0%B8-15-%D0%BE%D1%82-%D0%BA%D0%B0%D0%BC%D0%B0%D0%B7-%D0%B7%D0%B0%D0%B4%D0%B0%D0%B2%D0%B0-%D1%81%D0%B5-%D0%BD%D0%BE%D0%B2-%D1%82%D0%B5%D0%B6%D0%BA%D0%BE%D1%82%D0%BE%D0%B2/ HTTP/1.1" 200 25281 "-" "Mozilla/5.0 AppleWebKit/537.36 (KHTML, like Gecko; compatible; bingbot/2.0; +http://www.bing.com/bingbot.htm) Chrome/116.0.1938.76 Safari/537.36"
52.167.144.204 - - [05/Apr/2026:14:16:01 +0200] "GET /tag/%D0%BF%D0%B5%D1%82%D1%8A%D1%80-%D0%B2%D0%BE%D0%B4%D0%B5%D0%BD%D1%81%D0%BA%D0%B8-%D0%B0-%D0%BC%D0%BE%D0%B6%D0%B5-%D0%BF%D1%8A%D0%BA-%D1%80%D0%B0%D0%B4%D0%B5%D0%B2-%D0%B4%D0%B0-%D1%81%D0%B5-%D0%BE/ HTTP/1.1" 200 16660 "-" "Mozilla/5.0 AppleWebKit/537.36 (KHTML, like Gecko; compatible; bingbot/2.0; +http://www.bing.com/bingbot.htm) Chrome/116.0.1938.76 Safari/537.36"
40.77.167.44 - - [05/Apr/2026:14:16:01 +0200] "GET /tag/%D0%B4-%D1%80-%D0%BF%D1%8A%D1%80%D0%B2%D0%B0%D0%BD%D0%BE%D0%B2%D0%B0/ HTTP/1.1" 200 13434 "-" "Mozilla/5.0 AppleWebKit/537.36 (KHTML, like Gecko; compatible; bingbot/2.0; +http://www.bing.com/bingbot.htm) Chrome/116.0.1938.76 Safari/537.36"
52.167.144.166 - - [05/Apr/2026:14:16:01 +0200] "GET /tag/%D0%BA%D0%BE%D0%B5%D1%82%D0%BE-%D1%84%D0%B0%D0%BB%D0%B8%D1%80%D0%B0-%D1%83%D0%BD%D0%B8%D0%B2%D0%B5%D1%80%D1%81%D0%B8%D1%82%D0%B5%D1%82%D0%B8-%D0%B8-%D1%83%D0%B2%D0%BE%D0%BB%D0%BD%D1%8F%D0%B2%D0%B0/page/2/ HTTP/1.1" 502 552 "-" "Mozilla/5.0 AppleWebKit/537.36 (KHTML, like Gecko; compatible; bingbot/2.0; +http://www.bing.com/bingbot.htm) Chrome/116.0.1938.76 Safari/537.36"
52.167.144.166 - - [05/Apr/2026:14:16:02 +0200] "GET /tag/%D1%81%D1%82%D0%BE%D1%82%D0%B8%D0%BD%D0%BA%D0%B8/ HTTP/1.1" 502 552 "-" "Mozilla/5.0 AppleWebKit/537.36 (KHTML, like Gecko; compatible; bingbot/2.0; +http://www.bing.com/bingbot.htm) Chrome/116.0.1938.76 Safari/537.36"
52.167.144.166 - - [05/Apr/2026:14:16:02 +0200] "GET /tag/%D0%BE%D0%B1%D0%B8%D0%B4%D0%B0-%D0%B7%D0%B0-%D0%B8%D0%BD%D1%82%D0%B5%D0%BB%D0%B8%D0%B3%D0%B5%D0%BD%D1%82%D0%BD%D0%BE%D1%81%D1%82%D1%82%D0%B0-%D0%BB%D0%B8-%D1%81%D0%B0-%D1%81%D0%B8%D0%BD%D0%B4%D0%B8/ HTTP/1.1" 502 552 "-" "Mozilla/5.0 AppleWebKit/537.36 (KHTML, like Gecko; compatible; bingbot/2.0; +http://www.bing.com/bingbot.htm) Chrome/116.0.1938.76 Safari/537.36"
52.167.144.166 - - [05/Apr/2026:14:16:02 +0200] "GET /tag/%D0%BF%D1%80%D0%BE%D1%84-%D1%85%D0%B0%D0%BD%D0%BA%D0%B5-%D0%B1%D0%B5%D0%B7-%D1%86%D0%B5%D0%BD%D0%B7%D1%83%D1%80%D0%B0/ HTTP/1.1" 502 552 "-" "Mozilla/5.0 AppleWebKit/537.36 (KHTML, like Gecko; compatible; bingbot/2.0; +http://www.bing.com/bingbot.htm) Chrome/116.0.1938.76 Safari/537.36"
2a03:2880:30ff:5:: - - [05/Apr/2026:14:16:03 +0200] "GET /wp-content/uploads/2025/04/0e61322851e3494e9b83e270d0653b35.jpg HTTP/1.1" 200 36248 "-" "facebookexternalhit/1.1 (+http://www.facebook.com/externalhit_uatext.php)"
216.73.216.187 - - [05/Apr/2026:14:16:03 +0200] "GET /wp-content/uploads/2019/12/d0bdd0b0d182d0be-d181-d183d0b4d0b0d180-d0b0d0bad0be-d180d183d181d0b8d18f-d0bdd0b0d0bfd0b0d0b4d0bdd0b5-d0bfd0bed0bbd188d0b0-d0b8-d0b1-533x261.jpg HTTP/1.1" 200 19935 "-" "Mozilla/5.0 AppleWebKit/537.36 (KHTML, like Gecko; compatible; ClaudeBot/1.0; +claudebot@anthropic.com)"
216.73.216.187 - - [05/Apr/2026:14:16:03 +0200] "GET /wp-content/uploads/2020/04/d0bfd0bed0b6d0b0d180d0b8d182d0b5-d0b2-d187d0b5d180d0bdd0bed0b1d0b8d0bb-d0b7d0b0d181d182d180d0b0d188d0b8d185d0b0-d181d0b0d0bcd0be-d0b4-265x198.jpg HTTP/1.1" 200 12757 "-" "Mozilla/5.0 AppleWebKit/537.36 (KHTML, like Gecko; compatible; ClaudeBot/1.0; +claudebot@anthropic.com)"
52.167.144.166 - - [05/Apr/2026:14:16:04 +0200] "GET /tag/%D0%BD%D0%B5-%D1%81%D0%B5-%D0%BF%D0%BE%D0%B4%D0%B4%D0%B0%D0%B4%D0%B5-%D0%BD%D0%B0-%D0%B8%D0%B7%D0%BD%D1%83%D0%B4%D0%B2%D0%B0%D0%BD%D0%B5/page/16/ HTTP/1.1" 200 17067 "-" "Mozilla/5.0 AppleWebKit/537.36 (KHTML, like Gecko; compatible; bingbot/2.0; +http://www.bing.com/bingbot.htm) Chrome/116.0.1938.76 Safari/537.36"
185.191.171.9 - - [05/Apr/2026:14:16:07 +0200] "GET /tag/%D0%BD%D0%BE%D0%B2%D0%B8%D0%BD%D0%B8%D1%82%D0%B5/page/245/ HTTP/1.1" 200 16392 "-" "Mozilla/5.0 (compatible; SemrushBot/7~bl; +http://www.semrush.com/bot.html)"
40.77.167.44 - - [05/Apr/2026:14:16:07 +0200] "GET /tag/%D0%BF%D0%B8%D1%81%D0%B0%D1%82%D0%B5%D0%BB-%D0%B4%D0%BE%D0%B1%D1%80%D0%BE%D0%B2%D0%BE%D0%BB%D0%B5%D1%86-%D0%B2-%D0%BA%D0%BE%D0%B2%D0%B8%D0%B4-%D0%BE%D1%82%D0%B4%D0%B5%D0%BB%D0%B5%D0%BD%D0%B8%D0%B5/ HTTP/1.1" 200 13632 "-" "Mozilla/5.0 AppleWebKit/537.36 (KHTML, like Gecko; compatible; bingbot/2.0; +http://www.bing.com/bingbot.htm) Chrome/116.0.1938.76 Safari/537.36"
216.73.216.187 - - [05/Apr/2026:14:16:11 +0200] "GET /wp-content/uploads/2020/04/d0b4d18ad180d0b6d0b0d0b2d0b0d182d0b0-d0bed182d0bfd183d181d0bad0b0-d0bfd0b0d180d0b8-d0b7d0b0-d0b7d0b0d0bfd0bbd0b0d182d0b8d182d0b5-d0bd-356x359.jpg HTTP/1.1" 200 19298 "-" "Mozilla/5.0 AppleWebKit/537.36 (KHTML, like Gecko; compatible; ClaudeBot/1.0; +claudebot@anthropic.com)"
216.73.216.187 - - [05/Apr/2026:14:16:11 +0200] "GET /wp-content/uploads/2021/04/maria-kapon-ima-upravlenski-sabotaj-1-218x150.jpg HTTP/1.1" 200 5512 "-" "Mozilla/5.0 AppleWebKit/537.36 (KHTML, like Gecko; compatible; ClaudeBot/1.0; +claudebot@anthropic.com)"
52.167.144.166 - - [05/Apr/2026:14:16:11 +0200] "GET /tag/%D0%B2%D0%B8%D1%82%D0%B0%D0%BD%D0%BE%D0%B2/ HTTP/1.1" 200 13478 "-" "Mozilla/5.0 AppleWebKit/537.36 (KHTML, like Gecko; compatible; bingbot/2.0; +http://www.bing.com/bingbot.htm) Chrome/116.0.1938.76 Safari/537.36"
52.167.144.166 - - [05/Apr/2026:14:16:13 +0200] "GET /tag/%D0%B3%D1%8A%D0%BB%D1%8A%D0%B1-%D0%B4%D0%BE%D0%BD%D0%B5%D0%B2/ HTTP/1.1" 200 16410 "-" "Mozilla/5.0 AppleWebKit/537.36 (KHTML, like Gecko; compatible; bingbot/2.0; +http://www.bing.com/bingbot.htm) Chrome/116.0.1938.76 Safari/537.36"
52.167.144.166 - - [05/Apr/2026:14:16:14 +0200] "GET /%D1%82%D0%BE%D0%BC%D0%B8-%D0%BB%D0%B8%D0%B9-%D0%B4%D0%B6%D0%BE%D1%83%D0%BD%D1%81-%D0%BA%D0%B0%D1%82%D0%BE-%D0%BF%D1%80%D0%B5%D1%81%D1%82%D1%8A%D0%BF%D0%BD%D0%B8%D0%BA-%D0%B1%D0%B5%D0%B7-%D0%BA%D1%8A/ HTTP/1.1" 200 25545 "-" "Mozilla/5.0 AppleWebKit/537.36 (KHTML, like Gecko; compatible; bingbot/2.0; +http://www.bing.com/bingbot.htm) Chrome/116.0.1938.76 Safari/537.36"
51.195.183.13 - - [05/Apr/2026:14:16:18 +0200] "GET /tag/%D0%B5%D0%B2%D1%80%D0%BE%D0%BA%D0%BE%D0%BC/page/13/ HTTP/1.1" 200 16728 "-" "Mozilla/5.0 (compatible; AhrefsBot/7.0; +http://ahrefs.com/robot/)"
52.167.144.204 - - [05/Apr/2026:14:16:21 +0200] "GET /%D0%B1%D0%BE%D0%B9%D0%BA%D0%BE-%D1%80%D0%B0%D1%88%D0%BA%D0%BE%D0%B2-%D1%81-%D1%82%D0%B5%D0%B6%D0%BA%D0%B8-%D0%B4%D1%83%D0%BC%D0%B8-%D0%B7%D0%B0-%D0%B7%D0%BB%D0%B0%D1%82%D0%BD%D0%B8%D1%82%D0%B5-%D0%BA/ HTTP/1.1" 200 27229 "-" "Mozilla/5.0 AppleWebKit/537.36 (KHTML, like Gecko; compatible; bingbot/2.0; +http://www.bing.com/bingbot.htm) Chrome/116.0.1938.76 Safari/537.36"
52.167.144.204 - - [05/Apr/2026:14:16:22 +0200] "GET /%D0%B1%D1%80%D0%B5%D0%BC%D0%B5%D0%BD%D0%BD%D0%B8%D1%82%D0%B5-%D0%B4%D0%B0-%D0%BD%D0%B5-%D1%81%D0%B5-%D0%BF%D1%80%D0%B8%D1%82%D0%B5%D1%81%D0%BD%D1%8F%D0%B2%D0%B0%D1%82-%D0%B8%D0%B7%D0%BB%D0%B8%D1%88/ HTTP/1.1" 200 25723 "-" "Mozilla/5.0 AppleWebKit/537.36 (KHTML, like Gecko; compatible; bingbot/2.0; +http://www.bing.com/bingbot.htm) Chrome/116.0.1938.76 Safari/537.36"
52.167.144.204 - - [05/Apr/2026:14:16:23 +0200] "GET /tag/%D0%B0%D0%BF%D1%80%D0%B8%D0%BB/ HTTP/1.1" 200 13642 "-" "Mozilla/5.0 AppleWebKit/537.36 (KHTML, like Gecko; compatible; bingbot/2.0; +http://www.bing.com/bingbot.htm) Chrome/116.0.1938.76 Safari/537.36"
52.167.144.204 - - [05/Apr/2026:14:16:24 +0200] "GET /tag/%D1%85%D0%B0%D0%BF%D1%87%D0%B5-%D1%81%D1%80%D0%B5%D1%89%D1%83-%D0%BA%D0%BE%D0%B2%D0%B8%D0%B4/ HTTP/1.1" 200 16097 "-" "Mozilla/5.0 AppleWebKit/537.36 (KHTML, like Gecko; compatible; bingbot/2.0; +http://www.bing.com/bingbot.htm) Chrome/116.0.1938.76 Safari/537.36"
17.22.245.91 - - [05/Apr/2026:14:16:37 +0200] "GET /tag/actualni-novini/page/430/ HTTP/1.1" 200 16399 "-" "Mozilla/5.0 (Macintosh; Intel Mac OS X 10_15_7) AppleWebKit/605.1.15 (KHTML, like Gecko) Version/17.4 Safari/605.1.15 (Applebot/0.1; +http://www.apple.com/go/applebot)"
85.208.96.206 - - [05/Apr/2026:14:16:49 +0200] "GET /tag/%D0%B8%D0%BC%D0%B0%D0%BC%D0%B5-%D1%81%D0%B8-%D0%BF%D0%BE%D0%BB%D0%B8%D1%82%D0%B8%D1%87%D0%B5%D1%81%D0%BA%D0%B8-%D1%82%D1%80%D0%B0%D0%B4%D0%B8%D1%86%D0%B8%D0%B8-%D0%BD%D0%B8%D0%B5-%D0%B2%D0%B8%D0%BD/ HTTP/1.1" 200 16459 "-" "Mozilla/5.0 (compatible; SemrushBot/7~bl; +http://www.semrush.com/bot.html)"
85.208.96.193 - - [05/Apr/2026:14:17:06 +0200] "GET /tag/%D0%BA%D0%BE%D0%B8%D1%82%D0%BE-%D0%BD%D0%B5-%D1%81%D0%B0-%D1%81%D1%80%D0%B5%D1%89%D1%83-%D1%80%D1%83%D1%81%D0%B8%D1%8F/page/14/ HTTP/1.1" 200 15995 "-" "Mozilla/5.0 (compatible; SemrushBot/7~bl; +http://www.semrush.com/bot.html)"
66.249.77.77 - - [05/Apr/2026:14:17:09 +0200] "GET /%D0%B3%D0%BE%D1%81%D0%BF%D0%BE%D0%B4%D0%B8%D0%BD-%D0%B1%D0%BE%D1%80%D0%B8%D1%81%D0%BE%D0%B2-%D0%BF%D0%B5%D1%82%D0%B4%D0%B5%D1%81%D0%B5%D1%82%D1%82%D0%B5-%D0%BB%D0%B5%D0%B2%D0%B0-%D0%B7%D0%B0-%D0%BF/ HTTP/1.1" 200 19575 "-" "Mozilla/5.0 (Linux; Android 6.0.1; Nexus 5X Build/MMB29P) AppleWebKit/537.36 (KHTML, like Gecko) Chrome/146.0.7680.177 Mobile Safari/537.36 (compatible; Googlebot/2.1; +http://www.google.com/bot.html)"
91.92.243.248 - - [05/Apr/2026:14:17:09 +0200] "POST /wp-login.php HTTP/1.1" 200 1554 "-" "Mozilla/5.0"
91.92.243.248 - - [05/Apr/2026:14:17:09 +0200] "POST /wp-login.php HTTP/1.1" 200 1554 "-" "Mozilla/5.0"
91.92.243.248 - - [05/Apr/2026:14:17:10 +0200] "POST /wp-login.php HTTP/1.1" 200 1550 "-" "Mozilla/5.0"
91.92.243.248 - - [05/Apr/2026:14:17:10 +0200] "POST /wp-login.php HTTP/1.1" 200 1552 "-" "Mozilla/5.0"
91.92.243.248 - - [05/Apr/2026:14:17:10 +0200] "POST /wp-login.php HTTP/1.1" 200 1539 "-" "Mozilla/5.0"
91.92.243.248 - - [05/Apr/2026:14:17:10 +0200] "POST /wp-login.php HTTP/1.1" 200 1552 "-" "Mozilla/5.0"
91.92.243.248 - - [05/Apr/2026:14:17:10 +0200] "POST /wp-login.php HTTP/1.1" 200 1551 "-" "Mozilla/5.0"
91.92.243.248 - - [05/Apr/2026:14:17:10 +0200] "POST /wp-login.php HTTP/1.1" 200 1550 "-" "Mozilla/5.0"
91.92.243.248 - - [05/Apr/2026:14:17:10 +0200] "POST /wp-login.php HTTP/1.1" 200 1553 "-" "Mozilla/5.0"
91.92.243.248 - - [05/Apr/2026:14:17:10 +0200] "POST /wp-login.php HTTP/1.1" 200 1554 "-" "Mozilla/5.0"
91.92.243.248 - - [05/Apr/2026:14:17:10 +0200] "POST /wp-login.php HTTP/1.1" 200 1554 "-" "Mozilla/5.0"
116.179.32.216 - - [05/Apr/2026:14:17:13 +0200] "GET /wp-content/uploads/2022/10/big_21273e-356x220.jpg HTTP/1.1" 200 17280 "-" "Baiduspider-image+(+http://www.baidu.com/search/spider.htm)"
66.249.77.76 - - [05/Apr/2026:14:17:14 +0200] "GET /tag/%D0%BD%D0%B8%D0%BA%D0%BE%D0%BB%D0%B0%D0%B9-%D0%BC%D0%B0%D1%80%D0%BA%D0%BE%D0%B2-%D0%BF%D1%80%D0%B5%D0%B7-%D0%BC%D0%B0%D1%80%D1%82-%D0%BC%D0%B5%D1%81%D0%B5%D1%86-%D0%B2%D0%B8-%D0%B5-%D0%BF%D1%80%D0%B8/page/3/ HTTP/1.1" 200 16624 "-" "Mozilla/5.0 (Linux; Android 6.0.1; Nexus 5X Build/MMB29P) AppleWebKit/537.36 (KHTML, like Gecko) Chrome/146.0.7680.177 Mobile Safari/537.36 (compatible; Googlebot/2.1; +http://www.google.com/bot.html)"
216.73.216.187 - - [05/Apr/2026:14:17:14 +0200] "GET /wp-content/uploads/2020/04/d189d0b5-d0b1d18ad0b4d0b5-d187d183d0b4d0b5d181d0bdd0be-d0b0d0bad0be-d0bbd0b8d0b2d18ad180d0bfd183d0bb-d0bed181d182d0b0d0bdd0b5-d0b1d0b5-100x70.jpg HTTP/1.1" 200 2615 "-" "Mozilla/5.0 AppleWebKit/537.36 (KHTML, like Gecko; compatible; ClaudeBot/1.0; +claudebot@anthropic.com)"
216.73.216.187 - - [05/Apr/2026:14:17:14 +0200] "GET /wp-content/uploads/2020/02/d0b2-d0b3d18ad180d186d0b8d18f-d180d0b0d0b7d0b1d0b8d185d0b0-d0bcd180d0b5d0b6d0b0-d0b7d0b0-d184d0b0d0bbd188d0b8d0b2-d0b0d0bbd0bad0bed185-300x180.jpg HTTP/1.1" 200 13330 "-" "Mozilla/5.0 AppleWebKit/537.36 (KHTML, like Gecko; compatible; ClaudeBot/1.0; +claudebot@anthropic.com)"
216.73.216.187 - - [05/Apr/2026:14:17:19 +0200] "GET /wp-content/uploads/2020/04/d181d180d0b5d0b4-d0bcd0b0d0bbd0bad0be-d185d0bed180d0b0-d0bfd0b0d182d180d0b8d0b0d180d185-d0bdd0b5d0bed184d0b8d182-d0bed0b3d0bbd0b0d0b2-100x70.jpg HTTP/1.1" 200 3725 "-" "Mozilla/5.0 AppleWebKit/537.36 (KHTML, like Gecko; compatible; ClaudeBot/1.0; +claudebot@anthropic.com)"
216.73.216.187 - - [05/Apr/2026:14:17:19 +0200] "GET /wp-content/uploads/2020/06/d0b5d0b4d0bdd0b0-d182d180d0b5d182d0b0-d0bed182-d180d0b0d0b1d0bed182d0b5d189d0b8d182d0b5-d0b1d180d0b8d0b3d0b0d0b4d0b8-d0b2d18ad0b2-d0b2-324x359.jpg HTTP/1.1" 200 16076 "-" "Mozilla/5.0 AppleWebKit/537.36 (KHTML, like Gecko; compatible; ClaudeBot/1.0; +claudebot@anthropic.com)"
85.208.96.200 - - [05/Apr/2026:14:17:45 +0200] "GET /tag/%D0%BD%D0%B8%D0%BA%D0%BE%D0%BB%D0%B0%D0%B9-%D0%BC%D0%B0%D1%80%D0%BA%D0%BE%D0%B2/page/18/ HTTP/1.1" 200 16328 "-" "Mozilla/5.0 (compatible; SemrushBot/7~bl; +http://www.semrush.com/bot.html)"
216.73.216.187 - - [05/Apr/2026:14:18:07 +0200] "GET /wp-content/uploads/2020/07/d0b1d0bed180d0b8d181d0bed0b2-d0b4d0be-d0bad0b0d180d0b0d0bad0b0d187d0b0d0bdd0bed0b2-d0bfd180d0b8-d181d0bfd0b5d186d181d0b8d0bbd0b8d182-356x359.jpg HTTP/1.1" 200 24190 "-" "Mozilla/5.0 AppleWebKit/537.36 (KHTML, like Gecko; compatible; ClaudeBot/1.0; +claudebot@anthropic.com)"
216.73.216.187 - - [05/Apr/2026:14:18:07 +0200] "GET /wp-content/uploads/2020/06/d0bad18ad0b4d0b5-d0b2-d181d0bed184d0b8d18f-d0bdd18fd0bcd0b0-d0b4d0b0-d0b8d0bcd0b0-d0b2d0bed0b4d0b0-d0bdd0b0-12-d18ed0bdd0b8-d0bfd0b5d182-324x235.jpg HTTP/1.1" 200 11482 "-" "Mozilla/5.0 AppleWebKit/537.36 (KHTML, like Gecko; compatible; ClaudeBot/1.0; +claudebot@anthropic.com)"
185.191.171.11 - - [05/Apr/2026:14:18:25 +0200] "GET /tag/%D0%B8%D0%BA%D0%BE%D0%BD%D0%BE%D0%BC%D0%B8%D1%81%D1%82%D0%B8-%D1%81%D0%B3%D0%B0%D1%89%D0%B8%D1%85%D0%B0-%D0%B2%D0%B0%D1%81%D0%B8%D0%BB%D0%B5%D0%B2-%D0%B2-%D0%B1%D1%80%D1%83%D1%82%D0%B0%D0%BB%D0%BD/ HTTP/1.1" 200 13564 "-" "Mozilla/5.0 (compatible; SemrushBot/7~bl; +http://www.semrush.com/bot.html)"
216.73.216.187 - - [05/Apr/2026:14:18:43 +0200] "GET /wp-content/uploads/2020/07/d0b1d0bed180d0b8d181d0bed0b2-d0bed0b1d18fd0b2d0b8-d0bad0b0d0b4d180d0bed0b2d0b8d182d0b5-d0bfd180d0bed0bcd0b5d0bdd0b8-d0b2-d0bad0b0d0b1-265x198.jpg HTTP/1.1" 200 7359 "-" "Mozilla/5.0 AppleWebKit/537.36 (KHTML, like Gecko; compatible; ClaudeBot/1.0; +claudebot@anthropic.com)"
40.77.167.44 - - [05/Apr/2026:14:18:47 +0200] "GET /tag/%D1%80%D1%83%D0%BC%D0%B5%D0%BD-%D1%80%D0%B0%D0%B4%D0%B5%D0%B2-%D0%B3%D0%BE-%D0%BF%D0%BE%D0%BF%D0%B8%D0%BB%D1%8F/page/3/ HTTP/1.1" 200 16167 "-" "Mozilla/5.0 AppleWebKit/537.36 (KHTML, like Gecko; compatible; bingbot/2.0; +http://www.bing.com/bingbot.htm) Chrome/116.0.1938.76 Safari/537.36"
40.77.167.44 - - [05/Apr/2026:14:18:48 +0200] "GET /tag/%D0%B7%D0%B8%D0%B4%D0%B0%D1%80/ HTTP/1.1" 200 13506 "-" "Mozilla/5.0 AppleWebKit/537.36 (KHTML, like Gecko; compatible; bingbot/2.0; +http://www.bing.com/bingbot.htm) Chrome/116.0.1938.76 Safari/537.36"
40.77.167.44 - - [05/Apr/2026:14:18:49 +0200] "GET /tag/%D1%81%D1%82%D1%80%D0%B0%D1%85%D0%B8%D0%BB-%D0%B0%D0%BD%D0%B3%D0%B5%D0%BB%D0%BE%D0%B2/ HTTP/1.1" 200 16118 "-" "Mozilla/5.0 AppleWebKit/537.36 (KHTML, like Gecko; compatible; bingbot/2.0; +http://www.bing.com/bingbot.htm) Chrome/116.0.1938.76 Safari/537.36"
17.241.227.145 - - [05/Apr/2026:14:18:50 +0200] "GET /tag/%D0%B4%D0%B5%D1%81%D0%B5%D1%82%D0%BA%D0%B8-%D1%85%D0%B8%D0%BB%D1%8F%D0%B4%D0%B8-%D0%BD%D0%B0-%D0%BF%D1%80%D0%BE%D1%82%D0%B5%D1%81%D1%82-%D0%B2-%D0%BF%D1%80%D0%B0%D0%B3%D0%B0-%D0%B8%D1%81%D0%BA%D0%B0/page/14/ HTTP/1.1" 200 16842 "-" "Mozilla/5.0 (Macintosh; Intel Mac OS X 10_15_7) AppleWebKit/605.1.15 (KHTML, like Gecko) Version/17.4 Safari/605.1.15 (Applebot/0.1; +http://www.apple.com/go/applebot)"
216.73.216.187 - - [05/Apr/2026:14:18:50 +0200] "GET /tag/%D0%B4%D0%B5%D1%81%D0%B5%D1%82%D0%B8%D0%BB%D0%B5%D1%82%D0%B8%D0%B5 HTTP/1.1" 301 0 "-" "Mozilla/5.0 AppleWebKit/537.36 (KHTML, like Gecko; compatible; ClaudeBot/1.0; +claudebot@anthropic.com)"
40.77.167.44 - - [05/Apr/2026:14:18:50 +0200] "GET /tag/%D0%BF%D1%80%D0%B5%D0%B7%D0%B8%D0%B4%D0%B5%D0%BD%D1%82%D1%8A%D1%82-%D1%80%D0%B0%D0%B4%D0%B5%D0%B2-%D0%BD%D0%B0%D0%BB%D0%BE%D0%B6%D0%B8-%D0%B2%D0%B5%D1%82%D0%BE-%D0%B2%D0%B8%D0%B4%D1%8F/ HTTP/1.1" 200 16225 "-" "Mozilla/5.0 AppleWebKit/537.36 (KHTML, like Gecko; compatible; bingbot/2.0; +http://www.bing.com/bingbot.htm) Chrome/116.0.1938.76 Safari/537.36"
216.73.216.187 - - [05/Apr/2026:14:18:50 +0200] "GET /tag/%D0%BF%D1%80%D0%B5%D0%B7%D0%B8%D0%B4%D0%B5%D0%BD%D1%82/page/14 HTTP/1.1" 301 0 "-" "Mozilla/5.0 AppleWebKit/537.36 (KHTML, like Gecko; compatible; ClaudeBot/1.0; +claudebot@anthropic.com)"
216.73.216.187 - - [05/Apr/2026:14:18:51 +0200] "GET /tag/%D0%B4%D0%B5%D1%81%D0%B5%D1%82%D0%B8%D0%BB%D0%B5%D1%82%D0%B8%D0%B5/ HTTP/1.1" 200 15896 "https://netvesti.com/tag/%D0%B4%D0%B5%D1%81%D0%B5%D1%82%D0%B8%D0%BB%D0%B5%D1%82%D0%B8%D0%B5" "Mozilla/5.0 AppleWebKit/537.36 (KHTML, like Gecko; compatible; ClaudeBot/1.0; +claudebot@anthropic.com)"
52.167.144.204 - - [05/Apr/2026:14:18:51 +0200] "GET /tag/%D0%B7%D0%B0%D0%B3%D1%83%D0%B1%D0%B8%D1%85%D0%BC%D0%B5-%D0%BC%D0%B0%D0%BA%D0%B5%D0%B4%D0%BE%D0%BD%D0%B8%D1%8F/ HTTP/1.1" 200 13553 "-" "Mozilla/5.0 AppleWebKit/537.36 (KHTML, like Gecko; compatible; bingbot/2.0; +http://www.bing.com/bingbot.htm) Chrome/116.0.1938.76 Safari/537.36"
216.73.216.187 - - [05/Apr/2026:14:18:51 +0200] "GET /tag/%D0%BF%D1%80%D0%B5%D0%B7%D0%B8%D0%B4%D0%B5%D0%BD%D1%82/page/14/ HTTP/1.1" 200 16671 "https://netvesti.com/tag/%D0%BF%D1%80%D0%B5%D0%B7%D0%B8%D0%B4%D0%B5%D0%BD%D1%82/page/14" "Mozilla/5.0 AppleWebKit/537.36 (KHTML, like Gecko; compatible; ClaudeBot/1.0; +claudebot@anthropic.com)"
52.167.144.166 - - [05/Apr/2026:14:18:52 +0200] "GET /tag/%D0%BA%D0%B0%D0%BB%D0%B8%D0%BD-%D0%BF%D0%B5%D1%82%D1%80%D0%BE%D0%B2/ HTTP/1.1" 200 13604 "-" "Mozilla/5.0 AppleWebKit/537.36 (KHTML, like Gecko; compatible; bingbot/2.0; +http://www.bing.com/bingbot.htm) Chrome/116.0.1938.76 Safari/537.36"
52.167.144.166 - - [05/Apr/2026:14:18:54 +0200] "GET /tag/%D0%B1%D1%8E%D1%80%D0%BE%D1%82%D0%BE-%D0%BF%D0%BE-%D1%82%D1%80%D1%83%D0%B4%D0%B0/ HTTP/1.1" 200 13549 "-" "Mozilla/5.0 AppleWebKit/537.36 (KHTML, like Gecko; compatible; bingbot/2.0; +http://www.bing.com/bingbot.htm) Chrome/116.0.1938.76 Safari/537.36"
52.167.144.166 - - [05/Apr/2026:14:18:55 +0200] "GET /tag/%D1%83%D0%B2%D0%B5%D1%80%D0%B8%D1%85%D1%82%D0%B5-%D0%BB%D0%B8-%D1%81%D0%B5/ HTTP/1.1" 200 13510 "-" "Mozilla/5.0 AppleWebKit/537.36 (KHTML, like Gecko; compatible; bingbot/2.0; +http://www.bing.com/bingbot.htm) Chrome/116.0.1938.76 Safari/537.36"
40.77.167.44 - - [05/Apr/2026:14:18:57 +0200] "GET /tag/%D0%BC%D0%B8%D1%80%D0%BA%D0%BE%D0%B2%D0%BE/ HTTP/1.1" 200 13518 "-" "Mozilla/5.0 AppleWebKit/537.36 (KHTML, like Gecko; compatible; bingbot/2.0; +http://www.bing.com/bingbot.htm) Chrome/116.0.1938.76 Safari/537.36"
116.179.32.89 - - [05/Apr/2026:14:19:01 +0200] "GET /wp-content/uploads/2022/06/Rumen-Radev-07-356x220.jpg HTTP/1.1" 200 10732 "-" "Baiduspider-image+(+http://www.baidu.com/search/spider.htm)"
52.167.144.204 - - [05/Apr/2026:14:19:01 +0200] "GET /tag/%D1%89%D0%B5-%D0%B5-%D0%B1%D1%8A%D0%BB%D0%B3%D0%B0%D1%80%D0%BE%D1%83%D0%B1%D0%B8%D0%B5%D1%86/ HTTP/1.1" 200 16171 "-" "Mozilla/5.0 AppleWebKit/537.36 (KHTML, like Gecko; compatible; bingbot/2.0; +http://www.bing.com/bingbot.htm) Chrome/116.0.1938.76 Safari/537.36"
1.47.152.201 - - [05/Apr/2026:14:19:01 +0200] "GET /%D0%B3%D0%B5%D0%BE%D1%80%D0%B3-%D0%B3%D0%B5%D0%BE%D1%80%D0%B3%D0%B8%D0%B5%D0%B2-%D0%BD%D0%B5-%D0%B7%D0%BD%D0%B0%D0%B5%D0%BC-%D0%BE%D1%82-%D0%BA%D0%B0%D0%BA%D0%B2%D0%BE-%D1%82%D0%BE%D1%87%D0%BD%D0%BE/ HTTP/1.1" 200 27240 "-" "Mozilla/5.0 (Windows; U; Windows NT 4.0) AppleWebKit/534.48.6 (KHTML, like Gecko) Version/4.0 Safari/534.48.6"
52.167.144.204 - - [05/Apr/2026:14:19:01 +0200] "GET /tag/%D0%B0-%D0%BD%D0%B0%D1%88%D0%B8%D1%82%D0%B5-%D1%81%D0%B0-%D0%BD%D0%B0-%D0%B7%D0%B0%D0%B3%D1%83%D0%B1%D0%B0-%D0%B7%D0%B0%D1%80%D0%B0%D0%B4%D0%B8-%D0%B7%D0%B5%D0%BB%D0%B5%D0%BD%D0%B0%D1%82/page/5/ HTTP/1.1" 502 552 "-" "Mozilla/5.0 AppleWebKit/537.36 (KHTML, like Gecko; compatible; bingbot/2.0; +http://www.bing.com/bingbot.htm) Chrome/116.0.1938.76 Safari/537.36"
185.191.171.4 - - [05/Apr/2026:14:19:10 +0200] "GET /tag/%D0%BA%D0%BE%D0%B9%D1%82%D0%BE-%D0%BB%D0%B0%D0%B7%D0%B8-%D0%B2-%D0%BA%D1%80%D0%B0%D0%BA%D0%B0%D1%82%D0%B0-%D0%BD%D0%B0-%D0%BC%D0%B0%D0%BA%D1%80%D0%BE%D0%BD/page/5/ HTTP/1.1" 200 16577 "-" "Mozilla/5.0 (compatible; SemrushBot/7~bl; +http://www.semrush.com/bot.html)"
198.244.168.98 - - [05/Apr/2026:14:19:14 +0200] "GET /%D0%BA%D0%B0%D0%BA%D1%82%D0%BE-%D0%B5-%D1%82%D1%80%D1%8A%D0%B3%D0%BD%D0%B0%D0%BB%D0%BE-%D1%81%D1%8A%D0%B2%D1%81%D0%B5%D0%BC-%D1%81%D0%BA%D0%BE%D1%80%D0%BE-%D1%89%D0%B5-%D0%B7%D0%B0%D0%BF%D0%BE%D1%87/ HTTP/1.1" 200 27209 "-" "Mozilla/5.0 (compatible; AhrefsBot/7.0; +http://ahrefs.com/robot/)"
77.83.36.161 - - [05/Apr/2026:14:19:24 +0200] "GET /wp-login.php HTTP/1.1" 200 1167 "-" "Mozilla/4.0 (compatible; MSIE 7.0; Windows NT 6.0)"
185.191.171.5 - - [05/Apr/2026:14:19:24 +0200] "GET /tag/%D0%BA%D0%B0%D1%80%D0%B0%D0%BA%D0%B0%D1%87%D0%B0%D0%BD%D0%BE%D0%B2-%D0%B7%D0%B0-%D1%88%D0%B5%D0%BD%D0%B3%D0%B5%D0%BD/page/12/ HTTP/1.1" 200 14812 "-" "Mozilla/5.0 (compatible; SemrushBot/7~bl; +http://www.semrush.com/bot.html)"
77.83.36.161 - - [05/Apr/2026:14:19:25 +0200] "POST /wp-login.php HTTP/1.1" 200 1526 "-" "Mozilla/4.0 (compatible; MSIE 7.0; Windows NT 6.0)"
77.83.36.161 - - [05/Apr/2026:14:19:25 +0200] "POST /wp-login.php HTTP/1.1" 200 1526 "-" "Mozilla/4.0 (compatible; MSIE 7.0; Windows NT 6.0)"
77.83.36.161 - - [05/Apr/2026:14:19:26 +0200] "POST /wp-login.php HTTP/1.1" 200 1526 "-" "Mozilla/4.0 (compatible; MSIE 7.0; Windows NT 6.0)"
52.167.144.204 - - [05/Apr/2026:14:19:31 +0200] "GET /tag/%D1%81%D0%BF%D1%80%D0%B5%D1%82%D0%B5-%D1%81-%D0%BF%D0%BE%D0%BC%D0%B8%D1%8F%D1%82%D0%B0-%D1%81%D0%B8-%D1%81%D1%80%D0%B5%D1%89%D1%83-%D0%BD%D0%B5%D1%8F/page/3/ HTTP/1.1" 200 16342 "-" "Mozilla/5.0 AppleWebKit/537.36 (KHTML, like Gecko; compatible; bingbot/2.0; +http://www.bing.com/bingbot.htm) Chrome/116.0.1938.76 Safari/537.36"
52.167.144.204 - - [05/Apr/2026:14:19:32 +0200] "GET /tag/%D0%B1%D0%BE%D1%80%D1%8F%D0%BD%D0%B0-%D0%BA%D0%B0%D0%BB%D0%B5%D0%B9%D0%BD/ HTTP/1.1" 200 13707 "-" "Mozilla/5.0 AppleWebKit/537.36 (KHTML, like Gecko; compatible; bingbot/2.0; +http://www.bing.com/bingbot.htm) Chrome/116.0.1938.76 Safari/537.36"
52.167.144.204 - - [05/Apr/2026:14:19:34 +0200] "GET /tag/%D1%82%D0%B5-%D0%BF%D0%B0%D0%BA-%D1%81%D0%B5-%D0%BD%D0%B0%D0%B2%D0%B8%D1%80%D0%B0%D1%82/page/9/ HTTP/1.1" 200 16187 "-" "Mozilla/5.0 AppleWebKit/537.36 (KHTML, like Gecko; compatible; bingbot/2.0; +http://www.bing.com/bingbot.htm) Chrome/116.0.1938.76 Safari/537.36"
40.77.167.44 - - [05/Apr/2026:14:19:38 +0200] "GET /tag/%D1%80%D1%83%D0%B1%D1%80%D0%B8%D0%BA%D0%B0%D1%82%D0%B0/ HTTP/1.1" 200 16222 "-" "Mozilla/5.0 AppleWebKit/537.36 (KHTML, like Gecko; compatible; bingbot/2.0; +http://www.bing.com/bingbot.htm) Chrome/116.0.1938.76 Safari/537.36"
40.77.167.44 - - [05/Apr/2026:14:19:38 +0200] "GET /tag/%D0%B1%D1%80%D0%B0%D1%82%D0%B0%D0%BD%D0%BE%D0%B2%D0%B0/ HTTP/1.1" 200 13548 "-" "Mozilla/5.0 AppleWebKit/537.36 (KHTML, like Gecko; compatible; bingbot/2.0; +http://www.bing.com/bingbot.htm) Chrome/116.0.1938.76 Safari/537.36"
185.191.171.5 - - [05/Apr/2026:14:19:41 +0200] "GET /tag/%D0%B5%D1%81/page/147/ HTTP/1.1" 200 16355 "-" "Mozilla/5.0 (compatible; SemrushBot/7~bl; +http://www.semrush.com/bot.html)"
52.167.144.166 - - [05/Apr/2026:14:19:41 +0200] "GET /tag/%D0%B1%D0%B0%D0%BA%D0%B0%D0%BB%D0%BE%D0%B2/ HTTP/1.1" 200 13430 "-" "Mozilla/5.0 AppleWebKit/537.36 (KHTML, like Gecko; compatible; bingbot/2.0; +http://www.bing.com/bingbot.htm) Chrome/116.0.1938.76 Safari/537.36"
52.167.144.166 - - [05/Apr/2026:14:19:42 +0200] "GET /tag/%D0%B1%D1%8A%D0%BB%D0%B3%D0%B0%D1%80%D1%81%D0%BA%D0%B8%D1%8F%D1%82-%D0%BD%D0%B0%D1%80%D0%BE%D0%B4/page/36/ HTTP/1.1" 200 16061 "-" "Mozilla/5.0 AppleWebKit/537.36 (KHTML, like Gecko; compatible; bingbot/2.0; +http://www.bing.com/bingbot.htm) Chrome/116.0.1938.76 Safari/537.36"
52.167.144.166 - - [05/Apr/2026:14:19:43 +0200] "GET /tag/%D0%B3%D0%B5%D1%80%D0%BC%D0%B0%D0%BD%D1%81%D0%BA%D0%B8-%D0%B2%D0%B8%D1%80%D1%83%D1%81%D0%BE%D0%BB%D0%BE%D0%B3/ HTTP/1.1" 200 13544 "-" "Mozilla/5.0 AppleWebKit/537.36 (KHTML, like Gecko; compatible; bingbot/2.0; +http://www.bing.com/bingbot.htm) Chrome/116.0.1938.76 Safari/537.36"
216.73.216.187 - - [05/Apr/2026:14:19:46 +0200] "GET /tag/%d0%bd%d0%b8%d0%bd%d0%be%d0%b2%d0%b0-%d0%ba%d0%b0%d1%82%d0%b5%d0%b3%d0%be%d1%80%d0%b8%d1%87%d0%bd%d0%b0-%d1%81-%d0%b1%d0%be%d1%80%d0%b8%d1%81%d0%be%d0%b2-%d0%b8%d0%bb%d0%b8-%d0%b1%d0%b5%d0%b7-%d0%bd/feed HTTP/1.1" 301 0 "-" "Mozilla/5.0 AppleWebKit/537.36 (KHTML, like Gecko; compatible; ClaudeBot/1.0; +claudebot@anthropic.com)"
