85.208.96.206 - - [05/Apr/2026:16:28:19 +0200] "GET /tag/novena/page/177/ HTTP/1.1" 200 16187 "-" "Mozilla/5.0 (compatible; SemrushBot/7~bl; +http://www.semrush.com/bot.html)"
216.73.216.187 - - [05/Apr/2026:16:28:22 +0200] "GET /wp-content/cache/page_enhanced/netvesti.com/%d1%81%d0%bb%d1%83%d0%b6%d0%b5%d0%b1%d0%bd%d0%b0%d1%82%d0%b0-%d0%b2%d0%bb%d0%b0%d1%81%d1%82-%d0%bf%d1%80%d0%b8%d0%b7%d0%bd%d0%b0-%d0%b3%d0%b0%d0%b7-%d0%bd%d1%8f%d0%bc%d0%b0-%d0%b0-%d0%b1/_index_ssl.html_gzip_old HTTP/1.1" 200 56680 "-" "Mozilla/5.0 AppleWebKit/537.36 (KHTML, like Gecko; compatible; ClaudeBot/1.0; +claudebot@anthropic.com)"
216.73.216.187 - - [05/Apr/2026:16:28:27 +0200] "GET /wp-content/cache/page_enhanced/netvesti.com/%d0%be%d1%82%d0%b8%d0%b4%d0%b5-%d1%81%d0%b8-%d0%b3%d0%b5%d1%80%d0%b3%d0%b8%d0%bd%d0%b0-%d1%82%d0%be%d0%bd%d1%87%d0%b5%d0%b2%d0%b0-%d0%b8%d0%b7%d0%b2%d0%b5%d1%81%d1%82%d0%bd%d0%b8%d1%8f%d1%82-%d0%b4/_index_ssl.html_old HTTP/1.1" 200 113401 "-" "Mozilla/5.0 AppleWebKit/537.36 (KHTML, like Gecko; compatible; ClaudeBot/1.0; +claudebot@anthropic.com)"
216.73.216.187 - - [05/Apr/2026:16:28:32 +0200] "GET /wp-content/cache/page_enhanced/netvesti.com/%d1%80%d0%b0%d0%b4%d0%b5%d0%b2-%d0%be%d1%82-%d0%b5%d1%81%d1%82%d0%be%d0%bd%d0%b8%d1%8f-%d0%bd%d0%b5-%d0%bc%d0%be%d0%b6%d0%b5%d0%bc-%d0%b4%d0%b0-%d0%bc%d0%b8%d1%81%d0%bb%d0%b8%d0%bc-%d1%81%d0%b0%d0%bc/_index_ssl.html_old HTTP/1.1" 200 119982 "-" "Mozilla/5.0 AppleWebKit/537.36 (KHTML, like Gecko; compatible; ClaudeBot/1.0; +claudebot@anthropic.com)"
216.73.216.187 - - [05/Apr/2026:16:28:37 +0200] "GET /wp-content/cache/page_enhanced/netvesti.com/%d1%82%d0%be%d0%b2%d0%b0-%d1%89%d0%b5-%d1%81%d1%82%d0%b0%d0%bd%d0%b5-%d0%bf%d1%80%d0%b0%d0%b2%d0%be%d1%81%d1%8a%d0%b4%d0%b8%d0%b5-%d0%b7%d0%b0-%d0%b1%d0%b5%d0%b4%d0%bd%d0%b8-%d0%b8-%d0%bd%d0%b5%d1%89/_index_ssl.html_old HTTP/1.1" 200 118127 "-" "Mozilla/5.0 AppleWebKit/537.36 (KHTML, like Gecko; compatible; ClaudeBot/1.0; +claudebot@anthropic.com)"
216.73.216.187 - - [05/Apr/2026:16:28:42 +0200] "GET /wp-content/cache/page_enhanced/netvesti.com/%d0%b1%d0%b0%d1%80%d1%81%d0%b0-%d0%b4%d1%80%d1%8a%d0%bf%d0%bd%d0%b0-%d1%81-%d1%86%d0%b5%d0%bb%d0%b8-%d0%bf%d0%b5%d1%82-%d1%82%d0%be%d1%87%d0%ba%d0%b8-%d0%bd%d0%b0-%d1%80%d0%b5%d0%b0%d0%bb-%d0%bc%d0%b0/_index_ssl.html_old HTTP/1.1" 200 111135 "-" "Mozilla/5.0 AppleWebKit/537.36 (KHTML, like Gecko; compatible; ClaudeBot/1.0; +claudebot@anthropic.com)"
54.38.147.154 - - [05/Apr/2026:16:28:47 +0200] "GET /wp-content/uploads/2019/03/bednost.jpg HTTP/1.1" 200 30249 "-" "Mozilla/5.0 (compatible; AhrefsBot/7.0; +http://ahrefs.com/robot/)"
216.73.216.187 - - [05/Apr/2026:16:28:50 +0200] "GET /wp-content/cache/page_enhanced/netvesti.com/%d0%b0%d0%bd%d1%82%d0%b8%d1%80%d0%b5%d0%ba%d0%be%d1%80%d0%b4-%d0%b7%d0%b0-%d1%81%d0%bb%d1%83%d1%87%d0%b0%d0%b8%d1%82%d0%b5-%d0%bd%d0%b0-covid-19-%d0%b2-%d1%81%d0%b0%d1%89-%d1%82%d1%80%d0%b5%d1%82/_index_ssl.html_old HTTP/1.1" 200 111922 "-" "Mozilla/5.0 AppleWebKit/537.36 (KHTML, like Gecko; compatible; ClaudeBot/1.0; +claudebot@anthropic.com)"
216.73.216.187 - - [05/Apr/2026:16:28:53 +0200] "GET /wp-content/cache/page_enhanced/netvesti.com/%d0%b0%d0%ba%d1%86%d0%b8%d1%8f-%d1%81%d1%80%d0%b5%d1%89%d1%83-%d0%b1%d0%b8%d1%82%d0%be%d0%b2%d0%b0%d1%82%d0%b0-%d0%bf%d1%80%d0%b5%d1%81%d1%82%d1%8a%d0%bf%d0%bd%d0%be%d1%81%d1%82-%d1%81%d0%b5-%d0%bf/whatsapp:/send HTTP/1.1" 404 12112 "-" "Mozilla/5.0 AppleWebKit/537.36 (KHTML, like Gecko; compatible; ClaudeBot/1.0; +claudebot@anthropic.com)"
216.73.216.187 - - [05/Apr/2026:16:28:58 +0200] "GET /wp-content/cache/page_enhanced/netvesti.com/%d1%84%d0%be%d1%80%d1%83%d0%bc-%d0%b1%d1%80%d0%b5%d0%bc%d0%b5%d0%bd%d0%bd%d0%be%d1%81%d1%82-%d0%b8-%d0%b4%d0%b5%d1%82%d1%81%d0%ba%d0%be-%d0%b7%d0%b4%d1%80%d0%b0%d0%b2%d0%b5-%d0%b4%d0%bd%d0%b5%d1%81/whatsapp:/send HTTP/1.1" 404 12109 "-" "Mozilla/5.0 AppleWebKit/537.36 (KHTML, like Gecko; compatible; ClaudeBot/1.0; +claudebot@anthropic.com)"
85.208.96.209 - - [05/Apr/2026:16:28:59 +0200] "GET /tag/%D0%B7%D0%B0%D1%89%D0%BE-%D0%BD%D0%B8%D1%82%D0%BE-%D0%B5%D0%B4%D0%BD%D0%B0-%D0%BE%D1%82-%D0%B4%D1%8A%D1%80%D0%B6%D0%B0%D0%B2%D0%B8%D1%82%D0%B5-%D1%87%D0%BB%D0%B5%D0%BD%D0%BA%D0%B8-%D0%BD%D0%B5-%D0%BF/page/32/ HTTP/1.1" 200 16533 "-" "Mozilla/5.0 (compatible; SemrushBot/7~bl; +http://www.semrush.com/bot.html)"
216.73.216.187 - - [05/Apr/2026:16:29:02 +0200] "GET /wp-content/cache/page_enhanced/netvesti.com/%d1%86%d0%b0%d1%86%d0%b0%d1%80%d0%be%d0%b2-%d1%89%d0%b5-%d0%b8%d0%bc%d0%b0-%d0%b4%d0%b5%d0%b1%d0%b0%d1%82%d0%b8-%d0%bf%d0%be-%d0%bf%d1%80%d0%be%d0%b5%d0%ba%d1%82%d0%b0-%d0%b7%d0%b0-%d1%80%d0%b0%d0%b7/whatsapp:/send HTTP/1.1" 502 150 "-" "Mozilla/5.0 AppleWebKit/537.36 (KHTML, like Gecko; compatible; ClaudeBot/1.0; +claudebot@anthropic.com)"
17.22.253.35 - - [05/Apr/2026:16:29:06 +0200] "GET /tag/%D0%B2%D1%8A%D0%B3%D0%BB%D0%B5%D0%B4%D0%BE%D0%B1%D0%B8%D0%B2/page/15/ HTTP/1.1" 200 15934 "-" "Mozilla/5.0 (Macintosh; Intel Mac OS X 10_15_7) AppleWebKit/605.1.15 (KHTML, like Gecko) Version/17.4 Safari/605.1.15 (Applebot/0.1; +http://www.apple.com/go/applebot)"
51.195.183.87 - - [05/Apr/2026:16:29:07 +0200] "GET /tag/%D0%B1%D0%B5%D0%BB%D0%BE%D0%B1%D1%80%D0%B0%D0%B4%D0%BE%D0%B2%D0%B0-%D0%B8-%D0%B4%D0%B0%D0%B9%D0%BD%D0%BE%D0%B2/page/5/ HTTP/1.1" 200 16867 "-" "Mozilla/5.0 (compatible; AhrefsBot/7.0; +http://ahrefs.com/robot/)"
216.73.216.187 - - [05/Apr/2026:16:29:08 +0200] "GET /wp-content/cache/page_enhanced/netvesti.com/%d0%b0%d0%b2%d1%82%d0%be%d0%b1%d1%83%d1%81-%d0%b8-%d0%ba%d0%be%d0%bb%d0%b0-%d1%81%d0%b5-%d1%83%d0%b4%d0%b0%d1%80%d0%b8%d1%85%d0%b0-%d0%bd%d0%b0-%d0%ba%d1%80%d1%8a%d1%81%d1%82%d0%be%d0%b2%d0%b8%d1%89/whatsapp:/send HTTP/1.1" 404 12109 "-" "Mozilla/5.0 AppleWebKit/537.36 (KHTML, like Gecko; compatible; ClaudeBot/1.0; +claudebot@anthropic.com)"
216.73.216.187 - - [05/Apr/2026:16:29:13 +0200] "GET /wp-content/cache/page_enhanced/netvesti.com/%d0%bf%d1%80%d0%be%d1%82%d0%b5%d1%81%d1%82%d0%b8%d1%80%d0%b0%d1%89%d0%b8-%d1%81%d0%b2%d0%b0%d0%bb%d0%b8%d1%85%d0%b0-%d0%b7%d0%bd%d0%b0%d0%bc%d0%b5%d1%82%d0%be-%d0%bd%d0%b0-%d0%b5%d1%81-%d0%b7%d0%b0/whatsapp:/send HTTP/1.1" 404 12109 "-" "Mozilla/5.0 AppleWebKit/537.36 (KHTML, like Gecko; compatible; ClaudeBot/1.0; +claudebot@anthropic.com)"
216.73.216.187 - - [05/Apr/2026:16:29:18 +0200] "GET /wp-content/cache/page_enhanced/netvesti.com/%d1%81%d0%bf%d0%b0%d0%b4-%d0%bd%d0%b0-%d0%b0%d0%b2%d0%b8%d0%be%d1%82%d1%80%d0%b0%d1%84%d0%b8%d0%ba%d0%b0-%d1%81-80-%d0%b6%d0%b5%d0%bb%d0%b5%d0%b7%d0%bd%d0%b8%d1%86%d0%b8%d1%82%d0%b5-%d0%b3%d1%83/whatsapp:/send HTTP/1.1" 404 12109 "-" "Mozilla/5.0 AppleWebKit/537.36 (KHTML, like Gecko; compatible; ClaudeBot/1.0; +claudebot@anthropic.com)"
220.181.108.84 - - [05/Apr/2026:16:29:22 +0200] "GET /wp-content/uploads/2020/10/980x551_1590497184-1-356x220.jpg HTTP/1.1" 200 16385 "-" "Baiduspider-image+(+http://www.baidu.com/search/spider.htm)"
216.73.216.187 - - [05/Apr/2026:16:29:23 +0200] "GET /wp-content/cache/page_enhanced/netvesti.com/%d1%82%d0%b5%d1%81%d1%82%d0%b2%d0%b0%d1%82-%d0%b0%d0%b1%d0%b8%d1%82%d1%83%d1%80%d0%b8%d0%b5%d0%bd%d1%82%d0%b8-%d0%be%d1%82-%d1%82%d1%8a%d1%80%d0%bd%d0%be%d0%b2%d1%81%d0%ba%d0%be-%d1%83%d1%87%d0%b8/whatsapp:/send HTTP/1.1" 404 12108 "-" "Mozilla/5.0 AppleWebKit/537.36 (KHTML, like Gecko; compatible; ClaudeBot/1.0; +claudebot@anthropic.com)"
107.20.236.150 - - [05/Apr/2026:16:29:24 +0200] "GET /wp-content/uploads/2024/09/koli-gfh.jpg HTTP/1.1" 200 41236 "-" "Mozilla/5.0 AppleWebKit/537.36 (KHTML, like Gecko; compatible; PerplexityBot/1.0; +https://perplexity.ai/perplexitybot)"
91.92.243.248 - - [05/Apr/2026:16:29:26 +0200] "POST /wp-login.php HTTP/1.1" 200 1554 "-" "Mozilla/5.0"
91.92.243.248 - - [05/Apr/2026:16:29:26 +0200] "POST /wp-login.php HTTP/1.1" 200 1554 "-" "Mozilla/5.0"
91.92.243.248 - - [05/Apr/2026:16:29:26 +0200] "POST /wp-login.php HTTP/1.1" 200 1551 "-" "Mozilla/5.0"
91.92.243.248 - - [05/Apr/2026:16:29:26 +0200] "POST /wp-login.php HTTP/1.1" 200 1550 "-" "Mozilla/5.0"
91.92.243.248 - - [05/Apr/2026:16:29:26 +0200] "POST /wp-login.php HTTP/1.1" 200 1539 "-" "Mozilla/5.0"
91.92.243.248 - - [05/Apr/2026:16:29:26 +0200] "POST /wp-login.php HTTP/1.1" 200 1552 "-" "Mozilla/5.0"
91.92.243.248 - - [05/Apr/2026:16:29:26 +0200] "POST /wp-login.php HTTP/1.1" 200 1552 "-" "Mozilla/5.0"
91.92.243.248 - - [05/Apr/2026:16:29:26 +0200] "POST /wp-login.php HTTP/1.1" 200 1554 "-" "Mozilla/5.0"
91.92.243.248 - - [05/Apr/2026:16:29:26 +0200] "POST /wp-login.php HTTP/1.1" 200 1550 "-" "Mozilla/5.0"
91.92.243.248 - - [05/Apr/2026:16:29:26 +0200] "POST /wp-login.php HTTP/1.1" 200 1554 "-" "Mozilla/5.0"
91.92.243.248 - - [05/Apr/2026:16:29:26 +0200] "POST /wp-login.php HTTP/1.1" 200 1553 "-" "Mozilla/5.0"
216.73.216.187 - - [05/Apr/2026:16:29:28 +0200] "GET /wp-content/cache/page_enhanced/netvesti.com/%d1%80%d0%b0%d0%b4%d0%b5%d0%b2-%d0%b7%d0%b0-%d0%bd%d0%b0%d0%bf%d1%80%d0%b5%d0%b6%d0%b5%d0%bd%d0%b8%d0%b5%d1%82%d0%be-%d0%bc%d0%b5%d0%b6%d0%b4%d1%83-%d1%80%d1%83%d1%81%d0%b8%d1%8f-%d0%b8-%d0%bd%d0%b0/whatsapp:/send HTTP/1.1" 404 12110 "-" "Mozilla/5.0 AppleWebKit/537.36 (KHTML, like Gecko; compatible; ClaudeBot/1.0; +claudebot@anthropic.com)"
216.73.216.187 - - [05/Apr/2026:16:29:33 +0200] "GET /wp-content/cache/page_enhanced/netvesti.com/%d0%b1%d0%b8%d0%b2%d1%88-%d0%b4%d0%b5%d0%bf%d1%83%d1%82%d0%b0%d1%82-%d0%b2%d0%b8%d0%b4%d1%8f%d1%85-%d0%ba%d0%b0%d0%ba-%d1%81%d0%b5-%d0%ba%d1%80%d0%b0%d0%b4%d1%8f%d1%85%d0%b0-%d0%bf%d0%b0%d1%80%d0%b8/whatsapp:/send HTTP/1.1" 404 12108 "-" "Mozilla/5.0 AppleWebKit/537.36 (KHTML, like Gecko; compatible; ClaudeBot/1.0; +claudebot@anthropic.com)"
3.224.62.45 - - [05/Apr/2026:16:29:34 +0200] "GET /wp-content/uploads/2024/10/jiotowa.jpg HTTP/1.1" 200 71794 "-" "Mozilla/5.0 AppleWebKit/537.36 (KHTML, like Gecko; compatible; PerplexityBot/1.0; +https://perplexity.ai/perplexitybot)"
216.73.216.187 - - [05/Apr/2026:16:29:37 +0200] "GET /wp-content/cache/page_enhanced/netvesti.com/%d0%b1%d0%b0%d0%b1%d1%85-%d1%81%d1%8a%d1%81%d1%82%d0%b0%d0%b2%d0%b8-32-%d0%b0%d0%ba%d1%82%d0%b0-%d0%b8-661-%d0%bf%d1%80%d0%b5%d0%b4%d0%bf%d0%b8%d1%81%d0%b0%d0%bd%d0%b8%d1%8f-%d0%bd%d0%b0-%d0%b7%d0%b0/_index_ssl.html_gzip_old HTTP/1.1" 200 21597 "-" "Mozilla/5.0 AppleWebKit/537.36 (KHTML, like Gecko; compatible; ClaudeBot/1.0; +claudebot@anthropic.com)"
66.249.77.75 - - [05/Apr/2026:16:29:38 +0200] "GET /wp-content/uploads/2022/08/hristov-ener-mitko-356x220.jpeg HTTP/1.1" 200 12538 "-" "Googlebot-Image/1.0"
52.167.144.173 - - [05/Apr/2026:16:29:40 +0200] "GET /tag/%D1%81%D0%B4%D1%80%D1%83%D0%B6%D0%B5%D0%BD%D0%B8%D0%B5-%D0%B4%D0%B0-%D0%B7%D0%B0%D0%BF%D0%B0%D0%B7%D0%B8%D0%BC-%D0%BA%D0%BE%D1%80%D0%B0%D0%BB/page/3/ HTTP/1.1" 200 14971 "-" "Mozilla/5.0 AppleWebKit/537.36 (KHTML, like Gecko; compatible; bingbot/2.0; +http://www.bing.com/bingbot.htm) Chrome/116.0.1938.76 Safari/537.36"
52.167.144.173 - - [05/Apr/2026:16:29:41 +0200] "GET /tag/%D0%B0%D0%BD%D1%82%D0%BE%D0%BD%D0%B8%D1%8F-%D0%BF%D1%8A%D1%80%D0%B2%D0%B0%D0%BD%D0%BE%D0%B2%D0%B0-%D0%BD%D0%B5-%D0%BF%D0%BE%D1%81%D1%8F%D0%B3%D0%B0%D0%B9%D1%82%D0%B5-%D0%BD%D0%B0-%D0%B4%D0%B5%D1%86/ HTTP/1.1" 200 13823 "-" "Mozilla/5.0 AppleWebKit/537.36 (KHTML, like Gecko; compatible; bingbot/2.0; +http://www.bing.com/bingbot.htm) Chrome/116.0.1938.76 Safari/537.36"
52.167.144.19 - - [05/Apr/2026:16:29:42 +0200] "GET /tag/%D0%BF%D0%BE%D1%87%D1%83%D0%B2%D1%81%D1%82%D0%B2%D1%83%D0%B2%D0%B0/ HTTP/1.1" 200 13573 "-" "Mozilla/5.0 AppleWebKit/537.36 (KHTML, like Gecko; compatible; bingbot/2.0; +http://www.bing.com/bingbot.htm) Chrome/116.0.1938.76 Safari/537.36"
52.167.144.173 - - [05/Apr/2026:16:29:43 +0200] "GET /tag/%D1%81%D0%BB%D0%B5%D0%B4-%D0%BA%D0%B0%D1%82%D0%BE-%D0%BD%D0%B5-%D0%B5-%D1%87%D0%BB%D0%B5%D0%BD-%D0%BD%D0%B0-%D0%BD%D0%B0%D1%82%D0%BE/ HTTP/1.1" 200 16465 "-" "Mozilla/5.0 AppleWebKit/537.36 (KHTML, like Gecko; compatible; bingbot/2.0; +http://www.bing.com/bingbot.htm) Chrome/116.0.1938.76 Safari/537.36"
216.73.216.187 - - [05/Apr/2026:16:29:43 +0200] "GET /wp-content/cache/page_enhanced/netvesti.com/%d0%bf%d1%80%d0%be%d0%ba%d1%83%d1%80%d0%b0%d1%82%d1%83%d1%80%d0%b0-%d0%b8-%d0%b3%d0%b4%d0%b1%d0%be%d0%bf-%d1%81%d1%8a%d1%81-%d1%81%d0%bf%d0%b5%d1%86%d0%b0%d0%ba%d1%86%d0%b8%d1%8f-%d0%b2-%d0%b3%d0%be/whatsapp:/send HTTP/1.1" 404 12109 "-" "Mozilla/5.0 AppleWebKit/537.36 (KHTML, like Gecko; compatible; ClaudeBot/1.0; +claudebot@anthropic.com)"
52.167.144.173 - - [05/Apr/2026:16:29:44 +0200] "GET /tag/%D0%BF%D1%80%D0%BE%D1%84-%D0%B8%D0%B2%D0%BE-%D1%85%D1%80%D0%B8%D1%81%D1%82%D0%BE%D0%B2-%D0%B1%D1%8A%D0%BB%D0%B3%D0%B0%D1%80%D0%B8%D1%8F-%D0%BD%D0%B5-%D0%B5-%D1%84%D0%B0%D0%BA%D1%82%D0%BE%D1%80/ HTTP/1.1" 200 16497 "-" "Mozilla/5.0 AppleWebKit/537.36 (KHTML, like Gecko; compatible; bingbot/2.0; +http://www.bing.com/bingbot.htm) Chrome/116.0.1938.76 Safari/537.36"
52.167.144.212 - - [05/Apr/2026:16:29:44 +0200] "GET /tag/%D0%B1%D1%80%D0%B0%D0%BD%D1%88/ HTTP/1.1" 200 16281 "-" "Mozilla/5.0 AppleWebKit/537.36 (KHTML, like Gecko; compatible; bingbot/2.0; +http://www.bing.com/bingbot.htm) Chrome/116.0.1938.76 Safari/537.36"
52.167.144.212 - - [05/Apr/2026:16:29:45 +0200] "GET /tag/%D0%BA%D1%8A%D1%89%D0%B8/ HTTP/1.1" 200 14647 "-" "Mozilla/5.0 AppleWebKit/537.36 (KHTML, like Gecko; compatible; bingbot/2.0; +http://www.bing.com/bingbot.htm) Chrome/116.0.1938.76 Safari/537.36"
66.249.77.76 - - [05/Apr/2026:16:29:46 +0200] "GET /%D0%B1%D1%80%D0%B0%D0%B2%D0%BE-%D1%82%D1%80%D0%B8-10-%D0%B3%D0%BE%D0%B4%D0%B8%D1%88%D0%BD%D0%B8-%D0%BC%D0%BE%D0%BC%D1%87%D0%B5%D1%82%D0%B0-%D1%81%D0%BF%D0%B0%D1%81%D0%B8%D1%85%D0%B0-90-%D0%B3%D0%BE/ HTTP/1.1" 200 19371 "-" "Mozilla/5.0 (Linux; Android 6.0.1; Nexus 5X Build/MMB29P) AppleWebKit/537.36 (KHTML, like Gecko) Chrome/146.0.7680.177 Mobile Safari/537.36 (compatible; Googlebot/2.1; +http://www.google.com/bot.html)"
52.167.144.212 - - [05/Apr/2026:16:29:47 +0200] "GET /tag/%D1%80%D1%83%D0%BC%D0%B5%D0%BD-%D1%80%D0%B0%D0%B4%D0%B5%D0%B2-%D1%81%D1%80%D0%B8%D0%BD%D0%B0-%D0%B0%D0%BB%D0%B1%D0%B0%D0%BD%D0%B8%D1%8F/ HTTP/1.1" 200 16441 "-" "Mozilla/5.0 AppleWebKit/537.36 (KHTML, like Gecko; compatible; bingbot/2.0; +http://www.bing.com/bingbot.htm) Chrome/116.0.1938.76 Safari/537.36"
216.73.216.187 - - [05/Apr/2026:16:29:48 +0200] "GET /wp-content/cache/page_enhanced/netvesti.com/%d0%b0%d0%ba%d1%86%d0%b8%d0%b8%d1%82%d0%b5-%d0%bd%d0%b0-%d0%bb%d0%b5%d0%b2%d1%81%d0%ba%d0%b8-%d1%81%d0%b0-%d0%b2-%d1%81%d0%be%d1%84%d0%b8%d1%8f-%d0%b4%d0%b6%d0%b8%d1%80%d0%be%d1%81%d0%b0%d0%bd%d0%b8/whatsapp:/send HTTP/1.1" 404 12110 "-" "Mozilla/5.0 AppleWebKit/537.36 (KHTML, like Gecko; compatible; ClaudeBot/1.0; +claudebot@anthropic.com)"
3.224.62.45 - - [05/Apr/2026:16:29:48 +0200] "GET /wp-content/uploads/2020/10/bb-smqh.jpg HTTP/1.1" 200 79632 "-" "Mozilla/5.0 AppleWebKit/537.36 (KHTML, like Gecko; compatible; PerplexityBot/1.0; +https://perplexity.ai/perplexitybot)"
52.167.144.173 - - [05/Apr/2026:16:29:49 +0200] "GET /tag/%D0%BD%D0%BE%D0%B2%D0%B8%D0%BD%D0%B0/ HTTP/1.1" 200 16139 "-" "Mozilla/5.0 AppleWebKit/537.36 (KHTML, like Gecko; compatible; bingbot/2.0; +http://www.bing.com/bingbot.htm) Chrome/116.0.1938.76 Safari/537.36"
216.73.216.187 - - [05/Apr/2026:16:29:52 +0200] "GET /wp-content/cache/page_enhanced/netvesti.com/%d1%81%d0%bd%d1%8f%d0%b3-%d0%b8-%d1%81%d1%82%d1%83%d0%b4-%d0%b2-%d0%b3%d1%8a%d1%80%d1%86%d0%b8%d1%8f-%d1%87%d0%b0%d1%81%d1%82-%d0%be%d1%82-%d0%bf%d1%8a%d1%82%d0%b8%d1%89%d0%b0%d1%82%d0%b0-%d1%81/_index_ssl.html_gzip_old HTTP/1.1" 200 20978 "-" "Mozilla/5.0 AppleWebKit/537.36 (KHTML, like Gecko; compatible; ClaudeBot/1.0; +claudebot@anthropic.com)"
3.224.62.45 - - [05/Apr/2026:16:29:56 +0200] "GET /wp-content/uploads/2022/03/zelenski.jpg HTTP/1.1" 200 50146 "-" "Mozilla/5.0 AppleWebKit/537.36 (KHTML, like Gecko; compatible; PerplexityBot/1.0; +https://perplexity.ai/perplexitybot)"
216.73.216.187 - - [05/Apr/2026:16:29:58 +0200] "GET /wp-content/cache/page_enhanced/netvesti.com/%d0%b1%d0%bb%d0%b8%d0%b7%d0%be-350-000-%d0%b4%d0%b0%d0%bd%d1%8a%d1%87%d0%bd%d0%b8-%d0%b4%d0%b5%d0%ba%d0%bb%d0%b0%d1%80%d0%b0%d1%86%d0%b8%d0%b8-%d0%b2%d0%b5%d1%87%d0%b5-%d1%81%d0%b0-%d0%bf%d0%be%d0%b4/whatsapp:/send HTTP/1.1" 404 12109 "-" "Mozilla/5.0 AppleWebKit/537.36 (KHTML, like Gecko; compatible; ClaudeBot/1.0; +claudebot@anthropic.com)"
51.195.183.19 - - [05/Apr/2026:16:30:01 +0200] "GET /tag/%D0%B4%D1%80%D1%83%D0%B3%D0%B0%D1%80%D1%8E-%D0%B1%D0%B0%D0%B9%D0%B4%D1%8A%D0%BD/feed/ HTTP/1.1" 200 34223 "-" "Mozilla/5.0 (compatible; AhrefsBot/7.0; +http://ahrefs.com/robot/)"
216.73.216.187 - - [05/Apr/2026:16:30:02 +0200] "GET /wp-content/cache/page_enhanced/netvesti.com/%d1%80%d0%b0%d0%b4%d0%b5%d0%b2-%d1%81%d0%b2%d0%b8%d0%ba%d0%b2%d0%b0-%d0%ba%d1%81%d0%bd%d1%81-%d0%b7%d0%b0%d1%80%d0%b0%d0%b4%d0%b8-%d1%80%d1%83%d1%81%d0%b8%d1%8f-%d0%b8-%d1%81%d1%8a%d1%81%d1%82%d0%be/_index_ssl.html_gzip_old HTTP/1.1" 502 150 "-" "Mozilla/5.0 AppleWebKit/537.36 (KHTML, like Gecko; compatible; ClaudeBot/1.0; +claudebot@anthropic.com)"
216.73.216.187 - - [05/Apr/2026:16:30:08 +0200] "GET /wp-content/cache/page_enhanced/netvesti.com/%d1%82%d0%be%d0%b7%d0%b8-%d0%bd%d0%b0%d1%88-73-%d0%b3%d0%be%d0%b4%d0%b8%d1%88%d0%b5%d0%bd-%d1%81%d0%b2%d0%b5%d1%89%d0%b5%d0%bd%d0%b8%d0%ba-%d1%89%d0%b5-%d0%be%d1%81%d1%82%d0%b0%d0%bd%d0%b5-%d0%b2/whatsapp:/send HTTP/1.1" 404 12109 "-" "Mozilla/5.0 AppleWebKit/537.36 (KHTML, like Gecko; compatible; ClaudeBot/1.0; +claudebot@anthropic.com)"
216.73.216.187 - - [05/Apr/2026:16:30:12 +0200] "GET /wp-content/cache/page_enhanced/netvesti.com/%d0%bf%d1%83%d1%81%d0%bd%d0%b0%d1%85%d0%b0-%d0%be%d1%82-%d0%b7%d0%b0%d1%82%d0%b2%d0%be%d1%80%d0%b0-%d1%82%d1%83%d1%80%d1%81%d0%ba%d0%b8-%d0%bc%d0%b0%d1%84%d0%b8%d0%be%d1%82%d1%81%d0%ba%d0%b8-%d0%b1/_index_ssl.html_gzip_old HTTP/1.1" 200 21344 "-" "Mozilla/5.0 AppleWebKit/537.36 (KHTML, like Gecko; compatible; ClaudeBot/1.0; +claudebot@anthropic.com)"
3.224.62.45 - - [05/Apr/2026:16:30:18 +0200] "GET /wp-content/uploads/2024/11/kiro-fdgfdg.jpg HTTP/1.1" 200 50197 "-" "Mozilla/5.0 AppleWebKit/537.36 (KHTML, like Gecko; compatible; PerplexityBot/1.0; +https://perplexity.ai/perplexitybot)"
216.73.216.187 - - [05/Apr/2026:16:30:18 +0200] "GET /wp-content/cache/page_enhanced/netvesti.com/%d1%81%d0%bf%d0%b5%d0%ba%d1%83%d0%bb%d0%b0%d1%86%d0%b8%d0%b8%d1%82%d0%b5-%d0%b7%d0%b0-%d1%81%d0%bb%d1%83%d0%b6%d0%b5%d0%b1%d0%b5%d0%bd-%d0%ba%d0%b0%d0%b1%d0%b8%d0%bd%d0%b5%d1%82-%d0%b8%d0%b7%d0%b4/whatsapp:/send HTTP/1.1" 404 12110 "-" "Mozilla/5.0 AppleWebKit/537.36 (KHTML, like Gecko; compatible; ClaudeBot/1.0; +claudebot@anthropic.com)"
3.224.62.45 - - [05/Apr/2026:16:30:20 +0200] "GET /wp-content/uploads/2020/11/55473849_102-768x1024.jpg HTTP/1.1" 200 66728 "-" "Mozilla/5.0 AppleWebKit/537.36 (KHTML, like Gecko; compatible; PerplexityBot/1.0; +https://perplexity.ai/perplexitybot)"
213.180.203.58 - - [05/Apr/2026:16:30:20 +0200] "GET /tag/%D0%B4%D0%B0-%D1%84%D0%B0%D0%BB%D1%88%D0%B8%D1%84%D0%B8%D1%86%D0%B8%D1%80%D0%B0%D0%BC-%D0%B8%D0%B7%D0%B1%D0%BE%D1%80%D0%B8%D1%82%D0%B5-%D0%B2-%D0%BF%D0%BE%D0%BB%D0%B7%D0%B0-%D0%BD%D0%B0-%D0%B8%D0%B2/ HTTP/1.1" 200 16255 "-" "Mozilla/5.0 (compatible; YandexBot/3.0; +http://yandex.com/bots)"
107.20.236.150 - - [05/Apr/2026:16:30:21 +0200] "GET /wp-content/uploads/2024/09/big_U34763ed-1.jpg HTTP/1.1" 200 283282 "-" "Mozilla/5.0 AppleWebKit/537.36 (KHTML, like Gecko; compatible; PerplexityBot/1.0; +https://perplexity.ai/perplexitybot)"
52.167.144.173 - - [05/Apr/2026:16:30:21 +0200] "GET /tag/%D0%BD%D0%BE%D0%B2%D0%B8%D0%BD%D0%B8-%D0%B7%D0%B0-%D0%B2%D1%81%D0%B5%D0%BA%D0%B8/page/350/ HTTP/1.1" 200 16176 "-" "Mozilla/5.0 AppleWebKit/537.36 (KHTML, like Gecko; compatible; bingbot/2.0; +http://www.bing.com/bingbot.htm) Chrome/116.0.1938.76 Safari/537.36"
3.224.62.45 - - [05/Apr/2026:16:30:22 +0200] "GET /wp-content/uploads/2020/05/d0b1d18ad0bbd0b3d0b0d180d0b8d0bd-d0b2-d0b0d0bdd0b3d0bbd0b8d18f-d0bdd18fd0bcd0b0-d0bfd0b0d0bdd0b8d0bad0b0-d0b7d0b0d180d0b0d0b4d0b8-d0ba.jpg HTTP/1.1" 200 35797 "-" "Mozilla/5.0 AppleWebKit/537.36 (KHTML, like Gecko; compatible; PerplexityBot/1.0; +https://perplexity.ai/perplexitybot)"
216.73.216.187 - - [05/Apr/2026:16:30:23 +0200] "GET /wp-content/cache/page_enhanced/netvesti.com/%d1%81%d1%8a%d0%b7%d0%b4%d0%b0%d0%b2%d0%b0%d1%82-%d0%bd%d0%b0%d1%86%d0%b8%d0%be%d0%bd%d0%b0%d0%bb%d0%b5%d0%bd-%d1%89%d0%b0%d0%b1-%d0%b7%d0%b0-%d1%87%d0%b5%d1%81%d1%82%d0%bd%d0%b8-%d0%b8%d0%b7%d0%b1/whatsapp:/send HTTP/1.1" 404 12110 "-" "Mozilla/5.0 AppleWebKit/537.36 (KHTML, like Gecko; compatible; ClaudeBot/1.0; +claudebot@anthropic.com)"
187.38.169.116 - - [05/Apr/2026:16:30:24 +0200] "GET / HTTP/1.1" 200 15157 "-" "Opera/9.95.(X11; Linux x86_64; tk-TM) Presto/2.9.167 Version/10.00"
216.73.216.187 - - [05/Apr/2026:16:30:28 +0200] "GET /wp-content/cache/page_enhanced/netvesti.com/%d1%80%d0%b0%d0%b4%d0%b5%d0%b2-%d1%81%d0%bf%d0%b5%d1%86%d0%bf%d1%80%d0%be%d0%ba%d1%83%d1%80%d0%b0%d1%82%d1%83%d1%80%d0%b0%d1%82%d0%b0-%d0%b4%d0%b0-%d0%b7%d0%b0%d0%bf%d0%be%d1%87%d0%bd%d0%b5-%d0%b4/whatsapp:/send HTTP/1.1" 404 12110 "-" "Mozilla/5.0 AppleWebKit/537.36 (KHTML, like Gecko; compatible; ClaudeBot/1.0; +claudebot@anthropic.com)"
216.73.216.187 - - [05/Apr/2026:16:30:33 +0200] "GET /wp-content/cache/page_enhanced/netvesti.com/%d1%82%d0%b8%d1%80-%d1%83%d0%b4%d0%b0%d1%80%d0%b8-%d0%ba%d0%be%d0%bb%d0%b0%d1%82%d0%b0-%d0%bd%d0%b0-%d1%81%d0%b0%d1%88%d0%be-%d0%ba%d0%b0%d0%b4%d0%b8%d0%b5%d0%b2-%d0%b2%d0%be%d0%b4%d0%b5%d1%89%d0%b8/whatsapp:/send HTTP/1.1" 404 12110 "-" "Mozilla/5.0 AppleWebKit/537.36 (KHTML, like Gecko; compatible; ClaudeBot/1.0; +claudebot@anthropic.com)"
216.73.216.187 - - [05/Apr/2026:16:30:40 +0200] "GET /wp-content/cache/page_enhanced/netvesti.com/%d1%83%d0%bd%d0%b0%d0%b3%d0%b0%d1%80%d0%b8%d1%8f-%d1%81%d0%b5-%d0%b3%d0%be%d1%82%d0%b2%d0%b8-%d0%b7%d0%b0-%d0%b2%d1%82%d0%be%d1%80%d0%b0-%d0%b2%d1%8a%d0%bb%d0%bd%d0%b0-%d0%bd%d0%b0-%d0%ba%d0%be%d1%80/?C=M&O=D HTTP/1.1" 200 416 "-" "Mozilla/5.0 AppleWebKit/537.36 (KHTML, like Gecko; compatible; ClaudeBot/1.0; +claudebot@anthropic.com)"
216.73.216.187 - - [05/Apr/2026:16:30:42 +0200] "GET /wp-content/cache/page_enhanced/netvesti.com/%d1%80%d0%b0%d0%b4%d0%b5%d0%b2-%d1%81%d0%bf%d0%b0%d1%81%d1%8f%d0%b2%d0%b0-%d0%b1%d1%8a%d0%bb%d0%b3%d0%b0%d1%80%d0%b8%d1%8f-%d1%81%d1%82%d1%80%d0%b0%d0%bd%d0%b0%d1%82%d0%b0-%d0%bd%d0%b8-%d0%bd%d0%b5/?C=D&O=D HTTP/1.1" 200 411 "-" "Mozilla/5.0 AppleWebKit/537.36 (KHTML, like Gecko; compatible; ClaudeBot/1.0; +claudebot@anthropic.com)"
185.191.171.8 - - [05/Apr/2026:16:30:43 +0200] "GET /tag/%D0%B1%D0%BE%D0%B9%D0%BA%D0%BE-%D1%80%D0%B0%D1%88%D0%BA%D0%BE%D0%B2-%D0%BD%D0%B5-%D1%81%D0%BB%D1%83%D1%87%D0%B0%D0%B9%D0%BD%D0%BE-%D0%B2%D1%81%D1%81-%D0%BF%D0%BE%D0%B4%D0%BA%D1%80%D0%B5%D0%BF%D1%8F/page/55/ HTTP/1.1" 200 16380 "-" "Mozilla/5.0 (compatible; SemrushBot/7~bl; +http://www.semrush.com/bot.html)"
216.73.216.187 - - [05/Apr/2026:16:30:47 +0200] "GET /wp-content/cache/page_enhanced/netvesti.com/%d1%80%d0%b0%d0%b4%d0%b5%d0%b2-%d0%bf%d0%be%d1%81%d0%b5%d1%87%d0%b5-%d0%b0%d1%81%d0%b5%d0%bd-%d0%b2%d0%b0%d1%81%d0%b8%d0%bb%d0%b5%d0%b2-%d0%b8-%d0%bf%d1%80%d0%b5%d0%b4%d1%83%d0%bf%d1%80%d0%b5%d0%b4/?C=S&O=D HTTP/1.1" 200 415 "-" "Mozilla/5.0 AppleWebKit/537.36 (KHTML, like Gecko; compatible; ClaudeBot/1.0; +claudebot@anthropic.com)"
216.73.216.187 - - [05/Apr/2026:16:30:52 +0200] "GET /wp-content/cache/page_enhanced/netvesti.com/%d1%81%d1%82%d0%b0%d0%bd%d0%b8%d1%88%d0%b5%d0%b2-%d0%b3%d0%bd%d0%b5%d0%b2%d0%b5%d0%bd-%d0%b1%d1%80%d0%be%d0%b8%d0%bc-%d1%81%d0%b8-%d0%b3%d1%80%d0%b5%d1%85%d0%be%d0%b2%d0%b5%d1%82%d0%b5-%d0%bd%d0%b5/?C=D&O=D HTTP/1.1" 200 421 "-" "Mozilla/5.0 AppleWebKit/537.36 (KHTML, like Gecko; compatible; ClaudeBot/1.0; +claudebot@anthropic.com)"
198.244.226.226 - - [05/Apr/2026:16:30:55 +0200] "GET /tag/%D0%BA%D0%B8%D1%80%D0%B5-%D1%80%D1%83%D0%BC%D0%B5%D0%BD-%D1%80%D0%B0%D0%B4%D0%B5%D0%B2-%D0%BD%D0%B0-%D0%BD%D0%BE%D0%B6-%D1%81-%D0%B5%D1%81/page/3/ HTTP/1.1" 200 16648 "-" "Mozilla/5.0 (compatible; AhrefsBot/7.0; +http://ahrefs.com/robot/)"
216.73.216.187 - - [05/Apr/2026:16:30:57 +0200] "GET /wp-content/cache/page_enhanced/netvesti.com/%d0%bf%d1%80%d0%be%d1%81%d1%82-%d0%bd%d0%b0%d1%80%d0%be%d0%b4-%d1%81%d0%bb%d0%b0%d0%b1%d0%b0-%d0%b4%d1%8a%d1%80%d0%b6%d0%b0%d0%b2%d0%b0-%d0%b7%d0%b5%d0%bc%d1%8f%d1%82%d0%b0-%d0%bd%d0%b0-%d0%b1/?C=D&O=D HTTP/1.1" 200 425 "-" "Mozilla/5.0 AppleWebKit/537.36 (KHTML, like Gecko; compatible; ClaudeBot/1.0; +claudebot@anthropic.com)"
216.73.216.187 - - [05/Apr/2026:16:31:05 +0200] "GET /wp-content/cache/page_enhanced/netvesti.com/%d0%bd%d0%b5%d0%b7%d0%b0%d0%ba%d0%be%d0%bd%d0%bd%d0%b8-%d0%ba%d1%83%d1%87%d0%b5%d1%88%d0%ba%d0%b8-%d0%b1%d0%be%d0%b5%d0%b2%d0%b5-%d0%bd%d0%b0%d0%b6%d0%b5%d0%b6%d0%b8%d1%85%d0%b0-%d0%bc%d1%80%d0%b5/?C=S&O=A HTTP/1.1" 502 150 "-" "Mozilla/5.0 AppleWebKit/537.36 (KHTML, like Gecko; compatible; ClaudeBot/1.0; +claudebot@anthropic.com)"
185.191.171.7 - - [05/Apr/2026:16:31:05 +0200] "GET /tag/%D0%B2%D0%BB%D0%B8%D0%B7%D0%B0%D0%BD%D0%B5%D1%82%D0%BE-%D0%BD%D0%B0-%D0%B1%D1%8A%D0%BB%D0%B3%D0%B0%D1%80%D0%B8%D1%8F-%D0%B2-%D0%B5%D0%B2%D1%80%D0%BE%D0%B7%D0%BE%D0%BD%D0%B0%D1%82%D0%B0/page/32/ HTTP/1.1" 502 150 "-" "Mozilla/5.0 (compatible; SemrushBot/7~bl; +http://www.semrush.com/bot.html)"
116.179.32.132 - - [05/Apr/2026:16:31:07 +0200] "GET /wp-content/uploads/2022/07/rumen-ovcharov-324x160.jpg HTTP/1.1" 200 8706 "-" "Baiduspider-image+(+http://www.baidu.com/search/spider.htm)"
216.73.216.187 - - [05/Apr/2026:16:31:08 +0200] "GET /wp-content/cache/page_enhanced/netvesti.com/%d0%b8%d0%b2%d0%b0%d0%b9%d0%bb%d0%be-%d0%bc%d0%b8%d1%80%d1%87%d0%b5%d0%b2-%d0%b4%d0%bd%d0%b5%d1%81-%d0%b1%d0%be%d1%80%d0%b8%d1%81%d0%be%d0%b2-%d0%b8%d0%b7%d1%80%d0%b5%d1%87%d0%b5-%d0%b4%d0%b5%d1%81/?C=M&O=D HTTP/1.1" 200 418 "-" "Mozilla/5.0 AppleWebKit/537.36 (KHTML, like Gecko; compatible; ClaudeBot/1.0; +claudebot@anthropic.com)"
216.73.216.187 - - [05/Apr/2026:16:31:13 +0200] "GET /wp-content/cache/page_enhanced/netvesti.com/%d0%b1%d0%b5%d1%80%d0%bb%d0%b8%d0%bd-%d1%81%d1%80%d0%b5%d0%b1%d1%80%d0%b5%d0%bd%d0%b8%d1%86%d0%b0-%d0%bd%d0%b5-%d0%b1%d0%b8%d0%b2%d0%b0-%d0%bd%d0%b8%d0%ba%d0%be%d0%b3%d0%b0-%d0%b4%d0%b0-%d1%81%d0%b5/?C=D&O=D HTTP/1.1" 200 419 "-" "Mozilla/5.0 AppleWebKit/537.36 (KHTML, like Gecko; compatible; ClaudeBot/1.0; +claudebot@anthropic.com)"
216.73.216.187 - - [05/Apr/2026:16:31:18 +0200] "GET /wp-content/cache/page_enhanced/netvesti.com/%d1%80%d0%b0%d0%b1%d0%be%d1%82%d0%be%d0%b4%d0%b0%d1%82%d0%b5%d0%bb%d0%b8%d1%82%d0%b5-%d0%b8%d1%81%d0%ba%d0%b0%d1%82-%d0%bd%d0%be%d0%b2-%d1%82%d0%b8%d0%bf-%d1%82%d1%80%d1%83%d0%b4%d0%be%d0%b2%d0%b8/?C=N&O=A HTTP/1.1" 200 401 "-" "Mozilla/5.0 AppleWebKit/537.36 (KHTML, like Gecko; compatible; ClaudeBot/1.0; +claudebot@anthropic.com)"
85.208.96.204 - - [05/Apr/2026:16:31:19 +0200] "GET /tag/vestite/page/49/ HTTP/1.1" 200 16418 "-" "Mozilla/5.0 (compatible; SemrushBot/7~bl; +http://www.semrush.com/bot.html)"
216.73.216.187 - - [05/Apr/2026:16:31:23 +0200] "GET /wp-content/cache/page_enhanced/netvesti.com/%d1%80%d0%b0%d0%b4%d0%b5%d0%b2-%d1%81%d0%b2%d0%b8%d0%ba%d0%b2%d0%b0-%d0%bd%d0%be%d0%b2%d0%b8-%d0%ba%d0%be%d0%bd%d1%81%d1%83%d0%bb%d1%82%d0%b0%d1%86%d0%b8%d0%b8-%d0%b7%d0%b0%d1%80%d0%b0%d0%b4%d0%b8/?C=N&O=A HTTP/1.1" 200 418 "-" "Mozilla/5.0 AppleWebKit/537.36 (KHTML, like Gecko; compatible; ClaudeBot/1.0; +claudebot@anthropic.com)"
216.73.216.187 - - [05/Apr/2026:16:31:28 +0200] "GET /wp-content/cache/page_enhanced/netvesti.com/%d1%81%d1%82%d0%be%d1%8f%d0%bd-%d0%bc%d0%b8%d1%80%d1%87%d0%b5%d0%b2-%d1%81%d1%82%d1%80%d0%b5%d0%bc%d0%b5%d0%b6%d1%8a%d1%82-%d0%bd%d0%b0-%d1%82%d0%b0%d0%b7%d0%b8-%d0%bc%d0%b0%d1%84%d0%b8%d1%8f-%d0%b5/?C=S&O=D HTTP/1.1" 200 424 "-" "Mozilla/5.0 AppleWebKit/537.36 (KHTML, like Gecko; compatible; ClaudeBot/1.0; +claudebot@anthropic.com)"
216.73.216.187 - - [05/Apr/2026:16:31:33 +0200] "GET /wp-content/cache/page_enhanced/netvesti.com/%d1%83%d1%87%d0%b8%d0%bb%d0%b8%d1%89%d0%b0-%d0%ba%d0%b0%d0%bd%d0%b4%d0%b8%d0%b4%d0%b0%d1%82%d1%81%d1%82%d0%b2%d0%b0%d1%82-%d0%b7%d0%b0-%d0%bf%d1%80%d0%be%d0%b2%d0%b5%d0%b6%d0%b4%d0%b0%d0%bd%d0%b5/?C=S&O=D HTTP/1.1" 200 418 "-" "Mozilla/5.0 AppleWebKit/537.36 (KHTML, like Gecko; compatible; ClaudeBot/1.0; +claudebot@anthropic.com)"
216.73.216.187 - - [05/Apr/2026:16:31:38 +0200] "GET /wp-content/cache/page_enhanced/netvesti.com/%d0%b1%d0%b5%d1%80%d0%bb%d0%b8%d0%bd-%d1%81%d1%80%d0%b5%d0%b1%d1%80%d0%b5%d0%bd%d0%b8%d1%86%d0%b0-%d0%bd%d0%b5-%d0%b1%d0%b8%d0%b2%d0%b0-%d0%bd%d0%b8%d0%ba%d0%be%d0%b3%d0%b0-%d0%b4%d0%b0-%d1%81%d0%b5/?C=M&O=D HTTP/1.1" 200 419 "-" "Mozilla/5.0 AppleWebKit/537.36 (KHTML, like Gecko; compatible; ClaudeBot/1.0; +claudebot@anthropic.com)"
216.73.216.187 - - [05/Apr/2026:16:31:43 +0200] "GET /wp-content/cache/page_enhanced/netvesti.com/%d1%82%d0%b5-%d0%bd%d0%b0%d0%b8%d1%81%d1%82%d0%b8%d0%bd%d0%b0-%d1%83%d0%bf%d1%80%d0%b0%d0%b2%d0%bb%d1%8f%d0%b2%d0%b0%d1%85%d0%b0-%d0%ba%d1%80%d0%b8%d0%b7%d0%b0%d1%82%d0%b0-%d0%bd%d0%be-%d0%bd%d0%b5/?C=S&O=D HTTP/1.1" 200 415 "-" "Mozilla/5.0 AppleWebKit/537.36 (KHTML, like Gecko; compatible; ClaudeBot/1.0; +claudebot@anthropic.com)"
216.73.216.187 - - [05/Apr/2026:16:31:48 +0200] "GET /wp-content/cache/page_enhanced/netvesti.com/%d0%b1%d0%b0%d0%bd%d0%ba%d1%81%d0%b8-%d1%81-%d0%bd%d0%be%d0%b2%d0%b0-%d1%82%d0%b2%d0%be%d1%80%d0%b1%d0%b0-%d0%bf%d0%be%d1%81%d0%b2%d0%b5%d1%82%d0%b5%d0%bd%d0%b0-%d0%b5-%d0%bd%d0%b0-%d0%bf%d1%80%d0%be/?C=N&O=A HTTP/1.1" 200 421 "-" "Mozilla/5.0 AppleWebKit/537.36 (KHTML, like Gecko; compatible; ClaudeBot/1.0; +claudebot@anthropic.com)"
66.249.77.64 - - [05/Apr/2026:16:31:50 +0200] "GET /%D0%B2%D1%82%D0%BE%D1%80%D0%B8-%D0%BC%D0%B8%D0%B3%D1%80%D0%B0%D0%BD%D1%82%D1%81%D0%BA%D0%B8-%D0%BB%D0%B0%D0%B3%D0%B5%D1%80-%D0%B2-%D0%B3%D1%8A%D1%80%D1%86%D0%B8%D1%8F-%D0%BF%D0%BE%D0%B4-%D0%BA%D0%B0/ HTTP/1.1" 200 25378 "-" "Mozilla/5.0 (Linux; Android 6.0.1; Nexus 5X Build/MMB29P) AppleWebKit/537.36 (KHTML, like Gecko) Chrome/146.0.7680.177 Mobile Safari/537.36 (compatible; Googlebot/2.1; +http://www.google.com/bot.html)"
52.167.144.212 - - [05/Apr/2026:16:31:52 +0200] "GET /tag/%D1%81%D1%82%D0%B5%D1%84%D0%B0%D0%BD-%D0%BF%D0%BE%D0%B9%D0%BD%D0%BE%D0%B2/ HTTP/1.1" 200 13583 "-" "Mozilla/5.0 AppleWebKit/537.36 (KHTML, like Gecko; compatible; bingbot/2.0; +http://www.bing.com/bingbot.htm) Chrome/116.0.1938.76 Safari/537.36"
216.73.216.187 - - [05/Apr/2026:16:31:53 +0200] "GET /wp-content/cache/page_enhanced/netvesti.com/%d0%b0%d1%80%d1%85%d0%b8%d0%bc%d0%b0%d0%bd%d0%b4%d1%80%d0%b8%d1%82-%d0%b4%d0%b8%d0%be%d0%bd%d0%b8%d1%81%d0%b8%d0%b9-%d0%b1%d0%be%d1%80%d0%b8%d1%81%d0%be%d0%b2-%d0%b8-%d0%b3%d0%b5%d1%88%d0%b5%d0%b2/?C=N&O=A HTTP/1.1" 200 423 "-" "Mozilla/5.0 AppleWebKit/537.36 (KHTML, like Gecko; compatible; ClaudeBot/1.0; +claudebot@anthropic.com)"
52.167.144.212 - - [05/Apr/2026:16:31:54 +0200] "GET /tag/%D0%B8%D0%B4%D0%B5%D0%B0%D0%BB%D0%BD%D0%BE/ HTTP/1.1" 200 13418 "-" "Mozilla/5.0 AppleWebKit/537.36 (KHTML, like Gecko; compatible; bingbot/2.0; +http://www.bing.com/bingbot.htm) Chrome/116.0.1938.76 Safari/537.36"
52.167.144.212 - - [05/Apr/2026:16:31:55 +0200] "GET /tag/%D0%BF%D0%B0%D1%82%D1%80%D0%B8%D0%BE%D1%82%D0%B8/ HTTP/1.1" 200 13656 "-" "Mozilla/5.0 AppleWebKit/537.36 (KHTML, like Gecko; compatible; bingbot/2.0; +http://www.bing.com/bingbot.htm) Chrome/116.0.1938.76 Safari/537.36"
52.167.144.19 - - [05/Apr/2026:16:31:56 +0200] "GET /tag/%D0%BD%D0%B5-%D1%81%D0%BC%D0%B5-%D0%B4%D0%BE%D1%80%D0%B0%D1%81%D0%BB%D0%B8/ HTTP/1.1" 200 13680 "-" "Mozilla/5.0 AppleWebKit/537.36 (KHTML, like Gecko; compatible; bingbot/2.0; +http://www.bing.com/bingbot.htm) Chrome/116.0.1938.76 Safari/537.36"
52.167.144.19 - - [05/Apr/2026:16:31:57 +0200] "GET /tag/%D0%B5-%D0%BF%D1%80%D0%B5%D1%81%D1%82%D1%8A%D0%BF%D0%BB%D0%B5%D0%BD%D0%B8%D0%B5-%D1%81%D1%80%D0%B5%D1%89%D1%83-%D0%B4%D1%8A%D1%80%D0%B6%D0%B0%D0%B2%D0%B0%D1%82%D0%B0/page/2/ HTTP/1.1" 200 18468 "-" "Mozilla/5.0 AppleWebKit/537.36 (KHTML, like Gecko; compatible; bingbot/2.0; +http://www.bing.com/bingbot.htm) Chrome/116.0.1938.76 Safari/537.36"
52.167.144.19 - - [05/Apr/2026:16:31:59 +0200] "GET /tag/%D0%B7%D0%B0%D0%BF%D1%80%D1%8F%D0%BD%D0%BE%D0%B2-%D0%BF%D0%BB%D0%B0%D1%88%D0%B8-%D1%80%D1%83%D1%81%D0%B8%D1%8F-%D1%81-%D1%87%D0%BB%D0%B5%D0%BD-5-%D0%BD%D0%B0-%D0%BD%D0%B0%D1%82%D0%BE/ HTTP/1.1" 200 16394 "-" "Mozilla/5.0 AppleWebKit/537.36 (KHTML, like Gecko; compatible; bingbot/2.0; +http://www.bing.com/bingbot.htm) Chrome/116.0.1938.76 Safari/537.36"
52.167.144.19 - - [05/Apr/2026:16:32:00 +0200] "GET /tag/%D0%BF%D1%80%D0%B5%D0%B7%D0%B8%D0%B4%D0%B5%D0%BD%D1%82%D1%81%D0%BA%D0%B8%D1%82%D0%B5-%D0%B8%D0%B7%D0%B1%D0%BE%D1%80%D0%B8/ HTTP/1.1" 200 13909 "-" "Mozilla/5.0 AppleWebKit/537.36 (KHTML, like Gecko; compatible; bingbot/2.0; +http://www.bing.com/bingbot.htm) Chrome/116.0.1938.76 Safari/537.36"
216.73.216.187 - - [05/Apr/2026:16:32:00 +0200] "GET /wp-content/cache/page_enhanced/netvesti.com/%d1%82%d0%b5%d0%be%d0%b4%d0%be%d1%80-%d1%83%d1%88%d0%b5%d0%b2-%d0%b1%d0%be%d1%80%d0%b1%d0%b0%d1%82%d0%b0-%d0%b7%d0%b0-%d0%bf%d1%80%d0%b0%d0%b2%d0%be%d0%b2%d0%b0-%d1%81%d0%bf%d1%80%d0%b0%d0%b2%d0%b5/?C=D&O=D HTTP/1.1" 200 414 "-" "Mozilla/5.0 AppleWebKit/537.36 (KHTML, like Gecko; compatible; ClaudeBot/1.0; +claudebot@anthropic.com)"
52.167.144.19 - - [05/Apr/2026:16:32:01 +0200] "GET /tag/%D0%BA%D0%BE%D0%BF%D1%80%D0%B8%D0%B2%D1%89%D0%B8%D1%86%D0%B0/ HTTP/1.1" 200 9791 "-" "Mozilla/5.0 AppleWebKit/537.36 (KHTML, like Gecko; compatible; bingbot/2.0; +http://www.bing.com/bingbot.htm) Chrome/116.0.1938.76 Safari/537.36"
51.195.215.229 - - [05/Apr/2026:16:32:04 +0200] "GET /tag/%D1%87%D0%B5-%D0%BD%D0%B0%D0%BB%D0%B8%D0%B2%D0%B0%D0%B9%D0%BA%D0%B8-%D0%BF%D0%BE%D0%B2%D0%B5%D1%87%D0%B5-%D0%B2-%D1%83%D0%BA%D1%80%D0%B0%D0%B9%D0%BD%D0%B0/page/3/ HTTP/1.1" 502 150 "-" "Mozilla/5.0 (compatible; AhrefsBot/7.0; +http://ahrefs.com/robot/)"
216.73.216.187 - - [05/Apr/2026:16:32:04 +0200] "GET /wp-content/cache/page_enhanced/netvesti.com/%d0%bf%d1%80%d0%be%d1%82%d0%b5%d1%81%d1%82%d0%b8%d1%82%d0%b5-%d0%bd%d1%8f%d0%bc%d0%b0-%d0%b4%d0%b0-%d1%83%d1%82%d0%b8%d1%85%d0%bd%d0%b0%d1%82-%d0%b1%d1%8a%d1%80%d0%b7%d0%be-%d0%bf%d1%80%d0%be%d0%b3/?C=D&O=D HTTP/1.1" 502 150 "-" "Mozilla/5.0 AppleWebKit/537.36 (KHTML, like Gecko; compatible; ClaudeBot/1.0; +claudebot@anthropic.com)"
185.191.171.3 - - [05/Apr/2026:16:32:05 +0200] "GET /tag/%D0%B2%D0%B0%D1%81%D0%B8%D0%BB-%D0%B1%D0%BE%D0%B6%D0%BA%D0%BE%D0%B2/page/61/ HTTP/1.1" 502 150 "-" "Mozilla/5.0 (compatible; SemrushBot/7~bl; +http://www.semrush.com/bot.html)"
216.73.216.187 - - [05/Apr/2026:16:32:08 +0200] "GET /wp-content/cache/page_enhanced/netvesti.com/%d1%80%d0%b0%d0%b4%d0%b5%d0%b2-%d0%bd%d0%b5%d0%ba%d0%b0-%d0%b1%d0%be%d1%80%d0%b8%d1%81%d0%be%d0%b2-%d0%b7%d0%b0-%d0%ba%d0%be%d0%b3%d0%be%d1%82%d0%be-%d1%81%d1%8a%d0%bc-%d0%b4%d0%b8%d0%ba%d1%82%d0%b0/?C=S&O=D HTTP/1.1" 200 424 "-" "Mozilla/5.0 AppleWebKit/537.36 (KHTML, like Gecko; compatible; ClaudeBot/1.0; +claudebot@anthropic.com)"
216.73.216.187 - - [05/Apr/2026:16:32:13 +0200] "GET /wp-content/cache/page_enhanced/netvesti.com/%d0%b1%d0%b8%d0%b2%d1%88%d0%b8%d1%8f%d1%82-%d0%b1%d0%be%d1%80%d0%b5%d1%86-%d0%bd%d0%b8%d0%ba%d0%be%d0%bb%d0%b0%d0%b9-%d1%89%d0%b5%d1%80%d0%b5%d0%b2-%d0%bf%d0%be%d1%87%d0%b8%d0%bd%d0%b0-%d0%be%d1%82/?C=N&O=A HTTP/1.1" 200 428 "-" "Mozilla/5.0 AppleWebKit/537.36 (KHTML, like Gecko; compatible; ClaudeBot/1.0; +claudebot@anthropic.com)"
216.73.216.187 - - [05/Apr/2026:16:32:19 +0200] "GET /wp-content/cache/page_enhanced/netvesti.com/%d1%82%d0%b5%d0%bd%d0%b8%d1%81%d0%ba%d0%b8-%d0%b4%d0%b8%d1%88%d0%b0%d0%b9-%d0%b2-%d0%bf%d0%be%d0%bc%d0%be%d1%89-%d0%bd%d0%b0-%d0%b7%d0%b0%d0%b5%d0%ba%d0%b2%d0%b0%d1%89%d0%b8%d1%82%d0%b5-%d1%85%d0%be/?C=D&O=D HTTP/1.1" 200 418 "-" "Mozilla/5.0 AppleWebKit/537.36 (KHTML, like Gecko; compatible; ClaudeBot/1.0; +claudebot@anthropic.com)"
216.73.216.187 - - [05/Apr/2026:16:32:23 +0200] "GET /wp-content/cache/page_enhanced/netvesti.com/%d1%80%d0%b0%d0%b4%d0%b5%d0%b2-%d0%b7%d0%b0%d0%bf%d0%bb%d0%b0%d1%88%d0%b8-%d0%bf%d0%b5%d1%82%d0%ba%d0%be%d0%b2-%d1%81-%d1%82%d0%b5%d0%b6%d0%ba%d0%b8-%d0%bf%d0%be%d1%81%d0%bb%d0%b5%d0%b4%d1%81%d1%82/?C=N&O=A HTTP/1.1" 200 423 "-" "Mozilla/5.0 AppleWebKit/537.36 (KHTML, like Gecko; compatible; ClaudeBot/1.0; +claudebot@anthropic.com)"
85.208.96.208 - - [05/Apr/2026:16:32:25 +0200] "GET /tag/%D0%B0%D0%BA%D1%82%D1%8C%D0%BE%D1%80%D0%B8%D1%82%D0%B5-%D0%BF%D0%B0%D0%B2%D0%B5%D0%BB-%D0%BF%D0%BE%D0%BF%D0%BF%D0%B0%D0%BD%D0%B4%D0%BE%D0%B2-%D0%B8-%D0%B2%D0%B5%D1%81%D0%B5%D0%BB%D0%B8%D0%BD-%D0%BF/page/11/ HTTP/1.1" 403 218 "-" "Mozilla/5.0 (compatible; SemrushBot/7~bl; +http://www.semrush.com/bot.html)"
52.167.144.19 - - [05/Apr/2026:16:32:26 +0200] "GET /tag/%D0%B3%D0%B5%D1%80%D0%BC%D0%B0%D0%BD%D0%B8%D1%8F/page/37/ HTTP/1.1" 200 16057 "-" "Mozilla/5.0 AppleWebKit/537.36 (KHTML, like Gecko; compatible; bingbot/2.0; +http://www.bing.com/bingbot.htm) Chrome/116.0.1938.76 Safari/537.36"
216.73.216.187 - - [05/Apr/2026:16:32:28 +0200] "GET /wp-content/cache/page_enhanced/netvesti.com/%d0%bf%d1%80%d0%be%d1%84%d0%be%d0%bd-%d1%81%d1%8a%d1%81-%d1%81%d0%bf%d0%b0%d1%81%d0%b8%d1%82%d0%b5%d0%bb%d0%b5%d0%bd-%d0%bf%d0%bb%d0%b0%d0%bd-%d0%b7%d0%b0-%d0%b0%d1%80%d1%82%d0%b8%d1%81%d1%82%d0%b8/?C=S&O=D HTTP/1.1" 200 422 "-" "Mozilla/5.0 AppleWebKit/537.36 (KHTML, like Gecko; compatible; ClaudeBot/1.0; +claudebot@anthropic.com)"
216.73.216.187 - - [05/Apr/2026:16:32:33 +0200] "GET /wp-content/cache/page_enhanced/netvesti.com/%d1%81%d0%be%d0%bb%d0%be%d0%bc%d0%be%d0%bd-%d0%bf%d0%b0%d1%81%d0%b8-%d0%ba%d1%80%d0%b0%d0%b6%d0%b1%d0%b8%d1%82%d0%b5-%d0%b2-%d1%81%d0%b0%d1%89-%d0%bf%d0%be%d0%ba%d0%b0%d0%b7%d0%b2%d0%b0%d1%82-%d1%87/?C=D&O=D HTTP/1.1" 200 421 "-" "Mozilla/5.0 AppleWebKit/537.36 (KHTML, like Gecko; compatible; ClaudeBot/1.0; +claudebot@anthropic.com)"
185.191.171.13 - - [05/Apr/2026:16:32:37 +0200] "GET /tag/%D0%B5%D0%B2%D1%80%D0%BE%D0%B7%D0%BE%D0%BD%D0%B0%D1%82%D0%B0/page/25/ HTTP/1.1" 200 16136 "-" "Mozilla/5.0 (compatible; SemrushBot/7~bl; +http://www.semrush.com/bot.html)"
216.73.216.187 - - [05/Apr/2026:16:32:38 +0200] "GET /wp-content/cache/page_enhanced/netvesti.com/%d0%b0%d0%b3%d0%b5%d0%bd%d1%86%d0%b8%d1%8f%d1%82%d0%b0-%d0%bf%d0%be-%d1%85%d1%80%d0%b0%d0%bd%d0%b8%d1%82%d0%b5-%d0%b7%d0%b0%d1%82%d0%b2%d0%be%d1%80%d0%b8-3-%d0%b7%d0%b0%d0%b2%d0%b5%d0%b4%d0%b5%d0%bd/?C=D&O=D HTTP/1.1" 200 424 "-" "Mozilla/5.0 AppleWebKit/537.36 (KHTML, like Gecko; compatible; ClaudeBot/1.0; +claudebot@anthropic.com)"
185.170.167.18 - - [05/Apr/2026:16:32:39 +0200] "GET /tag/%D0%B0%D0%BA%D1%82%D1%8C%D0%BE%D1%80%D0%B8%D1%82%D0%B5-%D0%BF%D0%B0%D0%B2%D0%B5%D0%BB-%D0%BF%D0%BE%D0%BF%D0%BF%D0%B0%D0%BD%D0%B4%D0%BE%D0%B2-%D0%B8-%D0%B2%D0%B5%D1%81%D0%B5%D0%BB%D0%B8%D0%BD-%D0%BF/page/11/ HTTP/1.1" 200 16580 "-" "Mozilla/5.0 (compatible; BacklinksExtendedBot)"
216.73.216.187 - - [05/Apr/2026:16:32:43 +0200] "GET /wp-content/cache/page_enhanced/netvesti.com/%d1%82%d0%b5%d0%be%d0%b4%d0%be%d1%80-%d1%83%d1%88%d0%b5%d0%b2-%d0%b1%d0%be%d1%80%d0%b1%d0%b0%d1%82%d0%b0-%d0%b7%d0%b0-%d0%bf%d1%80%d0%b0%d0%b2%d0%be%d0%b2%d0%b0-%d1%81%d0%bf%d1%80%d0%b0%d0%b2%d0%b5/?C=M&O=D HTTP/1.1" 200 414 "-" "Mozilla/5.0 AppleWebKit/537.36 (KHTML, like Gecko; compatible; ClaudeBot/1.0; +claudebot@anthropic.com)"
216.73.216.187 - - [05/Apr/2026:16:32:50 +0200] "GET /wp-content/cache/page_enhanced/netvesti.com/%d1%81%d0%bb%d0%b5%d0%b4-covid-19-%d0%ba%d0%b8%d1%82%d0%b0%d0%b9-%d1%89%d0%b5-%d0%be%d0%bf%d0%b8%d1%82%d0%b0-%d0%b4%d0%b0-%d0%bf%d0%be%d0%b4%d0%ba%d0%be%d0%bf%d0%b0%d0%b5-%d0%bd%d0%b0%d0%b4%d0%bc/?C=D&O=D HTTP/1.1" 200 421 "-" "Mozilla/5.0 AppleWebKit/537.36 (KHTML, like Gecko; compatible; ClaudeBot/1.0; +claudebot@anthropic.com)"
216.73.216.187 - - [05/Apr/2026:16:32:54 +0200] "GET /wp-content/cache/page_enhanced/netvesti.com/%d0%b0%d1%80%d1%82%d0%b8%d1%81%d1%82%d0%b8%d1%82%d0%b5-%d0%be%d1%82-%d0%bc%d1%83%d0%b7%d0%b8%d0%ba%d0%b0%d0%bb%d0%bd%d0%b8%d1%8f-%d1%82%d0%b5%d0%b0%d1%82%d1%8a%d1%80-%d0%bd%d0%b8-%d0%ba%d0%b0%d0%bd/?C=D&O=A HTTP/1.1" 200 421 "-" "Mozilla/5.0 AppleWebKit/537.36 (KHTML, like Gecko; compatible; ClaudeBot/1.0; +claudebot@anthropic.com)"
116.179.32.48 - - [05/Apr/2026:16:32:55 +0200] "GET /tag/%D0%BF%D0%BE%D0%B7%D0%B8%D1%86%D0%B8%D1%8F%D1%82%D0%B0-%D0%BD%D0%B0-%D1%80%D0%B0%D0%B4%D0%B5%D0%B2-%D1%81%D0%BB%D0%B5%D0%B4%D0%B2%D0%B0-%D0%BB%D0%B8%D0%BD%D0%B8%D1%8F%D1%82%D0%B0-%D0%BD%D0%B0-%D0%BF/feed/ HTTP/1.1" 200 24494 "-" "Mozilla/5.0 (compatible; Baiduspider/2.0; +http://www.baidu.com/search/spider.html)"
216.73.216.187 - - [05/Apr/2026:16:32:59 +0200] "GET /wp-content/cache/page_enhanced/netvesti.com/%d1%83%d0%b2%d0%be%d0%bb%d0%bd%d0%b5%d0%bd-%d0%b3%d0%be%d1%82%d0%b2%d0%b0%d1%87-%d0%be%d1%82-%d1%81%d1%82%d0%b0%d1%80%d1%87%d0%b5%d1%81%d0%ba%d0%b8-%d0%b4%d0%be%d0%bc-%d0%bd%d0%b0%d0%bf%d1%80%d0%b0/?C=M&O=D HTTP/1.1" 200 420 "-" "Mozilla/5.0 AppleWebKit/537.36 (KHTML, like Gecko; compatible; ClaudeBot/1.0; +claudebot@anthropic.com)"
52.167.144.173 - - [05/Apr/2026:16:32:59 +0200] "GET /tag/%D0%BF%D1%83%D1%88%D0%B8%D1%88/ HTTP/1.1" 200 13489 "-" "Mozilla/5.0 AppleWebKit/537.36 (KHTML, like Gecko; compatible; bingbot/2.0; +http://www.bing.com/bingbot.htm) Chrome/116.0.1938.76 Safari/537.36"
51.195.183.67 - - [05/Apr/2026:16:33:05 +0200] "GET /tag/%D1%82%D0%BE%D1%82%D0%BE/feed/ HTTP/1.1" 502 150 "-" "Mozilla/5.0 (compatible; AhrefsBot/7.0; +http://ahrefs.com/robot/)"
52.167.144.19 - - [05/Apr/2026:16:33:05 +0200] "GET /tag/%D0%BE%D0%B1%D0%BB%D0%B0%D1%81%D1%82%D0%BD%D0%B8%D1%8F%D1%82-%D1%83%D0%BF%D1%80%D0%B0%D0%B2%D0%B8%D1%82%D0%B5%D0%BB-%D0%B4%D0%B0%D0%BD%D0%B8-%D0%BA%D0%B0%D0%BD%D0%B0%D0%B7%D0%B8%D1%80%D0%B5%D0%B2/ HTTP/1.1" 502 552 "-" "Mozilla/5.0 AppleWebKit/537.36 (KHTML, like Gecko; compatible; bingbot/2.0; +http://www.bing.com/bingbot.htm) Chrome/116.0.1938.76 Safari/537.36"
52.167.144.212 - - [05/Apr/2026:16:33:05 +0200] "GET /tag/%D0%BA%D0%B5%D0%B2%D0%BE%D1%80%D0%BA-%D0%BA%D0%B5%D0%B2%D0%BE%D1%80%D0%BA%D1%8F%D0%BD/ HTTP/1.1" 502 552 "-" "Mozilla/5.0 AppleWebKit/537.36 (KHTML, like Gecko; compatible; bingbot/2.0; +http://www.bing.com/bingbot.htm) Chrome/116.0.1938.76 Safari/537.36"
216.73.216.187 - - [05/Apr/2026:16:33:05 +0200] "GET /wp-content/cache/page_enhanced/netvesti.com/%d1%80%d0%b0%d1%88%d0%ba%d0%be%d0%b2-%d0%b7%d0%b0-%d1%86%d0%b5%d0%bd%d0%b0%d1%82%d0%b0-%d0%bd%d0%b0-%d1%82%d0%be%d0%ba%d0%b0-%d0%bd%d1%8f%d0%ba%d0%be%d0%b9-%d0%bd%d0%b8-%d0%b5-%d0%b7%d0%b0%d0%bb/?C=M&O=D HTTP/1.1" 502 150 "-" "Mozilla/5.0 AppleWebKit/537.36 (KHTML, like Gecko; compatible; ClaudeBot/1.0; +claudebot@anthropic.com)"
52.167.144.212 - - [05/Apr/2026:16:33:05 +0200] "GET /tag/%D0%B3%D0%BB%D1%83%D0%BF%D0%BE%D1%81%D1%82-%D1%81-%D1%80%D1%83%D1%81%D0%B8%D1%8F/ HTTP/1.1" 502 552 "-" "Mozilla/5.0 AppleWebKit/537.36 (KHTML, like Gecko; compatible; bingbot/2.0; +http://www.bing.com/bingbot.htm) Chrome/116.0.1938.76 Safari/537.36"
216.73.216.187 - - [05/Apr/2026:16:33:09 +0200] "GET /wp-content/cache/page_enhanced/netvesti.com/%d1%81%d1%82%d0%be%d1%8f%d0%bd-%d0%bc%d0%b8%d1%80%d1%87%d0%b5%d0%b2-%d1%81%d1%82%d1%80%d0%b5%d0%bc%d0%b5%d0%b6%d1%8a%d1%82-%d0%bd%d0%b0-%d1%82%d0%b0%d0%b7%d0%b8-%d0%bc%d0%b0%d1%84%d0%b8%d1%8f-%d0%b5/?C=N&O=A HTTP/1.1" 200 423 "-" "Mozilla/5.0 AppleWebKit/537.36 (KHTML, like Gecko; compatible; ClaudeBot/1.0; +claudebot@anthropic.com)"
216.73.216.187 - - [05/Apr/2026:16:33:14 +0200] "GET /wp-content/uploads/2021/06/big_196586144_1011003769708348_6141141584811000883_n-324x400.jpg HTTP/1.1" 200 19687 "-" "Mozilla/5.0 AppleWebKit/537.36 (KHTML, like Gecko; compatible; ClaudeBot/1.0; +claudebot@anthropic.com)"
216.73.216.187 - - [05/Apr/2026:16:33:19 +0200] "GET /wp-content/cache/page_enhanced/netvesti.com/%d0%bf%d1%80%d0%b5%d0%bc%d0%b0%d1%85%d0%b2%d0%b0%d1%82-%d0%b1%d0%bb%d0%b8%d0%b7%d0%be-60-%d1%82%d1%80%d0%be%d1%88%d0%ba%d0%b8-%d0%be%d1%82-%d1%83%d0%bb%d0%b8%d1%86%d0%b8%d1%82%d0%b5-%d0%bd%d0%b0/?C=M&O=D HTTP/1.1" 200 418 "-" "Mozilla/5.0 AppleWebKit/537.36 (KHTML, like Gecko; compatible; ClaudeBot/1.0; +claudebot@anthropic.com)"
52.167.144.19 - - [05/Apr/2026:16:33:23 +0200] "GET /tag/%D1%80%D0%BE%D0%B4%D0%BD%D0%B0%D1%82%D0%B0-%D0%BF%D0%BE%D0%BB%D0%B8%D1%82%D0%B8%D0%BA%D0%B0/ HTTP/1.1" 200 15981 "-" "Mozilla/5.0 AppleWebKit/537.36 (KHTML, like Gecko; compatible; bingbot/2.0; +http://www.bing.com/bingbot.htm) Chrome/116.0.1938.76 Safari/537.36"
216.73.216.187 - - [05/Apr/2026:16:33:24 +0200] "GET /wp-content/uploads/2021/06/big_196586144_1011003769708348_6141141584811000883_n-533x261.jpg HTTP/1.1" 200 23759 "-" "Mozilla/5.0 AppleWebKit/537.36 (KHTML, like Gecko; compatible; ClaudeBot/1.0; +claudebot@anthropic.com)"
216.73.216.187 - - [05/Apr/2026:16:33:30 +0200] "GET /wp-content/themes/Newspaper/includes/demos/health/pages/xxx_td_pic_p3_xxx HTTP/1.1" 404 12106 "-" "Mozilla/5.0 AppleWebKit/537.36 (KHTML, like Gecko; compatible; ClaudeBot/1.0; +claudebot@anthropic.com)"
216.73.216.187 - - [05/Apr/2026:16:33:34 +0200] "GET /wp-content/cache/page_enhanced/netvesti.com/%d1%80%d0%b0%d1%88%d0%ba%d0%be%d0%b2-%d0%ba%d0%be%d1%80%d1%83%d0%bf%d1%86%d0%b8%d1%8f%d1%82%d0%b0-%d0%b5-%d1%87%d1%83%d0%b4%d0%be%d0%b2%d0%b8%d1%89%d0%bd%d0%b0-%d0%b3%d0%b5%d1%88%d0%b5%d0%b2-%d0%bc/?C=D&O=D HTTP/1.1" 200 426 "-" "Mozilla/5.0 AppleWebKit/537.36 (KHTML, like Gecko; compatible; ClaudeBot/1.0; +claudebot@anthropic.com)"
198.244.242.93 - - [05/Apr/2026:16:33:38 +0200] "GET /wp-content/uploads/2023/08/11-01_2276873335949680457_big-356x220.jpg HTTP/1.1" 200 10571 "-" "Mozilla/5.0 (compatible; AhrefsBot/7.0; +http://ahrefs.com/robot/)"
216.73.216.187 - - [05/Apr/2026:16:33:39 +0200] "GET /wp-content/cache/page_enhanced/netvesti.com/%d1%82%d1%80%d0%b8%d0%bc%d0%b0-%d0%bf%d0%be%d1%81%d1%82%d1%80%d0%b0%d0%b4%d0%b0%d0%bb%d0%b8-%d0%be%d1%82-%d0%bf%d0%b8%d1%80%d0%b0%d1%82%d0%ba%d0%b8-%d1%81%d0%b0-%d0%bf%d1%80%d0%b8%d0%b5%d1%82%d0%b8/?C=M&O=D HTTP/1.1" 200 410 "-" "Mozilla/5.0 AppleWebKit/537.36 (KHTML, like Gecko; compatible; ClaudeBot/1.0; +claudebot@anthropic.com)"
216.73.216.187 - - [05/Apr/2026:16:33:44 +0200] "GET /wp-content/cache/page_enhanced/netvesti.com/%d1%83%d0%bf%d1%80%d0%b0%d0%b2%d0%b8%d1%82%d0%b5%d0%bb-%d0%bd%d0%b0-%d0%ba%d1%80%d1%8a%d1%87%d0%bc%d0%b0-%d1%83%d0%b1%d0%b8-%d1%81-%d1%80%d0%b8%d1%82%d0%bd%d0%b8%d1%86%d0%b8-%d0%bf%d1%80%d0%b0%d0%b7/?C=S&O=D HTTP/1.1" 200 419 "-" "Mozilla/5.0 AppleWebKit/537.36 (KHTML, like Gecko; compatible; ClaudeBot/1.0; +claudebot@anthropic.com)"
216.73.216.187 - - [05/Apr/2026:16:33:49 +0200] "GET /wp-content/uploads/2022/07/rumen-radev-balgarskata-politika-da-se-pravi-v-sofia-a-ne-v-kiev-1024x608.jpg HTTP/1.1" 200 56850 "-" "Mozilla/5.0 AppleWebKit/537.36 (KHTML, like Gecko; compatible; ClaudeBot/1.0; +claudebot@anthropic.com)"
216.73.216.187 - - [05/Apr/2026:16:33:54 +0200] "GET /wp-content/uploads/2020/06/d0bfd0bed0b2d0b5d187d0b5-d0bed182-50-000-d0b4d183d188d0b8-d181d0b0-d0bfd0bed187d0b8d0bdd0b0d0bbd0b8-d0bed182-covid-19-d0bdd0b0-d0bed181d182-324x235.jpg HTTP/1.1" 200 29358 "-" "Mozilla/5.0 AppleWebKit/537.36 (KHTML, like Gecko; compatible; ClaudeBot/1.0; +claudebot@anthropic.com)"
216.73.216.187 - - [05/Apr/2026:16:33:59 +0200] "GET /wp-content/cache/page_enhanced/netvesti.com/%d1%80%d0%b0%d0%b4%d0%b5%d0%b2-%d0%b7%d0%b0%d0%bf%d0%be%d1%87%d0%b2%d0%b0-%d0%ba%d0%be%d0%bd%d1%81%d1%83%d0%bb%d1%82%d0%b0%d1%86%d0%b8%d0%b8-%d1%81-%d0%bf%d0%b0%d1%80%d1%82%d0%b8%d0%b8%d1%82%d0%b5/?C=D&O=D HTTP/1.1" 200 423 "-" "Mozilla/5.0 AppleWebKit/537.36 (KHTML, like Gecko; compatible; ClaudeBot/1.0; +claudebot@anthropic.com)"
216.73.216.187 - - [05/Apr/2026:16:34:04 +0200] "GET /wp-content/cache/page_enhanced/netvesti.com/%d1%83%d1%87%d0%b8%d1%82%d0%b5%d0%bb%d0%ba%d0%b0-%d0%bc%d0%be%d0%b5%d1%82%d0%be-%d0%b4%d0%b5%d1%82%d0%b5-%d0%bd%d0%b5-%d0%b5-%d1%81%d0%be%d0%b1%d1%81%d1%82%d0%b2%d0%b5%d0%bd%d0%be%d1%81%d1%82-%d0%bd/?C=D&O=D HTTP/1.1" 200 415 "-" "Mozilla/5.0 AppleWebKit/537.36 (KHTML, like Gecko; compatible; ClaudeBot/1.0; +claudebot@anthropic.com)"
216.73.216.187 - - [05/Apr/2026:16:34:09 +0200] "GET /wp-content/cache/page_enhanced/netvesti.com/%d0%bf%d1%83%d1%82%d0%b8%d0%bd-%d1%81%d0%b8-%d0%bf%d1%80%d0%b8%d0%b7%d0%bd%d0%b0-%d0%bf%d1%8a%d1%80%d0%b2%d0%b8%d1%82%d0%b5-5-%d1%87%d0%b0%d1%81%d0%b0-%d1%81%d0%bb%d0%b5%d0%b4-%d0%b2%d0%b0%d0%ba/?C=D&O=D HTTP/1.1" 200 421 "-" "Mozilla/5.0 AppleWebKit/537.36 (KHTML, like Gecko; compatible; ClaudeBot/1.0; +claudebot@anthropic.com)"
216.73.216.187 - - [05/Apr/2026:16:34:14 +0200] "GET /wp-content/uploads/2023/08/369213609_7119676551394701_6460888558897038431_n-150x150.jpg HTTP/1.1" 200 6292 "-" "Mozilla/5.0 AppleWebKit/537.36 (KHTML, like Gecko; compatible; ClaudeBot/1.0; +claudebot@anthropic.com)"
8.228.88.249 - - [05/Apr/2026:16:34:16 +0200] "GET /feed/ HTTP/1.1" 200 25217 "-" "Mozilla/5.0 (Windows NT 6.3; WOW64; rv:33.0) Gecko/20100101 Firefox/33.0"
216.73.216.187 - - [05/Apr/2026:16:34:19 +0200] "GET /wp-content/cache/page_enhanced/netvesti.com/%d1%80%d0%b0%d0%b4%d0%b5%d0%b2-%d0%b7%d0%b0%d0%bf%d0%be%d1%87%d0%b2%d0%b0-%d0%ba%d0%be%d0%bd%d1%81%d1%83%d0%bb%d1%82%d0%b0%d1%86%d0%b8%d0%b8-%d1%81-%d0%bf%d0%b0%d1%80%d1%82%d0%b8%d0%b8%d1%82%d0%b5/?C=M&O=D HTTP/1.1" 200 423 "-" "Mozilla/5.0 AppleWebKit/537.36 (KHTML, like Gecko; compatible; ClaudeBot/1.0; +claudebot@anthropic.com)"
185.191.171.7 - - [05/Apr/2026:16:34:19 +0200] "GET /tag/%D0%B4%D1%80%D1%8A%D0%BF%D0%BD%D0%B5%D1%82%D0%B5-%D1%88%D0%B0%D0%BB%D1%82%D0%B5%D1%80%D0%B0-%D0%BD%D0%B0-%D0%B4%D1%8A%D1%80%D0%B6%D0%B0%D0%B2%D0%B0%D1%82%D0%B0-%D1%82%D0%BE%D0%B9-%D0%B5/page/14/ HTTP/1.1" 200 16705 "-" "Mozilla/5.0 (compatible; SemrushBot/7~bl; +http://www.semrush.com/bot.html)"
216.73.216.187 - - [05/Apr/2026:16:34:24 +0200] "GET /wp-content/cache/page_enhanced/netvesti.com/%d1%83%d1%87%d0%b8%d1%82%d0%b5%d0%bb%d0%ba%d0%b0-%d0%bc%d0%be%d0%b5%d1%82%d0%be-%d0%b4%d0%b5%d1%82%d0%b5-%d0%bd%d0%b5-%d0%b5-%d1%81%d0%be%d0%b1%d1%81%d1%82%d0%b2%d0%b5%d0%bd%d0%be%d1%81%d1%82-%d0%bd/?C=M&O=D HTTP/1.1" 200 415 "-" "Mozilla/5.0 AppleWebKit/537.36 (KHTML, like Gecko; compatible; ClaudeBot/1.0; +claudebot@anthropic.com)"
216.73.216.187 - - [05/Apr/2026:16:34:29 +0200] "GET /wp-content/uploads/2020/04/bulgaria-on-air-d181d18ad0b1d183d0b6d0b4d0b0-d0bad180d0b5d0b0d182d0b8d0b2d0bdd0bed181d182d182d0b0-d181d18ad181-d0b7d0b0d0b1d0b0d0b2d0bdd0be-265x198.jpg HTTP/1.1" 200 6875 "-" "Mozilla/5.0 AppleWebKit/537.36 (KHTML, like Gecko; compatible; ClaudeBot/1.0; +claudebot@anthropic.com)"
