91.92.243.248 - - [05/Apr/2026:15:23:11 +0200] "POST /wp-login.php HTTP/1.1" 200 1554 "-" "Mozilla/5.0"
91.92.243.248 - - [05/Apr/2026:15:23:11 +0200] "POST /wp-login.php HTTP/1.1" 200 1552 "-" "Mozilla/5.0"
91.92.243.248 - - [05/Apr/2026:15:23:11 +0200] "POST /wp-login.php HTTP/1.1" 200 1550 "-" "Mozilla/5.0"
91.92.243.248 - - [05/Apr/2026:15:23:11 +0200] "POST /wp-login.php HTTP/1.1" 200 1552 "-" "Mozilla/5.0"
91.92.243.248 - - [05/Apr/2026:15:23:11 +0200] "POST /wp-login.php HTTP/1.1" 200 1554 "-" "Mozilla/5.0"
85.208.96.208 - - [05/Apr/2026:15:23:12 +0200] "GET /tag/%D0%B4%D0%B0%D0%BD%D0%BD%D0%B8%D1%82%D0%B5-%D0%BE%D1%82-%D0%BD%D0%B0%D0%BF/page/3/ HTTP/1.1" 403 218 "-" "Mozilla/5.0 (compatible; SemrushBot/7~bl; +http://www.semrush.com/bot.html)"
216.73.216.187 - - [05/Apr/2026:15:23:14 +0200] "GET /wp-content/uploads/2024/08/tok-ghj-696x385.jpg HTTP/1.1" 200 49050 "-" "Mozilla/5.0 AppleWebKit/537.36 (KHTML, like Gecko; compatible; ClaudeBot/1.0; +claudebot@anthropic.com)"
85.208.96.193 - - [05/Apr/2026:15:23:14 +0200] "GET /tag/%D0%B2%D0%B0%D1%81%D0%B8%D0%BB-%D0%B1%D0%BE%D0%B6%D0%BA%D0%BE%D0%B2/page/20/ HTTP/1.1" 200 16450 "-" "Mozilla/5.0 (compatible; SemrushBot/7~bl; +http://www.semrush.com/bot.html)"
220.181.108.147 - - [05/Apr/2026:15:23:16 +0200] "GET /wp-content/uploads/2015/01/Apple_Oct_2014_854.jpg HTTP/1.1" 200 121814 "-" "Baiduspider-image+(+http://www.baidu.com/search/spider.htm)"
85.208.96.196 - - [05/Apr/2026:15:23:17 +0200] "GET /tag/%D0%BD%D0%BE%D0%B2%D0%B8%D0%BD%D0%B8%D1%82%D0%B5-%D1%81%D0%B5%D0%B3%D0%B0/page/233/ HTTP/1.1" 200 16422 "-" "Mozilla/5.0 (compatible; SemrushBot/7~bl; +http://www.semrush.com/bot.html)"
216.73.216.187 - - [05/Apr/2026:15:23:19 +0200] "GET /wp-content/uploads/2023/10/768x576-696x385.jpg HTTP/1.1" 200 46969 "-" "Mozilla/5.0 AppleWebKit/537.36 (KHTML, like Gecko; compatible; ClaudeBot/1.0; +claudebot@anthropic.com)"
52.167.144.171 - - [05/Apr/2026:15:23:23 +0200] "GET /tag/%D0%BB%D0%B8%D0%BB%D0%B8-%D0%BC%D0%B0%D1%80%D0%B8%D0%BD%D0%BA%D0%BE%D0%B2%D0%B0/ HTTP/1.1" 200 16463 "-" "Mozilla/5.0 AppleWebKit/537.36 (KHTML, like Gecko; compatible; bingbot/2.0; +http://www.bing.com/bingbot.htm) Chrome/116.0.1938.76 Safari/537.36"
216.73.216.187 - - [05/Apr/2026:15:23:24 +0200] "GET /wp-content/uploads/2022/06/1546794455-649x420.jpg HTTP/1.1" 200 28380 "-" "Mozilla/5.0 AppleWebKit/537.36 (KHTML, like Gecko; compatible; ClaudeBot/1.0; +claudebot@anthropic.com)"
52.167.144.171 - - [05/Apr/2026:15:23:25 +0200] "GET /%D0%BE%D1%82%D0%BB%D0%BE%D0%B6%D0%B8%D1%85%D0%B0-%D0%B8-%D0%BE%D0%BA%D1%82%D0%BE%D0%B1%D0%B5%D1%80%D1%84%D0%B5%D1%81%D1%82-%D0%B7%D0%B0%D1%80%D0%B0%D0%B4%D0%B8-covid-19/ HTTP/1.1" 200 25127 "-" "Mozilla/5.0 AppleWebKit/537.36 (KHTML, like Gecko; compatible; bingbot/2.0; +http://www.bing.com/bingbot.htm) Chrome/116.0.1938.76 Safari/537.36"
52.167.144.171 - - [05/Apr/2026:15:23:26 +0200] "GET /tag/100-%D0%B3%D0%BE%D0%B4%D0%B8%D0%BD%D0%B8-%D1%81%D0%BB%D0%B5%D0%B4-%D0%BD%D1%8C%D0%BE%D0%B9%D1%81%D0%BA%D0%B8%D1%8F-%D0%B4%D0%BE%D0%B3%D0%BE%D0%B2%D0%BE%D1%80/ HTTP/1.1" 200 16620 "-" "Mozilla/5.0 AppleWebKit/537.36 (KHTML, like Gecko; compatible; bingbot/2.0; +http://www.bing.com/bingbot.htm) Chrome/116.0.1938.76 Safari/537.36"
216.73.216.187 - - [05/Apr/2026:15:23:26 +0200] "GET /wp-content/uploads/2023/04/radew-fd-100x70.jpg HTTP/1.1" 200 2929 "-" "Mozilla/5.0 AppleWebKit/537.36 (KHTML, like Gecko; compatible; ClaudeBot/1.0; +claudebot@anthropic.com)"
52.167.144.184 - - [05/Apr/2026:15:23:27 +0200] "GET /tag/%D0%B4%D1%80%D0%B0%D0%BC%D0%B0%D1%82%D0%B8%D1%87%D0%BD%D0%B8/ HTTP/1.1" 200 14302 "-" "Mozilla/5.0 AppleWebKit/537.36 (KHTML, like Gecko; compatible; bingbot/2.0; +http://www.bing.com/bingbot.htm) Chrome/116.0.1938.76 Safari/537.36"
52.167.144.236 - - [05/Apr/2026:15:23:27 +0200] "GET /tag/%D0%B0-480-%D0%B4%D0%B5%D0%BF%D1%83%D1%82%D0%B0%D1%82%D0%B8/ HTTP/1.1" 200 14266 "-" "Mozilla/5.0 AppleWebKit/537.36 (KHTML, like Gecko; compatible; bingbot/2.0; +http://www.bing.com/bingbot.htm) Chrome/116.0.1938.76 Safari/537.36"
216.73.216.187 - - [05/Apr/2026:15:23:28 +0200] "GET /wp-content/uploads/2022/02/cenalova-100x70.jpg HTTP/1.1" 200 2499 "-" "Mozilla/5.0 AppleWebKit/537.36 (KHTML, like Gecko; compatible; ClaudeBot/1.0; +claudebot@anthropic.com)"
52.167.144.236 - - [05/Apr/2026:15:23:29 +0200] "GET /tag/%D0%BD%D0%B0%D0%B8%D1%81%D1%82%D0%B8%D0%BD%D0%B0/ HTTP/1.1" 200 15892 "-" "Mozilla/5.0 AppleWebKit/537.36 (KHTML, like Gecko; compatible; bingbot/2.0; +http://www.bing.com/bingbot.htm) Chrome/116.0.1938.76 Safari/537.36"
52.167.144.236 - - [05/Apr/2026:15:23:30 +0200] "GET /tag/%D1%87%D0%B5%D1%88%D0%BA%D0%BE%D1%82%D0%BE-%D0%BF%D1%80%D0%B0%D0%B2%D0%B8%D1%82%D0%B5%D0%BB%D1%81%D1%82%D0%B2%D0%BE%D1%82%D0%BE-%D0%BE%D1%82%D0%BA%D0%B0%D0%B7%D0%B2%D0%B0-%D0%B4%D0%B0-%D0%BE%D0%BF/ HTTP/1.1" 200 16070 "-" "Mozilla/5.0 AppleWebKit/537.36 (KHTML, like Gecko; compatible; bingbot/2.0; +http://www.bing.com/bingbot.htm) Chrome/116.0.1938.76 Safari/537.36"
52.167.144.236 - - [05/Apr/2026:15:23:31 +0200] "GET /tag/%D0%BD%D1%8F%D0%BA%D0%BE%D0%B9-%D0%BE%D1%82%D0%B2%D1%8A%D0%BD-%D0%BD%D0%B8-%D1%80%D0%B0%D0%B7%D0%B4%D0%B5%D0%BB%D0%B8-%D0%BD%D0%B0-%D1%80%D1%83%D1%81%D0%BE%D1%84%D0%B8%D0%BB%D0%B8-%D0%B8-%D1%80%D1%83/ HTTP/1.1" 200 18905 "-" "Mozilla/5.0 AppleWebKit/537.36 (KHTML, like Gecko; compatible; bingbot/2.0; +http://www.bing.com/bingbot.htm) Chrome/116.0.1938.76 Safari/537.36"
216.73.216.187 - - [05/Apr/2026:15:23:34 +0200] "GET /wp-content/uploads/2025/03/big_payimage-528145-696x368.jpg HTTP/1.1" 200 27918 "-" "Mozilla/5.0 AppleWebKit/537.36 (KHTML, like Gecko; compatible; ClaudeBot/1.0; +claudebot@anthropic.com)"
216.73.216.187 - - [05/Apr/2026:15:23:39 +0200] "GET /wp-content/uploads/2020/10/radev-20-10-150x150.jpg HTTP/1.1" 200 5836 "-" "Mozilla/5.0 AppleWebKit/537.36 (KHTML, like Gecko; compatible; ClaudeBot/1.0; +claudebot@anthropic.com)"
159.223.139.83 - - [05/Apr/2026:15:23:39 +0200] "GET /%d0%b1%d1%80%d0%b0%d1%82%d1%8a%d1%82-%d0%bd%d0%b0-%d1%82%d0%be%d0%bd%d0%b8-%d0%b4%d0%b8%d0%bc%d0%b8%d1%82%d1%80%d0%be%d0%b2%d0%b0-%d0%b8%d0%b7%d0%b4%d1%8a%d1%85%d0%bd%d0%b0-%d0%be%d1%82-covid-19/1 HTTP/1.1" 301 0 "https://netvesti.com/" "Mozilla/5.0 (Windows NT 10.0; Win64; x64) AppleWebKit/537.36 (KHTML, like Gecko) Chrome/120.0.0.0 Safari/537.36"
134.209.66.220 - - [05/Apr/2026:15:23:39 +0200] "GET /30-%D0%BD%D0%BE%D0%B2%D0%B8-%D1%81%D0%BB%D1%83%D1%87%D0%B0%D1%8F-%D0%BD%D0%B0-%D0%BA%D0%BE%D1%80%D0%BE%D0%BD%D0%B0%D0%B2%D0%B8%D1%80%D1%83%D1%81-%D0%B2-%D0%B4%D0%BE%D1%81%D0%BF%D0%B0%D1%82-%D0%BA/1 HTTP/1.1" 301 0 "https://netvesti.com/" "Mozilla/5.0 (Windows NT 10.0; Win64; x64) AppleWebKit/537.36 (KHTML, like Gecko) Chrome/103.0.0.0 Safari/537.36"
66.249.77.77 - - [05/Apr/2026:15:23:40 +0200] "GET /%D0%BE%D0%B2%D0%B5%D0%BD-%D0%BC%D0%B5%D0%BB%D0%B1%D0%B0-%D0%BB%D1%8A%D0%B2-%D0%BA%D1%80%D0%B5%D0%BC-%D0%B1%D1%80%D1%8E%D0%BB%D0%B5-%D0%B4%D0%B5%D1%81%D0%B5%D1%80%D1%82-%D1%81%D0%BF%D0%BE%D1%80/ HTTP/1.1" 200 25235 "-" "Mozilla/5.0 (Linux; Android 6.0.1; Nexus 5X Build/MMB29P) AppleWebKit/537.36 (KHTML, like Gecko) Chrome/146.0.7680.177 Mobile Safari/537.36 (compatible; Googlebot/2.1; +http://www.google.com/bot.html)"
159.223.139.83 - - [05/Apr/2026:15:23:41 +0200] "GET /%d0%b1%d1%80%d0%b0%d1%82%d1%8a%d1%82-%d0%bd%d0%b0-%d1%82%d0%be%d0%bd%d0%b8-%d0%b4%d0%b8%d0%bc%d0%b8%d1%82%d1%80%d0%be%d0%b2%d0%b0-%d0%b8%d0%b7%d0%b4%d1%8a%d1%85%d0%bd%d0%b0-%d0%be%d1%82-covid-19/ HTTP/1.1" 200 19160 "https://netvesti.com/" "Mozilla/5.0 (Windows NT 10.0; Win64; x64) AppleWebKit/537.36 (KHTML, like Gecko) Chrome/120.0.0.0 Safari/537.36"
134.209.66.220 - - [05/Apr/2026:15:23:41 +0200] "GET /30-%d0%bd%d0%be%d0%b2%d0%b8-%d1%81%d0%bb%d1%83%d1%87%d0%b0%d1%8f-%d0%bd%d0%b0-%d0%ba%d0%be%d1%80%d0%be%d0%bd%d0%b0%d0%b2%d0%b8%d1%80%d1%83%d1%81-%d0%b2-%d0%b4%d0%be%d1%81%d0%bf%d0%b0%d1%82-%d0%ba/ HTTP/1.1" 200 25663 "https://netvesti.com/" "Mozilla/5.0 (Windows NT 10.0; Win64; x64) AppleWebKit/537.36 (KHTML, like Gecko) Chrome/103.0.0.0 Safari/537.36"
216.73.216.187 - - [05/Apr/2026:15:23:44 +0200] "GET /wp-content/uploads/2025/08/1010x570-1-741x486.jpg HTTP/1.1" 200 44378 "-" "Mozilla/5.0 AppleWebKit/537.36 (KHTML, like Gecko; compatible; ClaudeBot/1.0; +claudebot@anthropic.com)"
8.228.88.249 - - [05/Apr/2026:15:23:44 +0200] "GET /category/%d0%bd%d0%be%d0%b2%d0%b8%d0%bd%d0%b8/feed/ HTTP/1.1" 200 43059 "-" "Mozilla/5.0 (Windows NT 6.3; WOW64; rv:33.0) Gecko/20100101 Firefox/33.0"
143.20.81.174 - - [05/Apr/2026:15:23:48 +0200] "GET /%d1%80%d0%b0%d0%b4%d0%b5%d0%b2-%d0%bf%d1%80%d0%b8%d0%b7%d0%be%d0%b2%d0%b0-%d0%b1%d1%8a%d0%bb%d0%b3%d0%b0%d1%80%d0%b8%d1%82%d0%b5-%d0%b2-%d1%87%d1%83%d0%b6%d0%b1%d0%b8%d0%bd%d0%b0-%d0%b4%d0%b0-%d0%b3/25875458 HTTP/1.1" 301 0 "https://netvesti.com/" "Mozilla/5.0 (Windows NT 10.0; Win64; x64) AppleWebKit/537.36 (KHTML, like Gecko) Chrome/124.0.0.0 Safari/537.36"
216.73.216.187 - - [05/Apr/2026:15:23:48 +0200] "GET /wp-content/uploads/2020/01/d0bdd0b0d0bfd0bed0b8d182d0b5d0bbd0bdd0b8-d181d0b8d181d182d0b5d0bcd0b8-d0b2-d18fd0b7d0bed0b2d0b8d180d0b8d182d0b5-d0b8d0bcd0b0-d0b4d0be-356x359.jpg HTTP/1.1" 200 13005 "-" "Mozilla/5.0 AppleWebKit/537.36 (KHTML, like Gecko; compatible; ClaudeBot/1.0; +claudebot@anthropic.com)"
216.73.216.187 - - [05/Apr/2026:15:23:49 +0200] "GET /wp-content/uploads/2021/02/cveti_600x400-356x364.jpg HTTP/1.1" 200 25054 "-" "Mozilla/5.0 AppleWebKit/537.36 (KHTML, like Gecko; compatible; ClaudeBot/1.0; +claudebot@anthropic.com)"
216.73.216.187 - - [05/Apr/2026:15:23:53 +0200] "GET /wp-content/uploads/2020/06/d0bfd180d0b5d0b4d0bbd0b0d0b3d0b0d182-d0bcd0b8d0bdd0b8d0bcd0b0d0bbd0b5d0bd-d181d182d0b0d0b6-d0b7d0b0-d0bfd0bbd0b0d182d0b5d0bd-d0bed182-265x198.jpg HTTP/1.1" 200 13984 "-" "Mozilla/5.0 AppleWebKit/537.36 (KHTML, like Gecko; compatible; ClaudeBot/1.0; +claudebot@anthropic.com)"
113.173.133.228 - - [05/Apr/2026:15:23:55 +0200] "GET /%d1%80%d0%b0%d0%b4%d0%b5%d0%b2-%d0%bf%d1%80%d0%b8%d0%b7%d0%be%d0%b2%d0%b0-%d0%b1%d1%8a%d0%bb%d0%b3%d0%b0%d1%80%d0%b8%d1%82%d0%b5-%d0%b2-%d1%87%d1%83%d0%b6%d0%b1%d0%b8%d0%bd%d0%b0-%d0%b4%d0%b0-%d0%b3/25875458 HTTP/1.1" 301 0 "https://netvesti.com/" "Mozilla/5.0 (Windows NT 10.0; Win64; x64) AppleWebKit/537.36 (KHTML, like Gecko) Chrome/124.0.0.0 Safari/537.36"
123.21.69.53 - - [05/Apr/2026:15:23:58 +0200] "GET /%d1%80%d0%b0%d0%b4%d0%b5%d0%b2-%d0%bf%d1%80%d0%b8%d0%b7%d0%be%d0%b2%d0%b0-%d0%b1%d1%8a%d0%bb%d0%b3%d0%b0%d1%80%d0%b8%d1%82%d0%b5-%d0%b2-%d1%87%d1%83%d0%b6%d0%b1%d0%b8%d0%bd%d0%b0-%d0%b4%d0%b0-%d0%b3/25875458/ HTTP/1.1" 200 18780 "https://netvesti.com/" "Mozilla/5.0 (Windows NT 10.0; Win64; x64) AppleWebKit/537.36 (KHTML, like Gecko) Chrome/124.0.0.0 Safari/537.36"
216.73.216.187 - - [05/Apr/2026:15:23:58 +0200] "GET /wp-content/uploads/2020/06/d0bdd0bed0b2d0be-d181d0b8d0bbd0bdd0be-d0b7d0b5d0bcd0b5d182d180d0b5d181d0b5d0bdd0b8d0b5-d180d0b0d0b7d0bbd18ed0bbd18f-d0b8d0b7d182d0be-534x359.jpg HTTP/1.1" 200 39269 "-" "Mozilla/5.0 AppleWebKit/537.36 (KHTML, like Gecko; compatible; ClaudeBot/1.0; +claudebot@anthropic.com)"
216.73.216.187 - - [05/Apr/2026:15:24:03 +0200] "GET /wp-content/uploads/2021/11/640_gdbop_akcia_iliustrativna-324x235.jpg HTTP/1.1" 200 11059 "-" "Mozilla/5.0 AppleWebKit/537.36 (KHTML, like Gecko; compatible; ClaudeBot/1.0; +claudebot@anthropic.com)"
216.73.216.187 - - [05/Apr/2026:15:24:08 +0200] "GET /wp-content/uploads/2025/08/ezgif-4fd517a9c60523-534x462.jpg HTTP/1.1" 200 38727 "-" "Mozilla/5.0 AppleWebKit/537.36 (KHTML, like Gecko; compatible; ClaudeBot/1.0; +claudebot@anthropic.com)"
216.73.216.187 - - [05/Apr/2026:15:24:13 +0200] "GET /wp-content/uploads/2024/10/6813a63452784553803e22795de7f5bb-324x235.jpg HTTP/1.1" 200 18276 "-" "Mozilla/5.0 AppleWebKit/537.36 (KHTML, like Gecko; compatible; ClaudeBot/1.0; +claudebot@anthropic.com)"
216.73.216.187 - - [05/Apr/2026:15:24:17 +0200] "GET /wp-content/uploads/2024/12/mag-1-80x60.jpg HTTP/1.1" 200 1834 "-" "Mozilla/5.0 AppleWebKit/537.36 (KHTML, like Gecko; compatible; ClaudeBot/1.0; +claudebot@anthropic.com)"
185.191.171.15 - - [05/Apr/2026:15:24:20 +0200] "GET /tag/%D0%BA%D0%BE%D1%81%D1%82%D0%B0%D0%B4%D0%B8%D0%BD-%D0%BA%D0%BE%D1%81%D1%82%D0%B0%D0%B4%D0%B8%D0%BD%D0%BE%D0%B2-%D0%BE%D0%B1%D0%B5%D1%89%D0%B0-%D0%B4%D0%B0-%D0%BF%D1%80%D0%B5%D0%BC%D0%B0%D1%85%D0%BD/page/12/ HTTP/1.1" 403 218 "-" "Mozilla/5.0 (compatible; SemrushBot/7~bl; +http://www.semrush.com/bot.html)"
216.73.216.187 - - [05/Apr/2026:15:24:22 +0200] "GET /wp-content/uploads/2023/02/hjj-300x200.jpg HTTP/1.1" 200 15470 "-" "Mozilla/5.0 AppleWebKit/537.36 (KHTML, like Gecko; compatible; ClaudeBot/1.0; +claudebot@anthropic.com)"
52.167.144.184 - - [05/Apr/2026:15:24:26 +0200] "GET /tag/%D0%B4%D0%B0%D0%BD%D0%BE-%D0%B8-%D0%BD%D0%B0-%D0%B2%D0%B0%D1%81/ HTTP/1.1" 200 16348 "-" "Mozilla/5.0 AppleWebKit/537.36 (KHTML, like Gecko; compatible; bingbot/2.0; +http://www.bing.com/bingbot.htm) Chrome/116.0.1938.76 Safari/537.36"
216.73.216.187 - - [05/Apr/2026:15:24:28 +0200] "GET /wp-content/uploads/2022/10/zx952y526_2288184-696x385.jpg HTTP/1.1" 200 37638 "-" "Mozilla/5.0 AppleWebKit/537.36 (KHTML, like Gecko; compatible; ClaudeBot/1.0; +claudebot@anthropic.com)"
52.167.144.184 - - [05/Apr/2026:15:24:28 +0200] "GET /tag/%D0%BF%D1%80%D0%B5%D0%B4%D0%B8-%D0%B1%D1%80%D0%BE%D0%B5%D0%BD%D0%B8-%D0%BC%D0%B8%D0%BD%D1%83%D1%82%D0%B8/ HTTP/1.1" 200 15987 "-" "Mozilla/5.0 AppleWebKit/537.36 (KHTML, like Gecko; compatible; bingbot/2.0; +http://www.bing.com/bingbot.htm) Chrome/116.0.1938.76 Safari/537.36"
66.249.77.75 - - [05/Apr/2026:15:24:29 +0200] "GET /%D0%B1%D1%8F%D1%81%D0%BD%D0%B0-%D1%81%D1%8A%D0%BC-%D1%81%D0%B5%D0%B3%D0%B0-%D0%BA%D0%BE%D0%B3%D0%BE-%D0%B4%D0%B0-%D0%BF%D0%B8%D1%82%D0%B0%D0%BC-%D0%B1%D0%BE%D0%B9%D0%BA%D0%BE-%D0%BC%D0%B8%D0%BD/ HTTP/1.1" 200 20040 "-" "Mozilla/5.0 (Linux; Android 6.0.1; Nexus 5X Build/MMB29P) AppleWebKit/537.36 (KHTML, like Gecko) Chrome/146.0.7680.177 Mobile Safari/537.36 (compatible; Googlebot/2.1; +http://www.google.com/bot.html)"
52.167.144.184 - - [05/Apr/2026:15:24:30 +0200] "GET /tag/%D0%BF%D0%B5%D1%82%D1%8A%D1%80-%D0%B2%D0%BE%D0%BB%D0%B3%D0%B8%D0%BD/ HTTP/1.1" 200 16410 "-" "Mozilla/5.0 AppleWebKit/537.36 (KHTML, like Gecko; compatible; bingbot/2.0; +http://www.bing.com/bingbot.htm) Chrome/116.0.1938.76 Safari/537.36"
216.73.216.187 - - [05/Apr/2026:15:24:33 +0200] "GET /wp-content/uploads/2020/04/d0b2d0b7d180d0b8d0b2-d0b2-d0b8d0b7d0bbd0bed0b6d0b1d0b5d0bd-d186d0b5d0bdd182d18ad180-d0b2-d0b1d0b5d180d0bbd0b8d0bd-100x70.jpg HTTP/1.1" 200 2234 "-" "Mozilla/5.0 AppleWebKit/537.36 (KHTML, like Gecko; compatible; ClaudeBot/1.0; +claudebot@anthropic.com)"
52.167.144.171 - - [05/Apr/2026:15:24:33 +0200] "GET /tag/%D0%BA%D0%BE%D0%B8%D1%82%D0%BE-%D1%87%D0%B0%D0%BA%D0%B0%D1%82-%D0%B7%D0%B0%D0%BF%D0%BB%D0%B0%D1%82%D0%B8-%D1%89%D0%B5-%D0%BF%D0%BB%D0%B0%D1%89%D0%B0%D0%BC%D0%B5-%D0%BB%D0%B8/ HTTP/1.1" 200 16898 "-" "Mozilla/5.0 AppleWebKit/537.36 (KHTML, like Gecko; compatible; bingbot/2.0; +http://www.bing.com/bingbot.htm) Chrome/116.0.1938.76 Safari/537.36"
52.167.144.171 - - [05/Apr/2026:15:24:34 +0200] "GET /tag/%D0%B0%D0%B4%D0%B2-%D1%82%D0%B0%D1%82%D1%8F%D0%BD%D0%B0-%D0%B4%D0%BE%D0%BD%D1%87%D0%B5%D0%B2%D0%B0/ HTTP/1.1" 200 13443 "-" "Mozilla/5.0 AppleWebKit/537.36 (KHTML, like Gecko; compatible; bingbot/2.0; +http://www.bing.com/bingbot.htm) Chrome/116.0.1938.76 Safari/537.36"
52.167.144.171 - - [05/Apr/2026:15:24:34 +0200] "GET /tag/%D0%B3%D0%BD%D0%B8%D0%BB%D0%BE%D1%87/ HTTP/1.1" 200 14302 "-" "Mozilla/5.0 AppleWebKit/537.36 (KHTML, like Gecko; compatible; bingbot/2.0; +http://www.bing.com/bingbot.htm) Chrome/116.0.1938.76 Safari/537.36"
216.73.216.187 - - [05/Apr/2026:15:24:38 +0200] "GET /wp-content/uploads/2020/06/d0bcd0b8d0bdd0b8d181d182d18ad180d18ad182-d0bdd0b0-d0b7d0b5d0bcd0b5d0b4d0b5d0bbd0b8d0b5d182d0be-d0b4d0b5d181d0b8d181d0bbd0b0d0b2d0b0-324x235.jpg HTTP/1.1" 200 11135 "-" "Mozilla/5.0 AppleWebKit/537.36 (KHTML, like Gecko; compatible; ClaudeBot/1.0; +claudebot@anthropic.com)"
52.167.144.236 - - [05/Apr/2026:15:24:38 +0200] "GET /tag/%D0%BE%D1%82%D0%BA%D1%8A%D0%B4%D0%B5%D1%82%D0%BE-%D0%B5-%D0%B4%D0%BE%D1%88%D1%8A%D0%BB/ HTTP/1.1" 200 13468 "-" "Mozilla/5.0 AppleWebKit/537.36 (KHTML, like Gecko; compatible; bingbot/2.0; +http://www.bing.com/bingbot.htm) Chrome/116.0.1938.76 Safari/537.36"
52.167.144.236 - - [05/Apr/2026:15:24:39 +0200] "GET /tag/%D0%BD%D0%BE%D0%BC%D0%B8%D0%BD%D0%B0%D1%86%D0%B8%D1%8F%D1%82%D0%B0-%D0%BD%D0%B0-%D1%81%D0%B0%D1%80%D0%B0%D1%84%D0%BE%D0%B2-%D0%BF%D0%BE%D0%BA%D0%B0%D0%B7%D0%B0-%D0%BF%D1%8A%D0%BB%D0%BD%D0%B8%D1%8F/ HTTP/1.1" 200 16275 "-" "Mozilla/5.0 AppleWebKit/537.36 (KHTML, like Gecko; compatible; bingbot/2.0; +http://www.bing.com/bingbot.htm) Chrome/116.0.1938.76 Safari/537.36"
216.73.216.187 - - [05/Apr/2026:15:24:43 +0200] "GET /wp-content/uploads/2021/04/cveteslava_galabova-768x432-300x169.jpg HTTP/1.1" 200 8381 "-" "Mozilla/5.0 AppleWebKit/537.36 (KHTML, like Gecko; compatible; ClaudeBot/1.0; +claudebot@anthropic.com)"
216.73.216.187 - - [05/Apr/2026:15:24:48 +0200] "GET /wp-content/uploads/2021/07/ac583a76d_iliyana_yotova_bgnes-324x235.jpg HTTP/1.1" 200 15272 "-" "Mozilla/5.0 AppleWebKit/537.36 (KHTML, like Gecko; compatible; ClaudeBot/1.0; +claudebot@anthropic.com)"
17.246.15.99 - - [05/Apr/2026:15:24:51 +0200] "GET /wp-content/uploads/2024/09/garelov-324x160.jpg HTTP/1.1" 200 7098 "-" "Mozilla/5.0 (Macintosh; Intel Mac OS X 10_15_7) AppleWebKit/605.1.15 (KHTML, like Gecko) Version/17.4 Safari/605.1.15 (Applebot/0.1; +http://www.apple.com/go/applebot)"
216.73.216.187 - - [05/Apr/2026:15:24:53 +0200] "GET /wp-content/uploads/2019/12/d0bad0bed0bbd0b5d0b4d0b0d182d0b0-d0bfd0be-d182d0bed0bfd0bbd0b0-d0b7d0b0-d0b1d0b0d0b1d0b0-d186d0b5d0bdd0b0-d0b8-d0b8d0b2d0b0d0bdd0bad0b0.gif HTTP/1.1" 200 35 "-" "Mozilla/5.0 AppleWebKit/537.36 (KHTML, like Gecko; compatible; ClaudeBot/1.0; +claudebot@anthropic.com)"
198.244.168.206 - - [05/Apr/2026:15:24:53 +0200] "GET /wp-content/uploads/2022/03/lili5-100x70.jpg HTTP/1.1" 200 2606 "-" "Mozilla/5.0 (compatible; AhrefsBot/7.0; +http://ahrefs.com/robot/)"
51.195.183.194 - - [05/Apr/2026:15:24:54 +0200] "GET /wp-content/uploads/2021/10/kiri_petkov_bgnes-100x70.jpg HTTP/1.1" 200 2895 "-" "Mozilla/5.0 (compatible; AhrefsBot/7.0; +http://ahrefs.com/robot/)"
51.89.129.74 - - [05/Apr/2026:15:24:55 +0200] "GET /wp-content/uploads/2021/07/budgetcontrol-324x235.jpg HTTP/1.1" 200 17905 "-" "Mozilla/5.0 (compatible; AhrefsBot/7.0; +http://ahrefs.com/robot/)"
216.73.216.187 - - [05/Apr/2026:15:24:55 +0200] "GET /wp-content/uploads/2021/08/tatyana-kristi_600x370-356x364.jpg HTTP/1.1" 200 21321 "-" "Mozilla/5.0 AppleWebKit/537.36 (KHTML, like Gecko; compatible; ClaudeBot/1.0; +claudebot@anthropic.com)"
51.89.129.254 - - [05/Apr/2026:15:24:56 +0200] "GET /wp-content/uploads/2022/09/Mazhd-algafari-100x70.jpg HTTP/1.1" 200 3175 "-" "Mozilla/5.0 (compatible; AhrefsBot/7.0; +http://ahrefs.com/robot/)"
52.167.144.184 - - [05/Apr/2026:15:24:59 +0200] "GET /tag/%D1%80%D0%B0%D0%B4%D0%B5%D0%B2-%D0%BA%D1%80%D0%B8%D0%B7%D0%B0%D1%82%D0%B0-%D1%83%D0%B4%D1%80%D1%8F-%D0%BD%D0%B0%D1%80%D0%BE%D0%B4%D0%B0/page/42/ HTTP/1.1" 200 16998 "-" "Mozilla/5.0 AppleWebKit/537.36 (KHTML, like Gecko; compatible; bingbot/2.0; +http://www.bing.com/bingbot.htm) Chrome/116.0.1938.76 Safari/537.36"
216.73.216.187 - - [05/Apr/2026:15:24:59 +0200] "GET /wp-content/themes/Newspaper/includes/demos/lifestyle/pages/?C=S&O=D HTTP/1.1" 200 350 "-" "Mozilla/5.0 AppleWebKit/537.36 (KHTML, like Gecko; compatible; ClaudeBot/1.0; +claudebot@anthropic.com)"
216.244.66.232 - - [05/Apr/2026:15:25:01 +0200] "GET /%D0%BF%D0%BE%D1%81%D1%82%D0%B0%D0%B2%D1%8F%D1%82-%D0%BF%D0%BE%D0%B4-%D0%BA%D0%B0%D1%80%D0%B0%D0%BD%D1%82%D0%B8%D0%BD%D0%B0-%D0%B4%D0%BE%D0%BC%D0%B0-%D0%B7%D0%B0-%D0%B2%D1%8A%D0%B7%D1%80%D0%B0%D1%81/ HTTP/1.1" 200 25303 "-" "Mozilla/5.0 (compatible; DotBot/1.2; +https://opensiteexplorer.org/dotbot; help@moz.com)"
52.167.144.171 - - [05/Apr/2026:15:25:03 +0200] "GET /tag/%D0%B8%D0%BD%D1%84%D0%B5%D0%BA%D1%86%D0%B8%D0%BE%D0%BD%D0%B8%D1%81%D1%82%D1%8A%D1%82-%D0%BA%D0%BE%D0%BC%D0%B5%D0%BD%D1%82%D0%B8%D1%80%D0%B0-%D1%80%D0%B5%D1%88%D0%B5%D0%BD%D0%B8%D1%8F%D1%82%D0%B0/feed/ HTTP/1.1" 502 552 "-" "Mozilla/5.0 AppleWebKit/537.36 (KHTML, like Gecko; compatible; bingbot/2.0; +http://www.bing.com/bingbot.htm) Chrome/116.0.1938.76 Safari/537.36"
216.73.216.187 - - [05/Apr/2026:15:25:04 +0200] "GET /wp-content/themes/Newspaper/includes/demos/travel/pages/?C=D&O=D HTTP/1.1" 200 378 "-" "Mozilla/5.0 AppleWebKit/537.36 (KHTML, like Gecko; compatible; ClaudeBot/1.0; +claudebot@anthropic.com)"
220.181.108.104 - - [05/Apr/2026:15:25:06 +0200] "GET /%D1%80%D0%B0%D0%B4%D0%B5%D0%B2-%D0%BF%D0%B0%D1%80%D0%BB%D0%B0%D0%BC%D0%B5%D0%BD%D1%82%D1%8A%D1%82-%D0%B7%D0%B0%D0%BF%D0%BE%D1%87%D0%B2%D0%B0-%D1%81-%D0%BA%D0%BE%D0%BD%D1%81%D1%82%D0%B8%D1%82%D1%83/ HTTP/1.1" 200 70309 "-" "Mozilla/5.0 (Linux;u;Android 4.2.2;zh-cn;) AppleWebKit/534.46 (KHTML,like Gecko) Version/5.1 Mobile Safari/10600.6.3 (compatible; Baiduspider/2.0; +http://www.baidu.com/search/spider.html)"
216.73.216.187 - - [05/Apr/2026:15:25:12 +0200] "GET /wp-content/uploads/2023/08/11-01_2276873335949680457_big-696x364.jpg HTTP/1.1" 200 26153 "-" "Mozilla/5.0 AppleWebKit/537.36 (KHTML, like Gecko; compatible; ClaudeBot/1.0; +claudebot@anthropic.com)"
216.73.216.187 - - [05/Apr/2026:15:25:14 +0200] "GET /wp-content/uploads/2020/04/d0b4d0b2d0b5d182d0b5-d0bed182d0b4d0b5d0bbd0b5d0bdd0b8d18f-d0b2-d183d0bcd0b1d0b0d0bb-d181d0b2-d0b8d0b2d0b0d0bd-d180d0b8d0bbd181d0bad0b8-356x364.jpg HTTP/1.1" 200 37624 "-" "Mozilla/5.0 AppleWebKit/537.36 (KHTML, like Gecko; compatible; ClaudeBot/1.0; +claudebot@anthropic.com)"
216.244.66.232 - - [05/Apr/2026:15:25:15 +0200] "GET /%D1%81%D0%BA%D0%B8%D0%BB%D1%8A%D1%80-%D1%81%D0%B8-%D1%81%D1%8A%D0%B1%D1%80%D0%B0-%D0%B1%D0%B0%D0%B3%D0%B0%D0%B6%D0%B0-%D0%B8-%D0%BE%D1%82%D0%B8%D0%B4%D0%B5-%D0%BF%D1%80%D0%B5%D0%B4-%D0%B0%D1%80%D0%B5/ HTTP/1.1" 200 25500 "-" "Mozilla/5.0 (compatible; DotBot/1.2; +https://opensiteexplorer.org/dotbot; help@moz.com)"
216.73.216.187 - - [05/Apr/2026:15:25:19 +0200] "GET /wp-content/uploads/2024/07/172157264418812-1024x768-150x150.jpg HTTP/1.1" 200 4406 "-" "Mozilla/5.0 AppleWebKit/537.36 (KHTML, like Gecko; compatible; ClaudeBot/1.0; +claudebot@anthropic.com)"
216.73.216.187 - - [05/Apr/2026:15:25:24 +0200] "GET /wp-content/uploads/2021/08/tatyana-kristi_600x370-300x185.jpg HTTP/1.1" 200 13697 "-" "Mozilla/5.0 AppleWebKit/537.36 (KHTML, like Gecko; compatible; ClaudeBot/1.0; +claudebot@anthropic.com)"
85.208.96.202 - - [05/Apr/2026:15:25:27 +0200] "GET /tag/%D0%B7%D0%B0%D1%89%D0%BE%D1%82%D0%BE-%D0%BD%D0%B5-%D1%80%D0%B0%D0%B7%D0%B1%D0%B8%D1%80%D0%B0%D0%BC-%D0%B7%D0%B0%D1%89%D0%BE-%D0%BD%D0%B5-%D0%BF%D0%BE%D0%B3%D1%80%D0%B5%D0%B1%D0%B0%D1%85%D0%B0-%D0%BA/page/13/ HTTP/1.1" 200 16115 "-" "Mozilla/5.0 (compatible; SemrushBot/7~bl; +http://www.semrush.com/bot.html)"
216.73.216.187 - - [05/Apr/2026:15:25:29 +0200] "GET /wp-content/uploads/2020/04/d0bad0bed0bcd183d0bdd0b0-d0bdd0b0-d0b7d0b0d0b2d0b8d181d0b8d0bcd0b8-d0b8d0b7d0bdd0b5d0bcd0bed0b3d0b2d0b0-d0b7d0b0d180d0b0d0b4d0b8-d0bf-80x60.jpg HTTP/1.1" 200 2129 "-" "Mozilla/5.0 AppleWebKit/537.36 (KHTML, like Gecko; compatible; ClaudeBot/1.0; +claudebot@anthropic.com)"
216.73.216.187 - - [05/Apr/2026:15:25:34 +0200] "GET /wp-content/uploads/2020/06/d0b2d0b8d0bdd0b0d0b3d0b8-d0bbd0b8-d0bfd0bed181d0bbd0b5d0b4d0bdd0b8d182d0b5-d189d0b5-d181d0b0-d0bfd0bed181d0bbd0b5d0b4d0bdd0b8-356x359.jpg HTTP/1.1" 200 21878 "-" "Mozilla/5.0 AppleWebKit/537.36 (KHTML, like Gecko; compatible; ClaudeBot/1.0; +claudebot@anthropic.com)"
216.73.216.187 - - [05/Apr/2026:15:25:39 +0200] "GET /wp-content/uploads/2018/12/gyrbet-635x420-150x150.jpg HTTP/1.1" 200 8171 "-" "Mozilla/5.0 AppleWebKit/537.36 (KHTML, like Gecko; compatible; ClaudeBot/1.0; +claudebot@anthropic.com)"
216.73.216.187 - - [05/Apr/2026:15:25:44 +0200] "GET /wp-content/uploads/2021/05/rumen-radev-chestit-parvi-may-skapi-sanarodnici-eiBV2-150x150.jpg HTTP/1.1" 200 5335 "-" "Mozilla/5.0 AppleWebKit/537.36 (KHTML, like Gecko; compatible; ClaudeBot/1.0; +claudebot@anthropic.com)"
216.73.216.187 - - [05/Apr/2026:15:25:49 +0200] "GET /wp-content/uploads/2024/10/6813a63452784553803e22795de7f5bb-356x364.jpg HTTP/1.1" 200 24794 "-" "Mozilla/5.0 AppleWebKit/537.36 (KHTML, like Gecko; compatible; ClaudeBot/1.0; +claudebot@anthropic.com)"
216.73.216.187 - - [05/Apr/2026:15:25:54 +0200] "GET /wp-content/uploads/2024/06/cvetelina-penkova-1-80x60.jpg HTTP/1.1" 200 2621 "-" "Mozilla/5.0 AppleWebKit/537.36 (KHTML, like Gecko; compatible; ClaudeBot/1.0; +claudebot@anthropic.com)"
185.191.171.19 - - [05/Apr/2026:15:25:55 +0200] "GET /tag/%D0%B7%D0%B0-%D0%B4%D0%B0-%D0%BD%D0%B5-%D1%81%D0%B5-%D0%B1%D0%B8%D0%B5-%D1%81%D1%80%D0%B5%D1%89%D1%83-%D1%80%D1%83%D1%81%D0%B8%D1%8F/page/13/ HTTP/1.1" 200 16142 "-" "Mozilla/5.0 (compatible; SemrushBot/7~bl; +http://www.semrush.com/bot.html)"
216.73.216.187 - - [05/Apr/2026:15:25:59 +0200] "GET /wp-content/uploads/2024/06/cvetelina-penkova-2-696x522.jpg HTTP/1.1" 200 70682 "-" "Mozilla/5.0 AppleWebKit/537.36 (KHTML, like Gecko; compatible; ClaudeBot/1.0; +claudebot@anthropic.com)"
114.119.158.128 - - [05/Apr/2026:15:26:00 +0200] "GET /wp-content/themes/Newspaper/includes/demos/art_creek/td_media_1.php HTTP/1.1" 500 0 "https://netvesti.com/wp-content/themes/Newspaper/includes/demos/art_creek/?C=S%3BO%3DA" "Mozilla/5.0 (Linux; Android 7.0;) AppleWebKit/537.36 (KHTML, like Gecko) Mobile Safari/537.36 (compatible; PetalBot;+https://webmaster.petalsearch.com/site/petalbot)"
198.244.242.162 - - [05/Apr/2026:15:26:01 +0200] "GET /sitemap_index.xml HTTP/1.1" 502 150 "-" "Mozilla/5.0 (compatible; AhrefsBot/7.0; +http://ahrefs.com/robot/)"
216.73.216.187 - - [05/Apr/2026:15:26:04 +0200] "GET /wp-content/uploads/2019/01/1546602859-46fcd31a5ab82b79ea0a295321a60c21-100x70.jpg HTTP/1.1" 200 2984 "-" "Mozilla/5.0 AppleWebKit/537.36 (KHTML, like Gecko; compatible; ClaudeBot/1.0; +claudebot@anthropic.com)"
216.73.216.187 - - [05/Apr/2026:15:26:11 +0200] "GET /wp-content/uploads/2020/03/d0bfd180d0bed184-d0bcd0b8d0bbd0b0d0bd-d0bcd0b8d0bbd0b0d0bdd0bed0b2-d0b7d0b0d0bad18ad181d0bdd18fd185d0bcd0b5-d0b2-d0bdd0b0d186d0b8d0be-324x359.jpg HTTP/1.1" 200 22157 "-" "Mozilla/5.0 AppleWebKit/537.36 (KHTML, like Gecko; compatible; ClaudeBot/1.0; +claudebot@anthropic.com)"
216.73.216.187 - - [05/Apr/2026:15:26:15 +0200] "GET /wp-content/uploads/2019/12/d0bfd0bbd0b5d0b2d0bdd0b5d0bbd0b8d0b5d0b2-d0bed186d0b5d0bdd0b8-d183d181d0bfd0b5d188d0bdd0b0-d0b3d0bed0b4d0b8d0bdd0b0-d0b7d0b0-d0b1d18a-600x385.jpg HTTP/1.1" 200 23386 "-" "Mozilla/5.0 AppleWebKit/537.36 (KHTML, like Gecko; compatible; ClaudeBot/1.0; +claudebot@anthropic.com)"
185.191.171.18 - - [05/Apr/2026:15:26:19 +0200] "GET /tag/novinite-dnes-i-utre/page/447/ HTTP/1.1" 200 16487 "-" "Mozilla/5.0 (compatible; SemrushBot/7~bl; +http://www.semrush.com/bot.html)"
216.73.216.187 - - [05/Apr/2026:15:26:20 +0200] "GET /wp-content/uploads/2020/07/d0bfd0b5d0b2d0b8d186d0b0d182d0b0-d0b2d0b0d0bbd0b5d0bdd182d0b8d0bdd0b0-d0bfd180d0b5d0b4d181d182d0b0d0b2d18f-d180d0b5d0bcd0b8d0bad181-265x198.jpg HTTP/1.1" 200 12924 "-" "Mozilla/5.0 AppleWebKit/537.36 (KHTML, like Gecko; compatible; ClaudeBot/1.0; +claudebot@anthropic.com)"
216.73.216.187 - - [05/Apr/2026:15:26:25 +0200] "GET /wp-content/uploads/2024/06/cvetelina-penkova-300x240.jpg HTTP/1.1" 200 19467 "-" "Mozilla/5.0 AppleWebKit/537.36 (KHTML, like Gecko; compatible; ClaudeBot/1.0; +claudebot@anthropic.com)"
216.73.216.187 - - [05/Apr/2026:15:26:30 +0200] "GET /wp-content/uploads/2021/05/orig-81168980052322144-1000x600-534x462.jpg HTTP/1.1" 200 57006 "-" "Mozilla/5.0 AppleWebKit/537.36 (KHTML, like Gecko; compatible; ClaudeBot/1.0; +claudebot@anthropic.com)"
216.73.216.187 - - [05/Apr/2026:15:26:34 +0200] "GET /wp-content/uploads/2020/06/d185d0b8d0bbd18fd0b4d0b8-d184d0b5d0bdd0bed0b2d0b5-d0bdd0b0-d0bbd0b5d0b2d181d0bad0b8-d0b8d0b7d0b2d18ad0bd-d181d182d0b0d0b4d0b8d0bed0bd-150x150.jpg HTTP/1.1" 200 6096 "-" "Mozilla/5.0 AppleWebKit/537.36 (KHTML, like Gecko; compatible; ClaudeBot/1.0; +claudebot@anthropic.com)"
216.73.216.187 - - [05/Apr/2026:15:26:35 +0200] "GET /wp-content/uploads/2019/12/d0bfd0bed0b2d0b5d187d0b5-d0b2d0bbd0b0d0bad0bed0b2d0b5-d0b8-d0bdd0bed0b2d0b0-d181d185d0b5d0bcd0b0-d0b7d0b0-d0b4d0b2d0b8d0b6d0b5d0bdd0b8-80x60.jpg HTTP/1.1" 200 2573 "-" "Mozilla/5.0 AppleWebKit/537.36 (KHTML, like Gecko; compatible; ClaudeBot/1.0; +claudebot@anthropic.com)"
216.73.216.187 - - [05/Apr/2026:15:26:39 +0200] "GET /wp-content/uploads/2015/01/samsung-galaxy-note-edge-photo-story-blade-1-110x75.jpg HTTP/1.1" 200 2926 "-" "Mozilla/5.0 AppleWebKit/537.36 (KHTML, like Gecko; compatible; ClaudeBot/1.0; +claudebot@anthropic.com)"
216.73.216.187 - - [05/Apr/2026:15:26:44 +0200] "GET /wp-content/uploads/2022/07/trogatelen-razkaz-ubitata-semerdzhiev-769-100x70.png HTTP/1.1" 200 12300 "-" "Mozilla/5.0 AppleWebKit/537.36 (KHTML, like Gecko; compatible; ClaudeBot/1.0; +claudebot@anthropic.com)"
216.73.216.187 - - [05/Apr/2026:15:26:49 +0200] "GET /wp-content/uploads/2020/05/d0bad0bbd0b8d0bcd0b0d182d0bed0bbd0bed0b3-d185d183d0b1d0b0d0b2d0be-d182d0bed0bfd0bbd0be-d0b8-d0b4d18ad0bbd0b3d0be-d0bbd18fd182d0be-d0bd-534x359.jpg HTTP/1.1" 200 17233 "-" "Mozilla/5.0 AppleWebKit/537.36 (KHTML, like Gecko; compatible; ClaudeBot/1.0; +claudebot@anthropic.com)"
116.179.32.158 - - [05/Apr/2026:15:26:52 +0200] "GET /tag/%D0%B6/ HTTP/1.1" 200 16137 "-" "Mozilla/5.0 (compatible; Baiduspider/2.0; +http://www.baidu.com/search/spider.html)"
216.244.66.232 - - [05/Apr/2026:15:26:53 +0200] "GET /%D0%B0%D0%BD%D1%82%D0%BE%D0%BD-%D0%BA%D1%83%D1%82%D0%B5%D0%B2-%D0%BF%D1%80%D0%B8%D0%B7%D0%BD%D0%B0-%D0%BA%D0%BE%D0%BF%D1%80%D0%B8%D0%BD%D0%BA%D0%BE%D0%B2-%D0%BF%D1%80%D0%B0%D0%B2%D0%B5%D1%88%D0%B5/ HTTP/1.1" 200 37440 "-" "Mozilla/5.0 (compatible; DotBot/1.2; +https://opensiteexplorer.org/dotbot; help@moz.com)"
216.73.216.187 - - [05/Apr/2026:15:26:54 +0200] "GET /wp-content/uploads/2020/06/d183d0bbd182d180d0b0d181d0b8-d0bed182-d0bfd0bbd0bed0b2d0b4d0b8d0b2-d0b2-d0b0d180d0b5d181d182d0b0-d0b2d0b5d187d0b5-d0b8d0bcd0b0-d0b8-533x261.jpg HTTP/1.1" 200 30705 "-" "Mozilla/5.0 AppleWebKit/537.36 (KHTML, like Gecko; compatible; ClaudeBot/1.0; +claudebot@anthropic.com)"
216.73.216.187 - - [05/Apr/2026:15:26:59 +0200] "GET /wp-content/uploads/2020/05/d0bcd0b5d180d0bad0b5d0bb-d0bfd180d0b8d0b7d0bdd0b0-d0bbd0b8d0bfd181d0b2d0b0d182-8-d0bcd0bbd180d0b4-d0b5d0b2d180d0be-d0b7d0b0-d180d0b0-80x60.jpg HTTP/1.1" 200 1898 "-" "Mozilla/5.0 AppleWebKit/537.36 (KHTML, like Gecko; compatible; ClaudeBot/1.0; +claudebot@anthropic.com)"
5.255.231.201 - - [05/Apr/2026:15:26:59 +0200] "GET /tag/%D1%80%D1%83%D0%BC%D0%B5%D0%BD-%D1%80%D0%B0%D0%B4%D0%B5%D0%B2-%D0%BD%D0%BE%D0%BA%D0%B0%D1%83%D1%82%D0%B8%D1%80%D0%B0-%D0%BA%D0%B8%D1%80%D0%B8%D0%BB-%D0%BF%D0%B5%D1%82%D0%BA%D0%BE/ HTTP/1.1" 200 16521 "-" "Mozilla/5.0 (compatible; YandexBot/3.0; +http://yandex.com/bots)"
216.73.216.187 - - [05/Apr/2026:15:27:01 +0200] "GET /wp-content/uploads/2020/01/d0bed0bbd0b8d0bcd0bfd0b8d0b0d0b4d0b0d182d0b0-d0b2-d182d0bed0bad0b8d0be-d181-d0b5d0bad0bed0bbd0bed0b3d0b8d187d0bdd0be-d187d0b8d181d182-80x60.jpg HTTP/1.1" 200 2195 "-" "Mozilla/5.0 AppleWebKit/537.36 (KHTML, like Gecko; compatible; ClaudeBot/1.0; +claudebot@anthropic.com)"
216.73.216.187 - - [05/Apr/2026:15:27:03 +0200] "GET /wp-content/uploads/2020/01/d0bcd18ad0b6-d0bfd0bed187d0b8d0bdd0b0-d0b2d18ad0b2-d0b2d0b8d0b4d0b8d0bd-d0b8d0b7d0b2d0b0d0b4d0b8d185d0b0-d0b3d0be-d181-d182d0b5d0b6d0ba-324x359.jpg HTTP/1.1" 200 15596 "-" "Mozilla/5.0 AppleWebKit/537.36 (KHTML, like Gecko; compatible; ClaudeBot/1.0; +claudebot@anthropic.com)"
216.73.216.187 - - [05/Apr/2026:15:27:08 +0200] "GET /wp-content/uploads/2022/12/ezgif-2-992ce83b88-768x461-768x461.jpg HTTP/1.1" 200 63029 "-" "Mozilla/5.0 AppleWebKit/537.36 (KHTML, like Gecko; compatible; ClaudeBot/1.0; +claudebot@anthropic.com)"
216.244.66.232 - - [05/Apr/2026:15:27:13 +0200] "GET /%D0%B1%D1%8A%D0%BB%D0%B3%D0%B0%D1%80%D0%B8%D1%8F-%D1%83%D0%BC%D0%B8%D1%80%D0%B0-%D0%B1%D0%B0%D0%B2%D0%BD%D0%BE-%D0%B8-%D1%81%D0%BF%D0%BE%D0%BA%D0%BE%D0%B9%D0%BD%D0%BE-%D0%B4%D0%BE%D1%80%D0%B8-%D0%B8/ HTTP/1.1" 200 22035 "-" "Mozilla/5.0 (compatible; DotBot/1.2; +https://opensiteexplorer.org/dotbot; help@moz.com)"
216.73.216.187 - - [05/Apr/2026:15:27:13 +0200] "GET /wp-content/uploads/2020/05/d0bcd0b8d181-d181d0b8d0bbd0b8d0bad0bed0bd-d0b8d0b7d0bed0bbd0b0d186d0b8d18fd182d0b0-d180d0b0d0b7d180d183d188d0b8d182d0b5d0bbd0bdd0b0-356x364.jpg HTTP/1.1" 200 20176 "-" "Mozilla/5.0 AppleWebKit/537.36 (KHTML, like Gecko; compatible; ClaudeBot/1.0; +claudebot@anthropic.com)"
52.167.144.171 - - [05/Apr/2026:15:27:14 +0200] "GET /tag/%D0%B3%D0%B5%D0%BE%D1%80%D0%B3%D0%B8-%D1%81%D0%B2%D0%B8%D0%BB%D0%B5%D0%BD%D1%81%D0%BA%D0%B8-%D1%82%D0%B0%D0%B3%D0%B0%D1%80%D0%B5%D0%B2-%D0%B5-%D0%B2%D1%80%D0%B5%D0%B4%D0%B5%D0%BD-%D0%B7%D0%B0-%D0%B4/page/4/ HTTP/1.1" 200 16732 "-" "Mozilla/5.0 AppleWebKit/537.36 (KHTML, like Gecko; compatible; bingbot/2.0; +http://www.bing.com/bingbot.htm) Chrome/116.0.1938.76 Safari/537.36"
185.191.171.19 - - [05/Apr/2026:15:27:14 +0200] "GET /tag/%CF%80e%D1%82%D1%8Ap-be%D0%BB%D0%B8%D1%87ko%D0%B2/page/86/ HTTP/1.1" 200 16369 "-" "Mozilla/5.0 (compatible; SemrushBot/7~bl; +http://www.semrush.com/bot.html)"
52.167.144.171 - - [05/Apr/2026:15:27:15 +0200] "GET /tag/%D0%BB%D0%B8%D0%BB%D0%B8%D1%8F-%D1%81%D1%82%D0%B5%D1%84%D0%B0%D0%BD%D0%BE%D0%B2%D0%B0/ HTTP/1.1" 200 13591 "-" "Mozilla/5.0 AppleWebKit/537.36 (KHTML, like Gecko; compatible; bingbot/2.0; +http://www.bing.com/bingbot.htm) Chrome/116.0.1938.76 Safari/537.36"
52.167.144.236 - - [05/Apr/2026:15:27:15 +0200] "GET /tag/dnes-bg/ HTTP/1.1" 200 13545 "-" "Mozilla/5.0 AppleWebKit/537.36 (KHTML, like Gecko; compatible; bingbot/2.0; +http://www.bing.com/bingbot.htm) Chrome/116.0.1938.76 Safari/537.36"
52.167.144.184 - - [05/Apr/2026:15:27:17 +0200] "GET /tag/%D0%BA%D1%80%D0%B0%D1%81%D0%B8%D0%BC%D0%B8%D1%80-%D0%B2%D1%8A%D0%BB%D1%87%D0%B5%D0%B2/ HTTP/1.1" 200 13535 "-" "Mozilla/5.0 AppleWebKit/537.36 (KHTML, like Gecko; compatible; bingbot/2.0; +http://www.bing.com/bingbot.htm) Chrome/116.0.1938.76 Safari/537.36"
216.73.216.187 - - [05/Apr/2026:15:27:18 +0200] "GET /wp-content/uploads/2020/04/d0bfd0b0d180d0bbd0b0d0bcd0b5d0bdd182d18ad182-d0b7d0b0d181d0b5d0b4d0b0d0b2d0b0-d0b8d0b7d0b2d18ad0bdd180d0b5d0b4d0bdd0be-d0b2d0b8d0ba-533x261.jpg HTTP/1.1" 200 37181 "-" "Mozilla/5.0 AppleWebKit/537.36 (KHTML, like Gecko; compatible; ClaudeBot/1.0; +claudebot@anthropic.com)"
66.249.77.76 - - [05/Apr/2026:15:27:22 +0200] "GET /wp-content/uploads/2020/02/d0bfd0bed187d0b8d0bdd0b0-d0b8d0b7d0b2d0b5d181d182d0bdd0b0d182d0b0-d0b0d0b2d182d0bed180d0bad0b0-d0bdd0b0-d0bad180d0b8d0bcd0b8d0bdd0b0-356x220.jpg HTTP/1.1" 200 15551 "-" "Googlebot-Image/1.0"
216.73.216.187 - - [05/Apr/2026:15:27:23 +0200] "GET /wp-content/uploads/2021/07/d184d0b8d0bdd0b0d0bdd181d0bed0b2d0b8d18fd182-d0bcd0b8d0bdd0b8d181d182d18ad180-d181d0bfd0b8d180d0b0d0bcd0b5-d0bad180d0b0d0b4d0b5d0bd-324x400.jpg HTTP/1.1" 200 22804 "-" "Mozilla/5.0 AppleWebKit/537.36 (KHTML, like Gecko; compatible; ClaudeBot/1.0; +claudebot@anthropic.com)"
216.73.216.187 - - [05/Apr/2026:15:27:23 +0200] "GET /wp-content/themes/Newspaper/includes/demos/cars/pages/?C=M&O=D HTTP/1.1" 200 369 "-" "Mozilla/5.0 AppleWebKit/537.36 (KHTML, like Gecko; compatible; ClaudeBot/1.0; +claudebot@anthropic.com)"
52.167.144.236 - - [05/Apr/2026:15:27:24 +0200] "GET /tag/%D0%B1%D1%8A%D0%BB%D0%B3%D0%B0%D1%80%D0%B8%D1%8F-%D0%B4%D0%B0-%D0%BD%D0%B5-%D0%B8%D0%B7%D0%B3%D0%BB%D0%B5%D0%B6%D0%B4%D0%B0%D1%82-%D0%B4%D0%BE%D0%B1%D1%80%D0%B5/ HTTP/1.1" 200 13617 "-" "Mozilla/5.0 AppleWebKit/537.36 (KHTML, like Gecko; compatible; bingbot/2.0; +http://www.bing.com/bingbot.htm) Chrome/116.0.1938.76 Safari/537.36"
216.73.216.187 - - [05/Apr/2026:15:27:27 +0200] "GET /wp-content/uploads/2020/06/d181d182d180d0b5d0bbd0b1d0b0-d0b2-d0bad0b0d0bbd0b8d184d0bed180d0bdd0b8d18f-d0bdd0b0d0b9-d0bcd0b0d0bbd0bad0be-d0b4d0b2d0b0d0bcd0b0-d0b4-80x60.jpg HTTP/1.1" 200 2101 "-" "Mozilla/5.0 AppleWebKit/537.36 (KHTML, like Gecko; compatible; ClaudeBot/1.0; +claudebot@anthropic.com)"
216.244.66.232 - - [05/Apr/2026:15:27:28 +0200] "GET /%D0%B3%D0%BE%D0%BB%D0%B5%D0%BC%D0%B8%D1%8F%D1%82-%D0%BF%D0%B0%D0%B2%D0%B5%D0%BB-%D0%BF%D0%BE%D0%BF%D0%BF%D0%B0%D0%BD%D0%B4%D0%BE%D0%B2-%D0%B8%D0%B7%D1%80%D0%B8%D0%B3%D0%BD%D0%B0-%D0%BA%D1%8A%D0%BC/ HTTP/1.1" 200 22910 "-" "Mozilla/5.0 (compatible; DotBot/1.2; +https://opensiteexplorer.org/dotbot; help@moz.com)"
52.167.144.184 - - [05/Apr/2026:15:27:28 +0200] "GET /tag/%D1%81%D0%BE%D1%84%D0%B8%D0%B9%D1%81%D0%BA%D0%B8%D1%8F-%D1%83%D0%BD%D0%B8%D0%B2%D0%B5%D1%80%D1%81%D0%B8%D1%82%D0%B5%D1%82-%D1%81%D0%B2-%D0%BA%D0%BB%D0%B8%D0%BC%D0%B5%D0%BD%D1%82-%D0%BE%D1%85/ HTTP/1.1" 200 16491 "-" "Mozilla/5.0 AppleWebKit/537.36 (KHTML, like Gecko; compatible; bingbot/2.0; +http://www.bing.com/bingbot.htm) Chrome/116.0.1938.76 Safari/537.36"
185.191.171.14 - - [05/Apr/2026:15:27:30 +0200] "GET /%D1%80%D0%B0%D0%B7%D1%81%D0%BB%D0%B5%D0%B4%D0%B2%D0%B0%D1%82-%D0%BD%D0%B0%D0%B9-%D0%B3%D0%BE%D0%BB%D0%B5%D0%BC%D0%B8%D1%8F-%D0%BA%D0%BE%D1%80%D1%83%D0%BF%D1%86%D0%B8%D0%BE%D0%BD%D0%B5%D0%BD-%D1%81/ HTTP/1.1" 200 84588 "-" "Mozilla/5.0 (compatible; SemrushBot/7~bl; +http://www.semrush.com/bot.html)"
66.249.77.76 - - [05/Apr/2026:15:27:33 +0200] "GET /%D0%BC%D0%B8%D1%81%D0%B8%D1%81-%D0%BC%D0%B0%D0%BD%D0%B8-%D0%B2%D0%B0%D1%80%D1%82%D0%B0%D0%BD-%D0%B8%D0%B7%D0%BF%D1%80%D0%B5%D0%B2%D0%B0%D1%80%D0%B8-300-%D1%84%D0%B0%D0%B2%D0%BE%D1%80%D0%B8%D1%82%D0%BA/ HTTP/1.1" 200 84305 "-" "Mozilla/5.0 (Linux; Android 6.0.1; Nexus 5X Build/MMB29P) AppleWebKit/537.36 (KHTML, like Gecko) Chrome/146.0.7680.177 Mobile Safari/537.36 (compatible; Googlebot/2.1; +http://www.google.com/bot.html)"
216.73.216.187 - - [05/Apr/2026:15:27:34 +0200] "GET /wp-content/uploads/2021/08/%d0%b7%d0%b0%d1%89%d0%b8%d1%82%d0%b0big_big_big_4_2_-100x70.png HTTP/1.1" 200 15224 "-" "Mozilla/5.0 AppleWebKit/537.36 (KHTML, like Gecko; compatible; ClaudeBot/1.0; +claudebot@anthropic.com)"
216.73.216.187 - - [05/Apr/2026:15:27:39 +0200] "GET /wp-content/uploads/2025/03/5f03747c502a7f10cd658e2490d58e0c-mark-rute-533x261.jpg HTTP/1.1" 200 17905 "-" "Mozilla/5.0 AppleWebKit/537.36 (KHTML, like Gecko; compatible; ClaudeBot/1.0; +claudebot@anthropic.com)"
216.244.66.232 - - [05/Apr/2026:15:27:42 +0200] "GET /%D0%BA%D0%BE%D1%81%D1%82%D0%B0%D0%B4%D0%B8%D0%BD%D0%BE%D0%B2-%D0%B1%D0%BE%D1%80%D0%B8%D1%81%D0%BE%D0%B2-%D0%BD%D0%B5-%D0%B5-%D1%85%D0%BE%D0%B4%D0%B8%D0%BB-%D0%B2-%D0%B0%D0%BC%D0%B5%D1%80%D0%B8%D0%BA/ HTTP/1.1" 200 37820 "-" "Mozilla/5.0 (compatible; DotBot/1.2; +https://opensiteexplorer.org/dotbot; help@moz.com)"
216.73.216.187 - - [05/Apr/2026:15:27:44 +0200] "GET /wp-content/uploads/2020/08/corosel_991-ratio-bojko-borisov22-150x150.jpg HTTP/1.1" 200 7170 "-" "Mozilla/5.0 AppleWebKit/537.36 (KHTML, like Gecko; compatible; ClaudeBot/1.0; +claudebot@anthropic.com)"
8.228.88.249 - - [05/Apr/2026:15:27:49 +0200] "GET /author/netvesti/feed/ HTTP/1.1" 200 25236 "-" "Mozilla/5.0 (Windows NT 6.3; WOW64; rv:33.0) Gecko/20100101 Firefox/33.0"
216.73.216.187 - - [05/Apr/2026:15:27:49 +0200] "GET /wp-content/uploads/2020/06/d0bdd181d0be-d189d0b5-d0bcd0b5d180d0b8-d0bbd0bed18fd0bbd0bdd0bed181d182d182d0b0-d0bdd0b0-d181d0bbd183d0b6d0b8d182d0b5d0bbd0b8d182d0b5-80x60.jpg HTTP/1.1" 200 1915 "-" "Mozilla/5.0 AppleWebKit/537.36 (KHTML, like Gecko; compatible; ClaudeBot/1.0; +claudebot@anthropic.com)"
216.73.216.187 - - [05/Apr/2026:15:27:54 +0200] "GET /wp-content/uploads/2020/03/d181d0bad0b0d0bdd0b4d0b0d0bb-d0b2-d182d0b5d0bcd0b8d0b4d0b0-d0b7d0b0d180d0b0d0b4d0b8-d0b4d0b5d0bbd0b0d182d0b0-d0b2-d0b8d0b7d0b2d18ad0bd-265x198.jpg HTTP/1.1" 200 16260 "-" "Mozilla/5.0 AppleWebKit/537.36 (KHTML, like Gecko; compatible; ClaudeBot/1.0; +claudebot@anthropic.com)"
216.244.66.232 - - [05/Apr/2026:15:27:55 +0200] "GET /%D0%BD%D0%B8%D0%BA%D0%BE%D0%BB%D0%B0%D0%B9-%D0%B2%D0%B8%D1%82%D0%B0%D0%BD%D0%BE%D0%B2-%D0%B3%D1%80%D0%B5%D1%88%D0%BA%D0%B0%D1%82%D0%B0-%D0%BD%D0%B0-%D0%B2%D0%B5%D0%B6%D0%B4%D0%B8%D1%82%D0%BE-%D0%B5/ HTTP/1.1" 200 48479 "-" "Mozilla/5.0 (compatible; DotBot/1.2; +https://opensiteexplorer.org/dotbot; help@moz.com)"
114.119.139.53 - - [05/Apr/2026:15:27:58 +0200] "GET /wp-content/plugins/wordpress-seo/inc/interface-wpseo-wordpress-ajax-integration.php HTTP/1.1" 200 0 "https://netvesti.com/wp-content/plugins/wordpress-seo/inc/?C=M%3BO%3DA" "Mozilla/5.0 (Linux; Android 7.0;) AppleWebKit/537.36 (KHTML, like Gecko) Mobile Safari/537.36 (compatible; PetalBot;+https://webmaster.petalsearch.com/site/petalbot)"
216.73.216.187 - - [05/Apr/2026:15:27:59 +0200] "GET /wp-content/uploads/2020/07/d0bcd0b0d0b3d0b8-d0b4d0b6d0b0d0bdd0b0d0b2d0b0d180d0bed0b2d0b0-d0bfd180d0b5d0b4d181d182d0b0d0b2d0b8-d0bbd0b5d182d0bdd0b8d18f-d181d0b8-324x400.jpg HTTP/1.1" 200 20109 "-" "Mozilla/5.0 AppleWebKit/537.36 (KHTML, like Gecko; compatible; ClaudeBot/1.0; +claudebot@anthropic.com)"
216.73.216.187 - - [05/Apr/2026:15:28:04 +0200] "GET /wp-content/uploads/2020/05/d180d183d0bcd18ad0bdd181d0bad0b0d182d0b0-d0b7d0b2d0b5d0b7d0b4d0b0-d0b8d0bdd0b0-d0bdd0b0d0b9-d0bcd0bdd0bed0b3d0be-d0bcd0b8-d0bbd0b8d0bf-150x150.jpg HTTP/1.1" 200 5084 "-" "Mozilla/5.0 AppleWebKit/537.36 (KHTML, like Gecko; compatible; ClaudeBot/1.0; +claudebot@anthropic.com)"
216.244.66.232 - - [05/Apr/2026:15:28:08 +0200] "GET /%D0%BF%D0%BE%D0%BB%D0%B8%D1%82%D0%B8%D1%86%D0%B8-%D0%BF%D0%BE%D0%B7%D0%B4%D1%80%D0%B0%D0%B2%D1%8F%D0%B2%D0%B0%D1%82-%D0%BC%D0%B0%D1%82%D0%B5%D1%80%D0%B8%D0%B0%D0%BB%D0%B0-%D0%B0-%D0%BC%D0%B0%D1%82/ HTTP/1.1" 200 30556 "-" "Mozilla/5.0 (compatible; DotBot/1.2; +https://opensiteexplorer.org/dotbot; help@moz.com)"
216.73.216.187 - - [05/Apr/2026:15:28:09 +0200] "GET /wp-content/uploads/2020/07/d0b4d0b0-d0bfd0bed0bbd0b5d182d0b8d188-d0b2-d0bdd0b5d0b1d0b5d182d0be-d181d0b5d0b4d0bdd0b0d0bb-d0bdd0b0-d0b4d0b8d0b2d0b0d0bdd0b0-d181d0b8-533x261.jpg HTTP/1.1" 200 32539 "-" "Mozilla/5.0 AppleWebKit/537.36 (KHTML, like Gecko; compatible; ClaudeBot/1.0; +claudebot@anthropic.com)"
85.208.96.207 - - [05/Apr/2026:15:28:10 +0200] "GET /tag/%D0%B1%D0%BE%D1%80%D0%B8%D1%81%D0%BE%D0%B2/page/67/ HTTP/1.1" 200 22328 "-" "Mozilla/5.0 (compatible; SemrushBot/7~bl; +http://www.semrush.com/bot.html)"
216.73.216.187 - - [05/Apr/2026:15:28:14 +0200] "GET /wp-content/uploads/2020/02/d0bad0b0d0bbd0b8d0bd-d0b2d0b5d0bbd18cd0bed0b2-d0b8-d0b9d0bed0b0d0bdd0bdd0b0-d0b4d180d0b0d0b3d0bdd0b5d0b2d0b0-d0bfd180d0b5d0b4d181d182-324x235.jpg HTTP/1.1" 200 14394 "-" "Mozilla/5.0 AppleWebKit/537.36 (KHTML, like Gecko; compatible; ClaudeBot/1.0; +claudebot@anthropic.com)"
216.73.216.187 - - [05/Apr/2026:15:28:19 +0200] "GET /wp-content/uploads/2020/05/d0bed181d182d0b0d0b2d0b0-d0bbd0b8-d180d183d0bcd0b5d0bd-d182d0bed0bcd0bed0b2-d0bad0bcd0b5d182-d0bdd0b0-d0b1d0bbd0b0d0b3d0bed0b5d0b2d0b3-80x60.jpg HTTP/1.1" 200 2154 "-" "Mozilla/5.0 AppleWebKit/537.36 (KHTML, like Gecko; compatible; ClaudeBot/1.0; +claudebot@anthropic.com)"
216.244.66.232 - - [05/Apr/2026:15:28:20 +0200] "GET /%D0%BA%D0%B0%D0%BD%D1%82%D0%B0%D1%80%D0%B4%D0%B6%D0%B8%D0%B5%D0%B2-%D1%82%D0%BE%D1%87%D0%BD%D0%B0%D1%82%D0%B0-%D0%B1%D1%80%D0%BE%D0%B9%D0%BA%D0%B0-%D0%BD%D0%B0-%D0%BF%D0%BE%D1%87%D0%B8%D0%BD%D0%B0/ HTTP/1.1" 200 19852 "-" "Mozilla/5.0 (compatible; DotBot/1.2; +https://opensiteexplorer.org/dotbot; help@moz.com)"
216.73.216.187 - - [05/Apr/2026:15:28:24 +0200] "GET /wp-content/uploads/2022/10/bashta-3-godishno-dete-chakal-sam-ia-11-537-80x60.jpg HTTP/1.1" 200 2145 "-" "Mozilla/5.0 AppleWebKit/537.36 (KHTML, like Gecko; compatible; ClaudeBot/1.0; +claudebot@anthropic.com)"
216.244.66.232 - - [05/Apr/2026:15:28:30 +0200] "GET /%D0%BB%D1%8E%D0%B1%D0%BE%D0%B2%D0%BD%D0%B0-%D0%B2%D0%B5%D0%BD%D0%B4%D0%B5%D1%82%D0%B0-%D0%B0%D0%BD%D0%B4%D1%80%D0%BE%D0%BB%D0%BE%D0%B2%D0%B0-%D1%85%D0%B0%D0%BF%D0%B5%D0%BB%D0%B0-%D1%80%D0%B0%D0%B4/ HTTP/1.1" 200 19817 "-" "Mozilla/5.0 (compatible; DotBot/1.2; +https://opensiteexplorer.org/dotbot; help@moz.com)"
216.73.216.187 - - [05/Apr/2026:15:28:30 +0200] "GET /wp-content/uploads/2020/04/fitch-d0b7d0b0d0bfd0b0d0b7d0b8-d0bdd0b8d0b2d0bed182d0be-d0b2d0bbd0bed188d0b8-d0bfd0b5d180d181d0bfd0b5d0bad182d0b8d0b2d0b0d182d0b0-d0bf-533x261.jpg HTTP/1.1" 200 42048 "-" "Mozilla/5.0 AppleWebKit/537.36 (KHTML, like Gecko; compatible; ClaudeBot/1.0; +claudebot@anthropic.com)"
216.73.216.187 - - [05/Apr/2026:15:28:35 +0200] "GET /wp-content/uploads/2020/12/antitelata-ne-lekuvat-koronavirusa-811-356x364.jpg HTTP/1.1" 200 16437 "-" "Mozilla/5.0 AppleWebKit/537.36 (KHTML, like Gecko; compatible; ClaudeBot/1.0; +claudebot@anthropic.com)"
220.181.108.80 - - [05/Apr/2026:15:28:38 +0200] "GET /wp-content/uploads/2022/06/radev-ico-324x160.jpg HTTP/1.1" 200 10180 "-" "Baiduspider-image+(+http://www.baidu.com/search/spider.htm)"
216.244.66.232 - - [05/Apr/2026:15:28:39 +0200] "GET /%D1%80%D1%83%D0%BC%D0%B5%D0%BD-%D1%80%D0%B0%D0%B4%D0%B5%D0%B2-%D0%BD%D1%8C%D0%BE%D0%B9%D1%81%D0%BA%D0%B8%D1%8F%D1%82-%D0%B4%D0%BE%D0%B3%D0%BE%D0%B2%D0%BE%D1%80-%D0%BD%D0%B5-%D0%BD%D0%B8-%D1%83%D0%BD/ HTTP/1.1" 200 48706 "-" "Mozilla/5.0 (compatible; DotBot/1.2; +https://opensiteexplorer.org/dotbot; help@moz.com)"
216.73.216.187 - - [05/Apr/2026:15:28:40 +0200] "GET /wp-content/themes/Newspaper/includes/demos/cars/pages/?C=N&O=A HTTP/1.1" 200 369 "-" "Mozilla/5.0 AppleWebKit/537.36 (KHTML, like Gecko; compatible; ClaudeBot/1.0; +claudebot@anthropic.com)"
91.92.243.248 - - [05/Apr/2026:15:28:41 +0200] "POST /wp-login.php HTTP/1.1" 200 1550 "-" "Mozilla/5.0"
91.92.243.248 - - [05/Apr/2026:15:28:41 +0200] "POST /wp-login.php HTTP/1.1" 200 1554 "-" "Mozilla/5.0"
91.92.243.248 - - [05/Apr/2026:15:28:42 +0200] "POST /wp-login.php HTTP/1.1" 200 1552 "-" "Mozilla/5.0"
91.92.243.248 - - [05/Apr/2026:15:28:42 +0200] "POST /wp-login.php HTTP/1.1" 200 1551 "-" "Mozilla/5.0"
91.92.243.248 - - [05/Apr/2026:15:28:42 +0200] "POST /wp-login.php HTTP/1.1" 200 1552 "-" "Mozilla/5.0"
91.92.243.248 - - [05/Apr/2026:15:28:42 +0200] "POST /wp-login.php HTTP/1.1" 200 1550 "-" "Mozilla/5.0"
91.92.243.248 - - [05/Apr/2026:15:28:42 +0200] "POST /wp-login.php HTTP/1.1" 200 1554 "-" "Mozilla/5.0"
91.92.243.248 - - [05/Apr/2026:15:28:42 +0200] "POST /wp-login.php HTTP/1.1" 200 1554 "-" "Mozilla/5.0"
91.92.243.248 - - [05/Apr/2026:15:28:42 +0200] "POST /wp-login.php HTTP/1.1" 200 1539 "-" "Mozilla/5.0"
91.92.243.248 - - [05/Apr/2026:15:28:42 +0200] "POST /wp-login.php HTTP/1.1" 200 1553 "-" "Mozilla/5.0"
91.92.243.248 - - [05/Apr/2026:15:28:42 +0200] "POST /wp-login.php HTTP/1.1" 200 1554 "-" "Mozilla/5.0"
216.73.216.187 - - [05/Apr/2026:15:28:45 +0200] "GET /category/%D0%B1%D1%8A%D0%BB%D0%B3%D0%B0%D1%80%D0%B8%D1%8F/page/169 HTTP/1.1" 301 0 "-" "Mozilla/5.0 AppleWebKit/537.36 (KHTML, like Gecko; compatible; ClaudeBot/1.0; +claudebot@anthropic.com)"
216.73.216.187 - - [05/Apr/2026:15:28:46 +0200] "GET /category/%D0%B1%D1%8A%D0%BB%D0%B3%D0%B0%D1%80%D0%B8%D1%8F/page/169/ HTTP/1.1" 200 16337 "https://netvesti.com/category/%D0%B1%D1%8A%D0%BB%D0%B3%D0%B0%D1%80%D0%B8%D1%8F/page/169" "Mozilla/5.0 AppleWebKit/537.36 (KHTML, like Gecko; compatible; ClaudeBot/1.0; +claudebot@anthropic.com)"
216.244.66.232 - - [05/Apr/2026:15:28:48 +0200] "GET /%D0%B0%D0%BF%D0%BB%D0%BE%D0%B4%D0%B8%D1%81%D0%BC%D0%B5%D0%BD%D1%82%D0%B8-%D0%B7%D0%B0-%D0%B2%D0%B0%D0%BB%D0%B5%D0%BD%D1%82%D0%B8%D0%BD%D0%B0-%D0%BA%D0%BE%D1%8F%D1%82%D0%BE-%D0%BF%D1%80%D0%B8%D0%B7/ HTTP/1.1" 200 30503 "-" "Mozilla/5.0 (compatible; DotBot/1.2; +https://opensiteexplorer.org/dotbot; help@moz.com)"
216.73.216.187 - - [05/Apr/2026:15:28:50 +0200] "GET /wp-content/uploads/2020/04/d0b0d0b2d181d182d180d0b8d18f-d0b2d0b4d0b8d0b3d0b0-d0bed0b3d180d0b0d0bdd0b8d187d0b5d0bdd0b8d18fd182d0b0-d0bdd0be-d0b1d0b5d0b7-d0bcd0b0-533x261.jpg HTTP/1.1" 200 34637 "-" "Mozilla/5.0 AppleWebKit/537.36 (KHTML, like Gecko; compatible; ClaudeBot/1.0; +claudebot@anthropic.com)"
216.73.216.187 - - [05/Apr/2026:15:28:53 +0200] "GET /wp-content/uploads/2020/06/d182d180d0b8-d0b4d0bdd0b8-d0bfd180d0b0d0b2d0b8d0bbd0b8-d0bcd0b5d0bcd0bed180d0b8d0b0d0bbd0bdd0b8d18f-d0b3d180d0b0d184d0b8d182-d0bdd0b0-265x198.jpg HTTP/1.1" 200 14836 "-" "Mozilla/5.0 AppleWebKit/537.36 (KHTML, like Gecko; compatible; ClaudeBot/1.0; +claudebot@anthropic.com)"
216.73.216.187 - - [05/Apr/2026:15:28:55 +0200] "GET /wp-content/uploads/2020/05/d0bfd0bbd0b0d0b6d0bed0b2d0b5d182d0b5-d0b2-d0b8d181d0bfd0b0d0bdd0b8d18f-d0bed182d0b2d0b0d180d18fd182-d0b8d0bcd0b0-d0bed0bfd180d0b5d0b4-265x198.jpg HTTP/1.1" 200 9673 "-" "Mozilla/5.0 AppleWebKit/537.36 (KHTML, like Gecko; compatible; ClaudeBot/1.0; +claudebot@anthropic.com)"
216.244.66.232 - - [05/Apr/2026:15:28:57 +0200] "GET /%D1%80%D1%83%D1%81%D0%B8%D1%8F-%D0%BF%D0%BE%D0%B4%D0%B3%D0%BE%D1%82%D0%B2%D1%8F-%D1%81%D0%BF%D0%B8%D1%81%D1%8A%D0%BA-%D0%BD%D0%B0-%D0%BD%D0%B5%D0%BF%D1%80%D0%B8%D1%8F%D1%82%D0%B5%D0%BB%D1%81%D0%BA/ HTTP/1.1" 200 20867 "-" "Mozilla/5.0 (compatible; DotBot/1.2; +https://opensiteexplorer.org/dotbot; help@moz.com)"
216.73.216.187 - - [05/Apr/2026:15:28:58 +0200] "GET /wp-content/uploads/2020/01/d0bcd18ad0b6-d0bfd0bed187d0b8d0bdd0b0-d0b2d18ad0b2-d0b2d0b8d0b4d0b8d0bd-d0b8d0b7d0b2d0b0d0b4d0b8d185d0b0-d0b3d0be-d181-d182d0b5d0b6d0ba-265x198.jpg HTTP/1.1" 200 10051 "-" "Mozilla/5.0 AppleWebKit/537.36 (KHTML, like Gecko; compatible; ClaudeBot/1.0; +claudebot@anthropic.com)"
216.244.66.232 - - [05/Apr/2026:15:29:06 +0200] "GET /%D0%B1%D1%8A%D0%BB%D0%B3%D0%B0%D1%80%D1%81%D0%BA%D0%BE-%D0%BB%D1%8F%D1%82%D0%BE-%D0%BF%D1%80%D0%B5%D0%B4%D0%BB%D0%B0%D0%B3%D0%B0-%D0%BC%D0%B5%D1%80%D0%BA%D0%B8-%D1%81%D1%80%D0%B5/ HTTP/1.1" 502 150 "-" "Mozilla/5.0 (compatible; DotBot/1.2; +https://opensiteexplorer.org/dotbot; help@moz.com)"
216.73.216.187 - - [05/Apr/2026:15:29:06 +0200] "GET /wp-content/uploads/2020/07/d0bdd18fd0bcd0b0d0bbd0be-d0bad0b0d0ba-d0b4d0b0-d0b8d0bcd0b0-d0bdd0bed0b2d0be-d0b7d0b0d182d0b2d0b0d180d18fd0bdd0b5-d0bdd0b0-d0b7d0b0d0b2-534x450.jpg HTTP/1.1" 502 150 "-" "Mozilla/5.0 AppleWebKit/537.36 (KHTML, like Gecko; compatible; ClaudeBot/1.0; +claudebot@anthropic.com)"
