216.73.216.187 - - [05/Apr/2026:14:59:17 +0200] "GET /wp-content/uploads/2019/10/la-web-frente-a-internet-removebg-preview-150x150.png HTTP/1.1" 200 30475 "-" "Mozilla/5.0 AppleWebKit/537.36 (KHTML, like Gecko; compatible; ClaudeBot/1.0; +claudebot@anthropic.com)"
216.73.216.187 - - [05/Apr/2026:14:59:18 +0200] "GET /wp-content/uploads/2023/02/vasil-630x330-356x330.jpg HTTP/1.1" 200 19971 "-" "Mozilla/5.0 AppleWebKit/537.36 (KHTML, like Gecko; compatible; ClaudeBot/1.0; +claudebot@anthropic.com)"
216.73.216.187 - - [05/Apr/2026:14:59:18 +0200] "GET /wp-content/uploads/2024/10/conev-13-1-1-80x60.jpg HTTP/1.1" 200 2162 "-" "Mozilla/5.0 AppleWebKit/537.36 (KHTML, like Gecko; compatible; ClaudeBot/1.0; +claudebot@anthropic.com)"
216.73.216.187 - - [05/Apr/2026:14:59:19 +0200] "GET /wp-content/uploads/2023/11/main_1613124507-265x198.jpg HTTP/1.1" 200 8650 "-" "Mozilla/5.0 AppleWebKit/537.36 (KHTML, like Gecko; compatible; ClaudeBot/1.0; +claudebot@anthropic.com)"
216.73.216.187 - - [05/Apr/2026:14:59:19 +0200] "GET /wp-content/uploads/2023/01/grozde-1024x576-356x364.jpg HTTP/1.1" 200 57181 "-" "Mozilla/5.0 AppleWebKit/537.36 (KHTML, like Gecko; compatible; ClaudeBot/1.0; +claudebot@anthropic.com)"
216.73.216.187 - - [05/Apr/2026:14:59:20 +0200] "GET /wp-content/uploads/2024/01/hjty-rghj-80x60.jpg HTTP/1.1" 200 2701 "-" "Mozilla/5.0 AppleWebKit/537.36 (KHTML, like Gecko; compatible; ClaudeBot/1.0; +claudebot@anthropic.com)"
216.73.216.187 - - [05/Apr/2026:14:59:21 +0200] "GET /wp-content/uploads/2022/04/rumen-radev-356x364.jpg HTTP/1.1" 200 15817 "-" "Mozilla/5.0 AppleWebKit/537.36 (KHTML, like Gecko; compatible; ClaudeBot/1.0; +claudebot@anthropic.com)"
216.73.216.187 - - [05/Apr/2026:14:59:21 +0200] "GET /wp-content/uploads/2021/01/screenshot567418-750x375-324x400.jpg HTTP/1.1" 200 22600 "-" "Mozilla/5.0 AppleWebKit/537.36 (KHTML, like Gecko; compatible; ClaudeBot/1.0; +claudebot@anthropic.com)"
216.73.216.187 - - [05/Apr/2026:14:59:22 +0200] "GET /wp-content/uploads/2022/04/iotova-fe-795x420.jpg HTTP/1.1" 200 32824 "-" "Mozilla/5.0 AppleWebKit/537.36 (KHTML, like Gecko; compatible; ClaudeBot/1.0; +claudebot@anthropic.com)"
216.73.216.187 - - [05/Apr/2026:14:59:22 +0200] "GET /wp-content/uploads/2025/01/ml-trump-80x60.jpg HTTP/1.1" 200 2037 "-" "Mozilla/5.0 AppleWebKit/537.36 (KHTML, like Gecko; compatible; ClaudeBot/1.0; +claudebot@anthropic.com)"
216.73.216.187 - - [05/Apr/2026:14:59:23 +0200] "GET /wp-content/uploads/2024/06/big_Image_17968814_40_0ca1-150x150.jpg HTTP/1.1" 200 6741 "-" "Mozilla/5.0 AppleWebKit/537.36 (KHTML, like Gecko; compatible; ClaudeBot/1.0; +claudebot@anthropic.com)"
216.73.216.187 - - [05/Apr/2026:14:59:23 +0200] "GET /wp-content/uploads/2023/02/IMAGE_13663718_40_0-324x400.jpg HTTP/1.1" 200 9730 "-" "Mozilla/5.0 AppleWebKit/537.36 (KHTML, like Gecko; compatible; ClaudeBot/1.0; +claudebot@anthropic.com)"
216.73.216.187 - - [05/Apr/2026:14:59:24 +0200] "GET /wp-content/uploads/2025/04/2113547635-324x360.jpg HTTP/1.1" 200 17364 "-" "Mozilla/5.0 AppleWebKit/537.36 (KHTML, like Gecko; compatible; ClaudeBot/1.0; +claudebot@anthropic.com)"
216.73.216.187 - - [05/Apr/2026:14:59:24 +0200] "GET /wp-content/uploads/2024/08/download-5-265x198.jpg HTTP/1.1" 200 15452 "-" "Mozilla/5.0 AppleWebKit/537.36 (KHTML, like Gecko; compatible; ClaudeBot/1.0; +claudebot@anthropic.com)"
216.73.216.187 - - [05/Apr/2026:14:59:25 +0200] "GET /wp-content/uploads/2023/08/cenalova-1-696x464.jpg HTTP/1.1" 200 43939 "-" "Mozilla/5.0 AppleWebKit/537.36 (KHTML, like Gecko; compatible; ClaudeBot/1.0; +claudebot@anthropic.com)"
216.73.216.187 - - [05/Apr/2026:14:59:26 +0200] "GET /wp-content/uploads/2021/04/c40dc78324e14becbe14d3b3b317f333-534x416.jpg HTTP/1.1" 200 24651 "-" "Mozilla/5.0 AppleWebKit/537.36 (KHTML, like Gecko; compatible; ClaudeBot/1.0; +claudebot@anthropic.com)"
216.73.216.187 - - [05/Apr/2026:14:59:26 +0200] "GET /wp-content/uploads/2025/02/1010x570-4-300x169.jpg HTTP/1.1" 200 8937 "-" "Mozilla/5.0 AppleWebKit/537.36 (KHTML, like Gecko; compatible; ClaudeBot/1.0; +claudebot@anthropic.com)"
216.73.216.187 - - [05/Apr/2026:14:59:27 +0200] "GET /wp-content/uploads/2020/12/e7efa02e24f92f3b9f745028a325de67-300x203.jpg HTTP/1.1" 200 18133 "-" "Mozilla/5.0 AppleWebKit/537.36 (KHTML, like Gecko; compatible; ClaudeBot/1.0; +claudebot@anthropic.com)"
216.73.216.187 - - [05/Apr/2026:14:59:27 +0200] "GET /wp-content/uploads/2020/10/big_big_Angel_Kunchevd17-100x70.jpg HTTP/1.1" 200 2581 "-" "Mozilla/5.0 AppleWebKit/537.36 (KHTML, like Gecko; compatible; ClaudeBot/1.0; +claudebot@anthropic.com)"
216.73.216.187 - - [05/Apr/2026:14:59:28 +0200] "GET /wp-content/uploads/2024/05/kiril-petkov-550x420.jpg HTTP/1.1" 200 20689 "-" "Mozilla/5.0 AppleWebKit/537.36 (KHTML, like Gecko; compatible; ClaudeBot/1.0; +claudebot@anthropic.com)"
216.73.216.187 - - [05/Apr/2026:14:59:28 +0200] "GET /wp-content/uploads/2024/05/1010x570-1-80x60.jpg HTTP/1.1" 200 2445 "-" "Mozilla/5.0 AppleWebKit/537.36 (KHTML, like Gecko; compatible; ClaudeBot/1.0; +claudebot@anthropic.com)"
216.73.216.187 - - [05/Apr/2026:14:59:29 +0200] "GET /wp-content/uploads/2025/04/a28d533c-ddbc-43dd-ae5b-d92d45f92238-563x420.jpeg HTTP/1.1" 200 22079 "-" "Mozilla/5.0 AppleWebKit/537.36 (KHTML, like Gecko; compatible; ClaudeBot/1.0; +claudebot@anthropic.com)"
216.73.216.187 - - [05/Apr/2026:14:59:29 +0200] "GET /wp-content/uploads/2024/09/garelov-356x364.jpg HTTP/1.1" 200 15069 "-" "Mozilla/5.0 AppleWebKit/537.36 (KHTML, like Gecko; compatible; ClaudeBot/1.0; +claudebot@anthropic.com)"
216.73.216.187 - - [05/Apr/2026:14:59:30 +0200] "GET /wp-content/uploads/2020/09/37091-768x512-324x235.jpg HTTP/1.1" 200 12045 "-" "Mozilla/5.0 AppleWebKit/537.36 (KHTML, like Gecko; compatible; ClaudeBot/1.0; +claudebot@anthropic.com)"
216.73.216.187 - - [05/Apr/2026:14:59:30 +0200] "GET /wp-content/uploads/2023/05/960x540-1-747x420.jpg HTTP/1.1" 200 40196 "-" "Mozilla/5.0 AppleWebKit/537.36 (KHTML, like Gecko; compatible; ClaudeBot/1.0; +claudebot@anthropic.com)"
216.73.216.187 - - [05/Apr/2026:14:59:31 +0200] "GET /wp-content/uploads/2024/10/raewa-fgdfg-324x380.jpg HTTP/1.1" 200 16642 "-" "Mozilla/5.0 AppleWebKit/537.36 (KHTML, like Gecko; compatible; ClaudeBot/1.0; +claudebot@anthropic.com)"
216.73.216.187 - - [05/Apr/2026:14:59:31 +0200] "GET /wp-content/uploads/2022/05/radev-fwefe-324x235.jpg HTTP/1.1" 200 11922 "-" "Mozilla/5.0 AppleWebKit/537.36 (KHTML, like Gecko; compatible; ClaudeBot/1.0; +claudebot@anthropic.com)"
198.244.240.14 - - [05/Apr/2026:14:59:32 +0200] "GET /tag/%D0%BA%D0%B0%D0%BA%D1%82%D0%BE-%D0%B8%D1%81%D0%BA%D0%B0%D1%82-%D0%BD%D1%8F%D0%BA%D0%BE%D0%B8/feed/ HTTP/1.1" 200 49975 "-" "Mozilla/5.0 (compatible; AhrefsBot/7.0; +http://ahrefs.com/robot/)"
216.73.216.187 - - [05/Apr/2026:14:59:33 +0200] "GET /wp-content/uploads/2024/07/?C=S&O=D HTTP/1.1" 200 8419 "-" "Mozilla/5.0 AppleWebKit/537.36 (KHTML, like Gecko; compatible; ClaudeBot/1.0; +claudebot@anthropic.com)"
216.73.216.187 - - [05/Apr/2026:14:59:33 +0200] "GET /wp-content/uploads/2019/01/?C=S&O=D HTTP/1.1" 200 2961 "-" "Mozilla/5.0 AppleWebKit/537.36 (KHTML, like Gecko; compatible; ClaudeBot/1.0; +claudebot@anthropic.com)"
220.181.108.174 - - [05/Apr/2026:15:00:06 +0200] "GET /wp-content/uploads/2020/08/ivo-356x220.jpg HTTP/1.1" 200 18853 "-" "Baiduspider-image+(+http://www.baidu.com/search/spider.htm)"
66.249.77.66 - - [05/Apr/2026:15:00:21 +0200] "GET /%D0%B7%D0%B8%D0%BB-%D0%BE%D0%B2%D0%B5%D1%82%D0%B5-%D0%BD%D0%B0-%D0%B1%D0%B0%D0%B9-%D1%82%D0%BE%D1%88%D0%BE-%D1%81%D0%BF%D0%B0%D1%81%D1%8F%D0%B2%D0%B0%D1%82-%D0%B4%D0%BD%D0%B5%D1%81-%D0%B1%D1%8A%D0%BB/ HTTP/1.1" 200 23943 "-" "Mozilla/5.0 (Linux; Android 6.0.1; Nexus 5X Build/MMB29P) AppleWebKit/537.36 (KHTML, like Gecko) Chrome/146.0.7680.177 Mobile Safari/537.36 (compatible; Googlebot/2.1; +http://www.google.com/bot.html)"
52.167.144.198 - - [05/Apr/2026:15:00:22 +0200] "GET /tag/%D1%80%D0%B0%D0%B4%D0%B5%D0%B2-%D0%BF%D1%80%D0%B0%D0%B2%D0%B8-%D0%BA%D0%BE%D1%81%D1%82%D0%B0%D0%B4%D0%B8%D0%BD%D0%BE%D0%B2-%D0%BF%D1%80%D0%B5%D0%BC%D0%B8%D0%B5%D1%80-%D1%82%D1%80%D0%B5%D1%82%D0%B8/page/27/ HTTP/1.1" 200 16252 "-" "Mozilla/5.0 AppleWebKit/537.36 (KHTML, like Gecko; compatible; bingbot/2.0; +http://www.bing.com/bingbot.htm) Chrome/116.0.1938.76 Safari/537.36"
52.167.144.198 - - [05/Apr/2026:15:00:24 +0200] "GET /tag/%D0%BF%D1%80%D0%B8%D0%BC%D0%BA%D0%B0%D1%82%D0%B0-%D0%BE%D0%BA%D0%BE%D0%BB%D0%BE-%D0%B2%D0%BB%D0%B0%D1%81%D1%82%D1%82%D0%B0-%D1%81%D0%B5-%D0%B7%D0%B0%D1%82%D1%8F%D0%B3%D0%B0/ HTTP/1.1" 200 13517 "-" "Mozilla/5.0 AppleWebKit/537.36 (KHTML, like Gecko; compatible; bingbot/2.0; +http://www.bing.com/bingbot.htm) Chrome/116.0.1938.76 Safari/537.36"
40.77.167.149 - - [05/Apr/2026:15:00:24 +0200] "GET /tag/%D0%B7%D0%B0%D1%81%D1%83%D0%BA%D0%B0%D0%BD%D0%B0-%D0%B4%D0%B5%D0%BF%D1%83%D1%82%D0%B0%D1%82%D0%BA%D0%B0/ HTTP/1.1" 200 16475 "-" "Mozilla/5.0 AppleWebKit/537.36 (KHTML, like Gecko; compatible; bingbot/2.0; +http://www.bing.com/bingbot.htm) Chrome/116.0.1938.76 Safari/537.36"
52.167.144.198 - - [05/Apr/2026:15:00:25 +0200] "GET /tag/%D1%81%D0%B8%D0%BC%D0%B5%D0%BE%D0%BD%D0%BE%D0%B2%D0%B3%D1%80%D0%B0%D0%B4/ HTTP/1.1" 200 13503 "-" "Mozilla/5.0 AppleWebKit/537.36 (KHTML, like Gecko; compatible; bingbot/2.0; +http://www.bing.com/bingbot.htm) Chrome/116.0.1938.76 Safari/537.36"
40.77.167.132 - - [05/Apr/2026:15:00:25 +0200] "GET /tag/kolekcioneri-na-moneti/ HTTP/1.1" 200 13491 "-" "Mozilla/5.0 AppleWebKit/537.36 (KHTML, like Gecko; compatible; bingbot/2.0; +http://www.bing.com/bingbot.htm) Chrome/116.0.1938.76 Safari/537.36"
216.73.216.187 - - [05/Apr/2026:15:00:26 +0200] "GET /wp-content/plugins/jetpack/modules/minileven/images/?C=S&O=D HTTP/1.1" 200 331 "-" "Mozilla/5.0 AppleWebKit/537.36 (KHTML, like Gecko; compatible; ClaudeBot/1.0; +claudebot@anthropic.com)"
216.73.216.187 - - [05/Apr/2026:15:00:26 +0200] "GET /wp-content/uploads/2022/03/?C=S&O=D HTTP/1.1" 200 10777 "-" "Mozilla/5.0 AppleWebKit/537.36 (KHTML, like Gecko; compatible; ClaudeBot/1.0; +claudebot@anthropic.com)"
40.77.167.132 - - [05/Apr/2026:15:00:28 +0200] "GET /tag/30-%D0%B3%D0%BE%D0%B4%D0%B8%D0%BD%D0%B8/ HTTP/1.1" 200 16356 "-" "Mozilla/5.0 AppleWebKit/537.36 (KHTML, like Gecko; compatible; bingbot/2.0; +http://www.bing.com/bingbot.htm) Chrome/116.0.1938.76 Safari/537.36"
40.77.167.132 - - [05/Apr/2026:15:00:29 +0200] "GET /tag/%D1%87%D0%B5-%D0%B1%D1%8A%D0%BB%D0%B3%D0%B0%D1%80%D1%81%D0%BA%D0%B8%D1%8F%D1%82-%D0%BB%D0%B5%D0%B2-%D1%89%D0%B5-%D0%B1%D1%8A%D0%B4%D0%B5-%D1%81%D1%82%D0%B0%D0%B1%D0%B8%D0%BB%D0%B5%D0%BD/ HTTP/1.1" 200 16263 "-" "Mozilla/5.0 AppleWebKit/537.36 (KHTML, like Gecko; compatible; bingbot/2.0; +http://www.bing.com/bingbot.htm) Chrome/116.0.1938.76 Safari/537.36"
40.77.167.149 - - [05/Apr/2026:15:00:34 +0200] "GET /tag/%D0%B4%D1%80%D0%B0%D0%B7%D0%BD%D0%B8/ HTTP/1.1" 200 13413 "-" "Mozilla/5.0 AppleWebKit/537.36 (KHTML, like Gecko; compatible; bingbot/2.0; +http://www.bing.com/bingbot.htm) Chrome/116.0.1938.76 Safari/537.36"
40.77.167.149 - - [05/Apr/2026:15:00:35 +0200] "GET /tag/%D1%81%D0%B0%D0%BC%D0%BE-%D0%B8-%D1%81%D0%B0%D0%BC%D0%BE-%D0%B4%D0%B0-%D0%BE%D1%86%D0%B5%D0%BB%D0%B5%D0%B5/ HTTP/1.1" 200 13415 "-" "Mozilla/5.0 AppleWebKit/537.36 (KHTML, like Gecko; compatible; bingbot/2.0; +http://www.bing.com/bingbot.htm) Chrome/116.0.1938.76 Safari/537.36"
40.77.167.149 - - [05/Apr/2026:15:00:37 +0200] "GET /tag/%D0%B1%D1%8A%D0%BB%D0%B3%D0%B0%D1%80%D0%B8%D1%8F-%D1%80%D0%B0%D0%B9-%D0%B7%D0%B0-%D0%BC%D0%B0%D1%84%D0%B8%D0%BE%D1%82%D0%B8%D1%82%D0%B5-%D0%B5%D0%B4%D0%B8%D0%BD%D1%81%D1%82%D0%B2%D0%B5/ HTTP/1.1" 200 16701 "-" "Mozilla/5.0 AppleWebKit/537.36 (KHTML, like Gecko; compatible; bingbot/2.0; +http://www.bing.com/bingbot.htm) Chrome/116.0.1938.76 Safari/537.36"
185.191.171.5 - - [05/Apr/2026:15:00:38 +0200] "GET /tag/%D0%B2%D1%81%D0%B8%D1%87%D0%BA%D0%BE-%D0%BE%D1%81%D1%82%D0%B0%D0%BD%D0%B0%D0%BB%D0%BE-%D1%81%D0%B0-%D0%BF%D1%80%D0%BE%D1%81%D1%82%D0%B8%D1%82%D1%83%D1%82%D0%BA%D0%B8/ HTTP/1.1" 200 13618 "-" "Mozilla/5.0 (compatible; SemrushBot/7~bl; +http://www.semrush.com/bot.html)"
216.73.216.187 - - [05/Apr/2026:15:00:39 +0200] "GET /wp-content/cache/page_enhanced/netvesti.com/?C=D&O=D HTTP/1.1" 200 26785 "-" "Mozilla/5.0 AppleWebKit/537.36 (KHTML, like Gecko; compatible; ClaudeBot/1.0; +claudebot@anthropic.com)"
216.73.216.187 - - [05/Apr/2026:15:00:39 +0200] "GET /wp-content/cache/page_enhanced/netvesti.com/?C=M&O=D HTTP/1.1" 200 26867 "-" "Mozilla/5.0 AppleWebKit/537.36 (KHTML, like Gecko; compatible; ClaudeBot/1.0; +claudebot@anthropic.com)"
85.208.96.211 - - [05/Apr/2026:15:00:58 +0200] "GET /tag/%D0%B0%D0%B7-%D1%81%D1%8A%D0%BC-%D0%BF%D1%80%D0%B5%D0%B7%D0%B8%D0%B4%D0%B5%D0%BD%D1%82-%D0%BD%D0%B0-%D0%B1%D1%8A%D0%BB%D0%B3%D0%B0%D1%80%D0%B8%D1%8F/page/4/ HTTP/1.1" 200 16493 "-" "Mozilla/5.0 (compatible; SemrushBot/7~bl; +http://www.semrush.com/bot.html)"
91.92.243.248 - - [05/Apr/2026:15:01:05 +0200] "POST /wp-login.php HTTP/1.1" 200 1552 "-" "Mozilla/5.0"
91.92.243.248 - - [05/Apr/2026:15:01:05 +0200] "POST /wp-login.php HTTP/1.1" 200 1550 "-" "Mozilla/5.0"
91.92.243.248 - - [05/Apr/2026:15:01:05 +0200] "POST /wp-login.php HTTP/1.1" 200 1554 "-" "Mozilla/5.0"
91.92.243.248 - - [05/Apr/2026:15:01:05 +0200] "POST /wp-login.php HTTP/1.1" 200 1552 "-" "Mozilla/5.0"
91.92.243.248 - - [05/Apr/2026:15:01:05 +0200] "POST /wp-login.php HTTP/1.1" 200 1539 "-" "Mozilla/5.0"
91.92.243.248 - - [05/Apr/2026:15:01:06 +0200] "POST /wp-login.php HTTP/1.1" 200 1554 "-" "Mozilla/5.0"
91.92.243.248 - - [05/Apr/2026:15:01:06 +0200] "POST /wp-login.php HTTP/1.1" 200 1550 "-" "Mozilla/5.0"
91.92.243.248 - - [05/Apr/2026:15:01:06 +0200] "POST /wp-login.php HTTP/1.1" 200 1554 "-" "Mozilla/5.0"
91.92.243.248 - - [05/Apr/2026:15:01:06 +0200] "POST /wp-login.php HTTP/1.1" 200 1554 "-" "Mozilla/5.0"
91.92.243.248 - - [05/Apr/2026:15:01:06 +0200] "POST /wp-login.php HTTP/1.1" 200 1553 "-" "Mozilla/5.0"
91.92.243.248 - - [05/Apr/2026:15:01:06 +0200] "POST /wp-login.php HTTP/1.1" 200 1551 "-" "Mozilla/5.0"
185.191.171.10 - - [05/Apr/2026:15:01:10 +0200] "GET /tag/%D0%BD%D0%BE%D0%B2%D0%B8%D0%BD%D0%B8%D1%82%D0%B5-%D0%B4%D0%BD%D0%B5%D1%81/page/243/ HTTP/1.1" 200 16660 "-" "Mozilla/5.0 (compatible; SemrushBot/7~bl; +http://www.semrush.com/bot.html)"
216.73.216.187 - - [05/Apr/2026:15:01:16 +0200] "GET /wp-content/themes/Newspaper/images/panel/top_bar_templates/icon-top-bar-2.png HTTP/1.1" 200 1091 "-" "Mozilla/5.0 AppleWebKit/537.36 (KHTML, like Gecko; compatible; ClaudeBot/1.0; +claudebot@anthropic.com)"
169.224.9.50 - - [05/Apr/2026:15:01:16 +0200] "GET /wp-content/plugins/jetpack/json-endpoints/class.wpcom-json-api-list-comments-endpoint.php HTTP/1.1" 500 0 "https://netvesti.com/" "Mozilla/5.0 (Windows NT 10.0; Win64; x64) AppleWebKit/537.36 (KHTML, like Gecko) Chrome/135.0.0.0 Safari/537.36 Edg/135.0.0.0"
216.73.216.187 - - [05/Apr/2026:15:01:16 +0200] "GET /wp-content/cache/page_enhanced/netvesti.com/?C=N&O=A HTTP/1.1" 200 26750 "-" "Mozilla/5.0 AppleWebKit/537.36 (KHTML, like Gecko; compatible; ClaudeBot/1.0; +claudebot@anthropic.com)"
116.179.32.23 - - [05/Apr/2026:15:01:53 +0200] "GET /tag/%D0%B0%D1%80%D0%BC%D0%B8%D1%8F%D1%82%D0%B0/feed/ HTTP/1.1" 200 19199 "-" "Mozilla/5.0 (compatible; Baiduspider/2.0; +http://www.baidu.com/search/spider.html)"
216.73.216.187 - - [05/Apr/2026:15:02:03 +0200] "GET /wp-content/themes/Newspaper/images/panel/top_bar_templates/?C=S&O=A HTTP/1.1" 502 150 "-" "Mozilla/5.0 AppleWebKit/537.36 (KHTML, like Gecko; compatible; ClaudeBot/1.0; +claudebot@anthropic.com)"
66.249.77.64 - - [05/Apr/2026:15:02:03 +0200] "GET /%D0%B2%D1%80%D1%8A%D1%89%D0%B0%D1%82-%D0%B8-%D0%BD%D0%B0%D0%BA%D0%B0%D0%B7%D0%B2%D0%B0%D1%82-%D0%BA%D0%BE%D0%BD%D1%81%D1%83%D0%BB%D0%B0-%D0%BD%D0%B8-%D0%B2-%D1%85%D0%B0%D0%B3%D0%B0-%D0%B7%D0%B0-%D1%82/ HTTP/1.1" 502 552 "-" "Mozilla/5.0 (Linux; Android 6.0.1; Nexus 5X Build/MMB29P) AppleWebKit/537.36 (KHTML, like Gecko) Chrome/146.0.7680.177 Mobile Safari/537.36 (compatible; Googlebot/2.1; +http://www.google.com/bot.html)"
216.73.216.187 - - [05/Apr/2026:15:02:03 +0200] "GET /wp-content/themes/Newspaper/images/panel/top_bar_templates/?C=M&O=A HTTP/1.1" 502 150 "-" "Mozilla/5.0 AppleWebKit/537.36 (KHTML, like Gecko; compatible; ClaudeBot/1.0; +claudebot@anthropic.com)"
185.191.171.4 - - [05/Apr/2026:15:02:25 +0200] "GET /tag/%D0%BD%D0%BE%D0%B2%D0%B8%D0%BD%D0%B0/page/337/ HTTP/1.1" 200 16701 "-" "Mozilla/5.0 (compatible; SemrushBot/7~bl; +http://www.semrush.com/bot.html)"
216.73.216.187 - - [05/Apr/2026:15:02:33 +0200] "GET /wp-content/themes/Newspaper/images/panel/top_bar_templates/?C=D&O=A HTTP/1.1" 200 356 "-" "Mozilla/5.0 AppleWebKit/537.36 (KHTML, like Gecko; compatible; ClaudeBot/1.0; +claudebot@anthropic.com)"
216.73.216.187 - - [05/Apr/2026:15:02:33 +0200] "GET /wp-content/themes/Newspaper/images/panel/top_bar_templates/?C=N&O=D HTTP/1.1" 200 354 "-" "Mozilla/5.0 AppleWebKit/537.36 (KHTML, like Gecko; compatible; ClaudeBot/1.0; +claudebot@anthropic.com)"
40.77.167.132 - - [05/Apr/2026:15:02:44 +0200] "GET /%D1%84%D0%B0%D1%80%D1%81-%D1%81%D0%B3%D0%BB%D0%BE%D0%B1%D0%BA%D0%B0%D1%82%D0%B0-%D0%BC%D1%83-%D0%BE%D1%82%D1%80%D1%8F%D0%B7%D0%B0-%D1%80%D1%8A%D0%BA%D0%B0%D1%82%D0%B0-%D1%81-%D1%84%D0%BB%D0%B5%D0%BA/ HTTP/1.1" 200 28864 "-" "Mozilla/5.0 AppleWebKit/537.36 (KHTML, like Gecko; compatible; bingbot/2.0; +http://www.bing.com/bingbot.htm) Chrome/116.0.1938.76 Safari/537.36"
216.73.216.187 - - [05/Apr/2026:15:02:45 +0200] "GET /wp-content/themes/Newspaper/images/panel/top_bar_templates/icon-top-bar-4.png HTTP/1.1" 200 1088 "-" "Mozilla/5.0 AppleWebKit/537.36 (KHTML, like Gecko; compatible; ClaudeBot/1.0; +claudebot@anthropic.com)"
216.73.216.187 - - [05/Apr/2026:15:02:45 +0200] "GET /wp-content/themes/Newspaper/images/panel/top_bar_templates/icon-top-bar-3.png HTTP/1.1" 200 1095 "-" "Mozilla/5.0 AppleWebKit/537.36 (KHTML, like Gecko; compatible; ClaudeBot/1.0; +claudebot@anthropic.com)"
40.77.167.132 - - [05/Apr/2026:15:02:45 +0200] "GET /tag/%D0%BD%D0%BE%D1%81%D1%82%D0%B0%D0%BB%D0%B3%D0%B8%D1%8F/ HTTP/1.1" 200 14275 "-" "Mozilla/5.0 AppleWebKit/537.36 (KHTML, like Gecko; compatible; bingbot/2.0; +http://www.bing.com/bingbot.htm) Chrome/116.0.1938.76 Safari/537.36"
40.77.167.149 - - [05/Apr/2026:15:02:48 +0200] "GET /tag/%D1%87%D0%B5-%D0%BF%D1%80%D0%BE%D0%BC%D1%8F%D0%BD%D0%B0%D1%82%D0%B0-%D0%B7%D0%B0%D0%BA%D1%80%D0%B8%D0%B2%D0%B0-%D0%B2%D1%8A%D0%B3%D0%BB%D0%B8%D1%89%D0%BD%D0%B8%D1%82%D0%B5-%D1%86/ HTTP/1.1" 200 16501 "-" "Mozilla/5.0 AppleWebKit/537.36 (KHTML, like Gecko; compatible; bingbot/2.0; +http://www.bing.com/bingbot.htm) Chrome/116.0.1938.76 Safari/537.36"
40.77.167.149 - - [05/Apr/2026:15:02:50 +0200] "GET /tag/%D0%B0%D0%BB%D0%BE/ HTTP/1.1" 200 16350 "-" "Mozilla/5.0 AppleWebKit/537.36 (KHTML, like Gecko; compatible; bingbot/2.0; +http://www.bing.com/bingbot.htm) Chrome/116.0.1938.76 Safari/537.36"
85.208.96.195 - - [05/Apr/2026:15:02:53 +0200] "GET /6-%D1%85%D1%80%D0%B0%D0%BD%D0%B8-%D0%BA%D0%BE%D0%B8%D1%82%D0%BE-%D1%80%D0%B5%D0%B3%D1%83%D0%BB%D0%B8%D1%80%D0%B0%D1%82-%D0%BC%D0%B0%D0%B7%D0%BD%D0%B0%D1%82%D0%B0-%D0%BA%D0%BE%D0%B6%D0%B0/ HTTP/1.1" 200 25258 "-" "Mozilla/5.0 (compatible; SemrushBot/7~bl; +http://www.semrush.com/bot.html)"
185.191.171.1 - - [05/Apr/2026:15:02:59 +0200] "GET /tag/criminal/page/243/ HTTP/1.1" 200 16349 "-" "Mozilla/5.0 (compatible; SemrushBot/7~bl; +http://www.semrush.com/bot.html)"
185.191.171.10 - - [05/Apr/2026:15:03:02 +0200] "GET /tag/%D0%B7%D0%BD%D0%B0%D0%B5%D1%82%D0%B5-%D0%BB%D0%B8/page/31/ HTTP/1.1" 502 150 "-" "Mozilla/5.0 (compatible; SemrushBot/7~bl; +http://www.semrush.com/bot.html)"
66.249.77.66 - - [05/Apr/2026:15:03:03 +0200] "GET /author/netvesti/page/5/ HTTP/1.1" 502 552 "-" "Mozilla/5.0 (Linux; Android 6.0.1; Nexus 5X Build/MMB29P) AppleWebKit/537.36 (KHTML, like Gecko) Chrome/146.0.7680.177 Mobile Safari/537.36 (compatible; Googlebot/2.1; +http://www.google.com/bot.html)"
66.249.77.65 - - [05/Apr/2026:15:03:06 +0200] "GET /wp-content/uploads/2025/03/hq720-356x220.jpg HTTP/1.1" 200 19878 "-" "Googlebot-Image/1.0"
198.244.240.31 - - [05/Apr/2026:15:03:16 +0200] "GET /tag/%D0%BF%D0%B0%D0%BD%D0%B8%D0%BA%D0%B0-%D1%82%D1%80%D0%B5%D1%81%D0%B5-%D1%88%D0%B0%D0%B9%D0%BA%D0%B0%D1%82%D0%B0/page/4/ HTTP/1.1" 200 15924 "-" "Mozilla/5.0 (compatible; AhrefsBot/7.0; +http://ahrefs.com/robot/)"
8.228.88.249 - - [05/Apr/2026:15:03:26 +0200] "GET /category/%d0%b1%d1%8a%d0%bb%d0%b3%d0%b0%d1%80%d0%b8%d1%8f/feed/ HTTP/1.1" 200 25501 "-" "Mozilla/5.0 (Windows NT 6.3; WOW64; rv:33.0) Gecko/20100101 Firefox/33.0"
185.191.171.12 - - [05/Apr/2026:15:03:29 +0200] "GET /tag/%D0%B0%D0%B7/page/46/ HTTP/1.1" 200 16273 "-" "Mozilla/5.0 (compatible; SemrushBot/7~bl; +http://www.semrush.com/bot.html)"
216.73.216.187 - - [05/Apr/2026:15:03:32 +0200] "GET /wp-content/cache/page_enhanced/netvesti.com/%d1%80%d0%b0%d0%b4%d0%b5%d0%b2-%d0%b1%d1%8a%d0%bb%d0%b3%d0%b0%d1%80%d0%b8%d1%8f-%d0%bd%d1%8f%d0%bc%d0%b0-%d0%b2%d1%80%d0%b5%d0%bc%d0%b5-%d0%b7%d0%b0-%d0%bf%d0%b8%d0%bb%d0%b5%d0%b5%d0%bd%d0%b5-%d0%b7/_index_ssl.html_old HTTP/1.1" 200 162558 "-" "Mozilla/5.0 AppleWebKit/537.36 (KHTML, like Gecko; compatible; ClaudeBot/1.0; +claudebot@anthropic.com)"
216.73.216.187 - - [05/Apr/2026:15:03:32 +0200] "GET /wp-content/themes/Newspaper/images/panel/top_bar_templates/icon-top-bar-1.png HTTP/1.1" 200 1095 "-" "Mozilla/5.0 AppleWebKit/537.36 (KHTML, like Gecko; compatible; ClaudeBot/1.0; +claudebot@anthropic.com)"
116.179.32.210 - - [05/Apr/2026:15:03:39 +0200] "GET /search/%D0%9A%D0%BE%D1%80%D0%BD%D0%B5%D0%BB%D0%B8%D1%8F+%D0%9D%D0%B8%D0%BD%D0%BE%D0%B2%D0%B0/page/3/ HTTP/1.1" 200 16159 "-" "Mozilla/5.0 (compatible; Baiduspider/2.0; +http://www.baidu.com/search/spider.html)"
154.81.230.26 - - [05/Apr/2026:15:04:06 +0200] "GET /wp-content/plugins/jetpack/modules/infinite-scroll/infinity.php HTTP/1.1" 500 0 "https://netvesti.com/" "Mozilla/5.0 (Windows NT 10.0; Win64; x64) AppleWebKit/537.36 (KHTML, like Gecko) Chrome/135.0.0.0 Safari/537.36"
216.73.216.187 - - [05/Apr/2026:15:04:07 +0200] "GET /wp-content/cache/page_enhanced/netvesti.com/fibank-%d1%89%d0%b5-%d0%b5%d0%bc%d0%b8%d1%82%d0%b8%d1%80%d0%b0-%d0%b4%d0%be-25-%d0%bc%d0%bb%d0%bd-%d0%bd%d0%be%d0%b2%d0%b8-%d0%b0%d0%ba%d1%86%d0%b8%d0%b8/?C=S&O=D HTTP/1.1" 200 417 "-" "Mozilla/5.0 AppleWebKit/537.36 (KHTML, like Gecko; compatible; ClaudeBot/1.0; +claudebot@anthropic.com)"
216.73.216.187 - - [05/Apr/2026:15:04:07 +0200] "GET /wp-content/cache/page_enhanced/netvesti.com/%d1%80%d0%b0%d0%b4%d0%b5%d0%b2-%d0%b1%d1%8a%d0%bb%d0%b3%d0%b0%d1%80%d0%b8%d1%8f-%d0%bd%d1%8f%d0%bc%d0%b0-%d0%b2%d1%80%d0%b5%d0%bc%d0%b5-%d0%b7%d0%b0-%d0%bf%d0%b8%d0%bb%d0%b5%d0%b5%d0%bd%d0%b5-%d0%b7/_index_ssl.html_gzip_old HTTP/1.1" 200 30107 "-" "Mozilla/5.0 AppleWebKit/537.36 (KHTML, like Gecko; compatible; ClaudeBot/1.0; +claudebot@anthropic.com)"
44.205.120.22 - - [05/Apr/2026:15:04:08 +0200] "GET /wp-content/cache/page_enhanced/netvesti.com/tag/%D0%B1%D0%B8%D0%B2%D1%88%D0%B8%D1%8F%D1%82-%D0%BF%D1%80%D0%B5%D0%BC%D0%B8%D0%B5%D1%80-%D0%BD%D0%B0-%D0%BA%D0%BE%D0%BB%D0%B5%D0%BD%D0%B5-%D0%BF%D1%80%D0%B5%D0%B4-%D0%BC%D0%B2%D1%80-%D1%88%D0%B5%D1%84/page/?C=N;O%3DA HTTP/1.1" 200 461 "-" "Mozilla/5.0 AppleWebKit/537.36 (KHTML, like Gecko; compatible; Amazonbot/0.1; +https://developer.amazon.com/support/amazonbot) Chrome/119.0.6045.214 Safari/537.36"
216.73.216.187 - - [05/Apr/2026:15:04:14 +0200] "GET /wp-content/cache/page_enhanced/netvesti.com/fibank-%d1%89%d0%b5-%d0%b5%d0%bc%d0%b8%d1%82%d0%b8%d1%80%d0%b0-%d0%b4%d0%be-25-%d0%bc%d0%bb%d0%bd-%d0%bd%d0%be%d0%b2%d0%b8-%d0%b0%d0%ba%d1%86%d0%b8%d0%b8/?C=D&O=D HTTP/1.1" 200 417 "-" "Mozilla/5.0 AppleWebKit/537.36 (KHTML, like Gecko; compatible; ClaudeBot/1.0; +claudebot@anthropic.com)"
216.73.216.187 - - [05/Apr/2026:15:04:15 +0200] "GET /wp-content/cache/page_enhanced/netvesti.com/fibank-%d1%89%d0%b5-%d0%b5%d0%bc%d0%b8%d1%82%d0%b8%d1%80%d0%b0-%d0%b4%d0%be-25-%d0%bc%d0%bb%d0%bd-%d0%bd%d0%be%d0%b2%d0%b8-%d0%b0%d0%ba%d1%86%d0%b8%d0%b8/?C=M&O=D HTTP/1.1" 200 417 "-" "Mozilla/5.0 AppleWebKit/537.36 (KHTML, like Gecko; compatible; ClaudeBot/1.0; +claudebot@anthropic.com)"
185.191.171.4 - - [05/Apr/2026:15:04:29 +0200] "GET /tag/%D0%BC%D0%BB%D0%B0%D0%B4-%D0%BB%D0%B5%D0%BA%D0%B0%D1%80-%D1%80%D0%B0%D0%B7%D0%B1%D0%B8-%D0%BD%D0%B0-%D0%BF%D1%83%D1%85-%D0%B8-%D0%BF%D1%80%D0%B0%D1%85-%D0%BF%D0%B0%D0%B7%D0%B0%D1%80%D0%BD%D0%B8%D1%8F/ HTTP/1.1" 200 13506 "-" "Mozilla/5.0 (compatible; SemrushBot/7~bl; +http://www.semrush.com/bot.html)"
85.208.96.204 - - [05/Apr/2026:15:04:55 +0200] "GET /tag/%D0%BA%D0%BE%D1%81%D1%82%D0%B0%D0%B4%D0%B8%D0%BD%D0%BE%D0%B2/page/18/ HTTP/1.1" 200 16483 "-" "Mozilla/5.0 (compatible; SemrushBot/7~bl; +http://www.semrush.com/bot.html)"
85.208.96.211 - - [05/Apr/2026:15:04:59 +0200] "GET /tag/%D0%B0%D0%BB%D0%B5%D0%BA%D1%81%D0%B0%D0%BD%D0%B4%D1%8A%D1%80-%D0%B2%D1%83%D1%87%D0%B8%D1%87/page/6/ HTTP/1.1" 200 16561 "-" "Mozilla/5.0 (compatible; SemrushBot/7~bl; +http://www.semrush.com/bot.html)"
216.73.216.187 - - [05/Apr/2026:15:05:11 +0200] "GET /wp-content/cache/page_enhanced/netvesti.com/%d1%80%d0%b0%d0%b4%d0%b5%d0%b2-%d0%b1%d1%8a%d0%bb%d0%b3%d0%b0%d1%80%d0%b8%d1%8f-%d0%bd%d1%8f%d0%bc%d0%b0-%d0%b2%d1%80%d0%b5%d0%bc%d0%b5-%d0%b7%d0%b0-%d0%bf%d0%b8%d0%bb%d0%b5%d0%b5%d0%bd%d0%b5-%d0%b7/?C=S&O=A HTTP/1.1" 200 414 "-" "Mozilla/5.0 AppleWebKit/537.36 (KHTML, like Gecko; compatible; ClaudeBot/1.0; +claudebot@anthropic.com)"
216.73.216.187 - - [05/Apr/2026:15:05:11 +0200] "GET /wp-content/cache/page_enhanced/netvesti.com/fibank-%d1%89%d0%b5-%d0%b5%d0%bc%d0%b8%d1%82%d0%b8%d1%80%d0%b0-%d0%b4%d0%be-25-%d0%bc%d0%bb%d0%bd-%d0%bd%d0%be%d0%b2%d0%b8-%d0%b0%d0%ba%d1%86%d0%b8%d0%b8/?C=N&O=A HTTP/1.1" 200 418 "-" "Mozilla/5.0 AppleWebKit/537.36 (KHTML, like Gecko; compatible; ClaudeBot/1.0; +claudebot@anthropic.com)"
66.249.77.65 - - [05/Apr/2026:15:05:17 +0200] "GET /%D0%BC%D0%B0%D0%BD%D0%B3%D1%8A%D1%80%D0%BE%D0%B2-%D0%B2%D0%B0%D0%BA%D1%81%D0%B8%D0%BD%D0%B8%D1%80%D0%B0%D0%B9%D1%82%D0%B5-%D0%B2%D1%8A%D0%B7%D1%80%D0%B0%D1%81%D1%82%D0%BD%D0%B8%D1%82%D0%B5-%D1%81/ HTTP/1.1" 200 19698 "-" "Mozilla/5.0 (Linux; Android 6.0.1; Nexus 5X Build/MMB29P) AppleWebKit/537.36 (KHTML, like Gecko) Chrome/146.0.7680.177 Mobile Safari/537.36 (compatible; GoogleOther)"
47.82.10.242 - - [05/Apr/2026:15:05:22 +0200] "GET /tag/netvesti/page/36/ HTTP/1.1" 200 16338 "https://netvesti.com/" "Mozilla/5.0 (Macintosh; Intel Mac OS X 10_15_7) AppleWebKit/605.1.15 (KHTML, like Gecko) Version/18.3.1 Safari/605.1.15"
116.179.32.168 - - [05/Apr/2026:15:05:25 +0200] "GET /wp-content/uploads/2021/09/768x432-356x220.jpg HTTP/1.1" 200 12348 "-" "Baiduspider-image+(+http://www.baidu.com/search/spider.htm)"
116.179.37.17 - - [05/Apr/2026:15:05:33 +0200] "GET /wp-content/uploads/2020/12/dec897895b26a361a6f526e5d3d71095-150x150.jpg HTTP/1.1" 200 4913 "https://netvesti.com/search/%D0%9A%D0%BE%D1%80%D0%BD%D0%B5%D0%BB%D0%B8%D1%8F+%D0%9D%D0%B8%D0%BD%D0%BE%D0%B2%D0%B0/page/3/" "Mozilla/5.0 (compatible; Baiduspider-render/2.0; +http://www.baidu.com/search/spider.html)"
116.179.37.99 - - [05/Apr/2026:15:05:33 +0200] "GET /wp-content/uploads/2021/01/ninova23456-150x150.jpg HTTP/1.1" 200 4915 "https://netvesti.com/search/%D0%9A%D0%BE%D1%80%D0%BD%D0%B5%D0%BB%D0%B8%D1%8F+%D0%9D%D0%B8%D0%BD%D0%BE%D0%B2%D0%B0/page/3/" "Mozilla/5.0 (compatible; Baiduspider-render/2.0; +http://www.baidu.com/search/spider.html)"
116.179.37.77 - - [05/Apr/2026:15:05:33 +0200] "GET /wp-content/uploads/2021/01/screenshot567418-750x375-150x150.jpg HTTP/1.1" 200 7233 "https://netvesti.com/search/%D0%9A%D0%BE%D1%80%D0%BD%D0%B5%D0%BB%D0%B8%D1%8F+%D0%9D%D0%B8%D0%BD%D0%BE%D0%B2%D0%B0/page/3/" "Mozilla/5.0 (compatible; Baiduspider-render/2.0; +http://www.baidu.com/search/spider.html)"
116.179.37.188 - - [05/Apr/2026:15:05:33 +0200] "GET /wp-content/uploads/2020/12/big_129544740_1298606263830014_5201818373400163422_n-150x150.jpg HTTP/1.1" 200 6778 "https://netvesti.com/search/%D0%9A%D0%BE%D1%80%D0%BD%D0%B5%D0%BB%D0%B8%D1%8F+%D0%9D%D0%B8%D0%BD%D0%BE%D0%B2%D0%B0/page/3/" "Mozilla/5.0 (compatible; Baiduspider-render/2.0; +http://www.baidu.com/search/spider.html)"
116.179.37.239 - - [05/Apr/2026:15:05:33 +0200] "GET /wp-content/uploads/2020/11/ninova-nali-borisov-ne-podade-ostavka-za-da-gotvi-stranata-za-vtorata-valna-1-150x150.jpg HTTP/1.1" 200 5203 "https://netvesti.com/search/%D0%9A%D0%BE%D1%80%D0%BD%D0%B5%D0%BB%D0%B8%D1%8F+%D0%9D%D0%B8%D0%BD%D0%BE%D0%B2%D0%B0/page/3/" "Mozilla/5.0 (compatible; Baiduspider-render/2.0; +http://www.baidu.com/search/spider.html)"
116.179.37.170 - - [05/Apr/2026:15:05:33 +0200] "GET /wp-content/uploads/2020/09/ninova-150x150.jpg HTTP/1.1" 200 5479 "https://netvesti.com/search/%D0%9A%D0%BE%D1%80%D0%BD%D0%B5%D0%BB%D0%B8%D1%8F+%D0%9D%D0%B8%D0%BD%D0%BE%D0%B2%D0%B0/page/3/" "Mozilla/5.0 (compatible; Baiduspider-render/2.0; +http://www.baidu.com/search/spider.html)"
116.179.37.146 - - [05/Apr/2026:15:05:34 +0200] "GET /wp-content/uploads/2020/07/d0bdd0b8d0bdd0bed0b2d0b0-d181d0b5-d0b8d0b7d0b2d0b8d0bdd0b8-d0bdd0b0-d0bfd0bed0bbd0b8d186d0b0d0b8d182d0b5-d187d0b5-d181d0b0d0bcd0b0-d0b8-150x150.jpg HTTP/1.1" 200 4633 "https://netvesti.com/search/%D0%9A%D0%BE%D1%80%D0%BD%D0%B5%D0%BB%D0%B8%D1%8F+%D0%9D%D0%B8%D0%BD%D0%BE%D0%B2%D0%B0/page/3/" "Mozilla/5.0 (compatible; Baiduspider-render/2.0; +http://www.baidu.com/search/spider.html)"
116.179.37.170 - - [05/Apr/2026:15:05:35 +0200] "GET /wp-content/uploads/2021/03/ninova-rthth-150x150.jpg HTTP/1.1" 200 5097 "https://netvesti.com/search/%D0%9A%D0%BE%D1%80%D0%BD%D0%B5%D0%BB%D0%B8%D1%8F+%D0%9D%D0%B8%D0%BD%D0%BE%D0%B2%D0%B0/page/3/" "Mozilla/5.0 (compatible; Baiduspider-render/2.0; +http://www.baidu.com/search/spider.html)"
116.179.37.101 - - [05/Apr/2026:15:05:36 +0200] "GET /wp-content/uploads/2020/10/php9rjugs_800x_-731x1024-150x150.jpg HTTP/1.1" 200 5268 "https://netvesti.com/search/%D0%9A%D0%BE%D1%80%D0%BD%D0%B5%D0%BB%D0%B8%D1%8F+%D0%9D%D0%B8%D0%BD%D0%BE%D0%B2%D0%B0/page/3/" "Mozilla/5.0 (compatible; Baiduspider-render/2.0; +http://www.baidu.com/search/spider.html)"
116.179.37.194 - - [05/Apr/2026:15:05:37 +0200] "GET /wp-content/uploads/2025/08/IMAGE_13455074_40_0-356x220.jpg HTTP/1.1" 200 11079 "https://netvesti.com/search/%D0%9A%D0%BE%D1%80%D0%BD%D0%B5%D0%BB%D0%B8%D1%8F+%D0%9D%D0%B8%D0%BD%D0%BE%D0%B2%D0%B0/page/3/" "Mozilla/5.0 (compatible; Baiduspider-render/2.0; +http://www.baidu.com/search/spider.html)"
17.241.227.185 - - [05/Apr/2026:15:05:45 +0200] "GET /tag/%D0%BE%D0%BF%D1%80%D0%BE%D1%81%D1%82%D0%B0%D1%87%D0%B8%D1%85%D0%BC%D0%B5-%D1%81%D0%B5/page/17/ HTTP/1.1" 200 16270 "-" "Mozilla/5.0 (Macintosh; Intel Mac OS X 10_15_7) AppleWebKit/605.1.15 (KHTML, like Gecko) Version/17.4 Safari/605.1.15 (Applebot/0.1; +http://www.apple.com/go/applebot)"
40.77.167.132 - - [05/Apr/2026:15:05:53 +0200] "GET /%D1%81%D0%B8%D0%BD%D1%8A%D1%82-%D0%BD%D0%B0-%D1%82%D1%80%D1%8A%D0%BC%D0%BF-%D0%B7%D0%B0-%D0%BF%D0%BE%D0%B6%D0%B0%D1%80%D0%B8%D1%82%D0%B5-%D0%B2-%D0%BA%D0%B0%D0%BB%D0%B8%D1%84%D0%BE%D1%80%D0%BD%D0%B8/ HTTP/1.1" 200 26609 "-" "Mozilla/5.0 AppleWebKit/537.36 (KHTML, like Gecko; compatible; bingbot/2.0; +http://www.bing.com/bingbot.htm) Chrome/116.0.1938.76 Safari/537.36"
40.77.167.132 - - [05/Apr/2026:15:05:55 +0200] "GET /tag/%D0%B8%D0%BD%D1%84%D0%B5%D0%BA%D1%86%D0%B8%D1%8F%D1%82%D0%B0/ HTTP/1.1" 200 13960 "-" "Mozilla/5.0 AppleWebKit/537.36 (KHTML, like Gecko; compatible; bingbot/2.0; +http://www.bing.com/bingbot.htm) Chrome/116.0.1938.76 Safari/537.36"
216.73.216.187 - - [05/Apr/2026:15:06:00 +0200] "GET /wp-content/cache/page_enhanced/netvesti.com/%d1%80%d0%b0%d0%b4%d0%b5%d0%b2-%d0%b1%d1%8a%d0%bb%d0%b3%d0%b0%d1%80%d0%b8%d1%8f-%d0%bd%d1%8f%d0%bc%d0%b0-%d0%b2%d1%80%d0%b5%d0%bc%d0%b5-%d0%b7%d0%b0-%d0%bf%d0%b8%d0%bb%d0%b5%d0%b5%d0%bd%d0%b5-%d0%b7/?C=M&O=A HTTP/1.1" 200 415 "-" "Mozilla/5.0 AppleWebKit/537.36 (KHTML, like Gecko; compatible; ClaudeBot/1.0; +claudebot@anthropic.com)"
52.167.144.198 - - [05/Apr/2026:15:06:01 +0200] "GET /%D0%BC%D0%B8%D0%BA%D0%B0-%D0%B7%D0%B0%D0%B9%D0%BA%D0%BE%D0%B2%D0%B0-%D0%B7%D0%B0%D0%B3%D1%83%D0%B1%D0%B0%D1%82%D0%B0-%D0%BD%D0%B0-%D0%B1%D1%8A%D0%BB%D0%B3%D0%B0%D1%80%D0%B8%D1%8F-%D0%B5-%D0%BD%D0%B0/ HTTP/1.1" 200 37991 "-" "Mozilla/5.0 AppleWebKit/537.36 (KHTML, like Gecko; compatible; bingbot/2.0; +http://www.bing.com/bingbot.htm) Chrome/116.0.1938.76 Safari/537.36"
216.73.216.187 - - [05/Apr/2026:15:06:01 +0200] "GET /wp-content/cache/page_enhanced/netvesti.com/%d1%80%d0%b0%d0%b4%d0%b5%d0%b2-%d0%b1%d1%8a%d0%bb%d0%b3%d0%b0%d1%80%d0%b8%d1%8f-%d0%bd%d1%8f%d0%bc%d0%b0-%d0%b2%d1%80%d0%b5%d0%bc%d0%b5-%d0%b7%d0%b0-%d0%bf%d0%b8%d0%bb%d0%b5%d0%b5%d0%bd%d0%b5-%d0%b7/?C=D&O=A HTTP/1.1" 502 150 "-" "Mozilla/5.0 AppleWebKit/537.36 (KHTML, like Gecko; compatible; ClaudeBot/1.0; +claudebot@anthropic.com)"
216.73.216.187 - - [05/Apr/2026:15:06:06 +0200] "GET /wp-content/cache/page_enhanced/netvesti.com/%d1%82%d1%80%d1%8a%d0%bc%d0%bf-%d0%ba%d1%80%d0%b0%d0%b9%d0%bd%d0%be%d0%bb%d1%8f%d0%b2%d0%b0%d1%82%d0%b0-%d0%bf%d0%b0%d0%bf%d0%bb%d0%b0%d1%87-%d1%81%d0%b5-%d0%be%d0%bf%d0%b8%d1%82%d0%b2%d0%b0-%d0%b4/?C=M&O=D HTTP/1.1" 200 425 "-" "Mozilla/5.0 AppleWebKit/537.36 (KHTML, like Gecko; compatible; ClaudeBot/1.0; +claudebot@anthropic.com)"
216.73.216.187 - - [05/Apr/2026:15:06:06 +0200] "GET /wp-content/cache/page_enhanced/netvesti.com/%d1%82%d1%80%d1%8a%d0%bc%d0%bf-%d0%ba%d1%80%d0%b0%d0%b9%d0%bd%d0%be%d0%bb%d1%8f%d0%b2%d0%b0%d1%82%d0%b0-%d0%bf%d0%b0%d0%bf%d0%bb%d0%b0%d1%87-%d1%81%d0%b5-%d0%be%d0%bf%d0%b8%d1%82%d0%b2%d0%b0-%d0%b4/?C=S&O=D HTTP/1.1" 200 425 "-" "Mozilla/5.0 AppleWebKit/537.36 (KHTML, like Gecko; compatible; ClaudeBot/1.0; +claudebot@anthropic.com)"
66.249.77.66 - - [05/Apr/2026:15:06:07 +0200] "GET /chef-%D0%BC%D0%B8%D1%85%D0%B0%D0%BB%D1%87%D0%B5%D0%B2-%D1%81%D1%80%D0%B0%D0%B2%D0%BD%D0%B8-%D1%83%D1%87%D0%B0%D1%81%D1%82%D0%BD%D0%B8%D0%BA-%D1%81-%D0%B4%D0%B6%D0%B5%D0%B4%D0%B0%D0%B9-%D0%B2-%D0%BA/ HTTP/1.1" 200 25798 "-" "Mozilla/5.0 (Linux; Android 6.0.1; Nexus 5X Build/MMB29P) AppleWebKit/537.36 (KHTML, like Gecko) Chrome/146.0.7680.177 Mobile Safari/537.36 (compatible; Googlebot/2.1; +http://www.google.com/bot.html)"
85.208.96.195 - - [05/Apr/2026:15:06:29 +0200] "GET /tag/%D0%BD%D0%BE%D0%B2%D0%B8%D0%BD%D0%B8/page/134/ HTTP/1.1" 200 16094 "-" "Mozilla/5.0 (compatible; SemrushBot/7~bl; +http://www.semrush.com/bot.html)"
185.191.171.3 - - [05/Apr/2026:15:06:31 +0200] "GET /tag/criminal/page/176/ HTTP/1.1" 200 16229 "-" "Mozilla/5.0 (compatible; SemrushBot/7~bl; +http://www.semrush.com/bot.html)"
91.92.243.248 - - [05/Apr/2026:15:06:40 +0200] "POST /wp-login.php HTTP/1.1" 200 1554 "-" "Mozilla/5.0"
91.92.243.248 - - [05/Apr/2026:15:06:40 +0200] "POST /wp-login.php HTTP/1.1" 200 1554 "-" "Mozilla/5.0"
91.92.243.248 - - [05/Apr/2026:15:06:40 +0200] "POST /wp-login.php HTTP/1.1" 200 1552 "-" "Mozilla/5.0"
91.92.243.248 - - [05/Apr/2026:15:06:40 +0200] "POST /wp-login.php HTTP/1.1" 200 1550 "-" "Mozilla/5.0"
91.92.243.248 - - [05/Apr/2026:15:06:41 +0200] "POST /wp-login.php HTTP/1.1" 200 1551 "-" "Mozilla/5.0"
91.92.243.248 - - [05/Apr/2026:15:06:41 +0200] "POST /wp-login.php HTTP/1.1" 200 1539 "-" "Mozilla/5.0"
91.92.243.248 - - [05/Apr/2026:15:06:41 +0200] "POST /wp-login.php HTTP/1.1" 200 1552 "-" "Mozilla/5.0"
91.92.243.248 - - [05/Apr/2026:15:06:41 +0200] "POST /wp-login.php HTTP/1.1" 200 1550 "-" "Mozilla/5.0"
91.92.243.248 - - [05/Apr/2026:15:06:41 +0200] "POST /wp-login.php HTTP/1.1" 200 1554 "-" "Mozilla/5.0"
91.92.243.248 - - [05/Apr/2026:15:06:41 +0200] "POST /wp-login.php HTTP/1.1" 200 1553 "-" "Mozilla/5.0"
91.92.243.248 - - [05/Apr/2026:15:06:41 +0200] "POST /wp-login.php HTTP/1.1" 200 1554 "-" "Mozilla/5.0"
100.25.120.246 - - [05/Apr/2026:15:06:52 +0200] "GET /wp-content/cache/page_enhanced/netvesti.com/category/%D0%BD%D0%BE%D0%B2%D0%B8%D0%BD%D0%B8/page/25/?C=M;O%3DD HTTP/1.1" 200 396 "-" "Mozilla/5.0 AppleWebKit/537.36 (KHTML, like Gecko; compatible; Amazonbot/0.1; +https://developer.amazon.com/support/amazonbot) Chrome/119.0.6045.214 Safari/537.36"
185.191.171.1 - - [05/Apr/2026:15:06:57 +0200] "GET /tag/%D0%B1%D0%BD%D0%B1/ HTTP/1.1" 200 13540 "-" "Mozilla/5.0 (compatible; SemrushBot/7~bl; +http://www.semrush.com/bot.html)"
85.208.96.196 - - [05/Apr/2026:15:07:09 +0200] "GET /tag/%D0%B0%D0%BA%D1%82%D1%83%D0%B0%D0%BB%D0%BD%D0%B8-%D0%BD%D0%BE%D0%B2%D0%B8%D0%BD%D0%B8/page/427/ HTTP/1.1" 200 16409 "-" "Mozilla/5.0 (compatible; SemrushBot/7~bl; +http://www.semrush.com/bot.html)"
185.191.171.13 - - [05/Apr/2026:15:07:13 +0200] "GET /tag/%D0%B0%D0%BA%D0%BE-%D0%B7%D0%BD%D0%B0%D0%B5%D1%85/page/16/ HTTP/1.1" 200 16785 "-" "Mozilla/5.0 (compatible; SemrushBot/7~bl; +http://www.semrush.com/bot.html)"
216.73.216.187 - - [05/Apr/2026:15:07:13 +0200] "GET /wp-content/cache/page_enhanced/netvesti.com/%d1%82%d1%80%d1%8a%d0%bc%d0%bf-%d0%ba%d1%80%d0%b0%d0%b9%d0%bd%d0%be%d0%bb%d1%8f%d0%b2%d0%b0%d1%82%d0%b0-%d0%bf%d0%b0%d0%bf%d0%bb%d0%b0%d1%87-%d1%81%d0%b5-%d0%be%d0%bf%d0%b8%d1%82%d0%b2%d0%b0-%d0%b4/?C=N&O=A HTTP/1.1" 200 426 "-" "Mozilla/5.0 AppleWebKit/537.36 (KHTML, like Gecko; compatible; ClaudeBot/1.0; +claudebot@anthropic.com)"
216.73.216.187 - - [05/Apr/2026:15:07:13 +0200] "GET /wp-content/themes/Newspaper/includes/demos/blog_fitness/pages/xxx_td_pic_p2_xxx HTTP/1.1" 404 12111 "-" "Mozilla/5.0 AppleWebKit/537.36 (KHTML, like Gecko; compatible; ClaudeBot/1.0; +claudebot@anthropic.com)"
220.181.108.169 - - [05/Apr/2026:15:07:14 +0200] "GET /wp-content/uploads/2021/07/wefwef-356x220.png HTTP/1.1" 200 109039 "-" "Baiduspider-image+(+http://www.baidu.com/search/spider.htm)"
51.195.244.177 - - [05/Apr/2026:15:07:24 +0200] "GET /tag/%D1%80%D0%B0%D0%B4%D0%B5%D0%B2-%D0%B1%D0%B5%D1%81%D0%B5%D0%BD/page/2/ HTTP/1.1" 200 15067 "-" "Mozilla/5.0 (compatible; AhrefsBot/7.0; +http://ahrefs.com/robot/)"
216.73.216.187 - - [05/Apr/2026:15:07:29 +0200] "GET /wp-content/cache/page_enhanced/netvesti.com/%d1%80%d0%b0%d0%b4%d0%b5%d0%b2-%d0%b1%d1%8a%d0%bb%d0%b3%d0%b0%d1%80%d0%b8%d1%8f-%d0%bd%d1%8f%d0%bc%d0%b0-%d0%b2%d1%80%d0%b5%d0%bc%d0%b5-%d0%b7%d0%b0-%d0%bf%d0%b8%d0%bb%d0%b5%d0%b5%d0%bd%d0%b5-%d0%b7/?C=N&O=D HTTP/1.1" 200 412 "-" "Mozilla/5.0 AppleWebKit/537.36 (KHTML, like Gecko; compatible; ClaudeBot/1.0; +claudebot@anthropic.com)"
216.73.216.187 - - [05/Apr/2026:15:07:29 +0200] "GET /wp-content/cache/page_enhanced/netvesti.com/%d1%82%d1%80%d1%8a%d0%bc%d0%bf-%d0%ba%d1%80%d0%b0%d0%b9%d0%bd%d0%be%d0%bb%d1%8f%d0%b2%d0%b0%d1%82%d0%b0-%d0%bf%d0%b0%d0%bf%d0%bb%d0%b0%d1%87-%d1%81%d0%b5-%d0%be%d0%bf%d0%b8%d1%82%d0%b2%d0%b0-%d0%b4/?C=D&O=D HTTP/1.1" 200 425 "-" "Mozilla/5.0 AppleWebKit/537.36 (KHTML, like Gecko; compatible; ClaudeBot/1.0; +claudebot@anthropic.com)"
8.228.88.249 - - [05/Apr/2026:15:07:36 +0200] "GET /category/%d0%bd%d0%be%d0%b2%d0%b8%d0%bd%d0%b8/feed/ HTTP/1.1" 200 43059 "-" "Mozilla/5.0 (Windows NT 6.3; WOW64; rv:33.0) Gecko/20100101 Firefox/33.0"
2a03:2880:32ff:73:: - - [05/Apr/2026:15:07:51 +0200] "GET /wp-content/uploads/2022/04/neshka-robeva_600x400.jpg HTTP/1.1" 200 27970 "-" "facebookexternalhit/1.1 (+http://www.facebook.com/externalhit_uatext.php)"
216.73.216.187 - - [05/Apr/2026:15:08:08 +0200] "GET /wp-content/uploads/2025/10/568495046_1309889624510747_5602059579119340097_n-324x235.jpg HTTP/1.1" 502 150 "-" "Mozilla/5.0 AppleWebKit/537.36 (KHTML, like Gecko; compatible; ClaudeBot/1.0; +claudebot@anthropic.com)"
8.228.88.249 - - [05/Apr/2026:15:08:21 +0200] "GET /category/world/feed/ HTTP/1.1" 200 25594 "-" "Mozilla/5.0 (Windows NT 6.3; WOW64; rv:33.0) Gecko/20100101 Firefox/33.0"
185.191.171.3 - - [05/Apr/2026:15:08:33 +0200] "GET /tag/%D0%B2%D0%BC%D0%B5%D1%81%D1%82%D0%BE-%D0%B4%D0%B0-%D0%BF%D1%80%D0%B5%D0%B2%D1%80%D1%8A%D1%89%D0%B0%D1%82%D0%B5-%D0%B1%D1%8A%D0%BB%D0%B3%D0%B0%D1%80%D0%B8%D1%8F-%D0%B2-%D0%B1%D0%BE%D0%B9%D0%BD%D0%BE/page/34/ HTTP/1.1" 200 16339 "-" "Mozilla/5.0 (compatible; SemrushBot/7~bl; +http://www.semrush.com/bot.html)"
216.73.216.187 - - [05/Apr/2026:15:08:41 +0200] "GET /wp-content/themes/Newspaper/includes/demos/blog_fitness/pages/xxx_td_pic_p1_xxx HTTP/1.1" 404 12110 "-" "Mozilla/5.0 AppleWebKit/537.36 (KHTML, like Gecko; compatible; ClaudeBot/1.0; +claudebot@anthropic.com)"
196.189.27.25 - - [05/Apr/2026:15:08:43 +0200] "GET /wp-content/themes/Newspaper/mobile/woocommerce/archive-product.php HTTP/1.1" 500 0 "https://netvesti.com/" "Mozilla/5.0 (Windows NT 10.0; Win64; x64) AppleWebKit/537.36 (KHTML, like Gecko) Chrome/135.0.0.0 Safari/537.36"
85.208.96.209 - - [05/Apr/2026:15:08:57 +0200] "GET /tag/novena/page/257/ HTTP/1.1" 200 17495 "-" "Mozilla/5.0 (compatible; SemrushBot/7~bl; +http://www.semrush.com/bot.html)"
220.181.108.103 - - [05/Apr/2026:15:08:59 +0200] "GET /wp-content/uploads/2020/05/d0b1d0bed180d0b8d181d0bed0b2-d0b1d0b8d182d0bad0b0d182d0b0-d181-d0bad0bed180d0bed0bdd0b0d0b2d0b8d180d183d181d0b0-d0bdd0b5-d0b5-d0bed182.jpg HTTP/1.1" 200 33068 "-" "Baiduspider-image+(+http://www.baidu.com/search/spider.htm)"
66.249.77.66 - - [05/Apr/2026:15:09:11 +0200] "GET /%D0%B2%D1%8A%D1%80%D1%85%D1%83-%D0%BA%D0%BE%D0%B8-%D0%BF%D1%80%D0%B5%D0%B4%D0%BC%D0%B5%D1%82%D0%B8-%D0%BD%D0%B5-%D1%82%D1%80%D1%8F%D0%B1%D0%B2%D0%B0-%D0%B4%D0%B0-%D0%BF%D1%80%D0%B8%D0%BB%D0%B0%D0%B3/ HTTP/1.1" 200 25687 "-" "Mozilla/5.0 (Linux; Android 6.0.1; Nexus 5X Build/MMB29P) AppleWebKit/537.36 (KHTML, like Gecko) Chrome/146.0.7680.177 Mobile Safari/537.36 (compatible; Googlebot/2.1; +http://www.google.com/bot.html)"
34.227.156.153 - - [05/Apr/2026:15:09:17 +0200] "GET /wp-content/themes/Newspaper/includes/demos/old_fashioned/td_media_1.php HTTP/1.1" 500 0 "-" "Mozilla/5.0 AppleWebKit/537.36 (KHTML, like Gecko; compatible; Amazonbot/0.1; +https://developer.amazon.com/support/amazonbot) Chrome/119.0.6045.214 Safari/537.36"
18.209.201.119 - - [05/Apr/2026:15:09:40 +0200] "GET /wp-content/themes/Newspaper/includes/demos/old_fashioned/images/?C=S;O%3DA HTTP/1.1" 200 335 "-" "Mozilla/5.0 AppleWebKit/537.36 (KHTML, like Gecko; compatible; Amazonbot/0.1; +https://developer.amazon.com/support/amazonbot) Chrome/119.0.6045.214 Safari/537.36"
40.77.167.2 - - [05/Apr/2026:15:09:52 +0200] "GET /tag/%D1%86%D0%B8%D1%82%D0%B0%D1%82/ HTTP/1.1" 200 16129 "-" "Mozilla/5.0 AppleWebKit/537.36 (KHTML, like Gecko; compatible; bingbot/2.0; +http://www.bing.com/bingbot.htm) Chrome/116.0.1938.76 Safari/537.36"
66.249.77.64 - - [05/Apr/2026:15:09:52 +0200] "GET /wp-content/uploads/2025/01/ggfff-356x220.jpg HTTP/1.1" 200 9731 "-" "Googlebot-Image/1.0"
40.77.167.2 - - [05/Apr/2026:15:09:53 +0200] "GET /tag/%D0%B7%D0%BE%D0%B2%D0%B0%D1%82-%D1%80%D0%B0%D0%B4%D0%B5%D0%B2-%D0%B8-%D1%81%D0%BB%D1%83%D0%B6%D0%B5%D0%B1%D0%BD%D0%BE%D1%82%D0%BE-%D0%BF%D1%80%D0%B0%D0%B2%D0%B8%D1%82%D0%B5%D0%BB%D1%81%D1%82%D0%B2/ HTTP/1.1" 200 16424 "-" "Mozilla/5.0 AppleWebKit/537.36 (KHTML, like Gecko; compatible; bingbot/2.0; +http://www.bing.com/bingbot.htm) Chrome/116.0.1938.76 Safari/537.36"
40.77.167.2 - - [05/Apr/2026:15:09:54 +0200] "GET /tag/%D0%B4%D0%B0%D0%BD%D1%8A%D1%86%D0%B8/ HTTP/1.1" 200 13669 "-" "Mozilla/5.0 AppleWebKit/537.36 (KHTML, like Gecko; compatible; bingbot/2.0; +http://www.bing.com/bingbot.htm) Chrome/116.0.1938.76 Safari/537.36"
40.77.167.41 - - [05/Apr/2026:15:09:55 +0200] "GET /tag/%D0%B5%D0%BB%D0%B5%D0%BE%D0%BD%D0%BE%D1%80%D0%B0-%D0%BC%D0%B8%D1%82%D1%80%D0%BE%D1%84%D0%B0%D0%BD%D0%BE%D0%B2%D0%B0/ HTTP/1.1" 200 16349 "-" "Mozilla/5.0 AppleWebKit/537.36 (KHTML, like Gecko; compatible; bingbot/2.0; +http://www.bing.com/bingbot.htm) Chrome/116.0.1938.76 Safari/537.36"
52.167.144.19 - - [05/Apr/2026:15:09:56 +0200] "GET /tag/%D0%B9%D0%BE%D1%82%D0%BE%D0%B2%D0%B0-%D0%B7%D0%B0-%D0%BF%D1%80%D0%B5%D0%B4%D1%81%D1%82%D0%BE%D1%8F%D1%89%D0%B8%D1%82%D0%B5-%D0%BF%D1%80%D0%B5%D0%B7%D0%B8%D0%B4%D0%B5%D0%BD%D1%82%D1%81%D0%BA%D0%B8/ HTTP/1.1" 200 16373 "-" "Mozilla/5.0 AppleWebKit/537.36 (KHTML, like Gecko; compatible; bingbot/2.0; +http://www.bing.com/bingbot.htm) Chrome/116.0.1938.76 Safari/537.36"
52.167.144.19 - - [05/Apr/2026:15:09:57 +0200] "GET /tag/%D0%B2%D0%B0%D0%BA%D1%81%D0%B8%D0%BD%D0%B8%D1%80%D0%B0%D0%BD%D0%B5%D1%82%D0%BE-%D0%BD%D0%B0-%D0%BF%D0%BE%D0%BB%D0%B8%D1%82%D0%B8%D1%86%D0%B8%D1%82%D0%B5-%D0%BF%D1%80%D0%B5%D0%B4-%D0%BC%D0%B5%D0%B4/ HTTP/1.1" 200 13516 "-" "Mozilla/5.0 AppleWebKit/537.36 (KHTML, like Gecko; compatible; bingbot/2.0; +http://www.bing.com/bingbot.htm) Chrome/116.0.1938.76 Safari/537.36"
40.77.167.41 - - [05/Apr/2026:15:10:04 +0200] "GET /tag/%D0%B0%D0%BB%D0%B8%D0%B1%D0%B5%D0%B3%D0%BE%D0%B2-%D0%B2%D0%BE%D0%B4%D0%B8-%D0%BF%D0%BE%D0%BB%D0%B8%D1%82%D0%B8%D1%87%D0%B5%D1%81%D0%BA%D0%B0-%D0%B4%D0%B5%D0%B9%D0%BD%D0%BE%D1%81%D1%82-%D0%B2-%D0%BF/ HTTP/1.1" 502 552 "-" "Mozilla/5.0 AppleWebKit/537.36 (KHTML, like Gecko; compatible; bingbot/2.0; +http://www.bing.com/bingbot.htm) Chrome/116.0.1938.76 Safari/537.36"
85.208.96.208 - - [05/Apr/2026:15:10:05 +0200] "GET /%D1%83%D0%B4%D1%8A%D0%BB%D0%B6%D0%B0%D0%B2%D0%B0%D1%82-%D0%B8%D0%B7%D0%B2%D1%8A%D0%BD%D1%80%D0%B5%D0%B4%D0%BD%D0%B0%D1%82%D0%B0-%D0%B5%D0%BF%D0%B8%D0%B4%D0%B5%D0%BC%D0%B8%D1%87%D0%BD%D0%B0-%D0%BE/ HTTP/1.1" 403 218 "-" "Mozilla/5.0 (compatible; SemrushBot/7~bl; +http://www.semrush.com/bot.html)"
40.77.167.41 - - [05/Apr/2026:15:10:05 +0200] "GET /tag/%D0%B2%D0%BA%D0%BB%D1%8E%D1%87%D0%B2%D0%B0%D0%BD%D0%B5%D1%82%D0%BE-%D0%BD%D0%B8-%D0%B2-%D0%BE%D1%81%D0%B8%D0%B3%D1%83%D1%80%D1%8F%D0%B2%D0%B0%D0%BD%D0%B5%D1%82%D0%BE-%D0%BD%D0%B0-1-%D0%BC%D0%BB%D0%BD/page/4/ HTTP/1.1" 200 16503 "-" "Mozilla/5.0 AppleWebKit/537.36 (KHTML, like Gecko; compatible; bingbot/2.0; +http://www.bing.com/bingbot.htm) Chrome/116.0.1938.76 Safari/537.36"
216.73.216.187 - - [05/Apr/2026:15:10:07 +0200] "GET /wp-content/themes/Newspaper/includes/demos/blog_fitness/pages/xxx_td_pic_p3_xxx HTTP/1.1" 404 12108 "-" "Mozilla/5.0 AppleWebKit/537.36 (KHTML, like Gecko; compatible; ClaudeBot/1.0; +claudebot@anthropic.com)"
198.244.240.17 - - [05/Apr/2026:15:10:07 +0200] "GET /wp-content/uploads/2024/10/980x551_1674999985-356x220.jpg HTTP/1.1" 200 26186 "-" "Mozilla/5.0 (compatible; AhrefsBot/7.0; +http://ahrefs.com/robot/)"
14.215.163.132 - - [05/Apr/2026:15:10:07 +0200] "GET / HTTP/1.1" 301 0 "http://www.netvesti.com" "Mozilla/5.0 (iPhone; CPU iPhone OS 13_2_3 like Mac OS X) AppleWebKit/605.1.15 (KHTML, like Gecko) Version/13.0.3 Mobile/15E148 Safari/604.1"
216.73.216.187 - - [05/Apr/2026:15:10:07 +0200] "GET /wp-content/plugins/jetpack/modules/publicize/assets/?C=S&O=D HTTP/1.1" 200 502 "-" "Mozilla/5.0 AppleWebKit/537.36 (KHTML, like Gecko; compatible; ClaudeBot/1.0; +claudebot@anthropic.com)"
216.73.216.187 - - [05/Apr/2026:15:10:08 +0200] "GET /wp-content/plugins/jetpack/modules/publicize/assets/?C=D&O=D HTTP/1.1" 200 497 "-" "Mozilla/5.0 AppleWebKit/537.36 (KHTML, like Gecko; compatible; ClaudeBot/1.0; +claudebot@anthropic.com)"
216.73.216.187 - - [05/Apr/2026:15:10:08 +0200] "GET /wp-content/plugins/jetpack/modules/publicize/assets/?C=M&O=D HTTP/1.1" 200 497 "-" "Mozilla/5.0 AppleWebKit/537.36 (KHTML, like Gecko; compatible; ClaudeBot/1.0; +claudebot@anthropic.com)"
216.73.216.187 - - [05/Apr/2026:15:10:08 +0200] "GET /tag/crimi/page/135 HTTP/1.1" 301 0 "-" "Mozilla/5.0 AppleWebKit/537.36 (KHTML, like Gecko; compatible; ClaudeBot/1.0; +claudebot@anthropic.com)"
216.73.216.187 - - [05/Apr/2026:15:10:09 +0200] "GET /wp-content/plugins/jetpack/modules/publicize/?C=N&O=A HTTP/1.1" 200 389 "-" "Mozilla/5.0 AppleWebKit/537.36 (KHTML, like Gecko; compatible; ClaudeBot/1.0; +claudebot@anthropic.com)"
216.73.216.187 - - [05/Apr/2026:15:10:09 +0200] "GET /wp-content/plugins/jetpack/modules/widgets/gallery/?C=N&O=A HTTP/1.1" 200 340 "-" "Mozilla/5.0 AppleWebKit/537.36 (KHTML, like Gecko; compatible; ClaudeBot/1.0; +claudebot@anthropic.com)"
216.73.216.187 - - [05/Apr/2026:15:10:09 +0200] "GET /tag/crimi/page/135/ HTTP/1.1" 200 16478 "https://netvesti.com/tag/crimi/page/135" "Mozilla/5.0 AppleWebKit/537.36 (KHTML, like Gecko; compatible; ClaudeBot/1.0; +claudebot@anthropic.com)"
216.73.216.187 - - [05/Apr/2026:15:10:10 +0200] "GET /wp-content/plugins/jetpack/modules/publicize/?C=S&O=D HTTP/1.1" 200 394 "-" "Mozilla/5.0 AppleWebKit/537.36 (KHTML, like Gecko; compatible; ClaudeBot/1.0; +claudebot@anthropic.com)"
216.73.216.187 - - [05/Apr/2026:15:10:10 +0200] "GET /wp-content/plugins/jetpack/modules/related-posts/?C=D&O=D HTTP/1.1" 200 428 "-" "Mozilla/5.0 AppleWebKit/537.36 (KHTML, like Gecko; compatible; ClaudeBot/1.0; +claudebot@anthropic.com)"
216.73.216.187 - - [05/Apr/2026:15:10:11 +0200] "GET /wp-content/plugins/jetpack/languages/json/?C=D&O=D HTTP/1.1" 200 1049 "-" "Mozilla/5.0 AppleWebKit/537.36 (KHTML, like Gecko; compatible; ClaudeBot/1.0; +claudebot@anthropic.com)"
216.73.216.187 - - [05/Apr/2026:15:10:11 +0200] "GET /wp-content/plugins/jetpack/modules/publicize/?C=D&O=D HTTP/1.1" 200 391 "-" "Mozilla/5.0 AppleWebKit/537.36 (KHTML, like Gecko; compatible; ClaudeBot/1.0; +claudebot@anthropic.com)"
216.73.216.187 - - [05/Apr/2026:15:10:12 +0200] "GET /wp-content/plugins/jetpack/modules/related-posts/?C=M&O=D HTTP/1.1" 200 428 "-" "Mozilla/5.0 AppleWebKit/537.36 (KHTML, like Gecko; compatible; ClaudeBot/1.0; +claudebot@anthropic.com)"
216.73.216.187 - - [05/Apr/2026:15:10:12 +0200] "GET /wp-content/plugins/jetpack/languages/json/?C=M&O=D HTTP/1.1" 200 1049 "-" "Mozilla/5.0 AppleWebKit/537.36 (KHTML, like Gecko; compatible; ClaudeBot/1.0; +claudebot@anthropic.com)"
216.73.216.187 - - [05/Apr/2026:15:10:13 +0200] "GET /wp-content/plugins/jetpack/modules/publicize/?C=M&O=D HTTP/1.1" 200 391 "-" "Mozilla/5.0 AppleWebKit/537.36 (KHTML, like Gecko; compatible; ClaudeBot/1.0; +claudebot@anthropic.com)"
216.73.216.187 - - [05/Apr/2026:15:10:13 +0200] "GET /wp-content/plugins/jetpack/modules/shortcodes/js/?C=N&O=A HTTP/1.1" 200 508 "-" "Mozilla/5.0 AppleWebKit/537.36 (KHTML, like Gecko; compatible; ClaudeBot/1.0; +claudebot@anthropic.com)"
216.73.216.187 - - [05/Apr/2026:15:10:14 +0200] "GET /wp-content/plugins/jetpack/modules/widgets/gallery/?C=S&O=D HTTP/1.1" 200 336 "-" "Mozilla/5.0 AppleWebKit/537.36 (KHTML, like Gecko; compatible; ClaudeBot/1.0; +claudebot@anthropic.com)"
