216.73.216.187 - - [05/Apr/2026:14:51:11 +0200] "GET /wp-content/uploads/2020/10/160346476477678-768x576-324x400.jpg HTTP/1.1" 200 20140 "-" "Mozilla/5.0 AppleWebKit/537.36 (KHTML, like Gecko; compatible; ClaudeBot/1.0; +claudebot@anthropic.com)"
216.73.216.187 - - [05/Apr/2026:14:51:11 +0200] "GET /wp-content/uploads/2020/01/d0bdd0b0d0bfd0bed0b8d182d0b5d0bbd0bdd0b8-d181d0b8d181d182d0b5d0bcd0b8-d0b2-d18fd0b7d0bed0b2d0b8d180d0b8d182d0b5-d0b8d0bcd0b0-d0b4d0be-100x70.jpg HTTP/1.1" 200 2048 "-" "Mozilla/5.0 AppleWebKit/537.36 (KHTML, like Gecko; compatible; ClaudeBot/1.0; +claudebot@anthropic.com)"
216.73.216.187 - - [05/Apr/2026:14:51:12 +0200] "GET /wp-content/uploads/2022/12/volgin-1200x900-1024x768-741x486.jpg HTTP/1.1" 200 33401 "-" "Mozilla/5.0 AppleWebKit/537.36 (KHTML, like Gecko; compatible; ClaudeBot/1.0; +claudebot@anthropic.com)"
216.73.216.187 - - [05/Apr/2026:14:51:12 +0200] "GET /wp-content/uploads/2022/05/radeidistirna-534x462.jpg HTTP/1.1" 200 23299 "-" "Mozilla/5.0 AppleWebKit/537.36 (KHTML, like Gecko; compatible; ClaudeBot/1.0; +claudebot@anthropic.com)"
216.73.216.187 - - [05/Apr/2026:14:51:13 +0200] "GET /wp-content/uploads/2024/09/1301_8226584346037765795_big-533x261.jpg HTTP/1.1" 200 13763 "-" "Mozilla/5.0 AppleWebKit/537.36 (KHTML, like Gecko; compatible; ClaudeBot/1.0; +claudebot@anthropic.com)"
216.73.216.187 - - [05/Apr/2026:14:51:13 +0200] "GET /wp-content/uploads/2021/05/dimitar_stoqnov-768x523-617x420.jpg HTTP/1.1" 200 26196 "-" "Mozilla/5.0 AppleWebKit/537.36 (KHTML, like Gecko; compatible; ClaudeBot/1.0; +claudebot@anthropic.com)"
185.191.171.16 - - [05/Apr/2026:14:51:14 +0200] "GET /%D1%86%D0%B2%D0%B5%D1%82%D0%B0%D0%BD%D0%B0-%D0%BC%D0%B0%D0%BD%D0%B5%D0%B2%D0%B0-%D1%82%D0%B0%D0%BD%D1%86%D1%83%D0%B2%D0%B0-%D0%B2%D1%8A%D1%80%D1%85%D1%83-%D1%82%D1%80%D1%83%D0%BF%D0%B0-%D0%BD%D0%B0/ HTTP/1.1" 200 31620 "-" "Mozilla/5.0 (compatible; SemrushBot/7~bl; +http://www.semrush.com/bot.html)"
216.73.216.187 - - [05/Apr/2026:14:51:14 +0200] "GET /wp-content/uploads/2021/04/95f15836-f0cf-4493-a8a2-93853e4b30f7-324x235.jpg HTTP/1.1" 200 16600 "-" "Mozilla/5.0 AppleWebKit/537.36 (KHTML, like Gecko; compatible; ClaudeBot/1.0; +claudebot@anthropic.com)"
216.73.216.187 - - [05/Apr/2026:14:51:14 +0200] "GET /wp-content/uploads/2020/05/d181d0bfd0b0d181-d180d183d181d0b5d0b2-d181d0bfd0b0d181d18fd0b2d0b0-d0bbd0b5d0b2d181d0bad0b8-80x60.jpg HTTP/1.1" 200 1827 "-" "Mozilla/5.0 AppleWebKit/537.36 (KHTML, like Gecko; compatible; ClaudeBot/1.0; +claudebot@anthropic.com)"
216.73.216.187 - - [05/Apr/2026:14:51:15 +0200] "GET /wp-content/uploads/2022/05/radeidistirna-324x235.jpg HTTP/1.1" 200 10619 "-" "Mozilla/5.0 AppleWebKit/537.36 (KHTML, like Gecko; compatible; ClaudeBot/1.0; +claudebot@anthropic.com)"
216.73.216.187 - - [05/Apr/2026:14:51:16 +0200] "GET /wp-content/uploads/2025/11/big_Screenshot_-_2025-10-27T104034.798-150x150.png HTTP/1.1" 200 38117 "-" "Mozilla/5.0 AppleWebKit/537.36 (KHTML, like Gecko; compatible; ClaudeBot/1.0; +claudebot@anthropic.com)"
216.73.216.187 - - [05/Apr/2026:14:51:17 +0200] "GET /wp-content/uploads/2019/01/sparrow-2770911_1920_1516536385-356x364.jpg HTTP/1.1" 200 24877 "-" "Mozilla/5.0 AppleWebKit/537.36 (KHTML, like Gecko; compatible; ClaudeBot/1.0; +claudebot@anthropic.com)"
216.73.216.187 - - [05/Apr/2026:14:51:18 +0200] "GET /wp-content/uploads/2024/05/3f2ce391-7ff3-40d1-bd72-59eeb712c29d-1068x589-1068x589.jpeg HTTP/1.1" 200 43230 "-" "Mozilla/5.0 AppleWebKit/537.36 (KHTML, like Gecko; compatible; ClaudeBot/1.0; +claudebot@anthropic.com)"
216.73.216.187 - - [05/Apr/2026:14:51:19 +0200] "GET /wp-content/uploads/2020/10/zx860y484_2119745-300x169.jpg HTTP/1.1" 200 17167 "-" "Mozilla/5.0 AppleWebKit/537.36 (KHTML, like Gecko; compatible; ClaudeBot/1.0; +claudebot@anthropic.com)"
216.73.216.187 - - [05/Apr/2026:14:51:19 +0200] "GET /wp-content/uploads/2020/05/d0b8d0bdd182d0b5d0bdd0b7d0b8d0b2d0bdd0bed182d0be-d0bed182d0b4d0b5d0bbd0b5d0bdd0b8d0b5-d0b2-d0bfd0b0d0b7d0b0d180d0b4d0b6d0b8d0ba-d0bf-533x261.jpg HTTP/1.1" 200 33885 "-" "Mozilla/5.0 AppleWebKit/537.36 (KHTML, like Gecko; compatible; ClaudeBot/1.0; +claudebot@anthropic.com)"
216.73.216.187 - - [05/Apr/2026:14:51:20 +0200] "GET /wp-content/uploads/2018/11/photo_verybig_1018586-356x364.jpg HTTP/1.1" 200 33948 "-" "Mozilla/5.0 AppleWebKit/537.36 (KHTML, like Gecko; compatible; ClaudeBot/1.0; +claudebot@anthropic.com)"
216.73.216.187 - - [05/Apr/2026:14:51:20 +0200] "GET /wp-content/themes/Newspaper/includes/demos/cars/pages/homepage.txt HTTP/1.1" 200 696 "-" "Mozilla/5.0 AppleWebKit/537.36 (KHTML, like Gecko; compatible; ClaudeBot/1.0; +claudebot@anthropic.com)"
216.73.216.187 - - [05/Apr/2026:14:51:21 +0200] "GET /wp-content/uploads/2024/07/big_road-5336079_1280528-696x368.jpg HTTP/1.1" 200 45134 "-" "Mozilla/5.0 AppleWebKit/537.36 (KHTML, like Gecko; compatible; ClaudeBot/1.0; +claudebot@anthropic.com)"
216.73.216.187 - - [05/Apr/2026:14:51:21 +0200] "GET /wp-content/uploads/2024/08/109d3178f3b8b957f3f61f0584d7a377-265x198.jpg HTTP/1.1" 200 12052 "-" "Mozilla/5.0 AppleWebKit/537.36 (KHTML, like Gecko; compatible; ClaudeBot/1.0; +claudebot@anthropic.com)"
216.73.216.187 - - [05/Apr/2026:14:51:22 +0200] "GET /wp-content/uploads/2020/10/vrashtat-edna-strogite-merki-pri-931-265x198.png HTTP/1.1" 200 104558 "-" "Mozilla/5.0 AppleWebKit/537.36 (KHTML, like Gecko; compatible; ClaudeBot/1.0; +claudebot@anthropic.com)"
216.73.216.187 - - [05/Apr/2026:14:51:23 +0200] "GET /wp-content/uploads/2022/12/stefan-tsanev-doroteja-toncheva-533x261.jpg HTTP/1.1" 200 29728 "-" "Mozilla/5.0 AppleWebKit/537.36 (KHTML, like Gecko; compatible; ClaudeBot/1.0; +claudebot@anthropic.com)"
216.73.216.187 - - [05/Apr/2026:14:51:23 +0200] "GET /wp-content/uploads/2020/10/160346476477678-768x576-218x150.jpg HTTP/1.1" 200 8434 "-" "Mozilla/5.0 AppleWebKit/537.36 (KHTML, like Gecko; compatible; ClaudeBot/1.0; +claudebot@anthropic.com)"
216.73.216.187 - - [05/Apr/2026:14:51:24 +0200] "GET /wp-content/uploads/2022/12/IMAGE_12974217_0_0-768x513-218x150.jpg HTTP/1.1" 200 9077 "-" "Mozilla/5.0 AppleWebKit/537.36 (KHTML, like Gecko; compatible; ClaudeBot/1.0; +claudebot@anthropic.com)"
216.73.216.187 - - [05/Apr/2026:14:51:25 +0200] "GET /wp-content/uploads/2022/05/reneta-indzhova-02-500x462.jpg HTTP/1.1" 200 27767 "-" "Mozilla/5.0 AppleWebKit/537.36 (KHTML, like Gecko; compatible; ClaudeBot/1.0; +claudebot@anthropic.com)"
216.73.216.187 - - [05/Apr/2026:14:51:25 +0200] "GET /wp-content/uploads/2024/05/ezgif-3-228be48fba-533x261.jpg HTTP/1.1" 200 24203 "-" "Mozilla/5.0 AppleWebKit/537.36 (KHTML, like Gecko; compatible; ClaudeBot/1.0; +claudebot@anthropic.com)"
216.73.216.187 - - [05/Apr/2026:14:51:26 +0200] "GET /wp-content/uploads/2024/01/karakachanow-ghhj-fg-300x157.jpg HTTP/1.1" 200 7507 "-" "Mozilla/5.0 AppleWebKit/537.36 (KHTML, like Gecko; compatible; ClaudeBot/1.0; +claudebot@anthropic.com)"
216.73.216.187 - - [05/Apr/2026:14:51:26 +0200] "GET /wp-content/uploads/2018/12/belogradchik_fortress_bulgaria-80x60.jpg HTTP/1.1" 200 2611 "-" "Mozilla/5.0 AppleWebKit/537.36 (KHTML, like Gecko; compatible; ClaudeBot/1.0; +claudebot@anthropic.com)"
216.73.216.187 - - [05/Apr/2026:14:51:27 +0200] "GET /wp-content/uploads/2020/11/big_Kornelia_Ninnova1-696x368.jpg HTTP/1.1" 200 32047 "-" "Mozilla/5.0 AppleWebKit/537.36 (KHTML, like Gecko; compatible; ClaudeBot/1.0; +claudebot@anthropic.com)"
216.73.216.187 - - [05/Apr/2026:14:51:28 +0200] "GET /wp-content/themes/Newspaper/includes/demos/lifestyle/pages/?C=M&O=D HTTP/1.1" 200 350 "-" "Mozilla/5.0 AppleWebKit/537.36 (KHTML, like Gecko; compatible; ClaudeBot/1.0; +claudebot@anthropic.com)"
216.73.216.187 - - [05/Apr/2026:14:51:28 +0200] "GET /wp-content/uploads/2020/11/ece55049c_diana_damianova-324x336.jpg HTTP/1.1" 200 17026 "-" "Mozilla/5.0 AppleWebKit/537.36 (KHTML, like Gecko; compatible; ClaudeBot/1.0; +claudebot@anthropic.com)"
216.73.216.187 - - [05/Apr/2026:14:51:29 +0200] "GET /wp-content/uploads/2020/10/160346476477678-768x576-324x235.jpg HTTP/1.1" 200 15246 "-" "Mozilla/5.0 AppleWebKit/537.36 (KHTML, like Gecko; compatible; ClaudeBot/1.0; +claudebot@anthropic.com)"
216.73.216.187 - - [05/Apr/2026:14:51:29 +0200] "GET /wp-content/uploads/2020/01/d0b1d0b8d0bbd0b8-d0b0d0b9d0bbd0b8d188-d0bfd0bbd0b0d0bdd0b8d180d0b0d0bbd0b0-d0b4d0b0-d181d0b5-d181d0b0d0bcd0bed183d0b1d0b8d0b5-218x150.jpg HTTP/1.1" 200 7305 "-" "Mozilla/5.0 AppleWebKit/537.36 (KHTML, like Gecko; compatible; ClaudeBot/1.0; +claudebot@anthropic.com)"
40.77.167.132 - - [05/Apr/2026:14:51:30 +0200] "GET /%D1%82%D0%BE%D0%B2%D0%B0-%D0%B1%D1%8A%D0%BB%D0%B3%D0%B0%D1%80%D1%81%D0%BA%D0%B8%D1%82%D0%B5-%D0%B5%D0%B2%D1%80%D0%BE-%D1%82%D0%B0%D0%BB%D0%B8%D0%B1%D0%B0%D0%BD%D0%B8-%D0%BD%D0%B5-%D0%BC%D0%BE%D0%B3/ HTTP/1.1" 200 18414 "-" "Mozilla/5.0 AppleWebKit/537.36 (KHTML, like Gecko; compatible; bingbot/2.0; +http://www.bing.com/bingbot.htm) Chrome/116.0.1938.76 Safari/537.36"
216.73.216.187 - - [05/Apr/2026:14:51:30 +0200] "GET /wp-content/uploads/2019/04/logo-1-%d0%9a%d0%be%d0%bf%d0%b8%d0%b5-300x49.png HTTP/1.1" 200 5185 "-" "Mozilla/5.0 AppleWebKit/537.36 (KHTML, like Gecko; compatible; ClaudeBot/1.0; +claudebot@anthropic.com)"
216.73.216.187 - - [05/Apr/2026:14:51:30 +0200] "GET /wp-content/uploads/2020/12/cveteslava_gulabova-e1608539071819-265x198.jpg HTTP/1.1" 200 9335 "-" "Mozilla/5.0 AppleWebKit/537.36 (KHTML, like Gecko; compatible; ClaudeBot/1.0; +claudebot@anthropic.com)"
17.241.75.212 - - [05/Apr/2026:14:51:30 +0200] "GET /wp-content/uploads/2021/05/screenshot614025-750x375-324x160.jpg HTTP/1.1" 200 13348 "-" "Mozilla/5.0 (Macintosh; Intel Mac OS X 10_15_7) AppleWebKit/605.1.15 (KHTML, like Gecko) Version/17.4 Safari/605.1.15 (Applebot/0.1; +http://www.apple.com/go/applebot)"
216.73.216.187 - - [05/Apr/2026:14:51:31 +0200] "GET /wp-content/uploads/2021/08/tatyana-kristi_600x370-218x150.jpg HTTP/1.1" 200 8993 "-" "Mozilla/5.0 AppleWebKit/537.36 (KHTML, like Gecko; compatible; ClaudeBot/1.0; +claudebot@anthropic.com)"
40.77.167.132 - - [05/Apr/2026:14:51:31 +0200] "GET /tag/%D0%B5-%D1%84%D0%B0%D0%B2%D0%BE%D1%80%D0%B8%D1%82-%D0%B7%D0%B0-%D0%BF%D1%80%D0%B5%D0%B7%D0%B8%D0%B4%D0%B5%D0%BD%D1%82-%D0%BD%D0%B0-%D1%80%D1%83%D0%BC%D1%8A%D0%BD%D0%B8%D1%8F/page/4/ HTTP/1.1" 200 16472 "-" "Mozilla/5.0 AppleWebKit/537.36 (KHTML, like Gecko; compatible; bingbot/2.0; +http://www.bing.com/bingbot.htm) Chrome/116.0.1938.76 Safari/537.36"
216.73.216.187 - - [05/Apr/2026:14:51:31 +0200] "GET /wp-content/uploads/2024/01/0301_882997269627017631_big-324x235.jpg HTTP/1.1" 200 19980 "-" "Mozilla/5.0 AppleWebKit/537.36 (KHTML, like Gecko; compatible; ClaudeBot/1.0; +claudebot@anthropic.com)"
216.73.216.187 - - [05/Apr/2026:14:51:32 +0200] "GET /wp-content/uploads/2020/06/d0bfd180d0b5d0b4d0bbd0b0d0b3d0b0d182-d0bcd0b8d0bdd0b8d0bcd0b0d0bbd0b5d0bd-d181d182d0b0d0b6-d0b7d0b0-d0bfd0bbd0b0d182d0b5d0bd-d0bed182-150x150.jpg HTTP/1.1" 200 6788 "-" "Mozilla/5.0 AppleWebKit/537.36 (KHTML, like Gecko; compatible; ClaudeBot/1.0; +claudebot@anthropic.com)"
40.77.167.132 - - [05/Apr/2026:14:51:32 +0200] "GET /tag/%D1%82%D0%BE%D0%B4%D0%BE%D1%80-%D0%BF%D0%B5%D1%82%D1%80%D0%BE%D0%B2/ HTTP/1.1" 200 13771 "-" "Mozilla/5.0 AppleWebKit/537.36 (KHTML, like Gecko; compatible; bingbot/2.0; +http://www.bing.com/bingbot.htm) Chrome/116.0.1938.76 Safari/537.36"
216.73.216.187 - - [05/Apr/2026:14:51:32 +0200] "GET /wp-content/uploads/2020/10/980x551_1590904460-1-265x198.jpg HTTP/1.1" 200 12235 "-" "Mozilla/5.0 AppleWebKit/537.36 (KHTML, like Gecko; compatible; ClaudeBot/1.0; +claudebot@anthropic.com)"
40.77.167.132 - - [05/Apr/2026:14:51:33 +0200] "GET /tag/%D0%BF%D1%80%D0%BE%D0%B1%D0%B8%D1%82%D0%B5-%D0%BD%D0%B0-%D0%B6%D0%B8%D0%B2%D0%BE%D1%82%D0%BD%D0%B8%D1%82%D0%B5-%D0%BE%D1%82-%D0%B2%D0%B5%D0%BB%D0%B8%D0%BD%D0%B3%D1%80%D0%B0%D0%B4-%D1%81%D0%B0-%D0%BF/ HTTP/1.1" 200 16401 "-" "Mozilla/5.0 AppleWebKit/537.36 (KHTML, like Gecko; compatible; bingbot/2.0; +http://www.bing.com/bingbot.htm) Chrome/116.0.1938.76 Safari/537.36"
216.73.216.187 - - [05/Apr/2026:14:51:33 +0200] "GET /wp-content/uploads/2021/11/640_gdbop_akcia_iliustrativna-150x150.jpg HTTP/1.1" 200 4708 "-" "Mozilla/5.0 AppleWebKit/537.36 (KHTML, like Gecko; compatible; ClaudeBot/1.0; +claudebot@anthropic.com)"
216.73.216.187 - - [05/Apr/2026:14:51:34 +0200] "GET /wp-content/uploads/2020/03/d0b4d0b5d0bdd18fd182-d0b2-d181d0bdd0b8d0bcd0bad0b8-31-d0bcd0b0d180d182-560x420.jpg HTTP/1.1" 200 75742 "-" "Mozilla/5.0 AppleWebKit/537.36 (KHTML, like Gecko; compatible; ClaudeBot/1.0; +claudebot@anthropic.com)"
52.167.144.159 - - [05/Apr/2026:14:51:34 +0200] "GET /tag/%D0%BA%D0%BE%D0%B8%D1%82%D0%BE-%D0%B2%D0%BB%D1%8F%D0%B7%D0%BE%D1%85%D0%B0-%D0%B2%D1%8A%D0%B2-%D0%B2%D0%BE%D0%B9%D0%BD%D0%B0%D1%82%D0%B0-%D0%B7%D0%B0-%D0%B1%D1%80%D0%B0%D1%82%D1%81%D0%BA%D0%B0-%D0%BF/page/2/ HTTP/1.1" 200 16589 "-" "Mozilla/5.0 AppleWebKit/537.36 (KHTML, like Gecko; compatible; bingbot/2.0; +http://www.bing.com/bingbot.htm) Chrome/116.0.1938.76 Safari/537.36"
216.73.216.187 - - [05/Apr/2026:14:51:35 +0200] "GET /wp-content/uploads/2021/07/capture23456789101112131415161718192021222324252627282930-741x413.png HTTP/1.1" 200 392468 "-" "Mozilla/5.0 AppleWebKit/537.36 (KHTML, like Gecko; compatible; ClaudeBot/1.0; +claudebot@anthropic.com)"
40.77.167.26 - - [05/Apr/2026:14:51:35 +0200] "GET /tag/%D1%81%D1%80%D0%B8%D0%BD%D0%B0-%D0%BA%D0%B0%D0%B1%D0%B8%D0%BD%D0%B5%D1%82%D0%B0/ HTTP/1.1" 200 16197 "-" "Mozilla/5.0 AppleWebKit/537.36 (KHTML, like Gecko; compatible; bingbot/2.0; +http://www.bing.com/bingbot.htm) Chrome/116.0.1938.76 Safari/537.36"
216.73.216.187 - - [05/Apr/2026:14:51:36 +0200] "GET /wp-content/uploads/2025/06/50039b8632344a63846481a1e2106753-150x150.jpg HTTP/1.1" 200 6091 "-" "Mozilla/5.0 AppleWebKit/537.36 (KHTML, like Gecko; compatible; ClaudeBot/1.0; +claudebot@anthropic.com)"
216.73.216.187 - - [05/Apr/2026:14:51:36 +0200] "GET /wp-content/uploads/2023/10/4-4-1024x768-768x576-356x364.jpg HTTP/1.1" 200 23907 "-" "Mozilla/5.0 AppleWebKit/537.36 (KHTML, like Gecko; compatible; ClaudeBot/1.0; +claudebot@anthropic.com)"
216.73.216.187 - - [05/Apr/2026:14:51:37 +0200] "GET /wp-content/uploads/2020/07/d0b3d0bed0bbd18fd0bcd0be-d0bcd0bdd0bed0b6d0b5d181d182d0b2d0be-d181d0b8d0bcd0bfd0b0d182d0b8d0b7d0b0d0bdd182d0b8-d0bdd0b0-d0b4d0bfd181-533x261.jpg HTTP/1.1" 200 28970 "-" "Mozilla/5.0 AppleWebKit/537.36 (KHTML, like Gecko; compatible; ClaudeBot/1.0; +claudebot@anthropic.com)"
216.73.216.187 - - [05/Apr/2026:14:51:37 +0200] "GET /wp-content/uploads/2020/11/ece55049c_diana_damianova-265x198.jpg HTTP/1.1" 200 9077 "-" "Mozilla/5.0 AppleWebKit/537.36 (KHTML, like Gecko; compatible; ClaudeBot/1.0; +claudebot@anthropic.com)"
216.73.216.187 - - [05/Apr/2026:14:51:38 +0200] "GET /wp-content/uploads/2015/01/apple-imac-retina-5k-review-12-1024x577.jpg HTTP/1.1" 200 74107 "-" "Mozilla/5.0 AppleWebKit/537.36 (KHTML, like Gecko; compatible; ClaudeBot/1.0; +claudebot@anthropic.com)"
216.73.216.187 - - [05/Apr/2026:14:51:39 +0200] "GET /wp-content/uploads/2022/05/radeidistirna-696x464.jpg HTTP/1.1" 200 28423 "-" "Mozilla/5.0 AppleWebKit/537.36 (KHTML, like Gecko; compatible; ClaudeBot/1.0; +claudebot@anthropic.com)"
216.73.216.187 - - [05/Apr/2026:14:51:39 +0200] "GET /wp-content/uploads/2024/10/big_pensioner-998544_1280-696x368.jpg HTTP/1.1" 200 76381 "-" "Mozilla/5.0 AppleWebKit/537.36 (KHTML, like Gecko; compatible; ClaudeBot/1.0; +claudebot@anthropic.com)"
216.73.216.187 - - [05/Apr/2026:14:51:40 +0200] "GET /wp-content/uploads/2024/01/0301_882997269627017631_big-1024x536.jpg HTTP/1.1" 200 98433 "-" "Mozilla/5.0 AppleWebKit/537.36 (KHTML, like Gecko; compatible; ClaudeBot/1.0; +claudebot@anthropic.com)"
216.73.216.187 - - [05/Apr/2026:14:51:41 +0200] "GET /wp-content/uploads/2020/10/1602682925_shutterstock_1523330795-80x60.jpg HTTP/1.1" 200 2116 "-" "Mozilla/5.0 AppleWebKit/537.36 (KHTML, like Gecko; compatible; ClaudeBot/1.0; +claudebot@anthropic.com)"
216.73.216.187 - - [05/Apr/2026:14:51:42 +0200] "GET /wp-content/uploads/2024/01/vasilev-lorer-arnaudova-esdfs-265x198.jpg HTTP/1.1" 200 11391 "-" "Mozilla/5.0 AppleWebKit/537.36 (KHTML, like Gecko; compatible; ClaudeBot/1.0; +claudebot@anthropic.com)"
216.73.216.187 - - [05/Apr/2026:14:51:42 +0200] "GET /wp-content/uploads/2022/10/980x551_1615029990-768x432.jpg HTTP/1.1" 200 54828 "-" "Mozilla/5.0 AppleWebKit/537.36 (KHTML, like Gecko; compatible; ClaudeBot/1.0; +claudebot@anthropic.com)"
216.73.216.187 - - [05/Apr/2026:14:51:43 +0200] "GET /wp-content/uploads/2025/01/big_atm-1524871_1280_3_7f1-795x420.jpg HTTP/1.1" 200 50765 "-" "Mozilla/5.0 AppleWebKit/537.36 (KHTML, like Gecko; compatible; ClaudeBot/1.0; +claudebot@anthropic.com)"
216.73.216.187 - - [05/Apr/2026:14:51:44 +0200] "GET /wp-content/uploads/2020/03/d0b4d0b5d0bdd18fd182-d0b2-d181d0bdd0b8d0bcd0bad0b8-31-d0bcd0b0d180d182-300x225.jpg HTTP/1.1" 200 26383 "-" "Mozilla/5.0 AppleWebKit/537.36 (KHTML, like Gecko; compatible; ClaudeBot/1.0; +claudebot@anthropic.com)"
216.73.216.187 - - [05/Apr/2026:14:51:44 +0200] "GET /wp-content/uploads/2024/04/koral-fgh-696x385.jpg HTTP/1.1" 200 30314 "-" "Mozilla/5.0 AppleWebKit/537.36 (KHTML, like Gecko; compatible; ClaudeBot/1.0; +claudebot@anthropic.com)"
216.73.216.187 - - [05/Apr/2026:14:51:45 +0200] "GET /wp-content/uploads/2023/09/Kostadinov-1170x672-356x364.jpg HTTP/1.1" 200 21521 "-" "Mozilla/5.0 AppleWebKit/537.36 (KHTML, like Gecko; compatible; ClaudeBot/1.0; +claudebot@anthropic.com)"
216.73.216.187 - - [05/Apr/2026:14:51:45 +0200] "GET /wp-content/uploads/2021/11/640_gdbop_akcia_iliustrativna-534x360.jpg HTTP/1.1" 200 23962 "-" "Mozilla/5.0 AppleWebKit/537.36 (KHTML, like Gecko; compatible; ClaudeBot/1.0; +claudebot@anthropic.com)"
216.73.216.187 - - [05/Apr/2026:14:51:46 +0200] "GET /wp-content/uploads/2020/10/vrashtat-edna-strogite-merki-pri-931-696x390.png HTTP/1.1" 200 408342 "-" "Mozilla/5.0 AppleWebKit/537.36 (KHTML, like Gecko; compatible; ClaudeBot/1.0; +claudebot@anthropic.com)"
216.73.216.187 - - [05/Apr/2026:14:51:47 +0200] "GET /wp-content/uploads/2020/06/d0bfd180d0b5d0b4d0bbd0b0d0b3d0b0d182-d0bcd0b8d0bdd0b8d0bcd0b0d0bbd0b5d0bd-d181d182d0b0d0b6-d0b7d0b0-d0bfd0bbd0b0d182d0b5d0bd-d0bed182-600x385.jpg HTTP/1.1" 200 72543 "-" "Mozilla/5.0 AppleWebKit/537.36 (KHTML, like Gecko; compatible; ClaudeBot/1.0; +claudebot@anthropic.com)"
216.73.216.187 - - [05/Apr/2026:14:51:47 +0200] "GET /wp-content/uploads/2020/12/160888095322768-768x576-324x400.jpg HTTP/1.1" 200 27984 "-" "Mozilla/5.0 AppleWebKit/537.36 (KHTML, like Gecko; compatible; ClaudeBot/1.0; +claudebot@anthropic.com)"
216.73.216.187 - - [05/Apr/2026:14:51:48 +0200] "GET /wp-content/uploads/2024/05/ezgif-3-228be48fba-768x461.jpg HTTP/1.1" 200 47863 "-" "Mozilla/5.0 AppleWebKit/537.36 (KHTML, like Gecko; compatible; ClaudeBot/1.0; +claudebot@anthropic.com)"
114.119.158.128 - - [05/Apr/2026:14:51:54 +0200] "GET /wp-content/plugins/w3-total-cache/vendor/aws/aws-sdk-php/src/ServiceCatalog/?C=M%3BO%3DA HTTP/1.1" 404 12109 "https://netvesti.com/wp-content/plugins/w3-total-cache/vendor/aws/aws-sdk-php/src/ServiceCatalog/?C=D%3BO%3DA" "Mozilla/5.0 (Linux; Android 7.0;) AppleWebKit/537.36 (KHTML, like Gecko) Mobile Safari/537.36 (compatible; PetalBot;+https://webmaster.petalsearch.com/site/petalbot)"
198.244.226.233 - - [05/Apr/2026:14:52:00 +0200] "GET /tag/%D0%BA%D1%80%D0%B8%D1%82%D0%B8%D0%BA%D1%83%D0%B2%D0%B0%D1%82-%D0%B8%D0%BD%D1%81%D1%82%D0%B8%D1%82%D1%83%D1%86%D0%B8%D0%B8%D1%82%D0%B5/page/2/ HTTP/1.1" 200 16670 "-" "Mozilla/5.0 (compatible; AhrefsBot/7.0; +http://ahrefs.com/robot/)"
17.22.237.38 - - [05/Apr/2026:14:52:03 +0200] "GET /wp-content/uploads/2021/04/maria-kapon-ima-upravlenski-sabotaj-1-324x160.jpg HTTP/1.1" 502 150 "-" "Mozilla/5.0 (Macintosh; Intel Mac OS X 10_15_7) AppleWebKit/605.1.15 (KHTML, like Gecko) Version/17.4 Safari/605.1.15 (Applebot/0.1; +http://www.apple.com/go/applebot)"
8.228.88.249 - - [05/Apr/2026:14:52:18 +0200] "GET /author/netvesti/feed/ HTTP/1.1" 200 25236 "-" "Mozilla/5.0 (Windows NT 6.3; WOW64; rv:33.0) Gecko/20100101 Firefox/33.0"
216.73.216.187 - - [05/Apr/2026:14:52:23 +0200] "GET /wp-content/uploads/2020/01/d0b1d0b8d0bbd0b8-d0b0d0b9d0bbd0b8d188-d0bfd0bbd0b0d0bdd0b8d180d0b0d0bbd0b0-d0b4d0b0-d181d0b5-d181d0b0d0bcd0bed183d0b1d0b8d0b5-324x235.jpg HTTP/1.1" 200 13599 "-" "Mozilla/5.0 AppleWebKit/537.36 (KHTML, like Gecko; compatible; ClaudeBot/1.0; +claudebot@anthropic.com)"
216.73.216.187 - - [05/Apr/2026:14:52:24 +0200] "GET /wp-content/uploads/2022/05/radeidistirna-356x364.jpg HTTP/1.1" 200 14968 "-" "Mozilla/5.0 AppleWebKit/537.36 (KHTML, like Gecko; compatible; ClaudeBot/1.0; +claudebot@anthropic.com)"
216.73.216.187 - - [05/Apr/2026:14:52:24 +0200] "GET /wp-content/uploads/2020/01/d0b2d0b8d0ba-d0bfd0b5d180d0bdd0b8d0ba-d0bed181d0bdd0bed0b2d0bdd0b8d18fd182-d0b2d0b8d0bdd0bed0b2d0bdd0b8d0ba-d0b7d0b0-d0b1d0b5-150x150.jpg HTTP/1.1" 200 4955 "-" "Mozilla/5.0 AppleWebKit/537.36 (KHTML, like Gecko; compatible; ClaudeBot/1.0; +claudebot@anthropic.com)"
216.73.216.187 - - [05/Apr/2026:14:52:25 +0200] "GET /wp-content/uploads/2020/12/160888095322768-768x576-324x235.jpg HTTP/1.1" 200 21711 "-" "Mozilla/5.0 AppleWebKit/537.36 (KHTML, like Gecko; compatible; ClaudeBot/1.0; +claudebot@anthropic.com)"
216.73.216.187 - - [05/Apr/2026:14:52:25 +0200] "GET /wp-content/uploads/2024/04/koral-fgh-324x235.jpg HTTP/1.1" 200 12261 "-" "Mozilla/5.0 AppleWebKit/537.36 (KHTML, like Gecko; compatible; ClaudeBot/1.0; +claudebot@anthropic.com)"
216.73.216.187 - - [05/Apr/2026:14:52:26 +0200] "GET /wp-content/uploads/2021/02/doc-mangarov-strah-me-e-che-shte-me-smachkat-1-1-300x178.jpg HTTP/1.1" 200 15649 "-" "Mozilla/5.0 AppleWebKit/537.36 (KHTML, like Gecko; compatible; ClaudeBot/1.0; +claudebot@anthropic.com)"
216.73.216.187 - - [05/Apr/2026:14:52:26 +0200] "GET /wp-content/uploads/2022/05/reneta-indzhova-02-265x198.jpg HTTP/1.1" 200 8587 "-" "Mozilla/5.0 AppleWebKit/537.36 (KHTML, like Gecko; compatible; ClaudeBot/1.0; +claudebot@anthropic.com)"
216.73.216.187 - - [05/Apr/2026:14:52:27 +0200] "GET /wp-content/uploads/2020/06/d0b7d0b0d0b2d0b5d0b4d0b5d0bdd0b8d0b5-d182d0b0d0bad181d183d0b2d0b0d0bbd0be-d0bfd0bbd0b0d0b6d183d0b2d0b0d189d0b8-d0bdd0b0-d0bfd0bbd0b0-218x150.jpg HTTP/1.1" 200 7100 "-" "Mozilla/5.0 AppleWebKit/537.36 (KHTML, like Gecko; compatible; ClaudeBot/1.0; +claudebot@anthropic.com)"
216.73.216.187 - - [05/Apr/2026:14:52:27 +0200] "GET /wp-content/uploads/2021/02/doc-mangarov-strah-me-e-che-shte-me-smachkat-1-1-324x235.jpg HTTP/1.1" 200 18587 "-" "Mozilla/5.0 AppleWebKit/537.36 (KHTML, like Gecko; compatible; ClaudeBot/1.0; +claudebot@anthropic.com)"
216.73.216.187 - - [05/Apr/2026:14:52:28 +0200] "GET /wp-content/uploads/2024/07/172157264418812-1024x768-80x60.jpg HTTP/1.1" 200 1685 "-" "Mozilla/5.0 AppleWebKit/537.36 (KHTML, like Gecko; compatible; ClaudeBot/1.0; +claudebot@anthropic.com)"
116.179.37.57 - - [05/Apr/2026:14:52:28 +0200] "GET /wp-content/uploads/2021/05/43dea2d42f4cebd77057697f436d4eb1-324x160.jpg HTTP/1.1" 200 9610 "https://netvesti.com/tag/%D0%B0%D0%BA%D0%BE-%D0%B8%D0%B7%D0%BB%D0%B5%D0%B7%D0%B5-%D0%BE%D1%82-%D0%BD%D0%B0%D1%82%D0%BE/page/7/" "Mozilla/5.0 (compatible; Baiduspider-render/2.0; +http://www.baidu.com/search/spider.html)"
216.73.216.187 - - [05/Apr/2026:14:52:28 +0200] "GET /wp-content/uploads/2022/12/960x540-1-2-768x432-324x400.jpg HTTP/1.1" 200 18364 "-" "Mozilla/5.0 AppleWebKit/537.36 (KHTML, like Gecko; compatible; ClaudeBot/1.0; +claudebot@anthropic.com)"
216.73.216.187 - - [05/Apr/2026:14:52:29 +0200] "GET /wp-content/uploads/2020/12/0b95f13142f2436081ccb5802856b524-696x398.jpg HTTP/1.1" 200 29983 "-" "Mozilla/5.0 AppleWebKit/537.36 (KHTML, like Gecko; compatible; ClaudeBot/1.0; +claudebot@anthropic.com)"
216.73.216.187 - - [05/Apr/2026:14:52:29 +0200] "GET /wp-content/uploads/2024/08/6813a63452784553803e22795de7f5bb-265x198.jpg HTTP/1.1" 200 13680 "-" "Mozilla/5.0 AppleWebKit/537.36 (KHTML, like Gecko; compatible; ClaudeBot/1.0; +claudebot@anthropic.com)"
216.73.216.187 - - [05/Apr/2026:14:52:30 +0200] "GET /wp-content/uploads/2022/12/1010x570-1-4-768x433-324x235.jpg HTTP/1.1" 200 14916 "-" "Mozilla/5.0 AppleWebKit/537.36 (KHTML, like Gecko; compatible; ClaudeBot/1.0; +claudebot@anthropic.com)"
216.73.216.187 - - [05/Apr/2026:14:52:30 +0200] "GET /wp-content/uploads/2020/06/d0b2d0b8d0bdd0b0d0b3d0b8-d0bbd0b8-d0bfd0bed181d0bbd0b5d0b4d0bdd0b8d182d0b5-d189d0b5-d181d0b0-d0bfd0bed181d0bbd0b5d0b4d0bdd0b8-80x60.jpg HTTP/1.1" 200 2130 "-" "Mozilla/5.0 AppleWebKit/537.36 (KHTML, like Gecko; compatible; ClaudeBot/1.0; +claudebot@anthropic.com)"
216.73.216.187 - - [05/Apr/2026:14:52:31 +0200] "GET /wp-content/uploads/2020/02/d0bdd0b0d0bbd0bed0b6d0b8d185d0b0-2000-d0bbd0b2-d0b3d0bbd0bed0b1d0b0-d0bdd0b0-d0bbd0b5d0bad0b0d180-d0b2d0b7d0b5d0bb-100-d0bbd0b2-d0bfd0be-533x261.jpg HTTP/1.1" 200 21605 "-" "Mozilla/5.0 AppleWebKit/537.36 (KHTML, like Gecko; compatible; ClaudeBot/1.0; +claudebot@anthropic.com)"
66.249.77.64 - - [05/Apr/2026:14:52:31 +0200] "GET /%D0%B4-%D1%80-%D1%86%D0%B2%D0%B5%D1%82%D0%B5%D1%81%D0%BB%D0%B0%D0%B2%D0%B0-%D0%B3%D1%8A%D0%BB%D1%8A%D0%B1%D0%BE%D0%B2%D0%B0-%D0%BD%D0%B8%D0%BA%D0%BE%D0%B3%D0%B0-%D0%B1%D1%8A%D0%BB%D0%B3%D0%B0%D1%80/ HTTP/1.1" 200 31295 "-" "Mozilla/5.0 (Linux; Android 6.0.1; Nexus 5X Build/MMB29P) AppleWebKit/537.36 (KHTML, like Gecko) Chrome/146.0.7680.177 Mobile Safari/537.36 (compatible; Googlebot/2.1; +http://www.google.com/bot.html)"
216.73.216.187 - - [05/Apr/2026:14:52:31 +0200] "GET /wp-content/uploads/2020/10/980x551_1590497184-1-747x420.jpg HTTP/1.1" 200 42707 "-" "Mozilla/5.0 AppleWebKit/537.36 (KHTML, like Gecko; compatible; ClaudeBot/1.0; +claudebot@anthropic.com)"
216.73.216.187 - - [05/Apr/2026:14:52:32 +0200] "GET /wp-content/uploads/2021/08/tatyana-kristi_600x370-534x370.jpg HTTP/1.1" 200 32674 "-" "Mozilla/5.0 AppleWebKit/537.36 (KHTML, like Gecko; compatible; ClaudeBot/1.0; +claudebot@anthropic.com)"
216.73.216.187 - - [05/Apr/2026:14:52:33 +0200] "GET /wp-content/uploads/2020/06/d0bdd0b0d0bbd0b8d0b2d0b0d0b9-d0bcd0b8-d0bdd0bed0b2d0bed182d0be-d0bfd0b0d180d187d0b5-d0bdd0b0-d0b1d0b8d0bbd0b8-d185d0bbd0b0d0bf-80x60.jpg HTTP/1.1" 200 2467 "-" "Mozilla/5.0 AppleWebKit/537.36 (KHTML, like Gecko; compatible; ClaudeBot/1.0; +claudebot@anthropic.com)"
216.73.216.187 - - [05/Apr/2026:14:52:33 +0200] "GET /wp-content/uploads/2020/12/big_5562362076793797636a-356x364.jpg HTTP/1.1" 200 19583 "-" "Mozilla/5.0 AppleWebKit/537.36 (KHTML, like Gecko; compatible; ClaudeBot/1.0; +claudebot@anthropic.com)"
216.73.216.187 - - [05/Apr/2026:14:52:34 +0200] "GET /wp-content/uploads/2025/07/b1d7d458679380f699e6e701d51d2cff-stiv-hanke-150x150.jpg HTTP/1.1" 200 5309 "-" "Mozilla/5.0 AppleWebKit/537.36 (KHTML, like Gecko; compatible; ClaudeBot/1.0; +claudebot@anthropic.com)"
216.73.216.187 - - [05/Apr/2026:14:52:34 +0200] "GET /wp-content/themes/Newspaper/images/panel/category_templates/icon-category-top-fl-1.png HTTP/1.1" 200 132 "-" "Mozilla/5.0 AppleWebKit/537.36 (KHTML, like Gecko; compatible; ClaudeBot/1.0; +claudebot@anthropic.com)"
216.73.216.187 - - [05/Apr/2026:14:52:35 +0200] "GET /wp-content/uploads/2022/03/search-%d0%9a%d0%be%d0%bf%d0%b8%d0%b5-150x150.jpg HTTP/1.1" 200 7191 "-" "Mozilla/5.0 AppleWebKit/537.36 (KHTML, like Gecko; compatible; ClaudeBot/1.0; +claudebot@anthropic.com)"
216.73.216.187 - - [05/Apr/2026:14:52:35 +0200] "GET /wp-content/uploads/2024/10/6813a63452784553803e22795de7f5bb-150x150.jpg HTTP/1.1" 200 6822 "-" "Mozilla/5.0 AppleWebKit/537.36 (KHTML, like Gecko; compatible; ClaudeBot/1.0; +claudebot@anthropic.com)"
216.73.216.187 - - [05/Apr/2026:14:52:36 +0200] "GET /wp-content/uploads/2021/07/%d0%b0%d1%88%d0%ba%d0%be%d0%b28ac372f399bb46aabb18dce8f2dbb6a8-265x198.jpg HTTP/1.1" 200 8079 "-" "Mozilla/5.0 AppleWebKit/537.36 (KHTML, like Gecko; compatible; ClaudeBot/1.0; +claudebot@anthropic.com)"
216.73.216.187 - - [05/Apr/2026:14:52:36 +0200] "GET /wp-content/uploads/2022/12/IMAGE_12974217_0_0-768x513-324x235.jpg HTTP/1.1" 200 17373 "-" "Mozilla/5.0 AppleWebKit/537.36 (KHTML, like Gecko; compatible; ClaudeBot/1.0; +claudebot@anthropic.com)"
216.73.216.187 - - [05/Apr/2026:14:52:37 +0200] "GET /wp-content/uploads/2020/11/55473849_102-768x1024-315x420.jpg HTTP/1.1" 200 17788 "-" "Mozilla/5.0 AppleWebKit/537.36 (KHTML, like Gecko; compatible; ClaudeBot/1.0; +claudebot@anthropic.com)"
216.73.216.187 - - [05/Apr/2026:14:52:37 +0200] "GET /wp-content/uploads/2020/10/160346476477678-768x576-768x576.jpg HTTP/1.1" 200 48154 "-" "Mozilla/5.0 AppleWebKit/537.36 (KHTML, like Gecko; compatible; ClaudeBot/1.0; +claudebot@anthropic.com)"
216.73.216.187 - - [05/Apr/2026:14:52:38 +0200] "GET /wp-content/uploads/2025/07/ezgif-5c0deae630665b-324x400.jpg HTTP/1.1" 200 19559 "-" "Mozilla/5.0 AppleWebKit/537.36 (KHTML, like Gecko; compatible; ClaudeBot/1.0; +claudebot@anthropic.com)"
216.73.216.187 - - [05/Apr/2026:14:52:39 +0200] "GET /wp-content/themes/Newspaper/includes/demos/voice/images/?C=N&O=A HTTP/1.1" 200 333 "-" "Mozilla/5.0 AppleWebKit/537.36 (KHTML, like Gecko; compatible; ClaudeBot/1.0; +claudebot@anthropic.com)"
216.73.216.187 - - [05/Apr/2026:14:52:39 +0200] "GET /wp-content/uploads/2020/05/d0b2-d183d181d0bbd0bed0b2d0b8d18f-d0bdd0b0-d0bfd0b0d0bdd0b4d0b5d0bcd0b8d18f-d0bfd0bed181d0bbd0b0d0bdd0b8d186d0b8d182d0b5-d181-d0b2d0b8-100x70.jpg HTTP/1.1" 200 1983 "-" "Mozilla/5.0 AppleWebKit/537.36 (KHTML, like Gecko; compatible; ClaudeBot/1.0; +claudebot@anthropic.com)"
85.208.96.210 - - [05/Apr/2026:14:52:43 +0200] "GET /tag/%D0%BC%D0%B8%D0%BD%D0%B8%D1%81%D1%82%D1%8A%D1%80%D1%8A%D1%82-%D0%BD%D0%B0-%D0%B8%D0%BA%D0%BE%D0%BD%D0%BE%D0%BC%D0%B8%D0%BA%D0%B0%D1%82%D0%B0/page/3/ HTTP/1.1" 200 16147 "-" "Mozilla/5.0 (compatible; SemrushBot/7~bl; +http://www.semrush.com/bot.html)"
185.191.171.8 - - [05/Apr/2026:14:52:46 +0200] "GET /tag/%D0%BD%D0%BE%D0%B2%D0%B8%D0%BD%D0%B0%D1%82%D0%B0-%D0%B4%D0%BD%D0%B5%D1%81/page/322/ HTTP/1.1" 200 16404 "-" "Mozilla/5.0 (compatible; SemrushBot/7~bl; +http://www.semrush.com/bot.html)"
216.73.216.187 - - [05/Apr/2026:14:52:56 +0200] "GET /wp-content/uploads/2021/02/doc-mangarov-strah-me-e-che-shte-me-smachkat-1-1-218x150.jpg HTTP/1.1" 200 10335 "-" "Mozilla/5.0 AppleWebKit/537.36 (KHTML, like Gecko; compatible; ClaudeBot/1.0; +claudebot@anthropic.com)"
216.73.216.187 - - [05/Apr/2026:14:52:56 +0200] "GET /wp-content/uploads/2022/12/960x540-1-2-768x432-696x385.jpg HTTP/1.1" 200 31178 "-" "Mozilla/5.0 AppleWebKit/537.36 (KHTML, like Gecko; compatible; ClaudeBot/1.0; +claudebot@anthropic.com)"
216.73.216.187 - - [05/Apr/2026:14:52:57 +0200] "GET /wp-content/uploads/2020/05/d0b8d0bdd182d0b5d0bdd0b7d0b8d0b2d0bdd0bed182d0be-d0bed182d0b4d0b5d0bbd0b5d0bdd0b8d0b5-d0b2-d0bfd0b0d0b7d0b0d180d0b4d0b6d0b8d0ba-d0bf-100x70.jpg HTTP/1.1" 200 3480 "-" "Mozilla/5.0 AppleWebKit/537.36 (KHTML, like Gecko; compatible; ClaudeBot/1.0; +claudebot@anthropic.com)"
216.73.216.187 - - [05/Apr/2026:14:52:57 +0200] "GET /wp-content/uploads/2020/10/980x551_1590497184-1-265x198.jpg HTTP/1.1" 200 12319 "-" "Mozilla/5.0 AppleWebKit/537.36 (KHTML, like Gecko; compatible; ClaudeBot/1.0; +claudebot@anthropic.com)"
17.241.219.231 - - [05/Apr/2026:14:52:58 +0200] "GET /tag/net-vesti-com/page/3/ HTTP/1.1" 200 19436 "-" "Mozilla/5.0 (Macintosh; Intel Mac OS X 10_15_7) AppleWebKit/605.1.15 (KHTML, like Gecko) Version/17.4 Safari/605.1.15 (Applebot/0.1; +http://www.apple.com/go/applebot)"
216.73.216.187 - - [05/Apr/2026:14:52:58 +0200] "GET /wp-content/uploads/2024/04/koral-fgh-324x400.jpg HTTP/1.1" 200 15185 "-" "Mozilla/5.0 AppleWebKit/537.36 (KHTML, like Gecko; compatible; ClaudeBot/1.0; +claudebot@anthropic.com)"
216.73.216.187 - - [05/Apr/2026:14:52:58 +0200] "GET /wp-content/uploads/2020/10/zx860y484_2119745-265x198.jpg HTTP/1.1" 200 17457 "-" "Mozilla/5.0 AppleWebKit/537.36 (KHTML, like Gecko; compatible; ClaudeBot/1.0; +claudebot@anthropic.com)"
216.73.216.187 - - [05/Apr/2026:14:52:59 +0200] "GET /wp-content/uploads/2020/12/160888095322768-768x576-218x150.jpg HTTP/1.1" 200 11464 "-" "Mozilla/5.0 AppleWebKit/537.36 (KHTML, like Gecko; compatible; ClaudeBot/1.0; +claudebot@anthropic.com)"
216.73.216.187 - - [05/Apr/2026:14:52:59 +0200] "GET /wp-content/uploads/2022/12/IMAGE_12974217_0_0-768x513-534x462.jpg HTTP/1.1" 200 39134 "-" "Mozilla/5.0 AppleWebKit/537.36 (KHTML, like Gecko; compatible; ClaudeBot/1.0; +claudebot@anthropic.com)"
216.73.216.187 - - [05/Apr/2026:14:53:00 +0200] "GET /wp-content/uploads/2020/10/980x551_1590904460-1-300x169.jpg HTTP/1.1" 200 12079 "-" "Mozilla/5.0 AppleWebKit/537.36 (KHTML, like Gecko; compatible; ClaudeBot/1.0; +claudebot@anthropic.com)"
216.73.216.187 - - [05/Apr/2026:14:53:00 +0200] "GET /wp-content/uploads/2022/12/IMAGE_12974217_0_0-768x513-324x400.jpg HTTP/1.1" 200 24168 "-" "Mozilla/5.0 AppleWebKit/537.36 (KHTML, like Gecko; compatible; ClaudeBot/1.0; +claudebot@anthropic.com)"
216.73.216.187 - - [05/Apr/2026:14:53:01 +0200] "GET /wp-content/uploads/2024/06/cvetelina-penkova-2-80x60.jpg HTTP/1.1" 200 2538 "-" "Mozilla/5.0 AppleWebKit/537.36 (KHTML, like Gecko; compatible; ClaudeBot/1.0; +claudebot@anthropic.com)"
17.241.227.53 - - [05/Apr/2026:14:53:01 +0200] "GET /tag/%d0%b8%d0%b7%d1%87%d0%b5%d0%b7%d0%bd%d0%b5/ HTTP/1.1" 502 150 "-" "Mozilla/5.0 (Macintosh; Intel Mac OS X 10_15_7) AppleWebKit/605.1.15 (KHTML, like Gecko) Version/17.4 Safari/605.1.15 (Applebot/0.1; +http://www.apple.com/go/applebot)"
216.73.216.187 - - [05/Apr/2026:14:53:02 +0200] "GET /wp-content/themes/Newspaper/images/panel/category_templates/icon-category-top-fl-8.png HTTP/1.1" 502 150 "-" "Mozilla/5.0 AppleWebKit/537.36 (KHTML, like Gecko; compatible; ClaudeBot/1.0; +claudebot@anthropic.com)"
216.73.216.187 - - [05/Apr/2026:14:53:03 +0200] "GET /wp-content/uploads/2024/09/karakachanow-fggd-356x364.jpg HTTP/1.1" 502 150 "-" "Mozilla/5.0 AppleWebKit/537.36 (KHTML, like Gecko; compatible; ClaudeBot/1.0; +claudebot@anthropic.com)"
216.73.216.187 - - [05/Apr/2026:14:53:03 +0200] "GET /wp-content/uploads/2021/04/287a130aa7804091a118001c5b270514-696x398.jpg HTTP/1.1" 200 28795 "-" "Mozilla/5.0 AppleWebKit/537.36 (KHTML, like Gecko; compatible; ClaudeBot/1.0; +claudebot@anthropic.com)"
216.73.216.187 - - [05/Apr/2026:14:53:04 +0200] "GET /wp-content/themes/Newspaper/mobile/images/icons/?C=N&O=A HTTP/1.1" 200 341 "-" "Mozilla/5.0 AppleWebKit/537.36 (KHTML, like Gecko; compatible; ClaudeBot/1.0; +claudebot@anthropic.com)"
216.73.216.187 - - [05/Apr/2026:14:53:04 +0200] "GET /wp-content/uploads/2024/04/f1824477-b953-4f63-89fa-d79a0d54ecf5-1068x821-546x420.jpeg HTTP/1.1" 200 26644 "-" "Mozilla/5.0 AppleWebKit/537.36 (KHTML, like Gecko; compatible; ClaudeBot/1.0; +claudebot@anthropic.com)"
216.73.216.187 - - [05/Apr/2026:14:53:05 +0200] "GET /wp-content/uploads/2021/07/%d0%b0%d1%88%d0%ba%d0%be%d0%b28ac372f399bb46aabb18dce8f2dbb6a8-696x398.jpg HTTP/1.1" 200 26489 "-" "Mozilla/5.0 AppleWebKit/537.36 (KHTML, like Gecko; compatible; ClaudeBot/1.0; +claudebot@anthropic.com)"
216.73.216.187 - - [05/Apr/2026:14:53:05 +0200] "GET /wp-content/uploads/2024/10/big_pensioner-998544_1280-324x235.jpg HTTP/1.1" 200 26241 "-" "Mozilla/5.0 AppleWebKit/537.36 (KHTML, like Gecko; compatible; ClaudeBot/1.0; +claudebot@anthropic.com)"
216.73.216.187 - - [05/Apr/2026:14:53:06 +0200] "GET /wp-content/uploads/2025/01/d35125f9bc2146a4990ac61381aea24a-1-356x364.jpg HTTP/1.1" 200 20567 "-" "Mozilla/5.0 AppleWebKit/537.36 (KHTML, like Gecko; compatible; ClaudeBot/1.0; +claudebot@anthropic.com)"
216.73.216.187 - - [05/Apr/2026:14:53:06 +0200] "GET /wp-content/uploads/2024/11/raicew-fgg-300x195.jpg HTTP/1.1" 200 9047 "-" "Mozilla/5.0 AppleWebKit/537.36 (KHTML, like Gecko; compatible; ClaudeBot/1.0; +claudebot@anthropic.com)"
216.73.216.187 - - [05/Apr/2026:14:53:07 +0200] "GET /wp-content/uploads/2020/05/d181d0b8d0bbd0b5d0bd-d0b2d0b7d180d0b8d0b2-d0b8d0b7d0b1d183d185d0bdd0b0-d0b2-d0b7d0b0d0b2d0bed0b4-d0b0d180d181d0b5d0bdd0b0d0bb-100x70.jpg HTTP/1.1" 200 3151 "-" "Mozilla/5.0 AppleWebKit/537.36 (KHTML, like Gecko; compatible; ClaudeBot/1.0; +claudebot@anthropic.com)"
216.73.216.187 - - [05/Apr/2026:14:53:07 +0200] "GET /wp-content/uploads/2020/01/d0b5d0bcd0b8d0bb-d0b4d0b8d0bcd0b8d182d180d0bed0b2-d180d0b5d0b2d0b8d0b7d0bed180d0be-d0bdd18fd0bcd0b0-d0b4d0b0-d183d0b2d0bed0bbd0bdd18f-265x198.jpg HTTP/1.1" 200 7903 "-" "Mozilla/5.0 AppleWebKit/537.36 (KHTML, like Gecko; compatible; ClaudeBot/1.0; +claudebot@anthropic.com)"
216.73.216.187 - - [05/Apr/2026:14:53:08 +0200] "GET /wp-content/uploads/2022/10/zx952y526_2288184-741x486.jpg HTTP/1.1" 200 48672 "-" "Mozilla/5.0 AppleWebKit/537.36 (KHTML, like Gecko; compatible; ClaudeBot/1.0; +claudebot@anthropic.com)"
216.73.216.187 - - [05/Apr/2026:14:53:09 +0200] "GET /wp-content/uploads/2020/12/160888095322768-768x576-696x522.jpg HTTP/1.1" 200 61591 "-" "Mozilla/5.0 AppleWebKit/537.36 (KHTML, like Gecko; compatible; ClaudeBot/1.0; +claudebot@anthropic.com)"
216.73.216.187 - - [05/Apr/2026:14:53:10 +0200] "GET /wp-content/uploads/2020/07/d0b3d0bed0bbd18fd0bcd0be-d0bcd0bdd0bed0b6d0b5d181d182d0b2d0be-d181d0b8d0bcd0bfd0b0d182d0b8d0b7d0b0d0bdd182d0b8-d0bdd0b0-d0b4d0bfd181-80x60.jpg HTTP/1.1" 200 2352 "-" "Mozilla/5.0 AppleWebKit/537.36 (KHTML, like Gecko; compatible; ClaudeBot/1.0; +claudebot@anthropic.com)"
216.73.216.187 - - [05/Apr/2026:14:53:10 +0200] "GET /wp-content/uploads/2020/04/d0b2d0bbd0b0d0b4d0b8d0bcd0b8d180-d0bfd183d182d0b8d0bd-d0b7d0b0d0bfd0b0d0bbd0b8-d181d0b2d0b5d189-d0b7d0b0-d0b2d0b5d0bbd0b8d0bad0b4d0b5-300x180.jpg HTTP/1.1" 200 12963 "-" "Mozilla/5.0 AppleWebKit/537.36 (KHTML, like Gecko; compatible; ClaudeBot/1.0; +claudebot@anthropic.com)"
216.73.216.187 - - [05/Apr/2026:14:53:11 +0200] "GET /wp-content/themes/Newspaper/includes/demos/sound_radar/pages/?C=S&O=D HTTP/1.1" 200 351 "-" "Mozilla/5.0 AppleWebKit/537.36 (KHTML, like Gecko; compatible; ClaudeBot/1.0; +claudebot@anthropic.com)"
216.73.216.187 - - [05/Apr/2026:14:53:11 +0200] "GET /wp-content/uploads/2022/04/neshka-robeva_600x400-300x200.jpg HTTP/1.1" 200 12109 "-" "Mozilla/5.0 AppleWebKit/537.36 (KHTML, like Gecko; compatible; ClaudeBot/1.0; +claudebot@anthropic.com)"
216.73.216.187 - - [05/Apr/2026:14:53:12 +0200] "GET /wp-content/uploads/2024/04/IMAGE_17600140_0_0-1024x552-324x400.jpg HTTP/1.1" 200 15006 "-" "Mozilla/5.0 AppleWebKit/537.36 (KHTML, like Gecko; compatible; ClaudeBot/1.0; +claudebot@anthropic.com)"
216.73.216.187 - - [05/Apr/2026:14:53:12 +0200] "GET /wp-content/themes/Newspaper/includes/demos/sound_radar/pages/?C=D&O=D HTTP/1.1" 200 351 "-" "Mozilla/5.0 AppleWebKit/537.36 (KHTML, like Gecko; compatible; ClaudeBot/1.0; +claudebot@anthropic.com)"
216.73.216.187 - - [05/Apr/2026:14:53:13 +0200] "GET /wp-content/uploads/2025/04/0e61322851e3494e9b83e270d0653b35-696x398.jpg HTTP/1.1" 200 23149 "-" "Mozilla/5.0 AppleWebKit/537.36 (KHTML, like Gecko; compatible; ClaudeBot/1.0; +claudebot@anthropic.com)"
216.73.216.187 - - [05/Apr/2026:14:53:13 +0200] "GET /wp-content/uploads/2019/01/sparrow-2770911_1920_1516536385-300x200.jpg HTTP/1.1" 200 12935 "-" "Mozilla/5.0 AppleWebKit/537.36 (KHTML, like Gecko; compatible; ClaudeBot/1.0; +claudebot@anthropic.com)"
216.73.216.187 - - [05/Apr/2026:14:53:14 +0200] "GET /wp-content/uploads/2022/04/neshka-robeva_600x400-356x364.jpg HTTP/1.1" 200 21283 "-" "Mozilla/5.0 AppleWebKit/537.36 (KHTML, like Gecko; compatible; ClaudeBot/1.0; +claudebot@anthropic.com)"
216.73.216.187 - - [05/Apr/2026:14:53:14 +0200] "GET /wp-content/uploads/2020/05/d0b2-d183d181d0bbd0bed0b2d0b8d18f-d0bdd0b0-d0bfd0b0d0bdd0b4d0b5d0bcd0b8d18f-d0bfd0bed181d0bbd0b0d0bdd0b8d186d0b8d182d0b5-d181-d0b2d0b8-324x400.jpg HTTP/1.1" 200 21401 "-" "Mozilla/5.0 AppleWebKit/537.36 (KHTML, like Gecko; compatible; ClaudeBot/1.0; +claudebot@anthropic.com)"
216.73.216.187 - - [05/Apr/2026:14:53:15 +0200] "GET /wp-content/uploads/2025/06/50039b8632344a63846481a1e2106753-324x235.jpg HTTP/1.1" 200 13261 "-" "Mozilla/5.0 AppleWebKit/537.36 (KHTML, like Gecko; compatible; ClaudeBot/1.0; +claudebot@anthropic.com)"
216.73.216.187 - - [05/Apr/2026:14:53:15 +0200] "GET /wp-content/uploads/2020/06/d0b2d0b8d0bdd0b0d0b3d0b8-d0bbd0b8-d0bfd0bed181d0bbd0b5d0b4d0bdd0b8d182d0b5-d189d0b5-d181d0b0-d0bfd0bed181d0bbd0b5d0b4d0bdd0b8-150x150.jpg HTTP/1.1" 200 6055 "-" "Mozilla/5.0 AppleWebKit/537.36 (KHTML, like Gecko; compatible; ClaudeBot/1.0; +claudebot@anthropic.com)"
216.73.216.187 - - [05/Apr/2026:14:53:16 +0200] "GET /wp-content/uploads/2025/03/Pasha-Pozdniakova-585x329-150x150.jpg HTTP/1.1" 200 6252 "-" "Mozilla/5.0 AppleWebKit/537.36 (KHTML, like Gecko; compatible; ClaudeBot/1.0; +claudebot@anthropic.com)"
216.73.216.187 - - [05/Apr/2026:14:53:16 +0200] "GET /wp-content/uploads/2020/06/d0bdd0b0d0bbd0b8d0b2d0b0d0b9-d0bcd0b8-d0bdd0bed0b2d0bed182d0be-d0bfd0b0d180d187d0b5-d0bdd0b0-d0b1d0b8d0bbd0b8-d185d0bbd0b0d0bf-150x150.jpg HTTP/1.1" 200 6883 "-" "Mozilla/5.0 AppleWebKit/537.36 (KHTML, like Gecko; compatible; ClaudeBot/1.0; +claudebot@anthropic.com)"
216.73.216.187 - - [05/Apr/2026:14:53:17 +0200] "GET /wp-content/uploads/2022/03/search-%d0%9a%d0%be%d0%bf%d0%b8%d0%b5-356x364.jpg HTTP/1.1" 200 30014 "-" "Mozilla/5.0 AppleWebKit/537.36 (KHTML, like Gecko; compatible; ClaudeBot/1.0; +claudebot@anthropic.com)"
216.73.216.187 - - [05/Apr/2026:14:53:17 +0200] "GET /wp-content/uploads/2023/08/11-01_2276873335949680457_big-324x235.jpg HTTP/1.1" 200 11379 "-" "Mozilla/5.0 AppleWebKit/537.36 (KHTML, like Gecko; compatible; ClaudeBot/1.0; +claudebot@anthropic.com)"
216.73.216.187 - - [05/Apr/2026:14:53:18 +0200] "GET /wp-content/uploads/2024/05/ezgif-3-228be48fba-534x462.jpg HTTP/1.1" 200 36542 "-" "Mozilla/5.0 AppleWebKit/537.36 (KHTML, like Gecko; compatible; ClaudeBot/1.0; +claudebot@anthropic.com)"
216.73.216.187 - - [05/Apr/2026:14:53:18 +0200] "GET /wp-content/uploads/2021/04/95f15836-f0cf-4493-a8a2-93853e4b30f7-300x169.jpg HTTP/1.1" 200 12638 "-" "Mozilla/5.0 AppleWebKit/537.36 (KHTML, like Gecko; compatible; ClaudeBot/1.0; +claudebot@anthropic.com)"
216.73.216.187 - - [05/Apr/2026:14:53:19 +0200] "GET /wp-content/uploads/2020/11/big_Kornelia_Ninnova1-300x159.jpg HTTP/1.1" 200 9170 "-" "Mozilla/5.0 AppleWebKit/537.36 (KHTML, like Gecko; compatible; ClaudeBot/1.0; +claudebot@anthropic.com)"
216.73.216.187 - - [05/Apr/2026:14:53:19 +0200] "GET /wp-content/uploads/2020/05/d181d0b8d0bbd0b5d0bd-d0b2d0b7d180d0b8d0b2-d0b8d0b7d0b1d183d185d0bdd0b0-d0b2-d0b7d0b0d0b2d0bed0b4-d0b0d180d181d0b5d0bdd0b0d0bb-324x235.jpg HTTP/1.1" 200 19650 "-" "Mozilla/5.0 AppleWebKit/537.36 (KHTML, like Gecko; compatible; ClaudeBot/1.0; +claudebot@anthropic.com)"
216.73.216.187 - - [05/Apr/2026:14:53:20 +0200] "GET /wp-content/uploads/2020/06/d0b4d0bed0bcd0b0d188d0bdd0be-d0bdd0b0d181d0b8d0bbd0b8d0b5-d0bfd0be-d0b2d180d0b5d0bcd0b5-d0bdd0b0-d0bfd0b0d0bdd0b4d0b5d0bcd0b8d18f-d180-533x261.jpg HTTP/1.1" 200 8230 "-" "Mozilla/5.0 AppleWebKit/537.36 (KHTML, like Gecko; compatible; ClaudeBot/1.0; +claudebot@anthropic.com)"
216.73.216.187 - - [05/Apr/2026:14:53:20 +0200] "GET /wp-content/uploads/2024/09/6813a63452784553803e22795de7f5bb-696x398.jpg HTTP/1.1" 200 48913 "-" "Mozilla/5.0 AppleWebKit/537.36 (KHTML, like Gecko; compatible; ClaudeBot/1.0; +claudebot@anthropic.com)"
216.73.216.187 - - [05/Apr/2026:14:53:21 +0200] "GET /wp-content/uploads/2022/12/stefan-tsanev-doroteja-toncheva-150x150.jpg HTTP/1.1" 200 8084 "-" "Mozilla/5.0 AppleWebKit/537.36 (KHTML, like Gecko; compatible; ClaudeBot/1.0; +claudebot@anthropic.com)"
216.73.216.187 - - [05/Apr/2026:14:53:22 +0200] "GET /wp-content/uploads/2021/01/plovdivchanin-bez-rabota-zaradi-073-324x400.jpg HTTP/1.1" 200 18068 "-" "Mozilla/5.0 AppleWebKit/537.36 (KHTML, like Gecko; compatible; ClaudeBot/1.0; +claudebot@anthropic.com)"
216.73.216.187 - - [05/Apr/2026:14:53:22 +0200] "GET /wp-content/uploads/2021/04/cveteslava_galabova-768x432-324x235.jpg HTTP/1.1" 200 12234 "-" "Mozilla/5.0 AppleWebKit/537.36 (KHTML, like Gecko; compatible; ClaudeBot/1.0; +claudebot@anthropic.com)"
216.73.216.187 - - [05/Apr/2026:14:53:23 +0200] "GET /wp-content/uploads/2020/05/d0b2-d183d181d0bbd0bed0b2d0b8d18f-d0bdd0b0-d0bfd0b0d0bdd0b4d0b5d0bcd0b8d18f-d0bfd0bed181d0bbd0b0d0bdd0b8d186d0b8d182d0b5-d181-d0b2d0b8-534x450.jpg HTTP/1.1" 200 30922 "-" "Mozilla/5.0 AppleWebKit/537.36 (KHTML, like Gecko; compatible; ClaudeBot/1.0; +claudebot@anthropic.com)"
216.73.216.187 - - [05/Apr/2026:14:53:23 +0200] "GET /wp-content/uploads/2025/08/80dc633a-efd4-4b47-a89f-eaf2e442a35c-17-scaled-1-1024x696-1024x696.jpg HTTP/1.1" 200 79087 "-" "Mozilla/5.0 AppleWebKit/537.36 (KHTML, like Gecko; compatible; ClaudeBot/1.0; +claudebot@anthropic.com)"
216.73.216.187 - - [05/Apr/2026:14:53:24 +0200] "GET /wp-content/uploads/2020/02/d0b4d0b5d180d0bcd0b5d0bdd0b4d0b6d0b8d0b5d0b2-d0b8d0b7d0b2d0b8d0bad0b0-d0bad183d0bf-d0bcd0bbd0b0d0b4d0bed186d0b8-d0b7d0b0-d0bcd0b0d187-100x70.jpg HTTP/1.1" 200 3189 "-" "Mozilla/5.0 AppleWebKit/537.36 (KHTML, like Gecko; compatible; ClaudeBot/1.0; +claudebot@anthropic.com)"
216.73.216.187 - - [05/Apr/2026:14:53:25 +0200] "GET /wp-content/uploads/2024/10/6813a63452784553803e22795de7f5bb-218x150.jpg HTTP/1.1" 200 9657 "-" "Mozilla/5.0 AppleWebKit/537.36 (KHTML, like Gecko; compatible; ClaudeBot/1.0; +claudebot@anthropic.com)"
216.73.216.187 - - [05/Apr/2026:14:53:25 +0200] "GET /wp-content/themes/Newspaper/includes/demos/sport/pages/?C=N&O=A HTTP/1.1" 200 347 "-" "Mozilla/5.0 AppleWebKit/537.36 (KHTML, like Gecko; compatible; ClaudeBot/1.0; +claudebot@anthropic.com)"
216.73.216.187 - - [05/Apr/2026:14:53:26 +0200] "GET /wp-content/uploads/2024/05/ezgif-3-228be48fba-324x235.jpg HTTP/1.1" 200 15559 "-" "Mozilla/5.0 AppleWebKit/537.36 (KHTML, like Gecko; compatible; ClaudeBot/1.0; +claudebot@anthropic.com)"
216.73.216.187 - - [05/Apr/2026:14:53:26 +0200] "GET /wp-content/uploads/2022/12/IMAGE_12974217_0_0-768x513-300x200.jpg HTTP/1.1" 200 14254 "-" "Mozilla/5.0 AppleWebKit/537.36 (KHTML, like Gecko; compatible; ClaudeBot/1.0; +claudebot@anthropic.com)"
216.73.216.187 - - [05/Apr/2026:14:53:27 +0200] "GET /wp-content/uploads/2021/07/capture23456789101112131415161718192021222324252627282930-534x413.png HTTP/1.1" 200 269175 "-" "Mozilla/5.0 AppleWebKit/537.36 (KHTML, like Gecko; compatible; ClaudeBot/1.0; +claudebot@anthropic.com)"
216.73.216.187 - - [05/Apr/2026:14:53:28 +0200] "GET /wp-content/uploads/2020/01/d0bdd0b0d0bfd0bed0b8d182d0b5d0bbd0bdd0b8-d181d0b8d181d182d0b5d0bcd0b8-d0b2-d18fd0b7d0bed0b2d0b8d180d0b8d182d0b5-d0b8d0bcd0b0-d0b4d0be-324x235.jpg HTTP/1.1" 200 9495 "-" "Mozilla/5.0 AppleWebKit/537.36 (KHTML, like Gecko; compatible; ClaudeBot/1.0; +claudebot@anthropic.com)"
216.73.216.187 - - [05/Apr/2026:14:53:28 +0200] "GET /wp-content/uploads/2021/11/640_gdbop_akcia_iliustrativna-218x150.jpg HTTP/1.1" 200 6254 "-" "Mozilla/5.0 AppleWebKit/537.36 (KHTML, like Gecko; compatible; ClaudeBot/1.0; +claudebot@anthropic.com)"
216.73.216.187 - - [05/Apr/2026:14:53:29 +0200] "GET /wp-content/uploads/2026/03/yotova-iliana-dfsg-300x159.jpg HTTP/1.1" 200 6908 "-" "Mozilla/5.0 AppleWebKit/537.36 (KHTML, like Gecko; compatible; ClaudeBot/1.0; +claudebot@anthropic.com)"
216.73.216.187 - - [05/Apr/2026:14:53:29 +0200] "GET /wp-content/uploads/2022/12/IMAGE_12974217_0_0-768x513-356x364.jpg HTTP/1.1" 200 24790 "-" "Mozilla/5.0 AppleWebKit/537.36 (KHTML, like Gecko; compatible; ClaudeBot/1.0; +claudebot@anthropic.com)"
216.73.216.187 - - [05/Apr/2026:14:53:30 +0200] "GET /wp-content/uploads/2022/12/stefan-tsanev-doroteja-toncheva-600x385.jpg HTTP/1.1" 200 62693 "-" "Mozilla/5.0 AppleWebKit/537.36 (KHTML, like Gecko; compatible; ClaudeBot/1.0; +claudebot@anthropic.com)"
216.73.216.187 - - [05/Apr/2026:14:53:31 +0200] "GET /wp-content/uploads/2025/08/ezgif-4fd517a9c60523-696x385.jpg HTTP/1.1" 200 43417 "-" "Mozilla/5.0 AppleWebKit/537.36 (KHTML, like Gecko; compatible; ClaudeBot/1.0; +claudebot@anthropic.com)"
216.73.216.187 - - [05/Apr/2026:14:53:31 +0200] "GET /wp-content/themes/Newspaper/includes/demos/art_creek/pages/?C=M&O=D HTTP/1.1" 200 352 "-" "Mozilla/5.0 AppleWebKit/537.36 (KHTML, like Gecko; compatible; ClaudeBot/1.0; +claudebot@anthropic.com)"
216.73.216.187 - - [05/Apr/2026:14:53:32 +0200] "GET /wp-content/uploads/2022/07/big_000000000000_2_-150x150.jpg HTTP/1.1" 200 6315 "-" "Mozilla/5.0 AppleWebKit/537.36 (KHTML, like Gecko; compatible; ClaudeBot/1.0; +claudebot@anthropic.com)"
216.73.216.187 - - [05/Apr/2026:14:53:32 +0200] "GET /wp-content/uploads/2022/12/volgin-1200x900-1024x768-533x261.jpg HTTP/1.1" 200 16422 "-" "Mozilla/5.0 AppleWebKit/537.36 (KHTML, like Gecko; compatible; ClaudeBot/1.0; +claudebot@anthropic.com)"
185.191.171.16 - - [05/Apr/2026:14:53:34 +0200] "GET /%D0%BA%D0%B8%D0%BF%D1%8A%D1%80-%D0%B8%D0%B7%D0%BF%D1%80%D0%B0%D1%89%D0%B0-%D0%BF%D0%BE%D0%BB%D0%B8%D1%86%D0%B0%D0%B8-%D0%BD%D0%B0-%D1%82%D1%83%D1%80%D1%81%D0%BA%D0%BE-%D0%B3%D1%80%D1%8A%D1%86%D0%BA/ HTTP/1.1" 200 25486 "-" "Mozilla/5.0 (compatible; SemrushBot/7~bl; +http://www.semrush.com/bot.html)"
185.191.171.7 - - [05/Apr/2026:14:53:48 +0200] "GET /tag/%D0%B4%D0%B5%D0%BD%D0%BE%D0%BD%D0%BE%D1%89%D0%BD%D0%BE/page/9/ HTTP/1.1" 200 16171 "-" "Mozilla/5.0 (compatible; SemrushBot/7~bl; +http://www.semrush.com/bot.html)"
216.73.216.187 - - [05/Apr/2026:14:53:50 +0200] "GET /wp-content/uploads/2020/02/d0bfd0bed180d0b5d0b4d0bdd0be-d181d0b0d0bcd0bed183d0b1d0b8d0b9d181d182d0b2d0be-d0b2-d0b1d0bbd0b0d0b3d0bed0b5d0b2d0b3d180d0b0d0b4-533x261.jpg HTTP/1.1" 200 44131 "-" "Mozilla/5.0 AppleWebKit/537.36 (KHTML, like Gecko; compatible; ClaudeBot/1.0; +claudebot@anthropic.com)"
216.73.216.187 - - [05/Apr/2026:14:53:51 +0200] "GET /wp-content/uploads/2020/06/d0b2d0b8d0bdd0b0d0b3d0b8-d0bbd0b8-d0bfd0bed181d0bbd0b5d0b4d0bdd0b8d182d0b5-d189d0b5-d181d0b0-d0bfd0bed181d0bbd0b5d0b4d0bdd0b8-534x359.jpg HTTP/1.1" 200 32302 "-" "Mozilla/5.0 AppleWebKit/537.36 (KHTML, like Gecko; compatible; ClaudeBot/1.0; +claudebot@anthropic.com)"
216.73.216.187 - - [05/Apr/2026:14:53:51 +0200] "GET /wp-content/uploads/2022/10/zx952y526_2288184-768x424.jpg HTTP/1.1" 200 43465 "-" "Mozilla/5.0 AppleWebKit/537.36 (KHTML, like Gecko; compatible; ClaudeBot/1.0; +claudebot@anthropic.com)"
