216.73.216.187 - - [05/Apr/2026:15:40:06 +0200] "GET /wp-content/cache/page_enhanced/netvesti.com/%d1%82%d1%80%d1%83%d1%81-%d1%81-%d0%bc%d0%b0%d0%b3%d0%bd%d0%b8%d1%82%d1%83%d0%b4-53-%d1%80%d0%b0%d0%b7%d0%bb%d1%8e%d0%bb%d1%8f-%d1%84%d0%b8%d0%bb%d0%b8%d0%bf%d0%b8%d0%bd%d0%b8%d1%82%d0%b5/whatsapp:/send HTTP/1.1" 502 150 "-" "Mozilla/5.0 AppleWebKit/537.36 (KHTML, like Gecko; compatible; ClaudeBot/1.0; +claudebot@anthropic.com)"
64.227.28.174 - - [05/Apr/2026:15:40:06 +0200] "GET /wp-content/uploads/2015/01/lock.jpg%201200w,%20https:/netvesti.com/wp-content/uploads/2015/01/lock-300x200.jpg%20300w,%20https:/netvesti.com/wp-content/uploads/2015/01/lock-768x512.jpg%20768w,%20https:/netvesti.com/wp-content/uploads/2015/01/lock-1024x683.jpg%201024w,%20https:/netvesti.com/wp-content/uploads/2015/01/lock-310x205.jpg%20310w HTTP/1.1" 502 552 "https://netvesti.com/" "Mozilla/5.0 (Windows NT 10.0; Win64; x64) AppleWebKit/537.36 (KHTML, like Gecko) Chrome/116.0.0.0 Safari/537.36"
216.73.216.187 - - [05/Apr/2026:15:40:08 +0200] "GET /wp-content/cache/page_enhanced/netvesti.com/forbes%d0%bd%d0%b5%d0%bf%d0%be%d0%b7%d0%bd%d0%b0%d1%82%d0%b0%d1%82%d0%b0-%d0%b8%d0%bd%d0%b2%d0%b5%d1%81%d1%82%d0%b8%d1%86%d0%b8%d0%be%d0%bd%d0%bd%d0%b0-%d0%b0%d0%bb%d1%82%d0%b5%d1%80%d0%bd%d0%b0/whatsapp:/send HTTP/1.1" 404 12107 "-" "Mozilla/5.0 AppleWebKit/537.36 (KHTML, like Gecko; compatible; ClaudeBot/1.0; +claudebot@anthropic.com)"
14.246.33.117 - - [05/Apr/2026:15:40:10 +0200] "GET /wp-content/uploads/2015/01/lock.jpg%201200w,%20https://netvesti.com/wp-content/uploads/2015/01/lock-300x200.jpg%20300w,%20https://netvesti.com/wp-content/uploads/2015/01/lock-768x512.jpg%20768w,%20https://netvesti.com/wp-content/uploads/2015/01/lock-1024x683.jpg%201024w,%20https://netvesti.com/wp-content/uploads/2015/01/lock-310x205.jpg%20310w HTTP/1.1" 301 0 "https://netvesti.com/" "Mozilla/5.0 (Windows NT 10.0; Win64; x64) AppleWebKit/537.36 (KHTML, like Gecko) Chrome/116.0.0.0 Safari/537.36"
123.17.207.55 - - [05/Apr/2026:15:40:13 +0200] "GET /wp-content/uploads/2015/01/lock.jpg%201200w,%20https:/netvesti.com/wp-content/uploads/2015/01/lock-300x200.jpg%20300w,%20https:/netvesti.com/wp-content/uploads/2015/01/lock-768x512.jpg%20768w,%20https:/netvesti.com/wp-content/uploads/2015/01/lock-1024x683.jpg%201024w,%20https:/netvesti.com/wp-content/uploads/2015/01/lock-310x205.jpg%20310w HTTP/1.1" 404 12112 "https://netvesti.com/" "Mozilla/5.0 (Windows NT 10.0; Win64; x64) AppleWebKit/537.36 (KHTML, like Gecko) Chrome/116.0.0.0 Safari/537.36"
216.73.216.187 - - [05/Apr/2026:15:40:14 +0200] "GET /wp-content/cache/page_enhanced/netvesti.com/%d0%b1%d0%b3-%d0%bb%d0%b5%d0%ba%d0%b0%d1%80-%d0%be%d1%82-%d1%81%d0%b0%d1%89-%d0%ba%d0%b0%d0%ba%d1%8a%d0%b2-%d0%b5-%d1%81%d0%bc%d0%b8%d1%81%d1%8a%d0%bb%d1%8a%d1%82-%d0%b4%d0%b0-%d1%80%d0%b0%d0%b7/?C=M&O=A HTTP/1.1" 200 423 "-" "Mozilla/5.0 AppleWebKit/537.36 (KHTML, like Gecko; compatible; ClaudeBot/1.0; +claudebot@anthropic.com)"
216.73.216.187 - - [05/Apr/2026:15:40:18 +0200] "GET /wp-content/cache/page_enhanced/netvesti.com/%d1%80%d0%b0%d0%b4%d0%b5%d0%b2-%d0%bf%d1%80%d0%b5%d0%b4%d0%b8%d1%88%d0%bd%d0%b8%d1%82%d0%b5-%d1%83%d0%bf%d1%80%d0%b0%d0%b2%d0%bb%d1%8f%d0%b2%d0%b0%d1%89%d0%b8-%d0%ba%d0%b0%d0%bf%d0%b8%d1%82%d1%83/?C=S&O=A HTTP/1.1" 200 416 "-" "Mozilla/5.0 AppleWebKit/537.36 (KHTML, like Gecko; compatible; ClaudeBot/1.0; +claudebot@anthropic.com)"
181.125.195.47 - - [05/Apr/2026:15:40:19 +0200] "GET /%d1%85%d1%80%d0%b8%d1%81%d1%82%d0%be-%d0%b1%d1%8f%d1%85-%d0%b1%d0%b0%d1%80%d0%bc%d0%b0%d0%bd-%d1%81%d0%b5%d0%b3%d0%b0-%d1%81%d0%b5-%d0%b3%d0%be%d1%82%d0%b2%d1%8f-%d0%b4%d0%b0-%d0%b8%d0%b4/17943435 HTTP/1.1" 301 0 "https://netvesti.com/" "Mozilla/5.0 (Windows NT 10.0; Win64; x64) AppleWebKit/537.36 (KHTML, like Gecko) Chrome/120.0.0.0 Safari/537.36"
216.73.216.187 - - [05/Apr/2026:15:40:23 +0200] "GET /wp-content/cache/page_enhanced/netvesti.com/%d0%bd%d0%b0%d0%b4-5000-%d0%bc%d0%b8%d0%b3%d1%80%d0%b0%d0%bd%d1%82%d0%b8-%d0%b0%d1%82%d0%b0%d0%ba%d1%83%d0%b2%d0%b0%d1%85%d0%b0-%d0%b3%d1%8a%d1%80%d1%86%d0%b8%d1%8f-%d0%bf%d1%80%d0%b5%d0%b7-%d0%bd/?C=D&O=A HTTP/1.1" 200 426 "-" "Mozilla/5.0 AppleWebKit/537.36 (KHTML, like Gecko; compatible; ClaudeBot/1.0; +claudebot@anthropic.com)"
216.73.216.187 - - [05/Apr/2026:15:40:28 +0200] "GET /wp-content/cache/page_enhanced/netvesti.com/%d1%82%d1%80%d0%b5%d0%bd%d0%b8%d1%80%d0%be%d0%b2%d0%ba%d0%b0-%d0%bd%d0%b0-%d0%bc%d1%81-%d0%bc%d0%b5%d1%80%d0%b5%d0%bd%d0%b5-%d0%bd%d0%b0-%d1%82%d0%b5%d0%bc%d0%bf%d0%b5%d1%80%d0%b0%d1%82%d1%83%d1%80/?C=M&O=A HTTP/1.1" 200 414 "-" "Mozilla/5.0 AppleWebKit/537.36 (KHTML, like Gecko; compatible; ClaudeBot/1.0; +claudebot@anthropic.com)"
216.73.216.187 - - [05/Apr/2026:15:40:33 +0200] "GET /wp-content/cache/page_enhanced/netvesti.com/%d0%b1%d0%b5%d0%b7%d1%81%d1%8a%d0%bd%d0%b8%d0%b5-%d1%83%d0%bc%d0%be%d1%80%d0%b0-%d0%bf%d1%80%d0%be%d0%b1%d0%b2%d0%b0%d0%b9%d1%82%d0%b5-%d1%81-%d0%b4%d0%b8%d1%85%d0%b0%d1%82%d0%b5%d0%bb%d0%bd%d0%b8/?C=S&O=A HTTP/1.1" 200 421 "-" "Mozilla/5.0 AppleWebKit/537.36 (KHTML, like Gecko; compatible; ClaudeBot/1.0; +claudebot@anthropic.com)"
216.73.216.187 - - [05/Apr/2026:15:40:38 +0200] "GET /wp-content/cache/page_enhanced/netvesti.com/%d1%83%d1%87%d0%b5%d0%bd%d0%b8%d1%87%d0%ba%d0%b8-%d0%be%d1%82-%d0%bf%d0%be%d0%bf%d0%be%d0%b2%d0%be-%d0%bd%d0%b0%d0%bc%d0%b5%d1%80%d0%b8%d1%85%d0%b0-%d0%bf%d0%bb%d0%b8%d0%ba-%d1%81-%d0%bf%d0%b0%d1%80/?C=S&O=A HTTP/1.1" 200 418 "-" "Mozilla/5.0 AppleWebKit/537.36 (KHTML, like Gecko; compatible; ClaudeBot/1.0; +claudebot@anthropic.com)"
85.208.96.210 - - [05/Apr/2026:15:40:41 +0200] "GET /%D0%BF%D1%80%D0%B5%D0%B7-1988-%D0%B3-%D0%B1%D1%8A%D0%BB%D0%B3%D0%B0%D1%80%D0%B8%D1%8F-%D0%B4%D0%BE%D1%81%D1%82%D0%B8%D0%B3%D0%B0-%D0%BD%D0%B0%D0%B9-%D0%B2%D0%B8%D1%81%D0%BE%D0%BA%D0%BE%D1%82%D0%BE/ HTTP/1.1" 200 22776 "-" "Mozilla/5.0 (compatible; SemrushBot/7~bl; +http://www.semrush.com/bot.html)"
54.38.147.203 - - [05/Apr/2026:15:40:43 +0200] "GET /tag/%D0%B4%D0%BE%D1%86-%D0%B2%D0%B0%D0%BB%D0%B5%D0%BD%D1%82%D0%B8%D0%BD-%D0%B2%D0%B0%D1%86%D0%B5%D0%B2-%D0%BF%D0%B5%D1%82%D0%B0%D1%82%D0%B0-%D0%B1%D1%8A%D0%BB%D0%B3%D0%B0%D1%80%D1%81%D0%BA%D0%B0-%D0%B4/page/21/ HTTP/1.1" 200 16608 "-" "Mozilla/5.0 (compatible; AhrefsBot/7.0; +http://ahrefs.com/robot/)"
216.73.216.187 - - [05/Apr/2026:15:40:43 +0200] "GET /wp-content/cache/page_enhanced/netvesti.com/%d1%81%d1%8a%d0%b4%d1%8a%d1%82-%d0%b2-%d0%b1%d0%b5%d0%bb%d0%b3%d1%80%d0%b0%d0%b4-%d0%be%d0%b1%d1%81%d1%8a%d0%b6%d0%b4%d0%b0-%d0%b5%d0%ba%d1%81%d1%82%d1%80%d0%b0%d0%b4%d0%b8%d1%86%d0%b8%d1%8f%d1%82/?C=S&O=A HTTP/1.1" 200 421 "-" "Mozilla/5.0 AppleWebKit/537.36 (KHTML, like Gecko; compatible; ClaudeBot/1.0; +claudebot@anthropic.com)"
52.167.144.149 - - [05/Apr/2026:15:40:43 +0200] "GET /%D0%B8%D0%B4%D0%B8-%D0%B1%D0%BE%D1%80%D0%B8%D1%81%D0%BE%D0%B2-%D0%BF%D1%80%D0%B8-%D1%82%D0%B5%D0%B7%D0%B8-%D1%85%D0%BE%D1%80%D0%B0-%D0%B8-%D1%89%D0%B5-%D0%B2%D0%B8%D0%B4%D0%B8%D1%88-%D0%BA%D0%B0/ HTTP/1.1" 200 27752 "-" "Mozilla/5.0 AppleWebKit/537.36 (KHTML, like Gecko; compatible; bingbot/2.0; +http://www.bing.com/bingbot.htm) Chrome/116.0.1938.76 Safari/537.36"
216.73.216.187 - - [05/Apr/2026:15:40:48 +0200] "GET /wp-content/cache/page_enhanced/netvesti.com/%d0%bd%d0%b0%d0%b4-5000-%d0%bc%d0%b8%d0%b3%d1%80%d0%b0%d0%bd%d1%82%d0%b8-%d0%b0%d1%82%d0%b0%d0%ba%d1%83%d0%b2%d0%b0%d1%85%d0%b0-%d0%b3%d1%8a%d1%80%d1%86%d0%b8%d1%8f-%d0%bf%d1%80%d0%b5%d0%b7-%d0%bd/?C=M&O=A HTTP/1.1" 200 426 "-" "Mozilla/5.0 AppleWebKit/537.36 (KHTML, like Gecko; compatible; ClaudeBot/1.0; +claudebot@anthropic.com)"
216.73.216.187 - - [05/Apr/2026:15:40:53 +0200] "GET /wp-content/cache/page_enhanced/netvesti.com/%d1%81%d0%be%d1%84%d0%b8%d1%8f-%d1%81-%d0%bd%d0%be%d0%b2%d0%b8-%d0%b5%d0%bb-%d0%ba%d0%b0%d0%bc%d0%b8%d0%be%d0%bd%d1%87%d0%b5%d1%82%d0%b0-%d0%b7%d0%b0-%d0%bf%d0%be%d0%b4%d0%b4%d1%80%d1%8a%d0%b6%d0%ba/?C=S&O=A HTTP/1.1" 200 424 "-" "Mozilla/5.0 AppleWebKit/537.36 (KHTML, like Gecko; compatible; ClaudeBot/1.0; +claudebot@anthropic.com)"
216.73.216.187 - - [05/Apr/2026:15:40:58 +0200] "GET /wp-content/cache/page_enhanced/netvesti.com/%d1%81%d1%82%d0%b5%d1%84%d0%b0%d0%bd-%d0%bf%d1%80%d0%be%d0%b9%d0%bd%d0%be%d0%b2-%d1%81%d0%b5%d1%87%d0%b5%d0%bd%d0%b5%d1%82%d0%be-%d0%bd%d0%b0-%d0%bc%d0%be%d0%bd%d0%b5%d1%82%d0%b8-%d0%bd%d0%b5-%d0%b5/?C=D&O=A HTTP/1.1" 200 416 "-" "Mozilla/5.0 AppleWebKit/537.36 (KHTML, like Gecko; compatible; ClaudeBot/1.0; +claudebot@anthropic.com)"
85.208.96.203 - - [05/Apr/2026:15:41:02 +0200] "GET /tag/%D0%B2%D1%8A%D1%80%D1%85%D0%BE%D0%B2%D0%B5%D0%BD%D1%81%D1%82%D0%B2%D0%BE/ HTTP/1.1" 502 150 "-" "Mozilla/5.0 (compatible; SemrushBot/7~bl; +http://www.semrush.com/bot.html)"
216.73.216.187 - - [05/Apr/2026:15:41:03 +0200] "GET /wp-content/cache/page_enhanced/netvesti.com/%d1%82%d0%be%d0%b2%d0%b0-%d0%b5-%d0%b8%d1%81%d1%82%d0%b8%d0%bd%d0%b0%d1%82%d0%b0-%d0%b7%d0%b0-%d0%b6%d0%b8%d0%b2%d0%be%d1%82%d0%b0-%d0%b2-%d1%81%d0%be%d1%84%d0%b8%d1%8f/?C=S&O=A HTTP/1.1" 200 418 "-" "Mozilla/5.0 AppleWebKit/537.36 (KHTML, like Gecko; compatible; ClaudeBot/1.0; +claudebot@anthropic.com)"
51.68.107.156 - - [05/Apr/2026:15:41:04 +0200] "GET /robots.txt HTTP/1.1" 304 0 "-" "Mozilla/5.0 (compatible; MJ12bot/v2.0.5; http://mj12bot.com/)"
51.68.107.156 - - [05/Apr/2026:15:41:04 +0200] "GET / HTTP/1.1" 200 15165 "-" "Mozilla/5.0 (compatible; MJ12bot/v2.0.5; http://mj12bot.com/)"
51.68.107.156 - - [05/Apr/2026:15:41:04 +0200] "GET /robots.txt HTTP/1.1" 200 201 "-" "Mozilla/5.0 (compatible; MJ12bot/v2.0.5; http://mj12bot.com/)"
51.68.107.156 - - [05/Apr/2026:15:41:04 +0200] "GET / HTTP/1.1" 301 0 "-" "Mozilla/5.0 (compatible; MJ12bot/v2.0.5; http://mj12bot.com/)"
51.68.107.156 - - [05/Apr/2026:15:41:04 +0200] "GET / HTTP/1.1" 200 15165 "-" "Mozilla/5.0 (compatible; MJ12bot/v2.0.5; http://mj12bot.com/)"
216.73.216.187 - - [05/Apr/2026:15:41:08 +0200] "GET /wp-content/cache/page_enhanced/netvesti.com/%d1%80%d0%b0%d0%b4%d0%b5%d0%b2-%d0%b7%d0%b0-%d0%be%d1%82%d0%bd%d0%be%d1%88%d0%b5%d0%bd%d0%b8%d1%8f%d1%82%d0%b0-%d1%81%d1%8a%d1%81-%d1%81%d0%ba%d0%be%d0%bf%d0%b8%d0%b5-%d0%bd%d1%8f%d0%bc%d0%b0%d0%bc/?C=S&O=A HTTP/1.1" 200 426 "-" "Mozilla/5.0 AppleWebKit/537.36 (KHTML, like Gecko; compatible; ClaudeBot/1.0; +claudebot@anthropic.com)"
116.179.32.131 - - [05/Apr/2026:15:41:11 +0200] "GET /%D0%BA%D0%BE%D1%81%D1%82%D0%B0%D0%B4%D0%B8%D0%BD%D0%BE%D0%B2-%D0%B2-%D0%BF%D0%BE%D0%B4%D0%BA%D0%B0%D1%81%D1%82%D0%B0-%D0%BD%D0%B0-%D1%8F%D0%B2%D0%BE%D1%80-%D0%B4%D0%B0%D1%87%D0%BA%D0%BE%D0%B2-%D0%BF/ HTTP/1.1" 200 43833 "-" "Mozilla/5.0 (compatible; Baiduspider/2.0; +http://www.baidu.com/search/spider.html)"
216.73.216.187 - - [05/Apr/2026:15:41:13 +0200] "GET /wp-content/cache/page_enhanced/netvesti.com/%d1%80%d0%b0%d0%b4%d0%b5%d0%b2-%d0%bf%d1%80%d0%b5%d0%b4-%d0%b5%d0%b2%d1%80%d0%be%d0%b4%d0%b5%d0%bb%d0%b5%d0%b3%d0%b0%d1%86%d0%b8%d1%8f%d1%82%d0%b0-%d0%b5%d1%81-%d1%82%d1%80%d1%8f%d0%b1%d0%b2%d0%b0/?C=S&O=A HTTP/1.1" 200 425 "-" "Mozilla/5.0 AppleWebKit/537.36 (KHTML, like Gecko; compatible; ClaudeBot/1.0; +claudebot@anthropic.com)"
216.73.216.187 - - [05/Apr/2026:15:41:18 +0200] "GET /wp-content/cache/page_enhanced/netvesti.com/%d0%b2%d0%b0%d1%81%d0%b8%d0%bb%d0%b5%d0%b2-%d1%80%d0%b0%d0%b7%d0%b1%d0%b8-%d0%bb%d1%8a%d0%b6%d0%b8%d1%82%d0%b5-%d0%bd%d0%b0-%d0%b3%d0%b5%d1%80%d0%b1-%d0%b7%d0%b0-%d0%b2%d0%b4%d0%b8%d0%b3%d0%b0%d0%bd/?C=D&O=A HTTP/1.1" 200 424 "-" "Mozilla/5.0 AppleWebKit/537.36 (KHTML, like Gecko; compatible; ClaudeBot/1.0; +claudebot@anthropic.com)"
216.73.216.187 - - [05/Apr/2026:15:41:23 +0200] "GET /wp-content/cache/page_enhanced/netvesti.com/%d0%bf%d1%80%d0%be%d1%84-%d0%b8%d0%b2%d0%be-%d1%85%d1%80%d0%b8%d1%81%d1%82%d0%be%d0%b2-%d0%bd%d0%b0%d0%bb%d0%b0%d0%b3%d0%b0-%d1%81%d0%b5-%d0%b4%d0%b0-%d1%81%d0%b2%d0%b8%d0%ba%d0%b2%d0%b0%d0%bc%d0%b5/?C=D&O=A HTTP/1.1" 200 423 "-" "Mozilla/5.0 AppleWebKit/537.36 (KHTML, like Gecko; compatible; ClaudeBot/1.0; +claudebot@anthropic.com)"
216.73.216.187 - - [05/Apr/2026:15:41:28 +0200] "GET /wp-content/cache/page_enhanced/netvesti.com/%d0%b0%d1%81%d0%b5%d0%bd-%d0%b2%d0%b0%d1%81%d0%b8%d0%bb%d0%b5%d0%b2-%d1%81%d0%bf%d0%b8%d1%80%d0%b0%d0%bc%d0%b5-%d0%ba%d1%80%d0%b0%d0%b4%d0%b5%d0%bd%d0%b5%d1%82%d0%be-%d0%b8-%d1%83%d0%b2%d0%b5%d0%bb/?C=D&O=A HTTP/1.1" 200 420 "-" "Mozilla/5.0 AppleWebKit/537.36 (KHTML, like Gecko; compatible; ClaudeBot/1.0; +claudebot@anthropic.com)"
216.73.216.187 - - [05/Apr/2026:15:41:33 +0200] "GET /wp-content/plugins/jetpack/class.json-api-endpoints.php HTTP/1.1" 500 0 "-" "Mozilla/5.0 AppleWebKit/537.36 (KHTML, like Gecko; compatible; ClaudeBot/1.0; +claudebot@anthropic.com)"
216.73.216.187 - - [05/Apr/2026:15:41:38 +0200] "GET /wp-content/plugins/jetpack/class.jetpack-admin.php HTTP/1.1" 500 0 "-" "Mozilla/5.0 AppleWebKit/537.36 (KHTML, like Gecko; compatible; ClaudeBot/1.0; +claudebot@anthropic.com)"
216.73.216.187 - - [05/Apr/2026:15:41:43 +0200] "GET /wp-content/plugins/jetpack/class.jetpack.php HTTP/1.1" 500 0 "-" "Mozilla/5.0 AppleWebKit/537.36 (KHTML, like Gecko; compatible; ClaudeBot/1.0; +claudebot@anthropic.com)"
40.77.167.40 - - [05/Apr/2026:15:41:48 +0200] "GET /%D0%BA%D0%BD%D1%81%D0%B1-%D0%B1%D0%BE%D1%80%D0%B8%D1%81%D0%BE%D0%B2-%D1%81%D0%B0%D0%BC%D0%BE-%D0%B8%D0%B7%D0%B3%D0%BB%D0%B5%D0%B6%D0%B4%D0%B0%D1%88%D0%B5-%D0%BC%D0%BD%D0%BE%D0%B3%D0%BE-%D1%89%D0%B5/ HTTP/1.1" 200 27985 "-" "Mozilla/5.0 AppleWebKit/537.36 (KHTML, like Gecko; compatible; bingbot/2.0; +http://www.bing.com/bingbot.htm) Chrome/116.0.1938.76 Safari/537.36"
216.73.216.187 - - [05/Apr/2026:15:41:48 +0200] "GET /wp-content/plugins/jetpack/class.jetpack-error.php HTTP/1.1" 500 0 "-" "Mozilla/5.0 AppleWebKit/537.36 (KHTML, like Gecko; compatible; ClaudeBot/1.0; +claudebot@anthropic.com)"
40.77.167.40 - - [05/Apr/2026:15:41:50 +0200] "GET /tag/%D0%B3%D0%B5%D1%80%D0%B1/ HTTP/1.1" 200 16273 "-" "Mozilla/5.0 AppleWebKit/537.36 (KHTML, like Gecko; compatible; bingbot/2.0; +http://www.bing.com/bingbot.htm) Chrome/116.0.1938.76 Safari/537.36"
216.73.216.187 - - [05/Apr/2026:15:41:53 +0200] "GET /wp-content/plugins/jetpack/jetpack.php HTTP/1.1" 500 0 "-" "Mozilla/5.0 AppleWebKit/537.36 (KHTML, like Gecko; compatible; ClaudeBot/1.0; +claudebot@anthropic.com)"
52.167.144.149 - - [05/Apr/2026:15:41:54 +0200] "GET /tag/%D1%81%D1%82%D1%80%D1%83%D0%BA%D1%82%D1%83%D1%80%D0%B0%D1%82%D0%B0/ HTTP/1.1" 200 15898 "-" "Mozilla/5.0 AppleWebKit/537.36 (KHTML, like Gecko; compatible; bingbot/2.0; +http://www.bing.com/bingbot.htm) Chrome/116.0.1938.76 Safari/537.36"
52.167.144.149 - - [05/Apr/2026:15:41:55 +0200] "GET /tag/%D0%B7%D0%B0-%D0%B4%D0%B0-%D0%BA%D0%B0%D0%B6%D0%B0%D1%82-%D0%BD%D0%B5/page/13/ HTTP/1.1" 200 16386 "-" "Mozilla/5.0 AppleWebKit/537.36 (KHTML, like Gecko; compatible; bingbot/2.0; +http://www.bing.com/bingbot.htm) Chrome/116.0.1938.76 Safari/537.36"
52.167.144.149 - - [05/Apr/2026:15:41:56 +0200] "GET /tag/%D0%BC%D0%B0%D0%BD%D0%B3%D1%8A%D1%80%D0%BE%D0%B2-%D0%B8%D0%B7%D1%85%D0%B2%D1%8A%D1%80%D0%BB%D0%B8-%D0%BD%D0%B0-%D0%B7%D0%B5%D0%BC%D1%8F%D1%82%D0%B0-%D0%BC%D0%B0%D1%81%D0%BA%D0%B0/ HTTP/1.1" 200 13739 "-" "Mozilla/5.0 AppleWebKit/537.36 (KHTML, like Gecko; compatible; bingbot/2.0; +http://www.bing.com/bingbot.htm) Chrome/116.0.1938.76 Safari/537.36"
52.167.144.149 - - [05/Apr/2026:15:41:57 +0200] "GET /%D0%B2-%D0%B4%D0%B5%D0%BD%D1%8F-%D0%BD%D0%B0-%D0%B2%D0%BE%D1%82%D0%B0-%D1%80%D0%B0%D1%88%D0%BA%D0%BE%D0%B2-%D0%B2%D0%B0%D0%B4%D0%B8-%D0%B6%D0%B0%D0%BD%D0%B4%D0%B0%D1%80%D0%BC%D0%B5%D1%80%D0%B8%D1%8F/ HTTP/1.1" 200 24732 "-" "Mozilla/5.0 AppleWebKit/537.36 (KHTML, like Gecko; compatible; bingbot/2.0; +http://www.bing.com/bingbot.htm) Chrome/116.0.1938.76 Safari/537.36"
52.167.144.173 - - [05/Apr/2026:15:41:58 +0200] "GET /%D1%89%D0%B5-%D1%81%D1%82%D0%B8%D0%B3%D0%BD%D0%B5%D0%BC-%D0%BB%D0%B8-20-%D1%85%D0%B8%D0%BB-%D0%B7%D0%B0%D1%80%D0%B0%D0%B7%D0%B5%D0%BD%D0%B8-%D1%81-%D0%BA%D0%BE%D1%80%D0%BE%D0%BD%D0%B0%D0%B2%D0%B8/ HTTP/1.1" 200 25189 "-" "Mozilla/5.0 AppleWebKit/537.36 (KHTML, like Gecko; compatible; bingbot/2.0; +http://www.bing.com/bingbot.htm) Chrome/116.0.1938.76 Safari/537.36"
52.167.144.173 - - [05/Apr/2026:15:42:00 +0200] "GET /tag/%D0%B2%D0%BE%D0%B9%D1%81%D0%BA%D0%B8/ HTTP/1.1" 200 16025 "-" "Mozilla/5.0 AppleWebKit/537.36 (KHTML, like Gecko; compatible; bingbot/2.0; +http://www.bing.com/bingbot.htm) Chrome/116.0.1938.76 Safari/537.36"
52.167.144.173 - - [05/Apr/2026:15:42:01 +0200] "GET /tag/%D0%B8%D0%B7%D0%BB%D0%B5%D0%BA%D1%83%D0%B2%D0%B0%D0%BB-%D1%81%D1%82%D0%BE%D1%82%D0%B8%D1%86%D0%B8-%D0%B1%D0%BE%D0%BB%D0%BD%D0%B8/ HTTP/1.1" 200 13539 "-" "Mozilla/5.0 AppleWebKit/537.36 (KHTML, like Gecko; compatible; bingbot/2.0; +http://www.bing.com/bingbot.htm) Chrome/116.0.1938.76 Safari/537.36"
52.167.144.173 - - [05/Apr/2026:15:42:01 +0200] "GET /tag/%D0%B2%D0%B0%D0%BB%D0%B5%D0%BD%D1%82%D0%B8%D0%BD-%D1%82%D0%B5%D1%80%D0%B7%D0%B8%D0%B5%D0%B2/ HTTP/1.1" 502 552 "-" "Mozilla/5.0 AppleWebKit/537.36 (KHTML, like Gecko; compatible; bingbot/2.0; +http://www.bing.com/bingbot.htm) Chrome/116.0.1938.76 Safari/537.36"
51.195.215.108 - - [05/Apr/2026:15:42:03 +0200] "GET /tag/euractiv-%D1%80%D0%B0%D0%B4%D0%B5%D0%B2-%D1%81%D1%82%D0%BE%D0%B8-%D0%B7%D0%B0%D0%B4-%D0%BD%D0%B0%D1%86%D0%B8%D0%BE%D0%BD%D0%B0%D0%BB%D0%B8%D1%81%D1%82%D0%B8%D1%87%D0%B5%D1%81%D0%BA%D0%B8%D1%8F-%D0%B7/page/3/ HTTP/1.1" 502 150 "-" "Mozilla/5.0 (compatible; AhrefsBot/7.0; +http://ahrefs.com/robot/)"
216.73.216.187 - - [05/Apr/2026:15:42:03 +0200] "GET /wp-content/themes/Newspaper/functions.php HTTP/1.1" 502 150 "-" "Mozilla/5.0 AppleWebKit/537.36 (KHTML, like Gecko; compatible; ClaudeBot/1.0; +claudebot@anthropic.com)"
216.73.216.187 - - [05/Apr/2026:15:42:04 +0200] "GET /?p=2644 HTTP/1.1" 301 0 "-" "Mozilla/5.0 AppleWebKit/537.36 (KHTML, like Gecko; compatible; ClaudeBot/1.0; +claudebot@anthropic.com)"
216.73.216.187 - - [05/Apr/2026:15:42:05 +0200] "GET /%d0%ba%d1%80%d0%b8%d0%b7%d0%b0%d1%82%d0%b0-%d0%bf%d0%be%d0%ba%d0%b0%d0%b7%d0%b0%d0%bb%d0%b0-%d1%87%d0%b5-%d0%b7%d0%b0-%d1%81%d1%82%d1%80%d0%b5%d0%bc%d0%b5%d0%b6%d0%b0-%d0%ba%d1%8a%d0%bc-%d0%b7%d0%bd/ HTTP/1.1" 200 26153 "https://netvesti.com/?p=2644" "Mozilla/5.0 AppleWebKit/537.36 (KHTML, like Gecko; compatible; ClaudeBot/1.0; +claudebot@anthropic.com)"
216.73.216.187 - - [05/Apr/2026:15:42:09 +0200] "GET /?p=4668 HTTP/1.1" 301 0 "-" "Mozilla/5.0 AppleWebKit/537.36 (KHTML, like Gecko; compatible; ClaudeBot/1.0; +claudebot@anthropic.com)"
216.73.216.187 - - [05/Apr/2026:15:42:10 +0200] "GET /%d0%b3%d0%b0%d1%80%d0%b0%d0%bd%d1%82%d0%b8%d1%80%d0%b0%d0%bd%d0%be-%d0%be%d1%82-%d0%b3%d0%b5%d1%80%d0%b1-%d0%ba%d0%b0%d0%ba-%d0%b9%d0%be%d1%80%d0%b4%d0%b0%d0%bd%d0%ba%d0%b0-%d1%84%d0%b0%d0%bd%d0%b4/ HTTP/1.1" 200 19139 "https://netvesti.com/?p=4668" "Mozilla/5.0 AppleWebKit/537.36 (KHTML, like Gecko; compatible; ClaudeBot/1.0; +claudebot@anthropic.com)"
216.73.216.187 - - [05/Apr/2026:15:42:14 +0200] "GET /wp-content/themes/Newspaper/single_template_9.php HTTP/1.1" 500 0 "-" "Mozilla/5.0 AppleWebKit/537.36 (KHTML, like Gecko; compatible; ClaudeBot/1.0; +claudebot@anthropic.com)"
216.73.216.187 - - [05/Apr/2026:15:42:19 +0200] "GET /wp-content/themes/Newspaper/includes/modules/td_module_mx8.php HTTP/1.1" 500 0 "-" "Mozilla/5.0 AppleWebKit/537.36 (KHTML, like Gecko; compatible; ClaudeBot/1.0; +claudebot@anthropic.com)"
216.73.216.187 - - [05/Apr/2026:15:42:24 +0200] "GET /wp-content/themes/Newspaper/includes/modules/td_module_mx6.php HTTP/1.1" 500 0 "-" "Mozilla/5.0 AppleWebKit/537.36 (KHTML, like Gecko; compatible; ClaudeBot/1.0; +claudebot@anthropic.com)"
216.73.216.187 - - [05/Apr/2026:15:42:29 +0200] "GET /wp-content/plugins/jetpack/3rd-party/woocommerce.php HTTP/1.1" 500 0 "-" "Mozilla/5.0 AppleWebKit/537.36 (KHTML, like Gecko; compatible; ClaudeBot/1.0; +claudebot@anthropic.com)"
216.73.216.187 - - [05/Apr/2026:15:42:34 +0200] "GET /wp-content/themes/Newspaper/includes/modules/td_module_mx5.php HTTP/1.1" 500 0 "-" "Mozilla/5.0 AppleWebKit/537.36 (KHTML, like Gecko; compatible; ClaudeBot/1.0; +claudebot@anthropic.com)"
85.208.96.193 - - [05/Apr/2026:15:42:35 +0200] "GET /tag/%D0%B1%D0%BE%D1%80%D0%B8%D1%81-%D0%BA%D0%BE%D0%B2%D0%B0%D0%BB%D1%87%D1%83%D0%BA/page/47/ HTTP/1.1" 200 16332 "-" "Mozilla/5.0 (compatible; SemrushBot/7~bl; +http://www.semrush.com/bot.html)"
216.73.216.187 - - [05/Apr/2026:15:42:39 +0200] "GET /wp-content/themes/Newspaper/single_template_6.php HTTP/1.1" 500 0 "-" "Mozilla/5.0 AppleWebKit/537.36 (KHTML, like Gecko; compatible; ClaudeBot/1.0; +claudebot@anthropic.com)"
216.73.216.187 - - [05/Apr/2026:15:42:45 +0200] "GET /wp-content/themes/Newspaper/mobile/single.php HTTP/1.1" 500 0 "-" "Mozilla/5.0 AppleWebKit/537.36 (KHTML, like Gecko; compatible; ClaudeBot/1.0; +claudebot@anthropic.com)"
216.73.216.187 - - [05/Apr/2026:15:42:50 +0200] "GET /?p=11659 HTTP/1.1" 301 0 "-" "Mozilla/5.0 AppleWebKit/537.36 (KHTML, like Gecko; compatible; ClaudeBot/1.0; +claudebot@anthropic.com)"
216.73.216.187 - - [05/Apr/2026:15:42:51 +0200] "GET /%d0%bc%d0%b2%d1%80-%d0%b5-%d0%b8%d0%b7%d0%bf%d1%80%d0%b0%d1%82%d0%b8%d0%bb%d0%be-%d0%bd%d0%b0-%d0%b4%d0%b0%d0%bd%d1%81-%d0%b8-%d0%bf%d1%80%d0%be%d0%ba%d1%83%d1%80%d0%b0%d1%82%d1%83%d1%80%d0%b0%d1%82/ HTTP/1.1" 200 76710 "https://netvesti.com/?p=11659" "Mozilla/5.0 AppleWebKit/537.36 (KHTML, like Gecko; compatible; ClaudeBot/1.0; +claudebot@anthropic.com)"
66.249.77.75 - - [05/Apr/2026:15:42:51 +0200] "GET /%D1%87%D0%B8%D1%81%D1%82-%D1%81%D0%BE%D1%86/ HTTP/1.1" 200 42449 "-" "Mozilla/5.0 (Linux; Android 6.0.1; Nexus 5X Build/MMB29P) AppleWebKit/537.36 (KHTML, like Gecko) Chrome/146.0.7680.177 Mobile Safari/537.36 (compatible; Googlebot/2.1; +http://www.google.com/bot.html)"
216.73.216.187 - - [05/Apr/2026:15:42:55 +0200] "GET /wp-content/themes/Newspaper/page.php HTTP/1.1" 500 0 "-" "Mozilla/5.0 AppleWebKit/537.36 (KHTML, like Gecko; compatible; ClaudeBot/1.0; +claudebot@anthropic.com)"
116.179.32.147 - - [05/Apr/2026:15:42:55 +0200] "GET /wp-content/uploads/2024/02/jhk-356x220.jpg HTTP/1.1" 200 16467 "-" "Baiduspider-image+(+http://www.baidu.com/search/spider.htm)"
198.244.168.211 - - [05/Apr/2026:15:42:56 +0200] "GET /tag/euractiv-%D1%80%D0%B0%D0%B4%D0%B5%D0%B2-%D1%81%D1%82%D0%BE%D0%B8-%D0%B7%D0%B0%D0%B4-%D0%BD%D0%B0%D1%86%D0%B8%D0%BE%D0%BD%D0%B0%D0%BB%D0%B8%D1%81%D1%82%D0%B8%D1%87%D0%B5%D1%81%D0%BA%D0%B8%D1%8F-%D0%B7/ HTTP/1.1" 200 16771 "-" "Mozilla/5.0 (compatible; AhrefsBot/7.0; +http://ahrefs.com/robot/)"
216.73.216.187 - - [05/Apr/2026:15:43:00 +0200] "GET /wp-content/themes/Newspaper/includes/modules/td_module_6.php HTTP/1.1" 500 0 "-" "Mozilla/5.0 AppleWebKit/537.36 (KHTML, like Gecko; compatible; ClaudeBot/1.0; +claudebot@anthropic.com)"
216.73.216.187 - - [05/Apr/2026:15:43:05 +0200] "GET /wp-content/themes/Newspaper/includes/modules/td_module_5.php HTTP/1.1" 500 0 "-" "Mozilla/5.0 AppleWebKit/537.36 (KHTML, like Gecko; compatible; ClaudeBot/1.0; +claudebot@anthropic.com)"
8.228.88.249 - - [05/Apr/2026:15:43:05 +0200] "GET /category/%d0%bd%d0%be%d0%b2%d0%b8%d0%bd%d0%b8/feed/ HTTP/1.1" 200 43059 "-" "Mozilla/5.0 (Windows NT 6.3; WOW64; rv:33.0) Gecko/20100101 Firefox/33.0"
216.73.216.187 - - [05/Apr/2026:15:43:10 +0200] "GET /?p=13241 HTTP/1.1" 301 0 "-" "Mozilla/5.0 AppleWebKit/537.36 (KHTML, like Gecko; compatible; ClaudeBot/1.0; +claudebot@anthropic.com)"
216.73.216.187 - - [05/Apr/2026:15:43:11 +0200] "GET /%d0%bd%d0%b0%d0%b3%d0%bb%d0%b8%d1%82%d0%b5-%d0%bf%d0%be%d1%81%d1%8f%d0%b3%d0%b0%d1%82-%d0%bd%d0%b0-%d1%81%d0%b2%d0%b5%d1%82%d0%b8%d0%bd%d0%b8%d1%82%d0%b5-%d0%b0%d0%bb%d0%b5%d0%ba%d1%81%d0%b0/ HTTP/1.1" 200 27346 "https://netvesti.com/?p=13241" "Mozilla/5.0 AppleWebKit/537.36 (KHTML, like Gecko; compatible; ClaudeBot/1.0; +claudebot@anthropic.com)"
216.73.216.187 - - [05/Apr/2026:15:43:15 +0200] "GET /?p=14579 HTTP/1.1" 301 0 "-" "Mozilla/5.0 AppleWebKit/537.36 (KHTML, like Gecko; compatible; ClaudeBot/1.0; +claudebot@anthropic.com)"
216.73.216.187 - - [05/Apr/2026:15:43:16 +0200] "GET /%d1%80%d0%b0%d0%b4%d0%b5%d0%b2-%d0%bd%d0%b5-%d0%b5-%d0%bd%d0%b0-%d1%81%d0%b5%d0%b1%d0%b5-%d1%81%d0%b8-%d0%be%d1%82-%d0%bf%d1%80%d0%b8%d1%82%d0%b5%d1%81%d0%bd%d0%b5%d0%bd%d0%b8%d0%b5-%d0%b7%d0%b0%d1%80/ HTTP/1.1" 200 26121 "https://netvesti.com/?p=14579" "Mozilla/5.0 AppleWebKit/537.36 (KHTML, like Gecko; compatible; ClaudeBot/1.0; +claudebot@anthropic.com)"
185.191.171.13 - - [05/Apr/2026:15:43:16 +0200] "GET /%D0%B4%D0%B5%D0%BC%D0%B5%D1%80%D0%B4%D0%B6%D0%B8%D0%B5%D0%B2-%D0%BF%D0%BE%D0%BD%D0%B5-10-%D0%B3%D1%80%D0%B0%D0%BD%D0%B8%D1%87%D0%BD%D0%B8-%D0%BF%D0%BE%D0%BB%D0%B8%D1%86%D0%B0%D0%B8-%D1%81%D0%B0/ HTTP/1.1" 200 59625 "-" "Mozilla/5.0 (compatible; SemrushBot/7~bl; +http://www.semrush.com/bot.html)"
52.66.62.213 - - [05/Apr/2026:15:43:19 +0200] "GET /%D0%BC%D0%B8%D0%BD%D1%8C%D0%BE%D1%80%D0%B8%D1%82%D0%B5-%D0%BE%D1%82%D1%85%D0%B2%D1%8A%D1%80%D0%BB%D0%B8%D1%85%D0%B0-%D0%BE%D1%84%D0%B5%D1%80%D1%82%D0%B0%D1%82%D0%B0-%D0%BD%D0%B0-%D1%82%D0%B0%D0%B3/ HTTP/1.1" 200 24377 "-" "Mozilla/5.0 (iPhone; CPU iPhone OS 15_0 like Mac OS X) AppleWebKit/605.1.15 Mobile Safari/604.1"
52.167.144.173 - - [05/Apr/2026:15:43:19 +0200] "GET /tag/%D0%BD%D1%8F%D0%BC%D0%B0-%D0%B4%D0%B0-%D1%81%D1%82%D0%B0%D0%BD%D0%B5-%D0%BA%D0%B0%D0%B7%D0%B2%D0%B0%D0%BC-%D0%B2%D0%B8/page/15/ HTTP/1.1" 200 16355 "-" "Mozilla/5.0 AppleWebKit/537.36 (KHTML, like Gecko; compatible; bingbot/2.0; +http://www.bing.com/bingbot.htm) Chrome/116.0.1938.76 Safari/537.36"
216.73.216.187 - - [05/Apr/2026:15:43:20 +0200] "GET /wp-content/themes/Newspaper/single_template_7.php HTTP/1.1" 500 0 "-" "Mozilla/5.0 AppleWebKit/537.36 (KHTML, like Gecko; compatible; ClaudeBot/1.0; +claudebot@anthropic.com)"
52.66.62.213 - - [05/Apr/2026:15:43:21 +0200] "GET /%D0%BC%D0%B8%D0%BD%D1%8C%D0%BE%D1%80%D0%B8%D1%82%D0%B5-%D0%BE%D1%82%D1%85%D0%B2%D1%8A%D1%80%D0%BB%D0%B8%D1%85%D0%B0-%D0%BE%D1%84%D0%B5%D1%80%D1%82%D0%B0%D1%82%D0%B0-%D0%BD%D0%B0-%D1%82%D0%B0%D0%B3/ HTTP/1.1" 200 24377 "-" "Mozilla/4.0 (compatible; MSIE 10.0; Windows NT 6.1; Trident/5.0)"
52.167.144.232 - - [05/Apr/2026:15:43:25 +0200] "GET /tag/%D0%B8%D0%BB%D0%B8%D1%8F%D0%BD%D0%B0-%D1%80%D0%B0%D0%B5%D0%B2%D0%B0-%D0%BF%D1%80%D0%B8-%D1%80%D0%B0%D0%B4%D0%B5%D0%B2/ HTTP/1.1" 200 16204 "-" "Mozilla/5.0 AppleWebKit/537.36 (KHTML, like Gecko; compatible; bingbot/2.0; +http://www.bing.com/bingbot.htm) Chrome/116.0.1938.76 Safari/537.36"
216.73.216.187 - - [05/Apr/2026:15:43:25 +0200] "GET /wp-content/themes/Newspaper/includes/modules/td_module_4.php HTTP/1.1" 500 0 "-" "Mozilla/5.0 AppleWebKit/537.36 (KHTML, like Gecko; compatible; ClaudeBot/1.0; +claudebot@anthropic.com)"
17.22.253.134 - - [05/Apr/2026:15:43:26 +0200] "GET /tag/%D1%80%D1%83%D1%81%D0%B8%D1%8F-%D1%89%D0%B5-%D0%BD%D0%B0%D0%BF%D1%80%D0%B0%D0%B2%D0%B8-%D0%B1%D1%8A%D0%BB%D0%B3%D0%B0%D1%80%D0%B8%D1%8F/page/3/ HTTP/1.1" 200 17347 "-" "Mozilla/5.0 (Macintosh; Intel Mac OS X 10_15_7) AppleWebKit/605.1.15 (KHTML, like Gecko) Version/17.4 Safari/605.1.15 (Applebot/0.1; +http://www.apple.com/go/applebot)"
52.167.144.232 - - [05/Apr/2026:15:43:26 +0200] "GET /tag/%D1%81%D0%BF%D1%80%D0%B8-%D1%81-%D1%86%D0%B8%D0%BD%D0%B8%D0%B7%D0%BC%D0%B0/page/4/ HTTP/1.1" 200 16622 "-" "Mozilla/5.0 AppleWebKit/537.36 (KHTML, like Gecko; compatible; bingbot/2.0; +http://www.bing.com/bingbot.htm) Chrome/116.0.1938.76 Safari/537.36"
66.249.77.77 - - [05/Apr/2026:15:43:29 +0200] "GET /wp-content/uploads/2024/09/970740-356x220.jpg HTTP/1.1" 200 10754 "-" "Googlebot-Image/1.0"
40.77.167.40 - - [05/Apr/2026:15:43:30 +0200] "GET /tag/%D1%82%D1%83%D1%80%D1%81%D0%BA%D0%BE/ HTTP/1.1" 200 13443 "-" "Mozilla/5.0 AppleWebKit/537.36 (KHTML, like Gecko; compatible; bingbot/2.0; +http://www.bing.com/bingbot.htm) Chrome/116.0.1938.76 Safari/537.36"
216.73.216.187 - - [05/Apr/2026:15:43:30 +0200] "GET /wp-content/themes/Newspaper/archive.php HTTP/1.1" 500 0 "-" "Mozilla/5.0 AppleWebKit/537.36 (KHTML, like Gecko; compatible; ClaudeBot/1.0; +claudebot@anthropic.com)"
216.73.216.187 - - [05/Apr/2026:15:43:36 +0200] "GET /wp-content/themes/Newspaper/mobile/taxonomy.php HTTP/1.1" 500 0 "-" "Mozilla/5.0 AppleWebKit/537.36 (KHTML, like Gecko; compatible; ClaudeBot/1.0; +claudebot@anthropic.com)"
52.167.144.173 - - [05/Apr/2026:15:43:37 +0200] "GET /tag/%D1%81%D1%8A%D1%80%D0%B1%D0%B5%D0%B6/ HTTP/1.1" 200 13784 "-" "Mozilla/5.0 AppleWebKit/537.36 (KHTML, like Gecko; compatible; bingbot/2.0; +http://www.bing.com/bingbot.htm) Chrome/116.0.1938.76 Safari/537.36"
216.73.216.187 - - [05/Apr/2026:15:43:40 +0200] "GET /wp-content/plugins/wordpress-seo/deprecated/class-recalibration-beta-notification.php HTTP/1.1" 500 0 "-" "Mozilla/5.0 AppleWebKit/537.36 (KHTML, like Gecko; compatible; ClaudeBot/1.0; +claudebot@anthropic.com)"
216.73.216.187 - - [05/Apr/2026:15:43:45 +0200] "GET /wp-content/themes/Newspaper/mobile/tag.php HTTP/1.1" 500 0 "-" "Mozilla/5.0 AppleWebKit/537.36 (KHTML, like Gecko; compatible; ClaudeBot/1.0; +claudebot@anthropic.com)"
216.73.216.187 - - [05/Apr/2026:15:43:52 +0200] "GET /wp-content/themes/Newspaper/includes/smart_lists/td_smart_list_7.php HTTP/1.1" 500 0 "-" "Mozilla/5.0 AppleWebKit/537.36 (KHTML, like Gecko; compatible; ClaudeBot/1.0; +claudebot@anthropic.com)"
216.73.216.187 - - [05/Apr/2026:15:43:56 +0200] "GET /wp-content/themes/Newspaper/includes/shortcodes/td_block_big_grid_fl_6.php HTTP/1.1" 500 0 "-" "Mozilla/5.0 AppleWebKit/537.36 (KHTML, like Gecko; compatible; ClaudeBot/1.0; +claudebot@anthropic.com)"
40.77.167.40 - - [05/Apr/2026:15:43:57 +0200] "GET /%D0%B4%D0%BE-%D0%B4%D0%B5%D0%BD-%D0%B4%D0%BD%D0%B5%D1%88%D0%B5%D0%BD-%D1%81%D0%B5-%D0%BF%D0%B8%D1%82%D0%B0%D0%BC-%D1%81%D1%82%D1%80%D0%B0%D1%85-%D0%BB%D0%B8-%D0%B3%D0%BE-%D0%B5-%D0%B1%D0%B8%D0%BB/ HTTP/1.1" 200 19379 "-" "Mozilla/5.0 AppleWebKit/537.36 (KHTML, like Gecko; compatible; bingbot/2.0; +http://www.bing.com/bingbot.htm) Chrome/116.0.1938.76 Safari/537.36"
40.77.167.40 - - [05/Apr/2026:15:43:58 +0200] "GET /%D0%BA%D0%BE%D1%81%D1%82%D0%B0%D0%B4%D0%B8%D0%BD-%D0%BA%D0%BE%D1%81%D1%82%D0%B0%D0%B4%D0%B8%D0%BD%D0%BE%D0%B2-%D0%BE%D0%B1%D0%B5%D1%89%D0%B0-%D0%B4%D0%B0-%D0%BF%D1%80%D0%B5%D0%BC%D0%B0%D1%85%D0%BD/ HTTP/1.1" 200 60828 "-" "Mozilla/5.0 AppleWebKit/537.36 (KHTML, like Gecko; compatible; bingbot/2.0; +http://www.bing.com/bingbot.htm) Chrome/116.0.1938.76 Safari/537.36"
216.73.216.187 - - [05/Apr/2026:15:44:01 +0200] "GET /wp-content/themes/Newspaper/includes/shortcodes/td_block_big_grid_fl_5.php HTTP/1.1" 500 0 "-" "Mozilla/5.0 AppleWebKit/537.36 (KHTML, like Gecko; compatible; ClaudeBot/1.0; +claudebot@anthropic.com)"
52.167.144.232 - - [05/Apr/2026:15:44:05 +0200] "GET /tag/%D0%B7%D1%83%D0%B5%D0%BA%D0%B0-%D0%BF%D0%BB%D1%8E-%D0%BD%D0%B0-%D1%80%D0%B0%D0%B1%D0%BE%D1%82%D0%B0%D1%82%D0%B0-%D1%81%D0%B8-%D0%B2-nova/ HTTP/1.1" 200 13492 "-" "Mozilla/5.0 AppleWebKit/537.36 (KHTML, like Gecko; compatible; bingbot/2.0; +http://www.bing.com/bingbot.htm) Chrome/116.0.1938.76 Safari/537.36"
216.73.216.187 - - [05/Apr/2026:15:44:06 +0200] "GET /wp-content/themes/Newspaper/vc_templates/vc_row.php HTTP/1.1" 500 0 "-" "Mozilla/5.0 AppleWebKit/537.36 (KHTML, like Gecko; compatible; ClaudeBot/1.0; +claudebot@anthropic.com)"
52.167.144.232 - - [05/Apr/2026:15:44:06 +0200] "GET /tag/%D0%BE%D1%82%D0%B2%D0%BE%D1%80%D0%B8%D0%BC-%D0%BB%D0%B8-%D0%B4%D1%8A%D1%80%D0%B6%D0%B0%D0%B2%D0%B0%D1%82%D0%B0/ HTTP/1.1" 200 13525 "-" "Mozilla/5.0 AppleWebKit/537.36 (KHTML, like Gecko; compatible; bingbot/2.0; +http://www.bing.com/bingbot.htm) Chrome/116.0.1938.76 Safari/537.36"
52.167.144.232 - - [05/Apr/2026:15:44:07 +0200] "GET /tag/%D0%B4%D0%B5%D0%BC%D0%B5%D1%80%D0%B4%D0%B6%D0%B8%D0%B5%D0%B2-%D0%BE%D0%B1%D0%B2%D0%B8%D0%BD%D0%B8-%D0%B3%D1%80%D0%B0%D0%BD%D0%B8%D1%87%D0%BD%D0%B0-%D0%BF%D0%BE%D0%BB%D0%B8%D1%86%D0%B8%D1%8F/page/3/ HTTP/1.1" 200 16370 "-" "Mozilla/5.0 AppleWebKit/537.36 (KHTML, like Gecko; compatible; bingbot/2.0; +http://www.bing.com/bingbot.htm) Chrome/116.0.1938.76 Safari/537.36"
52.167.144.173 - - [05/Apr/2026:15:44:08 +0200] "GET /tag/%D0%B7%D0%B0-%D0%B4%D0%B0-%D0%BF%D0%BB%D0%B0%D1%88%D0%B0%D1%82-%D1%85%D0%BE%D1%80%D0%B0%D1%82%D0%B0/ HTTP/1.1" 200 13864 "-" "Mozilla/5.0 AppleWebKit/537.36 (KHTML, like Gecko; compatible; bingbot/2.0; +http://www.bing.com/bingbot.htm) Chrome/116.0.1938.76 Safari/537.36"
52.167.144.232 - - [05/Apr/2026:15:44:08 +0200] "GET /tag/76-%D0%B3%D0%BE%D0%B4%D0%B8%D1%88%D0%BD%D0%B0%D1%82%D0%B0-%D0%BA%D0%BB%D0%B0%D1%80%D0%B0-%D1%81%D1%82%D0%BE%D0%B8%D0%BC%D0%B5%D0%BD%D0%BE%D0%B2%D0%B0-%D0%B5-%D0%BF%D0%BE%D0%B7%D0%B8%D1%80%D0%B0%D0%BB/ HTTP/1.1" 200 15765 "-" "Mozilla/5.0 AppleWebKit/537.36 (KHTML, like Gecko; compatible; bingbot/2.0; +http://www.bing.com/bingbot.htm) Chrome/116.0.1938.76 Safari/537.36"
40.77.167.40 - - [05/Apr/2026:15:44:10 +0200] "GET /tag/%D1%83%D0%BC%D0%B8%D1%80%D0%B0-%D0%BD%D0%B0%D0%B2%D0%B0%D0%BB%D0%BD%D0%B8-%D0%BE%D1%82-%D0%BF%D0%BD%D0%B5%D0%B2%D0%BC%D0%BE%D0%BD%D0%B8%D1%8F-%D1%82%D1%80%D0%B8-%D0%B4%D0%B5%D0%BD%D0%B0/page/2/ HTTP/1.1" 200 17031 "-" "Mozilla/5.0 AppleWebKit/537.36 (KHTML, like Gecko; compatible; bingbot/2.0; +http://www.bing.com/bingbot.htm) Chrome/116.0.1938.76 Safari/537.36"
216.73.216.187 - - [05/Apr/2026:15:44:11 +0200] "GET /wp-content/themes/Newspaper/page-pagebuilder-latest.php HTTP/1.1" 500 0 "-" "Mozilla/5.0 AppleWebKit/537.36 (KHTML, like Gecko; compatible; ClaudeBot/1.0; +claudebot@anthropic.com)"
216.73.216.187 - - [05/Apr/2026:15:44:16 +0200] "GET /wp-content/themes/Newspaper/includes/shortcodes/td_block_weather.php HTTP/1.1" 500 0 "-" "Mozilla/5.0 AppleWebKit/537.36 (KHTML, like Gecko; compatible; ClaudeBot/1.0; +claudebot@anthropic.com)"
52.167.144.173 - - [05/Apr/2026:15:44:19 +0200] "GET /tag/%D0%B2%D1%8A%D1%80%D0%BD%D0%B8-%D1%80%D1%83%D1%81%D0%BA%D0%B8%D1%8F-%D0%B3%D0%B0%D0%B7-%D0%B8%D0%BB%D0%B8-%D0%BD%D0%B0%D1%80%D0%BE%D0%B4%D1%8A%D1%82-%D1%89%D0%B5-%D1%82%D0%B5-%D0%B8%D0%B7%D0%BC%D0%B5/page/37/ HTTP/1.1" 200 16512 "-" "Mozilla/5.0 AppleWebKit/537.36 (KHTML, like Gecko; compatible; bingbot/2.0; +http://www.bing.com/bingbot.htm) Chrome/116.0.1938.76 Safari/537.36"
93.19.142.69 - - [05/Apr/2026:15:44:19 +0200] "GET /category/%D0%B1%D1%8A%D0%BB%D0%B3%D0%B0%D1%80%D0%B8%D1%8F/ HTTP/1.1" 200 16414 "-" "Mozilla/5.0 (X11; Linux x86_64; rv:1.9.5.20) Gecko/4442-12-25 02:41:29.733002 Firefox/7.0"
216.73.216.187 - - [05/Apr/2026:15:44:21 +0200] "GET /wp-content/themes/Newspaper/includes/shortcodes/td_block_big_grid_fl_4.php HTTP/1.1" 500 0 "-" "Mozilla/5.0 AppleWebKit/537.36 (KHTML, like Gecko; compatible; ClaudeBot/1.0; +claudebot@anthropic.com)"
8.228.88.249 - - [05/Apr/2026:15:44:21 +0200] "GET /feed/ HTTP/1.1" 200 25217 "-" "Mozilla/5.0 (Windows NT 6.3; WOW64; rv:33.0) Gecko/20100101 Firefox/33.0"
216.73.216.187 - - [05/Apr/2026:15:44:26 +0200] "GET /wp-content/plugins/td-social-counter/shortcode/td_block_social_counter.php HTTP/1.1" 500 0 "-" "Mozilla/5.0 AppleWebKit/537.36 (KHTML, like Gecko; compatible; ClaudeBot/1.0; +claudebot@anthropic.com)"
216.73.216.187 - - [05/Apr/2026:15:44:31 +0200] "GET /wp-content/themes/Newspaper/mobile/includes/td_global_mob.php HTTP/1.1" 500 0 "-" "Mozilla/5.0 AppleWebKit/537.36 (KHTML, like Gecko; compatible; ClaudeBot/1.0; +claudebot@anthropic.com)"
216.73.216.187 - - [05/Apr/2026:15:44:36 +0200] "GET /wp-content/themes/Newspaper/includes/shortcodes/td_block_big_grid_fl_3.php HTTP/1.1" 500 0 "-" "Mozilla/5.0 AppleWebKit/537.36 (KHTML, like Gecko; compatible; ClaudeBot/1.0; +claudebot@anthropic.com)"
216.73.216.187 - - [05/Apr/2026:15:44:41 +0200] "GET /wp-content/themes/Newspaper/includes/shortcodes/td_block_big_grid_7.php HTTP/1.1" 500 0 "-" "Mozilla/5.0 AppleWebKit/537.36 (KHTML, like Gecko; compatible; ClaudeBot/1.0; +claudebot@anthropic.com)"
119.249.100.243 - - [05/Apr/2026:15:44:45 +0200] "GET /wp-content/uploads/2024/08/geggfd-356x220.jpg HTTP/1.1" 200 12548 "-" "Mozilla/5.0 (Windows NT 10.0; WOW64) AppleWebKit/537.36 (KHTML, like Gecko) Chrome/48.0.2564.116 Safari/537.36"
216.73.216.187 - - [05/Apr/2026:15:44:46 +0200] "GET /wp-content/themes/Newspaper/includes/less_files/widgets-default.less HTTP/1.1" 200 5477 "-" "Mozilla/5.0 AppleWebKit/537.36 (KHTML, like Gecko; compatible; ClaudeBot/1.0; +claudebot@anthropic.com)"
17.241.227.230 - - [05/Apr/2026:15:44:49 +0200] "GET /tag/%D1%80%D1%83%D1%81%D0%BA%D0%B0%D1%82%D0%B0-%D1%86%D1%8A%D1%80%D0%BA%D0%B2%D0%B0-%D0%B5-%D0%BF%D0%BE%D0%B4-%D1%8E%D1%80%D0%B8%D1%81%D0%B4%D0%B8%D0%BA%D1%86%D0%B8%D1%8F%D1%82%D0%B0-%D0%BD%D0%B0-%D1%80/page/24/ HTTP/1.1" 200 14131 "-" "Mozilla/5.0 (Macintosh; Intel Mac OS X 10_15_7) AppleWebKit/605.1.15 (KHTML, like Gecko) Version/17.4 Safari/605.1.15 (Applebot/0.1; +http://www.apple.com/go/applebot)"
216.73.216.187 - - [05/Apr/2026:15:44:51 +0200] "GET /wp-content/themes/Newspaper/includes/shortcodes/td_block_authors.php HTTP/1.1" 500 0 "-" "Mozilla/5.0 AppleWebKit/537.36 (KHTML, like Gecko; compatible; ClaudeBot/1.0; +claudebot@anthropic.com)"
216.73.216.187 - - [05/Apr/2026:15:44:56 +0200] "GET /wp-content/themes/Newspaper/includes/shortcodes/td_block_18.php HTTP/1.1" 500 0 "-" "Mozilla/5.0 AppleWebKit/537.36 (KHTML, like Gecko; compatible; ClaudeBot/1.0; +claudebot@anthropic.com)"
216.73.216.187 - - [05/Apr/2026:15:45:01 +0200] "GET /wp-content/themes/Newspaper/includes/shortcodes/td_block_11.php HTTP/1.1" 500 0 "-" "Mozilla/5.0 AppleWebKit/537.36 (KHTML, like Gecko; compatible; ClaudeBot/1.0; +claudebot@anthropic.com)"
216.73.216.187 - - [05/Apr/2026:15:45:06 +0200] "GET /wp-content/themes/Newspaper/includes/shortcodes/td_block_14.php HTTP/1.1" 500 0 "-" "Mozilla/5.0 AppleWebKit/537.36 (KHTML, like Gecko; compatible; ClaudeBot/1.0; +claudebot@anthropic.com)"
51.195.215.205 - - [05/Apr/2026:15:45:09 +0200] "GET /tag/%D0%BC%D0%B8%D1%82%D1%80%D0%BE%D1%84%D0%B0%D0%BD%D0%BE%D0%B2%D0%B0-%D0%BD%D0%B0-%D1%88%D0%B8%D0%BF%D0%BA%D0%B0-%D0%B4%D0%BD%D0%B5%D1%81-%D1%81%D0%B8-%D1%81%D0%BF%D0%BE%D0%BC%D0%BD%D1%8F%D0%BC%D0%B5/page/5/ HTTP/1.1" 200 16704 "-" "Mozilla/5.0 (compatible; AhrefsBot/7.0; +http://ahrefs.com/robot/)"
216.73.216.187 - - [05/Apr/2026:15:45:11 +0200] "GET /wp-content/themes/Newspaper/includes/shortcodes/td_block_1.php HTTP/1.1" 500 0 "-" "Mozilla/5.0 AppleWebKit/537.36 (KHTML, like Gecko; compatible; ClaudeBot/1.0; +claudebot@anthropic.com)"
91.92.243.248 - - [05/Apr/2026:15:45:14 +0200] "POST /wp-login.php HTTP/1.1" 200 1539 "-" "Mozilla/5.0"
91.92.243.248 - - [05/Apr/2026:15:45:14 +0200] "POST /wp-login.php HTTP/1.1" 200 1551 "-" "Mozilla/5.0"
91.92.243.248 - - [05/Apr/2026:15:45:14 +0200] "POST /wp-login.php HTTP/1.1" 200 1554 "-" "Mozilla/5.0"
91.92.243.248 - - [05/Apr/2026:15:45:14 +0200] "POST /wp-login.php HTTP/1.1" 200 1550 "-" "Mozilla/5.0"
91.92.243.248 - - [05/Apr/2026:15:45:14 +0200] "POST /wp-login.php HTTP/1.1" 200 1554 "-" "Mozilla/5.0"
91.92.243.248 - - [05/Apr/2026:15:45:14 +0200] "POST /wp-login.php HTTP/1.1" 200 1552 "-" "Mozilla/5.0"
91.92.243.248 - - [05/Apr/2026:15:45:14 +0200] "POST /wp-login.php HTTP/1.1" 200 1552 "-" "Mozilla/5.0"
91.92.243.248 - - [05/Apr/2026:15:45:14 +0200] "POST /wp-login.php HTTP/1.1" 200 1550 "-" "Mozilla/5.0"
91.92.243.248 - - [05/Apr/2026:15:45:14 +0200] "POST /wp-login.php HTTP/1.1" 200 1554 "-" "Mozilla/5.0"
91.92.243.248 - - [05/Apr/2026:15:45:14 +0200] "POST /wp-login.php HTTP/1.1" 200 1553 "-" "Mozilla/5.0"
91.92.243.248 - - [05/Apr/2026:15:45:14 +0200] "POST /wp-login.php HTTP/1.1" 200 1554 "-" "Mozilla/5.0"
216.73.216.187 - - [05/Apr/2026:15:45:16 +0200] "GET /wp-content/themes/Newspaper/includes/shortcodes/td_block_list_menu.php HTTP/1.1" 500 0 "-" "Mozilla/5.0 AppleWebKit/537.36 (KHTML, like Gecko; compatible; ClaudeBot/1.0; +claudebot@anthropic.com)"
52.66.62.213 - - [05/Apr/2026:15:45:17 +0200] "HEAD /%D0%BC%D0%B8%D0%BD%D1%8C%D0%BE%D1%80%D0%B8%D1%82%D0%B5-%D0%BE%D1%82%D1%85%D0%B2%D1%8A%D1%80%D0%BB%D0%B8%D1%85%D0%B0-%D0%BE%D1%84%D0%B5%D1%80%D1%82%D0%B0%D1%82%D0%B0-%D0%BD%D0%B0-%D1%82%D0%B0%D0%B3/ HTTP/1.1" 200 0 "-" "python-requests/2.32.3"
185.191.171.6 - - [05/Apr/2026:15:45:17 +0200] "GET /tag/%CF%80pe%D0%B7%D0%B8%D0%B4e%D0%BD%D1%82%D1%88a%D1%82a-%D0%B4ec%D0%B8-pa%D0%B4e%D0%B2a/page/5/ HTTP/1.1" 200 16304 "-" "Mozilla/5.0 (compatible; SemrushBot/7~bl; +http://www.semrush.com/bot.html)"
216.73.216.187 - - [05/Apr/2026:15:45:21 +0200] "GET /wp-content/themes/Newspaper/includes/shortcodes/td_block_15.php HTTP/1.1" 500 0 "-" "Mozilla/5.0 AppleWebKit/537.36 (KHTML, like Gecko; compatible; ClaudeBot/1.0; +claudebot@anthropic.com)"
8.228.88.249 - - [05/Apr/2026:15:45:24 +0200] "GET /category/world/feed/ HTTP/1.1" 200 25594 "-" "Mozilla/5.0 (Windows NT 6.3; WOW64; rv:33.0) Gecko/20100101 Firefox/33.0"
216.73.216.187 - - [05/Apr/2026:15:45:26 +0200] "GET /wp-content/themes/Newspaper/includes/shortcodes/td_block_13.php HTTP/1.1" 500 0 "-" "Mozilla/5.0 AppleWebKit/537.36 (KHTML, like Gecko; compatible; ClaudeBot/1.0; +claudebot@anthropic.com)"
216.73.216.187 - - [05/Apr/2026:15:45:31 +0200] "GET /wp-content/themes/Newspaper/includes/shortcodes/td_block_17.php HTTP/1.1" 500 0 "-" "Mozilla/5.0 AppleWebKit/537.36 (KHTML, like Gecko; compatible; ClaudeBot/1.0; +claudebot@anthropic.com)"
216.73.216.187 - - [05/Apr/2026:15:45:36 +0200] "GET /wp-content/themes/Newspaper/includes/shortcodes/td_block_slide.php HTTP/1.1" 500 0 "-" "Mozilla/5.0 AppleWebKit/537.36 (KHTML, like Gecko; compatible; ClaudeBot/1.0; +claudebot@anthropic.com)"
216.73.216.187 - - [05/Apr/2026:15:45:44 +0200] "GET /wp-content/themes/Newspaper/includes/demos/recipes/td_css_generator_demo.php HTTP/1.1" 200 0 "-" "Mozilla/5.0 AppleWebKit/537.36 (KHTML, like Gecko; compatible; ClaudeBot/1.0; +claudebot@anthropic.com)"
216.73.216.187 - - [05/Apr/2026:15:45:46 +0200] "GET /wp-content/themes/Newspaper/includes/category_templates/td_category_template_1.php HTTP/1.1" 500 0 "-" "Mozilla/5.0 AppleWebKit/537.36 (KHTML, like Gecko; compatible; ClaudeBot/1.0; +claudebot@anthropic.com)"
116.179.37.45 - - [05/Apr/2026:15:45:46 +0200] "GET /wp-content/uploads/2025/12/a55bb69f79f6dea66b495d7498c8f488.jpg HTTP/1.1" 200 42675 "https://netvesti.com/%D0%BA%D0%BE%D1%81%D1%82%D0%B0%D0%B4%D0%B8%D0%BD%D0%BE%D0%B2-%D0%B2-%D0%BF%D0%BE%D0%B4%D0%BA%D0%B0%D1%81%D1%82%D0%B0-%D0%BD%D0%B0-%D1%8F%D0%B2%D0%BE%D1%80-%D0%B4%D0%B0%D1%87%D0%BA%D0%BE%D0%B2-%D0%BF/" "Mozilla/5.0 (compatible; Baiduspider-render/2.0; +http://www.baidu.com/search/spider.html)"
198.244.168.105 - - [05/Apr/2026:15:45:48 +0200] "GET /wp-content/uploads/2021/02/doc-mangarov-pred-fakti-po-tozi-nachin-kakto-sega-vaksinirat-jivotnite-v-svinefermite-1-356x220.jpg HTTP/1.1" 200 12385 "-" "Mozilla/5.0 (compatible; AhrefsBot/7.0; +http://ahrefs.com/robot/)"
116.179.37.93 - - [05/Apr/2026:15:45:50 +0200] "GET /wp-content/uploads/2024/10/big_11-7-356x220.jpg HTTP/1.1" 200 12411 "https://netvesti.com/%D0%BA%D0%BE%D1%81%D1%82%D0%B0%D0%B4%D0%B8%D0%BD%D0%BE%D0%B2-%D0%B2-%D0%BF%D0%BE%D0%B4%D0%BA%D0%B0%D1%81%D1%82%D0%B0-%D0%BD%D0%B0-%D1%8F%D0%B2%D0%BE%D1%80-%D0%B4%D0%B0%D1%87%D0%BA%D0%BE%D0%B2-%D0%BF/" "Mozilla/5.0 (compatible; Baiduspider-render/2.0; +http://www.baidu.com/search/spider.html)"
216.73.216.187 - - [05/Apr/2026:15:45:51 +0200] "GET /wp-content/themes/Newspaper/includes/demos/wedding/td_media_6.php HTTP/1.1" 500 0 "-" "Mozilla/5.0 AppleWebKit/537.36 (KHTML, like Gecko; compatible; ClaudeBot/1.0; +claudebot@anthropic.com)"
66.249.77.75 - - [05/Apr/2026:15:45:55 +0200] "GET /%D0%BF%D1%80%D0%BE%D1%84-%D0%B2%D0%BB%D0%B0%D0%B4%D0%B8%D0%BC%D0%B8%D1%80-%D1%87%D1%83%D0%BA%D0%BE%D0%B2-%D0%B3%D1%80%D0%B0%D0%BD%D0%B8%D1%86%D0%B0%D1%82%D0%B0-%D0%BD%D0%B8-%D1%81-%D1%82%D1%83%D1%80/ HTTP/1.1" 200 74177 "-" "Mozilla/5.0 (Linux; Android 6.0.1; Nexus 5X Build/MMB29P) AppleWebKit/537.36 (KHTML, like Gecko) Chrome/146.0.7680.177 Mobile Safari/537.36 (compatible; Googlebot/2.1; +http://www.google.com/bot.html)"
216.73.216.187 - - [05/Apr/2026:15:45:56 +0200] "GET /wp-content/themes/Newspaper/includes/demos/wedding/td_media_5.php HTTP/1.1" 500 0 "-" "Mozilla/5.0 AppleWebKit/537.36 (KHTML, like Gecko; compatible; ClaudeBot/1.0; +claudebot@anthropic.com)"
216.73.216.187 - - [05/Apr/2026:15:46:04 +0200] "GET /wp-content/themes/Newspaper/includes/demos/craft_ideas/td_import.php HTTP/1.1" 502 150 "-" "Mozilla/5.0 AppleWebKit/537.36 (KHTML, like Gecko; compatible; ClaudeBot/1.0; +claudebot@anthropic.com)"
216.73.216.187 - - [05/Apr/2026:15:46:10 +0200] "GET /wp-content/themes/Newspaper/includes/demos/gadgets/td_media_4.php HTTP/1.1" 500 0 "-" "Mozilla/5.0 AppleWebKit/537.36 (KHTML, like Gecko; compatible; ClaudeBot/1.0; +claudebot@anthropic.com)"
216.73.216.187 - - [05/Apr/2026:15:46:12 +0200] "GET /wp-content/themes/Newspaper/includes/demos/blog_architecture/td_import.php HTTP/1.1" 500 0 "-" "Mozilla/5.0 AppleWebKit/537.36 (KHTML, like Gecko; compatible; ClaudeBot/1.0; +claudebot@anthropic.com)"
216.73.216.187 - - [05/Apr/2026:15:46:17 +0200] "GET /wp-content/themes/Newspaper/includes/demos/cafe/td_media_1.php HTTP/1.1" 500 0 "-" "Mozilla/5.0 AppleWebKit/537.36 (KHTML, like Gecko; compatible; ClaudeBot/1.0; +claudebot@anthropic.com)"
216.73.216.187 - - [05/Apr/2026:15:46:22 +0200] "GET /wp-content/themes/Newspaper/includes/demos/old_fashioned/td_media_4.php HTTP/1.1" 500 0 "-" "Mozilla/5.0 AppleWebKit/537.36 (KHTML, like Gecko; compatible; ClaudeBot/1.0; +claudebot@anthropic.com)"
17.22.253.163 - - [05/Apr/2026:15:46:22 +0200] "GET /tag/%D0%BA%D0%BE%D0%BC%D0%B8%D1%81%D0%B8%D1%8F%D1%82%D0%B0/ HTTP/1.1" 200 14078 "-" "Mozilla/5.0 (Macintosh; Intel Mac OS X 10_15_7) AppleWebKit/605.1.15 (KHTML, like Gecko) Version/17.4 Safari/605.1.15 (Applebot/0.1; +http://www.apple.com/go/applebot)"
216.73.216.187 - - [05/Apr/2026:15:46:27 +0200] "GET /wp-content/themes/Newspaper/parts/footer/td_footer_extra_bottom.php HTTP/1.1" 500 0 "-" "Mozilla/5.0 AppleWebKit/537.36 (KHTML, like Gecko; compatible; ClaudeBot/1.0; +claudebot@anthropic.com)"
220.181.108.105 - - [05/Apr/2026:15:46:30 +0200] "GET /?p=12649 HTTP/1.1" 301 0 "-" "Mozilla/5.0 (compatible; Baiduspider/2.0; +http://www.baidu.com/search/spider.html)"
216.73.216.187 - - [05/Apr/2026:15:46:32 +0200] "GET /wp-content/themes/Newspaper/includes/demos/retro/td_media_3.php HTTP/1.1" 500 0 "-" "Mozilla/5.0 AppleWebKit/537.36 (KHTML, like Gecko; compatible; ClaudeBot/1.0; +claudebot@anthropic.com)"
220.181.108.166 - - [05/Apr/2026:15:46:33 +0200] "GET /%D1%81%D1%80%D0%B0%D0%BC%D0%BD%D0%BE-%D0%B5-%D1%88%D0%B0%D0%BB%D0%BE%D0%BC-%D0%B4%D0%B0-%D0%B7%D0%B0%D1%81%D1%82%D0%B0%D0%B2%D0%B0-%D0%B7%D0%B0%D0%B4-%D1%81%D0%BE%D0%BB%D0%BE%D0%BC/ HTTP/1.1" 200 55045 "-" "Mozilla/5.0 (compatible; Baiduspider/2.0; +http://www.baidu.com/search/spider.html)"
85.208.96.212 - - [05/Apr/2026:15:46:37 +0200] "GET /%D1%82%D0%B5%D0%BE%D0%B4%D0%BE%D1%80%D0%B0-%D0%B4%D0%B8%D0%BC%D0%BE%D0%B2%D0%B0-%D0%B2%D0%B5%D1%80%D0%BE%D1%83%D1%87%D0%B5%D0%BD%D0%B8%D0%B5%D1%82%D0%BE-%D0%B5-%D0%BE%D0%BF%D0%B0%D1%81%D0%BD%D0%BE/ HTTP/1.1" 200 33572 "-" "Mozilla/5.0 (compatible; SemrushBot/7~bl; +http://www.semrush.com/bot.html)"
216.73.216.187 - - [05/Apr/2026:15:46:38 +0200] "GET /wp-content/themes/Newspaper/includes/demos/medicine/td_media_6.php HTTP/1.1" 500 0 "-" "Mozilla/5.0 AppleWebKit/537.36 (KHTML, like Gecko; compatible; ClaudeBot/1.0; +claudebot@anthropic.com)"
216.73.216.187 - - [05/Apr/2026:15:46:43 +0200] "GET /wp-content/themes/Newspaper/includes/demos/local_news/td_media_2.php HTTP/1.1" 500 0 "-" "Mozilla/5.0 AppleWebKit/537.36 (KHTML, like Gecko; compatible; ClaudeBot/1.0; +claudebot@anthropic.com)"
216.73.216.187 - - [05/Apr/2026:15:46:48 +0200] "GET /wp-content/themes/Newspaper/includes/demos/photography/td_media_1.php HTTP/1.1" 500 0 "-" "Mozilla/5.0 AppleWebKit/537.36 (KHTML, like Gecko; compatible; ClaudeBot/1.0; +claudebot@anthropic.com)"
40.77.167.40 - - [05/Apr/2026:15:46:49 +0200] "GET /tag/%D0%B2%D0%B5%D1%81%D0%B5%D0%BB%D0%B0-%D1%87%D0%B5%D1%80%D0%BD%D0%B5%D0%B2%D0%B0/page/20/ HTTP/1.1" 200 16392 "-" "Mozilla/5.0 AppleWebKit/537.36 (KHTML, like Gecko; compatible; bingbot/2.0; +http://www.bing.com/bingbot.htm) Chrome/116.0.1938.76 Safari/537.36"
216.73.216.187 - - [05/Apr/2026:15:46:53 +0200] "GET /wp-content/themes/Newspaper/includes/demos/lifestyle/td_media_2.php HTTP/1.1" 500 0 "-" "Mozilla/5.0 AppleWebKit/537.36 (KHTML, like Gecko; compatible; ClaudeBot/1.0; +claudebot@anthropic.com)"
216.73.216.187 - - [05/Apr/2026:15:46:58 +0200] "GET /wp-content/themes/Newspaper/includes/demos/blog_architecture/td_media_4.php HTTP/1.1" 500 0 "-" "Mozilla/5.0 AppleWebKit/537.36 (KHTML, like Gecko; compatible; ClaudeBot/1.0; +claudebot@anthropic.com)"
216.73.216.187 - - [05/Apr/2026:15:47:03 +0200] "GET /wp-content/themes/Newspaper/includes/demos/travel/td_media_2.php HTTP/1.1" 500 0 "-" "Mozilla/5.0 AppleWebKit/537.36 (KHTML, like Gecko; compatible; ClaudeBot/1.0; +claudebot@anthropic.com)"
216.73.216.187 - - [05/Apr/2026:15:47:08 +0200] "GET /wp-content/themes/Newspaper/includes/demos/church/td_media_1.php HTTP/1.1" 500 0 "-" "Mozilla/5.0 AppleWebKit/537.36 (KHTML, like Gecko; compatible; ClaudeBot/1.0; +claudebot@anthropic.com)"
216.73.216.187 - - [05/Apr/2026:15:47:13 +0200] "GET /wp-content/themes/?C=N&O=A HTTP/1.1" 200 304 "-" "Mozilla/5.0 AppleWebKit/537.36 (KHTML, like Gecko; compatible; ClaudeBot/1.0; +claudebot@anthropic.com)"
185.191.171.9 - - [05/Apr/2026:15:47:16 +0200] "GET /tag/%D0%B1%D0%BE%D0%B9%D0%BA%D0%BE-%D1%80%D0%B0%D1%88%D0%BA%D0%BE%D0%B2-%D0%B1%D1%8E%D0%B4%D0%B6%D0%B5%D1%82%D0%BD%D0%B8-%D1%81%D1%80%D0%B5%D0%B4%D1%81%D1%82%D0%B2%D0%B0-%D1%81%D0%B0-%D0%B7%D0%B0%D0%BC/page/33/ HTTP/1.1" 200 16434 "-" "Mozilla/5.0 (compatible; SemrushBot/7~bl; +http://www.semrush.com/bot.html)"
216.73.216.187 - - [05/Apr/2026:15:47:18 +0200] "GET /wp-content/themes/Newspaper/includes/demos/sound_radar/td_media_4.php HTTP/1.1" 500 0 "-" "Mozilla/5.0 AppleWebKit/537.36 (KHTML, like Gecko; compatible; ClaudeBot/1.0; +claudebot@anthropic.com)"
216.73.216.187 - - [05/Apr/2026:15:47:23 +0200] "GET /wp-content/themes/Newspaper/includes/demos/health/td_media_6.php HTTP/1.1" 500 0 "-" "Mozilla/5.0 AppleWebKit/537.36 (KHTML, like Gecko; compatible; ClaudeBot/1.0; +claudebot@anthropic.com)"
216.73.216.187 - - [05/Apr/2026:15:47:29 +0200] "GET /tag/%d0%b1%d1%81%d0%bf/page/2 HTTP/1.1" 301 0 "-" "Mozilla/5.0 AppleWebKit/537.36 (KHTML, like Gecko; compatible; ClaudeBot/1.0; +claudebot@anthropic.com)"
