216.73.216.187 - - [05/Apr/2026:17:03:55 +0200] "GET /wp-content/uploads/2020/07/d0b1d181d0bf-d0b0d182d0b0d0bad183d0b2d0b0-d0b2d0bbd0b0d181d182d182d0b0-d181-d0b2d0bed182-d0bdd0b0-d0bdd0b5d0b4d0bed0b2d0b5d180d0b8d0b5-534x359.jpg HTTP/1.1" 200 34758 "-" "Mozilla/5.0 AppleWebKit/537.36 (KHTML, like Gecko; compatible; ClaudeBot/1.0; +claudebot@anthropic.com)"
216.73.216.187 - - [05/Apr/2026:17:03:56 +0200] "GET /wp-content/uploads/2020/06/d181d0bbd0b5d0b4-15-d18ed0bdd0b8-d0b2d0bbd0b0d181d182d0b8d182d0b5-d181-d0bfd0bbd0b0d0bd-d0bfd0be-d0b4d0bdd0b8-d0bfd180d0b8-d181d0bad0be-600x385.jpg HTTP/1.1" 200 28989 "-" "Mozilla/5.0 AppleWebKit/537.36 (KHTML, like Gecko; compatible; ClaudeBot/1.0; +claudebot@anthropic.com)"
216.73.216.187 - - [05/Apr/2026:17:03:56 +0200] "GET /wp-content/uploads/2020/02/d0b6d0b5d0bdd0b0-d0b7d0b0d0b3d0b8d0bdd0b0-d0bfd180d0b8-d0b1d183d180d18f-d0b2-d0b3d0b5d180d0bcd0b0d0bdd0b8d18f-8-d0b4d183d188d0b8-d181-80x60.jpg HTTP/1.1" 200 2318 "-" "Mozilla/5.0 AppleWebKit/537.36 (KHTML, like Gecko; compatible; ClaudeBot/1.0; +claudebot@anthropic.com)"
216.73.216.187 - - [05/Apr/2026:17:03:56 +0200] "GET /wp-content/uploads/2020/01/d0b5d0b2d0b3d0b5d0bdd0b8-d0bcd0b8d0bdd187d0b5d0b2-d0bfd180d0b8d0bdd186-d185d0b0d180d0b8-d0b8-d0bcd0b5d0b3d0b0d0bd-d0bcd0b0d180d0bad18a-324x400.jpg HTTP/1.1" 200 21305 "-" "Mozilla/5.0 AppleWebKit/537.36 (KHTML, like Gecko; compatible; ClaudeBot/1.0; +claudebot@anthropic.com)"
216.73.216.187 - - [05/Apr/2026:17:03:57 +0200] "GET /wp-content/uploads/2020/05/d0b2d0bed0b4d0bdd0b8d18fd182-d180d0b5d0b6d0b8d0bc-d0b2-d0bfd0b5d180d0bdd0b8d0ba-d0bfd0b0d0b4d0b0-d0bfd180d0b5d0b7-d18ed0bdd0b8-534x359.jpg HTTP/1.1" 200 46645 "-" "Mozilla/5.0 AppleWebKit/537.36 (KHTML, like Gecko; compatible; ClaudeBot/1.0; +claudebot@anthropic.com)"
216.73.216.187 - - [05/Apr/2026:17:03:58 +0200] "GET /wp-content/uploads/2020/02/d0b7d0b8d0bcd0b0d182d0b0-d0b7d0b0d182d180d183d0b4d0bdd0b8-d0b8-d0b4d0bed181d182d0b0d0b2d18fd0bdd0b5d182d0be-d0bdd0b0-d0bfd0bed189d0b0-150x150.jpg HTTP/1.1" 200 4972 "-" "Mozilla/5.0 AppleWebKit/537.36 (KHTML, like Gecko; compatible; ClaudeBot/1.0; +claudebot@anthropic.com)"
216.73.216.187 - - [05/Apr/2026:17:03:59 +0200] "GET /wp-content/uploads/2020/01/d0b1d0b5d0b1d0b5-d180d0bed0b4d0b5d0bdd0be-d181-32-d0bfd180d0bed0bcd0b8d0bbd0b0-d0bfd0bed187d0b8d0bdd0b0-d181d0b5d0b4d0bcd0b8d186d0b8-534x359.jpg HTTP/1.1" 200 25033 "-" "Mozilla/5.0 AppleWebKit/537.36 (KHTML, like Gecko; compatible; ClaudeBot/1.0; +claudebot@anthropic.com)"
216.73.216.187 - - [05/Apr/2026:17:03:59 +0200] "GET /wp-content/uploads/2020/06/d185d0b0d181d0bad0bed0b2d0bbd0b8d0b9d0bad0b0-d0bfd0bed181d182d180d0bed0b8d0bbd0b0-d0b7d0b0-d0bbd0b8d187d0bdd0b8-d0bdd183d0b6d0b4d0b8-560x420.jpg HTTP/1.1" 200 32427 "-" "Mozilla/5.0 AppleWebKit/537.36 (KHTML, like Gecko; compatible; ClaudeBot/1.0; +claudebot@anthropic.com)"
216.73.216.187 - - [05/Apr/2026:17:04:00 +0200] "GET /wp-content/plugins/jetpack/modules/contact-form/css/editor-inline-editing-style.css HTTP/1.1" 200 3758 "-" "Mozilla/5.0 AppleWebKit/537.36 (KHTML, like Gecko; compatible; ClaudeBot/1.0; +claudebot@anthropic.com)"
216.73.216.187 - - [05/Apr/2026:17:04:01 +0200] "GET /wp-content/plugins/wordpress-seo/vendor_prefixed/ruckusing/lib/Ruckusing/Task HTTP/1.1" 301 347 "-" "Mozilla/5.0 AppleWebKit/537.36 (KHTML, like Gecko; compatible; ClaudeBot/1.0; +claudebot@anthropic.com)"
216.73.216.187 - - [05/Apr/2026:17:04:01 +0200] "GET /wp-content/plugins/wordpress-seo/vendor_prefixed/ruckusing/lib/Ruckusing/Task/ HTTP/1.1" 200 385 "https://netvesti.com/wp-content/plugins/wordpress-seo/vendor_prefixed/ruckusing/lib/Ruckusing/Task" "Mozilla/5.0 AppleWebKit/537.36 (KHTML, like Gecko; compatible; ClaudeBot/1.0; +claudebot@anthropic.com)"
216.73.216.187 - - [05/Apr/2026:17:04:02 +0200] "GET /wp-content/plugins/jetpack/modules/contact-form/css/editor-ui.min.css HTTP/1.1" 502 150 "-" "Mozilla/5.0 AppleWebKit/537.36 (KHTML, like Gecko; compatible; ClaudeBot/1.0; +claudebot@anthropic.com)"
216.73.216.187 - - [05/Apr/2026:17:04:02 +0200] "GET /wp-content/plugins/wordpress-seo/admin/links/class-link-compatibility-notifier.php HTTP/1.1" 502 150 "-" "Mozilla/5.0 AppleWebKit/537.36 (KHTML, like Gecko; compatible; ClaudeBot/1.0; +claudebot@anthropic.com)"
216.244.66.232 - - [05/Apr/2026:17:04:04 +0200] "GET /%D0%BA%D0%B0%D0%BA%D0%B2%D0%B8-%D1%81%D0%B0-%D0%B2%D1%8A%D0%B7%D0%BC%D0%BE%D0%B6%D0%BD%D0%B8%D1%82%D0%B5-%D1%81%D1%86%D0%B5%D0%BD%D0%B0%D1%80%D0%B8%D0%B8-%D0%B7%D0%B0-%D1%81%D1%84%D0%BE%D1%80%D0%BC/ HTTP/1.1" 200 21091 "-" "Mozilla/5.0 (compatible; DotBot/1.2; +https://opensiteexplorer.org/dotbot; help@moz.com)"
216.73.216.187 - - [05/Apr/2026:17:04:07 +0200] "GET /wp-content/plugins/wordpress-seo/vendor_prefixed/ruckusing/lib/Ruckusing/Exception.php HTTP/1.1" 200 0 "-" "Mozilla/5.0 AppleWebKit/537.36 (KHTML, like Gecko; compatible; ClaudeBot/1.0; +claudebot@anthropic.com)"
216.73.216.187 - - [05/Apr/2026:17:04:12 +0200] "GET /wp-content/plugins/jetpack/modules/widgets/search/css/search-widget-admin-ui.css HTTP/1.1" 200 523 "-" "Mozilla/5.0 AppleWebKit/537.36 (KHTML, like Gecko; compatible; ClaudeBot/1.0; +claudebot@anthropic.com)"
216.73.216.187 - - [05/Apr/2026:17:04:17 +0200] "GET /wp-content/plugins/wordpress-seo/vendor_prefixed/ruckusing/lib/Task/Hello HTTP/1.1" 301 343 "-" "Mozilla/5.0 AppleWebKit/537.36 (KHTML, like Gecko; compatible; ClaudeBot/1.0; +claudebot@anthropic.com)"
216.73.216.187 - - [05/Apr/2026:17:04:17 +0200] "GET /wp-content/plugins/wordpress-seo/vendor_prefixed/ruckusing/lib/Task/Hello/ HTTP/1.1" 200 349 "https://netvesti.com/wp-content/plugins/wordpress-seo/vendor_prefixed/ruckusing/lib/Task/Hello" "Mozilla/5.0 AppleWebKit/537.36 (KHTML, like Gecko; compatible; ClaudeBot/1.0; +claudebot@anthropic.com)"
216.244.66.232 - - [05/Apr/2026:17:04:17 +0200] "GET /%D0%BC%D0%B0%D0%BD%D0%B3%D1%8A%D1%80%D0%BE%D0%B2-%D1%80%D0%B0%D0%B1%D0%BE%D1%82%D1%8F-%D0%BD%D0%B0-%D0%BF%D0%BE%D0%BB%D0%BE%D0%B2%D0%B8%D0%BD-%D0%B7%D0%B0%D0%BF%D0%BB%D0%B0%D1%82%D0%B0-%D0%BA%D0%B0/ HTTP/1.1" 200 19227 "-" "Mozilla/5.0 (compatible; DotBot/1.2; +https://opensiteexplorer.org/dotbot; help@moz.com)"
216.73.216.187 - - [05/Apr/2026:17:04:22 +0200] "GET /wp-includes/js/jquery/ui/core.min.js HTTP/1.1" 200 1670 "-" "Mozilla/5.0 AppleWebKit/537.36 (KHTML, like Gecko; compatible; ClaudeBot/1.0; +claudebot@anthropic.com)"
216.73.216.187 - - [05/Apr/2026:17:04:27 +0200] "GET /wp-includes/js/jquery/ui/menu.min.js HTTP/1.1" 200 2664 "-" "Mozilla/5.0 AppleWebKit/537.36 (KHTML, like Gecko; compatible; ClaudeBot/1.0; +claudebot@anthropic.com)"
216.244.66.232 - - [05/Apr/2026:17:04:29 +0200] "GET /%D0%BE%D1%87%D0%B0%D0%BA%D0%B2%D0%B0-%D1%81%D0%B5-%D1%81%D0%B1%D0%BB%D1%8A%D1%81%D1%8A%D0%BA-%D0%BF%D1%80%D0%B5%D0%B4-%D0%B1%D0%BD%D1%82-%D0%BF%D1%80%D0%BE%D1%82%D0%B5%D1%81%D1%82%D0%B8%D1%80%D0%B0/ HTTP/1.1" 200 20303 "-" "Mozilla/5.0 (compatible; DotBot/1.2; +https://opensiteexplorer.org/dotbot; help@moz.com)"
216.73.216.187 - - [05/Apr/2026:17:04:32 +0200] "GET /wp-content/plugins/jetpack/modules/contact-form/css/editor-style.css HTTP/1.1" 200 3030 "-" "Mozilla/5.0 AppleWebKit/537.36 (KHTML, like Gecko; compatible; ClaudeBot/1.0; +claudebot@anthropic.com)"
216.73.216.187 - - [05/Apr/2026:17:04:37 +0200] "GET /wp-includes/js/jquery/ui/position.min.js HTTP/1.1" 200 2316 "-" "Mozilla/5.0 AppleWebKit/537.36 (KHTML, like Gecko; compatible; ClaudeBot/1.0; +claudebot@anthropic.com)"
216.244.66.232 - - [05/Apr/2026:17:04:39 +0200] "GET /%D0%BC%D0%B8%D1%80%D0%B0-%D0%B1%D0%B0%D0%B4%D0%B6%D0%B5%D0%B2%D0%B0-%D1%82%D0%B5%D1%81%D1%82%D0%B2%D0%B0%D0%B9%D1%82%D0%B5-%D1%81%D0%B5-%D0%B2%D0%BA%D1%8A%D1%89%D0%B8-%D0%B7%D0%B0-%D0%BA%D0%BE%D0%B2/ HTTP/1.1" 200 19799 "-" "Mozilla/5.0 (compatible; DotBot/1.2; +https://opensiteexplorer.org/dotbot; help@moz.com)"
216.73.216.187 - - [05/Apr/2026:17:04:42 +0200] "GET /wp-includes/js/jquery/ui/widget.min.js HTTP/1.1" 200 2402 "-" "Mozilla/5.0 AppleWebKit/537.36 (KHTML, like Gecko; compatible; ClaudeBot/1.0; +claudebot@anthropic.com)"
216.73.216.187 - - [05/Apr/2026:17:04:47 +0200] "GET /wp-content/plugins/jetpack/modules/contact-form/css/grunion.css HTTP/1.1" 200 447 "-" "Mozilla/5.0 AppleWebKit/537.36 (KHTML, like Gecko; compatible; ClaudeBot/1.0; +claudebot@anthropic.com)"
216.244.66.232 - - [05/Apr/2026:17:04:50 +0200] "GET /%D1%82%D0%BE%D0%B2%D0%B0-%D1%89%D0%B5-%D1%81%D1%82%D0%B0%D0%BD%D0%B5-%D0%BF%D1%80%D0%B0%D0%B2%D0%BE%D1%81%D1%8A%D0%B4%D0%B8%D0%B5-%D0%B7%D0%B0-%D0%B1%D0%B5%D0%B4%D0%BD%D0%B8-%D0%B8-%D0%BD%D0%B5%D1%89/ HTTP/1.1" 200 19599 "-" "Mozilla/5.0 (compatible; DotBot/1.2; +https://opensiteexplorer.org/dotbot; help@moz.com)"
216.73.216.187 - - [05/Apr/2026:17:04:52 +0200] "GET /wp-content/plugins/jetpack/modules/contact-form/css/editor-ui.css HTTP/1.1" 200 408 "-" "Mozilla/5.0 AppleWebKit/537.36 (KHTML, like Gecko; compatible; ClaudeBot/1.0; +claudebot@anthropic.com)"
216.73.216.187 - - [05/Apr/2026:17:04:57 +0200] "GET /wp-includes/js/tinymce/tinymce.min.js HTTP/1.1" 200 112621 "-" "Mozilla/5.0 AppleWebKit/537.36 (KHTML, like Gecko; compatible; ClaudeBot/1.0; +claudebot@anthropic.com)"
116.179.32.19 - - [05/Apr/2026:17:05:02 +0200] "GET /wp-content/uploads/2023/07/1010x570-3-356x220.jpg HTTP/1.1" 502 150 "-" "Baiduspider-image+(+http://www.baidu.com/search/spider.htm)"
216.73.216.187 - - [05/Apr/2026:17:05:02 +0200] "GET /wp-includes/js/quicktags.min.js HTTP/1.1" 502 150 "-" "Mozilla/5.0 AppleWebKit/537.36 (KHTML, like Gecko; compatible; ClaudeBot/1.0; +claudebot@anthropic.com)"
119.249.100.42 - - [05/Apr/2026:17:05:04 +0200] "GET /wp-content/uploads/2023/07/1010x570-3-356x220.jpg HTTP/1.1" 200 11894 "-" "Mozilla/5.0 (Windows NT 10.0; WOW64) AppleWebKit/537.36 (KHTML, like Gecko) Chrome/48.0.2564.116 Safari/537.36"
216.73.216.187 - - [05/Apr/2026:17:05:07 +0200] "GET /wp-includes/js/tinymce/plugins/compat3x/plugin.min.js HTTP/1.1" 200 1677 "-" "Mozilla/5.0 AppleWebKit/537.36 (KHTML, like Gecko; compatible; ClaudeBot/1.0; +claudebot@anthropic.com)"
8.228.88.249 - - [05/Apr/2026:17:05:10 +0200] "GET /category/%d0%b1%d1%8a%d0%bb%d0%b3%d0%b0%d1%80%d0%b8%d1%8f/feed/ HTTP/1.1" 200 25501 "-" "Mozilla/5.0 (Windows NT 6.3; WOW64; rv:33.0) Gecko/20100101 Firefox/33.0"
198.244.183.177 - - [05/Apr/2026:17:05:10 +0200] "GET /tag/%D0%BF%D1%80%D0%B5%D1%81%D1%82%D1%8A%D0%BF%D0%BD%D0%B8%D0%BA%D0%B0-%D0%B1%D0%BE%D1%80%D0%B8%D1%81%D0%BE%D0%B2/feed/ HTTP/1.1" 200 49992 "-" "Mozilla/5.0 (compatible; AhrefsBot/7.0; +http://ahrefs.com/robot/)"
85.208.96.204 - - [05/Apr/2026:17:05:11 +0200] "GET /tag/%D0%BD%D0%BE%D0%B2%D0%B8%D0%BD%D0%B8%D1%82%D0%B5/page/11/ HTTP/1.1" 200 16557 "-" "Mozilla/5.0 (compatible; SemrushBot/7~bl; +http://www.semrush.com/bot.html)"
216.73.216.187 - - [05/Apr/2026:17:05:12 +0200] "GET /wp-content/plugins/wordpress-seo/vendor_prefixed/guzzlehttp/guzzle/src/Exception/GuzzleException.php HTTP/1.1" 200 0 "-" "Mozilla/5.0 AppleWebKit/537.36 (KHTML, like Gecko; compatible; ClaudeBot/1.0; +claudebot@anthropic.com)"
185.191.171.11 - - [05/Apr/2026:17:05:15 +0200] "GET /tag/netvesti/page/358/ HTTP/1.1" 200 16443 "-" "Mozilla/5.0 (compatible; SemrushBot/7~bl; +http://www.semrush.com/bot.html)"
216.73.216.187 - - [05/Apr/2026:17:05:17 +0200] "GET /wp-content/plugins/jetpack/_inc/blocks/tiled-gallery/view.rtl.css HTTP/1.1" 200 613 "-" "Mozilla/5.0 AppleWebKit/537.36 (KHTML, like Gecko; compatible; ClaudeBot/1.0; +claudebot@anthropic.com)"
85.208.96.212 - - [05/Apr/2026:17:05:21 +0200] "GET /tag/%D0%B1%D0%BE%D0%B9%D0%BA%D0%BE%D1%82%D0%B8%D1%80%D0%B0%D1%82-%D1%81%D1%80%D0%B5%D1%89%D0%B0%D1%82%D0%B0-%D1%82%D1%80%D0%B8-%D0%BC%D0%BE%D1%80%D0%B5%D1%82%D0%B0-%D0%B2-%D1%81%D0%BE/page/46/ HTTP/1.1" 200 16599 "-" "Mozilla/5.0 (compatible; SemrushBot/7~bl; +http://www.semrush.com/bot.html)"
216.73.216.187 - - [05/Apr/2026:17:05:22 +0200] "GET /wp-content/plugins/jetpack/_inc/blocks/gif/view.rtl.css HTTP/1.1" 200 200 "-" "Mozilla/5.0 AppleWebKit/537.36 (KHTML, like Gecko; compatible; ClaudeBot/1.0; +claudebot@anthropic.com)"
185.191.171.13 - - [05/Apr/2026:17:05:23 +0200] "GET /tag/%D0%B4%D0%B8%D0%BC%D0%B8%D1%82%D1%8A%D1%80-%D0%BC%D0%B0%D0%BD%D0%BE%D0%BB%D0%BE%D0%B2-%D0%BD%D0%B8%D0%BA%D0%BE%D0%B9-%D0%BD%D0%B5-%D0%B7%D0%BD%D0%B0%D0%B5-%D0%BA%D0%B0%D0%BA%D0%B2%D0%BE-%D1%81%D0%B0/page/5/ HTTP/1.1" 200 16752 "-" "Mozilla/5.0 (compatible; SemrushBot/7~bl; +http://www.semrush.com/bot.html)"
114.119.156.225 - - [05/Apr/2026:17:05:24 +0200] "GET /wp-content/plugins/wordpress-seo/src/formatters/indexable-term-formatter.php HTTP/1.1" 200 0 "https://netvesti.com/wp-content/plugins/wordpress-seo/src/formatters/" "Mozilla/5.0 (Linux; Android 7.0;) AppleWebKit/537.36 (KHTML, like Gecko) Mobile Safari/537.36 (compatible; PetalBot;+https://webmaster.petalsearch.com/site/petalbot)"
52.203.152.231 - - [05/Apr/2026:17:05:24 +0200] "GET /wp-content/plugins/wordpress-seo/admin/recalculate/ HTTP/1.1" 200 362 "-" "Mozilla/5.0 AppleWebKit/537.36 (KHTML, like Gecko; compatible; Amazonbot/0.1; +https://developer.amazon.com/support/amazonbot) Chrome/119.0.6045.214 Safari/537.36"
216.73.216.187 - - [05/Apr/2026:17:05:27 +0200] "GET /wp-content/plugins/wordpress-seo/vendor_prefixed/guzzlehttp/guzzle/src/Handler HTTP/1.1" 301 348 "-" "Mozilla/5.0 AppleWebKit/537.36 (KHTML, like Gecko; compatible; ClaudeBot/1.0; +claudebot@anthropic.com)"
216.73.216.187 - - [05/Apr/2026:17:05:27 +0200] "GET /wp-content/plugins/wordpress-seo/vendor_prefixed/guzzlehttp/guzzle/src/Handler/ HTTP/1.1" 200 478 "https://netvesti.com/wp-content/plugins/wordpress-seo/vendor_prefixed/guzzlehttp/guzzle/src/Handler" "Mozilla/5.0 AppleWebKit/537.36 (KHTML, like Gecko; compatible; ClaudeBot/1.0; +claudebot@anthropic.com)"
216.73.216.187 - - [05/Apr/2026:17:05:32 +0200] "GET /wp-content/plugins/jetpack/modules/contact-form/css/editor-inline-editing-style-rtl.min.css HTTP/1.1" 200 3391 "-" "Mozilla/5.0 AppleWebKit/537.36 (KHTML, like Gecko; compatible; ClaudeBot/1.0; +claudebot@anthropic.com)"
216.73.216.187 - - [05/Apr/2026:17:05:37 +0200] "GET /wp-content/plugins/jetpack/modules/widgets/search/css/?C=N&O=D HTTP/1.1" 200 353 "-" "Mozilla/5.0 AppleWebKit/537.36 (KHTML, like Gecko; compatible; ClaudeBot/1.0; +claudebot@anthropic.com)"
216.73.216.187 - - [05/Apr/2026:17:05:37 +0200] "GET /wp-content/plugins/jetpack/modules/pwa/class.jetpack-pwa-helpers.php HTTP/1.1" 200 0 "-" "Mozilla/5.0 AppleWebKit/537.36 (KHTML, like Gecko; compatible; ClaudeBot/1.0; +claudebot@anthropic.com)"
216.244.66.232 - - [05/Apr/2026:17:05:40 +0200] "GET /%D0%B1%D0%B8%D0%B2%D1%88-%D1%81%D0%BB%D1%83%D0%B6%D0%B8%D1%82%D0%B5%D0%BB-%D0%BD%D0%B0-%D0%B4%D0%B0%D0%BD%D1%81-%D0%B1%D0%BE%D1%80%D0%B8%D1%81%D0%BE%D0%B2-%D1%83%D0%BF%D1%80%D0%B0%D0%B2%D0%BB%D1%8F/ HTTP/1.1" 200 19206 "-" "Mozilla/5.0 (compatible; DotBot/1.2; +https://opensiteexplorer.org/dotbot; help@moz.com)"
216.73.216.187 - - [05/Apr/2026:17:05:42 +0200] "GET /wp-content/plugins/jetpack/_inc/fonts/automatticons HTTP/1.1" 301 321 "-" "Mozilla/5.0 AppleWebKit/537.36 (KHTML, like Gecko; compatible; ClaudeBot/1.0; +claudebot@anthropic.com)"
216.73.216.187 - - [05/Apr/2026:17:05:42 +0200] "GET /wp-content/plugins/jetpack/_inc/fonts/automatticons/ HTTP/1.1" 200 377 "https://netvesti.com/wp-content/plugins/jetpack/_inc/fonts/automatticons" "Mozilla/5.0 AppleWebKit/537.36 (KHTML, like Gecko; compatible; ClaudeBot/1.0; +claudebot@anthropic.com)"
216.73.216.187 - - [05/Apr/2026:17:05:47 +0200] "GET /wp-content/plugins/jetpack/modules/widgets/eu-cookie-law/eu-cookie-law.js HTTP/1.1" 200 641 "-" "Mozilla/5.0 AppleWebKit/537.36 (KHTML, like Gecko; compatible; ClaudeBot/1.0; +claudebot@anthropic.com)"
216.73.216.187 - - [05/Apr/2026:17:05:52 +0200] "GET /wp-content/plugins/jetpack/modules/widgets/eu-cookie-law/eu-cookie-law-admin.js HTTP/1.1" 200 396 "-" "Mozilla/5.0 AppleWebKit/537.36 (KHTML, like Gecko; compatible; ClaudeBot/1.0; +claudebot@anthropic.com)"
52.167.144.198 - - [05/Apr/2026:17:05:53 +0200] "GET /%D0%BF%D0%B5%D0%BA%D0%B8%D0%BD-%D0%B7%D0%B0%D1%81%D1%82%D1%80%D0%B0%D1%88%D0%B5%D0%BD-%D0%BE%D1%82-%D0%B2%D1%82%D0%BE%D1%80%D0%B0-%D0%B2%D1%8A%D0%BB%D0%BD%D0%B0-%D0%BD%D0%B0-covid-19/ HTTP/1.1" 200 25362 "-" "Mozilla/5.0 AppleWebKit/537.36 (KHTML, like Gecko; compatible; bingbot/2.0; +http://www.bing.com/bingbot.htm) Chrome/116.0.1938.76 Safari/537.36"
85.208.96.195 - - [05/Apr/2026:17:05:54 +0200] "GET /tag/%D0%BA%D0%B5%D0%B2%D0%BE%D1%80%D0%BA-%D0%BA%D0%B5%D0%B2%D0%BE%D1%80%D0%BA%D1%8F%D0%BD-%D0%BD%D1%83%D0%BB%D0%B8-%D1%81-%D0%BD%D1%83%D0%BB%D0%B0-%D0%B4%D0%BE%D0%B2%D0%B5%D1%80%D0%B8%D0%B5-%D0%BD%D0%B0/page/7/ HTTP/1.1" 200 16166 "-" "Mozilla/5.0 (compatible; SemrushBot/7~bl; +http://www.semrush.com/bot.html)"
52.167.144.198 - - [05/Apr/2026:17:05:54 +0200] "GET /tag/%D1%80%D0%B8%D1%81%D0%BA%D0%BE%D0%B2%D0%B5%D1%82%D0%B5-%D1%81%D0%B0-%D0%BE%D0%B3%D1%80%D0%BE%D0%BC%D0%BD%D0%B8/ HTTP/1.1" 200 13648 "-" "Mozilla/5.0 AppleWebKit/537.36 (KHTML, like Gecko; compatible; bingbot/2.0; +http://www.bing.com/bingbot.htm) Chrome/116.0.1938.76 Safari/537.36"
52.167.144.198 - - [05/Apr/2026:17:05:56 +0200] "GET /tag/%D0%B8%D0%BB%D0%B8-%D1%81%D0%B5-%D0%BF%D0%B5%D0%BD%D1%81%D0%B8%D0%BE%D0%BD%D0%B8%D1%80%D0%B0-%D0%B2-%D0%B7%D0%B0%D1%82%D0%B2%D0%BE%D1%80%D0%B0/ HTTP/1.1" 200 16276 "-" "Mozilla/5.0 AppleWebKit/537.36 (KHTML, like Gecko; compatible; bingbot/2.0; +http://www.bing.com/bingbot.htm) Chrome/116.0.1938.76 Safari/537.36"
216.73.216.187 - - [05/Apr/2026:17:05:57 +0200] "GET /wp-content/plugins/jetpack/scss/atoms/_buttons.scss HTTP/1.1" 200 2324 "-" "Mozilla/5.0 AppleWebKit/537.36 (KHTML, like Gecko; compatible; ClaudeBot/1.0; +claudebot@anthropic.com)"
185.191.171.2 - - [05/Apr/2026:17:05:57 +0200] "GET /tag/%D0%B2%D0%BE%D0%BB%D0%BE%D0%B4%D0%B8%D0%BC%D0%B8%D1%80-%D0%B7%D0%B5%D0%BB%D0%B5%D0%BD%D1%81%D0%BA%D0%B8/page/9/ HTTP/1.1" 200 16662 "-" "Mozilla/5.0 (compatible; SemrushBot/7~bl; +http://www.semrush.com/bot.html)"
40.77.167.57 - - [05/Apr/2026:17:05:57 +0200] "GET /%D0%B1%D0%BE%D1%80%D0%B8%D1%81%D0%BE%D0%B2-%D0%BD%D0%B0%D1%80%D0%B5%D0%B4%D0%B8-%D0%BF%D1%80%D0%B5%D0%B7%D0%B0%D0%BF%D0%B0%D1%81%D1%8F%D0%B2%D0%B0%D0%BD%D0%B5-%D1%81-%D0%BC%D0%B0%D1%81%D0%BA%D0%B8/ HTTP/1.1" 200 25864 "-" "Mozilla/5.0 AppleWebKit/537.36 (KHTML, like Gecko; compatible; bingbot/2.0; +http://www.bing.com/bingbot.htm) Chrome/116.0.1938.76 Safari/537.36"
40.77.167.50 - - [05/Apr/2026:17:05:57 +0200] "GET /tag/%D0%BF%D0%BE%D0%B4%D0%BB%D0%BE%D1%81%D1%82/ HTTP/1.1" 200 13655 "-" "Mozilla/5.0 AppleWebKit/537.36 (KHTML, like Gecko; compatible; bingbot/2.0; +http://www.bing.com/bingbot.htm) Chrome/116.0.1938.76 Safari/537.36"
216.73.216.187 - - [05/Apr/2026:17:06:01 +0200] "GET /wp-content/plugins/jetpack/_inc/blocks/?C=M&O=D HTTP/1.1" 502 150 "-" "Mozilla/5.0 AppleWebKit/537.36 (KHTML, like Gecko; compatible; ClaudeBot/1.0; +claudebot@anthropic.com)"
216.73.216.187 - - [05/Apr/2026:17:06:02 +0200] "GET /wp-content/plugins/jetpack/scss/atoms/icons HTTP/1.1" 502 150 "-" "Mozilla/5.0 AppleWebKit/537.36 (KHTML, like Gecko; compatible; ClaudeBot/1.0; +claudebot@anthropic.com)"
40.77.167.50 - - [05/Apr/2026:17:06:03 +0200] "GET /tag/%D0%B9%D0%BE%D1%82%D0%BE%D0%B2%D0%B0-%D0%BA%D1%8A%D0%BC-%D0%BF%D0%B5%D1%82%D0%BA%D0%BE%D0%B2/ HTTP/1.1" 200 16435 "-" "Mozilla/5.0 AppleWebKit/537.36 (KHTML, like Gecko; compatible; bingbot/2.0; +http://www.bing.com/bingbot.htm) Chrome/116.0.1938.76 Safari/537.36"
40.77.167.50 - - [05/Apr/2026:17:06:05 +0200] "GET /tag/%D0%B1%D0%BB%D1%83%D0%BC%D0%B1%D1%8A%D1%80%D0%B3-%D0%B2-%D0%B5%D1%81-%D1%81%D0%B0-%D1%88%D0%BE%D0%BA%D0%B8%D1%80%D0%B0%D0%BD%D0%B8-%D0%BE%D1%82-%D1%80%D0%B0%D0%B7%D0%B3%D0%BE%D0%B2%D0%BE%D1%80/ HTTP/1.1" 200 13743 "-" "Mozilla/5.0 AppleWebKit/537.36 (KHTML, like Gecko; compatible; bingbot/2.0; +http://www.bing.com/bingbot.htm) Chrome/116.0.1938.76 Safari/537.36"
216.73.216.187 - - [05/Apr/2026:17:06:06 +0200] "GET /wp-content/plugins/jetpack/modules/simple-payments/?C=N&O=A HTTP/1.1" 200 371 "-" "Mozilla/5.0 AppleWebKit/537.36 (KHTML, like Gecko; compatible; ClaudeBot/1.0; +claudebot@anthropic.com)"
40.77.167.50 - - [05/Apr/2026:17:06:06 +0200] "GET /tag/%D0%BA%D0%BE%D0%BC%D0%B1%D0%B8%D0%BD%D0%B0%D1%86%D0%B8%D0%B8/ HTTP/1.1" 200 13507 "-" "Mozilla/5.0 AppleWebKit/537.36 (KHTML, like Gecko; compatible; bingbot/2.0; +http://www.bing.com/bingbot.htm) Chrome/116.0.1938.76 Safari/537.36"
40.77.167.50 - - [05/Apr/2026:17:06:07 +0200] "GET /tag/%D0%B1%D0%B2%D0%BF/ HTTP/1.1" 200 14991 "-" "Mozilla/5.0 AppleWebKit/537.36 (KHTML, like Gecko; compatible; bingbot/2.0; +http://www.bing.com/bingbot.htm) Chrome/116.0.1938.76 Safari/537.36"
216.73.216.187 - - [05/Apr/2026:17:06:11 +0200] "GET /wp-content/plugins/jetpack/modules/widgets/search/js/?C=M&O=A HTTP/1.1" 200 347 "-" "Mozilla/5.0 AppleWebKit/537.36 (KHTML, like Gecko; compatible; ClaudeBot/1.0; +claudebot@anthropic.com)"
216.73.216.187 - - [05/Apr/2026:17:06:16 +0200] "GET /wp-content/plugins/wordpress-seo/admin/links/?C=S&O=A HTTP/1.1" 200 681 "-" "Mozilla/5.0 AppleWebKit/537.36 (KHTML, like Gecko; compatible; ClaudeBot/1.0; +claudebot@anthropic.com)"
8.228.88.249 - - [05/Apr/2026:17:06:19 +0200] "GET /category/%d0%bd%d0%be%d0%b2%d0%b8%d0%bd%d0%b8/feed/ HTTP/1.1" 200 43059 "-" "Mozilla/5.0 (Windows NT 6.3; WOW64; rv:33.0) Gecko/20100101 Firefox/33.0"
216.73.216.187 - - [05/Apr/2026:17:06:21 +0200] "GET /wp-content/plugins/jetpack/modules/widgets/search/js/?C=N&O=D HTTP/1.1" 200 347 "-" "Mozilla/5.0 AppleWebKit/537.36 (KHTML, like Gecko; compatible; ClaudeBot/1.0; +claudebot@anthropic.com)"
216.73.216.187 - - [05/Apr/2026:17:06:26 +0200] "GET /wp-content/plugins/wordpress-seo/admin/links/?C=D&O=A HTTP/1.1" 200 680 "-" "Mozilla/5.0 AppleWebKit/537.36 (KHTML, like Gecko; compatible; ClaudeBot/1.0; +claudebot@anthropic.com)"
216.73.216.187 - - [05/Apr/2026:17:06:31 +0200] "GET /wp-content/plugins/wordpress-seo/admin/links/?C=M&O=A HTTP/1.1" 200 681 "-" "Mozilla/5.0 AppleWebKit/537.36 (KHTML, like Gecko; compatible; ClaudeBot/1.0; +claudebot@anthropic.com)"
216.73.216.187 - - [05/Apr/2026:17:06:36 +0200] "GET /wp-content/plugins/jetpack/modules/pwa/images/wp-512.png HTTP/1.1" 200 16496 "-" "Mozilla/5.0 AppleWebKit/537.36 (KHTML, like Gecko; compatible; ClaudeBot/1.0; +claudebot@anthropic.com)"
43.166.237.57 - - [05/Apr/2026:17:06:38 +0200] "GET /%d1%80%d0%b0%d0%b4%d0%b5%d0%b2-%d0%b2%d0%b5%d1%87%d0%b5-%d0%b5-%d0%bd%d0%b5%d0%bf%d1%80%d0%b8%d0%b5%d0%bc%d0%bb%d0%b8%d0%b2-%d0%b7%d0%b0-%d0%b5%d1%81-%d0%b8-%d1%81%d0%b0%d1%89/ HTTP/1.1" 200 42934 "-" "Mozilla/5.0 (iPhone; CPU iPhone OS 13_2_3 like Mac OS X) AppleWebKit/605.1.15 (KHTML, like Gecko) Version/13.0.3 Mobile/15E148 Safari/604.1"
216.73.216.187 - - [05/Apr/2026:17:06:41 +0200] "GET /wp-content/plugins/quick-adsense/includes/js/?C=S&O=A HTTP/1.1" 200 387 "-" "Mozilla/5.0 AppleWebKit/537.36 (KHTML, like Gecko; compatible; ClaudeBot/1.0; +claudebot@anthropic.com)"
185.191.171.13 - - [05/Apr/2026:17:06:44 +0200] "GET /tag/%D0%B4%D0%B0%D0%BB%D0%B8-%D1%89%D0%B5-%D0%BE%D1%81%D1%82%D0%B0%D0%BD%D0%B5-%D0%BE%D0%BF%D0%BE%D0%B7%D0%B8%D1%86%D0%B8%D1%8F-%D0%B8%D0%BB%D0%B8-%D1%89%D0%B5-%D1%82%D1%8A%D1%80%D1%81%D1%8F%D1%82-%D0%BF/page/11/ HTTP/1.1" 200 16508 "-" "Mozilla/5.0 (compatible; SemrushBot/7~bl; +http://www.semrush.com/bot.html)"
216.73.216.187 - - [05/Apr/2026:17:06:46 +0200] "GET /wp-content/plugins/wordpress-seo/vendor_prefixed/ruckusing/lib/Task/?C=S&O=A HTTP/1.1" 200 351 "-" "Mozilla/5.0 AppleWebKit/537.36 (KHTML, like Gecko; compatible; ClaudeBot/1.0; +claudebot@anthropic.com)"
116.179.32.95 - - [05/Apr/2026:17:06:49 +0200] "GET /wp-content/uploads/2024/07/htrht-356x220.jpg HTTP/1.1" 200 16041 "-" "Baiduspider-image+(+http://www.baidu.com/search/spider.htm)"
17.246.23.187 - - [05/Apr/2026:17:06:50 +0200] "GET /wp-content/uploads/2023/10/4fb695d05ceb2c9ccea4a2f62acb828d-324x160.jpeg HTTP/1.1" 200 10541 "-" "Mozilla/5.0 (Macintosh; Intel Mac OS X 10_15_7) AppleWebKit/605.1.15 (KHTML, like Gecko) Version/17.4 Safari/605.1.15 (Applebot/0.1; +http://www.apple.com/go/applebot)"
185.191.171.13 - - [05/Apr/2026:17:06:51 +0200] "GET /tag/%D0%B2%D1%8A%D0%BD%D1%88%D0%BD%D0%BE-%D0%B2%D0%B4%D0%B8%D0%B3%D0%BD%D0%B0-%D1%80%D1%8A%D1%86%D0%B5-%D0%B7%D0%B0-%D1%84%D1%80%D0%B5%D0%BD%D1%81%D0%BA%D0%BE%D1%82%D0%BE-%D0%BF%D1%80%D0%B5%D0%B4%D0%BB/ HTTP/1.1" 200 16454 "-" "Mozilla/5.0 (compatible; SemrushBot/7~bl; +http://www.semrush.com/bot.html)"
216.73.216.187 - - [05/Apr/2026:17:06:51 +0200] "GET /wp-content/plugins/jetpack/modules/pwa/images/wp-192.png HTTP/1.1" 200 6584 "-" "Mozilla/5.0 AppleWebKit/537.36 (KHTML, like Gecko; compatible; ClaudeBot/1.0; +claudebot@anthropic.com)"
216.73.216.187 - - [05/Apr/2026:17:06:56 +0200] "GET /wp-content/plugins/wordpress-seo/vendor_prefixed/ruckusing/lib/Task/?C=D&O=A HTTP/1.1" 200 351 "-" "Mozilla/5.0 AppleWebKit/537.36 (KHTML, like Gecko; compatible; ClaudeBot/1.0; +claudebot@anthropic.com)"
45.94.31.67 - - [05/Apr/2026:17:06:58 +0200] "GET /xmlrpc.php HTTP/1.1" 404 12110 "http://netvesti.com/xmlrpc.php" "Mozilla/5.0 (Windows NT 11.0; Win64; x64) AppleWebKit/537.36 (KHTML, like Gecko) Chrome/121.0.0.0 Safari/537.36"
216.73.216.187 - - [05/Apr/2026:17:07:05 +0200] "GET /wp-content/plugins/jetpack/modules/widgets/search/?C=N&O=D HTTP/1.1" 502 150 "-" "Mozilla/5.0 AppleWebKit/537.36 (KHTML, like Gecko; compatible; ClaudeBot/1.0; +claudebot@anthropic.com)"
216.73.216.187 - - [05/Apr/2026:17:07:06 +0200] "GET /wp-content/plugins/jetpack/modules/simple-payments/?C=S&O=D HTTP/1.1" 200 368 "-" "Mozilla/5.0 AppleWebKit/537.36 (KHTML, like Gecko; compatible; ClaudeBot/1.0; +claudebot@anthropic.com)"
216.73.216.187 - - [05/Apr/2026:17:07:11 +0200] "GET /wp-content/plugins/wordpress-seo/vendor_prefixed/ruckusing/lib/Task/?C=M&O=A HTTP/1.1" 200 354 "-" "Mozilla/5.0 AppleWebKit/537.36 (KHTML, like Gecko; compatible; ClaudeBot/1.0; +claudebot@anthropic.com)"
185.191.171.18 - - [05/Apr/2026:17:07:13 +0200] "GET /tag/%D0%B2%D0%B8%D0%BA%D1%82%D0%BE%D1%80-%D0%BF%D0%B0%D0%BF%D0%B0%D0%B7%D0%BE%D0%B2-%D1%81%D0%BB%D0%B5%D0%B4-32-%D0%B3%D0%BE%D0%B4%D0%B8%D0%BD%D0%B8-%D0%BF%D1%8A%D0%BB%D0%B5%D0%BD-%D0%BA%D1%80%D1%8A/page/3/ HTTP/1.1" 200 16559 "-" "Mozilla/5.0 (compatible; SemrushBot/7~bl; +http://www.semrush.com/bot.html)"
216.73.216.187 - - [05/Apr/2026:17:07:16 +0200] "GET /wp-content/themes/Newspaper/images/panel/modules/td_module_13.png HTTP/1.1" 200 385 "-" "Mozilla/5.0 AppleWebKit/537.36 (KHTML, like Gecko; compatible; ClaudeBot/1.0; +claudebot@anthropic.com)"
216.73.216.187 - - [05/Apr/2026:17:07:21 +0200] "GET /wp-content/themes/Newspaper/images/panel/modules/td_module_17.png HTTP/1.1" 200 423 "-" "Mozilla/5.0 AppleWebKit/537.36 (KHTML, like Gecko; compatible; ClaudeBot/1.0; +claudebot@anthropic.com)"
216.73.216.187 - - [05/Apr/2026:17:07:26 +0200] "GET /wp-content/plugins/td-composer/css-live/assets/?C=S&O=A HTTP/1.1" 200 369 "-" "Mozilla/5.0 AppleWebKit/537.36 (KHTML, like Gecko; compatible; ClaudeBot/1.0; +claudebot@anthropic.com)"
216.73.216.187 - - [05/Apr/2026:17:07:40 +0200] "GET /wp-content/plugins/wordpress-seo/admin/recalculate/?C=N&O=A HTTP/1.1" 200 362 "-" "Mozilla/5.0 AppleWebKit/537.36 (KHTML, like Gecko; compatible; ClaudeBot/1.0; +claudebot@anthropic.com)"
216.73.216.187 - - [05/Apr/2026:17:07:41 +0200] "GET /wp-content/plugins/wordpress-seo/admin/watchers/?C=D&O=A HTTP/1.1" 200 339 "-" "Mozilla/5.0 AppleWebKit/537.36 (KHTML, like Gecko; compatible; ClaudeBot/1.0; +claudebot@anthropic.com)"
216.73.216.187 - - [05/Apr/2026:17:07:43 +0200] "GET /wp-content/plugins/wordpress-seo/vendor_prefixed/guzzlehttp/psr7/src/?C=S&O=D HTTP/1.1" 200 741 "-" "Mozilla/5.0 AppleWebKit/537.36 (KHTML, like Gecko; compatible; ClaudeBot/1.0; +claudebot@anthropic.com)"
216.73.216.187 - - [05/Apr/2026:17:07:46 +0200] "GET /wp-content/themes/Newspaper/images/panel/modules/td_module_9.png HTTP/1.1" 200 362 "-" "Mozilla/5.0 AppleWebKit/537.36 (KHTML, like Gecko; compatible; ClaudeBot/1.0; +claudebot@anthropic.com)"
216.73.216.187 - - [05/Apr/2026:17:07:50 +0200] "GET /wp-content/plugins/td-composer/assets/less_iframe/?C=S&O=A HTTP/1.1" 200 367 "-" "Mozilla/5.0 AppleWebKit/537.36 (KHTML, like Gecko; compatible; ClaudeBot/1.0; +claudebot@anthropic.com)"
216.73.216.187 - - [05/Apr/2026:17:07:55 +0200] "GET /wp-content/plugins/td-composer/css-live/assets/?C=N&O=D HTTP/1.1" 200 361 "-" "Mozilla/5.0 AppleWebKit/537.36 (KHTML, like Gecko; compatible; ClaudeBot/1.0; +claudebot@anthropic.com)"
91.92.243.248 - - [05/Apr/2026:17:07:56 +0200] "POST /wp-login.php HTTP/1.1" 200 1539 "-" "Mozilla/5.0"
91.92.243.248 - - [05/Apr/2026:17:07:56 +0200] "POST /wp-login.php HTTP/1.1" 200 1554 "-" "Mozilla/5.0"
91.92.243.248 - - [05/Apr/2026:17:07:56 +0200] "POST /wp-login.php HTTP/1.1" 200 1550 "-" "Mozilla/5.0"
91.92.243.248 - - [05/Apr/2026:17:07:56 +0200] "POST /wp-login.php HTTP/1.1" 200 1552 "-" "Mozilla/5.0"
91.92.243.248 - - [05/Apr/2026:17:07:57 +0200] "POST /wp-login.php HTTP/1.1" 200 1552 "-" "Mozilla/5.0"
91.92.243.248 - - [05/Apr/2026:17:07:57 +0200] "POST /wp-login.php HTTP/1.1" 200 1551 "-" "Mozilla/5.0"
91.92.243.248 - - [05/Apr/2026:17:07:57 +0200] "POST /wp-login.php HTTP/1.1" 200 1550 "-" "Mozilla/5.0"
185.191.171.15 - - [05/Apr/2026:17:07:57 +0200] "GET /tag/%D0%BF%D1%80%D0%B5%D0%B4%D0%B8-%D0%B1%D1%80%D0%BE%D0%B5%D0%BD%D0%B8-%D0%BC%D0%B8%D0%BD%D1%83%D1%82%D0%B8/page/136/ HTTP/1.1" 403 218 "-" "Mozilla/5.0 (compatible; SemrushBot/7~bl; +http://www.semrush.com/bot.html)"
91.92.243.248 - - [05/Apr/2026:17:07:57 +0200] "POST /wp-login.php HTTP/1.1" 200 1554 "-" "Mozilla/5.0"
91.92.243.248 - - [05/Apr/2026:17:07:57 +0200] "POST /wp-login.php HTTP/1.1" 200 1554 "-" "Mozilla/5.0"
91.92.243.248 - - [05/Apr/2026:17:07:57 +0200] "POST /wp-login.php HTTP/1.1" 200 1553 "-" "Mozilla/5.0"
91.92.243.248 - - [05/Apr/2026:17:07:57 +0200] "POST /wp-login.php HTTP/1.1" 200 1554 "-" "Mozilla/5.0"
216.73.216.187 - - [05/Apr/2026:17:08:00 +0200] "GET /wp-content/plugins/wordpress-seo/vendor_prefixed/guzzlehttp/guzzle/src/?C=M&O=D HTTP/1.1" 200 624 "-" "Mozilla/5.0 AppleWebKit/537.36 (KHTML, like Gecko; compatible; ClaudeBot/1.0; +claudebot@anthropic.com)"
216.73.216.187 - - [05/Apr/2026:17:08:05 +0200] "GET /wp-content/plugins/jetpack/modules/pwa/images/?C=D&O=A HTTP/1.1" 200 342 "-" "Mozilla/5.0 AppleWebKit/537.36 (KHTML, like Gecko; compatible; ClaudeBot/1.0; +claudebot@anthropic.com)"
216.73.216.187 - - [05/Apr/2026:17:08:06 +0200] "GET /wp-content/plugins/jetpack/modules/widgets/eu-cookie-law/?C=N&O=A HTTP/1.1" 200 401 "-" "Mozilla/5.0 AppleWebKit/537.36 (KHTML, like Gecko; compatible; ClaudeBot/1.0; +claudebot@anthropic.com)"
40.77.167.57 - - [05/Apr/2026:17:08:06 +0200] "GET /tag/%D0%BA%D1%80%D0%B0%D1%81%D0%BD%D0%B0-%D0%BF%D0%BE%D0%BB%D1%8F%D0%BD%D0%B0/ HTTP/1.1" 200 15997 "-" "Mozilla/5.0 AppleWebKit/537.36 (KHTML, like Gecko; compatible; bingbot/2.0; +http://www.bing.com/bingbot.htm) Chrome/116.0.1938.76 Safari/537.36"
40.77.167.57 - - [05/Apr/2026:17:08:07 +0200] "GET /tag/%D0%B4%D1%8A%D0%BD%D0%BD%D0%B0-%D0%B4%D1%8A%D1%80%D0%B6%D0%B0%D0%B2%D0%B0/page/37/ HTTP/1.1" 200 17629 "-" "Mozilla/5.0 AppleWebKit/537.36 (KHTML, like Gecko; compatible; bingbot/2.0; +http://www.bing.com/bingbot.htm) Chrome/116.0.1938.76 Safari/537.36"
40.77.167.57 - - [05/Apr/2026:17:08:08 +0200] "GET /tag/%D0%B0-%D0%B8%D0%B7%D0%BF%D0%B8%D1%81%D0%B0%D0%BD%D0%B0-%D0%B2-%D0%BE%D1%87%D0%B8%D1%82%D0%B5-%D0%BD%D0%B0-%D0%B5%D0%B4%D0%BD%D0%BE-%D1%88%D0%B5%D1%81%D1%82%D0%B3%D0%BE%D0%B4%D0%B8%D1%88%D0%BD%D0%BE/ HTTP/1.1" 200 13773 "-" "Mozilla/5.0 AppleWebKit/537.36 (KHTML, like Gecko; compatible; bingbot/2.0; +http://www.bing.com/bingbot.htm) Chrome/116.0.1938.76 Safari/537.36"
216.73.216.187 - - [05/Apr/2026:17:08:10 +0200] "GET /wp-content/plugins/jetpack/modules/pwa/images/?C=M&O=A HTTP/1.1" 200 341 "-" "Mozilla/5.0 AppleWebKit/537.36 (KHTML, like Gecko; compatible; ClaudeBot/1.0; +claudebot@anthropic.com)"
216.73.216.187 - - [05/Apr/2026:17:08:15 +0200] "GET /wp-content/plugins/jetpack/scss/atoms/?C=M&O=D HTTP/1.1" 200 384 "-" "Mozilla/5.0 AppleWebKit/537.36 (KHTML, like Gecko; compatible; ClaudeBot/1.0; +claudebot@anthropic.com)"
216.73.216.187 - - [05/Apr/2026:17:08:20 +0200] "GET /wp-content/plugins/jetpack/_inc/blocks/images/map-theme_default-2ceb449b599dbcbe2a90fead5a5f3824.jpg HTTP/1.1" 200 113462 "-" "Mozilla/5.0 AppleWebKit/537.36 (KHTML, like Gecko; compatible; ClaudeBot/1.0; +claudebot@anthropic.com)"
85.208.96.212 - - [05/Apr/2026:17:08:24 +0200] "GET /tag/%D0%B4%D0%B8%D0%BC%D0%B8%D1%82%D1%8A%D1%80-%D0%BA%D0%BE%D0%BB%D0%B5%D0%B2/page/3/ HTTP/1.1" 200 16245 "-" "Mozilla/5.0 (compatible; SemrushBot/7~bl; +http://www.semrush.com/bot.html)"
52.167.144.198 - - [05/Apr/2026:17:08:24 +0200] "GET /tag/%D0%BB%D0%B5%D0%B2%D1%81%D0%BA%D0%B8/page/2/ HTTP/1.1" 200 16489 "-" "Mozilla/5.0 AppleWebKit/537.36 (KHTML, like Gecko; compatible; bingbot/2.0; +http://www.bing.com/bingbot.htm) Chrome/116.0.1938.76 Safari/537.36"
216.73.216.187 - - [05/Apr/2026:17:08:25 +0200] "GET /wp-content/plugins/jetpack/modules/pwa/images/?C=N&O=D HTTP/1.1" 200 341 "-" "Mozilla/5.0 AppleWebKit/537.36 (KHTML, like Gecko; compatible; ClaudeBot/1.0; +claudebot@anthropic.com)"
216.73.216.187 - - [05/Apr/2026:17:08:29 +0200] "GET /wp-content/plugins/wordpress-seo/vendor_prefixed/j4mie/idiorm/?C=D&O=A HTTP/1.1" 200 340 "-" "Mozilla/5.0 AppleWebKit/537.36 (KHTML, like Gecko; compatible; ClaudeBot/1.0; +claudebot@anthropic.com)"
216.73.216.187 - - [05/Apr/2026:17:08:30 +0200] "GET /wp-content/plugins/jetpack/_inc/fonts/?C=S&O=A HTTP/1.1" 200 338 "-" "Mozilla/5.0 AppleWebKit/537.36 (KHTML, like Gecko; compatible; ClaudeBot/1.0; +claudebot@anthropic.com)"
216.73.216.187 - - [05/Apr/2026:17:08:34 +0200] "GET /wp-content/themes/Newspaper/mobile/includes/shortcodes/?C=S&O=D HTTP/1.1" 200 399 "-" "Mozilla/5.0 AppleWebKit/537.36 (KHTML, like Gecko; compatible; ClaudeBot/1.0; +claudebot@anthropic.com)"
220.181.108.174 - - [05/Apr/2026:17:08:38 +0200] "GET /wp-content/uploads/2022/07/koev-ghgj-324x160.jpg HTTP/1.1" 200 10838 "-" "Baiduspider-image+(+http://www.baidu.com/search/spider.htm)"
216.73.216.187 - - [05/Apr/2026:17:08:39 +0200] "GET /wp-content/plugins/jetpack/_inc/jetpack-icons/?C=D&O=A HTTP/1.1" 200 284 "-" "Mozilla/5.0 AppleWebKit/537.36 (KHTML, like Gecko; compatible; ClaudeBot/1.0; +claudebot@anthropic.com)"
216.73.216.187 - - [05/Apr/2026:17:08:44 +0200] "GET /wp-content/plugins/wordpress-seo/vendor_prefixed/guzzlehttp/promises/?C=N&O=A HTTP/1.1" 200 341 "-" "Mozilla/5.0 AppleWebKit/537.36 (KHTML, like Gecko; compatible; ClaudeBot/1.0; +claudebot@anthropic.com)"
17.246.19.155 - - [05/Apr/2026:17:08:45 +0200] "GET /tag/%D0%B3%D0%B5%D1%88%D0%B5%D0%B2/page/57/ HTTP/1.1" 200 16416 "-" "Mozilla/5.0 (Macintosh; Intel Mac OS X 10_15_7) AppleWebKit/605.1.15 (KHTML, like Gecko) Version/17.4 Safari/605.1.15 (Applebot/0.1; +http://www.apple.com/go/applebot)"
216.73.216.187 - - [05/Apr/2026:17:08:49 +0200] "GET /wp-content/plugins/wordpress-seo/vendor_prefixed/guzzlehttp/guzzle/?C=N&O=A HTTP/1.1" 200 336 "-" "Mozilla/5.0 AppleWebKit/537.36 (KHTML, like Gecko; compatible; ClaudeBot/1.0; +claudebot@anthropic.com)"
216.73.216.187 - - [05/Apr/2026:17:08:54 +0200] "GET /wp-content/plugins/jetpack/modules/after-the-deadline/rtl/?C=N&O=A HTTP/1.1" 200 338 "-" "Mozilla/5.0 AppleWebKit/537.36 (KHTML, like Gecko; compatible; ClaudeBot/1.0; +claudebot@anthropic.com)"
216.73.216.187 - - [05/Apr/2026:17:08:54 +0200] "GET /wp-content/plugins/wordpress-seo/vendor_prefixed/j4mie/idiorm/?C=M&O=A HTTP/1.1" 200 342 "-" "Mozilla/5.0 AppleWebKit/537.36 (KHTML, like Gecko; compatible; ClaudeBot/1.0; +claudebot@anthropic.com)"
216.73.216.187 - - [05/Apr/2026:17:08:58 +0200] "GET /wp-content/plugins/jetpack/_inc/fonts/?C=D&O=A HTTP/1.1" 200 338 "-" "Mozilla/5.0 AppleWebKit/537.36 (KHTML, like Gecko; compatible; ClaudeBot/1.0; +claudebot@anthropic.com)"
216.73.216.187 - - [05/Apr/2026:17:09:06 +0200] "GET /wp-content/plugins/wordpress-seo/vendor_prefixed/guzzlehttp/psr7/src/?C=N&O=A HTTP/1.1" 502 150 "-" "Mozilla/5.0 AppleWebKit/537.36 (KHTML, like Gecko; compatible; ClaudeBot/1.0; +claudebot@anthropic.com)"
85.208.96.202 - - [05/Apr/2026:17:09:06 +0200] "GET /tag/%D0%B3%D0%B5%D0%BD-%D0%BA%D0%BE%D0%BD%D1%81%D1%82%D0%B0%D0%BD%D1%82%D0%B8%D0%BD-%D0%BF%D0%BE%D0%BF%D0%BE%D0%B2-%D0%B2-%D1%81%D0%BB%D1%83%D1%87%D0%B0%D0%B9-%D0%BD%D0%B0-%D0%B2%D0%BE%D0%B9%D0%BD%D0%B0/page/12/ HTTP/1.1" 502 150 "-" "Mozilla/5.0 (compatible; SemrushBot/7~bl; +http://www.semrush.com/bot.html)"
216.73.216.187 - - [05/Apr/2026:17:09:08 +0200] "GET /wp-content/plugins/td-composer/css-live/assets/less/?C=S&O=A HTTP/1.1" 200 390 "-" "Mozilla/5.0 AppleWebKit/537.36 (KHTML, like Gecko; compatible; ClaudeBot/1.0; +claudebot@anthropic.com)"
216.73.216.187 - - [05/Apr/2026:17:09:14 +0200] "GET /wp-content/uploads/2020/11/radev-2-324x235.jpg HTTP/1.1" 200 13290 "-" "Mozilla/5.0 AppleWebKit/537.36 (KHTML, like Gecko; compatible; ClaudeBot/1.0; +claudebot@anthropic.com)"
17.246.19.129 - - [05/Apr/2026:17:09:17 +0200] "GET /tag/%d0%bf%d0%b0%d1%80%d1%82%d0%b8%d1%8f%d1%82%d0%b0-%d0%bd%d0%b0-%d0%b1%d0%be%d0%b6%d0%ba%d0%be%d0%b2/ HTTP/1.1" 200 16506 "-" "Mozilla/5.0 (Macintosh; Intel Mac OS X 10_15_7) AppleWebKit/605.1.15 (KHTML, like Gecko) Version/17.4 Safari/605.1.15 (Applebot/0.1; +http://www.apple.com/go/applebot)"
198.244.240.89 - - [05/Apr/2026:17:09:20 +0200] "GET /tag/%D0%B1%D0%B5%D0%B7%D1%83%D0%BC%D0%BD%D0%B8%D1%82%D0%B5-%D1%80%D0%B5%D1%88%D0%B5%D0%BD%D0%B8%D1%8F/page/34/ HTTP/1.1" 200 16150 "-" "Mozilla/5.0 (compatible; AhrefsBot/7.0; +http://ahrefs.com/robot/)"
216.73.216.187 - - [05/Apr/2026:17:09:24 +0200] "GET /wp-content/uploads/2024/05/extlb9pkgsfa1pgpezzg-741x475.jpg HTTP/1.1" 200 75906 "-" "Mozilla/5.0 AppleWebKit/537.36 (KHTML, like Gecko; compatible; ClaudeBot/1.0; +claudebot@anthropic.com)"
185.191.171.2 - - [05/Apr/2026:17:09:27 +0200] "GET /tag/%D0%B1%D0%BE%D0%B9%D0%BA%D0%BE-%D1%80%D0%B0%D1%88%D0%BA%D0%BE%D0%B2-%D0%B3%D0%B8-%D0%BF%D0%BE%D1%87%D0%BD%D0%B0-%D0%BC%D0%B2%D1%80-%D0%B0%D1%80%D0%B5%D1%81%D1%82%D1%83%D0%B2%D0%B0-%D0%BA%D0%BC%D0%B5/page/38/ HTTP/1.1" 200 16658 "-" "Mozilla/5.0 (compatible; SemrushBot/7~bl; +http://www.semrush.com/bot.html)"
216.73.216.187 - - [05/Apr/2026:17:09:29 +0200] "GET /wp-content/uploads/2022/07/gerger-218x150.jpg HTTP/1.1" 200 7129 "-" "Mozilla/5.0 AppleWebKit/537.36 (KHTML, like Gecko; compatible; ClaudeBot/1.0; +claudebot@anthropic.com)"
216.73.216.187 - - [05/Apr/2026:17:09:34 +0200] "GET /wp-content/uploads/2022/12/gerger-150x150.jpg HTTP/1.1" 200 5646 "-" "Mozilla/5.0 AppleWebKit/537.36 (KHTML, like Gecko; compatible; ClaudeBot/1.0; +claudebot@anthropic.com)"
216.73.216.187 - - [05/Apr/2026:17:09:39 +0200] "GET /wp-content/plugins/jetpack/_inc/blocks/images/map-theme_terrain-2b6e6c1c8d09cbdc58a4c0653be1a6e3.jpg HTTP/1.1" 200 108702 "-" "Mozilla/5.0 AppleWebKit/537.36 (KHTML, like Gecko; compatible; ClaudeBot/1.0; +claudebot@anthropic.com)"
216.73.216.187 - - [05/Apr/2026:17:09:41 +0200] "GET /wp-content/uploads/2022/08/bor_geshev2-300x168.jpg HTTP/1.1" 200 10736 "-" "Mozilla/5.0 AppleWebKit/537.36 (KHTML, like Gecko; compatible; ClaudeBot/1.0; +claudebot@anthropic.com)"
216.73.216.187 - - [05/Apr/2026:17:09:45 +0200] "GET /wp-content/plugins/td-social-counter/js/?C=N&O=D HTTP/1.1" 200 320 "-" "Mozilla/5.0 AppleWebKit/537.36 (KHTML, like Gecko; compatible; ClaudeBot/1.0; +claudebot@anthropic.com)"
216.73.216.187 - - [05/Apr/2026:17:09:50 +0200] "GET /wp-content/uploads/2022/12/hfgfh-533x261.jpg HTTP/1.1" 200 21766 "-" "Mozilla/5.0 AppleWebKit/537.36 (KHTML, like Gecko; compatible; ClaudeBot/1.0; +claudebot@anthropic.com)"
185.191.171.16 - - [05/Apr/2026:17:09:55 +0200] "GET /tag/euractiv-%D1%80%D0%B0%D0%B4%D0%B5%D0%B2-%D1%81%D1%82%D0%BE%D0%B8-%D0%B7%D0%B0%D0%B4-%D0%BD%D0%B0%D1%86%D0%B8%D0%BE%D0%BD%D0%B0%D0%BB%D0%B8%D1%81%D1%82%D0%B8%D1%87%D0%B5%D1%81%D0%BA%D0%B8%D1%8F-%D0%B7/ HTTP/1.1" 200 16449 "-" "Mozilla/5.0 (compatible; SemrushBot/7~bl; +http://www.semrush.com/bot.html)"
216.73.216.187 - - [05/Apr/2026:17:09:55 +0200] "GET /wp-content/uploads/2021/01/1043287-218x150.jpg HTTP/1.1" 200 8702 "-" "Mozilla/5.0 AppleWebKit/537.36 (KHTML, like Gecko; compatible; ClaudeBot/1.0; +claudebot@anthropic.com)"
216.73.216.187 - - [05/Apr/2026:17:10:00 +0200] "GET /wp-content/themes/Newspaper/mobile/js/?C=N&O=A HTTP/1.1" 200 341 "-" "Mozilla/5.0 AppleWebKit/537.36 (KHTML, like Gecko; compatible; ClaudeBot/1.0; +claudebot@anthropic.com)"
216.73.216.187 - - [05/Apr/2026:17:10:04 +0200] "GET /wp-content/uploads/2023/08/main_1538412856-534x366.jpg HTTP/1.1" 200 22050 "-" "Mozilla/5.0 AppleWebKit/537.36 (KHTML, like Gecko; compatible; ClaudeBot/1.0; +claudebot@anthropic.com)"
216.73.216.187 - - [05/Apr/2026:17:10:05 +0200] "GET /wp-content/uploads/2023/09/bg-dfdfg-741x486.jpg HTTP/1.1" 200 31936 "-" "Mozilla/5.0 AppleWebKit/537.36 (KHTML, like Gecko; compatible; ClaudeBot/1.0; +claudebot@anthropic.com)"
216.73.216.187 - - [05/Apr/2026:17:10:09 +0200] "GET /wp-content/uploads/2021/02/f637a66e361747dababd7cf2f62254dc-324x235.jpg HTTP/1.1" 200 12647 "-" "Mozilla/5.0 AppleWebKit/537.36 (KHTML, like Gecko; compatible; ClaudeBot/1.0; +claudebot@anthropic.com)"
17.241.219.240 - - [05/Apr/2026:17:10:13 +0200] "GET /tag/%d0%ba%d0%be%d0%bc%d0%b8%d1%81%d0%b8%d1%8f-%d0%bd%d0%b0-%d0%b5%d0%bf-%d0%bf%d0%be%d1%81%d0%b5%d1%87%d0%b5-%d0%b2%d0%bb%d0%b0%d1%81%d1%82%d1%82%d0%b0-%d1%83-%d0%bd%d0%b0%d1%81-%d1%81-%d1%80%d0%b5%d0%b7/ HTTP/1.1" 200 13839 "-" "Mozilla/5.0 (Macintosh; Intel Mac OS X 10_15_7) AppleWebKit/605.1.15 (KHTML, like Gecko) Version/17.4 Safari/605.1.15 (Applebot/0.1; +http://www.apple.com/go/applebot)"
216.73.216.187 - - [05/Apr/2026:17:10:14 +0200] "GET /wp-content/uploads/2023/01/Panchev-Stoyan-533x261.jpg HTTP/1.1" 200 15290 "-" "Mozilla/5.0 AppleWebKit/537.36 (KHTML, like Gecko; compatible; ClaudeBot/1.0; +claudebot@anthropic.com)"
216.73.216.187 - - [05/Apr/2026:17:10:20 +0200] "GET /wp-content/plugins/jetpack/_inc/blocks/images/map-theme_satellite-c74dc129bda9502fb0fb362bb627577e.jpg HTTP/1.1" 200 160272 "-" "Mozilla/5.0 AppleWebKit/537.36 (KHTML, like Gecko; compatible; ClaudeBot/1.0; +claudebot@anthropic.com)"
66.249.77.65 - - [05/Apr/2026:17:10:23 +0200] "GET /%D0%BE%D0%B2%D0%B5%D0%BD-%D0%BC%D0%B5%D0%BB%D0%B1%D0%B0-%D0%BB%D1%8A%D0%B2-%D0%BA%D1%80%D0%B5%D0%BC-%D0%B1%D1%80%D1%8E%D0%BB%D0%B5-%D0%B4%D0%B5%D1%81%D0%B5%D1%80%D1%82-%D1%81%D0%BF%D0%BE%D1%80/ HTTP/1.1" 200 25353 "-" "Mozilla/5.0 (Linux; Android 6.0.1; Nexus 5X Build/MMB29P) AppleWebKit/537.36 (KHTML, like Gecko) Chrome/146.0.7680.177 Mobile Safari/537.36 (compatible; GoogleOther)"
116.179.32.41 - - [05/Apr/2026:17:10:24 +0200] "GET /wp-content/uploads/2020/12/big_4-356x220.jpg HTTP/1.1" 200 14868 "-" "Baiduspider-image+(+http://www.baidu.com/search/spider.htm)"
216.73.216.187 - - [05/Apr/2026:17:10:24 +0200] "GET /wp-content/plugins/jetpack/_inc/blocks/gif/?C=S&O=A HTTP/1.1" 200 360 "-" "Mozilla/5.0 AppleWebKit/537.36 (KHTML, like Gecko; compatible; ClaudeBot/1.0; +claudebot@anthropic.com)"
216.73.216.187 - - [05/Apr/2026:17:10:29 +0200] "GET /wp-content/themes/Newspaper/mobile/includes/shortcodes/?C=N&O=A HTTP/1.1" 200 403 "-" "Mozilla/5.0 AppleWebKit/537.36 (KHTML, like Gecko; compatible; ClaudeBot/1.0; +claudebot@anthropic.com)"
185.191.171.14 - - [05/Apr/2026:17:10:34 +0200] "GET /%D0%BC%D0%BB%D0%B0%D0%B4-%D0%BC%D1%8A%D0%B6-%D0%B5-%D0%B7%D0%B0%D0%B3%D0%B8%D0%BD%D0%B0%D0%BB-%D0%BF%D1%80%D0%B8-%D1%81%D0%B1%D0%BB%D1%8A%D1%81%D1%8A%D0%BA-%D0%BD%D0%B0-%D1%82%D1%80%D0%B0%D0%BC%D0%B2/ HTTP/1.1" 200 25152 "-" "Mozilla/5.0 (compatible; SemrushBot/7~bl; +http://www.semrush.com/bot.html)"
216.73.216.187 - - [05/Apr/2026:17:10:35 +0200] "GET /wp-content/plugins/jetpack/_inc/blocks/images/paypal-button-1e53882e702881f8dfd958c141e65383.png HTTP/1.1" 200 7496 "-" "Mozilla/5.0 AppleWebKit/537.36 (KHTML, like Gecko; compatible; ClaudeBot/1.0; +claudebot@anthropic.com)"
216.73.216.187 - - [05/Apr/2026:17:10:40 +0200] "GET /wp-content/uploads/2021/04/fgfhf-300x171.jpg HTTP/1.1" 200 8751 "-" "Mozilla/5.0 AppleWebKit/537.36 (KHTML, like Gecko; compatible; ClaudeBot/1.0; +claudebot@anthropic.com)"
216.73.216.187 - - [05/Apr/2026:17:10:45 +0200] "GET /wp-content/uploads/2023/06/radev-300x169.jpg HTTP/1.1" 200 8077 "-" "Mozilla/5.0 AppleWebKit/537.36 (KHTML, like Gecko; compatible; ClaudeBot/1.0; +claudebot@anthropic.com)"
216.73.216.187 - - [05/Apr/2026:17:10:50 +0200] "GET /wp-content/uploads/2022/08/dgfhfg-741x430.jpg HTTP/1.1" 200 36559 "-" "Mozilla/5.0 AppleWebKit/537.36 (KHTML, like Gecko; compatible; ClaudeBot/1.0; +claudebot@anthropic.com)"
216.73.216.187 - - [05/Apr/2026:17:10:55 +0200] "GET /wp-content/uploads/2024/08/960x540-80x60.jpg HTTP/1.1" 200 2053 "-" "Mozilla/5.0 AppleWebKit/537.36 (KHTML, like Gecko; compatible; ClaudeBot/1.0; +claudebot@anthropic.com)"
216.73.216.187 - - [05/Apr/2026:17:11:00 +0200] "GET /wp-content/uploads/2021/07/big_gyu7t-795x420.jpg HTTP/1.1" 200 47110 "-" "Mozilla/5.0 AppleWebKit/537.36 (KHTML, like Gecko; compatible; ClaudeBot/1.0; +claudebot@anthropic.com)"
216.73.216.187 - - [05/Apr/2026:17:11:08 +0200] "GET /wp-content/uploads/2024/01/gerger-747x420.jpg HTTP/1.1" 200 68981 "-" "Mozilla/5.0 AppleWebKit/537.36 (KHTML, like Gecko; compatible; ClaudeBot/1.0; +claudebot@anthropic.com)"
185.191.171.4 - - [05/Apr/2026:17:11:09 +0200] "GET /tag/%D0%B7%D0%B0%D1%89%D0%BE%D1%82%D0%BE-%D0%BD%D0%B5-%D0%BA%D1%80%D0%B0%D0%B4%D0%B5%D0%BC-%D0%B8-%D0%B8%D1%81%D0%BA%D0%B0%D1%82-%D0%B4%D0%B0-%D0%BD%D0%B8-%D0%BF%D0%BE%D0%BB%D0%B7%D0%B2%D0%B0%D1%82-%D0%B7/page/7/ HTTP/1.1" 200 16270 "-" "Mozilla/5.0 (compatible; SemrushBot/7~bl; +http://www.semrush.com/bot.html)"
216.73.216.187 - - [05/Apr/2026:17:11:11 +0200] "GET /wp-content/uploads/2021/07/liudmil-georgiev-100x70.jpg HTTP/1.1" 200 2449 "-" "Mozilla/5.0 AppleWebKit/537.36 (KHTML, like Gecko; compatible; ClaudeBot/1.0; +claudebot@anthropic.com)"
52.167.144.18 - - [05/Apr/2026:17:11:14 +0200] "GET /tag/%D0%BE%D1%82-%D0%BC%D0%BE%D1%81%D0%BA%D0%B2%D0%B0/ HTTP/1.1" 200 13544 "-" "Mozilla/5.0 AppleWebKit/537.36 (KHTML, like Gecko; compatible; bingbot/2.0; +http://www.bing.com/bingbot.htm) Chrome/116.0.1938.76 Safari/537.36"
52.167.144.18 - - [05/Apr/2026:17:11:15 +0200] "GET /tag/%D0%BF%D1%80%D0%B5%D0%B4-%D0%BE%D1%87%D0%B8%D1%82%D0%B5-%D0%BD%D0%B8-%D1%81%D0%B5-%D1%80%D0%B0%D0%B7%D0%B3%D1%80%D1%8A%D1%89%D0%B0-%D0%B8%D0%B7%D0%BA%D0%BB%D1%8E%D1%87%D0%B8%D1%82%D0%B5%D0%BB%D0%BD/page/2/ HTTP/1.1" 200 16551 "-" "Mozilla/5.0 AppleWebKit/537.36 (KHTML, like Gecko; compatible; bingbot/2.0; +http://www.bing.com/bingbot.htm) Chrome/116.0.1938.76 Safari/537.36"
216.73.216.187 - - [05/Apr/2026:17:11:16 +0200] "GET /wp-content/uploads/2021/08/78e220702f0bb23ceeb6c5817e8916e4-1067x580.jpg HTTP/1.1" 200 69539 "-" "Mozilla/5.0 AppleWebKit/537.36 (KHTML, like Gecko; compatible; ClaudeBot/1.0; +claudebot@anthropic.com)"
52.167.144.18 - - [05/Apr/2026:17:11:16 +0200] "GET /tag/%D0%BF%D0%B0%D0%B8%D1%81%D0%B8%D0%B9-%D1%85%D0%B8%D0%BB%D0%B5%D0%BD%D0%B4%D0%B0%D1%80%D1%81%D0%BA%D0%B8/ HTTP/1.1" 200 16356 "-" "Mozilla/5.0 AppleWebKit/537.36 (KHTML, like Gecko; compatible; bingbot/2.0; +http://www.bing.com/bingbot.htm) Chrome/116.0.1938.76 Safari/537.36"
198.244.242.3 - - [05/Apr/2026:17:11:17 +0200] "GET /tag/%D0%BC%D0%B8%D1%85%D0%B0%D0%B9%D0%BB%D0%BE%D0%B2/page/3/ HTTP/1.1" 200 16507 "-" "Mozilla/5.0 (compatible; AhrefsBot/7.0; +http://ahrefs.com/robot/)"
52.167.144.18 - - [05/Apr/2026:17:11:18 +0200] "GET /tag/%D1%88%D0%B5%D1%84%D1%8A%D1%82-%D0%BD%D0%B0-%D0%BD%D0%B0%D1%82%D0%BE-%D1%81-%D0%BB%D1%8E%D1%82%D0%B0-%D0%B7%D0%B0%D0%BA%D0%B0%D0%BD%D0%B0-%D0%BA%D1%8A%D0%BC-%D1%80%D1%83%D1%81%D0%B8%D1%8F-%D0%B0/ HTTP/1.1" 200 16290 "-" "Mozilla/5.0 AppleWebKit/537.36 (KHTML, like Gecko; compatible; bingbot/2.0; +http://www.bing.com/bingbot.htm) Chrome/116.0.1938.76 Safari/537.36"
40.77.167.79 - - [05/Apr/2026:17:11:19 +0200] "GET /tag/%D0%B1%D0%BE%D1%80%D0%B8%D1%81%D0%BE%D0%B2-%D1%89%D0%B5-%D0%B1%D1%8A%D0%B4%D0%B5-%D1%81%D1%8A%D0%B4%D0%B5%D0%BD-%D0%B2-%D0%B5%D0%B2%D1%80%D0%BE%D0%BF%D0%B0/ HTTP/1.1" 200 16259 "-" "Mozilla/5.0 AppleWebKit/537.36 (KHTML, like Gecko; compatible; bingbot/2.0; +http://www.bing.com/bingbot.htm) Chrome/116.0.1938.76 Safari/537.36"
216.73.216.187 - - [05/Apr/2026:17:11:21 +0200] "GET /wp-content/uploads/2025/07/bunt-1068x812.jpg HTTP/1.1" 200 219716 "-" "Mozilla/5.0 AppleWebKit/537.36 (KHTML, like Gecko; compatible; ClaudeBot/1.0; +claudebot@anthropic.com)"
85.208.96.207 - - [05/Apr/2026:17:11:22 +0200] "GET /tag/%D0%B1%D1%80%D1%8E%D0%BA%D1%81%D0%B5%D0%BB/page/12/ HTTP/1.1" 200 22332 "-" "Mozilla/5.0 (compatible; SemrushBot/7~bl; +http://www.semrush.com/bot.html)"
216.73.216.187 - - [05/Apr/2026:17:11:26 +0200] "GET /wp-content/uploads/2023/01/Rumen-Radev-Kadar-Feysbuk_1674583100-534x456.jpg HTTP/1.1" 200 25872 "-" "Mozilla/5.0 AppleWebKit/537.36 (KHTML, like Gecko; compatible; ClaudeBot/1.0; +claudebot@anthropic.com)"
52.167.144.166 - - [05/Apr/2026:17:11:27 +0200] "GET /tag/%D0%B8%D1%81%D0%BA%D0%B0%D1%82-%D0%BE%D1%82%D0%BD%D0%B5%D0%BC%D0%B0%D0%BD%D0%B5-%D0%B8-%D0%BD%D0%B0-%D0%B5%D0%B4%D0%B8%D0%BD%D1%81%D1%82%D0%B2%D0%B5%D0%BD%D0%BE%D1%82%D0%BE-%D0%B6%D0%B8%D0%BB%D0%B8/page/2/ HTTP/1.1" 200 16891 "-" "Mozilla/5.0 AppleWebKit/537.36 (KHTML, like Gecko; compatible; bingbot/2.0; +http://www.bing.com/bingbot.htm) Chrome/116.0.1938.76 Safari/537.36"
66.249.77.64 - - [05/Apr/2026:17:11:28 +0200] "GET /wp-content/uploads/2020/01/d181d0bad0b0d0bdd0b4d0b0d0bb-d0b2-d0b7d0b0d0b2d0b5d0b4d0b5d0bdd0b8d0b5-d0bfd0b8d18fd0bd-d181d0b5-d0bad0b0d187d0b8-d0bdd0b0-d0bad0bed0bb-356x220.jpg HTTP/1.1" 200 15364 "-" "Googlebot-Image/1.0"
185.191.171.4 - - [05/Apr/2026:17:11:29 +0200] "GET /tag/%D0%B1%D0%BE%D0%B9%D0%BA%D0%BE-%D1%80%D0%B0%D1%88%D0%BA%D0%BE%D0%B2-%D1%81%D0%B5-%D0%B8%D0%B7%D0%BF%D0%BB%D1%8E-%D0%B2-%D0%BB%D0%B8%D1%86%D0%B5%D1%82%D0%BE-%D0%BD%D0%B0-%D0%B5%D0%B2%D1%80%D0%BE%D0%BF/page/14/ HTTP/1.1" 200 17059 "-" "Mozilla/5.0 (compatible; SemrushBot/7~bl; +http://www.semrush.com/bot.html)"
