216.73.216.187 - - [05/Apr/2026:15:34:37 +0200] "GET /?p=5379 HTTP/1.1" 301 0 "-" "Mozilla/5.0 AppleWebKit/537.36 (KHTML, like Gecko; compatible; ClaudeBot/1.0; +claudebot@anthropic.com)"
40.77.167.35 - - [05/Apr/2026:15:34:37 +0200] "GET /tag/%D1%81%D1%8A%D0%BF%D1%80%D1%83%D0%B3%D0%B0%D1%82%D0%B0-%D0%BC%D1%83/ HTTP/1.1" 200 13542 "-" "Mozilla/5.0 AppleWebKit/537.36 (KHTML, like Gecko; compatible; bingbot/2.0; +http://www.bing.com/bingbot.htm) Chrome/116.0.1938.76 Safari/537.36"
216.73.216.187 - - [05/Apr/2026:15:34:38 +0200] "GET /%d0%bf%d1%80%d0%be%d1%84-%d0%ba%d0%be%d1%81%d1%82%d0%be%d0%b2-%d0%b4%d1%8a%d0%bb%d0%b3%d0%be-%d0%b2%d1%80%d0%b5%d0%bc%d0%b5-%d0%bc%d1%8a%d0%bb%d1%87%d0%b0%d1%85-%d0%bf%d0%b8%d1%81%d0%bd%d0%b0/ HTTP/1.1" 200 20592 "https://netvesti.com/?p=5379" "Mozilla/5.0 AppleWebKit/537.36 (KHTML, like Gecko; compatible; ClaudeBot/1.0; +claudebot@anthropic.com)"
40.77.167.35 - - [05/Apr/2026:15:34:39 +0200] "GET /category/%D0%B1%D1%8A%D0%BB%D0%B3%D0%B0%D1%80%D0%B8%D1%8F/page/249/ HTTP/1.1" 200 16331 "-" "Mozilla/5.0 AppleWebKit/537.36 (KHTML, like Gecko; compatible; bingbot/2.0; +http://www.bing.com/bingbot.htm) Chrome/116.0.1938.76 Safari/537.36"
40.77.167.35 - - [05/Apr/2026:15:34:40 +0200] "GET /tag/%D1%82%D1%80%D0%B0%D1%84%D0%B8%D0%BA/ HTTP/1.1" 200 13591 "-" "Mozilla/5.0 AppleWebKit/537.36 (KHTML, like Gecko; compatible; bingbot/2.0; +http://www.bing.com/bingbot.htm) Chrome/116.0.1938.76 Safari/537.36"
216.73.216.187 - - [05/Apr/2026:15:34:42 +0200] "GET /?p=13155 HTTP/1.1" 301 0 "-" "Mozilla/5.0 AppleWebKit/537.36 (KHTML, like Gecko; compatible; ClaudeBot/1.0; +claudebot@anthropic.com)"
216.73.216.187 - - [05/Apr/2026:15:34:43 +0200] "GET /%d1%80%d0%b0%d0%b4%d0%b5%d0%b2-%d0%bf%d1%80%d0%b5%d0%b4-%d0%b4%d0%b8%d0%bf%d0%bb%d0%be%d0%bc%d0%b0%d1%82%d0%b8-%d0%b7%d0%b0-%d0%b2%d0%be%d0%b9%d0%bd%d0%b0%d1%82%d0%b0-%d0%bd%d0%b0%d0%b9-%d0%b3%d0%be/ HTTP/1.1" 200 33049 "https://netvesti.com/?p=13155" "Mozilla/5.0 AppleWebKit/537.36 (KHTML, like Gecko; compatible; ClaudeBot/1.0; +claudebot@anthropic.com)"
52.167.144.149 - - [05/Apr/2026:15:34:44 +0200] "GET /tag/%D0%B3%D0%BB%D0%B0%D0%B2%D0%B0/ HTTP/1.1" 200 16289 "-" "Mozilla/5.0 AppleWebKit/537.36 (KHTML, like Gecko; compatible; bingbot/2.0; +http://www.bing.com/bingbot.htm) Chrome/116.0.1938.76 Safari/537.36"
52.167.144.149 - - [05/Apr/2026:15:34:45 +0200] "GET /tag/%D0%BD%D0%BE-%D0%BD%D0%B5-%D0%B8-%D1%80%D1%83%D1%81%D0%BD%D0%B0%D1%86%D0%B8/ HTTP/1.1" 200 16255 "-" "Mozilla/5.0 AppleWebKit/537.36 (KHTML, like Gecko; compatible; bingbot/2.0; +http://www.bing.com/bingbot.htm) Chrome/116.0.1938.76 Safari/537.36"
52.167.144.149 - - [05/Apr/2026:15:34:46 +0200] "GET /tag/%D0%BA%D1%8A%D1%86%D0%B8-%D0%B2%D0%B0%D0%BF%D1%86%D0%B0%D1%80%D0%BE%D0%B2/ HTTP/1.1" 200 16530 "-" "Mozilla/5.0 AppleWebKit/537.36 (KHTML, like Gecko; compatible; bingbot/2.0; +http://www.bing.com/bingbot.htm) Chrome/116.0.1938.76 Safari/537.36"
216.73.216.187 - - [05/Apr/2026:15:34:47 +0200] "GET /?p=13911 HTTP/1.1" 301 0 "-" "Mozilla/5.0 AppleWebKit/537.36 (KHTML, like Gecko; compatible; ClaudeBot/1.0; +claudebot@anthropic.com)"
40.77.167.35 - - [05/Apr/2026:15:34:47 +0200] "GET /%D0%BD%D0%BE%D0%B2%D0%B8-31-%D1%80%D0%B0%D0%B1%D0%BE%D1%82%D0%BD%D0%B8%D0%BA%D0%B0-%D0%BE%D1%82-%D0%B7%D0%B0%D0%B2%D0%BE%D0%B4%D0%B0-%D0%B2-%D1%81%D0%BC%D0%BE%D0%BB%D1%8F%D0%BD-%D1%81%D0%B0-%D1%81/ HTTP/1.1" 200 25172 "-" "Mozilla/5.0 AppleWebKit/537.36 (KHTML, like Gecko; compatible; bingbot/2.0; +http://www.bing.com/bingbot.htm) Chrome/116.0.1938.76 Safari/537.36"
52.167.144.149 - - [05/Apr/2026:15:34:48 +0200] "GET /tag/%D1%81%D1%80%D0%B8%D0%BD%D0%B0-%D0%BD%D0%B0%D1%82%D0%BE/ HTTP/1.1" 200 16736 "-" "Mozilla/5.0 AppleWebKit/537.36 (KHTML, like Gecko; compatible; bingbot/2.0; +http://www.bing.com/bingbot.htm) Chrome/116.0.1938.76 Safari/537.36"
216.73.216.187 - - [05/Apr/2026:15:34:48 +0200] "GET /%d0%b7%d0%b0%d1%89%d0%be-20-%d0%b0%d0%bf%d1%80%d0%b8%d0%bb-%d0%bd%d0%b5-%d0%b5-%d0%bd%d0%b0%d1%86%d0%b8%d0%be%d0%bd%d0%b0%d0%bb%d0%b5%d0%bd-%d0%bf%d1%80%d0%b0%d0%b7%d0%bd%d0%b8%d0%ba-%d0%bf%d0%be/ HTTP/1.1" 200 25857 "https://netvesti.com/?p=13911" "Mozilla/5.0 AppleWebKit/537.36 (KHTML, like Gecko; compatible; ClaudeBot/1.0; +claudebot@anthropic.com)"
40.77.167.47 - - [05/Apr/2026:15:34:48 +0200] "GET /tag/%CF%80e%D1%82%D1%8F-%D0%B4a%D0%BDa%D0%B8%D0%BBo%D0%B2a/ HTTP/1.1" 200 13569 "-" "Mozilla/5.0 AppleWebKit/537.36 (KHTML, like Gecko; compatible; bingbot/2.0; +http://www.bing.com/bingbot.htm) Chrome/116.0.1938.76 Safari/537.36"
40.77.167.47 - - [05/Apr/2026:15:34:50 +0200] "GET /tag/%D0%B4%D0%BE%D0%B3%D0%BE%D0%B2%D0%BE%D1%80%D0%B8-%D0%B7%D0%B0-%D0%B3%D0%B0%D0%B7-%D1%81-%D1%80%D1%83%D1%81%D0%B8%D1%8F/ HTTP/1.1" 200 16483 "-" "Mozilla/5.0 AppleWebKit/537.36 (KHTML, like Gecko; compatible; bingbot/2.0; +http://www.bing.com/bingbot.htm) Chrome/116.0.1938.76 Safari/537.36"
40.77.167.47 - - [05/Apr/2026:15:34:51 +0200] "GET /tag/%D0%BA%D0%B8%D1%80%D0%B8%D0%BB-%D0%BF%D0%B5%D1%82%D0%BA%D0%BE%D0%B2/ HTTP/1.1" 200 16317 "-" "Mozilla/5.0 AppleWebKit/537.36 (KHTML, like Gecko; compatible; bingbot/2.0; +http://www.bing.com/bingbot.htm) Chrome/116.0.1938.76 Safari/537.36"
216.73.216.187 - - [05/Apr/2026:15:34:52 +0200] "GET /?p=4912 HTTP/1.1" 301 0 "-" "Mozilla/5.0 AppleWebKit/537.36 (KHTML, like Gecko; compatible; ClaudeBot/1.0; +claudebot@anthropic.com)"
216.73.216.187 - - [05/Apr/2026:15:34:53 +0200] "GET /%d0%ba%d0%b0%d0%bd%d1%82%d0%b0%d1%80%d0%b4%d0%b6%d0%b8%d0%b5%d0%b2-%d1%82%d0%be%d1%87%d0%bd%d0%b0%d1%82%d0%b0-%d0%b1%d1%80%d0%be%d0%b9%d0%ba%d0%b0-%d0%bd%d0%b0-%d0%bf%d0%be%d1%87%d0%b8%d0%bd%d0%b0/ HTTP/1.1" 200 19852 "https://netvesti.com/?p=4912" "Mozilla/5.0 AppleWebKit/537.36 (KHTML, like Gecko; compatible; ClaudeBot/1.0; +claudebot@anthropic.com)"
52.167.144.149 - - [05/Apr/2026:15:34:54 +0200] "GET /tag/%D0%B4%D0%BE%D0%B3%D0%BE%D0%B2%D0%BE%D1%80%D0%B5%D0%BD%D0%B8-%D0%BF%D1%80%D0%B5%D0%B7-%D1%8E%D0%BB%D0%B8/page/2/ HTTP/1.1" 200 16663 "-" "Mozilla/5.0 AppleWebKit/537.36 (KHTML, like Gecko; compatible; bingbot/2.0; +http://www.bing.com/bingbot.htm) Chrome/116.0.1938.76 Safari/537.36"
52.167.144.149 - - [05/Apr/2026:15:34:55 +0200] "GET /tag/%D1%81-%D0%BA%D0%BE%D0%B8%D1%82%D0%BE-%D0%BE%D0%BF%D0%B8%D1%82%D0%BD%D0%B8%D1%8F%D1%82-%D1%81%D1%82%D1%80%D0%B0%D1%82%D0%B5%D0%B3-%D0%BF%D1%83%D1%82%D0%B8%D0%BD-%D1%81%D0%BF%D0%B5%D1%87%D0%B5%D0%BB/ HTTP/1.1" 200 16199 "-" "Mozilla/5.0 AppleWebKit/537.36 (KHTML, like Gecko; compatible; bingbot/2.0; +http://www.bing.com/bingbot.htm) Chrome/116.0.1938.76 Safari/537.36"
216.73.216.187 - - [05/Apr/2026:15:34:57 +0200] "GET /wp-content/plugins/jetpack/class.jetpack-idc.php HTTP/1.1" 500 0 "-" "Mozilla/5.0 AppleWebKit/537.36 (KHTML, like Gecko; compatible; ClaudeBot/1.0; +claudebot@anthropic.com)"
40.77.167.35 - - [05/Apr/2026:15:34:58 +0200] "GET /tag/%D1%84%D0%B0%D1%80%D0%BC%D0%B0%D1%86%D0%B5%D0%B2%D1%82%D0%B8%D1%87%D0%BD%D0%B8-%D0%BA%D0%BE%D0%BC%D0%BF%D0%B0%D0%BD%D0%B8%D0%B8/ HTTP/1.1" 200 13653 "-" "Mozilla/5.0 AppleWebKit/537.36 (KHTML, like Gecko; compatible; bingbot/2.0; +http://www.bing.com/bingbot.htm) Chrome/116.0.1938.76 Safari/537.36"
40.77.167.35 - - [05/Apr/2026:15:34:58 +0200] "GET /tag/%D0%B0%D0%BB%D0%B1%D0%B0%D0%BD%D1%86%D0%B8%D1%82%D0%B5/ HTTP/1.1" 200 13649 "-" "Mozilla/5.0 AppleWebKit/537.36 (KHTML, like Gecko; compatible; bingbot/2.0; +http://www.bing.com/bingbot.htm) Chrome/116.0.1938.76 Safari/537.36"
114.119.153.105 - - [05/Apr/2026:15:34:59 +0200] "GET /wp-content/plugins/w3-total-cache/vendor/aws/aws-sdk-php/src/DynamoDbStreams/?C=M%3BO%3DA HTTP/1.1" 404 12112 "https://netvesti.com/wp-content/plugins/w3-total-cache/vendor/aws/aws-sdk-php/src/DynamoDbStreams/?C=N%3BO%3DD" "Mozilla/5.0 (Linux; Android 7.0;) AppleWebKit/537.36 (KHTML, like Gecko) Mobile Safari/537.36 (compatible; PetalBot;+https://webmaster.petalsearch.com/site/petalbot)"
40.77.167.35 - - [05/Apr/2026:15:34:59 +0200] "GET /tag/%D0%B9%D0%BE%D1%82%D0%BE%D0%B2%D0%B0/ HTTP/1.1" 200 16149 "-" "Mozilla/5.0 AppleWebKit/537.36 (KHTML, like Gecko; compatible; bingbot/2.0; +http://www.bing.com/bingbot.htm) Chrome/116.0.1938.76 Safari/537.36"
216.73.216.187 - - [05/Apr/2026:15:35:04 +0200] "GET /%d0%b2%d0%bc%d0%b0-%d1%81-%d0%b3%d0%be%d1%80%d0%b5%d1%89-%d1%82%d0%b5%d0%bb%d0%b5%d1%84%d0%be%d0%bd-%d0%b7%d0%b0-%d0%bf%d1%81%d0%b8%d1%85%d0%be%d0%bb%d0%be%d0%b3%d0%b8%d1%87%d0%bd%d0%b0-%d0%bf%d0%be/whatsapp:/send HTTP/1.1" 502 150 "-" "Mozilla/5.0 AppleWebKit/537.36 (KHTML, like Gecko; compatible; ClaudeBot/1.0; +claudebot@anthropic.com)"
216.73.216.187 - - [05/Apr/2026:15:35:08 +0200] "GET /%d1%80%d0%b0%d1%88%d0%ba%d0%be%d0%b2-%d0%be%d0%bf%d0%b8%d1%81%d0%b0-%d0%ba%d1%80%d0%b0%d0%b6%d0%b1%d0%b0%d1%82%d0%b0-%d1%85%d0%b5%d0%bc%d1%83%d1%81-%d0%ba%d1%83%d0%bf%d0%b5%d0%bd/whatsapp:/send HTTP/1.1" 404 12109 "-" "Mozilla/5.0 AppleWebKit/537.36 (KHTML, like Gecko; compatible; ClaudeBot/1.0; +claudebot@anthropic.com)"
44.221.37.41 - - [05/Apr/2026:15:35:12 +0200] "GET /wp-content/plugins/wordpress-seo/vendor_prefixed/ruckusing/lib/Ruckusing/Adapter/Sqlite3/?C=N;O%3DA HTTP/1.1" 200 384 "-" "Mozilla/5.0 AppleWebKit/537.36 (KHTML, like Gecko; compatible; Amazonbot/0.1; +https://developer.amazon.com/support/amazonbot) Chrome/119.0.6045.214 Safari/537.36"
216.73.216.187 - - [05/Apr/2026:15:35:13 +0200] "GET /%d1%89%d0%b5%d1%80%d0%ba%d0%b0%d1%82%d0%b0-%d0%bd%d0%b0-%d0%bc%d0%b0%d0%bd%d0%b3%d1%8a%d1%80%d0%be%d0%b2-%d0%b8%d0%b7%d1%83%d0%bc%d0%b8-%d0%b2%d1%81%d0%b8%d1%87%d0%ba%d0%b8-%d0%bd%d0%b5%d0%b2%d0%b5/whatsapp:/send HTTP/1.1" 404 12110 "-" "Mozilla/5.0 AppleWebKit/537.36 (KHTML, like Gecko; compatible; ClaudeBot/1.0; +claudebot@anthropic.com)"
216.73.216.187 - - [05/Apr/2026:15:35:18 +0200] "GET /%d0%b7%d0%b0%d1%89%d0%be-20-%d0%b0%d0%bf%d1%80%d0%b8%d0%bb-%d0%bd%d0%b5-%d0%b5-%d0%bd%d0%b0%d1%86%d0%b8%d0%be%d0%bd%d0%b0%d0%bb%d0%b5%d0%bd-%d0%bf%d1%80%d0%b0%d0%b7%d0%bd%d0%b8%d0%ba-%d0%bf%d0%be/whatsapp:/send HTTP/1.1" 404 12113 "-" "Mozilla/5.0 AppleWebKit/537.36 (KHTML, like Gecko; compatible; ClaudeBot/1.0; +claudebot@anthropic.com)"
216.73.216.187 - - [05/Apr/2026:15:35:23 +0200] "GET /%d0%bf%d0%b8%d1%80%d0%be%d0%b3%d0%be%d0%b2-%d0%b8-%d0%b8%d1%81%d1%83%d0%bb-%d0%b2%d1%80%d1%8a%d1%89%d0%b0%d1%82-%d0%b7%d0%b0%d1%80%d0%b0%d0%b7%d0%b5%d0%bd%d0%b8-%d1%81-%d0%ba%d0%be/whatsapp:/send HTTP/1.1" 404 12111 "-" "Mozilla/5.0 AppleWebKit/537.36 (KHTML, like Gecko; compatible; ClaudeBot/1.0; +claudebot@anthropic.com)"
216.73.216.187 - - [05/Apr/2026:15:35:28 +0200] "GET /%d0%b9%d0%be%d1%80%d0%b4%d0%b0%d0%bd-%d1%80%d0%b0%d0%b4%d0%b8%d1%87%d0%ba%d0%be%d0%b2-15-%d0%bd%d0%b5%d0%bf%d0%be%d0%b4%d1%80%d0%b0%d0%b6%d0%b0%d0%b5%d0%bc%d0%b8-%d1%86%d0%b8%d1%82%d0%b0/whatsapp:/send HTTP/1.1" 404 12112 "-" "Mozilla/5.0 AppleWebKit/537.36 (KHTML, like Gecko; compatible; ClaudeBot/1.0; +claudebot@anthropic.com)"
198.244.226.7 - - [05/Apr/2026:15:35:29 +0200] "GET /tag/%D0%BD%D0%B5%D1%82-%D0%B2%D0%B5%D1%81%D1%82%D0%B8/page/344/ HTTP/1.1" 200 16381 "-" "Mozilla/5.0 (compatible; AhrefsBot/7.0; +http://ahrefs.com/robot/)"
185.191.171.6 - - [05/Apr/2026:15:35:31 +0200] "GET /tag/%D0%BA%D0%BE%D0%B5%D1%82%D0%BE-%D0%B4%D0%B0-%D0%BE%D0%B2%D0%BB%D0%B0%D0%B4%D0%B5%D0%B5-%D1%81%D1%8A%D1%81%D0%B8%D0%BF%D0%B8%D1%8F%D1%82%D0%B0-%D1%81%D0%BB%D0%B5%D0%B4-%D0%BA%D0%B8%D1%80%D0%BE/page/13/ HTTP/1.1" 200 16259 "-" "Mozilla/5.0 (compatible; SemrushBot/7~bl; +http://www.semrush.com/bot.html)"
216.73.216.187 - - [05/Apr/2026:15:35:36 +0200] "GET /%d0%bd%d0%b0%d0%b2%d0%bb%d0%b8%d0%b7%d0%b0%d0%bc%d0%b5-%d0%b2-%d0%b4%d0%be%d1%81%d1%82%d0%b0-%d1%81%d0%b5%d1%80%d0%b8%d0%be%d0%b7%d0%bd%d0%b0-%d1%84%d0%b0%d0%b7%d0%b0-%d0%bd%d0%b0-%d0%b5%d0%bf%d0%b8/whatsapp:/send HTTP/1.1" 404 0 "-" "Mozilla/5.0 AppleWebKit/537.36 (KHTML, like Gecko; compatible; ClaudeBot/1.0; +claudebot@anthropic.com)"
216.73.216.187 - - [05/Apr/2026:15:35:36 +0200] "GET /%d1%80%d1%83%d1%81%d0%b5%d0%bd%d0%b5%d1%86-%d0%bc%d0%be%d0%bb%d0%b8-%d1%80%d1%83%d0%bc%d0%b5%d0%bd-%d1%80%d0%b0%d0%b4%d0%b5%d0%b2-%d0%b4%d0%b0-%d0%bc%d1%83-%d0%be%d1%82%d0%bd%d0%b5%d0%bc%d0%b5-%d1%81/whatsapp:/send HTTP/1.1" 404 12107 "-" "Mozilla/5.0 AppleWebKit/537.36 (KHTML, like Gecko; compatible; ClaudeBot/1.0; +claudebot@anthropic.com)"
185.191.171.17 - - [05/Apr/2026:15:35:40 +0200] "GET /tag/%D0%BF%D0%BE%D1%81%D0%BB%D0%B5%D0%B4%D0%BD%D0%B8-%D0%BD%D0%BE%D0%B2%D0%B8%D0%BD%D0%B8/page/281/ HTTP/1.1" 200 16664 "-" "Mozilla/5.0 (compatible; SemrushBot/7~bl; +http://www.semrush.com/bot.html)"
216.73.216.187 - - [05/Apr/2026:15:35:41 +0200] "GET /%d1%80%d1%83%d0%bc%d0%b5%d0%bd-%d1%80%d0%b0%d0%b4%d0%b5%d0%b2-%d1%81%d1%82%d0%b8%d0%b3%d0%b0-%d0%be%d1%80%d1%8a%d0%b6%d0%b8%d1%8f-%d0%b4%d0%b0-%d1%81%d0%b5-%d1%82%d1%8a%d1%80%d1%81%d0%b8-%d0%bc/whatsapp:/send HTTP/1.1" 404 12108 "-" "Mozilla/5.0 AppleWebKit/537.36 (KHTML, like Gecko; compatible; ClaudeBot/1.0; +claudebot@anthropic.com)"
216.73.216.187 - - [05/Apr/2026:15:35:46 +0200] "GET /%d0%bf%d1%80%d0%be%d1%82%d0%b5%d1%81%d1%82%d0%b8%d1%80%d0%b0%d1%89%d0%b8-%d0%be%d0%b1%d0%bc%d0%b8%d1%81%d0%bb%d1%8f%d1%82-%d1%80%d0%b0%d0%b7%d1%88%d0%b8%d1%80%d1%8f%d0%b2%d0%b0%d0%bd%d0%b5-%d0%bd/whatsapp:/send HTTP/1.1" 404 12109 "-" "Mozilla/5.0 AppleWebKit/537.36 (KHTML, like Gecko; compatible; ClaudeBot/1.0; +claudebot@anthropic.com)"
220.181.108.92 - - [05/Apr/2026:15:35:49 +0200] "GET /wp-content/uploads/2021/09/980x551_1631348729-356x220.jpg HTTP/1.1" 200 14384 "-" "Baiduspider-image+(+http://www.baidu.com/search/spider.htm)"
216.73.216.187 - - [05/Apr/2026:15:35:51 +0200] "GET /%d1%86%d0%b8%d0%ba-%d0%b8%d0%b7%d0%bd%d0%b5%d1%81%d0%b5-%d0%bf%d0%be%d1%81%d0%bb%d0%b5%d0%b4%d0%bd%d0%b8-%d0%b4%d0%b0%d0%bd%d0%bd%d0%b8-%d0%ba%d0%b0%d0%ba%d0%b2%d0%be-%d1%81%d0%b5-%d1%81%d0%bb%d1%83/whatsapp:/send HTTP/1.1" 404 12110 "-" "Mozilla/5.0 AppleWebKit/537.36 (KHTML, like Gecko; compatible; ClaudeBot/1.0; +claudebot@anthropic.com)"
216.73.216.187 - - [05/Apr/2026:15:35:52 +0200] "GET /robots.txt HTTP/1.1" 304 0 "-" "Mozilla/5.0 AppleWebKit/537.36 (KHTML, like Gecko; compatible; ClaudeBot/1.0; +claudebot@anthropic.com)"
216.73.216.187 - - [05/Apr/2026:15:35:53 +0200] "GET /%D1%80%D0%B0%D0%B4%D0%B5%D0%B2-%D1%81%D0%B2%D0%B8%D0%BA%D0%B2%D0%B0-45-%D0%BE%D1%82%D0%BE-%D0%BD%D0%B0%D1%80%D0%BE%D0%B4%D0%BD%D0%BE-%D1%81%D1%8A%D0%B1%D1%80%D0%B0%D0%BD%D0%B8%D0%B5-%D0%BD%D0%B0-15 HTTP/1.1" 301 0 "-" "Mozilla/5.0 AppleWebKit/537.36 (KHTML, like Gecko; compatible; ClaudeBot/1.0; +claudebot@anthropic.com)"
216.73.216.187 - - [05/Apr/2026:15:35:53 +0200] "GET /%D1%80%D0%B0%D0%B4%D0%B5%D0%B2-%D1%81%D0%B2%D0%B8%D0%BA%D0%B2%D0%B0-45-%D0%BE%D1%82%D0%BE-%D0%BD%D0%B0%D1%80%D0%BE%D0%B4%D0%BD%D0%BE-%D1%81%D1%8A%D0%B1%D1%80%D0%B0%D0%BD%D0%B8%D0%B5-%D0%BD%D0%B0-15/ HTTP/1.1" 200 19874 "https://netvesti.com/%D1%80%D0%B0%D0%B4%D0%B5%D0%B2-%D1%81%D0%B2%D0%B8%D0%BA%D0%B2%D0%B0-45-%D0%BE%D1%82%D0%BE-%D0%BD%D0%B0%D1%80%D0%BE%D0%B4%D0%BD%D0%BE-%D1%81%D1%8A%D0%B1%D1%80%D0%B0%D0%BD%D0%B8%D0%B5-%D0%BD%D0%B0-15" "Mozilla/5.0 AppleWebKit/537.36 (KHTML, like Gecko; compatible; ClaudeBot/1.0; +claudebot@anthropic.com)"
216.73.216.187 - - [05/Apr/2026:15:35:57 +0200] "GET /tag/%D0%B0-%D0%B2-%D1%80%D1%83%D1%81%D0%B8%D1%8F-4-%D1%82%D0%BE%D0%BA%D1%8A%D1%82-%D0%B2-%D0%B5%D1%81-%D0%B5-15-%D0%BF%D1%8A%D1%82%D0%B8-%D0%BF%D0%BE-%D1%81%D0%BA%D1%8A%D0%BF/page/49 HTTP/1.1" 301 0 "-" "Mozilla/5.0 AppleWebKit/537.36 (KHTML, like Gecko; compatible; ClaudeBot/1.0; +claudebot@anthropic.com)"
216.73.216.187 - - [05/Apr/2026:15:35:58 +0200] "GET /tag/%D0%B0-%D0%B2-%D1%80%D1%83%D1%81%D0%B8%D1%8F-4-%D1%82%D0%BE%D0%BA%D1%8A%D1%82-%D0%B2-%D0%B5%D1%81-%D0%B5-15-%D0%BF%D1%8A%D1%82%D0%B8-%D0%BF%D0%BE-%D1%81%D0%BA%D1%8A%D0%BF/page/49/ HTTP/1.1" 200 16161 "https://netvesti.com/tag/%D0%B0-%D0%B2-%D1%80%D1%83%D1%81%D0%B8%D1%8F-4-%D1%82%D0%BE%D0%BA%D1%8A%D1%82-%D0%B2-%D0%B5%D1%81-%D0%B5-15-%D0%BF%D1%8A%D1%82%D0%B8-%D0%BF%D0%BE-%D1%81%D0%BA%D1%8A%D0%BF/page/49" "Mozilla/5.0 AppleWebKit/537.36 (KHTML, like Gecko; compatible; ClaudeBot/1.0; +claudebot@anthropic.com)"
17.241.75.80 - - [05/Apr/2026:15:35:59 +0200] "GET /tag/%D1%80%D0%B0%D0%B9%D1%87%D0%B5%D0%B2-%D1%81%D0%BB%D1%83%D1%87%D0%B2%D0%B0-%D1%81%D0%B5-%D0%BD%D0%B5%D1%89%D0%BE-%D0%B1%D0%B5%D0%B7%D0%BF%D1%80%D0%B5%D1%86%D0%B5%D0%B4%D0%B5%D0%BD%D1%82%D0%BD%D0%BE/page/2/ HTTP/1.1" 200 16710 "-" "Mozilla/5.0 (Macintosh; Intel Mac OS X 10_15_7) AppleWebKit/605.1.15 (KHTML, like Gecko) Version/17.4 Safari/605.1.15 (Applebot/0.1; +http://www.apple.com/go/applebot)"
216.73.216.187 - - [05/Apr/2026:15:36:02 +0200] "GET /tag/%D0%B4%D1%8A%D1%80%D0%B6%D0%B0%D0%B2%D0%B8%D1%82%D0%B5-%D1%87%D0%BB%D0%B5%D0%BD%D0%BA%D0%B8/page/48 HTTP/1.1" 502 150 "-" "Mozilla/5.0 AppleWebKit/537.36 (KHTML, like Gecko; compatible; ClaudeBot/1.0; +claudebot@anthropic.com)"
216.73.216.187 - - [05/Apr/2026:15:36:08 +0200] "GET /tag/%D0%B4%D1%8A%D1%80%D0%B6%D0%B0%D0%B2%D0%B8%D1%82%D0%B5-%D1%87%D0%BB%D0%B5%D0%BD%D0%BA%D0%B8/page/3 HTTP/1.1" 301 0 "-" "Mozilla/5.0 AppleWebKit/537.36 (KHTML, like Gecko; compatible; ClaudeBot/1.0; +claudebot@anthropic.com)"
216.73.216.187 - - [05/Apr/2026:15:36:09 +0200] "GET /tag/%D0%B4%D1%8A%D1%80%D0%B6%D0%B0%D0%B2%D0%B8%D1%82%D0%B5-%D1%87%D0%BB%D0%B5%D0%BD%D0%BA%D0%B8/page/3/ HTTP/1.1" 200 16322 "https://netvesti.com/tag/%D0%B4%D1%8A%D1%80%D0%B6%D0%B0%D0%B2%D0%B8%D1%82%D0%B5-%D1%87%D0%BB%D0%B5%D0%BD%D0%BA%D0%B8/page/3" "Mozilla/5.0 AppleWebKit/537.36 (KHTML, like Gecko; compatible; ClaudeBot/1.0; +claudebot@anthropic.com)"
216.73.216.187 - - [05/Apr/2026:15:36:16 +0200] "GET /%d0%b7%d0%be%d0%b2%d0%b0%d1%82-%d1%80%d0%b0%d0%b4%d0%b5%d0%b2-%d0%b8-%d1%81%d0%bb%d1%83%d0%b6%d0%b5%d0%b1%d0%bd%d0%be%d1%82%d0%be-%d0%bf%d1%80%d0%b0%d0%b2%d0%b8%d1%82%d0%b5%d0%bb%d1%81%d1%82%d0%b2 HTTP/1.1" 301 0 "-" "Mozilla/5.0 AppleWebKit/537.36 (KHTML, like Gecko; compatible; ClaudeBot/1.0; +claudebot@anthropic.com)"
216.73.216.187 - - [05/Apr/2026:15:36:17 +0200] "GET /%d0%b7%d0%be%d0%b2%d0%b0%d1%82-%d1%80%d0%b0%d0%b4%d0%b5%d0%b2-%d0%b8-%d1%81%d0%bb%d1%83%d0%b6%d0%b5%d0%b1%d0%bd%d0%be%d1%82%d0%be-%d0%bf%d1%80%d0%b0%d0%b2%d0%b8%d1%82%d0%b5%d0%bb%d1%81%d1%82%d0%b2/ HTTP/1.1" 200 28332 "https://netvesti.com/%d0%b7%d0%be%d0%b2%d0%b0%d1%82-%d1%80%d0%b0%d0%b4%d0%b5%d0%b2-%d0%b8-%d1%81%d0%bb%d1%83%d0%b6%d0%b5%d0%b1%d0%bd%d0%be%d1%82%d0%be-%d0%bf%d1%80%d0%b0%d0%b2%d0%b8%d1%82%d0%b5%d0%bb%d1%81%d1%82%d0%b2" "Mozilla/5.0 AppleWebKit/537.36 (KHTML, like Gecko; compatible; ClaudeBot/1.0; +claudebot@anthropic.com)"
216.73.216.187 - - [05/Apr/2026:15:36:19 +0200] "GET /%d0%b2%d1%81%d0%b8%d1%87%d0%ba%d0%b8-%d0%b2%d0%b8%d0%b4%d1%8f%d1%85%d1%82%d0%b5-%d1%87%d0%b5-%d0%be%d1%81%d0%bd%d0%be%d0%b2%d0%bd%d0%b8%d1%8f%d1%82-%d0%b1%d0%be%d0%bb%d1%82-%d0%b2-%d1%81%d0%b3%d0%bb HTTP/1.1" 301 0 "-" "Mozilla/5.0 AppleWebKit/537.36 (KHTML, like Gecko; compatible; ClaudeBot/1.0; +claudebot@anthropic.com)"
216.73.216.187 - - [05/Apr/2026:15:36:19 +0200] "GET /%d0%b2%d1%81%d0%b8%d1%87%d0%ba%d0%b8-%d0%b2%d0%b8%d0%b4%d1%8f%d1%85%d1%82%d0%b5-%d1%87%d0%b5-%d0%be%d1%81%d0%bd%d0%be%d0%b2%d0%bd%d0%b8%d1%8f%d1%82-%d0%b1%d0%be%d0%bb%d1%82-%d0%b2-%d1%81%d0%b3%d0%bb/ HTTP/1.1" 200 36425 "https://netvesti.com/%d0%b2%d1%81%d0%b8%d1%87%d0%ba%d0%b8-%d0%b2%d0%b8%d0%b4%d1%8f%d1%85%d1%82%d0%b5-%d1%87%d0%b5-%d0%be%d1%81%d0%bd%d0%be%d0%b2%d0%bd%d0%b8%d1%8f%d1%82-%d0%b1%d0%be%d0%bb%d1%82-%d0%b2-%d1%81%d0%b3%d0%bb" "Mozilla/5.0 AppleWebKit/537.36 (KHTML, like Gecko; compatible; ClaudeBot/1.0; +claudebot@anthropic.com)"
216.73.216.187 - - [05/Apr/2026:15:36:24 +0200] "GET /%d0%bf%d0%be-%d0%b4%d0%be%d0%b1%d1%8a%d1%80-%d1%81%d1%8a%d0%bc-%d0%be%d1%82-%d0%bc%d0%b5%d1%81%d0%b8-%d0%ba%d1%80%d0%b8%d1%81%d1%82%d0%b8%d0%b0%d0%bd%d0%be-%d0%b8-%d0%bd%d0%b5%d0%b9%d0%bc%d0%b0%d1%80/whatsapp:/send HTTP/1.1" 404 12107 "-" "Mozilla/5.0 AppleWebKit/537.36 (KHTML, like Gecko; compatible; ClaudeBot/1.0; +claudebot@anthropic.com)"
8.228.88.249 - - [05/Apr/2026:15:36:24 +0200] "GET /category/%d0%b1%d1%8a%d0%bb%d0%b3%d0%b0%d1%80%d0%b8%d1%8f/feed/ HTTP/1.1" 200 25501 "-" "Mozilla/5.0 (Windows NT 6.3; WOW64; rv:33.0) Gecko/20100101 Firefox/33.0"
52.70.123.241 - - [05/Apr/2026:15:36:24 +0200] "GET /wp-content/cache/page_enhanced/netvesti.com/category/%D0%BD%D0%BE%D0%B2%D0%B8%D0%BD%D0%B8/page/149/?C=D;O%3DD HTTP/1.1" 200 395 "-" "Mozilla/5.0 AppleWebKit/537.36 (KHTML, like Gecko; compatible; Amazonbot/0.1; +https://developer.amazon.com/support/amazonbot) Chrome/119.0.6045.214 Safari/537.36"
85.208.96.200 - - [05/Apr/2026:15:36:26 +0200] "GET /tag/%D0%B1%D1%80%D0%B0%D1%82%D1%81%D0%BA%D0%B0-%D1%80%D1%83%D1%81%D0%B8%D1%8F/page/15/ HTTP/1.1" 200 16508 "-" "Mozilla/5.0 (compatible; SemrushBot/7~bl; +http://www.semrush.com/bot.html)"
216.73.216.187 - - [05/Apr/2026:15:36:29 +0200] "GET /%d0%bc%d0%b0%d1%80%d1%82%d0%b8%d0%bd-%d0%ba%d0%b0%d1%80%d0%b1%d0%be%d0%b2%d1%81%d0%ba%d0%b8-%d0%b7%d0%b0%d0%bf%d0%b8%d1%82%d0%b2%d0%b0%d0%bb%d0%b8-%d0%bb%d0%b8-%d1%81%d1%82%d0%b5-%d1%81%d0%b5-%d0%b7/whatsapp:/send HTTP/1.1" 404 12109 "-" "Mozilla/5.0 AppleWebKit/537.36 (KHTML, like Gecko; compatible; ClaudeBot/1.0; +claudebot@anthropic.com)"
185.191.171.13 - - [05/Apr/2026:15:36:30 +0200] "GET /tag/py%D0%BCe%D0%BD-pa%D0%B4e%D0%B2/page/55/ HTTP/1.1" 200 16115 "-" "Mozilla/5.0 (compatible; SemrushBot/7~bl; +http://www.semrush.com/bot.html)"
17.22.253.32 - - [05/Apr/2026:15:36:30 +0200] "GET /wp-content/uploads/2025/05/490348755_1004965031772471_8129796372456306332_n-1024x684-324x160.jpg HTTP/1.1" 200 7450 "-" "Mozilla/5.0 (Macintosh; Intel Mac OS X 10_15_7) AppleWebKit/605.1.15 (KHTML, like Gecko) Version/17.4 Safari/605.1.15 (Applebot/0.1; +http://www.apple.com/go/applebot)"
216.73.216.187 - - [05/Apr/2026:15:36:34 +0200] "GET /%d0%bc%d0%b0%d1%87%d0%ba%d0%b0%d1%82-%d0%ba%d0%be%d0%bd%d1%81%d1%82%d0%b8%d1%82%d1%83%d1%86%d0%b8%d1%8f%d1%82%d0%b0-%d0%bf%d1%80%d0%b0%d0%b2%d0%bd%d0%b0%d1%82%d0%b0-%d0%ba%d0%be%d0%bc%d0%b8%d1%81/whatsapp:/send HTTP/1.1" 404 12109 "-" "Mozilla/5.0 AppleWebKit/537.36 (KHTML, like Gecko; compatible; ClaudeBot/1.0; +claudebot@anthropic.com)"
216.73.216.187 - - [05/Apr/2026:15:36:39 +0200] "GET /%d0%bf%d1%80%d0%b5%d0%b7%d0%b8%d0%b4%d0%b5%d0%bd%d1%82%d1%8a%d1%82-%d0%b7%d0%b0-%d1%81%d0%bd%d0%b8%d0%bc%d0%ba%d0%b8%d1%82%d0%b5-%d1%81-%d0%bf%d1%80%d0%b5%d0%bc%d0%b8%d0%b5%d1%80%d0%b0-%d1%82%d1%80/whatsapp:/send HTTP/1.1" 404 12110 "-" "Mozilla/5.0 AppleWebKit/537.36 (KHTML, like Gecko; compatible; ClaudeBot/1.0; +claudebot@anthropic.com)"
66.249.77.66 - - [05/Apr/2026:15:36:44 +0200] "GET /%D1%81%D0%B2%D0%B8%D0%BD%D1%81%D0%BA%D0%B8%D1%8F%D1%82-%D0%B3%D1%80%D0%B8%D0%BF-%D0%BF%D1%80%D0%B5%D0%BC%D0%B8%D0%BD%D0%B0-%D0%BB%D0%B5%D0%BA%D0%BE-%D0%B4%D0%B0%D0%BB%D0%B8-%D1%89%D0%B5-%D1%81%D0%B5/ HTTP/1.1" 200 26458 "-" "Mozilla/5.0 (Linux; Android 6.0.1; Nexus 5X Build/MMB29P) AppleWebKit/537.36 (KHTML, like Gecko) Chrome/146.0.7680.177 Mobile Safari/537.36 (compatible; Googlebot/2.1; +http://www.google.com/bot.html)"
216.73.216.187 - - [05/Apr/2026:15:36:44 +0200] "GET /%d0%bf%d0%b0%d0%b7%d0%b8-%d0%bb%d0%b8-%d0%b7%d0%b4%d1%80%d0%b0%d0%b2%d0%bd%d1%82%d0%b0-%d0%bd%d0%b8-%d1%81%d0%b8%d1%81%d1%82%d0%b5%d0%bc%d0%b0-%d0%b2%d1%8a%d0%b7%d1%80%d0%b0%d1%81%d1%82%d0%bd%d0%b8/whatsapp:/send HTTP/1.1" 404 12110 "-" "Mozilla/5.0 AppleWebKit/537.36 (KHTML, like Gecko; compatible; ClaudeBot/1.0; +claudebot@anthropic.com)"
185.191.171.9 - - [05/Apr/2026:15:36:47 +0200] "GET /tag/%D0%B1%D0%B5%D0%B7%D1%83%D0%BC%D0%BD%D0%B8%D1%82%D0%B5-%D1%80%D0%B5%D1%88%D0%B5%D0%BD%D0%B8%D1%8F/page/18/ HTTP/1.1" 200 16395 "-" "Mozilla/5.0 (compatible; SemrushBot/7~bl; +http://www.semrush.com/bot.html)"
17.241.75.88 - - [05/Apr/2026:15:36:49 +0200] "GET /wp-content/uploads/2023/10/rrade-ffsf-356x220.jpg HTTP/1.1" 200 15224 "-" "Mozilla/5.0 (Macintosh; Intel Mac OS X 10_15_7) AppleWebKit/605.1.15 (KHTML, like Gecko) Version/17.4 Safari/605.1.15 (Applebot/0.1; +http://www.apple.com/go/applebot)"
216.73.216.187 - - [05/Apr/2026:15:36:49 +0200] "GET /%d0%bf%d1%80%d0%b0%d0%b2%d0%b8%d1%82%d0%b5%d0%bb%d1%81%d1%82%d0%b2%d0%be%d1%82%d0%be-%d0%b8%d1%81%d0%ba%d0%b0-%d0%b4%d0%b0-%d0%b7%d0%b0%d1%82%d0%b2%d0%be%d1%80%d0%b8-%d0%b2%d1%81%d0%b8%d1%87%d0%ba/whatsapp:/send HTTP/1.1" 404 12107 "-" "Mozilla/5.0 AppleWebKit/537.36 (KHTML, like Gecko; compatible; ClaudeBot/1.0; +claudebot@anthropic.com)"
185.191.171.12 - - [05/Apr/2026:15:36:51 +0200] "GET /tag/%D0%BE%D1%82%D1%87%D0%B5%D1%82%D0%B5-%D1%81%D0%B5-%D0%B8-%D0%BE%D0%B1%D1%8F%D0%B2%D0%B8-%D0%B7%D0%B0%D0%B4%D0%BA%D1%83%D0%BB%D0%B8%D1%81%D0%B8%D0%B5%D1%82%D0%BE-%D0%B3%D0%BE%D1%82%D0%B2%D0%B8-%D0%BD/ HTTP/1.1" 200 13735 "-" "Mozilla/5.0 (compatible; SemrushBot/7~bl; +http://www.semrush.com/bot.html)"
216.73.216.187 - - [05/Apr/2026:15:36:54 +0200] "GET /%d1%80%d0%b0%d0%b7%d0%bf%d0%b8%d1%82%d0%b0%d1%85%d0%b0-%d1%81%d0%b8%d0%bd%d0%b0-%d0%bd%d0%b0-%d0%bf%d1%80%d0%b5%d0%b7%d0%b8%d0%b4%d0%b5%d0%bd%d1%82%d0%b0-%d0%b2-%d1%87%d0%b5%d1%82%d0%b2%d1%8a%d1%80/whatsapp:/send HTTP/1.1" 404 12109 "-" "Mozilla/5.0 AppleWebKit/537.36 (KHTML, like Gecko; compatible; ClaudeBot/1.0; +claudebot@anthropic.com)"
216.73.216.187 - - [05/Apr/2026:15:37:02 +0200] "GET /wp-content/uploads/2020/11/radev_panorama-689x420.jpg HTTP/1.1" 502 150 "-" "Mozilla/5.0 AppleWebKit/537.36 (KHTML, like Gecko; compatible; ClaudeBot/1.0; +claudebot@anthropic.com)"
216.73.216.187 - - [05/Apr/2026:15:37:04 +0200] "GET /wp-content/uploads/2020/12/sharkova-324x235.jpg HTTP/1.1" 200 11363 "-" "Mozilla/5.0 AppleWebKit/537.36 (KHTML, like Gecko; compatible; ClaudeBot/1.0; +claudebot@anthropic.com)"
216.73.216.187 - - [05/Apr/2026:15:37:09 +0200] "GET /wp-content/uploads/2024/10/fdggd-fdg-265x198.jpg HTTP/1.1" 200 7993 "-" "Mozilla/5.0 AppleWebKit/537.36 (KHTML, like Gecko; compatible; ClaudeBot/1.0; +claudebot@anthropic.com)"
216.73.216.187 - - [05/Apr/2026:15:37:14 +0200] "GET /wp-content/uploads/2024/03/main_1597831298-324x366.jpg HTTP/1.1" 200 15452 "-" "Mozilla/5.0 AppleWebKit/537.36 (KHTML, like Gecko; compatible; ClaudeBot/1.0; +claudebot@anthropic.com)"
216.73.216.187 - - [05/Apr/2026:15:37:23 +0200] "GET /wp-content/uploads/2022/08/tfhth-150x150.jpg HTTP/1.1" 200 5690 "-" "Mozilla/5.0 AppleWebKit/537.36 (KHTML, like Gecko; compatible; ClaudeBot/1.0; +claudebot@anthropic.com)"
216.73.216.187 - - [05/Apr/2026:15:37:24 +0200] "GET /wp-content/cache/page_enhanced/netvesti.com/%d0%b1%d0%b8%d1%82%d0%ba%d0%b0%d1%82%d0%b0-%d0%bf%d1%80%d0%b8-%d0%b0%d0%b4%d1%80%d0%b8%d0%b0%d0%bd%d0%be%d0%bf%d0%be%d0%bb-%d0%ba%d0%b0%d0%bb%d0%be%d1%8f%d0%bd-%d0%be%d0%b1%d0%b5%d0%b7%d0%b3%d0%bb/_index_ssl.html_old HTTP/1.1" 200 118522 "-" "Mozilla/5.0 AppleWebKit/537.36 (KHTML, like Gecko; compatible; ClaudeBot/1.0; +claudebot@anthropic.com)"
216.73.216.187 - - [05/Apr/2026:15:37:27 +0200] "GET /wp-content/cache/page_enhanced/netvesti.com/%d1%82%d0%be%d0%bf%d0%bb%d0%be%d1%84%d0%b8%d0%ba%d0%b0%d1%86%d0%b8%d1%8f-%d0%b7%d0%b0%d0%bf%d0%be%d1%87%d0%b2%d0%b0-%d0%bf%d0%be%d0%b4%d0%bc%d1%8f%d0%bd%d0%b0-%d0%bd%d0%b0-%d1%82%d1%80%d1%8a%d0%b1/_index_ssl.html_old HTTP/1.1" 200 115056 "-" "Mozilla/5.0 AppleWebKit/537.36 (KHTML, like Gecko; compatible; ClaudeBot/1.0; +claudebot@anthropic.com)"
216.73.216.187 - - [05/Apr/2026:15:37:32 +0200] "GET /wp-content/cache/page_enhanced/netvesti.com/%d1%80%d0%b0%d0%b4%d0%b5%d0%b2-%d0%bd%d0%b8%d1%82%d0%be-%d0%b5%d0%b4%d0%b8%d0%bd-%d0%b1%d1%8a%d0%bb%d0%b3%d0%b0%d1%80%d0%b8%d0%bd-%d0%bd%d1%8f%d0%bc%d0%b0-%d0%b4%d0%b0-%d0%b1%d1%8a%d0%b4%d0%b5-%d0%b2/_index_ssl.html_old HTTP/1.1" 200 223575 "-" "Mozilla/5.0 AppleWebKit/537.36 (KHTML, like Gecko; compatible; ClaudeBot/1.0; +claudebot@anthropic.com)"
116.179.32.234 - - [05/Apr/2026:15:37:33 +0200] "GET /wp-content/uploads/2022/06/7-1-324x160.jpeg HTTP/1.1" 200 8251 "-" "Baiduspider-image+(+http://www.baidu.com/search/spider.htm)"
216.73.216.187 - - [05/Apr/2026:15:37:37 +0200] "GET /wp-content/cache/page_enhanced/netvesti.com/%d1%82%d0%b5%d1%80%d0%b8%d1%82%d0%be%d1%80%d0%b8%d1%8f%d1%82%d0%b0-%d0%bd%d0%b0-%d0%bc%d1%8a%d1%80%d1%82%d0%b2%d0%b8%d1%82%d0%b5-%d1%83%d1%87%d0%b8%d0%bb%d0%b8%d1%89%d0%b0/_index_ssl.html_old HTTP/1.1" 200 130346 "-" "Mozilla/5.0 AppleWebKit/537.36 (KHTML, like Gecko; compatible; ClaudeBot/1.0; +claudebot@anthropic.com)"
51.89.129.124 - - [05/Apr/2026:15:37:39 +0200] "GET /tag/%D1%88%D0%B5%D1%81%D1%82%D0%B2%D0%B8%D0%B5%D1%82%D0%BE-%D1%81%D0%B5-%D0%BF%D1%80%D0%BE%D0%B2%D0%B5%D0%B4%D0%B5-%D0%B2%D1%8A%D0%BF%D1%80%D0%B5%D0%BA%D0%B8-%D0%B7%D0%B0%D0%B1%D1%80%D0%B0%D0%BD%D0%B0/page/2/ HTTP/1.1" 200 16967 "-" "Mozilla/5.0 (compatible; AhrefsBot/7.0; +http://ahrefs.com/robot/)"
216.73.216.187 - - [05/Apr/2026:15:37:42 +0200] "GET /wp-content/cache/page_enhanced/netvesti.com/%d0%b0%d0%b7-%d0%b8-%d1%82%d0%b8-%d0%b0%d0%bb%d0%b5%d0%ba%d1%81-%d0%b8-%d0%b4%d0%b5%d1%81%d0%b8-%d1%81-%d0%bd%d0%be%d0%b2%d0%b0-%d0%bf%d0%b5%d1%81%d0%b5%d0%bd/_index_ssl.html_old HTTP/1.1" 200 109117 "-" "Mozilla/5.0 AppleWebKit/537.36 (KHTML, like Gecko; compatible; ClaudeBot/1.0; +claudebot@anthropic.com)"
185.191.171.3 - - [05/Apr/2026:15:37:44 +0200] "GET /tag/%D1%87%D0%B8%D1%81%D1%82%D0%BA%D0%B0-%D0%BD%D0%B0-%D0%BA%D0%B0%D0%B4%D1%80%D0%B8%D1%82%D0%B5-%D0%BD%D0%B0-%D0%B3%D0%B5%D1%80%D0%B1-%D0%B8-%D0%BD%D0%B0-%D0%BF%D1%80%D0%B5%D0%B7%D0%B8%D0%B4/page/3/ HTTP/1.1" 200 16679 "-" "Mozilla/5.0 (compatible; SemrushBot/7~bl; +http://www.semrush.com/bot.html)"
216.73.216.187 - - [05/Apr/2026:15:37:48 +0200] "GET /wp-content/uploads/2020/07/d0b1d181d0bf-d0b0d182d0b0d0bad183d0b2d0b0-d0b2d0bbd0b0d181d182d182d0b0-d181-d0b2d0bed182-d0bdd0b0-d0bdd0b5d0b4d0bed0b2d0b5d180d0b8d0b5-100x70.jpg HTTP/1.1" 200 3078 "-" "Mozilla/5.0 AppleWebKit/537.36 (KHTML, like Gecko; compatible; ClaudeBot/1.0; +claudebot@anthropic.com)"
216.73.216.187 - - [05/Apr/2026:15:37:52 +0200] "GET /wp-content/uploads/2022/08/rumen-radev-galab-donev-pravitelstvo-snimka-324x378.jpg HTTP/1.1" 200 28521 "-" "Mozilla/5.0 AppleWebKit/537.36 (KHTML, like Gecko; compatible; ClaudeBot/1.0; +claudebot@anthropic.com)"
216.73.216.187 - - [05/Apr/2026:15:37:57 +0200] "GET /wp-content/uploads/2020/06/d181d0b2d0b5d182d0bed0b2d0bdd0b0-d188d0b0d0bcd0bfd0b8d0bed0bdd0bad0b0-d0bfd0be-d181d182d180d0b5d0bbd0b1d0b0-d0bfd0bed187d0b8d0bdd0b0-150x150.jpg HTTP/1.1" 200 2176 "-" "Mozilla/5.0 AppleWebKit/537.36 (KHTML, like Gecko; compatible; ClaudeBot/1.0; +claudebot@anthropic.com)"
216.73.216.187 - - [05/Apr/2026:15:38:02 +0200] "GET /wp-content/uploads/2020/03/d0b7d0b0d180d0b0d0b7d0b5d0bdd0b8-d0bbd0b5d0bad0b0d180d0b8-d0b2-d0b8d182d0b0d0bbd0b8d18f-d0bdd0b0-d0bad180d0b0d18f-d0bdd0b0-d181d0b8d0bb-600x385.jpg HTTP/1.1" 502 150 "-" "Mozilla/5.0 AppleWebKit/537.36 (KHTML, like Gecko; compatible; ClaudeBot/1.0; +claudebot@anthropic.com)"
216.73.216.187 - - [05/Apr/2026:15:38:29 +0200] "GET /wp-content/cache/page_enhanced/netvesti.com/%d1%80%d0%b0%d0%b4%d0%b5%d0%b2-%d0%bf%d0%be%d0%bb%d0%b8%d1%82%d0%b8%d1%87%d0%b5%d1%81%d0%ba%d0%b8%d1%82%d0%b5-%d0%b1%d0%b5%d1%81%d0%be%d0%b2%d0%b5-%d0%b8-%d0%b5%d0%b3%d0%be%d0%b8%d0%b7%d0%bc%d1%8a/whatsapp:/send HTTP/1.1" 404 12107 "-" "Mozilla/5.0 AppleWebKit/537.36 (KHTML, like Gecko; compatible; ClaudeBot/1.0; +claudebot@anthropic.com)"
216.73.216.187 - - [05/Apr/2026:15:38:33 +0200] "GET /wp-content/cache/page_enhanced/netvesti.com/%d0%ba%d1%83%d0%bd%d1%87%d0%b5%d0%b2-%d0%be%d0%b3%d1%80%d0%b0%d0%bd%d0%b8%d1%87%d0%b0%d0%b2%d0%b0%d0%bc%d0%b5-%d0%bd%d0%be%d0%b2%d0%b8%d1%82%d0%b5-%d0%be%d0%b3%d0%bd%d0%b8%d1%89%d0%b0-%d0%b1%d0%b5/whatsapp:/send HTTP/1.1" 404 12110 "-" "Mozilla/5.0 AppleWebKit/537.36 (KHTML, like Gecko; compatible; ClaudeBot/1.0; +claudebot@anthropic.com)"
198.244.242.37 - - [05/Apr/2026:15:38:34 +0200] "GET /wp-content/uploads/2020/03/d182d180d0b5d0bdd0b8d180d0bed0b2d0bad0b0-d0bdd0b0-d0bcd181-d0bcd0b5d180d0b5d0bdd0b5-d0bdd0b0-d182d0b5d0bcd0bfd0b5d180d0b0d182d183d180-324x160.jpg HTTP/1.1" 200 9917 "-" "Mozilla/5.0 (compatible; AhrefsBot/7.0; +http://ahrefs.com/robot/)"
198.244.242.47 - - [05/Apr/2026:15:38:35 +0200] "GET /wp-content/uploads/2020/03/d0b3d18ad180d186d0b8d18f-d0b7d0b0d182d0b2d0bed180d0b8-d183d187d0b8d0bbd0b8d189d0b0d182d0b0-d181d0b8-d0b7d0b0-d0b4d0b2d0b5-d181d0b5d0b4-324x160.jpg HTTP/1.1" 200 12203 "-" "Mozilla/5.0 (compatible; AhrefsBot/7.0; +http://ahrefs.com/robot/)"
198.244.240.195 - - [05/Apr/2026:15:38:36 +0200] "GET /wp-content/uploads/2020/03/d0b1d0bed180d0b8d181d0bed0b2-d181d0b5-d18fd0b4d0bed181d0b0-d0bdd0b0-d180d0b0d0b4d0b5d0b2-d0bbd0b5d0bad0b0d180d0b8d182d0b5-d0b3d0bed0b2-324x160.jpg HTTP/1.1" 200 4642 "-" "Mozilla/5.0 (compatible; AhrefsBot/7.0; +http://ahrefs.com/robot/)"
185.191.171.16 - - [05/Apr/2026:15:38:36 +0200] "GET /tag/%D0%B7%D0%B0-%D0%B4%D0%B0-%D1%81%D0%B5-%D0%B8%D0%B7%D0%B1%D0%B5%D0%B3%D0%BD%D0%B5-%D0%B2%D0%BE%D1%82-%D0%BF%D1%80%D0%B5%D0%B7-%D0%B7%D0%B8%D0%BC%D0%B0%D1%82%D0%B0/page/2/ HTTP/1.1" 200 16591 "-" "Mozilla/5.0 (compatible; SemrushBot/7~bl; +http://www.semrush.com/bot.html)"
198.244.183.201 - - [05/Apr/2026:15:38:36 +0200] "GET /wp-content/uploads/2020/03/d180d183d181d0b8d18f-d189d0b5-d0bed182d0b3d0bed0b2d0bed180d0b8-d0bdd0b0-d0b2d181d0b5d0bad0b8-d0b0d0b3d180d0b5d181d0bed180-d0bad0b0d182-324x160.jpg HTTP/1.1" 200 7604 "-" "Mozilla/5.0 (compatible; AhrefsBot/7.0; +http://ahrefs.com/robot/)"
51.195.215.168 - - [05/Apr/2026:15:38:37 +0200] "GET /tag/%D0%B8%D0%B1%D1%80%D1%8F%D0%BC%D0%BE%D0%B2-%D0%B5-%D0%B7%D0%B0%D0%B4%D1%8A%D1%80%D0%B6%D0%B0%D0%BD-%D0%B7%D0%B0-72-%D1%87%D0%B0%D1%81%D0%B0/page/4/ HTTP/1.1" 200 16317 "-" "Mozilla/5.0 (compatible; AhrefsBot/7.0; +http://ahrefs.com/robot/)"
198.244.240.198 - - [05/Apr/2026:15:38:37 +0200] "GET /wp-content/uploads/2020/03/d0bfd181d181-d0b2d0b8d181d0bed0bad0b0-d0bbd0b0d0b2d0b8d0bdd0bdd0b0-d0bed0bfd0b0d181d0bdd0bed181d182-d0b8d0bcd0b0-d0bfd0be-d0bfd0bbd0b0-324x160.jpg HTTP/1.1" 200 14362 "-" "Mozilla/5.0 (compatible; AhrefsBot/7.0; +http://ahrefs.com/robot/)"
216.73.216.187 - - [05/Apr/2026:15:38:38 +0200] "GET /wp-content/cache/page_enhanced/netvesti.com/%d1%81%d1%82%d0%b5%d1%84%d0%b0%d0%bd-%d1%8f%d0%bd%d0%b5%d0%b2-%d0%b8%d0%b7%d1%80%d0%b8%d0%b3%d0%bd%d0%b0-%d0%bd%d0%b0%d1%82%d0%be-%d0%b2%d1%8a%d0%bd-%d0%be%d1%82-%d0%b1%d1%8a%d0%bb%d0%b3%d0%b0%d1%80/whatsapp:/send HTTP/1.1" 404 12110 "-" "Mozilla/5.0 AppleWebKit/537.36 (KHTML, like Gecko; compatible; ClaudeBot/1.0; +claudebot@anthropic.com)"
51.195.244.62 - - [05/Apr/2026:15:38:38 +0200] "GET /wp-content/uploads/2020/03/d181d0bbd0b5d0b4-d0b2d0b7d180d0b8d0b2d0b0-d0b2-d0b0d180d181d0b5d0bdd0b0d0bb-d0bad0b0d0bad0b2d0be-d0b5-d181d18ad181d182d0bed18fd0bd-324x160.jpg HTTP/1.1" 200 16223 "-" "Mozilla/5.0 (compatible; AhrefsBot/7.0; +http://ahrefs.com/robot/)"
51.195.244.120 - - [05/Apr/2026:15:38:39 +0200] "GET /wp-content/uploads/2020/03/d0bad0b8d0bfd18ad180-d0b8d0b7d0bfd180d0b0d189d0b0-d0bfd0bed0bbd0b8d186d0b0d0b8-d0bdd0b0-d182d183d180d181d0bad0be-d0b3d180d18ad186d0ba-324x160.jpg HTTP/1.1" 200 10826 "-" "Mozilla/5.0 (compatible; AhrefsBot/7.0; +http://ahrefs.com/robot/)"
85.208.96.204 - - [05/Apr/2026:15:38:40 +0200] "GET /%D0%BE%D1%82%D0%BC%D0%B5%D0%BD%D0%B8%D1%85%D0%B0-%D0%BA%D0%B0%D1%80%D0%B0%D0%BD%D1%82%D0%B8%D0%BD%D0%B0%D1%82%D0%B0-%D0%BD%D0%B0-%D0%BA%D0%BE%D0%BD%D1%82%D0%B0%D0%BA%D1%82%D0%BD%D0%B8%D1%82%D0%B5/ HTTP/1.1" 200 18858 "-" "Mozilla/5.0 (compatible; SemrushBot/7~bl; +http://www.semrush.com/bot.html)"
216.73.216.187 - - [05/Apr/2026:15:38:43 +0200] "GET /wp-content/cache/page_enhanced/netvesti.com/%d0%b0%d0%bb%d0%b5%d0%ba%d1%81%d0%b0%d0%bd%d0%b4%d1%80%d0%b0-%d0%bf%d0%b5%d1%82%d0%ba%d0%b0%d0%bd%d0%be%d0%b2%d0%b0-%d1%81%d0%b5%d0%ba%d1%81%d0%b0%d0%bf%d0%b8%d0%bb-%d0%bf%d0%be-%d0%b1%d0%b0%d0%bd/whatsapp:/send HTTP/1.1" 404 12108 "-" "Mozilla/5.0 AppleWebKit/537.36 (KHTML, like Gecko; compatible; ClaudeBot/1.0; +claudebot@anthropic.com)"
216.73.216.187 - - [05/Apr/2026:15:38:48 +0200] "GET /wp-content/cache/page_enhanced/netvesti.com/%d0%bf%d1%80%d0%b5%d0%b7%d0%b8%d0%b4%d0%b5%d0%bd%d1%82%d1%8a%d1%82-%d0%bf%d0%be%d0%b2%d0%b5%d1%87%d0%b5-%d0%be%d1%82-%d0%b2%d1%81%d1%8f%d0%ba%d0%be%d0%b3%d0%b0-%d0%be%d1%87%d0%b0%d0%ba%d0%b2%d0%b0/whatsapp:/send HTTP/1.1" 404 12110 "-" "Mozilla/5.0 AppleWebKit/537.36 (KHTML, like Gecko; compatible; ClaudeBot/1.0; +claudebot@anthropic.com)"
95.108.213.191 - - [05/Apr/2026:15:38:50 +0200] "GET /robots.txt HTTP/1.1" 304 0 "-" "Mozilla/5.0 (compatible; YandexBot/3.0; +http://yandex.com/bots)"
216.73.216.187 - - [05/Apr/2026:15:38:53 +0200] "GET /wp-content/cache/page_enhanced/netvesti.com/%d0%bf%d1%80%d0%b8%d1%8f%d1%82%d0%b5%d0%bb%d0%b8%d1%82%d0%b5-%d0%bd%d0%b0-%d0%ba%d1%80%d0%b8%d1%81%d1%82%d0%b8%d0%b0%d0%bd-%d0%bd%d0%b8%d0%ba%d0%be%d0%bb%d0%be%d0%b2-%d0%bd%d0%b0-%d1%81%d0%b2%d0%be/whatsapp:/send HTTP/1.1" 404 12108 "-" "Mozilla/5.0 AppleWebKit/537.36 (KHTML, like Gecko; compatible; ClaudeBot/1.0; +claudebot@anthropic.com)"
216.73.216.187 - - [05/Apr/2026:15:38:58 +0200] "GET /wp-content/cache/page_enhanced/netvesti.com/%d1%82%d0%b8%d1%80-%d0%b0%d0%b2%d0%b0%d1%80%d0%b8%d1%80%d0%b0-%d0%bd%d0%b0-%d0%bc%d0%b0%d0%b3%d0%b8%d1%81%d1%82%d1%80%d0%b0%d0%bb%d0%b0-%d1%82%d1%80%d0%b0%d0%ba%d0%b8%d1%8f/whatsapp:/send HTTP/1.1" 404 12109 "-" "Mozilla/5.0 AppleWebKit/537.36 (KHTML, like Gecko; compatible; ClaudeBot/1.0; +claudebot@anthropic.com)"
216.73.216.187 - - [05/Apr/2026:15:39:04 +0200] "GET /wp-content/cache/page_enhanced/netvesti.com/%d0%b8%d0%bd%d0%b6-%d1%81%d0%b8%d0%bc%d0%b5%d0%be%d0%bd-%d1%81%d0%bb%d0%b0%d0%b2%d1%87%d0%b5%d0%b2-%d0%bf%d0%bf-%d0%bc%d0%b8%d1%80-%d1%89%d0%b5-%d0%b5-%d0%b8%d0%b7%d0%bd%d0%b5%d0%bd%d0%b0%d0%b4/whatsapp:/send HTTP/1.1" 502 150 "-" "Mozilla/5.0 AppleWebKit/537.36 (KHTML, like Gecko; compatible; ClaudeBot/1.0; +claudebot@anthropic.com)"
216.73.216.187 - - [05/Apr/2026:15:39:09 +0200] "GET /wp-content/cache/page_enhanced/netvesti.com/%d0%bf%d1%80%d0%be%d1%84-%d0%bf%d0%b5%d1%82%d0%ba%d0%be-%d1%81%d0%b0%d0%bb%d1%87%d0%b5%d0%b2-%d0%b5-%d0%bd%d0%be%d0%b2%d0%b8%d1%8f%d1%82-%d1%83%d0%bf%d1%80%d0%b0%d0%b2%d0%b8%d1%82%d0%b5%d0%bb-%d0%bd HTTP/1.1" 301 512 "-" "Mozilla/5.0 AppleWebKit/537.36 (KHTML, like Gecko; compatible; ClaudeBot/1.0; +claudebot@anthropic.com)"
216.73.216.187 - - [05/Apr/2026:15:39:09 +0200] "GET /wp-content/cache/page_enhanced/netvesti.com/%d0%bf%d1%80%d0%be%d1%84-%d0%bf%d0%b5%d1%82%d0%ba%d0%be-%d1%81%d0%b0%d0%bb%d1%87%d0%b5%d0%b2-%d0%b5-%d0%bd%d0%be%d0%b2%d0%b8%d1%8f%d1%82-%d1%83%d0%bf%d1%80%d0%b0%d0%b2%d0%b8%d1%82%d0%b5%d0%bb-%d0%bd/ HTTP/1.1" 200 420 "https://netvesti.com/wp-content/cache/page_enhanced/netvesti.com/%d0%bf%d1%80%d0%be%d1%84-%d0%bf%d0%b5%d1%82%d0%ba%d0%be-%d1%81%d0%b0%d0%bb%d1%87%d0%b5%d0%b2-%d0%b5-%d0%bd%d0%be%d0%b2%d0%b8%d1%8f%d1%82-%d1%83%d0%bf%d1%80%d0%b0%d0%b2%d0%b8%d1%82%d0%b5%d0%bb-%d0%bd" "Mozilla/5.0 AppleWebKit/537.36 (KHTML, like Gecko; compatible; ClaudeBot/1.0; +claudebot@anthropic.com)"
198.244.242.37 - - [05/Apr/2026:15:39:10 +0200] "GET /wp-content/uploads/2020/03/d0bed182d0bcd0b5d0bdd18fd182-d0b8d0b7d0bad0b0d187d0b2d0b0d0bdd0b8d18f-d0bdd0b0-d0b5d0b2d0b5d180d0b5d181d182-d0b7d0b0d180d0b0d0b4d0b8-cov-324x160.jpg HTTP/1.1" 200 8765 "-" "Mozilla/5.0 (compatible; AhrefsBot/7.0; +http://ahrefs.com/robot/)"
185.191.171.2 - - [05/Apr/2026:15:39:10 +0200] "GET /tag/%D0%B2%D1%83%D1%87%D0%B8%D1%87/page/29/ HTTP/1.1" 200 16226 "-" "Mozilla/5.0 (compatible; SemrushBot/7~bl; +http://www.semrush.com/bot.html)"
198.244.183.200 - - [05/Apr/2026:15:39:11 +0200] "GET /wp-content/uploads/2020/03/d0bfd180d0bed184-d0bcd0b8d0bbd0b0d0bd-d0bcd0b8d0bbd0b0d0bdd0bed0b2-d0b7d0b0d0bad18ad181d0bdd18fd185d0bcd0b5-d0b2-d0bdd0b0d186d0b8d0be-324x160.jpg HTTP/1.1" 200 12425 "-" "Mozilla/5.0 (compatible; AhrefsBot/7.0; +http://ahrefs.com/robot/)"
198.244.168.109 - - [05/Apr/2026:15:39:12 +0200] "GET /wp-content/uploads/2020/03/d0b0d0bad182d18cd0bed180d0b8d182d0b5-d0bdd0b5-d181d0b5-d0bed182d0bad0b0d0b7d0b2d0b0d182-d0bfd183d181d0bad0b0d182-d0bfd0bed181d182d0b0-324x160.jpg HTTP/1.1" 200 10255 "-" "Mozilla/5.0 (compatible; AhrefsBot/7.0; +http://ahrefs.com/robot/)"
216.73.216.187 - - [05/Apr/2026:15:39:13 +0200] "GET /wp-content/uploads/2020/07/5-d0b3d180d0b5d188d0bad0b8-d0bad0bed0b8d182d0be-d0b4d0bed0bfd183d181d0bad0b0d0bcd0b5-d0bfd180d0b8-d0bad18ad0bfd0b0d0bdd0b5-300x180.jpg HTTP/1.1" 200 7632 "-" "Mozilla/5.0 AppleWebKit/537.36 (KHTML, like Gecko; compatible; ClaudeBot/1.0; +claudebot@anthropic.com)"
185.191.171.12 - - [05/Apr/2026:15:39:14 +0200] "GET /tag/%D0%BF%D0%BE%D1%81%D0%BB%D0%B5%D0%B4%D0%BD%D0%BE/page/330/ HTTP/1.1" 200 16625 "-" "Mozilla/5.0 (compatible; SemrushBot/7~bl; +http://www.semrush.com/bot.html)"
216.73.216.187 - - [05/Apr/2026:15:39:18 +0200] "GET /wp-content/cache/page_enhanced/netvesti.com/%d1%80%d0%b0%d0%b4%d0%b5%d0%b2-%d0%b8%d0%b7%d0%bb%d0%b5%d0%b7%d0%b5-%d1%81-%d0%bd%d0%be%d0%b2%d0%be-%d0%bf%d1%80%d0%b5%d0%b4%d1%83%d0%bf%d1%80%d0%b5%d0%b6%d0%b4%d0%b5%d0%bd%d0%b8%d0%b5-%d0%ba%d1%8a HTTP/1.1" 301 511 "-" "Mozilla/5.0 AppleWebKit/537.36 (KHTML, like Gecko; compatible; ClaudeBot/1.0; +claudebot@anthropic.com)"
216.73.216.187 - - [05/Apr/2026:15:39:18 +0200] "GET /wp-content/cache/page_enhanced/netvesti.com/%d1%80%d0%b0%d0%b4%d0%b5%d0%b2-%d0%b8%d0%b7%d0%bb%d0%b5%d0%b7%d0%b5-%d1%81-%d0%bd%d0%be%d0%b2%d0%be-%d0%bf%d1%80%d0%b5%d0%b4%d1%83%d0%bf%d1%80%d0%b5%d0%b6%d0%b4%d0%b5%d0%bd%d0%b8%d0%b5-%d0%ba%d1%8a/ HTTP/1.1" 200 419 "https://netvesti.com/wp-content/cache/page_enhanced/netvesti.com/%d1%80%d0%b0%d0%b4%d0%b5%d0%b2-%d0%b8%d0%b7%d0%bb%d0%b5%d0%b7%d0%b5-%d1%81-%d0%bd%d0%be%d0%b2%d0%be-%d0%bf%d1%80%d0%b5%d0%b4%d1%83%d0%bf%d1%80%d0%b5%d0%b6%d0%b4%d0%b5%d0%bd%d0%b8%d0%b5-%d0%ba%d1%8a" "Mozilla/5.0 AppleWebKit/537.36 (KHTML, like Gecko; compatible; ClaudeBot/1.0; +claudebot@anthropic.com)"
220.181.108.168 - - [05/Apr/2026:15:39:21 +0200] "GET /%D0%BC%D0%B8-%D0%BD%D0%B5%D0%BC%D0%B0-%D1%82%D0%B0%D0%BA%D0%B0%D0%B2%D0%B0-%D0%BA%D0%BE%D0%BC%D0%B5%D0%B4%D0%B8%D1%8F-%D0%B0%D0%BC%D0%B0-%D0%B8%D0%BC%D0%B0-%D1%82%D0%B0%D0%BA%D0%B8%D0%B2%D0%B0-%D0%B8/ HTTP/1.1" 200 28796 "-" "Mozilla/5.0 (compatible; Baiduspider/2.0; +http://www.baidu.com/search/spider.html)"
216.73.216.187 - - [05/Apr/2026:15:39:23 +0200] "GET /wp-content/uploads/2020/04/d0b5d0bad181d0bfd0b5d180d182-d0bed182-d0b1d0b0d0b1d185-d185d180d0b0d0bdd0b8d182d0b5-d0b2-d182d18ad180d0b3d0bed0b2d181d0bad0b8d182d0b5-80x60.jpg HTTP/1.1" 200 3054 "-" "Mozilla/5.0 AppleWebKit/537.36 (KHTML, like Gecko; compatible; ClaudeBot/1.0; +claudebot@anthropic.com)"
216.73.216.187 - - [05/Apr/2026:15:39:28 +0200] "GET /wp-content/cache/page_enhanced/netvesti.com/%d1%82%d1%83%d1%80%d0%b1%d0%be-%d0%bd%d0%b0%d0%b3%d0%bb%d0%be%d1%81%d1%82-%d0%b1%d0%be%d0%b9%d0%ba%d0%be-%d0%be%d0%bf%d0%bb%d1%8e-%d0%bf%d1%80%d0%b5%d0%b7%d0%b8%d0%b4%d0%b5%d0%bd%d1%82%d0%b0-%d0%ba HTTP/1.1" 301 511 "-" "Mozilla/5.0 AppleWebKit/537.36 (KHTML, like Gecko; compatible; ClaudeBot/1.0; +claudebot@anthropic.com)"
216.73.216.187 - - [05/Apr/2026:15:39:28 +0200] "GET /wp-content/cache/page_enhanced/netvesti.com/%d1%82%d1%83%d1%80%d0%b1%d0%be-%d0%bd%d0%b0%d0%b3%d0%bb%d0%be%d1%81%d1%82-%d0%b1%d0%be%d0%b9%d0%ba%d0%be-%d0%be%d0%bf%d0%bb%d1%8e-%d0%bf%d1%80%d0%b5%d0%b7%d0%b8%d0%b4%d0%b5%d0%bd%d1%82%d0%b0-%d0%ba/ HTTP/1.1" 200 424 "https://netvesti.com/wp-content/cache/page_enhanced/netvesti.com/%d1%82%d1%83%d1%80%d0%b1%d0%be-%d0%bd%d0%b0%d0%b3%d0%bb%d0%be%d1%81%d1%82-%d0%b1%d0%be%d0%b9%d0%ba%d0%be-%d0%be%d0%bf%d0%bb%d1%8e-%d0%bf%d1%80%d0%b5%d0%b7%d0%b8%d0%b4%d0%b5%d0%bd%d1%82%d0%b0-%d0%ba" "Mozilla/5.0 AppleWebKit/537.36 (KHTML, like Gecko; compatible; ClaudeBot/1.0; +claudebot@anthropic.com)"
216.73.216.187 - - [05/Apr/2026:15:39:33 +0200] "GET /wp-content/cache/page_enhanced/netvesti.com/%d1%85%d1%80%d0%b8%d1%81%d1%82%d0%be%d0%b2%d0%b0-%d1%87%d0%b5%d1%82%d0%b5%d1%88-%d0%bb%d0%b8-%d0%ba%d0%b8%d1%80%d1%87%d0%be%d1%82%d0%be%d0%b2%d0%b0-%d0%b5-%d0%b2%d0%b8%d0%ba%d1%82%d0%be/whatsapp:/send HTTP/1.1" 404 12109 "-" "Mozilla/5.0 AppleWebKit/537.36 (KHTML, like Gecko; compatible; ClaudeBot/1.0; +claudebot@anthropic.com)"
198.244.226.145 - - [05/Apr/2026:15:39:34 +0200] "GET /tag/%D0%BC%D0%B0%D1%80%D0%B8%D0%B0%D0%BD%D0%B0-%D0%BF%D0%BE%D0%BF%D0%BE%D0%B2%D0%B0-%D0%B8%D0%B7%D1%80%D0%B8%D0%B3%D0%BD%D0%B0-%D0%BF%D0%BE-%D0%BD%D0%BE%D0%B2%D0%B0-%D0%BF%D0%BB%D0%B0%D1%87%D0%BA%D0%BE/page/4/ HTTP/1.1" 200 16497 "-" "Mozilla/5.0 (compatible; AhrefsBot/7.0; +http://ahrefs.com/robot/)"
216.73.216.187 - - [05/Apr/2026:15:39:38 +0200] "GET /wp-content/cache/page_enhanced/netvesti.com/%d0%bf%d1%80%d0%be%d1%84-%d0%b8%d0%b2%d0%be-%d0%bf%d0%b5%d1%82%d1%80%d0%be%d0%b2-%d0%bf%d0%be%d1%81%d0%be%d1%87%d0%b8-%d1%81-%d0%ba%d0%be%d0%b5-%d0%bb%d0%b5%d0%ba%d0%b0%d1%80%d1%81%d1%82%d0%b2%d0%be/whatsapp:/send HTTP/1.1" 404 12110 "-" "Mozilla/5.0 AppleWebKit/537.36 (KHTML, like Gecko; compatible; ClaudeBot/1.0; +claudebot@anthropic.com)"
91.92.243.248 - - [05/Apr/2026:15:39:42 +0200] "POST /wp-login.php HTTP/1.1" 200 1554 "-" "Mozilla/5.0"
91.92.243.248 - - [05/Apr/2026:15:39:42 +0200] "POST /wp-login.php HTTP/1.1" 200 1554 "-" "Mozilla/5.0"
91.92.243.248 - - [05/Apr/2026:15:39:42 +0200] "POST /wp-login.php HTTP/1.1" 200 1550 "-" "Mozilla/5.0"
91.92.243.248 - - [05/Apr/2026:15:39:42 +0200] "POST /wp-login.php HTTP/1.1" 200 1551 "-" "Mozilla/5.0"
91.92.243.248 - - [05/Apr/2026:15:39:42 +0200] "POST /wp-login.php HTTP/1.1" 200 1539 "-" "Mozilla/5.0"
91.92.243.248 - - [05/Apr/2026:15:39:43 +0200] "POST /wp-login.php HTTP/1.1" 200 1552 "-" "Mozilla/5.0"
116.179.37.165 - - [05/Apr/2026:15:39:43 +0200] "GET /wp-content/uploads/2023/11/12670075_1085562688155757_6013150064028668372_n.jpg HTTP/1.1" 200 30589 "https://netvesti.com/%D0%BC%D0%B8-%D0%BD%D0%B5%D0%BC%D0%B0-%D1%82%D0%B0%D0%BA%D0%B0%D0%B2%D0%B0-%D0%BA%D0%BE%D0%BC%D0%B5%D0%B4%D0%B8%D1%8F-%D0%B0%D0%BC%D0%B0-%D0%B8%D0%BC%D0%B0-%D1%82%D0%B0%D0%BA%D0%B8%D0%B2%D0%B0-%D0%B8/" "Mozilla/5.0 (compatible; Baiduspider-render/2.0; +http://www.baidu.com/search/spider.html)"
91.92.243.248 - - [05/Apr/2026:15:39:43 +0200] "POST /wp-login.php HTTP/1.1" 200 1552 "-" "Mozilla/5.0"
91.92.243.248 - - [05/Apr/2026:15:39:43 +0200] "POST /wp-login.php HTTP/1.1" 200 1550 "-" "Mozilla/5.0"
91.92.243.248 - - [05/Apr/2026:15:39:43 +0200] "POST /wp-login.php HTTP/1.1" 200 1554 "-" "Mozilla/5.0"
91.92.243.248 - - [05/Apr/2026:15:39:43 +0200] "POST /wp-login.php HTTP/1.1" 200 1553 "-" "Mozilla/5.0"
91.92.243.248 - - [05/Apr/2026:15:39:43 +0200] "POST /wp-login.php HTTP/1.1" 200 1554 "-" "Mozilla/5.0"
216.73.216.187 - - [05/Apr/2026:15:39:43 +0200] "GET /wp-content/cache/page_enhanced/netvesti.com/%d1%81%d1%8a%d1%81%d1%82%d0%b0%d0%b2%d0%b8%d1%85%d0%b0-16-%d0%b0%d0%ba%d1%82%d0%b0-%d0%b7%d0%b0-%d1%80%d0%b0%d0%b7%d1%85%d0%be%d0%b4%d0%ba%d0%b8-%d0%b2-%d0%bf%d0%bb%d0%b5%d0%b2%d0%b5%d0%bd/whatsapp:/send HTTP/1.1" 404 12109 "-" "Mozilla/5.0 AppleWebKit/537.36 (KHTML, like Gecko; compatible; ClaudeBot/1.0; +claudebot@anthropic.com)"
66.249.77.65 - - [05/Apr/2026:15:39:48 +0200] "GET /%D1%81%D0%BA%D1%8A%D0%BF%D0%B8-%D0%BF%D1%80%D0%B8%D1%8F%D1%82%D0%B5%D0%BB%D0%B8-%D0%B8%D1%81%D1%82%D0%B8%D0%BD%D1%81%D0%BA%D0%B8%D1%82%D0%B5-%D0%BF%D0%BE%D0%B1%D0%B5%D0%B4%D0%B8%D1%82%D0%B5%D0%BB/ HTTP/1.1" 200 34376 "-" "Mozilla/5.0 (Linux; Android 6.0.1; Nexus 5X Build/MMB29P) AppleWebKit/537.36 (KHTML, like Gecko) Chrome/146.0.7680.177 Mobile Safari/537.36 (compatible; Googlebot/2.1; +http://www.google.com/bot.html)"
216.73.216.187 - - [05/Apr/2026:15:39:48 +0200] "GET /wp-content/cache/page_enhanced/netvesti.com/%d0%bf%d1%80%d0%be%d1%84-%d0%b8%d0%b2%d0%be-%d1%85%d1%80%d0%b8%d1%81%d1%82%d0%be%d0%b2-%d0%b1%d1%8a%d0%bb%d0%b3%d0%b0%d1%80%d0%b8%d1%8f-%d1%83%d0%bc%d1%80%d1%8f-%d0%bf%d1%80%d0%b5%d0%b4%d0%b8-110/whatsapp:/send HTTP/1.1" 404 12109 "-" "Mozilla/5.0 AppleWebKit/537.36 (KHTML, like Gecko; compatible; ClaudeBot/1.0; +claudebot@anthropic.com)"
216.73.216.187 - - [05/Apr/2026:15:39:53 +0200] "GET /wp-content/cache/page_enhanced/netvesti.com/%d0%b0%d1%80%d0%b5%d1%81%d1%82%d1%83%d0%b2%d0%b0%d1%85%d0%b0-%d1%82%d1%80%d0%b8%d0%bc%d0%b0-%d0%bd%d0%be%d1%81%d0%b8%d0%bb%d0%b8-%d0%b2%d0%be%d0%b4%d0%bd%d0%b8-%d0%bf%d0%b8%d1%81%d1%82%d0%be%d0%bb/whatsapp:/send HTTP/1.1" 404 12107 "-" "Mozilla/5.0 AppleWebKit/537.36 (KHTML, like Gecko; compatible; ClaudeBot/1.0; +claudebot@anthropic.com)"
17.22.245.29 - - [05/Apr/2026:15:39:55 +0200] "GET /tag/%d0%ba%d0%be%d0%bc%d0%b8%d1%81%d0%b8%d1%8f%d1%82%d0%b0/ HTTP/1.1" 200 14160 "-" "Mozilla/5.0 (Macintosh; Intel Mac OS X 10_15_7) AppleWebKit/605.1.15 (KHTML, like Gecko) Version/17.4 Safari/605.1.15 (Applebot/0.1; +http://www.apple.com/go/applebot)"
216.73.216.187 - - [05/Apr/2026:15:39:58 +0200] "GET /wp-content/cache/page_enhanced/netvesti.com/%d0%b1%d0%bb%d1%81-100-%d0%b8%d0%b7%d0%bf%d0%bb%d0%b0%d1%89%d0%b0%d0%bd%d0%b5-%d0%bd%d0%b0-%d0%bc%d0%b5%d1%81%d0%b5%d1%87%d0%bd%d0%b8%d1%82%d0%b5-%d0%b1%d1%8e%d0%b4%d0%b6%d0%b5%d1%82%d0%b8-%d0%bd/whatsapp:/send HTTP/1.1" 404 12109 "-" "Mozilla/5.0 AppleWebKit/537.36 (KHTML, like Gecko; compatible; ClaudeBot/1.0; +claudebot@anthropic.com)"
152.42.222.216 - - [05/Apr/2026:15:40:00 +0200] "GET /%d1%85%d1%80%d0%b8%d1%81%d1%82%d0%be-%d0%b1%d1%8f%d1%85-%d0%b1%d0%b0%d1%80%d0%bc%d0%b0%d0%bd-%d1%81%d0%b5%d0%b3%d0%b0-%d1%81%d0%b5-%d0%b3%d0%be%d1%82%d0%b2%d1%8f-%d0%b4%d0%b0-%d0%b8%d0%b4/17943435 HTTP/1.1" 301 0 "https://netvesti.com/" "Mozilla/5.0 (Windows NT 10.0; Win64; x64) AppleWebKit/537.36 (KHTML, like Gecko) Chrome/120.0.0.0 Safari/537.36"
64.227.28.174 - - [05/Apr/2026:15:40:01 +0200] "GET /wp-content/uploads/2015/01/lock.jpg%201200w,%20https://netvesti.com/wp-content/uploads/2015/01/lock-300x200.jpg%20300w,%20https://netvesti.com/wp-content/uploads/2015/01/lock-768x512.jpg%20768w,%20https://netvesti.com/wp-content/uploads/2015/01/lock-1024x683.jpg%201024w,%20https://netvesti.com/wp-content/uploads/2015/01/lock-310x205.jpg%20310w HTTP/1.1" 301 0 "https://netvesti.com/" "Mozilla/5.0 (Windows NT 10.0; Win64; x64) AppleWebKit/537.36 (KHTML, like Gecko) Chrome/116.0.0.0 Safari/537.36"
152.42.222.216 - - [05/Apr/2026:15:40:02 +0200] "GET /%d1%85%d1%80%d0%b8%d1%81%d1%82%d0%be-%d0%b1%d1%8f%d1%85-%d0%b1%d0%b0%d1%80%d0%bc%d0%b0%d0%bd-%d1%81%d0%b5%d0%b3%d0%b0-%d1%81%d0%b5-%d0%b3%d0%be%d1%82%d0%b2%d1%8f-%d0%b4%d0%b0-%d0%b8%d0%b4/17943435/ HTTP/1.1" 502 552 "https://netvesti.com/" "Mozilla/5.0 (Windows NT 10.0; Win64; x64) AppleWebKit/537.36 (KHTML, like Gecko) Chrome/120.0.0.0 Safari/537.36"
