216.73.216.187 - - [05/Apr/2026:16:49:28 +0200] "GET /wp-content/uploads/2024/10/976720-741x486.jpg HTTP/1.1" 200 29876 "-" "Mozilla/5.0 AppleWebKit/537.36 (KHTML, like Gecko; compatible; ClaudeBot/1.0; +claudebot@anthropic.com)"
216.73.216.187 - - [05/Apr/2026:16:49:33 +0200] "GET /wp-content/uploads/2019/10/LOGO_MIR-324x400.jpg HTTP/1.1" 200 12544 "-" "Mozilla/5.0 AppleWebKit/537.36 (KHTML, like Gecko; compatible; ClaudeBot/1.0; +claudebot@anthropic.com)"
216.73.216.187 - - [05/Apr/2026:16:49:38 +0200] "GET /wp-content/uploads/2022/09/gerge-696x393.jpg HTTP/1.1" 200 43348 "-" "Mozilla/5.0 AppleWebKit/537.36 (KHTML, like Gecko; compatible; ClaudeBot/1.0; +claudebot@anthropic.com)"
216.73.216.187 - - [05/Apr/2026:16:49:43 +0200] "GET /wp-content/uploads/2020/12/phpct04gu_800x_-150x150.jpg HTTP/1.1" 200 3987 "-" "Mozilla/5.0 AppleWebKit/537.36 (KHTML, like Gecko; compatible; ClaudeBot/1.0; +claudebot@anthropic.com)"
185.191.171.14 - - [05/Apr/2026:16:49:46 +0200] "GET /tag/%D0%B2%D0%B0%D1%81%D0%B8%D0%BB-%D0%BC%D0%B8%D1%85%D0%B0%D0%B9%D0%BB%D0%BE%D0%B2-%D0%BA%D1%8A%D0%BC-%D1%80%D0%B0%D0%B4%D0%B5%D0%B2-%D1%80%D0%B0%D0%B7%D0%BE%D1%87%D0%B0%D1%80%D0%BE%D0%B2%D0%B0%D1%82/page/11/ HTTP/1.1" 200 16585 "-" "Mozilla/5.0 (compatible; SemrushBot/7~bl; +http://www.semrush.com/bot.html)"
216.73.216.187 - - [05/Apr/2026:16:49:48 +0200] "GET /wp-content/uploads/2022/09/ffffrrrf-300x140.jpg HTTP/1.1" 200 11272 "-" "Mozilla/5.0 AppleWebKit/537.36 (KHTML, like Gecko; compatible; ClaudeBot/1.0; +claudebot@anthropic.com)"
167.99.145.175 - - [05/Apr/2026:16:49:53 +0200] "GET /wp-content/uploads/2021/01/thrth.jpg HTTP/1.1" 200 115087 "https://netvesti.com/" "Mozilla/5.0 (Windows NT 10.0; Win64; x64) AppleWebKit/537.36 (KHTML, like Gecko) Chrome/105.0.0.0 Safari/537.3"
216.73.216.187 - - [05/Apr/2026:16:49:53 +0200] "GET /wp-content/uploads/2021/02/madj-algafari-bgnes-640x385.jpg HTTP/1.1" 200 42668 "-" "Mozilla/5.0 AppleWebKit/537.36 (KHTML, like Gecko; compatible; ClaudeBot/1.0; +claudebot@anthropic.com)"
216.73.216.187 - - [05/Apr/2026:16:49:58 +0200] "GET /wp-content/uploads/2021/03/768x432-2-218x150.jpg HTTP/1.1" 200 7066 "-" "Mozilla/5.0 AppleWebKit/537.36 (KHTML, like Gecko; compatible; ClaudeBot/1.0; +claudebot@anthropic.com)"
216.73.216.187 - - [05/Apr/2026:16:50:03 +0200] "GET /wp-content/uploads/2024/09/big_455-533x261.jpg HTTP/1.1" 502 150 "-" "Mozilla/5.0 AppleWebKit/537.36 (KHTML, like Gecko; compatible; ClaudeBot/1.0; +claudebot@anthropic.com)"
216.73.216.187 - - [05/Apr/2026:16:50:08 +0200] "GET /wp-content/uploads/2021/06/Rumen-Radev-356x349.jpg HTTP/1.1" 200 16757 "-" "Mozilla/5.0 AppleWebKit/537.36 (KHTML, like Gecko; compatible; ClaudeBot/1.0; +claudebot@anthropic.com)"
216.73.216.187 - - [05/Apr/2026:16:50:14 +0200] "GET /tag/criminal/page/215 HTTP/1.1" 301 0 "-" "Mozilla/5.0 AppleWebKit/537.36 (KHTML, like Gecko; compatible; ClaudeBot/1.0; +claudebot@anthropic.com)"
51.89.129.99 - - [05/Apr/2026:16:50:15 +0200] "GET /%D0%B4%D0%B0%D0%BD%D1%8A%D1%86%D0%B8%D1%82%D0%B5-%D0%B2-%D0%B1%D1%8A%D0%BB%D0%B3%D0%B0%D1%80%D0%B8%D1%8F-%D1%81%D0%B0-%D0%BD%D0%B8%D1%81%D0%BA%D0%B8-%D0%BB%D0%B8-%D0%B2%D0%B8%D0%B6%D1%82%D0%B5-%D1%82/ HTTP/1.1" 200 19705 "-" "Mozilla/5.0 (compatible; AhrefsBot/7.0; +http://ahrefs.com/robot/)"
216.73.216.187 - - [05/Apr/2026:16:50:15 +0200] "GET /tag/criminal/page/215/ HTTP/1.1" 200 16370 "https://netvesti.com/tag/criminal/page/215" "Mozilla/5.0 AppleWebKit/537.36 (KHTML, like Gecko; compatible; ClaudeBot/1.0; +claudebot@anthropic.com)"
17.22.253.17 - - [05/Apr/2026:16:50:17 +0200] "GET /wp-content/uploads/2021/05/dssddv-324x160.jpg HTTP/1.1" 200 8174 "-" "Mozilla/5.0 (Macintosh; Intel Mac OS X 10_15_7) AppleWebKit/605.1.15 (KHTML, like Gecko) Version/17.4 Safari/605.1.15 (Applebot/0.1; +http://www.apple.com/go/applebot)"
216.73.216.187 - - [05/Apr/2026:16:50:18 +0200] "GET /wp-content/plugins/jetpack/modules/widgets/?C=S&O=D HTTP/1.1" 200 999 "-" "Mozilla/5.0 AppleWebKit/537.36 (KHTML, like Gecko; compatible; ClaudeBot/1.0; +claudebot@anthropic.com)"
216.73.216.187 - - [05/Apr/2026:16:50:23 +0200] "GET /wp-content/plugins/jetpack/modules/theme-tools/?C=M&O=D HTTP/1.1" 200 557 "-" "Mozilla/5.0 AppleWebKit/537.36 (KHTML, like Gecko; compatible; ClaudeBot/1.0; +claudebot@anthropic.com)"
216.73.216.187 - - [05/Apr/2026:16:50:28 +0200] "GET /wp-content/plugins/jetpack/modules/theme-tools/responsive-videos/responsive-videos.min.js HTTP/1.1" 200 355 "-" "Mozilla/5.0 AppleWebKit/537.36 (KHTML, like Gecko; compatible; ClaudeBot/1.0; +claudebot@anthropic.com)"
85.208.96.195 - - [05/Apr/2026:16:50:29 +0200] "GET /tag/%D0%B1%D1%8A%D0%BB%D0%B3%D0%B0%D1%80%D1%81%D0%BA%D0%B0%D1%82%D0%B0-%D0%B8%D0%B7%D1%82%D1%80%D0%B5%D0%B1%D0%B8%D1%82%D0%B5%D0%BB%D0%BD%D0%B0-%D0%B0%D0%B2%D0%B8%D0%B0%D1%86%D0%B8%D1%8F/page/34/ HTTP/1.1" 200 16281 "-" "Mozilla/5.0 (compatible; SemrushBot/7~bl; +http://www.semrush.com/bot.html)"
198.244.240.251 - - [05/Apr/2026:16:50:32 +0200] "GET /wp-content/uploads/2021/03/screenshot4802.jpg HTTP/1.1" 200 25601 "-" "Mozilla/5.0 (compatible; AhrefsBot/7.0; +http://ahrefs.com/robot/)"
35.168.238.50 - - [05/Apr/2026:16:50:32 +0200] "GET /wp-content/plugins/jetpack/_inc/build/widgets/google-translate/ HTTP/1.1" 200 338 "-" "Mozilla/5.0 AppleWebKit/537.36 (KHTML, like Gecko; compatible; Amazonbot/0.1; +https://developer.amazon.com/support/amazonbot) Chrome/119.0.6045.214 Safari/537.36"
216.73.216.187 - - [05/Apr/2026:16:50:33 +0200] "GET /wp-content/plugins/jetpack/modules/sharedaddy/?C=M&O=D HTTP/1.1" 200 516 "-" "Mozilla/5.0 AppleWebKit/537.36 (KHTML, like Gecko; compatible; ClaudeBot/1.0; +claudebot@anthropic.com)"
216.73.216.187 - - [05/Apr/2026:16:50:38 +0200] "GET /wp-content/plugins/jetpack/scss/organisms/_banners.scss HTTP/1.1" 200 8778 "-" "Mozilla/5.0 AppleWebKit/537.36 (KHTML, like Gecko; compatible; ClaudeBot/1.0; +claudebot@anthropic.com)"
216.73.216.187 - - [05/Apr/2026:16:50:43 +0200] "GET /wp-content/plugins/wordpress-seo/vendor_prefixed/league/oauth2-client/src HTTP/1.1" 301 343 "-" "Mozilla/5.0 AppleWebKit/537.36 (KHTML, like Gecko; compatible; ClaudeBot/1.0; +claudebot@anthropic.com)"
216.73.216.187 - - [05/Apr/2026:16:50:43 +0200] "GET /wp-content/plugins/wordpress-seo/vendor_prefixed/league/oauth2-client/src/ HTTP/1.1" 200 393 "https://netvesti.com/wp-content/plugins/wordpress-seo/vendor_prefixed/league/oauth2-client/src" "Mozilla/5.0 AppleWebKit/537.36 (KHTML, like Gecko; compatible; ClaudeBot/1.0; +claudebot@anthropic.com)"
216.73.216.187 - - [05/Apr/2026:16:50:48 +0200] "GET /wp-content/plugins/jetpack/modules/contact-form/js/grunion-frontend.js HTTP/1.1" 200 93 "-" "Mozilla/5.0 AppleWebKit/537.36 (KHTML, like Gecko; compatible; ClaudeBot/1.0; +claudebot@anthropic.com)"
116.179.32.236 - - [05/Apr/2026:16:50:48 +0200] "GET /%D0%BA%D0%B0%D0%B1%D0%B8%D0%BD%D0%B5%D1%82%D1%8A%D1%82-%D0%B4%D0%B5%D0%BD%D0%BA%D0%BE%D0%B2-%D0%BE%D1%82%D1%87%D0%B5%D1%82%D0%B5-%D0%BA%D0%B0%D1%82%D0%BE-%D1%83%D1%81%D0%BF%D0%B5%D1%85-%D1%80/ HTTP/1.1" 200 40195 "-" "Mozilla/5.0 (compatible; Baiduspider/2.0; +http://www.baidu.com/search/spider.html)"
216.73.216.187 - - [05/Apr/2026:16:50:53 +0200] "GET /wp-content/plugins/jetpack/modules/theme-tools/responsive-videos/responsive-videos.js HTTP/1.1" 200 536 "-" "Mozilla/5.0 AppleWebKit/537.36 (KHTML, like Gecko; compatible; ClaudeBot/1.0; +claudebot@anthropic.com)"
216.73.216.187 - - [05/Apr/2026:16:50:58 +0200] "GET /wp-content/plugins/jetpack/_inc/lib/jetpack-wpes-query-builder HTTP/1.1" 301 332 "-" "Mozilla/5.0 AppleWebKit/537.36 (KHTML, like Gecko; compatible; ClaudeBot/1.0; +claudebot@anthropic.com)"
216.73.216.187 - - [05/Apr/2026:16:50:58 +0200] "GET /wp-content/plugins/jetpack/_inc/lib/jetpack-wpes-query-builder/ HTTP/1.1" 200 356 "https://netvesti.com/wp-content/plugins/jetpack/_inc/lib/jetpack-wpes-query-builder" "Mozilla/5.0 AppleWebKit/537.36 (KHTML, like Gecko; compatible; ClaudeBot/1.0; +claudebot@anthropic.com)"
216.73.216.187 - - [05/Apr/2026:16:51:03 +0200] "GET /wp-content/plugins/wordpress-seo/languages/wordpress-seo-pt_AO.json HTTP/1.1" 200 3594 "-" "Mozilla/5.0 AppleWebKit/537.36 (KHTML, like Gecko; compatible; ClaudeBot/1.0; +claudebot@anthropic.com)"
216.73.216.187 - - [05/Apr/2026:16:51:08 +0200] "GET /wp-content/plugins/td-composer/assets/less_wrap/wrap_main.less HTTP/1.1" 200 3685 "-" "Mozilla/5.0 AppleWebKit/537.36 (KHTML, like Gecko; compatible; ClaudeBot/1.0; +claudebot@anthropic.com)"
66.249.77.77 - - [05/Apr/2026:16:51:12 +0200] "GET /%D1%88%D0%BA%D1%83%D0%BC%D0%B1%D0%B0%D1%82%D0%B0-%D0%B4%D0%B0-%D1%81%D1%82%D0%B0%D0%B2%D0%B0%D0%BC%D0%B5-%D0%BF%D1%80%D0%B5%D0%B7%D0%B8%D0%B4%D0%B5%D0%BD%D1%82%D1%81%D0%BA%D0%B0-%D1%80%D0%B5%D0%BF/ HTTP/1.1" 200 74666 "-" "Mozilla/5.0 (Linux; Android 6.0.1; Nexus 5X Build/MMB29P) AppleWebKit/537.36 (KHTML, like Gecko) Chrome/146.0.7680.177 Mobile Safari/537.36 (compatible; Googlebot/2.1; +http://www.google.com/bot.html)"
216.73.216.187 - - [05/Apr/2026:16:51:13 +0200] "GET /wp-content/plugins/jetpack/modules/videopress/class.jetpack-videopress.php HTTP/1.1" 500 0 "-" "Mozilla/5.0 AppleWebKit/537.36 (KHTML, like Gecko; compatible; ClaudeBot/1.0; +claudebot@anthropic.com)"
85.208.96.210 - - [05/Apr/2026:16:51:13 +0200] "GET /tag/%D0%B1%D1%8A%D0%BB%D0%B3%D0%B0%D1%80%D0%B8%D1%8F/page/99/ HTTP/1.1" 200 16024 "-" "Mozilla/5.0 (compatible; SemrushBot/7~bl; +http://www.semrush.com/bot.html)"
216.73.216.187 - - [05/Apr/2026:16:51:18 +0200] "GET /wp-content/plugins/wordpress-seo/vendor_prefixed/psr/log HTTP/1.1" 301 326 "-" "Mozilla/5.0 AppleWebKit/537.36 (KHTML, like Gecko; compatible; ClaudeBot/1.0; +claudebot@anthropic.com)"
216.73.216.187 - - [05/Apr/2026:16:51:18 +0200] "GET /wp-content/plugins/wordpress-seo/vendor_prefixed/psr/log/ HTTP/1.1" 200 329 "https://netvesti.com/wp-content/plugins/wordpress-seo/vendor_prefixed/psr/log" "Mozilla/5.0 AppleWebKit/537.36 (KHTML, like Gecko; compatible; ClaudeBot/1.0; +claudebot@anthropic.com)"
216.73.216.187 - - [05/Apr/2026:16:51:23 +0200] "GET /wp-content/plugins/wordpress-seo/languages/wordpress-seo-fr_CA.json HTTP/1.1" 200 6190 "-" "Mozilla/5.0 AppleWebKit/537.36 (KHTML, like Gecko; compatible; ClaudeBot/1.0; +claudebot@anthropic.com)"
91.92.243.248 - - [05/Apr/2026:16:51:26 +0200] "POST /wp-login.php HTTP/1.1" 200 1550 "-" "Mozilla/5.0"
91.92.243.248 - - [05/Apr/2026:16:51:26 +0200] "POST /wp-login.php HTTP/1.1" 200 1554 "-" "Mozilla/5.0"
91.92.243.248 - - [05/Apr/2026:16:51:26 +0200] "POST /wp-login.php HTTP/1.1" 200 1552 "-" "Mozilla/5.0"
91.92.243.248 - - [05/Apr/2026:16:51:26 +0200] "POST /wp-login.php HTTP/1.1" 200 1539 "-" "Mozilla/5.0"
91.92.243.248 - - [05/Apr/2026:16:51:26 +0200] "POST /wp-login.php HTTP/1.1" 200 1554 "-" "Mozilla/5.0"
91.92.243.248 - - [05/Apr/2026:16:51:26 +0200] "POST /wp-login.php HTTP/1.1" 200 1551 "-" "Mozilla/5.0"
91.92.243.248 - - [05/Apr/2026:16:51:26 +0200] "POST /wp-login.php HTTP/1.1" 200 1552 "-" "Mozilla/5.0"
91.92.243.248 - - [05/Apr/2026:16:51:26 +0200] "POST /wp-login.php HTTP/1.1" 200 1550 "-" "Mozilla/5.0"
91.92.243.248 - - [05/Apr/2026:16:51:26 +0200] "POST /wp-login.php HTTP/1.1" 200 1553 "-" "Mozilla/5.0"
91.92.243.248 - - [05/Apr/2026:16:51:26 +0200] "POST /wp-login.php HTTP/1.1" 200 1554 "-" "Mozilla/5.0"
91.92.243.248 - - [05/Apr/2026:16:51:27 +0200] "POST /wp-login.php HTTP/1.1" 200 1554 "-" "Mozilla/5.0"
216.73.216.187 - - [05/Apr/2026:16:51:29 +0200] "GET /wp-content/plugins/jetpack/modules/tiled-gallery/?C=N&O=D HTTP/1.1" 200 351 "-" "Mozilla/5.0 AppleWebKit/537.36 (KHTML, like Gecko; compatible; ClaudeBot/1.0; +claudebot@anthropic.com)"
52.0.63.151 - - [05/Apr/2026:16:51:32 +0200] "GET /wp-content/themes/Newspaper/includes/demos/medicine/td_media_2.php HTTP/1.1" 500 0 "-" "Mozilla/5.0 AppleWebKit/537.36 (KHTML, like Gecko; compatible; Amazonbot/0.1; +https://developer.amazon.com/support/amazonbot) Chrome/119.0.6045.214 Safari/537.36"
216.73.216.187 - - [05/Apr/2026:16:51:33 +0200] "GET /wp-content/plugins/jetpack/modules/seo-tools/?C=S&O=A HTTP/1.1" 200 377 "-" "Mozilla/5.0 AppleWebKit/537.36 (KHTML, like Gecko; compatible; ClaudeBot/1.0; +claudebot@anthropic.com)"
216.73.216.187 - - [05/Apr/2026:16:51:38 +0200] "GET /wp-content/plugins/jetpack/json-endpoints/?C=N&O=A HTTP/1.1" 200 949 "-" "Mozilla/5.0 AppleWebKit/537.36 (KHTML, like Gecko; compatible; ClaudeBot/1.0; +claudebot@anthropic.com)"
216.73.216.187 - - [05/Apr/2026:16:51:43 +0200] "GET /wp-content/plugins/quick-adsense/includes/images/vi-logo-square.png HTTP/1.1" 200 6203 "-" "Mozilla/5.0 AppleWebKit/537.36 (KHTML, like Gecko; compatible; ClaudeBot/1.0; +claudebot@anthropic.com)"
216.73.216.187 - - [05/Apr/2026:16:51:48 +0200] "GET /wp-content/plugins/quick-adsense/includes/images/vi-logo-small.png HTTP/1.1" 200 2617 "-" "Mozilla/5.0 AppleWebKit/537.36 (KHTML, like Gecko; compatible; ClaudeBot/1.0; +claudebot@anthropic.com)"
40.77.167.155 - - [05/Apr/2026:16:51:52 +0200] "GET /tag/%D0%BF%D0%BE%D0%BF%D0%B0%D0%BD%D0%B4%D0%BE%D0%B2-%D0%BF%D1%8A%D1%80%D0%B2%D0%B0%D1%82%D0%B0-%D1%80%D0%B0%D0%B1%D0%BE%D1%82%D0%B0-%D0%BD%D0%B0-%D0%BF%D1%80%D0%BE%D0%B4%D0%B0%D0%B6%D0%BD%D0%B8%D1%86/page/9/ HTTP/1.1" 200 16634 "-" "Mozilla/5.0 AppleWebKit/537.36 (KHTML, like Gecko; compatible; bingbot/2.0; +http://www.bing.com/bingbot.htm) Chrome/116.0.1938.76 Safari/537.36"
216.73.216.187 - - [05/Apr/2026:16:51:53 +0200] "GET /wp-content/plugins/quick-adsense/includes/images/vi-logo-large.png HTTP/1.1" 200 7841 "-" "Mozilla/5.0 AppleWebKit/537.36 (KHTML, like Gecko; compatible; ClaudeBot/1.0; +claudebot@anthropic.com)"
52.167.144.211 - - [05/Apr/2026:16:51:53 +0200] "GET /%D1%80%D0%B0%D0%B4%D0%B5%D0%B2-%D0%BF%D0%BE%D0%B8%D1%81%D0%BA%D0%B0-%D0%BF%D1%80%D0%BE%D0%BC%D0%B5%D0%BD%D0%B8-%D0%B2-%D0%BD%D0%BE%D0%B2%D0%B8%D1%8F-%D1%81%D0%BB%D1%83%D0%B6%D0%B5%D0%B1%D0%B5%D0%BD/ HTTP/1.1" 200 23536 "-" "Mozilla/5.0 AppleWebKit/537.36 (KHTML, like Gecko; compatible; bingbot/2.0; +http://www.bing.com/bingbot.htm) Chrome/116.0.1938.76 Safari/537.36"
40.77.167.155 - - [05/Apr/2026:16:51:54 +0200] "GET /%D0%BA%D1%8A%D1%86%D0%B8-%D0%B2%D0%B0%D0%BF%D1%86%D0%B0%D1%80%D0%BE%D0%B2-%D0%BF%D0%BE-%D1%81%D0%BA%D0%BE%D1%80%D0%BE-%D1%87%D0%BE%D0%B2%D0%B5%D0%BA-%D1%89%D0%B5-%D0%BF%D0%BE%D0%BB%D0%B5%D1%82%D0%B8/ HTTP/1.1" 200 19143 "-" "Mozilla/5.0 AppleWebKit/537.36 (KHTML, like Gecko; compatible; bingbot/2.0; +http://www.bing.com/bingbot.htm) Chrome/116.0.1938.76 Safari/537.36"
52.167.144.25 - - [05/Apr/2026:16:51:54 +0200] "GET /tag/%D0%BF%D0%B8%D1%80%D0%BE%D1%82/ HTTP/1.1" 200 13501 "-" "Mozilla/5.0 AppleWebKit/537.36 (KHTML, like Gecko; compatible; bingbot/2.0; +http://www.bing.com/bingbot.htm) Chrome/116.0.1938.76 Safari/537.36"
34.202.88.37 - - [05/Apr/2026:16:51:57 +0200] "GET /wp-content/plugins/jetpack/_inc/build/after-the-deadline/?C=D;O%3DA HTTP/1.1" 200 421 "-" "Mozilla/5.0 AppleWebKit/537.36 (KHTML, like Gecko; compatible; Amazonbot/0.1; +https://developer.amazon.com/support/amazonbot) Chrome/119.0.6045.214 Safari/537.36"
216.73.216.187 - - [05/Apr/2026:16:51:58 +0200] "GET /wp-content/plugins/quick-adsense/includes/images/jquery.minicolors.png HTTP/1.1" 200 68627 "-" "Mozilla/5.0 AppleWebKit/537.36 (KHTML, like Gecko; compatible; ClaudeBot/1.0; +claudebot@anthropic.com)"
50.19.102.70 - - [05/Apr/2026:16:52:01 +0200] "GET /wp-content/themes/Newspaper/includes/demos/photography/td_media_1.php HTTP/1.1" 500 0 "-" "Mozilla/5.0 AppleWebKit/537.36 (KHTML, like Gecko; compatible; Amazonbot/0.1; +https://developer.amazon.com/support/amazonbot) Chrome/119.0.6045.214 Safari/537.36"
185.191.171.4 - - [05/Apr/2026:16:52:01 +0200] "GET /tag/%D0%BA%D0%BE%D0%BB%D0%BA%D0%BE%D1%82%D0%BE-%D0%BA%D0%B8%D1%80%D0%B8%D0%BB-%D0%BF%D0%B5%D1%82%D0%BA%D0%BE%D0%B2-%D1%81%D0%B5-%D0%BE%D0%BF%D0%B8%D1%82%D0%B2%D0%B0-%D0%B4%D0%B0-%D0%B8%D0%B7%D0%B3%D0%BE/page/4/ HTTP/1.1" 200 16457 "-" "Mozilla/5.0 (compatible; SemrushBot/7~bl; +http://www.semrush.com/bot.html)"
52.167.144.211 - - [05/Apr/2026:16:52:02 +0200] "GET /tag/%D1%83%D0%BD%D0%B8%D1%89%D0%BE%D0%B6%D0%B8%D1%85%D0%B0-%D0%B3%D0%B0%D0%B7%D0%BE%D0%B2%D0%B8%D1%8F-%D1%81%D0%B5%D0%BA%D1%82%D0%BE%D1%80/page/2/ HTTP/1.1" 502 552 "-" "Mozilla/5.0 AppleWebKit/537.36 (KHTML, like Gecko; compatible; bingbot/2.0; +http://www.bing.com/bingbot.htm) Chrome/116.0.1938.76 Safari/537.36"
216.73.216.187 - - [05/Apr/2026:16:52:03 +0200] "GET /wp-content/plugins/jetpack/_inc/lib/?C=S&O=A HTTP/1.1" 200 654 "-" "Mozilla/5.0 AppleWebKit/537.36 (KHTML, like Gecko; compatible; ClaudeBot/1.0; +claudebot@anthropic.com)"
52.167.144.25 - - [05/Apr/2026:16:52:08 +0200] "GET /%D1%89%D0%B5-%D0%BE%D1%86%D0%B5%D0%BB%D0%B5%D1%8F%D1%82-%D0%BB%D0%B8-%D1%84%D0%B8%D1%82%D0%BD%D0%B5%D1%81%D0%B8%D1%82%D0%B5-%D0%B8-%D1%82%D0%B0%D0%BD%D1%86%D0%BE%D0%B2%D0%B8%D1%82%D0%B5-%D1%81%D1%82/ HTTP/1.1" 200 25655 "-" "Mozilla/5.0 AppleWebKit/537.36 (KHTML, like Gecko; compatible; bingbot/2.0; +http://www.bing.com/bingbot.htm) Chrome/116.0.1938.76 Safari/537.36"
216.73.216.187 - - [05/Apr/2026:16:52:08 +0200] "GET /wp-content/uploads/2020/11/masa-324x235.jpg HTTP/1.1" 200 23782 "-" "Mozilla/5.0 AppleWebKit/537.36 (KHTML, like Gecko; compatible; ClaudeBot/1.0; +claudebot@anthropic.com)"
52.167.144.25 - - [05/Apr/2026:16:52:09 +0200] "GET /tag/%D1%81%D1%82%D0%B5%D1%84%D0%BA%D0%B0-%D0%BA%D0%BE%D1%81%D1%82%D0%B0%D0%B4%D0%B8%D0%BD%D0%BE%D0%B2%D0%B0-%D0%BD%D0%B0%D0%BF%D1%80%D0%B0%D0%B2%D0%B8-%D1%86%D1%8F%D0%BB%D0%B0%D1%82%D0%B0-%D1%81%D0%B8/ HTTP/1.1" 200 16422 "-" "Mozilla/5.0 AppleWebKit/537.36 (KHTML, like Gecko; compatible; bingbot/2.0; +http://www.bing.com/bingbot.htm) Chrome/116.0.1938.76 Safari/537.36"
52.167.144.25 - - [05/Apr/2026:16:52:10 +0200] "GET /tag/%D0%BB%D0%B0%D1%83%D1%80%D0%B0-%D0%BA%D1%8C%D0%BE%D0%B2%D0%B5%D1%88%D0%B8-%D1%83%D0%B4%D0%B0%D1%80%D0%B8-%D0%B0%D0%BF%D0%B0%D1%80%D1%82%D0%B0%D0%BC%D0%B5%D0%BD%D1%82%D0%B8/ HTTP/1.1" 200 16548 "-" "Mozilla/5.0 AppleWebKit/537.36 (KHTML, like Gecko; compatible; bingbot/2.0; +http://www.bing.com/bingbot.htm) Chrome/116.0.1938.76 Safari/537.36"
52.167.144.25 - - [05/Apr/2026:16:52:11 +0200] "GET /tag/%D1%84%D0%BE%D0%BD%D0%B4%D0%B0%D1%86%D0%B8%D1%8F-%D1%81%D0%BF%D0%B0%D1%81%D0%B8-%D1%87%D0%BE%D0%B2%D0%B5%D0%BA%D0%B0/ HTTP/1.1" 200 13359 "-" "Mozilla/5.0 AppleWebKit/537.36 (KHTML, like Gecko; compatible; bingbot/2.0; +http://www.bing.com/bingbot.htm) Chrome/116.0.1938.76 Safari/537.36"
216.73.216.187 - - [05/Apr/2026:16:52:13 +0200] "GET /wp-content/uploads/2020/08/tikvyn44-1-100x70.jpg HTTP/1.1" 200 2482 "-" "Mozilla/5.0 AppleWebKit/537.36 (KHTML, like Gecko; compatible; ClaudeBot/1.0; +claudebot@anthropic.com)"
18.207.89.138 - - [05/Apr/2026:16:52:16 +0200] "GET /wp-content/themes/Newspaper/includes/demos/photography/td_media_3.php HTTP/1.1" 500 0 "-" "Mozilla/5.0 AppleWebKit/537.36 (KHTML, like Gecko; compatible; Amazonbot/0.1; +https://developer.amazon.com/support/amazonbot) Chrome/119.0.6045.214 Safari/537.36"
216.73.216.187 - - [05/Apr/2026:16:52:23 +0200] "GET /wp-content/uploads/2018/10/8-7-324x235.jpg HTTP/1.1" 200 18279 "-" "Mozilla/5.0 AppleWebKit/537.36 (KHTML, like Gecko; compatible; ClaudeBot/1.0; +claudebot@anthropic.com)"
2a03:2880:31ff:16:: - - [05/Apr/2026:16:52:27 +0200] "GET /wp-content/uploads/2022/04/neshka-robeva_600x400.jpg HTTP/1.1" 200 27970 "-" "facebookexternalhit/1.1 (+http://www.facebook.com/externalhit_uatext.php)"
216.73.216.187 - - [05/Apr/2026:16:52:28 +0200] "GET /wp-content/uploads/2021/11/rashkov_bgnes-300x169.jpg HTTP/1.1" 200 6755 "-" "Mozilla/5.0 AppleWebKit/537.36 (KHTML, like Gecko; compatible; ClaudeBot/1.0; +claudebot@anthropic.com)"
116.179.32.219 - - [05/Apr/2026:16:52:32 +0200] "GET /wp-content/uploads/2024/10/iotowa-dfg-356x220.jpg HTTP/1.1" 200 17201 "-" "Baiduspider-image+(+http://www.baidu.com/search/spider.htm)"
216.73.216.187 - - [05/Apr/2026:16:52:33 +0200] "GET /wp-content/uploads/2021/02/%d1%80%d1%80-533x261.jpg HTTP/1.1" 200 26327 "-" "Mozilla/5.0 AppleWebKit/537.36 (KHTML, like Gecko; compatible; ClaudeBot/1.0; +claudebot@anthropic.com)"
3.220.148.166 - - [05/Apr/2026:16:52:36 +0200] "GET /wp-content/themes/Newspaper/includes/demos/medicine/td_media_3.php HTTP/1.1" 500 0 "-" "Mozilla/5.0 AppleWebKit/537.36 (KHTML, like Gecko; compatible; Amazonbot/0.1; +https://developer.amazon.com/support/amazonbot) Chrome/119.0.6045.214 Safari/537.36"
17.246.19.250 - - [05/Apr/2026:16:52:38 +0200] "GET /tag/%D0%BF%D1%80%D0%BE%D1%84-%D1%80%D0%B0%D0%B4%D1%83%D0%BB%D0%BE%D0%B2/page/46/ HTTP/1.1" 200 16229 "-" "Mozilla/5.0 (Macintosh; Intel Mac OS X 10_15_7) AppleWebKit/605.1.15 (KHTML, like Gecko) Version/17.4 Safari/605.1.15 (Applebot/0.1; +http://www.apple.com/go/applebot)"
216.73.216.187 - - [05/Apr/2026:16:52:39 +0200] "GET /wp-content/uploads/2024/03/tht-324x400.jpg HTTP/1.1" 200 16208 "-" "Mozilla/5.0 AppleWebKit/537.36 (KHTML, like Gecko; compatible; ClaudeBot/1.0; +claudebot@anthropic.com)"
66.249.77.75 - - [05/Apr/2026:16:52:43 +0200] "GET /wp-content/uploads/2021/01/hristo_botev2-356x220.jpg HTTP/1.1" 200 18759 "-" "Googlebot-Image/1.0"
216.73.216.187 - - [05/Apr/2026:16:52:43 +0200] "GET /wp-content/plugins/td-composer/assets/images/?C=S&O=A HTTP/1.1" 200 425 "-" "Mozilla/5.0 AppleWebKit/537.36 (KHTML, like Gecko; compatible; ClaudeBot/1.0; +claudebot@anthropic.com)"
8.228.88.249 - - [05/Apr/2026:16:52:45 +0200] "GET /category/world/feed/ HTTP/1.1" 200 25594 "-" "Mozilla/5.0 (Windows NT 6.3; WOW64; rv:33.0) Gecko/20100101 Firefox/33.0"
216.73.216.187 - - [05/Apr/2026:16:52:49 +0200] "GET /wp-content/uploads/2021/07/boiko-rashkov-356x364.jpg HTTP/1.1" 200 17427 "-" "Mozilla/5.0 AppleWebKit/537.36 (KHTML, like Gecko; compatible; ClaudeBot/1.0; +claudebot@anthropic.com)"
8.228.88.249 - - [05/Apr/2026:16:52:50 +0200] "GET /feed/ HTTP/1.1" 200 25217 "-" "Mozilla/5.0 (Windows NT 6.3; WOW64; rv:33.0) Gecko/20100101 Firefox/33.0"
85.208.96.203 - - [05/Apr/2026:16:52:51 +0200] "GET /tag/%D0%B8%D0%B2%D0%B0%D0%B9%D0%BB%D0%B0-%D0%B1%D0%B0%D0%BA%D0%B0%D0%BB%D0%BE%D0%B2%D0%B0/page/5/ HTTP/1.1" 200 16097 "-" "Mozilla/5.0 (compatible; SemrushBot/7~bl; +http://www.semrush.com/bot.html)"
216.73.216.187 - - [05/Apr/2026:16:52:54 +0200] "GET /wp-content/uploads/2020/10/lekari-100x70.jpg HTTP/1.1" 200 3766 "-" "Mozilla/5.0 AppleWebKit/537.36 (KHTML, like Gecko; compatible; ClaudeBot/1.0; +claudebot@anthropic.com)"
185.191.171.12 - - [05/Apr/2026:16:52:57 +0200] "GET /tag/%D0%B7%D0%B0%D1%89%D0%BE-%D0%BC%D1%8A%D1%81%D0%BA-%D0%BF%D0%BE%D0%B4%D0%BA%D1%80%D0%B5%D0%BF%D0%B8-%D1%80%D1%83%D1%81%D0%B8%D1%8F/page/3/ HTTP/1.1" 200 16268 "-" "Mozilla/5.0 (compatible; SemrushBot/7~bl; +http://www.semrush.com/bot.html)"
216.73.216.187 - - [05/Apr/2026:16:52:59 +0200] "GET /wp-content/uploads/2021/07/radevMakedonci-324x235.jpg HTTP/1.1" 200 18643 "-" "Mozilla/5.0 AppleWebKit/537.36 (KHTML, like Gecko; compatible; ClaudeBot/1.0; +claudebot@anthropic.com)"
216.73.216.187 - - [05/Apr/2026:16:53:04 +0200] "GET /wp-content/uploads/2021/07/radev-660x330-265x198.jpg HTTP/1.1" 200 8051 "-" "Mozilla/5.0 AppleWebKit/537.36 (KHTML, like Gecko; compatible; ClaudeBot/1.0; +claudebot@anthropic.com)"
216.73.216.187 - - [05/Apr/2026:16:53:09 +0200] "GET /wp-content/uploads/2021/01/radev-rgeger-534x389.jpg HTTP/1.1" 200 38193 "-" "Mozilla/5.0 AppleWebKit/537.36 (KHTML, like Gecko; compatible; ClaudeBot/1.0; +claudebot@anthropic.com)"
185.191.171.14 - - [05/Apr/2026:16:53:10 +0200] "GET /tag/%D0%BD%D0%BE%D0%B2%D0%B8%D0%BD%D0%B8-%D0%B7%D0%B0-%D0%B2%D1%81%D0%B5%D0%BA%D0%B8/page/15/ HTTP/1.1" 200 16456 "-" "Mozilla/5.0 (compatible; SemrushBot/7~bl; +http://www.semrush.com/bot.html)"
216.73.216.187 - - [05/Apr/2026:16:53:14 +0200] "GET /wp-content/uploads/2024/05/fsdf-324x400.jpg HTTP/1.1" 200 12238 "-" "Mozilla/5.0 AppleWebKit/537.36 (KHTML, like Gecko; compatible; ClaudeBot/1.0; +claudebot@anthropic.com)"
216.73.216.187 - - [05/Apr/2026:16:53:19 +0200] "GET /wp-content/uploads/2023/10/radev-reg-533x261.jpg HTTP/1.1" 200 13011 "-" "Mozilla/5.0 AppleWebKit/537.36 (KHTML, like Gecko; compatible; ClaudeBot/1.0; +claudebot@anthropic.com)"
216.73.216.187 - - [05/Apr/2026:16:53:24 +0200] "GET /wp-content/uploads/2024/08/parwan-324x235.jpg HTTP/1.1" 200 12176 "-" "Mozilla/5.0 AppleWebKit/537.36 (KHTML, like Gecko; compatible; ClaudeBot/1.0; +claudebot@anthropic.com)"
216.73.216.187 - - [05/Apr/2026:16:53:31 +0200] "GET /wp-content/uploads/2022/11/putin-1-660x330-150x150.jpg HTTP/1.1" 200 5259 "-" "Mozilla/5.0 AppleWebKit/537.36 (KHTML, like Gecko; compatible; ClaudeBot/1.0; +claudebot@anthropic.com)"
216.73.216.187 - - [05/Apr/2026:16:53:34 +0200] "GET /wp-content/themes/Newspaper/images/thumb-disabled/?C=M&O=A HTTP/1.1" 200 546 "-" "Mozilla/5.0 AppleWebKit/537.36 (KHTML, like Gecko; compatible; ClaudeBot/1.0; +claudebot@anthropic.com)"
185.191.171.8 - - [05/Apr/2026:16:53:36 +0200] "GET /tag/%D0%BA%D0%B8%D1%80%D0%BE-%D0%B2-%D1%81%D1%82%D1%80%D0%B0%D0%BD%D0%B0%D1%82%D0%B0-%D0%BD%D0%B0-%D1%87%D1%83%D0%B4%D0%B5%D1%81%D0%B0%D1%82%D0%B0-%D0%BF%D1%80%D0%B5%D0%BC%D0%B8%D0%B5%D1%80%D1%8A%D1%82/page/3/ HTTP/1.1" 200 17009 "-" "Mozilla/5.0 (compatible; SemrushBot/7~bl; +http://www.semrush.com/bot.html)"
216.73.216.187 - - [05/Apr/2026:16:53:39 +0200] "GET /wp-content/uploads/2020/11/veselina_gancheva-741x450.jpg HTTP/1.1" 200 75359 "-" "Mozilla/5.0 AppleWebKit/537.36 (KHTML, like Gecko; compatible; ClaudeBot/1.0; +claudebot@anthropic.com)"
216.73.216.187 - - [05/Apr/2026:16:53:44 +0200] "GET /wp-content/uploads/2024/01/hjty-rghj-768x406.jpg HTTP/1.1" 200 74962 "-" "Mozilla/5.0 AppleWebKit/537.36 (KHTML, like Gecko; compatible; ClaudeBot/1.0; +claudebot@anthropic.com)"
216.73.216.187 - - [05/Apr/2026:16:53:49 +0200] "GET /wp-content/uploads/2019/01/big_39bc46a074f80babd455e778a917a5c1-265x198.jpg HTTP/1.1" 200 18607 "-" "Mozilla/5.0 AppleWebKit/537.36 (KHTML, like Gecko; compatible; ClaudeBot/1.0; +claudebot@anthropic.com)"
216.73.216.187 - - [05/Apr/2026:16:53:54 +0200] "GET /wp-content/uploads/2020/11/zastroqvane-pp-mir-300x169.jpg HTTP/1.1" 200 15443 "-" "Mozilla/5.0 AppleWebKit/537.36 (KHTML, like Gecko; compatible; ClaudeBot/1.0; +claudebot@anthropic.com)"
85.208.96.204 - - [05/Apr/2026:16:53:55 +0200] "GET /tag/%D0%B8%D0%B3%D0%BD%D0%B0%D1%82%D0%BE%D0%B2%D0%B0/page/9/ HTTP/1.1" 200 16495 "-" "Mozilla/5.0 (compatible; SemrushBot/7~bl; +http://www.semrush.com/bot.html)"
216.73.216.187 - - [05/Apr/2026:16:53:59 +0200] "GET /wp-content/uploads/2023/05/stoqnov-534x400.jpg HTTP/1.1" 200 21375 "-" "Mozilla/5.0 AppleWebKit/537.36 (KHTML, like Gecko; compatible; ClaudeBot/1.0; +claudebot@anthropic.com)"
17.22.245.97 - - [05/Apr/2026:16:54:03 +0200] "GET /tag/%d0%bf%d0%be%d0%bb%d0%be%d0%b6%d0%b8%d1%82%d0%b5%d0%bb%d0%bd%d0%be/ HTTP/1.1" 502 150 "-" "Mozilla/5.0 (Macintosh; Intel Mac OS X 10_15_7) AppleWebKit/605.1.15 (KHTML, like Gecko) Version/17.4 Safari/605.1.15 (Applebot/0.1; +http://www.apple.com/go/applebot)"
216.73.216.187 - - [05/Apr/2026:16:54:04 +0200] "GET /wp-content/uploads/2025/04/960x540-2-300x169.jpg HTTP/1.1" 200 14653 "-" "Mozilla/5.0 AppleWebKit/537.36 (KHTML, like Gecko; compatible; ClaudeBot/1.0; +claudebot@anthropic.com)"
216.73.216.187 - - [05/Apr/2026:16:54:09 +0200] "GET /wp-content/uploads/2021/01/574897b810444a65ad9d91756a84e6c5-534x416.jpg HTTP/1.1" 200 30646 "-" "Mozilla/5.0 AppleWebKit/537.36 (KHTML, like Gecko; compatible; ClaudeBot/1.0; +claudebot@anthropic.com)"
198.244.226.82 - - [05/Apr/2026:16:54:12 +0200] "GET /tag/%D0%B4%D1%8A%D0%BD%D0%BD%D0%B0-%D0%B4%D1%8A%D1%80%D0%B6%D0%B0%D0%B2%D0%B0/page/5/ HTTP/1.1" 200 16330 "-" "Mozilla/5.0 (compatible; AhrefsBot/7.0; +http://ahrefs.com/robot/)"
216.73.216.187 - - [05/Apr/2026:16:54:14 +0200] "GET /wp-content/uploads/2020/12/big_big_4_6_-1-696x368.jpg HTTP/1.1" 200 35970 "-" "Mozilla/5.0 AppleWebKit/537.36 (KHTML, like Gecko; compatible; ClaudeBot/1.0; +claudebot@anthropic.com)"
216.73.216.187 - - [05/Apr/2026:16:54:19 +0200] "GET /wp-content/uploads/2025/04/1010x570-2-80x60.jpg HTTP/1.1" 200 2334 "-" "Mozilla/5.0 AppleWebKit/537.36 (KHTML, like Gecko; compatible; ClaudeBot/1.0; +claudebot@anthropic.com)"
216.73.216.187 - - [05/Apr/2026:16:54:24 +0200] "GET /wp-content/uploads/2020/11/miroluba_benatova2-356x364.jpg HTTP/1.1" 200 25565 "-" "Mozilla/5.0 AppleWebKit/537.36 (KHTML, like Gecko; compatible; ClaudeBot/1.0; +claudebot@anthropic.com)"
119.249.100.172 - - [05/Apr/2026:16:54:26 +0200] "GET /wp-content/uploads/2024/11/1010x570-1-324x160.jpg HTTP/1.1" 200 7069 "-" "Mozilla/5.0 (Windows NT 10.0; WOW64) AppleWebKit/537.36 (KHTML, like Gecko) Chrome/48.0.2564.116 Safari/537.36"
85.208.96.200 - - [05/Apr/2026:16:54:28 +0200] "GET /%D1%80%D0%B0%D1%88%D0%BA%D0%BE%D0%B2-%D0%BF%D0%B8%D1%82%D0%B0-%D0%B7%D0%B0-%D0%BA%D1%8A%D1%89%D0%B0%D1%82%D0%B0-%D0%B2-%D0%B1%D0%B0%D1%80%D1%81%D0%B5%D0%BB%D0%BE%D0%BD%D0%B0-%D1%81-%D1%87%D0%B8%D0%B8/ HTTP/1.1" 200 28118 "-" "Mozilla/5.0 (compatible; SemrushBot/7~bl; +http://www.semrush.com/bot.html)"
216.73.216.187 - - [05/Apr/2026:16:54:29 +0200] "GET /wp-content/uploads/2021/04/991-ratio-rumen-radev-150x150.jpg HTTP/1.1" 200 5614 "-" "Mozilla/5.0 AppleWebKit/537.36 (KHTML, like Gecko; compatible; ClaudeBot/1.0; +claudebot@anthropic.com)"
216.73.216.187 - - [05/Apr/2026:16:54:34 +0200] "GET /wp-content/uploads/2020/09/arman_babikian_-696x460.jpg HTTP/1.1" 200 40243 "-" "Mozilla/5.0 AppleWebKit/537.36 (KHTML, like Gecko; compatible; ClaudeBot/1.0; +claudebot@anthropic.com)"
216.73.216.187 - - [05/Apr/2026:16:54:39 +0200] "GET /wp-content/uploads/2024/07/radew-rgt-324x235.jpg HTTP/1.1" 200 10403 "-" "Mozilla/5.0 AppleWebKit/537.36 (KHTML, like Gecko; compatible; ClaudeBot/1.0; +claudebot@anthropic.com)"
216.73.216.187 - - [05/Apr/2026:16:54:44 +0200] "GET /wp-content/uploads/2022/04/1649488412-150x150.jpg HTTP/1.1" 200 5484 "-" "Mozilla/5.0 AppleWebKit/537.36 (KHTML, like Gecko; compatible; ClaudeBot/1.0; +claudebot@anthropic.com)"
44.212.232.231 - - [05/Apr/2026:16:54:48 +0200] "GET /wp-content/themes/Newspaper/includes/demos/craft_ideas/font/craft_ideas.woff HTTP/1.1" 200 7264 "-" "Mozilla/5.0 AppleWebKit/537.36 (KHTML, like Gecko; compatible; Amazonbot/0.1; +https://developer.amazon.com/support/amazonbot) Chrome/119.0.6045.214 Safari/537.36"
85.208.96.193 - - [05/Apr/2026:16:54:49 +0200] "GET /tag/%D0%B8%D1%81%D0%BA%D0%B0%D1%82-%D0%B4%D0%B0-%D1%87%D0%B5%D0%B3%D1%8A%D1%80%D1%82%D0%B0%D1%82-%D0%B1%D0%BE%D1%80%D0%B8%D1%81%D0%BE%D0%B2/page/18/ HTTP/1.1" 200 16757 "-" "Mozilla/5.0 (compatible; SemrushBot/7~bl; +http://www.semrush.com/bot.html)"
216.73.216.187 - - [05/Apr/2026:16:54:50 +0200] "GET /wp-content/uploads/2023/05/13-10-25-20964-533x261.jpg HTTP/1.1" 200 23468 "-" "Mozilla/5.0 AppleWebKit/537.36 (KHTML, like Gecko; compatible; ClaudeBot/1.0; +claudebot@anthropic.com)"
52.167.144.211 - - [05/Apr/2026:16:54:55 +0200] "GET /tag/%D1%80%D0%B5%D0%BF%D1%83%D0%B1%D0%BB%D0%B8%D0%BA%D0%B0-%D0%B1%D1%8A%D0%BB%D0%B3%D0%B0%D1%80%D0%B8%D1%8F/page/3/ HTTP/1.1" 200 16300 "-" "Mozilla/5.0 AppleWebKit/537.36 (KHTML, like Gecko; compatible; bingbot/2.0; +http://www.bing.com/bingbot.htm) Chrome/116.0.1938.76 Safari/537.36"
216.73.216.187 - - [05/Apr/2026:16:54:55 +0200] "GET /wp-content/uploads/2018/11/pari-635x420-218x150.jpg HTTP/1.1" 200 11251 "-" "Mozilla/5.0 AppleWebKit/537.36 (KHTML, like Gecko; compatible; ClaudeBot/1.0; +claudebot@anthropic.com)"
198.244.240.110 - - [05/Apr/2026:16:54:56 +0200] "GET /wp-content/uploads/2024/06/plamen-kirov-655x348-356x220.jpg HTTP/1.1" 200 10141 "-" "Mozilla/5.0 (compatible; AhrefsBot/7.0; +http://ahrefs.com/robot/)"
198.244.183.225 - - [05/Apr/2026:16:54:56 +0200] "GET /wp-content/uploads/2019/04/11-08-04-77762_3.jpg HTTP/1.1" 200 70810 "-" "Mozilla/5.0 (compatible; AhrefsBot/7.0; +http://ahrefs.com/robot/)"
52.167.144.211 - - [05/Apr/2026:16:54:56 +0200] "GET /tag/%D0%BF%D1%80%D0%B5%D0%BC%D0%B8%D0%B5%D1%80-%D0%B0%D1%81%D0%B5%D0%BD-%D0%B2%D0%B0%D1%81%D0%B8%D0%BB%D0%B5%D0%B2/page/3/ HTTP/1.1" 200 16650 "-" "Mozilla/5.0 AppleWebKit/537.36 (KHTML, like Gecko; compatible; bingbot/2.0; +http://www.bing.com/bingbot.htm) Chrome/116.0.1938.76 Safari/537.36"
52.167.144.211 - - [05/Apr/2026:16:54:58 +0200] "GET /%D0%B0%D1%80%D0%B5%D1%81%D1%82%D1%83%D0%B2%D0%B0%D1%85%D0%B0-e%D0%B4%D0%B8%D0%BD-%D0%BE%D1%82-%D0%BC%D0%BD%D0%BE%D0%B3%D0%BE%D1%82%D0%BE-%D1%86%D0%B0%D1%80%D0%B5-%D0%BD%D0%B0-%D0%BA%D0%BE%D1%80%D1%83/ HTTP/1.1" 200 76532 "-" "Mozilla/5.0 AppleWebKit/537.36 (KHTML, like Gecko; compatible; bingbot/2.0; +http://www.bing.com/bingbot.htm) Chrome/116.0.1938.76 Safari/537.36"
52.167.144.25 - - [05/Apr/2026:16:54:59 +0200] "GET /tag/%D1%85%D1%80%D0%B8%D1%81%D1%82%D0%BE-%D0%B9%D0%BE%D1%86%D0%BE%D0%B2/ HTTP/1.1" 200 13744 "-" "Mozilla/5.0 AppleWebKit/537.36 (KHTML, like Gecko; compatible; bingbot/2.0; +http://www.bing.com/bingbot.htm) Chrome/116.0.1938.76 Safari/537.36"
52.167.144.25 - - [05/Apr/2026:16:55:00 +0200] "GET /tag/%D1%81%D0%BF%D1%80%D0%B5%D1%82%D0%B5-%D1%81-%D0%BF%D0%BE%D0%BC%D0%B8%D1%8F%D1%82%D0%B0-%D1%81%D0%B8-%D1%81%D1%80%D0%B5%D1%89%D1%83-%D0%BD%D0%B5%D1%8F/page/4/ HTTP/1.1" 200 16333 "-" "Mozilla/5.0 AppleWebKit/537.36 (KHTML, like Gecko; compatible; bingbot/2.0; +http://www.bing.com/bingbot.htm) Chrome/116.0.1938.76 Safari/537.36"
216.73.216.187 - - [05/Apr/2026:16:55:00 +0200] "GET /tag/%D0%B2%D0%B5%D1%81%D1%82%D0%B8/page/129 HTTP/1.1" 301 0 "-" "Mozilla/5.0 AppleWebKit/537.36 (KHTML, like Gecko; compatible; ClaudeBot/1.0; +claudebot@anthropic.com)"
52.167.144.25 - - [05/Apr/2026:16:55:01 +0200] "GET /tag/%D1%87%D0%B0%D1%88%D0%B0%D1%82%D0%B0-%D0%BF%D1%80%D0%B5%D0%BB%D1%8F-%D1%80%D0%B0%D0%B4%D0%B5%D0%B2-%D0%BE%D0%B1%D1%8F%D0%B2%D0%B8-%D0%B2%D0%BE%D0%B9%D0%BD%D0%B0-%D0%BD%D0%B0-%D0%BA%D0%B8%D1%80%D0%BE/page/31/ HTTP/1.1" 502 552 "-" "Mozilla/5.0 AppleWebKit/537.36 (KHTML, like Gecko; compatible; bingbot/2.0; +http://www.bing.com/bingbot.htm) Chrome/116.0.1938.76 Safari/537.36"
216.73.216.187 - - [05/Apr/2026:16:55:01 +0200] "GET /tag/%D0%B2%D0%B5%D1%81%D1%82%D0%B8/page/129/ HTTP/1.1" 200 9458 "https://netvesti.com/tag/%D0%B2%D0%B5%D1%81%D1%82%D0%B8/page/129" "Mozilla/5.0 AppleWebKit/537.36 (KHTML, like Gecko; compatible; ClaudeBot/1.0; +claudebot@anthropic.com)"
52.167.144.25 - - [05/Apr/2026:16:55:05 +0200] "GET /tag/%D1%80%D0%B0%D0%B4%D0%B5%D0%B2-%D0%BE%D1%82%D0%BD%D0%BE%D0%B2%D0%BE-%D0%B2%D0%BB%D0%B5%D0%B7%D0%B5-%D0%B2-%D1%80%D0%BE%D0%BB%D1%8F%D1%82%D0%B0-%D1%81%D0%B8-%D0%BD%D0%B0-%D0%BF%D1%80%D0%B5%D0%B7%D0%B8/ HTTP/1.1" 502 552 "-" "Mozilla/5.0 AppleWebKit/537.36 (KHTML, like Gecko; compatible; bingbot/2.0; +http://www.bing.com/bingbot.htm) Chrome/116.0.1938.76 Safari/537.36"
40.77.167.155 - - [05/Apr/2026:16:55:05 +0200] "GET /category/%D0%B1%D1%8A%D0%BB%D0%B3%D0%B0%D1%80%D0%B8%D1%8F/page/270/?filter_by=featured HTTP/1.1" 502 552 "-" "Mozilla/5.0 AppleWebKit/537.36 (KHTML, like Gecko; compatible; bingbot/2.0; +http://www.bing.com/bingbot.htm) Chrome/116.0.1938.76 Safari/537.36"
216.73.216.187 - - [05/Apr/2026:16:55:05 +0200] "GET /wp-content/uploads/2020/10/trio-za-ek-300x159.jpg HTTP/1.1" 502 150 "-" "Mozilla/5.0 AppleWebKit/537.36 (KHTML, like Gecko; compatible; ClaudeBot/1.0; +claudebot@anthropic.com)"
40.77.167.155 - - [05/Apr/2026:16:55:06 +0200] "GET /tag/%D0%B2%D1%8A%D0%BE%D0%B1%D1%80%D0%B0%D0%B6%D0%B5%D0%BD%D0%B8%D0%B5/ HTTP/1.1" 502 552 "-" "Mozilla/5.0 AppleWebKit/537.36 (KHTML, like Gecko; compatible; bingbot/2.0; +http://www.bing.com/bingbot.htm) Chrome/116.0.1938.76 Safari/537.36"
52.167.144.25 - - [05/Apr/2026:16:55:06 +0200] "GET /tag/%D0%BF%D1%80%D0%B5%D0%BC%D0%B8%D0%B5%D1%80-%D0%B0%D1%81%D0%B5%D0%BD-%D0%B2%D0%B0%D1%81%D0%B8%D0%BB%D0%B5%D0%B2/page/27/ HTTP/1.1" 502 552 "-" "Mozilla/5.0 AppleWebKit/537.36 (KHTML, like Gecko; compatible; bingbot/2.0; +http://www.bing.com/bingbot.htm) Chrome/116.0.1938.76 Safari/537.36"
40.77.167.155 - - [05/Apr/2026:16:55:06 +0200] "GET /%D1%82%D1%83%D1%80%D1%81%D0%BA%D0%B8%D1%82%D0%B5-%D0%B0%D0%B2%D0%B8%D0%BE%D0%BB%D0%B8%D0%BD%D0%B8%D0%B8-%D0%B2%D1%8A%D0%B7%D0%BE%D0%B1%D0%BD%D0%BE%D0%B2%D0%B8%D1%85%D0%B0-%D0%BF%D0%BE%D0%BB%D0%B5/ HTTP/1.1" 502 552 "-" "Mozilla/5.0 AppleWebKit/537.36 (KHTML, like Gecko; compatible; bingbot/2.0; +http://www.bing.com/bingbot.htm) Chrome/116.0.1938.76 Safari/537.36"
52.167.144.25 - - [05/Apr/2026:16:55:09 +0200] "GET /tag/%D1%81%D0%B0%D0%BC%D0%BE-%D0%B7%D0%B0-%D0%B5%D0%B4%D0%BD%D0%B0-%D0%B3%D0%BE%D0%B4%D0%B8%D0%BD%D0%B0-%D0%BA%D0%B0%D0%B1%D0%B8%D0%BD%D0%B5%D1%82%D1%8A%D1%82-%D0%B1%D0%BE%D1%80%D0%B8%D1%81%D0%BE/ HTTP/1.1" 200 13656 "-" "Mozilla/5.0 AppleWebKit/537.36 (KHTML, like Gecko; compatible; bingbot/2.0; +http://www.bing.com/bingbot.htm) Chrome/116.0.1938.76 Safari/537.36"
216.73.216.187 - - [05/Apr/2026:16:55:10 +0200] "GET /wp-content/themes/Newspaper/images/no-thumb/td_696x0.png HTTP/1.1" 200 16615 "-" "Mozilla/5.0 AppleWebKit/537.36 (KHTML, like Gecko; compatible; ClaudeBot/1.0; +claudebot@anthropic.com)"
216.73.216.187 - - [05/Apr/2026:16:55:15 +0200] "GET /wp-content/uploads/2020/11/radev-nomer-1-741x432.jpg HTTP/1.1" 200 36086 "-" "Mozilla/5.0 AppleWebKit/537.36 (KHTML, like Gecko; compatible; ClaudeBot/1.0; +claudebot@anthropic.com)"
66.249.77.75 - - [05/Apr/2026:16:55:16 +0200] "GET /%D0%BF%D1%80%D0%BE%D1%84-%D0%B4%D0%B6-%D1%80%D0%B5%D0%BC%D1%83%D1%86%D0%B8-%D0%BA%D0%B0%D0%BA-%D0%B4%D0%B0-%D0%BF%D0%BE%D0%B1%D0%B5%D0%B4%D0%B8%D0%BC-%D0%BA-19-%D0%B1%D0%B5%D0%B7-%D0%B1%D0%BE%D0%BB/ HTTP/1.1" 200 20913 "-" "Mozilla/5.0 (Linux; Android 6.0.1; Nexus 5X Build/MMB29P) AppleWebKit/537.36 (KHTML, like Gecko) Chrome/146.0.7680.177 Mobile Safari/537.36 (compatible; Googlebot/2.1; +http://www.google.com/bot.html)"
216.73.216.187 - - [05/Apr/2026:16:55:20 +0200] "GET /wp-content/uploads/2021/02/screenshot578582-750x375-218x150.jpg HTTP/1.1" 200 5794 "-" "Mozilla/5.0 AppleWebKit/537.36 (KHTML, like Gecko; compatible; ClaudeBot/1.0; +claudebot@anthropic.com)"
66.249.77.76 - - [05/Apr/2026:16:55:22 +0200] "GET /%D1%80%D0%B0%D0%B4%D0%B5%D0%B2-%D0%BE%D1%87%D0%B0%D0%BA%D0%B2%D0%B0%D0%BC-%D0%B1%D1%8A%D0%BB%D0%B3%D0%B0%D1%80%D0%B8%D1%82%D0%B5-%D0%BD%D0%B0-14-%D0%BD%D0%BE%D0%B5%D0%BC%D0%B2%D1%80%D0%B8-%D1%8F/ HTTP/1.1" 200 40066 "-" "Mozilla/5.0 (Linux; Android 6.0.1; Nexus 5X Build/MMB29P) AppleWebKit/537.36 (KHTML, like Gecko) Chrome/146.0.7680.177 Mobile Safari/537.36 (compatible; GoogleOther)"
216.73.216.187 - - [05/Apr/2026:16:55:25 +0200] "GET /wp-content/uploads/2020/11/atanas-mangurov-300x169.jpg HTTP/1.1" 200 9629 "-" "Mozilla/5.0 AppleWebKit/537.36 (KHTML, like Gecko; compatible; ClaudeBot/1.0; +claudebot@anthropic.com)"
216.73.216.187 - - [05/Apr/2026:16:55:30 +0200] "GET /wp-content/uploads/2021/08/cvetana-maneva_600x370-533x261.jpg HTTP/1.1" 200 13468 "-" "Mozilla/5.0 AppleWebKit/537.36 (KHTML, like Gecko; compatible; ClaudeBot/1.0; +claudebot@anthropic.com)"
216.73.216.187 - - [05/Apr/2026:16:55:36 +0200] "GET /wp-content/uploads/2020/02/d0bfd183d188d0b0d187d0b8-vs-d0bdd0b5d0bfd183d188d0b0d187d0b8-d0b4d0b0-d0b8d0bcd0b0d182-d0bbd0b8-d0bfd0bed0b2d0b5d187d0b5-d0b3d0bed0b4-356x364.jpg HTTP/1.1" 200 12434 "-" "Mozilla/5.0 AppleWebKit/537.36 (KHTML, like Gecko; compatible; ClaudeBot/1.0; +claudebot@anthropic.com)"
216.73.216.187 - - [05/Apr/2026:16:55:36 +0200] "GET /wp-content/uploads/2020/04/d0b4d0bfd181-d0b8d181d0bad0b0-d0bfd0bbd0b0d0bd-d0b7d0b0-d0b8d0b7d0bbd0b8d0b7d0b0d0bdd0b5-d0bed182-d0bad180d0b8d0b7d0b0d182d0b0-d0b8-d182-533x261.jpg HTTP/1.1" 200 30248 "-" "Mozilla/5.0 AppleWebKit/537.36 (KHTML, like Gecko; compatible; ClaudeBot/1.0; +claudebot@anthropic.com)"
216.73.216.187 - - [05/Apr/2026:16:55:37 +0200] "GET /wp-content/uploads/2020/05/d0b4d0bed0b1d180d0b0d182d0b0-d0bdd0bed0b2d0b8d0bdd0b0-d0b1d0b0d0b1d0b0-d0b4d0b0d180d0b8-d181d0bfd0b5d181d182d18fd0b2d0b0d0bdd0b8d18f-100x70.jpg HTTP/1.1" 200 2853 "-" "Mozilla/5.0 AppleWebKit/537.36 (KHTML, like Gecko; compatible; ClaudeBot/1.0; +claudebot@anthropic.com)"
216.73.216.187 - - [05/Apr/2026:16:55:38 +0200] "GET /wp-content/uploads/2020/03/d0b2-d0b3d18ad180d186d0b8d18f-d0bdd0b0d186d0b8d0bed0bdd0b0d0bbd0b5d0bd-d0bfd180d0b0d0b7d0bdd0b8d0ba-d0bfd0bed0b4-d0bfd18ad0bbd0bdd0b0-300x225.jpg HTTP/1.1" 200 15703 "-" "Mozilla/5.0 AppleWebKit/537.36 (KHTML, like Gecko; compatible; ClaudeBot/1.0; +claudebot@anthropic.com)"
216.73.216.187 - - [05/Apr/2026:16:55:38 +0200] "GET /wp-content/uploads/2020/04/d0b1d0bed180d0b8d181d0bed0b2-d0bed0b1d0bcd0b8d181d0bbd18fd0bcd0b5-d0bed182d0bfd0b0d0b4d0b0d0bdd0b5-d0bdd0b0-d0b8d0b7d0b2d18ad0bdd180-324x235.jpg HTTP/1.1" 200 20750 "-" "Mozilla/5.0 AppleWebKit/537.36 (KHTML, like Gecko; compatible; ClaudeBot/1.0; +claudebot@anthropic.com)"
216.73.216.187 - - [05/Apr/2026:16:55:39 +0200] "GET /wp-content/uploads/2020/06/d0bfd180d0b8-d0b3d180d18ad0bcd0bed182d0b5d0b2d0b8d186d0b8-d0b8-d0bcd18ad0bbd0bdd0b8d0b8-d0b4d0b0d0bbd0b5d187-d0bed182-d0b2d0bed0b4d0b0-218x150.jpg HTTP/1.1" 200 5202 "-" "Mozilla/5.0 AppleWebKit/537.36 (KHTML, like Gecko; compatible; ClaudeBot/1.0; +claudebot@anthropic.com)"
216.73.216.187 - - [05/Apr/2026:16:55:39 +0200] "GET /wp-content/uploads/2020/07/d181d0b0d0bcd0be-d0b7d0b0-d0bcd0b5d181d0b5d186-d0b8d0bcd0b0d0bcd0b5-d183d182d180d0bed18fd0b2d0b0d0bdd0b5-d0bdd0b0-d185d0bed181d0bfd0b8-265x198.jpg HTTP/1.1" 200 12857 "-" "Mozilla/5.0 AppleWebKit/537.36 (KHTML, like Gecko; compatible; ClaudeBot/1.0; +claudebot@anthropic.com)"
216.73.216.187 - - [05/Apr/2026:16:55:40 +0200] "GET /wp-content/uploads/2020/04/d181-d185d180d0b0d0bdd0b0-d0b8-d0b7d0b0d0b5d0bcd0b8-d0bad0b0d0ba-d0bcd0b0d184d0b8d18fd182d0b0-d183d0b2d0b5d0bbd0b8d187d0b0d0b2d0b0-d0b2-324x235.jpg HTTP/1.1" 200 16323 "-" "Mozilla/5.0 AppleWebKit/537.36 (KHTML, like Gecko; compatible; ClaudeBot/1.0; +claudebot@anthropic.com)"
216.73.216.187 - - [05/Apr/2026:16:55:40 +0200] "GET /wp-content/uploads/2020/01/d0b1d0b8d182d0bad0b0d182d0b0-d0bfd180d0b8-d0b0d0b4d180d0b8d0b0d0bdd0bed0bfd0bed0bb-d0bad0b0d0bbd0bed18fd0bd-d0bed0b1d0b5d0b7d0b3d0bb-356x364.jpg HTTP/1.1" 200 23436 "-" "Mozilla/5.0 AppleWebKit/537.36 (KHTML, like Gecko; compatible; ClaudeBot/1.0; +claudebot@anthropic.com)"
216.73.216.187 - - [05/Apr/2026:16:55:41 +0200] "GET /wp-content/uploads/2019/11/d0bfd180d0bed0b2d0b5d180d0b8d185d0b0-d0b8d0b7d0b2d18ad0bdd180d0b5d0b4d0bdd0be-d18fd0b7d0bed0b2d0b8d180-d181d182d183d0b4d0b5d0bdd0b0-150x150.jpg HTTP/1.1" 200 7134 "-" "Mozilla/5.0 AppleWebKit/537.36 (KHTML, like Gecko; compatible; ClaudeBot/1.0; +claudebot@anthropic.com)"
216.73.216.187 - - [05/Apr/2026:16:55:42 +0200] "GET /wp-content/uploads/2020/06/d0bad0b0d0b7d0b8d187d0b5d0bdd0b5-d0b8-d0bbd0bed0b7d0b5d0bd-d0b2d180d0b5d0bcd0b5d0bdd0bdd0be-d0b1d0b5d0b7-d182d0bed0ba-d0b7d0b0d180d0b0-265x198.jpg HTTP/1.1" 200 7466 "-" "Mozilla/5.0 AppleWebKit/537.36 (KHTML, like Gecko; compatible; ClaudeBot/1.0; +claudebot@anthropic.com)"
216.73.216.187 - - [05/Apr/2026:16:55:42 +0200] "GET /wp-content/uploads/2020/04/d0bdd0b5-d0b5-d0bdd0b0d0b9-d0b2d0b0d0b6d0bdd0bed182d0be-d0b4d0b0-d0bcd0b8d0bdd0b5d0bc-d0bfd0bed0b4-d0bfd0bbd0b0d189d0b0d0bdd0b8-356x364.jpg HTTP/1.1" 200 20948 "-" "Mozilla/5.0 AppleWebKit/537.36 (KHTML, like Gecko; compatible; ClaudeBot/1.0; +claudebot@anthropic.com)"
216.73.216.187 - - [05/Apr/2026:16:55:43 +0200] "GET /wp-content/uploads/2020/05/d0b2d18ad0b7d185d0bed0b4d18ad182-d0bdd0b0-d0bdd0bed0b2d0b0d182d0b0-d0bfd0b5d182d0b0-d0bcd0b0d184d0b8d18f-d0b2-d0b8d182d0b0d0bbd0b8d18f-356x364.jpg HTTP/1.1" 200 29799 "-" "Mozilla/5.0 AppleWebKit/537.36 (KHTML, like Gecko; compatible; ClaudeBot/1.0; +claudebot@anthropic.com)"
216.73.216.187 - - [05/Apr/2026:16:55:43 +0200] "GET /wp-content/uploads/2020/04/d0b8d180d0bbd0b0d0bdd0b4d181d0bad0b8d18fd182-d0bfd180d0b5d0bcd0b8d0b5d180-d0b7d0b0d0bfd0bed187d0b2d0b0-d0b4d0b0-d0b4d0b0d0b2d0b0-d0b4-265x198.jpg HTTP/1.1" 200 6814 "-" "Mozilla/5.0 AppleWebKit/537.36 (KHTML, like Gecko; compatible; ClaudeBot/1.0; +claudebot@anthropic.com)"
216.73.216.187 - - [05/Apr/2026:16:55:44 +0200] "GET /wp-content/uploads/2020/06/d0bfd180d0b8-d0bad0b0d0bad0b2d0b8-d183d181d0bbd0bed0b2d0b8d18f-d181d0b5-d0b2d18ad0b7d0bed0b1d0bdd0bed0b2d18fd0b2d0b0d182-d0bfd0bed0bb-324x235.jpg HTTP/1.1" 200 23568 "-" "Mozilla/5.0 AppleWebKit/537.36 (KHTML, like Gecko; compatible; ClaudeBot/1.0; +claudebot@anthropic.com)"
216.73.216.187 - - [05/Apr/2026:16:55:44 +0200] "GET /wp-content/uploads/2020/04/d0b2d181d0b5d0bad0b8-d0b8d0b7d0bfd18ad0bbd0bdd0b8d182d0b5d0bb-d0bcd0bed0b6d0b5-d0b4d0b0-d181d0b5-d181d0b4d0bed0b1d0b8d0b5-d181-d0bad0be-80x60.jpg HTTP/1.1" 200 1965 "-" "Mozilla/5.0 AppleWebKit/537.36 (KHTML, like Gecko; compatible; ClaudeBot/1.0; +claudebot@anthropic.com)"
216.73.216.187 - - [05/Apr/2026:16:55:45 +0200] "GET /wp-content/uploads/2020/06/bwin-d0bfd0bed0bad0b5d180-d0bfd180d0bed184d0b5d181d0b8d0bed0bdd0b0d0bbd0bdd0b8-d0bfd180d0b5d0b4d0bbd0bed0b6d0b5d0bdd0b8d18f-d0b7d0b0-560x420.jpg HTTP/1.1" 200 22690 "-" "Mozilla/5.0 AppleWebKit/537.36 (KHTML, like Gecko; compatible; ClaudeBot/1.0; +claudebot@anthropic.com)"
185.191.171.6 - - [05/Apr/2026:16:55:45 +0200] "GET /tag/%D0%B0%D0%BC%D0%B5%D1%80%D0%B8%D0%BA%D0%B0/page/36/ HTTP/1.1" 200 16104 "-" "Mozilla/5.0 (compatible; SemrushBot/7~bl; +http://www.semrush.com/bot.html)"
216.73.216.187 - - [05/Apr/2026:16:55:45 +0200] "GET /wp-content/uploads/2020/03/d0b5d0b4d0b8d0bd-d180d0b5d181d0bfd0b8d180d0b0d182d0bed180-d189d0b5-d0bcd0bed0b6d0b5-d0b4d0b0-d0b1d18ad0b4d0b5-d0b8d0b7d0bfd0bed0bbd0b7-80x60.jpg HTTP/1.1" 200 2511 "-" "Mozilla/5.0 AppleWebKit/537.36 (KHTML, like Gecko; compatible; ClaudeBot/1.0; +claudebot@anthropic.com)"
216.73.216.187 - - [05/Apr/2026:16:55:46 +0200] "GET /wp-content/uploads/2020/05/d0bed0b1d0bbd0b5d0bad187d0b0d0b2d0b0d0bdd0b5d182d0be-d0bdd0b0-d0bcd0b5d180d0bad0b8d182d0b5-d0bdd0b5-d0bed0b7d0bdd0b0d187d0b0d0b2d0b0-150x150.jpg HTTP/1.1" 200 5033 "-" "Mozilla/5.0 AppleWebKit/537.36 (KHTML, like Gecko; compatible; ClaudeBot/1.0; +claudebot@anthropic.com)"
216.73.216.187 - - [05/Apr/2026:16:55:46 +0200] "GET /wp-content/uploads/2020/06/d180d183d0bcd0b5d0bd-d0b4d180d0b0d0b3d0b0d0bdd0bed0b2-d0b7d0b0-d182d183d180d0b8d0b7d0bcd0b0-d186d0b5d0bdd0b0d182d0b0-d181d0b5-d0bed0bf-534x450.jpg HTTP/1.1" 200 41182 "-" "Mozilla/5.0 AppleWebKit/537.36 (KHTML, like Gecko; compatible; ClaudeBot/1.0; +claudebot@anthropic.com)"
216.73.216.187 - - [05/Apr/2026:16:55:47 +0200] "GET /wp-content/uploads/2022/03/big_big_big_Image_10998263_500_0725cb3_1_c44-741x486.jpg HTTP/1.1" 200 44150 "-" "Mozilla/5.0 AppleWebKit/537.36 (KHTML, like Gecko; compatible; ClaudeBot/1.0; +claudebot@anthropic.com)"
216.73.216.187 - - [05/Apr/2026:16:55:48 +0200] "GET /wp-content/uploads/2020/05/d181d18ad0b4d0b8d0bbd0b8d189d0b0d182d0b0-d0bfd0bed0b5d182d0b0d0bfd0bdd0be-d0b2d18ad0b7d0bed0b1d0bdd0bed0b2d18fd0b2d0b0d182-d0b4d0b5-300x225.jpg HTTP/1.1" 200 11603 "-" "Mozilla/5.0 AppleWebKit/537.36 (KHTML, like Gecko; compatible; ClaudeBot/1.0; +claudebot@anthropic.com)"
216.73.216.187 - - [05/Apr/2026:16:55:49 +0200] "GET /wp-content/uploads/2021/04/%d0%b8%d0%b7%d1%82%d0%b5%d0%b3%d0%bb%d0%b5%d0%bd-%d1%84%d0%b0%d0%b9%d0%bb-356x220.jpg HTTP/1.1" 200 19417 "-" "Mozilla/5.0 AppleWebKit/537.36 (KHTML, like Gecko; compatible; ClaudeBot/1.0; +claudebot@anthropic.com)"
216.73.216.187 - - [05/Apr/2026:16:55:50 +0200] "GET /wp-content/uploads/2020/02/d0b8d180d0b0d0bd-d182d18ad180d181d0b8d0bc-d0bfd0bed0b2d0bed0b4-d0b4d0b0-d183d0bdd0b8d189d0bed0b6d0b8d0bc-d182d0b5d0bb-d0b0d0b2d0b8d0b2-534x450.jpg HTTP/1.1" 200 70621 "-" "Mozilla/5.0 AppleWebKit/537.36 (KHTML, like Gecko; compatible; ClaudeBot/1.0; +claudebot@anthropic.com)"
216.73.216.187 - - [05/Apr/2026:16:55:51 +0200] "GET /wp-content/uploads/2020/04/d0b4d0bed0bfd18ad0bbd0bdd0b8d182d0b5d0bbd0bdd0b8-d0b4d0b0d182d0b8-d0b7d0b0-d0bcd0b0d182d183d180d0b8d182d0b5-d0bdd0b0-d181d0b5d0b4d0bc-600x385.jpg HTTP/1.1" 200 31218 "-" "Mozilla/5.0 AppleWebKit/537.36 (KHTML, like Gecko; compatible; ClaudeBot/1.0; +claudebot@anthropic.com)"
216.73.216.187 - - [05/Apr/2026:16:55:51 +0200] "GET /wp-content/uploads/2020/06/d0bdd0b8d0bdd0bed0b2d0b0-d0b8d0bbd0b8-d0bed0b1d189-d184d180d0bed0bdd182-d181d180d0b5d189d183-d183d0bfd180d0b0d0b2d0bbd0b5d0bdd0b8d0b5-324x235.jpg HTTP/1.1" 200 8797 "-" "Mozilla/5.0 AppleWebKit/537.36 (KHTML, like Gecko; compatible; ClaudeBot/1.0; +claudebot@anthropic.com)"
216.73.216.187 - - [05/Apr/2026:16:55:52 +0200] "GET /wp-content/uploads/2020/05/d0b7d0bed0b4d0b8d0b8d182d0b5-d0bad0bed0b8d182d0be-d182d180d18fd0b1d0b2d0b0-d0b4d0b0-d0b7d0b0d0b1d180d0b0d0b2d18fd182-d0b7d0b0-d0bbd18e-100x70.jpg HTTP/1.1" 200 3001 "-" "Mozilla/5.0 AppleWebKit/537.36 (KHTML, like Gecko; compatible; ClaudeBot/1.0; +claudebot@anthropic.com)"
216.73.216.187 - - [05/Apr/2026:16:55:52 +0200] "GET /wp-content/uploads/2020/03/d0bdd0b0-d0b1d0bed182d183d188d0b0-d0b2d181d0b5-d0bfd0bed0b2d0b5d187d0b5-d0bcd0bbd0b0d0b4d0b8-d185d0bed180d0b0-d0b2d0bbd0b8d0b7d0b0d182-356x364.jpg HTTP/1.1" 200 31786 "-" "Mozilla/5.0 AppleWebKit/537.36 (KHTML, like Gecko; compatible; ClaudeBot/1.0; +claudebot@anthropic.com)"
216.73.216.187 - - [05/Apr/2026:16:55:53 +0200] "GET /wp-content/uploads/2020/01/d0bcd0b0d180d0b8d186d0b0-d0bdd0b8d0bad0bed0b3d0b0-d0bdd0b5-d0b5-d0b1d0b8d0bbd0b0-d0b7d0b0d0bcd18ad180d181d18fd0b2d0b0d0bdd0b0-d182d0b0-150x150.jpg HTTP/1.1" 200 9709 "-" "Mozilla/5.0 AppleWebKit/537.36 (KHTML, like Gecko; compatible; ClaudeBot/1.0; +claudebot@anthropic.com)"
216.73.216.187 - - [05/Apr/2026:16:55:53 +0200] "GET /wp-content/uploads/2020/07/d0bad0bdd0b8d0b3d0b8d182d0b5-d0bdd0b0-d0bed180d183d0b5d0bb-d0b2d0b4d18ad185d0bdd0bed0b2d0b8d185d0b0-d0b1d0bed0b9d0bad0be-d0b8d0bbd0b8-356x364.jpg HTTP/1.1" 200 19232 "-" "Mozilla/5.0 AppleWebKit/537.36 (KHTML, like Gecko; compatible; ClaudeBot/1.0; +claudebot@anthropic.com)"
216.73.216.187 - - [05/Apr/2026:16:55:54 +0200] "GET /wp-content/uploads/2020/07/d0b2d0bad181-d0b2d18ad180d0bdd0b0-d0bfd0b0d0ba-d0b7d0b0-d0bfd180d0b5d180d0b0d0b7d0b3d0bbd0b5d0b6d0b4d0b0d0bdd0b5-d0b4d0b5d0bbd0bed182-218x150.jpg HTTP/1.1" 200 8878 "-" "Mozilla/5.0 AppleWebKit/537.36 (KHTML, like Gecko; compatible; ClaudeBot/1.0; +claudebot@anthropic.com)"
