216.73.216.187 - - [05/Apr/2026:16:41:19 +0200] "GET /wp-content/uploads/2020/12/1-13-356x330.jpg HTTP/1.1" 200 20115 "-" "Mozilla/5.0 AppleWebKit/537.36 (KHTML, like Gecko; compatible; ClaudeBot/1.0; +claudebot@anthropic.com)"
216.73.216.187 - - [05/Apr/2026:16:41:24 +0200] "GET /wp-content/uploads/2022/09/neshka-768x480.jpg HTTP/1.1" 200 41366 "-" "Mozilla/5.0 AppleWebKit/537.36 (KHTML, like Gecko; compatible; ClaudeBot/1.0; +claudebot@anthropic.com)"
216.73.216.187 - - [05/Apr/2026:16:41:29 +0200] "GET /wp-content/uploads/2020/11/big_38ae-795x420.jpg HTTP/1.1" 200 38748 "-" "Mozilla/5.0 AppleWebKit/537.36 (KHTML, like Gecko; compatible; ClaudeBot/1.0; +claudebot@anthropic.com)"
216.73.216.187 - - [05/Apr/2026:16:41:34 +0200] "GET /wp-content/uploads/2025/03/ghfgj-80x60.jpg HTTP/1.1" 200 2477 "-" "Mozilla/5.0 AppleWebKit/537.36 (KHTML, like Gecko; compatible; ClaudeBot/1.0; +claudebot@anthropic.com)"
8.228.88.249 - - [05/Apr/2026:16:41:39 +0200] "GET /author/netvesti/feed/ HTTP/1.1" 200 25236 "-" "Mozilla/5.0 (Windows NT 6.3; WOW64; rv:33.0) Gecko/20100101 Firefox/33.0"
216.73.216.187 - - [05/Apr/2026:16:41:44 +0200] "GET /wp-content/uploads/2020/12/big_179-100x70.jpg HTTP/1.1" 200 2980 "-" "Mozilla/5.0 AppleWebKit/537.36 (KHTML, like Gecko; compatible; ClaudeBot/1.0; +claudebot@anthropic.com)"
220.181.108.104 - - [05/Apr/2026:16:41:49 +0200] "GET /wp-content/uploads/2022/12/big_346789-768x406-356x220.jpg HTTP/1.1" 200 13135 "-" "Baiduspider-image+(+http://www.baidu.com/search/spider.htm)"
216.73.216.187 - - [05/Apr/2026:16:41:49 +0200] "GET /wp-content/uploads/2024/11/wefewf-356x364.jpg HTTP/1.1" 200 24282 "-" "Mozilla/5.0 AppleWebKit/537.36 (KHTML, like Gecko; compatible; ClaudeBot/1.0; +claudebot@anthropic.com)"
216.73.216.187 - - [05/Apr/2026:16:41:54 +0200] "GET /wp-content/uploads/2021/04/lili_ivanova-356x320.jpg HTTP/1.1" 200 22696 "-" "Mozilla/5.0 AppleWebKit/537.36 (KHTML, like Gecko; compatible; ClaudeBot/1.0; +claudebot@anthropic.com)"
216.73.216.187 - - [05/Apr/2026:16:41:59 +0200] "GET /wp-content/uploads/2022/06/rade-vdssdf-534x462.jpg HTTP/1.1" 200 22402 "-" "Mozilla/5.0 AppleWebKit/537.36 (KHTML, like Gecko; compatible; ClaudeBot/1.0; +claudebot@anthropic.com)"
216.73.216.187 - - [05/Apr/2026:16:42:04 +0200] "GET /wp-content/uploads/2021/05/c137883ea8ab4a2ea215031e6416609e-80x60.jpg HTTP/1.1" 200 2064 "-" "Mozilla/5.0 AppleWebKit/537.36 (KHTML, like Gecko; compatible; ClaudeBot/1.0; +claudebot@anthropic.com)"
216.73.216.187 - - [05/Apr/2026:16:42:09 +0200] "GET /wp-content/uploads/2020/08/geshev-1-324x400.jpg HTTP/1.1" 200 19309 "-" "Mozilla/5.0 AppleWebKit/537.36 (KHTML, like Gecko; compatible; ClaudeBot/1.0; +claudebot@anthropic.com)"
17.246.15.101 - - [05/Apr/2026:16:42:11 +0200] "GET /tag/%D0%B8%D0%B7%D0%BE%D0%B1%D0%BB%D0%B8%D1%87%D0%B8%D1%85%D0%B0-%D0%BC%D0%B2%D1%80-%D0%B2-%D0%BB%D1%8A%D0%B6%D0%B0-%D0%B5%D0%B2%D1%80%D0%BE%D0%BF%D1%80%D0%BE%D0%BA%D1%83%D1%80%D0%B0%D1%82%D1%83%D1%80/page/16/ HTTP/1.1" 200 14311 "-" "Mozilla/5.0 (Macintosh; Intel Mac OS X 10_15_7) AppleWebKit/605.1.15 (KHTML, like Gecko) Version/17.4 Safari/605.1.15 (Applebot/0.1; +http://www.apple.com/go/applebot)"
216.73.216.187 - - [05/Apr/2026:16:42:14 +0200] "GET /wp-content/uploads/2021/11/rumen-radev_600x360-324x360.jpg HTTP/1.1" 200 15144 "-" "Mozilla/5.0 AppleWebKit/537.36 (KHTML, like Gecko; compatible; ClaudeBot/1.0; +claudebot@anthropic.com)"
17.241.75.72 - - [05/Apr/2026:16:42:17 +0200] "GET /wp-content/uploads/2021/11/rashkov-324x160.jpg HTTP/1.1" 200 7059 "-" "Mozilla/5.0 (Macintosh; Intel Mac OS X 10_15_7) AppleWebKit/605.1.15 (KHTML, like Gecko) Version/17.4 Safari/605.1.15 (Applebot/0.1; +http://www.apple.com/go/applebot)"
216.73.216.187 - - [05/Apr/2026:16:42:19 +0200] "GET /wp-content/uploads/2023/05/1010x570-696x393-80x60.jpeg HTTP/1.1" 200 2311 "-" "Mozilla/5.0 AppleWebKit/537.36 (KHTML, like Gecko; compatible; ClaudeBot/1.0; +claudebot@anthropic.com)"
185.191.171.1 - - [05/Apr/2026:16:42:23 +0200] "GET /tag/%D0%B2%D0%B5%D1%81%D1%82%D0%B8%D1%82%D0%B5/page/70/ HTTP/1.1" 200 16219 "-" "Mozilla/5.0 (compatible; SemrushBot/7~bl; +http://www.semrush.com/bot.html)"
216.73.216.187 - - [05/Apr/2026:16:42:24 +0200] "GET /wp-content/uploads/2025/03/sfgfg-533x261.jpg HTTP/1.1" 200 26467 "-" "Mozilla/5.0 AppleWebKit/537.36 (KHTML, like Gecko; compatible; ClaudeBot/1.0; +claudebot@anthropic.com)"
216.73.216.187 - - [05/Apr/2026:16:42:29 +0200] "GET /wp-content/uploads/2020/08/boiko3-635x420.jpg HTTP/1.1" 200 28634 "-" "Mozilla/5.0 AppleWebKit/537.36 (KHTML, like Gecko; compatible; ClaudeBot/1.0; +claudebot@anthropic.com)"
216.73.216.187 - - [05/Apr/2026:16:42:34 +0200] "GET /wp-content/uploads/2021/01/borisov_radev_piloti-741x430.jpg HTTP/1.1" 200 66977 "-" "Mozilla/5.0 AppleWebKit/537.36 (KHTML, like Gecko; compatible; ClaudeBot/1.0; +claudebot@anthropic.com)"
216.73.216.187 - - [05/Apr/2026:16:42:39 +0200] "GET /wp-content/uploads/2020/08/Simeon-Slavchev-356x364.jpg HTTP/1.1" 200 18000 "-" "Mozilla/5.0 AppleWebKit/537.36 (KHTML, like Gecko; compatible; ClaudeBot/1.0; +claudebot@anthropic.com)"
216.73.216.187 - - [05/Apr/2026:16:42:45 +0200] "GET /wp-content/uploads/2021/04/d9d52d43991548478fe73ebf34f70a2b-1-696x385.jpg HTTP/1.1" 200 27947 "-" "Mozilla/5.0 AppleWebKit/537.36 (KHTML, like Gecko; compatible; ClaudeBot/1.0; +claudebot@anthropic.com)"
51.195.244.143 - - [05/Apr/2026:16:42:48 +0200] "GET /tag/%D1%83%D0%BA%D1%80%D0%B0%D0%B9%D0%BD%D0%B0-%D0%B5-%D1%87%D0%BB%D0%B5%D0%BD-%D0%BD%D0%B0-%D0%B5%D1%81/page/2/ HTTP/1.1" 200 16302 "-" "Mozilla/5.0 (compatible; AhrefsBot/7.0; +http://ahrefs.com/robot/)"
216.73.216.187 - - [05/Apr/2026:16:42:49 +0200] "GET /wp-content/uploads/2023/07/960x540-1-696x385.jpg HTTP/1.1" 200 38541 "-" "Mozilla/5.0 AppleWebKit/537.36 (KHTML, like Gecko; compatible; ClaudeBot/1.0; +claudebot@anthropic.com)"
216.73.216.187 - - [05/Apr/2026:16:42:54 +0200] "GET /wp-content/uploads/2020/12/vanga_io-150x150.jpg HTTP/1.1" 200 6365 "-" "Mozilla/5.0 AppleWebKit/537.36 (KHTML, like Gecko; compatible; ClaudeBot/1.0; +claudebot@anthropic.com)"
216.73.216.187 - - [05/Apr/2026:16:42:59 +0200] "GET /wp-content/uploads/2024/12/images1-696x385.jpg HTTP/1.1" 200 41446 "-" "Mozilla/5.0 AppleWebKit/537.36 (KHTML, like Gecko; compatible; ClaudeBot/1.0; +claudebot@anthropic.com)"
185.191.171.7 - - [05/Apr/2026:16:43:01 +0200] "GET /tag/%D0%B0%D1%80%D0%B3%D1%83%D0%BC%D0%B5%D0%BD%D1%82%D0%B8%D1%82%D0%B5-%D0%BD%D0%B0-%D0%BF%D1%80%D0%B5%D0%BC%D0%B8%D0%B5%D1%80%D0%B0-%D1%81%D0%B0-%D0%BD%D0%B5%D0%BA%D0%BE%D0%BC%D0%BF%D0%B5%D1%82%D0%B5/page/18/ HTTP/1.1" 200 6044 "-" "Mozilla/5.0 (compatible; SemrushBot/7~bl; +http://www.semrush.com/bot.html)"
216.73.216.187 - - [05/Apr/2026:16:43:07 +0200] "GET /wp-content/uploads/2020/12/pari-levove-265x198.jpg HTTP/1.1" 502 150 "-" "Mozilla/5.0 AppleWebKit/537.36 (KHTML, like Gecko; compatible; ClaudeBot/1.0; +claudebot@anthropic.com)"
216.73.216.187 - - [05/Apr/2026:16:43:10 +0200] "GET /wp-content/uploads/2020/12/768x576-300x225.jpg HTTP/1.1" 200 16455 "-" "Mozilla/5.0 AppleWebKit/537.36 (KHTML, like Gecko; compatible; ClaudeBot/1.0; +claudebot@anthropic.com)"
216.73.216.187 - - [05/Apr/2026:16:43:15 +0200] "GET /wp-content/uploads/2022/01/boiko_rashkov-768x512.jpg HTTP/1.1" 200 37672 "-" "Mozilla/5.0 AppleWebKit/537.36 (KHTML, like Gecko; compatible; ClaudeBot/1.0; +claudebot@anthropic.com)"
216.73.216.187 - - [05/Apr/2026:16:43:20 +0200] "GET /wp-content/uploads/2020/11/radev-5-11-300x182.jpg HTTP/1.1" 200 11986 "-" "Mozilla/5.0 AppleWebKit/537.36 (KHTML, like Gecko; compatible; ClaudeBot/1.0; +claudebot@anthropic.com)"
216.73.216.187 - - [05/Apr/2026:16:43:25 +0200] "GET /wp-content/uploads/2022/07/kiril-petkov-218x150.jpg HTTP/1.1" 200 6220 "-" "Mozilla/5.0 AppleWebKit/537.36 (KHTML, like Gecko; compatible; ClaudeBot/1.0; +claudebot@anthropic.com)"
216.73.216.187 - - [05/Apr/2026:16:43:29 +0200] "GET /wp-content/uploads/2022/12/960x540-7-534x462.jpg HTTP/1.1" 200 40906 "-" "Mozilla/5.0 AppleWebKit/537.36 (KHTML, like Gecko; compatible; ClaudeBot/1.0; +claudebot@anthropic.com)"
216.73.216.187 - - [05/Apr/2026:16:43:35 +0200] "GET /wp-content/uploads/2022/02/radev-fgerg-533x261.jpg HTTP/1.1" 200 18030 "-" "Mozilla/5.0 AppleWebKit/537.36 (KHTML, like Gecko; compatible; ClaudeBot/1.0; +claudebot@anthropic.com)"
116.179.37.223 - - [05/Apr/2026:16:43:35 +0200] "GET /wp-content/uploads/2018/12/el-stalbove.jpeg HTTP/1.1" 200 54403 "https://netvesti.com/%D0%BD%D0%B5-%D1%81%D0%B5-%D0%BD%D0%B0%D1%8F%D0%B4%D0%BE%D1%85%D0%B0-%D1%82%D0%BE%D0%BA%D1%8A%D1%82-%D0%BF%D0%BE%D1%81%D0%BA%D1%8A%D0%BF%D0%B2%D0%B0-%D1%81-%D0%BE%D0%BA%D0%BE%D0%BB%D0%BE-15-%D0%BF/" "Mozilla/5.0 (compatible; Baiduspider-render/2.0; +http://www.baidu.com/search/spider.html)"
116.179.37.160 - - [05/Apr/2026:16:43:35 +0200] "GET /wp-content/uploads/2022/10/0301-1_1897271034471021537_big-356x220.jpg HTTP/1.1" 200 20300 "https://netvesti.com/%D0%BD%D0%B5-%D1%81%D0%B5-%D0%BD%D0%B0%D1%8F%D0%B4%D0%BE%D1%85%D0%B0-%D1%82%D0%BE%D0%BA%D1%8A%D1%82-%D0%BF%D0%BE%D1%81%D0%BA%D1%8A%D0%BF%D0%B2%D0%B0-%D1%81-%D0%BE%D0%BA%D0%BE%D0%BB%D0%BE-15-%D0%BF/" "Mozilla/5.0 (compatible; Baiduspider-render/2.0; +http://www.baidu.com/search/spider.html)"
220.181.108.103 - - [05/Apr/2026:16:43:36 +0200] "GET /wp-content/uploads/2025/01/fhdh-324x160.jpg HTTP/1.1" 200 12597 "-" "Baiduspider-image+(+http://www.baidu.com/search/spider.htm)"
116.179.37.209 - - [05/Apr/2026:16:43:38 +0200] "GET /wp-content/uploads/2023/02/ughkj-356x220.jpeg HTTP/1.1" 200 13893 "https://netvesti.com/%D0%BD%D0%B5-%D1%81%D0%B5-%D0%BD%D0%B0%D1%8F%D0%B4%D0%BE%D1%85%D0%B0-%D1%82%D0%BE%D0%BA%D1%8A%D1%82-%D0%BF%D0%BE%D1%81%D0%BA%D1%8A%D0%BF%D0%B2%D0%B0-%D1%81-%D0%BE%D0%BA%D0%BE%D0%BB%D0%BE-15-%D0%BF/" "Mozilla/5.0 (compatible; Baiduspider-render/2.0; +http://www.baidu.com/search/spider.html)"
216.73.216.187 - - [05/Apr/2026:16:43:39 +0200] "GET /wp-content/uploads/2025/04/big_2e60-300x159.jpg HTTP/1.1" 200 11991 "-" "Mozilla/5.0 AppleWebKit/537.36 (KHTML, like Gecko; compatible; ClaudeBot/1.0; +claudebot@anthropic.com)"
85.208.96.198 - - [05/Apr/2026:16:43:41 +0200] "GET /tag/%D0%BA%D0%BE%D0%B9-%D0%BA%D1%80%D0%B0%D0%B4%D0%B5-%D0%BE%D1%82-%D0%B1%D1%8A%D0%BB%D0%B3%D0%B0%D1%80%D0%B8%D1%8F/page/12/ HTTP/1.1" 200 16779 "-" "Mozilla/5.0 (compatible; SemrushBot/7~bl; +http://www.semrush.com/bot.html)"
185.191.171.5 - - [05/Apr/2026:16:43:44 +0200] "GET /tag/%D0%B8%D0%B2%D0%B0%D0%BD-%D0%B3%D0%B5%D1%88%D0%B5%D0%B2/page/11/ HTTP/1.1" 200 16570 "-" "Mozilla/5.0 (compatible; SemrushBot/7~bl; +http://www.semrush.com/bot.html)"
216.73.216.187 - - [05/Apr/2026:16:43:44 +0200] "GET /wp-content/uploads/2023/10/960x540-3-150x150.jpg HTTP/1.1" 200 4631 "-" "Mozilla/5.0 AppleWebKit/537.36 (KHTML, like Gecko; compatible; ClaudeBot/1.0; +claudebot@anthropic.com)"
74.7.244.48 - - [05/Apr/2026:16:43:49 +0200] "GET /robots.txt HTTP/1.1" 304 0 "-" "Mozilla/5.0 (Macintosh; Intel Mac OS X 10_15_7) AppleWebKit/537.36 (KHTML, like Gecko) Chrome/131.0.0.0 Safari/537.36; compatible; OAI-SearchBot/1.3; robots.txt; +https://openai.com/searchbot"
216.73.216.187 - - [05/Apr/2026:16:43:52 +0200] "GET /wp-content/uploads/2023/10/1010x570-1-1-533x261.jpg HTTP/1.1" 200 22528 "-" "Mozilla/5.0 AppleWebKit/537.36 (KHTML, like Gecko; compatible; ClaudeBot/1.0; +claudebot@anthropic.com)"
216.73.216.187 - - [05/Apr/2026:16:43:55 +0200] "GET /wp-content/uploads/2021/04/991-ratio-rumen-radev-663x420.jpg HTTP/1.1" 200 34178 "-" "Mozilla/5.0 AppleWebKit/537.36 (KHTML, like Gecko; compatible; ClaudeBot/1.0; +claudebot@anthropic.com)"
216.73.216.187 - - [05/Apr/2026:16:44:00 +0200] "GET /wp-content/uploads/2024/08/1366x768-1-768x432.jpg HTTP/1.1" 200 49139 "-" "Mozilla/5.0 AppleWebKit/537.36 (KHTML, like Gecko; compatible; ClaudeBot/1.0; +claudebot@anthropic.com)"
74.7.243.218 - - [05/Apr/2026:16:44:00 +0200] "GET /sitemap_index.xml HTTP/1.1" 200 398 "-" "Mozilla/5.0 AppleWebKit/537.36 (KHTML, like Gecko; compatible; GPTBot/1.3; +https://openai.com/gptbot)"
66.249.77.66 - - [05/Apr/2026:16:44:05 +0200] "GET /tag/%D1%81%D0%BF%D0%B0%D1%81%D1%8F%D0%B2%D0%B0-13-%D1%82%D0%B5-%D0%BC%D0%B8%D0%BB%D0%B8%D0%B0%D1%80%D0%B4%D0%B0-%D0%BE%D1%82-%D0%B5%D1%81/page/6/ HTTP/1.1" 502 552 "-" "Mozilla/5.0 (Linux; Android 6.0.1; Nexus 5X Build/MMB29P) AppleWebKit/537.36 (KHTML, like Gecko) Chrome/146.0.7680.177 Mobile Safari/537.36 (compatible; Googlebot/2.1; +http://www.google.com/bot.html)"
216.73.216.187 - - [05/Apr/2026:16:44:05 +0200] "GET /wp-content/uploads/2018/11/pari-635x420-324x235.jpg HTTP/1.1" 502 150 "-" "Mozilla/5.0 AppleWebKit/537.36 (KHTML, like Gecko; compatible; ClaudeBot/1.0; +claudebot@anthropic.com)"
216.73.216.187 - - [05/Apr/2026:16:44:10 +0200] "GET /wp-content/uploads/2020/11/lineika_bgnes-696x430.jpg HTTP/1.1" 200 51252 "-" "Mozilla/5.0 AppleWebKit/537.36 (KHTML, like Gecko; compatible; ClaudeBot/1.0; +claudebot@anthropic.com)"
85.208.96.200 - - [05/Apr/2026:16:44:14 +0200] "GET /tag/%D0%B1%D0%BE%D0%B9%D0%BA%D0%BE%D1%82%D0%B8%D1%80%D0%B0%D1%82-%D1%81%D1%80%D0%B5%D1%89%D0%B0%D1%82%D0%B0-%D1%82%D1%80%D0%B8-%D0%BC%D0%BE%D1%80%D0%B5%D1%82%D0%B0-%D0%B2-%D1%81%D0%BE/page/44/ HTTP/1.1" 200 16418 "-" "Mozilla/5.0 (compatible; SemrushBot/7~bl; +http://www.semrush.com/bot.html)"
216.73.216.187 - - [05/Apr/2026:16:44:15 +0200] "GET /wp-content/uploads/2021/10/kiril-petkov3_600x380-534x380.jpg HTTP/1.1" 200 26234 "-" "Mozilla/5.0 AppleWebKit/537.36 (KHTML, like Gecko; compatible; ClaudeBot/1.0; +claudebot@anthropic.com)"
43.167.245.18 - - [05/Apr/2026:16:44:16 +0200] "GET /%d1%80%d0%b0%d0%b4%d0%b5%d0%b2-%d0%bf%d0%be%d0%bb%d0%b5%d1%82%d1%8f-%d1%81-f-16/ HTTP/1.1" 200 25904 "-" "Mozilla/5.0 (iPhone; CPU iPhone OS 13_2_3 like Mac OS X) AppleWebKit/605.1.15 (KHTML, like Gecko) Version/13.0.3 Mobile/15E148 Safari/604.1"
216.73.216.187 - - [05/Apr/2026:16:44:20 +0200] "GET /wp-content/uploads/2020/10/big_big_Angel_Kunchevd17-356x364.jpg HTTP/1.1" 200 26065 "-" "Mozilla/5.0 AppleWebKit/537.36 (KHTML, like Gecko; compatible; ClaudeBot/1.0; +claudebot@anthropic.com)"
216.73.216.187 - - [05/Apr/2026:16:44:25 +0200] "GET /wp-content/uploads/2023/12/IMAGE_15351581_40_0-534x400.jpg HTTP/1.1" 200 28733 "-" "Mozilla/5.0 AppleWebKit/537.36 (KHTML, like Gecko; compatible; ClaudeBot/1.0; +claudebot@anthropic.com)"
216.73.216.187 - - [05/Apr/2026:16:44:30 +0200] "GET /wp-content/uploads/2022/06/Markov-NIcolai5-300x258.jpg HTTP/1.1" 200 15720 "-" "Mozilla/5.0 AppleWebKit/537.36 (KHTML, like Gecko; compatible; ClaudeBot/1.0; +claudebot@anthropic.com)"
85.208.96.207 - - [05/Apr/2026:16:44:32 +0200] "GET /tag/%D0%BD%D0%B8%D0%BA%D0%BE%D0%B9-%D0%BD%D0%B5-%D0%BC%D0%BE%D0%B6%D0%B5-%D0%B4%D0%B0-%D1%81%D0%BF%D1%80%D0%B5-%D0%BE%D1%81%D1%8A%D0%B7%D0%BD%D0%B0%D1%82%D0%B8%D1%82%D0%B5-%D1%85%D0%BE%D1%80%D0%B0-%D0%BF/page/15/ HTTP/1.1" 200 15923 "-" "Mozilla/5.0 (compatible; SemrushBot/7~bl; +http://www.semrush.com/bot.html)"
114.119.139.53 - - [05/Apr/2026:16:44:33 +0200] "GET /wp-content/cache/page_enhanced/netvesti.com/%D1%81%D0%BB%D0%B5%D0%B4-15-%D1%8E%D0%BD%D0%B8-%D0%B2%D0%BB%D0%B0%D1%81%D1%82%D0%B8%D1%82%D0%B5-%D1%81-%D0%BF%D0%BB%D0%B0%D0%BD-%D0%BF%D0%BE-%D0%B4%D0%BD%D0%B8-%D0%BF%D1%80%D0%B8-%D1%81%D0%BA%D0%BE/_index_ssl.html_gzip_old HTTP/1.1" 200 21598 "https://netvesti.com/wp-content/cache/page_enhanced/netvesti.com/%D1%81%D0%BB%D0%B5%D0%B4-15-%D1%8E%D0%BD%D0%B8-%D0%B2%D0%BB%D0%B0%D1%81%D1%82%D0%B8%D1%82%D0%B5-%D1%81-%D0%BF%D0%BB%D0%B0%D0%BD-%D0%BF%D0%BE-%D0%B4%D0%BD%D0%B8-%D0%BF%D1%80%D0%B8-%D1%81%D0%BA%D0%BE/?C=D%3BO%3DA" "Mozilla/5.0 (Linux; Android 7.0;) AppleWebKit/537.36 (KHTML, like Gecko) Mobile Safari/537.36 (compatible; PetalBot;+https://webmaster.petalsearch.com/site/petalbot)"
216.73.216.187 - - [05/Apr/2026:16:44:35 +0200] "GET /wp-content/uploads/2020/11/gospodinova_123-696x385.jpg HTTP/1.1" 200 57617 "-" "Mozilla/5.0 AppleWebKit/537.36 (KHTML, like Gecko; compatible; ClaudeBot/1.0; +claudebot@anthropic.com)"
216.73.216.187 - - [05/Apr/2026:16:44:40 +0200] "GET /wp-content/uploads/2015/01/s-shirt-light-blue-150x150.jpg HTTP/1.1" 200 3228 "-" "Mozilla/5.0 AppleWebKit/537.36 (KHTML, like Gecko; compatible; ClaudeBot/1.0; +claudebot@anthropic.com)"
216.73.216.187 - - [05/Apr/2026:16:44:50 +0200] "GET /wp-content/uploads/2020/11/9ca04c2adc0-768x432-218x150.jpg HTTP/1.1" 200 9102 "-" "Mozilla/5.0 AppleWebKit/537.36 (KHTML, like Gecko; compatible; ClaudeBot/1.0; +claudebot@anthropic.com)"
17.246.19.254 - - [05/Apr/2026:16:44:52 +0200] "GET /tag/%D0%BA%D0%B8%D1%81%D0%B8%D0%B4%D0%BD%D0%B6%D1%8A%D1%80/page/12/ HTTP/1.1" 200 16282 "-" "Mozilla/5.0 (Macintosh; Intel Mac OS X 10_15_7) AppleWebKit/605.1.15 (KHTML, like Gecko) Version/17.4 Safari/605.1.15 (Applebot/0.1; +http://www.apple.com/go/applebot)"
216.73.216.187 - - [05/Apr/2026:16:44:55 +0200] "GET /wp-content/uploads/2021/05/hristo-stoichkov_600x400-533x261.jpg HTTP/1.1" 200 16427 "-" "Mozilla/5.0 AppleWebKit/537.36 (KHTML, like Gecko; compatible; ClaudeBot/1.0; +claudebot@anthropic.com)"
216.73.216.187 - - [05/Apr/2026:16:45:00 +0200] "GET /wp-content/uploads/2020/11/radev-nomer-1-534x432.jpg HTTP/1.1" 200 25620 "-" "Mozilla/5.0 AppleWebKit/537.36 (KHTML, like Gecko; compatible; ClaudeBot/1.0; +claudebot@anthropic.com)"
216.73.216.187 - - [05/Apr/2026:16:45:07 +0200] "GET /wp-content/uploads/2020/07/d0b0d0b2d181d182d180d0b8d18f-d0b2d180d18ad189d0b0-d0bcd0b0d181d0bad0b8d182d0b5-d0b2-d0bcd0b0d0b3d0b0d0b7d0b8d0bdd0b8-d0b1d0b0d0bdd0ba-324x235.jpg HTTP/1.1" 200 13432 "-" "Mozilla/5.0 AppleWebKit/537.36 (KHTML, like Gecko; compatible; ClaudeBot/1.0; +claudebot@anthropic.com)"
216.73.216.187 - - [05/Apr/2026:16:45:11 +0200] "GET /wp-content/uploads/2020/05/d0b7d0b0-d181d182d180d0b0d181d182d0bdd0b8-d187d0b8d182d0b0d182d0b5d0bbd0b8-d0bad0b0d0ba-d0b4d0b0-d0b8d0bcd0b0d0bcd0b5-d0b2d0b8d0bdd0b0-265x198.jpg HTTP/1.1" 200 7857 "-" "Mozilla/5.0 AppleWebKit/537.36 (KHTML, like Gecko; compatible; ClaudeBot/1.0; +claudebot@anthropic.com)"
216.73.216.187 - - [05/Apr/2026:16:45:16 +0200] "GET /wp-content/uploads/2020/04/d0bfd0b0d0bdd0b4d0b5d0bcd0b8d18fd182d0b0-d0bdd0b5-d181d0bfd0b8d180d0b0-d0b8d0b7d180d0b0d0b5d0bbd186d0b8-d0b4d0b0-d0bfd180d0bed182d0b5-80x60.jpg HTTP/1.1" 200 2946 "-" "Mozilla/5.0 AppleWebKit/537.36 (KHTML, like Gecko; compatible; ClaudeBot/1.0; +claudebot@anthropic.com)"
185.191.171.19 - - [05/Apr/2026:16:45:20 +0200] "GET /tag/bylgarski-moneti/ HTTP/1.1" 200 13442 "-" "Mozilla/5.0 (compatible; SemrushBot/7~bl; +http://www.semrush.com/bot.html)"
216.73.216.187 - - [05/Apr/2026:16:45:21 +0200] "GET /wp-content/uploads/2022/05/radev-razgovara-s-duda-1-80x60.jpg HTTP/1.1" 200 2558 "-" "Mozilla/5.0 AppleWebKit/537.36 (KHTML, like Gecko; compatible; ClaudeBot/1.0; +claudebot@anthropic.com)"
116.179.32.66 - - [05/Apr/2026:16:45:23 +0200] "GET /wp-content/uploads/2024/08/warsdf-h-356x220.jpg HTTP/1.1" 200 8646 "-" "Baiduspider-image+(+http://www.baidu.com/search/spider.htm)"
216.73.216.187 - - [05/Apr/2026:16:45:26 +0200] "GET /wp-content/uploads/2022/04/1649488412-696x430.jpg HTTP/1.1" 200 33638 "-" "Mozilla/5.0 AppleWebKit/537.36 (KHTML, like Gecko; compatible; ClaudeBot/1.0; +claudebot@anthropic.com)"
216.73.216.187 - - [05/Apr/2026:16:45:31 +0200] "GET /wp-content/uploads/2022/04/1649488412-265x198.jpg HTTP/1.1" 200 10352 "-" "Mozilla/5.0 AppleWebKit/537.36 (KHTML, like Gecko; compatible; ClaudeBot/1.0; +claudebot@anthropic.com)"
216.73.216.187 - - [05/Apr/2026:16:45:36 +0200] "GET /wp-content/uploads/2020/11/lineika_bgnes-300x185.jpg HTTP/1.1" 200 14367 "-" "Mozilla/5.0 AppleWebKit/537.36 (KHTML, like Gecko; compatible; ClaudeBot/1.0; +claudebot@anthropic.com)"
216.73.216.187 - - [05/Apr/2026:16:45:41 +0200] "GET /wp-content/uploads/2023/05/ivo-fgfg-696x385.jpg HTTP/1.1" 200 41393 "-" "Mozilla/5.0 AppleWebKit/537.36 (KHTML, like Gecko; compatible; ClaudeBot/1.0; +claudebot@anthropic.com)"
216.73.216.187 - - [05/Apr/2026:16:45:46 +0200] "GET /wp-content/uploads/2021/07/b9e44066159c4fbc961c6df7198d6553-300x171.jpg HTTP/1.1" 200 7336 "-" "Mozilla/5.0 AppleWebKit/537.36 (KHTML, like Gecko; compatible; ClaudeBot/1.0; +claudebot@anthropic.com)"
85.208.96.202 - - [05/Apr/2026:16:45:48 +0200] "GET /tag/%D0%BD%D0%BE%D0%B2%D0%B8%D0%BD%D0%B0%D1%82%D0%B0-%D0%B4%D0%BD%D0%B5%D1%81/page/79/ HTTP/1.1" 200 16848 "-" "Mozilla/5.0 (compatible; SemrushBot/7~bl; +http://www.semrush.com/bot.html)"
216.73.216.187 - - [05/Apr/2026:16:45:51 +0200] "GET /wp-content/uploads/2021/01/574897b810444a65ad9d91756a84e6c5-696x398.jpg HTTP/1.1" 200 31886 "-" "Mozilla/5.0 AppleWebKit/537.36 (KHTML, like Gecko; compatible; ClaudeBot/1.0; +claudebot@anthropic.com)"
8.228.88.249 - - [05/Apr/2026:16:45:52 +0200] "GET /category/%d0%b1%d1%8a%d0%bb%d0%b3%d0%b0%d1%80%d0%b8%d1%8f/feed/ HTTP/1.1" 200 25501 "-" "Mozilla/5.0 (Windows NT 6.3; WOW64; rv:33.0) Gecko/20100101 Firefox/33.0"
216.73.216.187 - - [05/Apr/2026:16:45:56 +0200] "GET /wp-content/uploads/2020/11/komand-696x392-80x60.jpg HTTP/1.1" 200 2351 "-" "Mozilla/5.0 AppleWebKit/537.36 (KHTML, like Gecko; compatible; ClaudeBot/1.0; +claudebot@anthropic.com)"
216.73.216.187 - - [05/Apr/2026:16:46:03 +0200] "GET /wp-content/uploads/2025/03/PUTIN100-1024x647-324x400.jpg HTTP/1.1" 502 150 "-" "Mozilla/5.0 AppleWebKit/537.36 (KHTML, like Gecko; compatible; ClaudeBot/1.0; +claudebot@anthropic.com)"
52.167.144.138 - - [05/Apr/2026:16:46:03 +0200] "GET /tag/%D0%BF%D0%B5%D1%82%D0%BA%D0%BE%D0%B2-%D1%81%D1%82%D1%80%D0%B5%D0%BB%D1%8F-%D0%BF%D0%BE-%D0%BC%D0%B5%D0%BD/page/5/ HTTP/1.1" 502 552 "-" "Mozilla/5.0 AppleWebKit/537.36 (KHTML, like Gecko; compatible; bingbot/2.0; +http://www.bing.com/bingbot.htm) Chrome/116.0.1938.76 Safari/537.36"
91.92.243.248 - - [05/Apr/2026:16:46:03 +0200] "POST /wp-login.php HTTP/1.1" 502 150 "-" "Mozilla/5.0"
91.92.243.248 - - [05/Apr/2026:16:46:03 +0200] "POST /wp-login.php HTTP/1.1" 502 150 "-" "Mozilla/5.0"
91.92.243.248 - - [05/Apr/2026:16:46:03 +0200] "POST /wp-login.php HTTP/1.1" 502 150 "-" "Mozilla/5.0"
91.92.243.248 - - [05/Apr/2026:16:46:03 +0200] "POST /wp-login.php HTTP/1.1" 502 150 "-" "Mozilla/5.0"
91.92.243.248 - - [05/Apr/2026:16:46:03 +0200] "POST /wp-login.php HTTP/1.1" 502 150 "-" "Mozilla/5.0"
91.92.243.248 - - [05/Apr/2026:16:46:03 +0200] "POST /wp-login.php HTTP/1.1" 502 150 "-" "Mozilla/5.0"
91.92.243.248 - - [05/Apr/2026:16:46:03 +0200] "POST /wp-login.php HTTP/1.1" 502 150 "-" "Mozilla/5.0"
91.92.243.248 - - [05/Apr/2026:16:46:03 +0200] "POST /wp-login.php HTTP/1.1" 502 150 "-" "Mozilla/5.0"
91.92.243.248 - - [05/Apr/2026:16:46:03 +0200] "POST /wp-login.php HTTP/1.1" 502 150 "-" "Mozilla/5.0"
91.92.243.248 - - [05/Apr/2026:16:46:03 +0200] "POST /wp-login.php HTTP/1.1" 502 150 "-" "Mozilla/5.0"
91.92.243.248 - - [05/Apr/2026:16:46:03 +0200] "POST /wp-login.php HTTP/1.1" 502 150 "-" "Mozilla/5.0"
216.73.216.187 - - [05/Apr/2026:16:46:06 +0200] "GET /wp-content/uploads/2023/11/Kalina-Androlova-218x150.jpg HTTP/1.1" 200 6966 "-" "Mozilla/5.0 AppleWebKit/537.36 (KHTML, like Gecko; compatible; ClaudeBot/1.0; +claudebot@anthropic.com)"
40.77.167.27 - - [05/Apr/2026:16:46:07 +0200] "GET /%D0%BF%D1%80%D0%B8%D1%81%D1%82%D0%B8%D0%B3%D0%BD%D0%B0-%D0%B2%D1%82%D0%BE%D1%80%D0%B8-%D1%81%D0%B0%D0%BC%D0%BE%D0%BB%D0%B5%D1%82-%D1%81-%D0%BB%D0%B5%D0%BA%D0%B0%D1%80%D1%81%D1%82%D0%B2%D0%B0-%D0%B8/ HTTP/1.1" 200 25190 "-" "Mozilla/5.0 AppleWebKit/537.36 (KHTML, like Gecko; compatible; bingbot/2.0; +http://www.bing.com/bingbot.htm) Chrome/116.0.1938.76 Safari/537.36"
40.77.167.27 - - [05/Apr/2026:16:46:09 +0200] "GET /tag/%D0%B2%D0%B0%D0%BA%D1%81%D0%B8%D0%BD%D0%B8%D1%80%D0%B0/ HTTP/1.1" 200 13995 "-" "Mozilla/5.0 AppleWebKit/537.36 (KHTML, like Gecko; compatible; bingbot/2.0; +http://www.bing.com/bingbot.htm) Chrome/116.0.1938.76 Safari/537.36"
40.77.167.27 - - [05/Apr/2026:16:46:10 +0200] "GET /tag/%D1%80%D0%B0%D0%B4%D0%B5%D0%B2-%D1%82%D1%80%D1%8F%D0%B1%D0%B2%D0%B0-%D0%B4%D0%B0-%D0%B8%D0%BC%D0%B0-%D0%BF%D0%BE-%D0%B3%D0%BE%D0%BB%D1%8F%D0%BC%D0%B0-%D0%B2%D0%BB%D0%B0%D1%81%D1%82/ HTTP/1.1" 200 13481 "-" "Mozilla/5.0 AppleWebKit/537.36 (KHTML, like Gecko; compatible; bingbot/2.0; +http://www.bing.com/bingbot.htm) Chrome/116.0.1938.76 Safari/537.36"
216.73.216.187 - - [05/Apr/2026:16:46:11 +0200] "GET /wp-content/uploads/2022/08/yhyhyhhy-324x235.jpg HTTP/1.1" 200 26703 "-" "Mozilla/5.0 AppleWebKit/537.36 (KHTML, like Gecko; compatible; ClaudeBot/1.0; +claudebot@anthropic.com)"
40.77.167.27 - - [05/Apr/2026:16:46:11 +0200] "GET /tag/%D0%B7%D0%B0%D1%89%D0%BE%D1%82%D0%BE-%D1%83%D1%81%D1%82%D0%B8%D1%82%D0%B5-%D0%B8%D0%BC-%D1%81%D0%B0-%D0%B7%D0%B0%D0%BF%D1%83%D1%88%D0%B5%D0%BD%D0%B8/ HTTP/1.1" 200 16488 "-" "Mozilla/5.0 AppleWebKit/537.36 (KHTML, like Gecko; compatible; bingbot/2.0; +http://www.bing.com/bingbot.htm) Chrome/116.0.1938.76 Safari/537.36"
52.167.144.138 - - [05/Apr/2026:16:46:12 +0200] "GET /tag/%D0%B7%D0%B0-%D0%B4%D0%B0-%D0%B3%D0%BE-%D0%BD%D0%B0%D0%BA%D0%B0%D1%80%D0%B0%D1%88-%D0%B4%D0%B0-%D0%BA%D0%B0%D1%86%D0%B0/ HTTP/1.1" 200 16497 "-" "Mozilla/5.0 AppleWebKit/537.36 (KHTML, like Gecko; compatible; bingbot/2.0; +http://www.bing.com/bingbot.htm) Chrome/116.0.1938.76 Safari/537.36"
216.73.216.187 - - [05/Apr/2026:16:46:16 +0200] "GET /wp-content/uploads/2022/06/prezidentyt-rumen-radev-300x182.jpg HTTP/1.1" 200 7501 "-" "Mozilla/5.0 AppleWebKit/537.36 (KHTML, like Gecko; compatible; ClaudeBot/1.0; +claudebot@anthropic.com)"
216.73.216.187 - - [05/Apr/2026:16:46:21 +0200] "GET /wp-content/uploads/2024/04/1010x570-218x150.jpg HTTP/1.1" 200 6917 "-" "Mozilla/5.0 AppleWebKit/537.36 (KHTML, like Gecko; compatible; ClaudeBot/1.0; +claudebot@anthropic.com)"
40.77.167.27 - - [05/Apr/2026:16:46:23 +0200] "GET /tag/35-%D0%B3%D0%BE%D0%B4%D0%B8%D0%BD%D0%B8-%D0%B4%D0%B5%D0%BC%D0%BE%D0%BA%D1%80%D0%B0%D1%86%D0%B8%D1%8F/ HTTP/1.1" 200 16100 "-" "Mozilla/5.0 AppleWebKit/537.36 (KHTML, like Gecko; compatible; bingbot/2.0; +http://www.bing.com/bingbot.htm) Chrome/116.0.1938.76 Safari/537.36"
40.77.167.27 - - [05/Apr/2026:16:46:25 +0200] "GET /tag/%D1%87%D0%B5%D1%81%D1%82%D0%B8%D1%82-%D0%B4%D0%B5%D0%BD-%D0%BD%D0%B0-%D0%B2%D0%B5%D0%BB%D0%B8%D0%BA%D0%B0%D1%82%D0%B0-%D0%BF%D0%BE%D0%B1%D0%B5%D0%B4%D0%B0/ HTTP/1.1" 200 16405 "-" "Mozilla/5.0 AppleWebKit/537.36 (KHTML, like Gecko; compatible; bingbot/2.0; +http://www.bing.com/bingbot.htm) Chrome/116.0.1938.76 Safari/537.36"
216.73.216.187 - - [05/Apr/2026:16:46:26 +0200] "GET /wp-content/uploads/2021/02/screenshot578582-750x375-356x364.jpg HTTP/1.1" 200 13446 "-" "Mozilla/5.0 AppleWebKit/537.36 (KHTML, like Gecko; compatible; ClaudeBot/1.0; +claudebot@anthropic.com)"
40.77.167.224 - - [05/Apr/2026:16:46:28 +0200] "GET /tag/%D1%82%D0%BE%D0%B2%D0%B0-%D1%89%D0%B5-%D0%B3%D0%B0%D1%80%D0%B0%D0%BD%D1%82%D0%B8%D1%80%D0%B0-%D0%BD%D0%B0-%D0%B2%D1%81%D0%B8%D1%87%D0%BA%D0%B8-%D0%B1%D1%8A%D0%BB%D0%B3%D0%B0%D1%80%D0%B8-%D0%B8%D0%BD/ HTTP/1.1" 200 16656 "-" "Mozilla/5.0 AppleWebKit/537.36 (KHTML, like Gecko; compatible; bingbot/2.0; +http://www.bing.com/bingbot.htm) Chrome/116.0.1938.76 Safari/537.36"
216.73.216.187 - - [05/Apr/2026:16:46:31 +0200] "GET /wp-content/uploads/2025/04/1010x570-1-533x261.jpg HTTP/1.1" 200 14928 "-" "Mozilla/5.0 AppleWebKit/537.36 (KHTML, like Gecko; compatible; ClaudeBot/1.0; +claudebot@anthropic.com)"
198.244.168.171 - - [05/Apr/2026:16:46:36 +0200] "GET /%D1%81%D1%82%D0%BE%D0%B9%D1%87%D0%BE-%D0%BA%D0%B5%D1%80%D0%B5%D0%B2-%D1%81%D1%8A%D1%81%D0%B8%D0%BF%D0%B0-%D0%B1%D0%BE%D1%80%D0%B8%D1%81%D0%BE%D0%B2-%D1%81%D0%B0%D1%82%D0%B0%D0%BD%D0%B0%D1%82%D0%B0/ HTTP/1.1" 200 21373 "-" "Mozilla/5.0 (compatible; AhrefsBot/7.0; +http://ahrefs.com/robot/)"
216.73.216.187 - - [05/Apr/2026:16:46:40 +0200] "GET /wp-content/cache/page_enhanced/netvesti.com/%d0%bf%d1%80%d0%be%d1%82%d0%b5%d1%81%d1%82%d0%b8%d1%80%d0%b0%d1%89%d0%b8-%d1%81%d0%b2%d0%b0%d0%bb%d0%b8%d1%85%d0%b0-%d0%b7%d0%bd%d0%b0%d0%bc%d0%b5%d1%82%d0%be-%d0%bd%d0%b0-%d0%b5%d1%81-%d0%b7%d0%b0/?C=N&O=A HTTP/1.1" 200 418 "-" "Mozilla/5.0 AppleWebKit/537.36 (KHTML, like Gecko; compatible; ClaudeBot/1.0; +claudebot@anthropic.com)"
216.73.216.187 - - [05/Apr/2026:16:46:42 +0200] "GET /wp-content/cache/page_enhanced/netvesti.com/%d1%80%d0%b0%d0%b4%d0%b5%d0%b2-%d0%be%d1%82-%d1%83%d1%87%d0%b5%d0%bd%d0%b8%d1%8f%d1%82%d0%b0-%d0%b2-%d0%ba%d0%be%d1%80%d0%b5%d0%bd-%d0%bf%d1%80%d0%be%d0%ba%d1%83%d1%80%d0%b0%d1%82%d1%83%d1%80%d0%b0/?C=N&O=A HTTP/1.1" 200 419 "-" "Mozilla/5.0 AppleWebKit/537.36 (KHTML, like Gecko; compatible; ClaudeBot/1.0; +claudebot@anthropic.com)"
216.73.216.187 - - [05/Apr/2026:16:46:47 +0200] "GET /wp-content/cache/page_enhanced/netvesti.com/%d0%b1%d0%bb%d0%b8%d0%b7%d0%be-350-000-%d0%b4%d0%b0%d0%bd%d1%8a%d1%87%d0%bd%d0%b8-%d0%b4%d0%b5%d0%ba%d0%bb%d0%b0%d1%80%d0%b0%d1%86%d0%b8%d0%b8-%d0%b2%d0%b5%d1%87%d0%b5-%d1%81%d0%b0-%d0%bf%d0%be%d0%b4/?C=N&O=A HTTP/1.1" 200 427 "-" "Mozilla/5.0 AppleWebKit/537.36 (KHTML, like Gecko; compatible; ClaudeBot/1.0; +claudebot@anthropic.com)"
216.73.216.187 - - [05/Apr/2026:16:46:52 +0200] "GET /wp-content/cache/page_enhanced/netvesti.com/%d0%bf%d1%80%d0%be%d0%ba%d1%83%d1%80%d0%b0%d1%82%d1%83%d1%80%d0%b0-%d0%b8-%d0%b3%d0%b4%d0%b1%d0%be%d0%bf-%d1%81%d1%8a%d1%81-%d1%81%d0%bf%d0%b5%d1%86%d0%b0%d0%ba%d1%86%d0%b8%d1%8f-%d0%b2-%d0%b3%d0%be/?C=N&O=A HTTP/1.1" 200 424 "-" "Mozilla/5.0 AppleWebKit/537.36 (KHTML, like Gecko; compatible; ClaudeBot/1.0; +claudebot@anthropic.com)"
23.21.175.228 - - [05/Apr/2026:16:46:56 +0200] "GET /wp-content/plugins/jetpack/modules/site-icon/?C=D;O%3DD HTTP/1.1" 200 325 "-" "Mozilla/5.0 AppleWebKit/537.36 (KHTML, like Gecko; compatible; Amazonbot/0.1; +https://developer.amazon.com/support/amazonbot) Chrome/119.0.6045.214 Safari/537.36"
216.73.216.187 - - [05/Apr/2026:16:46:57 +0200] "GET /wp-content/cache/page_enhanced/netvesti.com/%d1%80%d0%b0%d0%b4%d0%b5%d0%b2-%d0%be%d1%82-%d1%83%d1%87%d0%b5%d0%bd%d0%b8%d1%8f%d1%82%d0%b0-%d0%b2-%d0%ba%d0%be%d1%80%d0%b5%d0%bd-%d0%bf%d1%80%d0%be%d0%ba%d1%83%d1%80%d0%b0%d1%82%d1%83%d1%80%d0%b0/?C=M&O=D HTTP/1.1" 200 418 "-" "Mozilla/5.0 AppleWebKit/537.36 (KHTML, like Gecko; compatible; ClaudeBot/1.0; +claudebot@anthropic.com)"
216.73.216.187 - - [05/Apr/2026:16:47:02 +0200] "GET /wp-content/cache/page_enhanced/netvesti.com/%d1%81%d0%bf%d0%b5%d0%ba%d1%83%d0%bb%d0%b0%d1%86%d0%b8%d0%b8%d1%82%d0%b5-%d0%b7%d0%b0-%d1%81%d0%bb%d1%83%d0%b6%d0%b5%d0%b1%d0%b5%d0%bd-%d0%ba%d0%b0%d0%b1%d0%b8%d0%bd%d0%b5%d1%82-%d0%b8%d0%b7%d0%b4/?C=D&O=D HTTP/1.1" 502 150 "-" "Mozilla/5.0 AppleWebKit/537.36 (KHTML, like Gecko; compatible; ClaudeBot/1.0; +claudebot@anthropic.com)"
216.73.216.187 - - [05/Apr/2026:16:47:07 +0200] "GET /wp-content/cache/page_enhanced/netvesti.com/%d1%80%d0%b0%d0%b4%d0%b5%d0%b2-%d0%b7%d0%b0-%d0%bd%d0%b0%d0%bf%d1%80%d0%b5%d0%b6%d0%b5%d0%bd%d0%b8%d0%b5%d1%82%d0%be-%d0%bc%d0%b5%d0%b6%d0%b4%d1%83-%d1%80%d1%83%d1%81%d0%b8%d1%8f-%d0%b8-%d0%bd%d0%b0/?C=M&O=D HTTP/1.1" 200 416 "-" "Mozilla/5.0 AppleWebKit/537.36 (KHTML, like Gecko; compatible; ClaudeBot/1.0; +claudebot@anthropic.com)"
216.244.66.232 - - [05/Apr/2026:16:47:07 +0200] "GET /robots.txt HTTP/1.1" 304 0 "-" "Mozilla/5.0 (compatible; DotBot/1.2; +https://opensiteexplorer.org/dotbot; help@moz.com)"
66.249.77.64 - - [05/Apr/2026:16:47:09 +0200] "GET /tag/%D0%BC%D0%B5%D0%B4%D0%B2%D0%B5%D0%B4%D0%B5%D0%B2/page/18/ HTTP/1.1" 200 16494 "-" "Mozilla/5.0 (Linux; Android 6.0.1; Nexus 5X Build/MMB29P) AppleWebKit/537.36 (KHTML, like Gecko) Chrome/146.0.7680.177 Mobile Safari/537.36 (compatible; Googlebot/2.1; +http://www.google.com/bot.html)"
85.208.96.193 - - [05/Apr/2026:16:47:10 +0200] "GET /tag/%CF%80a%D0%B2e%D0%BB-%CF%80o%D0%BFa%D0%BD%D0%B4o%D0%B2/page/12/ HTTP/1.1" 200 16332 "-" "Mozilla/5.0 (compatible; SemrushBot/7~bl; +http://www.semrush.com/bot.html)"
220.181.108.144 - - [05/Apr/2026:16:47:11 +0200] "GET /wp-content/uploads/2020/06/d183d0b4d18ad0bbd0b6d0b0d0b2d0b0d182-d0b8d0b7d0b2d18ad0bdd180d0b5d0b4d0bdd0b0d182d0b0-d0b5d0bfd0b8d0b4d0b5d0bcd0b8d187d0bdd0b0-d0be-356x220.jpg HTTP/1.1" 200 17187 "-" "Baiduspider-image+(+http://www.baidu.com/search/spider.htm)"
216.73.216.187 - - [05/Apr/2026:16:47:12 +0200] "GET /wp-content/cache/page_enhanced/netvesti.com/%d0%bf%d1%80%d0%be%d1%82%d0%b5%d1%81%d1%82%d0%b8%d1%80%d0%b0%d1%89%d0%b8-%d1%81%d0%b2%d0%b0%d0%bb%d0%b8%d1%85%d0%b0-%d0%b7%d0%bd%d0%b0%d0%bc%d0%b5%d1%82%d0%be-%d0%bd%d0%b0-%d0%b5%d1%81-%d0%b7%d0%b0/?C=S&O=D HTTP/1.1" 200 418 "-" "Mozilla/5.0 AppleWebKit/537.36 (KHTML, like Gecko; compatible; ClaudeBot/1.0; +claudebot@anthropic.com)"
185.191.171.11 - - [05/Apr/2026:16:47:16 +0200] "GET /tag/%D0%B6%D1%83%D1%80%D0%BD%D0%B0%D0%BB%D0%B8%D1%81%D1%82%D0%BA%D0%B0%D1%82%D0%B0/ HTTP/1.1" 200 13528 "-" "Mozilla/5.0 (compatible; SemrushBot/7~bl; +http://www.semrush.com/bot.html)"
216.73.216.187 - - [05/Apr/2026:16:47:17 +0200] "GET /wp-content/cache/page_enhanced/netvesti.com/%d1%82%d0%be%d0%b7%d0%b8-%d0%bd%d0%b0%d1%88-73-%d0%b3%d0%be%d0%b4%d0%b8%d1%88%d0%b5%d0%bd-%d1%81%d0%b2%d0%b5%d1%89%d0%b5%d0%bd%d0%b8%d0%ba-%d1%89%d0%b5-%d0%be%d1%81%d1%82%d0%b0%d0%bd%d0%b5-%d0%b2/?C=M&O=D HTTP/1.1" 200 419 "-" "Mozilla/5.0 AppleWebKit/537.36 (KHTML, like Gecko; compatible; ClaudeBot/1.0; +claudebot@anthropic.com)"
216.73.216.187 - - [05/Apr/2026:16:47:22 +0200] "GET /wp-content/cache/page_enhanced/netvesti.com/%d1%81%d0%bf%d0%b5%d0%ba%d1%83%d0%bb%d0%b0%d1%86%d0%b8%d0%b8%d1%82%d0%b5-%d0%b7%d0%b0-%d1%81%d0%bb%d1%83%d0%b6%d0%b5%d0%b1%d0%b5%d0%bd-%d0%ba%d0%b0%d0%b1%d0%b8%d0%bd%d0%b5%d1%82-%d0%b8%d0%b7%d0%b4/?C=M&O=D HTTP/1.1" 200 419 "-" "Mozilla/5.0 AppleWebKit/537.36 (KHTML, like Gecko; compatible; ClaudeBot/1.0; +claudebot@anthropic.com)"
216.73.216.187 - - [05/Apr/2026:16:47:27 +0200] "GET /wp-content/cache/page_enhanced/netvesti.com/%d0%b1%d0%bb%d0%b8%d0%b7%d0%be-350-000-%d0%b4%d0%b0%d0%bd%d1%8a%d1%87%d0%bd%d0%b8-%d0%b4%d0%b5%d0%ba%d0%bb%d0%b0%d1%80%d0%b0%d1%86%d0%b8%d0%b8-%d0%b2%d0%b5%d1%87%d0%b5-%d1%81%d0%b0-%d0%bf%d0%be%d0%b4/?C=S&O=D HTTP/1.1" 200 427 "-" "Mozilla/5.0 AppleWebKit/537.36 (KHTML, like Gecko; compatible; ClaudeBot/1.0; +claudebot@anthropic.com)"
216.73.216.187 - - [05/Apr/2026:16:47:35 +0200] "GET /tag/%D1%81%D0%BF%D0%BE%D1%80%D0%B5%D0%B4-%D1%80%D1%83%D0%BC%D0%B5%D0%BD-%D1%80%D0%B0%D0%B4%D0%B5%D0%B2-%D0%B1%D1%8A%D0%BB%D0%B3%D0%B0%D1%80%D0%B8%D1%8F-%D0%BD%D0%B5-%D0%B5-%D0%B7%D0%B0%D0%B2%D0%BB%D0%B0/page/14 HTTP/1.1" 301 0 "-" "Mozilla/5.0 AppleWebKit/537.36 (KHTML, like Gecko; compatible; ClaudeBot/1.0; +claudebot@anthropic.com)"
216.73.216.187 - - [05/Apr/2026:16:47:36 +0200] "GET /tag/%D1%81%D0%BF%D0%BE%D1%80%D0%B5%D0%B4-%D1%80%D1%83%D0%BC%D0%B5%D0%BD-%D1%80%D0%B0%D0%B4%D0%B5%D0%B2-%D0%B1%D1%8A%D0%BB%D0%B3%D0%B0%D1%80%D0%B8%D1%8F-%D0%BD%D0%B5-%D0%B5-%D0%B7%D0%B0%D0%B2%D0%BB%D0%B0/page/14/ HTTP/1.1" 200 16375 "https://netvesti.com/tag/%D1%81%D0%BF%D0%BE%D1%80%D0%B5%D0%B4-%D1%80%D1%83%D0%BC%D0%B5%D0%BD-%D1%80%D0%B0%D0%B4%D0%B5%D0%B2-%D0%B1%D1%8A%D0%BB%D0%B3%D0%B0%D1%80%D0%B8%D1%8F-%D0%BD%D0%B5-%D0%B5-%D0%B7%D0%B0%D0%B2%D0%BB%D0%B0/page/14" "Mozilla/5.0 AppleWebKit/537.36 (KHTML, like Gecko; compatible; ClaudeBot/1.0; +claudebot@anthropic.com)"
216.73.216.187 - - [05/Apr/2026:16:47:37 +0200] "GET /tag/%D1%81%D0%BF%D0%BE%D1%80%D0%B5%D0%B4-%D1%80%D1%83%D0%BC%D0%B5%D0%BD-%D1%80%D0%B0%D0%B4%D0%B5%D0%B2-%D0%B1%D1%8A%D0%BB%D0%B3%D0%B0%D1%80%D0%B8%D1%8F-%D0%BD%D0%B5-%D0%B5-%D0%B7%D0%B0%D0%B2%D0%BB%D0%B0/page/13 HTTP/1.1" 301 0 "-" "Mozilla/5.0 AppleWebKit/537.36 (KHTML, like Gecko; compatible; ClaudeBot/1.0; +claudebot@anthropic.com)"
216.73.216.187 - - [05/Apr/2026:16:47:38 +0200] "GET /tag/%D1%81%D0%BF%D0%BE%D1%80%D0%B5%D0%B4-%D1%80%D1%83%D0%BC%D0%B5%D0%BD-%D1%80%D0%B0%D0%B4%D0%B5%D0%B2-%D0%B1%D1%8A%D0%BB%D0%B3%D0%B0%D1%80%D0%B8%D1%8F-%D0%BD%D0%B5-%D0%B5-%D0%B7%D0%B0%D0%B2%D0%BB%D0%B0/page/13/ HTTP/1.1" 200 16670 "https://netvesti.com/tag/%D1%81%D0%BF%D0%BE%D1%80%D0%B5%D0%B4-%D1%80%D1%83%D0%BC%D0%B5%D0%BD-%D1%80%D0%B0%D0%B4%D0%B5%D0%B2-%D0%B1%D1%8A%D0%BB%D0%B3%D0%B0%D1%80%D0%B8%D1%8F-%D0%BD%D0%B5-%D0%B5-%D0%B7%D0%B0%D0%B2%D0%BB%D0%B0/page/13" "Mozilla/5.0 AppleWebKit/537.36 (KHTML, like Gecko; compatible; ClaudeBot/1.0; +claudebot@anthropic.com)"
216.73.216.187 - - [05/Apr/2026:16:47:43 +0200] "GET /tag/%D0%BF%D1%80%D0%B5%D0%BC%D0%B8%D0%B5%D1%80%D1%8A%D1%82-%D0%B3%D1%8A%D0%BB%D1%8A%D0%B1-%D0%B4%D0%BE%D0%BD%D0%B5%D0%B2-%D0%B1%D1%8A%D0%BB%D0%B3%D0%B0%D1%80%D0%B8%D1%8F-%D0%B8%D0%BC%D0%B0-%D0%BD%D0%B0/page/6 HTTP/1.1" 301 0 "-" "Mozilla/5.0 AppleWebKit/537.36 (KHTML, like Gecko; compatible; ClaudeBot/1.0; +claudebot@anthropic.com)"
216.73.216.187 - - [05/Apr/2026:16:47:44 +0200] "GET /tag/%D0%BF%D1%80%D0%B5%D0%BC%D0%B8%D0%B5%D1%80%D1%8A%D1%82-%D0%B3%D1%8A%D0%BB%D1%8A%D0%B1-%D0%B4%D0%BE%D0%BD%D0%B5%D0%B2-%D0%B1%D1%8A%D0%BB%D0%B3%D0%B0%D1%80%D0%B8%D1%8F-%D0%B8%D0%BC%D0%B0-%D0%BD%D0%B0/page/6/ HTTP/1.1" 200 16529 "https://netvesti.com/tag/%D0%BF%D1%80%D0%B5%D0%BC%D0%B8%D0%B5%D1%80%D1%8A%D1%82-%D0%B3%D1%8A%D0%BB%D1%8A%D0%B1-%D0%B4%D0%BE%D0%BD%D0%B5%D0%B2-%D0%B1%D1%8A%D0%BB%D0%B3%D0%B0%D1%80%D0%B8%D1%8F-%D0%B8%D0%BC%D0%B0-%D0%BD%D0%B0/page/6" "Mozilla/5.0 AppleWebKit/537.36 (KHTML, like Gecko; compatible; ClaudeBot/1.0; +claudebot@anthropic.com)"
216.73.216.187 - - [05/Apr/2026:16:47:48 +0200] "GET /tag/%D0%BF%D1%80%D0%B5%D0%BC%D0%B8%D0%B5%D1%80%D1%8A%D1%82-%D0%B3%D1%8A%D0%BB%D1%8A%D0%B1-%D0%B4%D0%BE%D0%BD%D0%B5%D0%B2-%D0%B1%D1%8A%D0%BB%D0%B3%D0%B0%D1%80%D0%B8%D1%8F-%D0%B8%D0%BC%D0%B0-%D0%BD%D0%B0/page/21 HTTP/1.1" 301 0 "-" "Mozilla/5.0 AppleWebKit/537.36 (KHTML, like Gecko; compatible; ClaudeBot/1.0; +claudebot@anthropic.com)"
216.73.216.187 - - [05/Apr/2026:16:47:49 +0200] "GET /tag/%D0%BF%D1%80%D0%B5%D0%BC%D0%B8%D0%B5%D1%80%D1%8A%D1%82-%D0%B3%D1%8A%D0%BB%D1%8A%D0%B1-%D0%B4%D0%BE%D0%BD%D0%B5%D0%B2-%D0%B1%D1%8A%D0%BB%D0%B3%D0%B0%D1%80%D0%B8%D1%8F-%D0%B8%D0%BC%D0%B0-%D0%BD%D0%B0/page/21/ HTTP/1.1" 200 16542 "https://netvesti.com/tag/%D0%BF%D1%80%D0%B5%D0%BC%D0%B8%D0%B5%D1%80%D1%8A%D1%82-%D0%B3%D1%8A%D0%BB%D1%8A%D0%B1-%D0%B4%D0%BE%D0%BD%D0%B5%D0%B2-%D0%B1%D1%8A%D0%BB%D0%B3%D0%B0%D1%80%D0%B8%D1%8F-%D0%B8%D0%BC%D0%B0-%D0%BD%D0%B0/page/21" "Mozilla/5.0 AppleWebKit/537.36 (KHTML, like Gecko; compatible; ClaudeBot/1.0; +claudebot@anthropic.com)"
216.73.216.187 - - [05/Apr/2026:16:47:52 +0200] "GET /tag/%D1%81%D0%BF%D0%BE%D1%80%D0%B5%D0%B4-%D1%80%D1%83%D0%BC%D0%B5%D0%BD-%D1%80%D0%B0%D0%B4%D0%B5%D0%B2-%D0%B1%D1%8A%D0%BB%D0%B3%D0%B0%D1%80%D0%B8%D1%8F-%D0%BD%D0%B5-%D0%B5-%D0%B7%D0%B0%D0%B2%D0%BB%D0%B0/page/4 HTTP/1.1" 301 0 "-" "Mozilla/5.0 AppleWebKit/537.36 (KHTML, like Gecko; compatible; ClaudeBot/1.0; +claudebot@anthropic.com)"
216.73.216.187 - - [05/Apr/2026:16:47:54 +0200] "GET /tag/%D1%81%D0%BF%D0%BE%D1%80%D0%B5%D0%B4-%D1%80%D1%83%D0%BC%D0%B5%D0%BD-%D1%80%D0%B0%D0%B4%D0%B5%D0%B2-%D0%B1%D1%8A%D0%BB%D0%B3%D0%B0%D1%80%D0%B8%D1%8F-%D0%BD%D0%B5-%D0%B5-%D0%B7%D0%B0%D0%B2%D0%BB%D0%B0/page/4/ HTTP/1.1" 200 16688 "https://netvesti.com/tag/%D1%81%D0%BF%D0%BE%D1%80%D0%B5%D0%B4-%D1%80%D1%83%D0%BC%D0%B5%D0%BD-%D1%80%D0%B0%D0%B4%D0%B5%D0%B2-%D0%B1%D1%8A%D0%BB%D0%B3%D0%B0%D1%80%D0%B8%D1%8F-%D0%BD%D0%B5-%D0%B5-%D0%B7%D0%B0%D0%B2%D0%BB%D0%B0/page/4" "Mozilla/5.0 AppleWebKit/537.36 (KHTML, like Gecko; compatible; ClaudeBot/1.0; +claudebot@anthropic.com)"
216.73.216.187 - - [05/Apr/2026:16:47:58 +0200] "GET /tag/%D0%B4%D1%8A%D0%BB%D0%B6%D0%B8-%D0%BD%D0%B0-%D1%87%D0%B5%D1%80%D0%B2%D0%B5%D0%BD%D0%B0%D1%82%D0%B0-%D0%B0%D1%80%D0%BC%D0%B8%D1%8F-%D0%BF%D0%BE%D0%B2%D0%B5%D1%87%D0%B5-%D0%B1%D0%BB%D0%B0%D0%B3%D0%BE/page/14 HTTP/1.1" 301 0 "-" "Mozilla/5.0 AppleWebKit/537.36 (KHTML, like Gecko; compatible; ClaudeBot/1.0; +claudebot@anthropic.com)"
216.73.216.187 - - [05/Apr/2026:16:47:59 +0200] "GET /tag/%D0%B4%D1%8A%D0%BB%D0%B6%D0%B8-%D0%BD%D0%B0-%D1%87%D0%B5%D1%80%D0%B2%D0%B5%D0%BD%D0%B0%D1%82%D0%B0-%D0%B0%D1%80%D0%BC%D0%B8%D1%8F-%D0%BF%D0%BE%D0%B2%D0%B5%D1%87%D0%B5-%D0%B1%D0%BB%D0%B0%D0%B3%D0%BE/page/14/ HTTP/1.1" 200 16731 "https://netvesti.com/tag/%D0%B4%D1%8A%D0%BB%D0%B6%D0%B8-%D0%BD%D0%B0-%D1%87%D0%B5%D1%80%D0%B2%D0%B5%D0%BD%D0%B0%D1%82%D0%B0-%D0%B0%D1%80%D0%BC%D0%B8%D1%8F-%D0%BF%D0%BE%D0%B2%D0%B5%D1%87%D0%B5-%D0%B1%D0%BB%D0%B0%D0%B3%D0%BE/page/14" "Mozilla/5.0 AppleWebKit/537.36 (KHTML, like Gecko; compatible; ClaudeBot/1.0; +claudebot@anthropic.com)"
52.167.144.138 - - [05/Apr/2026:16:48:01 +0200] "GET /tag/%D0%B1%D1%8A%D0%BB%D0%B3%D0%B0%D1%80%D1%81%D0%BA%D0%B8%D1%8F%D1%82-%D0%BF%D1%80%D0%B5%D0%B7%D0%B8%D0%B4%D0%B5%D0%BD%D1%82-%D0%B8%D0%B7%D1%80%D0%B0%D0%B7%D1%8F%D0%B2%D0%B0-%D0%BD%D0%B0%D1%88%D0%B0/page/39/ HTTP/1.1" 200 11524 "-" "Mozilla/5.0 AppleWebKit/537.36 (KHTML, like Gecko; compatible; bingbot/2.0; +http://www.bing.com/bingbot.htm) Chrome/116.0.1938.76 Safari/537.36"
216.73.216.187 - - [05/Apr/2026:16:48:04 +0200] "GET /tag/%D0%B4%D1%8A%D0%BB%D0%B6%D0%B8-%D0%BD%D0%B0-%D1%87%D0%B5%D1%80%D0%B2%D0%B5%D0%BD%D0%B0%D1%82%D0%B0-%D0%B0%D1%80%D0%BC%D0%B8%D1%8F-%D0%BF%D0%BE%D0%B2%D0%B5%D1%87%D0%B5-%D0%B1%D0%BB%D0%B0%D0%B3%D0%BE/page/11 HTTP/1.1" 502 150 "-" "Mozilla/5.0 AppleWebKit/537.36 (KHTML, like Gecko; compatible; ClaudeBot/1.0; +claudebot@anthropic.com)"
52.167.144.138 - - [05/Apr/2026:16:48:04 +0200] "GET /tag/%D1%85%D1%80%D0%B8%D1%81%D1%82%D0%BE-%D0%B3%D1%8A%D1%80%D0%B1%D0%BE%D0%B2/ HTTP/1.1" 502 552 "-" "Mozilla/5.0 AppleWebKit/537.36 (KHTML, like Gecko; compatible; bingbot/2.0; +http://www.bing.com/bingbot.htm) Chrome/116.0.1938.76 Safari/537.36"
52.167.144.25 - - [05/Apr/2026:16:48:04 +0200] "GET /tag/%D1%88%D0%B2%D0%B5%D0%B9%D1%86%D0%B0%D1%80%D0%B8%D1%8F/ HTTP/1.1" 502 552 "-" "Mozilla/5.0 AppleWebKit/537.36 (KHTML, like Gecko; compatible; bingbot/2.0; +http://www.bing.com/bingbot.htm) Chrome/116.0.1938.76 Safari/537.36"
52.167.144.138 - - [05/Apr/2026:16:48:04 +0200] "GET /tag/%D0%B4%D0%B5%D0%BF%D1%83%D1%82%D0%B0%D1%82%D0%B8%D1%82%D0%B5-%D1%89%D0%B5-%D1%81%D0%B8-%D0%B2%D0%B7%D0%B8%D0%BC%D0%B0%D1%82/ HTTP/1.1" 502 552 "-" "Mozilla/5.0 AppleWebKit/537.36 (KHTML, like Gecko; compatible; bingbot/2.0; +http://www.bing.com/bingbot.htm) Chrome/116.0.1938.76 Safari/537.36"
52.167.144.211 - - [05/Apr/2026:16:48:06 +0200] "GET /tag/%D1%83%D1%80%D1%81%D1%83%D0%BB%D0%B0-%D0%B8%D0%B4%D0%B2%D0%B0-%D1%83-%D0%BD%D0%B0%D1%81-%D0%B2-%D0%BD%D0%B5%D0%B4%D0%B5%D0%BB%D1%8F/ HTTP/1.1" 200 16091 "-" "Mozilla/5.0 AppleWebKit/537.36 (KHTML, like Gecko; compatible; bingbot/2.0; +http://www.bing.com/bingbot.htm) Chrome/116.0.1938.76 Safari/537.36"
216.73.216.187 - - [05/Apr/2026:16:48:07 +0200] "GET /tag/%D0%B4%D0%B0-%D0%B8%D0%BC%D0%B0-%D0%BA%D1%80%D0%B8%D1%82%D0%B8%D1%87%D0%BD%D0%B0-%D0%BC%D0%B0%D1%81%D0%B0-%D0%BE%D1%82-%D0%BC%D0%B8%D1%81%D0%BB%D0%B5%D1%89%D0%B8-%D1%85%D0%BE%D1%80%D0%B0/page/14 HTTP/1.1" 301 0 "-" "Mozilla/5.0 AppleWebKit/537.36 (KHTML, like Gecko; compatible; ClaudeBot/1.0; +claudebot@anthropic.com)"
216.73.216.187 - - [05/Apr/2026:16:48:08 +0200] "GET /tag/%D0%B4%D0%B0-%D0%B8%D0%BC%D0%B0-%D0%BA%D1%80%D0%B8%D1%82%D0%B8%D1%87%D0%BD%D0%B0-%D0%BC%D0%B0%D1%81%D0%B0-%D0%BE%D1%82-%D0%BC%D0%B8%D1%81%D0%BB%D0%B5%D1%89%D0%B8-%D1%85%D0%BE%D1%80%D0%B0/page/14/ HTTP/1.1" 200 16429 "https://netvesti.com/tag/%D0%B4%D0%B0-%D0%B8%D0%BC%D0%B0-%D0%BA%D1%80%D0%B8%D1%82%D0%B8%D1%87%D0%BD%D0%B0-%D0%BC%D0%B0%D1%81%D0%B0-%D0%BE%D1%82-%D0%BC%D0%B8%D1%81%D0%BB%D0%B5%D1%89%D0%B8-%D1%85%D0%BE%D1%80%D0%B0/page/14" "Mozilla/5.0 AppleWebKit/537.36 (KHTML, like Gecko; compatible; ClaudeBot/1.0; +claudebot@anthropic.com)"
216.73.216.187 - - [05/Apr/2026:16:48:12 +0200] "GET /tag/%D0%B4%D0%B0-%D0%B8%D0%BC%D0%B0-%D0%BA%D1%80%D0%B8%D1%82%D0%B8%D1%87%D0%BD%D0%B0-%D0%BC%D0%B0%D1%81%D0%B0-%D0%BE%D1%82-%D0%BC%D0%B8%D1%81%D0%BB%D0%B5%D1%89%D0%B8-%D1%85%D0%BE%D1%80%D0%B0/page/13 HTTP/1.1" 301 0 "-" "Mozilla/5.0 AppleWebKit/537.36 (KHTML, like Gecko; compatible; ClaudeBot/1.0; +claudebot@anthropic.com)"
216.73.216.187 - - [05/Apr/2026:16:48:14 +0200] "GET /tag/%D0%B4%D0%B0-%D0%B8%D0%BC%D0%B0-%D0%BA%D1%80%D0%B8%D1%82%D0%B8%D1%87%D0%BD%D0%B0-%D0%BC%D0%B0%D1%81%D0%B0-%D0%BE%D1%82-%D0%BC%D0%B8%D1%81%D0%BB%D0%B5%D1%89%D0%B8-%D1%85%D0%BE%D1%80%D0%B0/page/13/ HTTP/1.1" 200 16041 "https://netvesti.com/tag/%D0%B4%D0%B0-%D0%B8%D0%BC%D0%B0-%D0%BA%D1%80%D0%B8%D1%82%D0%B8%D1%87%D0%BD%D0%B0-%D0%BC%D0%B0%D1%81%D0%B0-%D0%BE%D1%82-%D0%BC%D0%B8%D1%81%D0%BB%D0%B5%D1%89%D0%B8-%D1%85%D0%BE%D1%80%D0%B0/page/13" "Mozilla/5.0 AppleWebKit/537.36 (KHTML, like Gecko; compatible; ClaudeBot/1.0; +claudebot@anthropic.com)"
52.167.144.25 - - [05/Apr/2026:16:48:14 +0200] "GET /tag/%D0%B1%D0%B0%D0%B1%D0%B0/ HTTP/1.1" 200 13605 "-" "Mozilla/5.0 AppleWebKit/537.36 (KHTML, like Gecko; compatible; bingbot/2.0; +http://www.bing.com/bingbot.htm) Chrome/116.0.1938.76 Safari/537.36"
52.167.144.25 - - [05/Apr/2026:16:48:15 +0200] "GET /tag/%D0%B3%D1%80%D0%B5%D1%88%D0%BA%D0%B0/ HTTP/1.1" 200 13671 "-" "Mozilla/5.0 AppleWebKit/537.36 (KHTML, like Gecko; compatible; bingbot/2.0; +http://www.bing.com/bingbot.htm) Chrome/116.0.1938.76 Safari/537.36"
216.73.216.187 - - [05/Apr/2026:16:48:17 +0200] "GET /wp-content/plugins/jetpack/images/rss/?C=N&O=D HTTP/1.1" 200 554 "-" "Mozilla/5.0 AppleWebKit/537.36 (KHTML, like Gecko; compatible; ClaudeBot/1.0; +claudebot@anthropic.com)"
216.73.216.187 - - [05/Apr/2026:16:48:22 +0200] "GET /wp-content/plugins/wordpress-seo/vendor/yoast/api-libs/google/?C=M&O=A HTTP/1.1" 200 433 "-" "Mozilla/5.0 AppleWebKit/537.36 (KHTML, like Gecko; compatible; ClaudeBot/1.0; +claudebot@anthropic.com)"
216.73.216.187 - - [05/Apr/2026:16:48:27 +0200] "GET /wp-content/plugins/jetpack/_inc/build/?C=M&O=A HTTP/1.1" 200 984 "-" "Mozilla/5.0 AppleWebKit/537.36 (KHTML, like Gecko; compatible; ClaudeBot/1.0; +claudebot@anthropic.com)"
216.73.216.187 - - [05/Apr/2026:16:48:32 +0200] "GET /wp-content/plugins/wordpress-seo/vendor/yoast/api-libs/google/?C=N&O=D HTTP/1.1" 200 432 "-" "Mozilla/5.0 AppleWebKit/537.36 (KHTML, like Gecko; compatible; ClaudeBot/1.0; +claudebot@anthropic.com)"
216.73.216.187 - - [05/Apr/2026:16:48:37 +0200] "GET /wp-content/plugins/jetpack/_inc/build/?C=N&O=D HTTP/1.1" 200 974 "-" "Mozilla/5.0 AppleWebKit/537.36 (KHTML, like Gecko; compatible; ClaudeBot/1.0; +claudebot@anthropic.com)"
185.191.171.13 - - [05/Apr/2026:16:48:38 +0200] "GET /tag/%D0%BA%D1%8C%D0%BE%D0%B2%D0%B5%D1%88%D0%B8-%D1%81%D0%B5-%D1%81%D1%80%D0%B5%D1%89%D0%B0-%D1%81-%D1%8F%D0%BD%D0%B0%D0%BA%D0%B8-%D1%81%D1%82%D0%BE%D0%B8%D0%BB%D0%BE%D0%B2-%D0%BE%D1%89%D0%B5-%D0%B4%D0%BD/page/24/ HTTP/1.1" 200 16714 "-" "Mozilla/5.0 (compatible; SemrushBot/7~bl; +http://www.semrush.com/bot.html)"
216.73.216.187 - - [05/Apr/2026:16:48:42 +0200] "GET /wp-content/plugins/jetpack/modules/gplus-authorship/?C=N&O=A HTTP/1.1" 200 287 "-" "Mozilla/5.0 AppleWebKit/537.36 (KHTML, like Gecko; compatible; ClaudeBot/1.0; +claudebot@anthropic.com)"
216.73.216.187 - - [05/Apr/2026:16:48:47 +0200] "GET /wp-content/plugins/wordpress-seo/admin/ajax/?C=S&O=A HTTP/1.1" 200 422 "-" "Mozilla/5.0 AppleWebKit/537.36 (KHTML, like Gecko; compatible; ClaudeBot/1.0; +claudebot@anthropic.com)"
34.230.124.21 - - [05/Apr/2026:16:48:48 +0200] "GET /wp-content/themes/Newspaper/includes/demos/sound_radar/td_import.php HTTP/1.1" 500 0 "-" "Mozilla/5.0 AppleWebKit/537.36 (KHTML, like Gecko; compatible; Amazonbot/0.1; +https://developer.amazon.com/support/amazonbot) Chrome/119.0.6045.214 Safari/537.36"
185.191.171.11 - - [05/Apr/2026:16:48:52 +0200] "GET /tag/%D0%B8%D0%BA%D0%BE%D0%BD%D0%BE%D0%BC%D0%B8%D1%87%D0%B5%D1%81%D0%BA%D0%B8-%D0%B4%D0%B0%D0%BD%D0%BD%D0%B8/page/244/ HTTP/1.1" 200 16390 "-" "Mozilla/5.0 (compatible; SemrushBot/7~bl; +http://www.semrush.com/bot.html)"
216.73.216.187 - - [05/Apr/2026:16:48:52 +0200] "GET /wp-content/plugins/jetpack/images/rss/purple-small.png HTTP/1.1" 200 630 "-" "Mozilla/5.0 AppleWebKit/537.36 (KHTML, like Gecko; compatible; ClaudeBot/1.0; +claudebot@anthropic.com)"
185.191.171.18 - - [05/Apr/2026:16:48:57 +0200] "GET /tag/%D0%B8%D0%BA%D0%BE%D0%BD%D0%BE%D0%BC%D0%B8%D1%87%D0%B5%D1%81%D0%BA%D0%B8-%D0%B4%D0%B0%D0%BD%D0%BD%D0%B8/page/334/ HTTP/1.1" 200 16192 "-" "Mozilla/5.0 (compatible; SemrushBot/7~bl; +http://www.semrush.com/bot.html)"
216.73.216.187 - - [05/Apr/2026:16:48:57 +0200] "GET /wp-content/plugins/wordpress-seo/admin/ajax/?C=D&O=A HTTP/1.1" 200 420 "-" "Mozilla/5.0 AppleWebKit/537.36 (KHTML, like Gecko; compatible; ClaudeBot/1.0; +claudebot@anthropic.com)"
220.181.108.102 - - [05/Apr/2026:16:48:58 +0200] "GET /wp-content/uploads/2022/09/putin12-356x220.jpg HTTP/1.1" 200 11608 "-" "Baiduspider-image+(+http://www.baidu.com/search/spider.htm)"
216.73.216.187 - - [05/Apr/2026:16:49:03 +0200] "GET /wp-content/plugins/jetpack/images/rss/purple-large.png HTTP/1.1" 502 150 "-" "Mozilla/5.0 AppleWebKit/537.36 (KHTML, like Gecko; compatible; ClaudeBot/1.0; +claudebot@anthropic.com)"
216.73.216.187 - - [05/Apr/2026:16:49:07 +0200] "GET /wp-content/plugins/wordpress-seo/admin/ajax/?C=M&O=A HTTP/1.1" 200 421 "-" "Mozilla/5.0 AppleWebKit/537.36 (KHTML, like Gecko; compatible; ClaudeBot/1.0; +claudebot@anthropic.com)"
216.73.216.187 - - [05/Apr/2026:16:49:15 +0200] "GET /wp-content/uploads/2019/03/conova-324x385.jpg HTTP/1.1" 200 22038 "-" "Mozilla/5.0 AppleWebKit/537.36 (KHTML, like Gecko; compatible; ClaudeBot/1.0; +claudebot@anthropic.com)"
216.73.216.187 - - [05/Apr/2026:16:49:18 +0200] "GET /wp-content/uploads/2022/02/rashkov-265x198.jpg HTTP/1.1" 200 9478 "-" "Mozilla/5.0 AppleWebKit/537.36 (KHTML, like Gecko; compatible; ClaudeBot/1.0; +claudebot@anthropic.com)"
17.241.75.49 - - [05/Apr/2026:16:49:18 +0200] "GET /tag/%D0%BF%D0%B5%D0%B2%D0%B8%D1%86%D0%B0%D1%82%D0%B0-%D1%80%D0%BE%D1%81%D0%B8%D1%86%D0%B0-%D0%BA%D0%B8%D1%80%D0%B8%D0%BB%D0%BE%D0%B2%D0%B0/page/16/ HTTP/1.1" 200 14038 "-" "Mozilla/5.0 (Macintosh; Intel Mac OS X 10_15_7) AppleWebKit/605.1.15 (KHTML, like Gecko) Version/17.4 Safari/605.1.15 (Applebot/0.1; +http://www.apple.com/go/applebot)"
85.208.96.209 - - [05/Apr/2026:16:49:19 +0200] "GET /tag/%D0%BA%D0%BE%D1%8F%D1%82%D0%BE-%D0%BD%D0%B8%D0%BA%D0%BE%D0%B3%D0%B0-%D0%B4%D0%BE%D1%81%D0%B5%D0%B3%D0%B0-%D0%BD%D0%B5-%D0%B5-%D1%81%D0%B2%D1%8A%D1%80%D1%88%D0%B5%D0%BD%D0%B0-%D0%B7%D0%B0-%D1%82%D0%BE/page/25/ HTTP/1.1" 200 16510 "-" "Mozilla/5.0 (compatible; SemrushBot/7~bl; +http://www.semrush.com/bot.html)"
216.73.216.187 - - [05/Apr/2026:16:49:23 +0200] "GET /wp-content/uploads/2022/09/BO882-265x198.jpg HTTP/1.1" 200 6640 "-" "Mozilla/5.0 AppleWebKit/537.36 (KHTML, like Gecko; compatible; ClaudeBot/1.0; +claudebot@anthropic.com)"
