52.167.144.173 - - [05/Apr/2026:16:06:37 +0200] "GET /tag/%D0%B4%D0%B0%D0%BD%D0%BD%D0%B8%D1%82%D0%B5/ HTTP/1.1" 200 13525 "-" "Mozilla/5.0 AppleWebKit/537.36 (KHTML, like Gecko; compatible; bingbot/2.0; +http://www.bing.com/bingbot.htm) Chrome/116.0.1938.76 Safari/537.36"
52.167.144.173 - - [05/Apr/2026:16:06:38 +0200] "GET /tag/%D0%BF%D0%BF-%D0%B4%D0%B1-%D0%B8%D0%BC%D0%B0%D1%82-%D0%BF%D1%80%D0%B5%D1%82%D0%B5%D0%BD%D1%86%D0%B8%D0%B8/page/2/ HTTP/1.1" 200 16570 "-" "Mozilla/5.0 AppleWebKit/537.36 (KHTML, like Gecko; compatible; bingbot/2.0; +http://www.bing.com/bingbot.htm) Chrome/116.0.1938.76 Safari/537.36"
216.73.216.187 - - [05/Apr/2026:16:06:39 +0200] "GET /wp-content/cache/page_enhanced/netvesti.com/%d1%81%d1%8a%d1%81%d1%82%d0%b0%d0%b2%d0%b8%d1%85%d0%b0-16-%d0%b0%d0%ba%d1%82%d0%b0-%d0%b7%d0%b0-%d1%80%d0%b0%d0%b7%d1%85%d0%be%d0%b4%d0%ba%d0%b8-%d0%b2-%d0%bf%d0%bb%d0%b5%d0%b2%d0%b5%d0%bd/?C=N&O=D HTTP/1.1" 200 421 "-" "Mozilla/5.0 AppleWebKit/537.36 (KHTML, like Gecko; compatible; ClaudeBot/1.0; +claudebot@anthropic.com)"
216.73.216.187 - - [05/Apr/2026:16:06:44 +0200] "GET /wp-content/cache/page_enhanced/netvesti.com/%d0%bf%d1%80%d0%be%d1%84-%d0%b8%d0%b2%d0%b0%d0%b9%d0%bb%d0%be-%d0%b4%d0%b8%d1%87%d0%b5%d0%b2-%d0%b0%d0%ba%d0%be-%d1%81%d0%b5-%d0%b2%d0%bb%d0%b0%d1%87%d0%b8%d0%bc-%d0%b4%d0%be-%d0%bf%d1%80%d0%be/?C=N&O=D HTTP/1.1" 200 417 "-" "Mozilla/5.0 AppleWebKit/537.36 (KHTML, like Gecko; compatible; ClaudeBot/1.0; +claudebot@anthropic.com)"
216.75.132.115 - - [05/Apr/2026:16:06:45 +0200] "GET /wp-content/uploads/2020/05/d0b4d0b5d181d0b5d182d0bad0b8-d0b7d0b0d0b3d0b8d0bdd0b0d0bbd0b8-d0bfd180d0b8-d0b1d183d0bdd182-d0b2-d0b7d0b0d182d0b2d0bed180-d0b2d18ad0b2-356x220.jpg HTTP/1.1" 200 16497 "https://netvesti.com/" "Mozilla/5.0 (Windows NT 10.0; Win64; x64) AppleWebKit/537.36 (KHTML, like Gecko) Chrome/106.0.5249.119 Safari/537.36"
216.73.216.187 - - [05/Apr/2026:16:06:49 +0200] "GET /wp-content/cache/page_enhanced/netvesti.com/%d0%b1%d0%b5%d0%b7%d0%bf%d0%bb%d0%b0%d1%82%d0%bd%d0%b8-%d1%87%d0%b0%d0%b4%d1%8a%d1%80%d0%b8-%d0%bd%d0%b0-%d0%bf%d0%bb%d0%b0%d0%b6%d0%b0-%d0%bd%d0%be-%d1%81%d0%b0%d0%bc%d0%be-%d0%b0%d0%ba%d0%be-%d0%ba/?C=N&O=D HTTP/1.1" 200 421 "-" "Mozilla/5.0 AppleWebKit/537.36 (KHTML, like Gecko; compatible; ClaudeBot/1.0; +claudebot@anthropic.com)"
216.73.216.187 - - [05/Apr/2026:16:06:54 +0200] "GET /wp-content/cache/page_enhanced/netvesti.com/%d0%ba%d0%be%d1%88%d0%bc%d0%b0%d1%80%d0%b8%d1%82%d0%b5-%d1%81%d0%b0-%d0%bf%d0%be%d0%bb%d0%b5%d0%b7%d0%bd%d0%b8-%d1%82%d1%80%d0%b5%d0%bd%d0%b8%d1%80%d0%b0%d1%82-%d0%bd%d0%b5%d1%80%d0%b2%d0%bd%d0%b0/?C=N&O=A HTTP/1.1" 200 423 "-" "Mozilla/5.0 AppleWebKit/537.36 (KHTML, like Gecko; compatible; ClaudeBot/1.0; +claudebot@anthropic.com)"
216.73.216.187 - - [05/Apr/2026:16:06:59 +0200] "GET /wp-content/cache/page_enhanced/netvesti.com/%d1%83%d0%b1%d0%be%d0%b6%d0%b4%d0%b0%d0%bd%d0%b5%d1%82%d0%be-%d0%bf%d1%80%d0%b8-%d0%bf%d0%be%d1%81%d1%82%d0%b0%d0%b2%d1%8f%d0%bd%d0%b5-%d0%bd%d0%b0-%d0%b2%d0%b0%d0%ba%d1%81%d0%b8%d0%bd%d0%b0-%d0%bd/?C=N&O=D HTTP/1.1" 200 424 "-" "Mozilla/5.0 AppleWebKit/537.36 (KHTML, like Gecko; compatible; ClaudeBot/1.0; +claudebot@anthropic.com)"
185.191.171.12 - - [05/Apr/2026:16:06:59 +0200] "GET /tag/%D0%BA%D0%B8%D0%B5%D0%B2/page/15/ HTTP/1.1" 200 16353 "-" "Mozilla/5.0 (compatible; SemrushBot/7~bl; +http://www.semrush.com/bot.html)"
216.73.216.187 - - [05/Apr/2026:16:07:04 +0200] "GET /wp-content/cache/page_enhanced/netvesti.com/%d0%bf%d1%80%d0%be%d1%84-%d0%b8%d0%b2%d0%be-%d1%85%d1%80%d0%b8%d1%81%d1%82%d0%be%d0%b2-%d0%b1%d1%8a%d0%bb%d0%b3%d0%b0%d1%80%d0%b8%d1%8f-%d1%83%d0%bc%d1%80%d1%8f-%d0%bf%d1%80%d0%b5%d0%b4%d0%b8-110/?C=N&O=A HTTP/1.1" 200 422 "-" "Mozilla/5.0 AppleWebKit/537.36 (KHTML, like Gecko; compatible; ClaudeBot/1.0; +claudebot@anthropic.com)"
216.73.216.187 - - [05/Apr/2026:16:07:09 +0200] "GET /wp-content/cache/page_enhanced/netvesti.com/%d0%b0%d0%b8%d0%ba%d0%b1-%d1%81%d0%bc%d0%b5%d1%82%d0%bd%d0%b0-%d0%b2-%d0%b3%d0%b5%d1%80%d0%bc%d0%b0%d0%bd%d0%b8%d1%8f-60-0-%d0%bf%d1%80%d0%b8-%d0%bd%d0%b0%d1%81-23-77/?C=N&O=A HTTP/1.1" 200 423 "-" "Mozilla/5.0 AppleWebKit/537.36 (KHTML, like Gecko; compatible; ClaudeBot/1.0; +claudebot@anthropic.com)"
216.73.216.187 - - [05/Apr/2026:16:07:14 +0200] "GET /wp-content/cache/page_enhanced/netvesti.com/%d1%82%d1%80%d0%b8%d0%bc%d0%b0-%d0%bf%d1%80%d0%b5%d0%b1%d0%b8%d1%85%d0%b0-%d1%88%d0%be%d1%84%d1%8c%d0%be%d1%80-%d0%bd%d0%b0-%d0%bf%d0%b0%d1%80%d0%ba%d0%b8%d0%bd%d0%b3-%d0%b2-%d0%b1%d0%b0%d0%bb%d1%87/?C=S&O=A HTTP/1.1" 200 423 "-" "Mozilla/5.0 AppleWebKit/537.36 (KHTML, like Gecko; compatible; ClaudeBot/1.0; +claudebot@anthropic.com)"
216.73.216.187 - - [05/Apr/2026:16:07:19 +0200] "GET /wp-content/cache/page_enhanced/netvesti.com/%d0%b0%d0%bd%d0%b0-%d0%be%d1%82-%d0%ba%d0%b2%d0%b0%d1%80%d1%82%d0%b0%d0%bb%d0%b0-%d0%bd%d0%be%d0%b2%d0%b0%d1%82%d0%b0-%d0%bf%d0%b5%d1%81%d0%b5%d0%bd-%d0%bd%d0%b0-%d0%b8%d1%81%d0%ba%d1%80%d0%b5/?C=N&O=A HTTP/1.1" 200 417 "-" "Mozilla/5.0 AppleWebKit/537.36 (KHTML, like Gecko; compatible; ClaudeBot/1.0; +claudebot@anthropic.com)"
66.249.77.76 - - [05/Apr/2026:16:07:21 +0200] "GET /%D0%B2-%D1%81%D1%8A%D1%80%D0%B1%D0%B8%D1%8F-%D0%BD%D0%B8-%D1%81%D0%B5-%D1%81%D0%BC%D0%B5%D1%8F%D1%82-%D1%86%D1%81%D0%BA%D0%B0-%D1%81%D1%80%D0%B5%D1%89%D1%83-%D1%86%D1%81%D0%BA%D0%B0-%D1%86%D0%B8/ HTTP/1.1" 200 24878 "-" "Mozilla/5.0 (Linux; Android 6.0.1; Nexus 5X Build/MMB29P) AppleWebKit/537.36 (KHTML, like Gecko) Chrome/146.0.7680.177 Mobile Safari/537.36 (compatible; Googlebot/2.1; +http://www.google.com/bot.html)"
91.92.243.248 - - [05/Apr/2026:16:07:22 +0200] "POST /wp-login.php HTTP/1.1" 200 1554 "-" "Mozilla/5.0"
91.92.243.248 - - [05/Apr/2026:16:07:22 +0200] "POST /wp-login.php HTTP/1.1" 200 1551 "-" "Mozilla/5.0"
91.92.243.248 - - [05/Apr/2026:16:07:22 +0200] "POST /wp-login.php HTTP/1.1" 200 1554 "-" "Mozilla/5.0"
91.92.243.248 - - [05/Apr/2026:16:07:22 +0200] "POST /wp-login.php HTTP/1.1" 200 1550 "-" "Mozilla/5.0"
91.92.243.248 - - [05/Apr/2026:16:07:22 +0200] "POST /wp-login.php HTTP/1.1" 200 1539 "-" "Mozilla/5.0"
91.92.243.248 - - [05/Apr/2026:16:07:22 +0200] "POST /wp-login.php HTTP/1.1" 200 1552 "-" "Mozilla/5.0"
91.92.243.248 - - [05/Apr/2026:16:07:22 +0200] "POST /wp-login.php HTTP/1.1" 200 1552 "-" "Mozilla/5.0"
91.92.243.248 - - [05/Apr/2026:16:07:22 +0200] "POST /wp-login.php HTTP/1.1" 200 1550 "-" "Mozilla/5.0"
91.92.243.248 - - [05/Apr/2026:16:07:22 +0200] "POST /wp-login.php HTTP/1.1" 200 1554 "-" "Mozilla/5.0"
91.92.243.248 - - [05/Apr/2026:16:07:22 +0200] "POST /wp-login.php HTTP/1.1" 200 1553 "-" "Mozilla/5.0"
91.92.243.248 - - [05/Apr/2026:16:07:23 +0200] "POST /wp-login.php HTTP/1.1" 200 1554 "-" "Mozilla/5.0"
216.73.216.187 - - [05/Apr/2026:16:07:24 +0200] "GET /wp-content/cache/page_enhanced/netvesti.com/%d1%81%d0%bb%d1%83%d0%b6%d0%b5%d0%b1%d0%bd%d0%b8%d1%8f%d1%82-%d0%bc%d0%b8%d0%bd%d0%b8%d1%81%d1%82%d1%8a%d1%80-%d0%bd%d0%b0-%d0%b5%d0%bd%d0%b5%d1%80%d0%b3%d0%b5%d1%82%d0%b8%d0%ba%d0%b0%d1%82%d0%b0/?C=N&O=D HTTP/1.1" 200 422 "-" "Mozilla/5.0 AppleWebKit/537.36 (KHTML, like Gecko; compatible; ClaudeBot/1.0; +claudebot@anthropic.com)"
216.73.216.187 - - [05/Apr/2026:16:07:29 +0200] "GET /wp-content/cache/page_enhanced/netvesti.com/%d1%80%d0%b0%d0%b4%d0%b5%d0%b2-%d0%bd%d0%b0%d1%82%d0%be-%d0%bd%d0%b5-%d0%b5-%d0%b8%d1%81%d0%ba%d0%b0%d0%bb%d0%be-%d1%80%d0%b0%d0%b7%d0%bf%d0%be%d0%bb%d0%b0%d0%b3%d0%b0%d0%bd%d0%b5-%d0%bd%d0%b0-%d0%b4/?C=N&O=D HTTP/1.1" 200 410 "-" "Mozilla/5.0 AppleWebKit/537.36 (KHTML, like Gecko; compatible; ClaudeBot/1.0; +claudebot@anthropic.com)"
54.38.147.204 - - [05/Apr/2026:16:07:31 +0200] "GET /tag/%D0%B3%D0%BE%D1%80%D0%B0%D0%BD%D0%BE%D0%B2/page/6/ HTTP/1.1" 200 16195 "-" "Mozilla/5.0 (compatible; AhrefsBot/7.0; +http://ahrefs.com/robot/)"
216.73.216.187 - - [05/Apr/2026:16:07:34 +0200] "GET /wp-content/cache/page_enhanced/netvesti.com/%d0%bf%d1%80%d0%be%d1%80%d0%be%d0%ba%d1%8a%d1%82-%d0%b1%d0%be%d0%b6%d0%b8%d0%b4%d0%b0%d1%80-%d0%ba%d0%b0%d1%80%d0%b0%d0%b4%d0%b6%d0%be%d0%b2-%d0%b2%d0%b8%d0%b6%d0%b4%d0%b0%d0%bc-%d1%80%d1%83/?C=N&O=D HTTP/1.1" 200 418 "-" "Mozilla/5.0 AppleWebKit/537.36 (KHTML, like Gecko; compatible; ClaudeBot/1.0; +claudebot@anthropic.com)"
216.73.216.187 - - [05/Apr/2026:16:07:39 +0200] "GET /wp-content/cache/page_enhanced/netvesti.com/%d0%b0%d1%80%d0%b5%d1%81%d1%82%d1%83%d0%b2%d0%b0%d1%85%d0%b0-%d1%82%d1%80%d0%b8%d0%bc%d0%b0-%d0%bd%d0%be%d1%81%d0%b8%d0%bb%d0%b8-%d0%b2%d0%be%d0%b4%d0%bd%d0%b8-%d0%bf%d0%b8%d1%81%d1%82%d0%be%d0%bb/?C=N&O=A HTTP/1.1" 200 418 "-" "Mozilla/5.0 AppleWebKit/537.36 (KHTML, like Gecko; compatible; ClaudeBot/1.0; +claudebot@anthropic.com)"
17.246.23.32 - - [05/Apr/2026:16:07:40 +0200] "GET /tag/%D0%B7%D0%B0%D1%80%D0%B0%D0%B7%D0%B5%D0%BD%D0%B8/ HTTP/1.1" 200 13988 "-" "Mozilla/5.0 (Macintosh; Intel Mac OS X 10_15_7) AppleWebKit/605.1.15 (KHTML, like Gecko) Version/17.4 Safari/605.1.15 (Applebot/0.1; +http://www.apple.com/go/applebot)"
216.73.216.187 - - [05/Apr/2026:16:07:45 +0200] "GET /wp-content/cache/page_enhanced/netvesti.com/%d1%80%d0%b0%d0%b4%d0%b5%d0%b2-%d0%bf%d1%80%d0%b8%d0%b7%d0%be%d0%b2%d0%b0-%d0%b7%d0%b0-%d1%80%d0%b5%d0%b0%d0%ba%d1%86%d0%b8%d0%b8-%d1%81%d0%bb%d0%b5%d0%b4-%d0%bf%d0%be%d0%bb%d1%83%d1%87%d0%b5%d0%bd/?C=N&O=A HTTP/1.1" 200 424 "-" "Mozilla/5.0 AppleWebKit/537.36 (KHTML, like Gecko; compatible; ClaudeBot/1.0; +claudebot@anthropic.com)"
216.73.216.187 - - [05/Apr/2026:16:07:49 +0200] "GET /wp-content/cache/page_enhanced/netvesti.com/%d1%84%d0%b0%d0%bd%d0%b4%d1%8a%d0%ba%d0%be%d0%b2%d0%b0-%d0%b7%d0%b0-%d0%bf%d1%8a%d1%82%d1%83%d0%b2%d0%b0%d1%89%d0%b8%d1%82%d0%b5-%d0%b7%d0%b0%d1%89%d0%be-%d1%82%d1%80%d1%8f%d0%b1%d0%b2%d0%b0%d1%88/?C=N&O=A HTTP/1.1" 200 425 "-" "Mozilla/5.0 AppleWebKit/537.36 (KHTML, like Gecko; compatible; ClaudeBot/1.0; +claudebot@anthropic.com)"
216.73.216.187 - - [05/Apr/2026:16:07:54 +0200] "GET /wp-content/cache/page_enhanced/netvesti.com/%d0%bf%d1%80%d0%be%d1%83%d1%87%d0%b2%d0%b0%d0%bd%d0%b5-%d0%b2-%d0%b1%d0%b0%d0%b2%d0%b0%d1%80%d0%b8%d1%8f-%d0%bc%d0%b5%d1%81%d1%82%d0%bd%d0%b8%d1%82%d0%b5-%d0%bd%d0%b5-%d0%b8%d1%81%d0%ba%d0%b0%d1%82/?C=N&O=D HTTP/1.1" 200 422 "-" "Mozilla/5.0 AppleWebKit/537.36 (KHTML, like Gecko; compatible; ClaudeBot/1.0; +claudebot@anthropic.com)"
116.179.32.131 - - [05/Apr/2026:16:07:55 +0200] "GET /wp-content/uploads/2020/04/d181d18ad0b4d18fd182-d182d180d0b8d0bcd0b0-d180d0bed0bcd0b8-d0bed182-d0bfd0b5d182d180d0b8d187-d0b1d0b8d0bbd0b8-d0bfd0bed0b4-d0bad0b0d180-356x220.jpg HTTP/1.1" 200 10462 "-" "Baiduspider-image+(+http://www.baidu.com/search/spider.htm)"
216.73.216.187 - - [05/Apr/2026:16:07:59 +0200] "GET /wp-content/cache/page_enhanced/netvesti.com/%d1%83%d1%87%d0%b5%d0%bd%d0%b8-%d0%b8%d0%bc%d0%b0-%d1%85%d0%be%d1%80%d0%b0-%d0%ba%d0%be%d0%b8%d1%82%d0%be-%d0%bd%d0%b8%d0%ba%d0%be%d0%b3%d0%b0-%d0%bd%d1%8f%d0%bc%d0%b0-%d0%b4%d0%b0-%d1%81%d0%b5/?C=N&O=D HTTP/1.1" 200 417 "-" "Mozilla/5.0 AppleWebKit/537.36 (KHTML, like Gecko; compatible; ClaudeBot/1.0; +claudebot@anthropic.com)"
216.73.216.187 - - [05/Apr/2026:16:08:04 +0200] "GET /wp-content/cache/page_enhanced/netvesti.com/%d0%b0%d0%b3%d0%b5%d0%bd%d1%86%d0%b8%d1%8f-%d0%b1%d1%83%d0%bb%d0%bf%d1%80%d0%b5%d1%81%d1%81-%d0%b8%d0%bb%d0%b8-%d0%ba%d0%b0%d0%ba-%d1%81%d0%ba%d0%b0%d0%bd%d0%b4%d0%b0%d0%bb%d0%b0-%d0%bf%d1%80%d0%be/?C=N&O=A HTTP/1.1" 200 416 "-" "Mozilla/5.0 AppleWebKit/537.36 (KHTML, like Gecko; compatible; ClaudeBot/1.0; +claudebot@anthropic.com)"
85.208.96.196 - - [05/Apr/2026:16:08:07 +0200] "GET /tag/%D0%B4%D0%BE%D0%B3%D0%BE%D0%B2%D0%BE%D1%80%D0%B0-%D0%B7%D0%B0-%D0%B4%D0%BE%D0%B1%D1%80%D0%BE%D1%81%D1%8A%D1%81%D0%B5%D0%B4%D1%81%D1%82%D0%B2%D0%BE/page/30/ HTTP/1.1" 200 16219 "-" "Mozilla/5.0 (compatible; SemrushBot/7~bl; +http://www.semrush.com/bot.html)"
216.73.216.187 - - [05/Apr/2026:16:08:09 +0200] "GET /wp-content/cache/page_enhanced/netvesti.com/%d1%80%d0%b0%d0%b1%d0%be%d1%82%d0%bd%d0%b8%d0%ba-%d0%b5-%d1%80%d0%b0%d0%bd%d0%b5%d0%bd-%d0%bf%d1%80%d0%b8-%d0%b8%d0%bd%d1%86%d0%b8%d0%b4%d0%b5%d0%bd%d1%82-%d0%b2-%d0%b0%d1%80%d1%81%d0%b5%d0%bd%d0%b0/?C=N&O=D HTTP/1.1" 200 418 "-" "Mozilla/5.0 AppleWebKit/537.36 (KHTML, like Gecko; compatible; ClaudeBot/1.0; +claudebot@anthropic.com)"
85.208.96.211 - - [05/Apr/2026:16:08:09 +0200] "GET /tag/%D0%BD%D0%BE%D0%B2%D0%B8%D0%BD%D0%B8%D1%82%D0%B5-%D0%B4%D0%BD%D0%B5%D1%81/page/7/ HTTP/1.1" 200 16488 "-" "Mozilla/5.0 (compatible; SemrushBot/7~bl; +http://www.semrush.com/bot.html)"
216.73.216.187 - - [05/Apr/2026:16:08:14 +0200] "GET /wp-content/cache/page_enhanced/netvesti.com/%d1%85%d0%be%d1%80%d0%b0%d1%82%d0%b0-%d1%81%d0%b8-%d0%bd%d0%be%d1%81%d0%b5%d0%bb%d0%b8-%d0%bc%d0%b0%d1%81%d0%ba%d0%b8%d1%82%d0%b5-%d0%ba%d0%b0%d1%82%d0%be-%d0%bf%d0%b0%d0%bf%d0%b8%d0%b9%d0%be%d0%bd/?C=N&O=A HTTP/1.1" 200 422 "-" "Mozilla/5.0 AppleWebKit/537.36 (KHTML, like Gecko; compatible; ClaudeBot/1.0; +claudebot@anthropic.com)"
85.208.96.212 - - [05/Apr/2026:16:08:14 +0200] "GET /tag/%D0%B2%D0%B5%D1%81%D1%82%D0%B8/page/352/ HTTP/1.1" 200 16305 "-" "Mozilla/5.0 (compatible; SemrushBot/7~bl; +http://www.semrush.com/bot.html)"
216.73.216.187 - - [05/Apr/2026:16:08:19 +0200] "GET /wp-content/cache/page_enhanced/netvesti.com/%d1%81%d1%82%d0%b0%d0%bd%d0%b8%d1%88%d0%b5%d0%b2-%d0%b7%d0%be%d0%b2%d0%b5-%d0%b7%d0%b0-%d0%b8%d0%ba%d0%be%d0%bd%d0%be%d0%bc%d0%b8%d1%87%d0%b5%d1%81%d0%ba%d0%b8-%d0%b0%d0%bd%d1%82%d0%b8%d0%ba%d1%80/?C=N&O=D HTTP/1.1" 200 421 "-" "Mozilla/5.0 AppleWebKit/537.36 (KHTML, like Gecko; compatible; ClaudeBot/1.0; +claudebot@anthropic.com)"
216.73.216.187 - - [05/Apr/2026:16:08:24 +0200] "GET /wp-content/cache/page_enhanced/netvesti.com/%d0%b0%d0%bb%d0%b1%d0%b5%d0%bd%d0%b0-%d0%b8-%d1%80%d0%b5%d0%b7%d0%b5%d1%80%d0%b2%d0%b0%d1%82%d1%8a%d1%82-%d0%b1%d0%b0%d0%bb%d1%82%d0%b0%d1%82%d0%b0-%d0%b2%d0%b5%d1%87%d0%b5-%d1%81%d0%b0-%d0%be/?C=N&O=A HTTP/1.1" 200 420 "-" "Mozilla/5.0 AppleWebKit/537.36 (KHTML, like Gecko; compatible; ClaudeBot/1.0; +claudebot@anthropic.com)"
185.191.171.9 - - [05/Apr/2026:16:08:32 +0200] "GET /tag/%D0%BB%D0%B8%D1%88%D0%B0%D0%B2%D0%B0%D0%BC%D0%B5-%D1%81%D0%B5-%D0%BE%D1%82-%D1%82%D0%BE%D0%BF%D0%BB%D0%B8%D0%BD%D0%B0-%D0%B7%D0%B0%D1%89%D0%BE-%D0%BF%D0%BE%D1%82%D1%80%D0%B5%D0%B1/page/3/ HTTP/1.1" 200 14293 "-" "Mozilla/5.0 (compatible; SemrushBot/7~bl; +http://www.semrush.com/bot.html)"
216.73.216.187 - - [05/Apr/2026:16:08:34 +0200] "GET /%d0%b2%d0%b0%d1%81%d0%b8%d0%bb%d0%b5%d0%b2-%d0%bf%d1%83%d1%81%d0%bd%d0%b0-%d1%87%d1%83%d0%b4%d0%be%d0%b2%d0%b8%d1%89%d0%b5%d0%bd-%d0%b7%d0%b0%d0%bf%d0%b8%d1%81-%d1%81-%d0%bf%d0%b5%d1%82%d0%ba%d0%be HTTP/1.1" 301 0 "-" "Mozilla/5.0 AppleWebKit/537.36 (KHTML, like Gecko; compatible; ClaudeBot/1.0; +claudebot@anthropic.com)"
216.73.216.187 - - [05/Apr/2026:16:08:34 +0200] "GET /%d0%b2%d0%b0%d1%81%d0%b8%d0%bb%d0%b5%d0%b2-%d0%bf%d1%83%d1%81%d0%bd%d0%b0-%d1%87%d1%83%d0%b4%d0%be%d0%b2%d0%b8%d1%89%d0%b5%d0%bd-%d0%b7%d0%b0%d0%bf%d0%b8%d1%81-%d1%81-%d0%bf%d0%b5%d1%82%d0%ba%d0%be/ HTTP/1.1" 200 48904 "https://netvesti.com/%d0%b2%d0%b0%d1%81%d0%b8%d0%bb%d0%b5%d0%b2-%d0%bf%d1%83%d1%81%d0%bd%d0%b0-%d1%87%d1%83%d0%b4%d0%be%d0%b2%d0%b8%d1%89%d0%b5%d0%bd-%d0%b7%d0%b0%d0%bf%d0%b8%d1%81-%d1%81-%d0%bf%d0%b5%d1%82%d0%ba%d0%be" "Mozilla/5.0 AppleWebKit/537.36 (KHTML, like Gecko; compatible; ClaudeBot/1.0; +claudebot@anthropic.com)"
216.73.216.187 - - [05/Apr/2026:16:08:35 +0200] "GET /%d1%81%d0%bb%d1%83%d0%b6%d0%b8%d1%82%d0%b5%d0%bb-%d0%bd%d0%b0-%d0%bd%d1%81%d0%be-%d0%bf%d1%80%d0%b8%d0%b5%d0%bb-%d0%bf%d0%be%d1%80%d1%8a%d1%87%d0%ba%d0%b0%d1%82%d0%b0-%d0%b7%d0%b0-%d1%83%d0%b1%d0%b8 HTTP/1.1" 301 0 "-" "Mozilla/5.0 AppleWebKit/537.36 (KHTML, like Gecko; compatible; ClaudeBot/1.0; +claudebot@anthropic.com)"
216.73.216.187 - - [05/Apr/2026:16:08:36 +0200] "GET /%d1%81%d0%bb%d1%83%d0%b6%d0%b8%d1%82%d0%b5%d0%bb-%d0%bd%d0%b0-%d0%bd%d1%81%d0%be-%d0%bf%d1%80%d0%b8%d0%b5%d0%bb-%d0%bf%d0%be%d1%80%d1%8a%d1%87%d0%ba%d0%b0%d1%82%d0%b0-%d0%b7%d0%b0-%d1%83%d0%b1%d0%b8/ HTTP/1.1" 200 25645 "https://netvesti.com/%d1%81%d0%bb%d1%83%d0%b6%d0%b8%d1%82%d0%b5%d0%bb-%d0%bd%d0%b0-%d0%bd%d1%81%d0%be-%d0%bf%d1%80%d0%b8%d0%b5%d0%bb-%d0%bf%d0%be%d1%80%d1%8a%d1%87%d0%ba%d0%b0%d1%82%d0%b0-%d0%b7%d0%b0-%d1%83%d0%b1%d0%b8" "Mozilla/5.0 AppleWebKit/537.36 (KHTML, like Gecko; compatible; ClaudeBot/1.0; +claudebot@anthropic.com)"
216.73.216.187 - - [05/Apr/2026:16:08:40 +0200] "GET /%d0%bd%d0%b5-%d0%b7%d0%bd%d0%b0%d0%bc-%d0%b7%d0%b0-%d0%ba%d0%b0%d0%ba%d1%8a%d0%b2-%d1%88%d0%b5%d0%bd%d0%b3%d0%b5%d0%bd-%d0%b2%d1%81%d0%b5-%d0%be%d1%89%d0%b5-%d1%81%d0%b5-%d0%b1%d0%be%d1%80%d0%b8 HTTP/1.1" 301 0 "-" "Mozilla/5.0 AppleWebKit/537.36 (KHTML, like Gecko; compatible; ClaudeBot/1.0; +claudebot@anthropic.com)"
216.73.216.187 - - [05/Apr/2026:16:08:41 +0200] "GET /%d0%bd%d0%b5-%d0%b7%d0%bd%d0%b0%d0%bc-%d0%b7%d0%b0-%d0%ba%d0%b0%d0%ba%d1%8a%d0%b2-%d1%88%d0%b5%d0%bd%d0%b3%d0%b5%d0%bd-%d0%b2%d1%81%d0%b5-%d0%be%d1%89%d0%b5-%d1%81%d0%b5-%d0%b1%d0%be%d1%80%d0%b8/ HTTP/1.1" 200 31417 "https://netvesti.com/%d0%bd%d0%b5-%d0%b7%d0%bd%d0%b0%d0%bc-%d0%b7%d0%b0-%d0%ba%d0%b0%d0%ba%d1%8a%d0%b2-%d1%88%d0%b5%d0%bd%d0%b3%d0%b5%d0%bd-%d0%b2%d1%81%d0%b5-%d0%be%d1%89%d0%b5-%d1%81%d0%b5-%d0%b1%d0%be%d1%80%d0%b8" "Mozilla/5.0 AppleWebKit/537.36 (KHTML, like Gecko; compatible; ClaudeBot/1.0; +claudebot@anthropic.com)"
216.73.216.187 - - [05/Apr/2026:16:08:45 +0200] "GET /%d1%80%d0%b0%d0%b4%d0%b5%d0%b2-%d0%b7%d0%b0-%d1%81%d0%ba%d0%b0%d0%bd%d0%b4%d0%b0%d0%bb%d0%b0-%d1%81-%d1%80%d1%83%d1%81%d0%ba%d0%b8%d1%82%d0%b5-%d0%b4%d0%b8%d0%bf%d0%bb%d0%be%d0%bc%d0%b0%d1%82%d0%b8 HTTP/1.1" 301 0 "-" "Mozilla/5.0 AppleWebKit/537.36 (KHTML, like Gecko; compatible; ClaudeBot/1.0; +claudebot@anthropic.com)"
216.73.216.187 - - [05/Apr/2026:16:08:46 +0200] "GET /%d1%80%d0%b0%d0%b4%d0%b5%d0%b2-%d0%b7%d0%b0-%d1%81%d0%ba%d0%b0%d0%bd%d0%b4%d0%b0%d0%bb%d0%b0-%d1%81-%d1%80%d1%83%d1%81%d0%ba%d0%b8%d1%82%d0%b5-%d0%b4%d0%b8%d0%bf%d0%bb%d0%be%d0%bc%d0%b0%d1%82%d0%b8/ HTTP/1.1" 200 48157 "https://netvesti.com/%d1%80%d0%b0%d0%b4%d0%b5%d0%b2-%d0%b7%d0%b0-%d1%81%d0%ba%d0%b0%d0%bd%d0%b4%d0%b0%d0%bb%d0%b0-%d1%81-%d1%80%d1%83%d1%81%d0%ba%d0%b8%d1%82%d0%b5-%d0%b4%d0%b8%d0%bf%d0%bb%d0%be%d0%bc%d0%b0%d1%82%d0%b8" "Mozilla/5.0 AppleWebKit/537.36 (KHTML, like Gecko; compatible; ClaudeBot/1.0; +claudebot@anthropic.com)"
17.246.23.230 - - [05/Apr/2026:16:08:47 +0200] "GET /tag/%D0%B1%D0%BE%D0%B6%D0%BA%D0%BE%D0%B2-%D1%89%D0%B5-%D0%BE%D0%B1%D0%B6%D0%B0%D0%BB%D0%B2%D0%B0%D0%BC-%D1%80%D0%B5%D1%88%D0%B5%D0%BD%D0%B8%D0%B5%D1%82%D0%BE-%D0%BD%D0%B0-%D1%81%D1%8A%D0%B4%D0%B0/page/27/ HTTP/1.1" 200 15219 "-" "Mozilla/5.0 (Macintosh; Intel Mac OS X 10_15_7) AppleWebKit/605.1.15 (KHTML, like Gecko) Version/17.4 Safari/605.1.15 (Applebot/0.1; +http://www.apple.com/go/applebot)"
51.195.183.39 - - [05/Apr/2026:16:08:49 +0200] "GET /tag/%D0%B1%D1%8A%D0%BB%D0%B3%D0%B0%D1%80%D1%81%D0%BA%D0%B8%D1%8F-%D0%BF%D1%80%D0%B5%D0%B7%D0%B8%D0%B4%D0%B5%D0%BD%D1%82-%D1%80%D1%83%D0%BC%D0%B5%D0%BD-%D1%80%D0%B0%D0%B4%D0%B5%D0%B2/page/14/ HTTP/1.1" 200 16755 "-" "Mozilla/5.0 (compatible; AhrefsBot/7.0; +http://ahrefs.com/robot/)"
216.73.216.187 - - [05/Apr/2026:16:08:51 +0200] "GET /%d0%bc%d0%b0%d0%b3%d0%b8%d1%81%d1%82%d1%80%d0%b0%d1%82%d0%b8%d1%82%d0%b5-%d0%b8%d1%81%d0%ba%d0%b0%d1%82-%d0%bd%d0%b0%d0%b4-10-%d0%b1%d0%be%d0%bd%d0%b0-%d0%b7%d0%b0%d0%bf%d0%bb%d0%b0%d1%82%d0%b0-%d0%bd/whatsapp:/send HTTP/1.1" 404 12110 "-" "Mozilla/5.0 AppleWebKit/537.36 (KHTML, like Gecko; compatible; ClaudeBot/1.0; +claudebot@anthropic.com)"
220.181.108.159 - - [05/Apr/2026:16:08:51 +0200] "GET /wp-content/uploads/2020/04/d181d18ad0b4d18fd182-d182d180d0b8d0bcd0b0-d180d0bed0bcd0b8-d0bed182-d0bfd0b5d182d180d0b8d187-d0b1d0b8d0bbd0b8-d0bfd0bed0b4-d0bad0b0d180-356x220.jpg HTTP/1.1" 200 10462 "-" "Baiduspider-image+(+http://www.baidu.com/search/spider.htm)"
216.73.216.187 - - [05/Apr/2026:16:08:56 +0200] "GET /%d1%85%d0%be%d1%80%d0%b0%d1%82%d0%b0-%d0%b2-%d1%81%d1%8a%d0%b4%d0%b0-%d1%81%d0%b0-%d1%83%d1%87%d1%83%d0%b4%d0%b5%d0%bd%d0%b8-%d0%b8%d0%b7%d0%b3%d0%bb%d0%b5%d0%b6%d0%b4%d0%b0-%d0%bb%d0%b8-%d0%b2%d0%b8/whatsapp:/send HTTP/1.1" 404 12107 "-" "Mozilla/5.0 AppleWebKit/537.36 (KHTML, like Gecko; compatible; ClaudeBot/1.0; +claudebot@anthropic.com)"
216.73.216.187 - - [05/Apr/2026:16:09:00 +0200] "GET /wp-content/cache/page_enhanced/netvesti.com/%d0%bf%d1%83%d1%88%d0%b0%d1%87%d0%b8-vs-%d0%bd%d0%b5%d0%bf%d1%83%d1%88%d0%b0%d1%87%d0%b8-%d0%b4%d0%b0-%d0%b8%d0%bc%d0%b0%d1%82-%d0%bb%d0%b8-%d0%bf%d0%be%d0%b2%d0%b5%d1%87%d0%b5-%d0%b3%d0%be%d0%b4/?C=N&O=D HTTP/1.1" 200 417 "-" "Mozilla/5.0 AppleWebKit/537.36 (KHTML, like Gecko; compatible; ClaudeBot/1.0; +claudebot@anthropic.com)"
17.22.237.104 - - [05/Apr/2026:16:09:03 +0200] "GET /wp-content/uploads/2021/11/php7tp6fn_559x345-324x160.jpg HTTP/1.1" 502 150 "-" "Mozilla/5.0 (Macintosh; Intel Mac OS X 10_15_7) AppleWebKit/605.1.15 (KHTML, like Gecko) Version/17.4 Safari/605.1.15 (Applebot/0.1; +http://www.apple.com/go/applebot)"
216.73.216.187 - - [05/Apr/2026:16:09:05 +0200] "GET /wp-content/cache/page_enhanced/netvesti.com/%d0%b7%d0%b0%d1%89%d0%be-%d0%bd%d0%b5-%d0%bf%d0%be%d1%81%d1%82%d0%b0%d0%b2%d1%8f%d1%82-%d0%bf%d0%be%d0%b4-%d0%ba%d0%b0%d1%80%d0%b0%d0%bd%d1%82%d0%b8%d0%bd%d0%b0-%d0%ba%d0%b0%d1%80%d0%b0%d1%8f%d0%bd/?C=N&O=D HTTP/1.1" 200 417 "-" "Mozilla/5.0 AppleWebKit/537.36 (KHTML, like Gecko; compatible; ClaudeBot/1.0; +claudebot@anthropic.com)"
216.73.216.187 - - [05/Apr/2026:16:09:10 +0200] "GET /wp-content/cache/page_enhanced/netvesti.com/%d0%bd%d0%be%d0%b2%d0%b8-31-%d1%80%d0%b0%d0%b1%d0%be%d1%82%d0%bd%d0%b8%d0%ba%d0%b0-%d0%be%d1%82-%d0%b7%d0%b0%d0%b2%d0%be%d0%b4%d0%b0-%d0%b2-%d1%81%d0%bc%d0%be%d0%bb%d1%8f%d0%bd-%d1%81%d0%b0-%d1%81/?C=N&O=D HTTP/1.1" 200 418 "-" "Mozilla/5.0 AppleWebKit/537.36 (KHTML, like Gecko; compatible; ClaudeBot/1.0; +claudebot@anthropic.com)"
185.191.171.17 - - [05/Apr/2026:16:09:12 +0200] "GET /tag/%D0%B5%D0%B2%D1%80%D0%BE%D1%82%D0%BE-%D1%81%D0%B5-%D0%BE%D1%82%D0%BB%D0%B0%D0%B3%D0%B0/page/9/ HTTP/1.1" 200 16684 "-" "Mozilla/5.0 (compatible; SemrushBot/7~bl; +http://www.semrush.com/bot.html)"
216.73.216.187 - - [05/Apr/2026:16:09:15 +0200] "GET /wp-content/cache/page_enhanced/netvesti.com/%d1%80%d0%b0%d0%b4%d0%b5%d0%b2-%d0%be%d1%82-%d1%88%d0%b8%d0%bf%d0%ba%d0%b0-%d0%bd%d0%b8%d0%ba%d0%be%d0%b9-%d0%bd%d0%b5-%d0%bc%d0%be%d0%b6%d0%b5-%d0%b4%d0%b0-%d1%81%d0%bf%d1%80%d0%b5-%d0%be%d1%81/?C=N&O=A HTTP/1.1" 200 419 "-" "Mozilla/5.0 AppleWebKit/537.36 (KHTML, like Gecko; compatible; ClaudeBot/1.0; +claudebot@anthropic.com)"
51.89.129.213 - - [05/Apr/2026:16:09:22 +0200] "GET /tag/%D1%87%D0%B5-%D0%B1%D1%8A%D0%BB%D0%B3%D0%B0%D1%80%D0%B8%D1%8F-%D0%BC%D0%BE%D0%B6%D0%B5-%D0%B4%D0%B0-%D0%B1%D1%8A%D0%B4%D0%B5-%D0%BF%D0%BE%D0%B4%D0%B2%D0%BB%D0%B0%D1%81%D1%82%D0%BD%D0%B0-%D0%BD%D1%8F/page/6/ HTTP/1.1" 200 16735 "-" "Mozilla/5.0 (compatible; AhrefsBot/7.0; +http://ahrefs.com/robot/)"
216.73.216.187 - - [05/Apr/2026:16:09:24 +0200] "GET /wp-content/themes/Newspaper/images/thumb-disabled/td_534x462.png HTTP/1.1" 200 11938 "-" "Mozilla/5.0 AppleWebKit/537.36 (KHTML, like Gecko; compatible; ClaudeBot/1.0; +claudebot@anthropic.com)"
216.73.216.187 - - [05/Apr/2026:16:09:29 +0200] "GET /wp-content/uploads/2025/04/big_144e-768x406.jpg HTTP/1.1" 200 40818 "-" "Mozilla/5.0 AppleWebKit/537.36 (KHTML, like Gecko; compatible; ClaudeBot/1.0; +claudebot@anthropic.com)"
206.189.228.147 - - [05/Apr/2026:16:09:32 +0200] "GET /wp-content/uploads/2021/08/235557665-356x220.jpg HTTP/1.1" 200 21528 "https://netvesti.com/" "Mozilla/5.0 (Windows NT 10.0; Win64; x64) AppleWebKit/537.36 (KHTML, like Gecko) Chrome/120.0.0.0 Safari/537.36"
216.73.216.187 - - [05/Apr/2026:16:09:34 +0200] "GET /wp-content/uploads/2020/12/dec897895b26a361a6f526e5d3d71095-533x261.jpg HTTP/1.1" 200 14457 "-" "Mozilla/5.0 AppleWebKit/537.36 (KHTML, like Gecko; compatible; ClaudeBot/1.0; +claudebot@anthropic.com)"
216.73.216.187 - - [05/Apr/2026:16:09:39 +0200] "GET /wp-content/themes/Newspaper/includes/demos/blog_fitness/td_media_4.php HTTP/1.1" 500 0 "-" "Mozilla/5.0 AppleWebKit/537.36 (KHTML, like Gecko; compatible; ClaudeBot/1.0; +claudebot@anthropic.com)"
216.73.216.187 - - [05/Apr/2026:16:09:44 +0200] "GET /wp-content/uploads/2021/05/rumen-radev-fgdfgddd-100x70.jpg HTTP/1.1" 200 2461 "-" "Mozilla/5.0 AppleWebKit/537.36 (KHTML, like Gecko; compatible; ClaudeBot/1.0; +claudebot@anthropic.com)"
220.181.108.155 - - [05/Apr/2026:16:09:44 +0200] "GET /%D1%80%D0%B0%D0%B4%D0%B5%D0%B2-%D0%BF%D1%80%D0%B5%D1%85%D0%BE%D0%B4%D1%8A%D1%82-%D0%B7%D0%B0%D0%BF%D0%BE%D1%87%D0%BD%D0%B0-%D1%81-%D0%BC%D1%83%D1%82%D1%80%D0%B8%D1%82%D0%B5-%D0%B8-%D1%89%D0%B5-%D0%BF/ HTTP/1.1" 200 19208 "-" "Mozilla/5.0 (compatible; Baiduspider/2.0; +http://www.baidu.com/search/spider.html)"
216.73.216.187 - - [05/Apr/2026:16:09:49 +0200] "GET /wp-content/themes/Newspaper/includes/demos/cars/td_media_1.php HTTP/1.1" 500 0 "-" "Mozilla/5.0 AppleWebKit/537.36 (KHTML, like Gecko; compatible; ClaudeBot/1.0; +claudebot@anthropic.com)"
216.73.216.187 - - [05/Apr/2026:16:09:54 +0200] "GET /wp-content/themes/Newspaper/includes/demos/art_creek/td_media_1.php HTTP/1.1" 500 0 "-" "Mozilla/5.0 AppleWebKit/537.36 (KHTML, like Gecko; compatible; ClaudeBot/1.0; +claudebot@anthropic.com)"
216.73.216.187 - - [05/Apr/2026:16:09:59 +0200] "GET /wp-content/themes/Newspaper/includes/demos/politics/td_media_1.php HTTP/1.1" 500 0 "-" "Mozilla/5.0 AppleWebKit/537.36 (KHTML, like Gecko; compatible; ClaudeBot/1.0; +claudebot@anthropic.com)"
8.228.88.249 - - [05/Apr/2026:16:10:00 +0200] "GET /feed/ HTTP/1.1" 200 25217 "-" "Mozilla/5.0 (Windows NT 6.3; WOW64; rv:33.0) Gecko/20100101 Firefox/33.0"
35.211.166.124 - - [05/Apr/2026:16:10:01 +0200] "GET /ads.txt HTTP/1.1" 200 101 "-" "bidswitchbot/1.0"
216.73.216.187 - - [05/Apr/2026:16:10:04 +0200] "GET /wp-content/uploads/2022/10/fbdfbdf-218x150.jpg HTTP/1.1" 200 8958 "-" "Mozilla/5.0 AppleWebKit/537.36 (KHTML, like Gecko; compatible; ClaudeBot/1.0; +claudebot@anthropic.com)"
216.73.216.187 - - [05/Apr/2026:16:10:09 +0200] "GET /wp-content/themes/Newspaper/includes/demos/cars/td_media_5.php HTTP/1.1" 500 0 "-" "Mozilla/5.0 AppleWebKit/537.36 (KHTML, like Gecko; compatible; ClaudeBot/1.0; +claudebot@anthropic.com)"
216.73.216.187 - - [05/Apr/2026:16:10:14 +0200] "GET /wp-content/uploads/2019/03/?C=S&O=A HTTP/1.1" 200 1555 "-" "Mozilla/5.0 AppleWebKit/537.36 (KHTML, like Gecko; compatible; ClaudeBot/1.0; +claudebot@anthropic.com)"
216.73.216.187 - - [05/Apr/2026:16:10:19 +0200] "GET /wp-content/themes/Newspaper/includes/demos/business/td_media_1.php HTTP/1.1" 500 0 "-" "Mozilla/5.0 AppleWebKit/537.36 (KHTML, like Gecko; compatible; ClaudeBot/1.0; +claudebot@anthropic.com)"
198.244.242.177 - - [05/Apr/2026:16:10:20 +0200] "GET /wp-content/uploads/2023/11/2382cc1a850c7e7e6d0b9e0d668cfc5b-356x220.jpeg HTTP/1.1" 200 14930 "-" "Mozilla/5.0 (compatible; AhrefsBot/7.0; +http://ahrefs.com/robot/)"
66.249.77.77 - - [05/Apr/2026:16:10:24 +0200] "GET /tag/%D0%B4%D0%B8%D0%B4%D0%BE-%D0%B4%D1%8A%D0%BD%D0%BA%D0%B0%D1%82%D0%B0/ HTTP/1.1" 200 16423 "-" "Mozilla/5.0 (Linux; Android 6.0.1; Nexus 5X Build/MMB29P) AppleWebKit/537.36 (KHTML, like Gecko) Chrome/146.0.7680.177 Mobile Safari/537.36 (compatible; Googlebot/2.1; +http://www.google.com/bot.html)"
51.195.183.62 - - [05/Apr/2026:16:10:25 +0200] "GET /tag/%D0%B2%D0%B7%D0%B5%D1%85-%D0%BC%D0%B5%D1%80%D0%BA%D0%B8/page/5/ HTTP/1.1" 200 16337 "-" "Mozilla/5.0 (compatible; AhrefsBot/7.0; +http://ahrefs.com/robot/)"
216.73.216.187 - - [05/Apr/2026:16:10:28 +0200] "GET /wp-content/uploads/2019/12/d0b0d0b2d182d0bed0b1d183d181-d0b8-d0bad0bed0bbd0b0-d181d0b5-d183d0b4d0b0d180d0b8d185d0b0-d0bdd0b0-d0bad180d18ad181d182d0bed0b2d0b8d189-350x385.jpg HTTP/1.1" 200 34010 "-" "Mozilla/5.0 AppleWebKit/537.36 (KHTML, like Gecko; compatible; ClaudeBot/1.0; +claudebot@anthropic.com)"
216.73.216.187 - - [05/Apr/2026:16:10:29 +0200] "GET /wp-content/uploads/2020/06/d181d0b5d0bbd0be-d0bad180d0b0d0b9-d180d0b0d0b4d0bed0bcd0b8d180-d0bdd0b0-d0bfd180d0bed182d0b5d181d182-d181d180d0b5d189d183-d0bfd180d0b8-324x400.jpg HTTP/1.1" 200 23339 "-" "Mozilla/5.0 AppleWebKit/537.36 (KHTML, like Gecko; compatible; ClaudeBot/1.0; +claudebot@anthropic.com)"
216.73.216.187 - - [05/Apr/2026:16:10:34 +0200] "GET /wp-content/uploads/2023/01/ezgif-4-fc3f21fe15-768x432-218x150.jpg HTTP/1.1" 200 8834 "-" "Mozilla/5.0 AppleWebKit/537.36 (KHTML, like Gecko; compatible; ClaudeBot/1.0; +claudebot@anthropic.com)"
52.167.144.173 - - [05/Apr/2026:16:10:38 +0200] "GET /tag/%D1%81%D1%8A%D1%80%D0%B1%D0%B8/ HTTP/1.1" 200 13632 "-" "Mozilla/5.0 AppleWebKit/537.36 (KHTML, like Gecko; compatible; bingbot/2.0; +http://www.bing.com/bingbot.htm) Chrome/116.0.1938.76 Safari/537.36"
85.208.96.211 - - [05/Apr/2026:16:10:39 +0200] "GET /%D0%B0%D0%BD%D0%B4%D1%80%D0%B5%D0%B9-%D1%80%D0%B0%D0%B9%D1%87%D0%B5%D0%B2-3-%D1%82%D0%B8-%D0%BC%D0%B0%D1%80%D1%82-%D0%B2-%D0%B1%D1%8A%D0%BB%D0%B3%D0%B0%D1%80%D1%81%D0%BA%D0%B0%D1%82%D0%B0-%D0%B8/ HTTP/1.1" 200 28256 "-" "Mozilla/5.0 (compatible; SemrushBot/7~bl; +http://www.semrush.com/bot.html)"
52.167.144.173 - - [05/Apr/2026:16:10:39 +0200] "GET /tag/%D1%85%D0%BE%D1%82%D0%B5%D0%BB-%D0%B8-%D0%BD%D0%B8%D0%B2%D0%B8-%D0%B7%D0%B0%D1%80%D0%B0%D0%B4%D0%B8-%D0%B2%D0%B8%D0%BA-%D1%81%D1%85%D0%B5%D0%BC%D0%B0-%D0%B7%D0%B0-5-200-000-%D0%BB%D0%B5%D0%B2%D0%B0/ HTTP/1.1" 200 15981 "-" "Mozilla/5.0 AppleWebKit/537.36 (KHTML, like Gecko; compatible; bingbot/2.0; +http://www.bing.com/bingbot.htm) Chrome/116.0.1938.76 Safari/537.36"
216.73.216.187 - - [05/Apr/2026:16:10:39 +0200] "GET /wp-content/cache/page_enhanced/netvesti.com/%d1%81%d0%bf%d0%b0%d0%b4-%d0%bd%d0%b0-%d0%bf%d1%8a%d1%82%d0%bd%d0%b8%d1%86%d0%b8%d1%82%d0%b5-%d0%bd%d0%b0-%d0%bd%d0%b0%d0%b9-%d0%b3%d0%be%d0%bb%d1%8f%d0%bc%d0%be%d1%82%d0%be-%d0%bb%d0%b5%d1%82%d0%b8 HTTP/1.1" 301 512 "-" "Mozilla/5.0 AppleWebKit/537.36 (KHTML, like Gecko; compatible; ClaudeBot/1.0; +claudebot@anthropic.com)"
216.73.216.187 - - [05/Apr/2026:16:10:39 +0200] "GET /wp-content/cache/page_enhanced/netvesti.com/%d1%81%d0%bf%d0%b0%d0%b4-%d0%bd%d0%b0-%d0%bf%d1%8a%d1%82%d0%bd%d0%b8%d1%86%d0%b8%d1%82%d0%b5-%d0%bd%d0%b0-%d0%bd%d0%b0%d0%b9-%d0%b3%d0%be%d0%bb%d1%8f%d0%bc%d0%be%d1%82%d0%be-%d0%bb%d0%b5%d1%82%d0%b8/ HTTP/1.1" 200 421 "https://netvesti.com/wp-content/cache/page_enhanced/netvesti.com/%d1%81%d0%bf%d0%b0%d0%b4-%d0%bd%d0%b0-%d0%bf%d1%8a%d1%82%d0%bd%d0%b8%d1%86%d0%b8%d1%82%d0%b5-%d0%bd%d0%b0-%d0%bd%d0%b0%d0%b9-%d0%b3%d0%be%d0%bb%d1%8f%d0%bc%d0%be%d1%82%d0%be-%d0%bb%d0%b5%d1%82%d0%b8" "Mozilla/5.0 AppleWebKit/537.36 (KHTML, like Gecko; compatible; ClaudeBot/1.0; +claudebot@anthropic.com)"
40.77.167.132 - - [05/Apr/2026:16:10:42 +0200] "GET /tag/%D0%B1%D0%BE%D0%B9%D0%BA%D0%BE-%D0%B2%D1%80%D0%B0%D0%B3-%D0%BD%D0%B0-%D1%85%D1%83%D0%BD%D1%82%D0%B0%D1%82%D0%B0-%D0%BF%D0%BE%D0%B5%D0%BC%D0%B0-%D0%BC%D0%B2%D1%80/page/21/ HTTP/1.1" 200 16284 "-" "Mozilla/5.0 AppleWebKit/537.36 (KHTML, like Gecko; compatible; bingbot/2.0; +http://www.bing.com/bingbot.htm) Chrome/116.0.1938.76 Safari/537.36"
40.77.167.132 - - [05/Apr/2026:16:10:43 +0200] "GET /tag/%D0%B1%D0%B5%D0%B4%D1%81%D1%82%D0%B2%D0%B8%D0%B5%D1%82%D0%BE/ HTTP/1.1" 200 13592 "-" "Mozilla/5.0 AppleWebKit/537.36 (KHTML, like Gecko; compatible; bingbot/2.0; +http://www.bing.com/bingbot.htm) Chrome/116.0.1938.76 Safari/537.36"
216.73.216.187 - - [05/Apr/2026:16:10:44 +0200] "GET /wp-content/cache/page_enhanced/netvesti.com/%d1%80%d0%b0%d0%b4%d0%b5%d0%b2-%d0%bf%d0%be%d0%b7%d0%b4%d1%80%d0%b0%d0%b2%d0%bb%d0%b5%d0%bd%d0%b8%d0%b5%d1%82%d0%be-%d0%bd%d0%b0-%d0%b5%d1%80%d0%b4%d0%be%d0%b3%d0%b0%d0%bd-%d0%ba%d1%8a%d0%bc-%d0%b4/?C=S&O=A HTTP/1.1" 200 424 "-" "Mozilla/5.0 AppleWebKit/537.36 (KHTML, like Gecko; compatible; ClaudeBot/1.0; +claudebot@anthropic.com)"
40.77.167.132 - - [05/Apr/2026:16:10:44 +0200] "GET /tag/%D0%B2%D0%B5%D1%87%D0%B5-%D0%BD%D1%8F%D0%BC%D0%B0-%D0%B4%D0%B0-%D0%BC%D0%BE%D0%BB%D0%B8-%D0%B7%D0%B0-%D1%84%D0%B8%D0%BB%D0%B8%D0%B9%D0%BA%D0%B0-%D1%85%D0%BB%D1%8F%D0%B1/ HTTP/1.1" 200 13714 "-" "Mozilla/5.0 AppleWebKit/537.36 (KHTML, like Gecko; compatible; bingbot/2.0; +http://www.bing.com/bingbot.htm) Chrome/116.0.1938.76 Safari/537.36"
8.228.88.249 - - [05/Apr/2026:16:10:48 +0200] "GET /category/world/feed/ HTTP/1.1" 200 25594 "-" "Mozilla/5.0 (Windows NT 6.3; WOW64; rv:33.0) Gecko/20100101 Firefox/33.0"
216.73.216.187 - - [05/Apr/2026:16:10:49 +0200] "GET /wp-content/cache/page_enhanced/netvesti.com/%d0%bf%d1%80%d0%b8%d0%b5%d0%bc%d1%8a%d1%82-%d0%b7%d0%b0-%d0%bf%d1%8a%d1%80%d0%b2%d0%b8-%d0%ba%d0%bb%d0%b0%d1%81-%d0%b2-%d1%81%d0%be%d1%84%d0%b8%d1%8f-%d0%be%d0%bd%d0%bb%d0%b0%d0%b9%d0%bd-%d0%be%d1%82/?C=M&O=A HTTP/1.1" 200 424 "-" "Mozilla/5.0 AppleWebKit/537.36 (KHTML, like Gecko; compatible; ClaudeBot/1.0; +claudebot@anthropic.com)"
216.73.216.187 - - [05/Apr/2026:16:10:54 +0200] "GET /wp-content/cache/page_enhanced/netvesti.com/%d0%b0%d0%b4%d0%b2-%d1%85%d0%b0%d0%b4%d0%b6%d0%b8%d0%b3%d0%b5%d0%bd%d0%be%d0%b2-%d0%b1%d0%be%d1%80%d0%b8%d1%81%d0%be%d0%b2-%d0%b2%d0%b5%d1%87%d0%b5-%d0%b5-%d0%bf%d0%b0%d0%b4%d0%bd%d0%b0%d0%bb-%d0%be/?C=S&O=A HTTP/1.1" 200 422 "-" "Mozilla/5.0 AppleWebKit/537.36 (KHTML, like Gecko; compatible; ClaudeBot/1.0; +claudebot@anthropic.com)"
185.191.171.4 - - [05/Apr/2026:16:10:57 +0200] "GET /tag/%D0%B5%D1%81/page/317/ HTTP/1.1" 200 16542 "-" "Mozilla/5.0 (compatible; SemrushBot/7~bl; +http://www.semrush.com/bot.html)"
216.73.216.187 - - [05/Apr/2026:16:10:59 +0200] "GET /wp-content/cache/page_enhanced/netvesti.com/%d1%81%d1%82%d0%b5%d1%84%d0%b0%d0%bd-%d0%b2%d1%8a%d0%bb%d0%b4%d0%be%d0%b1%d1%80%d0%b5%d0%b2-%d0%be%d1%81%d1%82%d0%b0%d0%b2%d1%8f-%d0%be%d1%82%d0%bf%d0%b5%d1%87%d0%b0%d1%82%d1%8a%d1%86%d0%b8-%d0%bd/?C=M&O=A HTTP/1.1" 200 430 "-" "Mozilla/5.0 AppleWebKit/537.36 (KHTML, like Gecko; compatible; ClaudeBot/1.0; +claudebot@anthropic.com)"
216.73.216.187 - - [05/Apr/2026:16:11:04 +0200] "GET /wp-content/cache/page_enhanced/netvesti.com/%d0%b0%d0%bf%d0%b5%d0%bb%d0%b0%d1%82%d0%b8%d0%b2%d0%bd%d0%b8%d1%8f%d1%82-%d1%81%d0%bf%d0%b5%d1%86%d1%81%d1%8a%d0%b4-%d0%be%d1%81%d1%82%d0%b0%d0%b2%d0%b8-%d0%bd%d0%b5%d0%bd%d0%be-%d0%b4%d0%b8%d0%bc/?C=M&O=D HTTP/1.1" 200 423 "-" "Mozilla/5.0 AppleWebKit/537.36 (KHTML, like Gecko; compatible; ClaudeBot/1.0; +claudebot@anthropic.com)"
216.73.216.187 - - [05/Apr/2026:16:11:09 +0200] "GET /wp-content/cache/page_enhanced/netvesti.com/%d1%84%d0%b5%d0%bd%d0%be%d0%b2%d0%b5-%d0%bd%d0%b0-%d0%b1%d0%be%d1%82%d0%b5%d0%b2-%d0%bf%d1%80%d0%b5%d0%b4-%d0%b3%d1%80%d1%8a%d1%86%d0%ba%d0%be%d1%82%d0%be-%d0%bf%d0%be%d1%81%d0%be%d0%bb%d1%81%d1%82/?C=M&O=D HTTP/1.1" 200 421 "-" "Mozilla/5.0 AppleWebKit/537.36 (KHTML, like Gecko; compatible; ClaudeBot/1.0; +claudebot@anthropic.com)"
185.191.171.17 - - [05/Apr/2026:16:11:10 +0200] "GET /tag/crimi/page/120/ HTTP/1.1" 200 16183 "-" "Mozilla/5.0 (compatible; SemrushBot/7~bl; +http://www.semrush.com/bot.html)"
216.73.216.187 - - [05/Apr/2026:16:11:14 +0200] "GET /wp-content/cache/page_enhanced/netvesti.com/%d1%82%d0%b5%d1%80%d0%b8%d1%82%d0%be%d1%80%d0%b8%d1%8f%d1%82%d0%b0-%d0%bd%d0%b0-%d0%bc%d1%8a%d1%80%d1%82%d0%b2%d0%b8%d1%82%d0%b5-%d1%83%d1%87%d0%b8%d0%bb%d0%b8%d1%89%d0%b0/?C=M&O=D HTTP/1.1" 200 418 "-" "Mozilla/5.0 AppleWebKit/537.36 (KHTML, like Gecko; compatible; ClaudeBot/1.0; +claudebot@anthropic.com)"
216.73.216.187 - - [05/Apr/2026:16:11:19 +0200] "GET /wp-content/cache/page_enhanced/netvesti.com/%d1%81%d1%8a%d0%bf%d1%80%d1%83%d0%b3%d0%b0%d1%82%d0%b0-%d0%bd%d0%b0-%d0%b7%d0%b0%d0%b3%d0%b8%d0%bd%d0%b0%d0%bb%d0%b8%d1%8f-%d0%bf%d0%b8%d0%bb%d0%be%d1%82-%d0%b2%d0%b0%d0%bb%d0%b5%d0%bd%d1%82%d0%b8/?C=D&O=D HTTP/1.1" 200 421 "-" "Mozilla/5.0 AppleWebKit/537.36 (KHTML, like Gecko; compatible; ClaudeBot/1.0; +claudebot@anthropic.com)"
216.73.216.187 - - [05/Apr/2026:16:11:24 +0200] "GET /wp-content/cache/page_enhanced/netvesti.com/%d1%82%d1%80%d0%b8-%d0%b4%d0%bd%d0%b8-%d0%bf%d1%80%d0%b0%d0%b2%d0%b8%d0%bb%d0%b8-%d0%bc%d0%b5%d0%bc%d0%be%d1%80%d0%b8%d0%b0%d0%bb%d0%bd%d0%b8%d1%8f-%d0%b3%d1%80%d0%b0%d1%84%d0%b8%d1%82-%d0%bd%d0%b0/?C=S&O=D HTTP/1.1" 200 413 "-" "Mozilla/5.0 AppleWebKit/537.36 (KHTML, like Gecko; compatible; ClaudeBot/1.0; +claudebot@anthropic.com)"
213.180.203.156 - - [05/Apr/2026:16:11:28 +0200] "GET /%D0%BF%D1%83%D1%82%D0%B8%D0%BD-%D0%BD%D0%B0%D0%BF%D0%B8%D1%81%D0%B0-%D0%BF%D0%B8%D1%81%D0%BC%D0%BE-%D0%B4%D0%BE-%D1%80%D0%B0%D0%B4%D0%B5%D0%B2/ HTTP/1.1" 200 44181 "-" "Mozilla/5.0 (compatible; YandexBot/3.0; +http://yandex.com/bots)"
52.167.144.173 - - [05/Apr/2026:16:11:29 +0200] "GET /%D0%BD%D0%B8%D0%BA%D0%BE%D0%BB%D0%B0%D0%B9-%D0%BC%D0%B0%D1%80%D0%BA%D0%BE%D0%B2-%D0%BF%D1%80%D0%B5%D0%B7-%D0%BC%D0%B0%D1%80%D1%82-%D0%BC%D0%B5%D1%81%D0%B5%D1%86-%D0%B2%D0%B8-%D0%B5-%D0%BF%D1%80%D0%B8/ HTTP/1.1" 200 30363 "-" "Mozilla/5.0 AppleWebKit/537.36 (KHTML, like Gecko; compatible; bingbot/2.0; +http://www.bing.com/bingbot.htm) Chrome/116.0.1938.76 Safari/537.36"
220.181.108.178 - - [05/Apr/2026:16:11:30 +0200] "GET /tag/%D0%BD%D0%BE%D0%B2-%D0%BE%D0%B1%D1%80%D0%B0%D1%82-%D0%BF%D0%B0%D1%80%D0%B0%D0%BB%D0%B5%D0%BB%D0%BD%D0%BE-%D0%BF%D1%80%D0%B5%D0%B1%D1%80%D0%BE%D1%8F%D0%B2%D0%B0%D0%BD%D0%B5-%D0%BF%D1%80%D0%B8-85/page/2/ HTTP/1.1" 200 16221 "-" "Mozilla/5.0 (compatible; Baiduspider/2.0; +http://www.baidu.com/search/spider.html)"
216.73.216.187 - - [05/Apr/2026:16:11:33 +0200] "GET /wp-content/uploads/2022/09/kostadin-vezyv-356x220.jpg HTTP/1.1" 200 25546 "-" "Mozilla/5.0 AppleWebKit/537.36 (KHTML, like Gecko; compatible; ClaudeBot/1.0; +claudebot@anthropic.com)"
216.73.216.187 - - [05/Apr/2026:16:11:35 +0200] "GET /wp-content/uploads/2023/04/neshka-robeva-324x375.jpg HTTP/1.1" 200 19679 "-" "Mozilla/5.0 AppleWebKit/537.36 (KHTML, like Gecko; compatible; ClaudeBot/1.0; +claudebot@anthropic.com)"
216.73.216.187 - - [05/Apr/2026:16:11:40 +0200] "GET /wp-content/uploads/2020/12/big_big_4_6_-1-218x150.jpg HTTP/1.1" 200 8477 "-" "Mozilla/5.0 AppleWebKit/537.36 (KHTML, like Gecko; compatible; ClaudeBot/1.0; +claudebot@anthropic.com)"
216.73.216.187 - - [05/Apr/2026:16:11:45 +0200] "GET /wp-content/uploads/2024/10/1010x570-1-324x235.jpg HTTP/1.1" 200 13469 "-" "Mozilla/5.0 AppleWebKit/537.36 (KHTML, like Gecko; compatible; ClaudeBot/1.0; +claudebot@anthropic.com)"
85.208.96.193 - - [05/Apr/2026:16:11:48 +0200] "GET /tag/%D0%BD%D0%BE-%D1%82%D0%BE%D0%B9-%D1%89%D0%B5-%D0%BF%D1%80%D0%BE%D0%B4%D1%8A%D0%BB%D0%B6%D0%B8-%D0%B4%D0%B0-%D0%B1%D1%8A%D0%B4%D0%B5-%D0%BD%D0%B0-%D0%B2%D0%BB%D0%B0%D1%81%D1%82-%D0%B7%D0%B0-%D0%BE/page/2/ HTTP/1.1" 200 16087 "-" "Mozilla/5.0 (compatible; SemrushBot/7~bl; +http://www.semrush.com/bot.html)"
216.73.216.187 - - [05/Apr/2026:16:11:50 +0200] "GET /wp-content/uploads/2023/04/pensia-768x382.jpg HTTP/1.1" 200 48407 "-" "Mozilla/5.0 AppleWebKit/537.36 (KHTML, like Gecko; compatible; ClaudeBot/1.0; +claudebot@anthropic.com)"
51.195.244.211 - - [05/Apr/2026:16:11:50 +0200] "GET /tag/%D1%87%D0%B5-%D1%81%D0%BC%D0%B5-%D0%BD%D0%B0%D1%80%D0%BE%D0%B4/page/4/ HTTP/1.1" 200 16337 "-" "Mozilla/5.0 (compatible; AhrefsBot/7.0; +http://ahrefs.com/robot/)"
216.73.216.187 - - [05/Apr/2026:16:11:55 +0200] "GET /wp-content/uploads/2025/02/putin-trump-696x385.jpg HTTP/1.1" 200 29528 "-" "Mozilla/5.0 AppleWebKit/537.36 (KHTML, like Gecko; compatible; ClaudeBot/1.0; +claudebot@anthropic.com)"
216.73.216.187 - - [05/Apr/2026:16:12:00 +0200] "GET /wp-content/uploads/2023/01/Markov-NIcolai3-534x462.jpg HTTP/1.1" 200 33790 "-" "Mozilla/5.0 AppleWebKit/537.36 (KHTML, like Gecko; compatible; ClaudeBot/1.0; +claudebot@anthropic.com)"
40.77.167.132 - - [05/Apr/2026:16:12:02 +0200] "GET /tag/%D0%BD%D0%B0%D0%B9-%D0%BB%D0%BE%D1%88%D0%BE%D1%82%D0%BE-%D1%82%D0%B5%D0%BF%D1%8A%D1%80%D0%B2%D0%B0-%D0%BF%D1%80%D0%B5%D0%B4%D1%81%D1%82%D0%BE%D0%B8-%D1%81%D0%BB%D1%83%D1%87%D0%B2%D0%B0%D1%89%D0%BE/page/9/ HTTP/1.1" 502 552 "-" "Mozilla/5.0 AppleWebKit/537.36 (KHTML, like Gecko; compatible; bingbot/2.0; +http://www.bing.com/bingbot.htm) Chrome/116.0.1938.76 Safari/537.36"
216.73.216.187 - - [05/Apr/2026:16:12:05 +0200] "GET /wp-content/uploads/2022/07/bairaktarov-534x432.jpg HTTP/1.1" 200 21504 "-" "Mozilla/5.0 AppleWebKit/537.36 (KHTML, like Gecko; compatible; ClaudeBot/1.0; +claudebot@anthropic.com)"
216.73.216.187 - - [05/Apr/2026:16:12:09 +0200] "GET /wp-content/uploads/2023/07/960x540-1-1-324x400.jpg HTTP/1.1" 200 22395 "-" "Mozilla/5.0 AppleWebKit/537.36 (KHTML, like Gecko; compatible; ClaudeBot/1.0; +claudebot@anthropic.com)"
216.73.216.187 - - [05/Apr/2026:16:12:15 +0200] "GET /wp-content/uploads/2024/03/qnaki-300x169.jpg HTTP/1.1" 200 8004 "-" "Mozilla/5.0 AppleWebKit/537.36 (KHTML, like Gecko; compatible; ClaudeBot/1.0; +claudebot@anthropic.com)"
216.73.216.187 - - [05/Apr/2026:16:12:20 +0200] "GET /wp-content/uploads/2021/02/27560a39f32410e528a727c605dde469-324x235.jpg HTTP/1.1" 200 14519 "-" "Mozilla/5.0 AppleWebKit/537.36 (KHTML, like Gecko; compatible; ClaudeBot/1.0; +claudebot@anthropic.com)"
216.73.216.187 - - [05/Apr/2026:16:12:25 +0200] "GET /wp-content/uploads/2020/11/IMG_20201027_135835-265x198.jpg HTTP/1.1" 200 10104 "-" "Mozilla/5.0 AppleWebKit/537.36 (KHTML, like Gecko; compatible; ClaudeBot/1.0; +claudebot@anthropic.com)"
85.208.96.212 - - [05/Apr/2026:16:12:26 +0200] "GET /tag/posledni-novini/page/185/ HTTP/1.1" 200 15903 "-" "Mozilla/5.0 (compatible; SemrushBot/7~bl; +http://www.semrush.com/bot.html)"
52.167.144.173 - - [05/Apr/2026:16:12:27 +0200] "GET /tag/%D1%81%D1%83%D1%82%D1%80%D0%B5%D1%88%D0%BD%D0%B8%D1%8F-%D0%B1%D0%BB%D0%BE%D0%BA/ HTTP/1.1" 200 13544 "-" "Mozilla/5.0 AppleWebKit/537.36 (KHTML, like Gecko; compatible; bingbot/2.0; +http://www.bing.com/bingbot.htm) Chrome/116.0.1938.76 Safari/537.36"
52.167.144.173 - - [05/Apr/2026:16:12:29 +0200] "GET /tag/%D0%BA%D0%BE%D0%BB%D0%BA%D0%BE-%D0%B3%D0%BE%D0%B4%D0%B8%D0%BD%D0%B8-%D0%B7%D0%B0%D1%82%D0%B2%D0%BE%D1%80-%D0%B7%D0%B0-%D0%B8%D0%B7-%D1%80%D0%BE%D0%B4-%D0%B8-%D1%82%D0%B5/page/6/ HTTP/1.1" 200 16584 "-" "Mozilla/5.0 AppleWebKit/537.36 (KHTML, like Gecko; compatible; bingbot/2.0; +http://www.bing.com/bingbot.htm) Chrome/116.0.1938.76 Safari/537.36"
216.73.216.187 - - [05/Apr/2026:16:12:30 +0200] "GET /wp-content/uploads/2024/01/tyut-ert-ert-80x60.jpg HTTP/1.1" 200 2975 "-" "Mozilla/5.0 AppleWebKit/537.36 (KHTML, like Gecko; compatible; ClaudeBot/1.0; +claudebot@anthropic.com)"
52.167.144.173 - - [05/Apr/2026:16:12:30 +0200] "GET /tag/%D0%B2%D1%80%D0%B5%D0%BC%D0%B5-%D0%B5-%D0%B7%D0%B0-%D0%B8%D0%B7%D0%B1%D0%BE%D1%80%D0%B8-%D0%B2-%D1%83%D0%BA%D1%80%D0%B0%D0%B9%D0%BD%D0%B0/page/14/ HTTP/1.1" 200 18886 "-" "Mozilla/5.0 AppleWebKit/537.36 (KHTML, like Gecko; compatible; bingbot/2.0; +http://www.bing.com/bingbot.htm) Chrome/116.0.1938.76 Safari/537.36"
52.167.144.157 - - [05/Apr/2026:16:12:31 +0200] "GET /%D0%B3%D0%BB-%D1%81%D0%B5%D0%BA%D1%80%D0%B5%D1%82%D0%B0%D1%80-%D0%BD%D0%B0-%D1%80%D0%B0%D0%B4%D0%B5%D0%B2-%D0%BC%D0%BE%D1%80%D0%B0%D0%BB%D0%BD%D0%BE-%D0%BD%D0%B5%D0%B4%D0%BE%D0%BF%D1%83%D1%81%D1%82/ HTTP/1.1" 200 19533 "-" "Mozilla/5.0 AppleWebKit/537.36 (KHTML, like Gecko; compatible; bingbot/2.0; +http://www.bing.com/bingbot.htm) Chrome/116.0.1938.76 Safari/537.36"
52.167.144.173 - - [05/Apr/2026:16:12:32 +0200] "GET /tag/%D1%83%D0%BF%D0%BB%D0%B0%D1%88%D0%B8/ HTTP/1.1" 200 13658 "-" "Mozilla/5.0 AppleWebKit/537.36 (KHTML, like Gecko; compatible; bingbot/2.0; +http://www.bing.com/bingbot.htm) Chrome/116.0.1938.76 Safari/537.36"
40.77.167.132 - - [05/Apr/2026:16:12:32 +0200] "GET /tag/novinite-dnes/ HTTP/1.1" 200 15786 "-" "Mozilla/5.0 AppleWebKit/537.36 (KHTML, like Gecko; compatible; bingbot/2.0; +http://www.bing.com/bingbot.htm) Chrome/116.0.1938.76 Safari/537.36"
216.244.66.232 - - [05/Apr/2026:16:12:34 +0200] "GET /%D1%80%D1%83%D0%BC%D0%B5%D0%BD-%D1%80%D0%B0%D0%B4%D0%B5%D0%B2-%D0%BD%D0%B5-%D1%81%D0%B5-%D0%BF%D0%BE%D0%B4%D0%B4%D0%B0%D0%B2%D0%B0%D0%BC-%D0%BD%D0%B0-%D0%BD%D0%B0%D1%82%D0%B8%D1%81%D0%BA-%D0%BD%D0%B8/ HTTP/1.1" 200 22516 "-" "Mozilla/5.0 (compatible; DotBot/1.2; +https://opensiteexplorer.org/dotbot; help@moz.com)"
40.77.167.132 - - [05/Apr/2026:16:12:34 +0200] "GET /tag/%D0%BF%D1%83%D1%82%D0%B8%D0%BD-%D0%B2-%D0%BC%D0%BD%D0%BE%D0%B3%D0%BE-%D1%81%D1%82%D1%80%D0%B0%D0%BD%D0%B8-%D1%81%D1%8A%D0%B7%D0%BD%D0%B0%D1%82%D0%B5%D0%BB%D0%BD%D0%BE-%D0%BD%D0%B0%D1%81%D1%8A%D1%80/ HTTP/1.1" 200 16274 "-" "Mozilla/5.0 AppleWebKit/537.36 (KHTML, like Gecko; compatible; bingbot/2.0; +http://www.bing.com/bingbot.htm) Chrome/116.0.1938.76 Safari/537.36"
216.73.216.187 - - [05/Apr/2026:16:12:35 +0200] "GET /wp-content/uploads/2020/10/158434782973626-533x261.jpg HTTP/1.1" 200 35352 "-" "Mozilla/5.0 AppleWebKit/537.36 (KHTML, like Gecko; compatible; ClaudeBot/1.0; +claudebot@anthropic.com)"
52.167.144.173 - - [05/Apr/2026:16:12:38 +0200] "GET /%D1%80%D0%B0%D0%B4%D0%B5%D0%B2-%D0%B2%D0%B8%D1%85%D1%80%D0%B8-%D1%81%D0%B5-%D0%BD%D1%8F%D0%BA%D0%B0%D0%BA%D1%8A%D0%B2-%D0%B5%D0%BD%D1%82%D1%83%D1%81%D0%B8%D0%B0%D0%B7%D1%8A%D0%BC-%D0%BD%D0%BE-%D0%B5/ HTTP/1.1" 200 25399 "-" "Mozilla/5.0 AppleWebKit/537.36 (KHTML, like Gecko; compatible; bingbot/2.0; +http://www.bing.com/bingbot.htm) Chrome/116.0.1938.76 Safari/537.36"
52.167.144.173 - - [05/Apr/2026:16:12:39 +0200] "GET /%D1%80%D0%B0%D0%B4%D0%B5%D0%B2-%D0%B7%D0%B0-%D0%BF%D0%BE%D0%BB%D0%B8%D1%82%D0%B8%D0%BA%D0%B0%D1%82%D0%B0-%D0%BD%D0%B0-%D1%81%D0%BA%D0%BE%D0%BF%D0%B8%D0%B5-%D0%BC%D0%B0%D1%81%D0%BA%D0%B8%D1%82%D0%B5/ HTTP/1.1" 200 21583 "-" "Mozilla/5.0 AppleWebKit/537.36 (KHTML, like Gecko; compatible; bingbot/2.0; +http://www.bing.com/bingbot.htm) Chrome/116.0.1938.76 Safari/537.36"
198.244.242.11 - - [05/Apr/2026:16:12:43 +0200] "GET /tag/%D0%B7%D0%B0%D1%81%D1%8F%D0%B3%D0%B0%D1%89%D0%B0-%D0%BC%D0%B8%D0%BB%D0%B8%D0%BE%D0%BD%D0%B8-%D0%B1%D1%8A%D0%BB%D0%B3%D0%B0%D1%80%D0%B8/feed/ HTTP/1.1" 200 27464 "-" "Mozilla/5.0 (compatible; AhrefsBot/7.0; +http://ahrefs.com/robot/)"
216.73.216.187 - - [05/Apr/2026:16:12:45 +0200] "GET /wp-content/uploads/2021/01/87de940d2b3b1793f5f19f6c023f5718-1-324x400.jpg HTTP/1.1" 200 26172 "-" "Mozilla/5.0 AppleWebKit/537.36 (KHTML, like Gecko; compatible; ClaudeBot/1.0; +claudebot@anthropic.com)"
91.92.243.248 - - [05/Apr/2026:16:12:48 +0200] "POST /wp-login.php HTTP/1.1" 200 1539 "-" "Mozilla/5.0"
91.92.243.248 - - [05/Apr/2026:16:12:48 +0200] "POST /wp-login.php HTTP/1.1" 200 1554 "-" "Mozilla/5.0"
91.92.243.248 - - [05/Apr/2026:16:12:48 +0200] "POST /wp-login.php HTTP/1.1" 200 1551 "-" "Mozilla/5.0"
91.92.243.248 - - [05/Apr/2026:16:12:49 +0200] "POST /wp-login.php HTTP/1.1" 200 1554 "-" "Mozilla/5.0"
91.92.243.248 - - [05/Apr/2026:16:12:49 +0200] "POST /wp-login.php HTTP/1.1" 200 1552 "-" "Mozilla/5.0"
91.92.243.248 - - [05/Apr/2026:16:12:49 +0200] "POST /wp-login.php HTTP/1.1" 200 1552 "-" "Mozilla/5.0"
91.92.243.248 - - [05/Apr/2026:16:12:49 +0200] "POST /wp-login.php HTTP/1.1" 200 1550 "-" "Mozilla/5.0"
91.92.243.248 - - [05/Apr/2026:16:12:49 +0200] "POST /wp-login.php HTTP/1.1" 200 1550 "-" "Mozilla/5.0"
91.92.243.248 - - [05/Apr/2026:16:12:49 +0200] "POST /wp-login.php HTTP/1.1" 200 1553 "-" "Mozilla/5.0"
91.92.243.248 - - [05/Apr/2026:16:12:49 +0200] "POST /wp-login.php HTTP/1.1" 200 1554 "-" "Mozilla/5.0"
91.92.243.248 - - [05/Apr/2026:16:12:49 +0200] "POST /wp-login.php HTTP/1.1" 200 1554 "-" "Mozilla/5.0"
216.73.216.187 - - [05/Apr/2026:16:12:51 +0200] "GET /wp-content/cache/page_enhanced/netvesti.com/%d0%bf%d1%8a%d1%80%d0%b2%d0%b0-%d0%bf%d0%b0%d1%80%d1%82%d0%b8%d1%8f-%d0%bd%d0%b0-%d0%bf%d1%80%d0%be%d1%82%d0%b5%d1%81%d1%82%d0%b0-%d0%be%d0%b1%d1%8f%d0%b2%d0%b8-%d1%80%d0%b0%d0%b4%d0%b5%d0%b2-%d0%b5/whatsapp:/send HTTP/1.1" 404 12111 "-" "Mozilla/5.0 AppleWebKit/537.36 (KHTML, like Gecko; compatible; ClaudeBot/1.0; +claudebot@anthropic.com)"
216.73.216.187 - - [05/Apr/2026:16:12:56 +0200] "GET /wp-content/cache/page_enhanced/netvesti.com/%d1%80%d0%b0%d0%b4%d0%b5%d0%b2-%d0%be%d1%82-%d0%b4%d0%bd%d0%b5%d1%81-%d1%81%d0%b5-%d0%bf%d1%80%d0%b5%d0%bc%d0%b0%d1%85%d0%b2%d0%b0-%d0%bd%d0%b5%d0%b5%d1%84%d0%b5%d0%ba%d1%82%d0%b8%d0%b2%d0%bd%d0%b0/whatsapp:/send HTTP/1.1" 404 12112 "-" "Mozilla/5.0 AppleWebKit/537.36 (KHTML, like Gecko; compatible; ClaudeBot/1.0; +claudebot@anthropic.com)"
216.73.216.187 - - [05/Apr/2026:16:13:00 +0200] "GET /wp-content/cache/page_enhanced/netvesti.com/%d1%81%d1%82%d1%80%d0%b0%d1%88%d0%bd%d0%b0-%d1%81%d1%85%d0%b5%d0%bc%d0%b0-%d0%bd%d0%b0-%d0%b2%d0%b0%d1%81%d0%b8%d0%bb%d0%b5%d0%b2-%d0%b8-%d0%bf%d0%b5%d1%82%d0%ba%d0%be%d0%b2-%d0%b5-%d0%bd%d0%b0-%d0%bf/_index_ssl.html_gzip_old HTTP/1.1" 200 51577 "-" "Mozilla/5.0 AppleWebKit/537.36 (KHTML, like Gecko; compatible; ClaudeBot/1.0; +claudebot@anthropic.com)"
216.73.216.187 - - [05/Apr/2026:16:13:05 +0200] "GET /wp-content/cache/page_enhanced/netvesti.com/%d1%81%d1%82%d0%b8%d0%b2-%d1%85%d0%b0%d0%bd%d0%ba%d0%b5-%d0%b4%d1%80%d1%8a%d0%b6%d1%82%d0%b5-%d1%81%d0%bf%d0%b5%d1%81%d1%82%d1%8f%d0%b2%d0%b0%d0%bd%d0%b8%d1%8f%d1%82%d0%b0-%d1%81%d0%b8-%d0%b2-%d0%bb/_index_ssl.html_gzip_old HTTP/1.1" 200 53827 "-" "Mozilla/5.0 AppleWebKit/537.36 (KHTML, like Gecko; compatible; ClaudeBot/1.0; +claudebot@anthropic.com)"
185.191.171.11 - - [05/Apr/2026:16:13:07 +0200] "GET /tag/%D0%B1%D0%B5%D0%B7-%D0%BC%D1%83%D1%82%D1%80%D0%B8/page/26/ HTTP/1.1" 200 16556 "-" "Mozilla/5.0 (compatible; SemrushBot/7~bl; +http://www.semrush.com/bot.html)"
216.73.216.187 - - [05/Apr/2026:16:13:11 +0200] "GET /wp-content/cache/page_enhanced/netvesti.com/%d0%be%d1%82-%d0%b4%d0%b5%d0%bd-%d0%bf%d1%8a%d1%80%d0%b2%d0%b8-%d0%b5%d0%b2%d1%80%d0%be%d1%82%d0%be-%d1%8f%d0%ba%d0%be-%d1%83%d0%b4%d0%b0%d1%80%d0%b8-%d1%85%d1%8a%d1%80%d0%b2%d0%b0%d1%82%d0%b8%d1%82/whatsapp:/send HTTP/1.1" 404 12110 "-" "Mozilla/5.0 AppleWebKit/537.36 (KHTML, like Gecko; compatible; ClaudeBot/1.0; +claudebot@anthropic.com)"
116.179.32.66 - - [05/Apr/2026:16:13:16 +0200] "GET /wp-content/uploads/2024/07/tok-fsf-324x160.jpg HTTP/1.1" 200 15667 "-" "Baiduspider-image+(+http://www.baidu.com/search/spider.htm)"
216.73.216.187 - - [05/Apr/2026:16:13:18 +0200] "GET /wp-content/uploads/2020/04/d0b3d180d0b5d188d0bad0b8d182d0b5-d0bdd0b0-d0b8d182d0b0d0bbd0b8d18f-d0b2-d0b1d0bed180d0b1d0b0d182d0b0-d181d180d0b5d189d183-d0bad0bed180-324x400.jpg HTTP/1.1" 200 33173 "-" "Mozilla/5.0 AppleWebKit/537.36 (KHTML, like Gecko; compatible; ClaudeBot/1.0; +claudebot@anthropic.com)"
