2a03:2880:11ff:41:: - - [05/Apr/2026:16:58:48 +0200] "GET /wp-content/uploads/2020/12/big_129544740_1298606263830014_5201818373400163422_n-356x220.jpg HTTP/1.1" 200 18744 "https://netvesti.com/%D0%BD%D0%B5%D1%88%D0%BA%D0%B0-%D1%80%D0%BE%D0%B1%D0%B5%D0%B2%D0%B0-%D1%80%D0%B0%D0%B7%D0%BC%D0%B0%D0%B7%D0%B0-%D0%BD%D0%B0%D1%82%D0%BE-%D1%84%D0%B0%D1%88%D0%B8%D1%81%D1%82%D0%B8-%D0%B2-%D0%B9%D0%B5/?fbclid=IwZXh0bgNhZW0CMTEAc3J0YwZhcHBfaWQMMjU2MjgxMDQwNTU4AAEeJa745aXCXTJEBp4bTs3zoH3sTldktihkzjTeHWQRlOdhb3ZLgajvfsa3zDo_aem_XFMANRwnoLb1tBtaWgrOnA" "Mozilla/5.0 (Windows NT 10.0; Win64; x64) AppleWebKit/537.36 (KHTML, like Gecko) Chrome/139.0.0.0 Safari/537.36"
2a03:2880:11ff:41:: - - [05/Apr/2026:16:58:48 +0200] "GET /wp-content/uploads/2024/10/big_0000623255-article2dab-356x220.jpg HTTP/1.1" 200 16871 "https://netvesti.com/%D0%BD%D0%B5%D1%88%D0%BA%D0%B0-%D1%80%D0%BE%D0%B1%D0%B5%D0%B2%D0%B0-%D1%80%D0%B0%D0%B7%D0%BC%D0%B0%D0%B7%D0%B0-%D0%BD%D0%B0%D1%82%D0%BE-%D1%84%D0%B0%D1%88%D0%B8%D1%81%D1%82%D0%B8-%D0%B2-%D0%B9%D0%B5/?fbclid=IwZXh0bgNhZW0CMTEAc3J0YwZhcHBfaWQMMjU2MjgxMDQwNTU4AAEeJa745aXCXTJEBp4bTs3zoH3sTldktihkzjTeHWQRlOdhb3ZLgajvfsa3zDo_aem_XFMANRwnoLb1tBtaWgrOnA" "Mozilla/5.0 (Windows NT 10.0; Win64; x64) AppleWebKit/537.36 (KHTML, like Gecko) Chrome/139.0.0.0 Safari/537.36"
2a03:2880:ff:47:: - - [05/Apr/2026:16:58:49 +0200] "GET /wp-content/themes/Newspaper/images/icons/newspaper.woff?14 HTTP/1.1" 200 15184 "https://netvesti.com/wp-content/themes/Newspaper/style.css?ver=8.0" "Mozilla/5.0 (Windows NT 10.0; Win64; x64) AppleWebKit/537.36 (KHTML, like Gecko) Chrome/139.0.0.0 Safari/537.36"
2a03:2880:16ff:42:: - - [05/Apr/2026:16:58:49 +0200] "GET /wp-content/uploads/2021/02/galap-radev-s-pochti-doyno-po-visok-reyting-ot-borisov-Hbxcv-356x220.jpg HTTP/1.1" 200 14526 "https://netvesti.com/%D0%BD%D0%B5%D1%88%D0%BA%D0%B0-%D1%80%D0%BE%D0%B1%D0%B5%D0%B2%D0%B0-%D1%80%D0%B0%D0%B7%D0%BC%D0%B0%D0%B7%D0%B0-%D0%BD%D0%B0%D1%82%D0%BE-%D1%84%D0%B0%D1%88%D0%B8%D1%81%D1%82%D0%B8-%D0%B2-%D0%B9%D0%B5/?fbclid=IwZXh0bgNhZW0CMTEAc3J0YwZhcHBfaWQMMjU2MjgxMDQwNTU4AAEeDrSBiZpKFea2Xxe-se1e1t3_IKUeUBR7cokgCshdwt1U_wavQlaULZmCzwo_aem_wmBuZHRpVr8lP2yvA4clMA" "Mozilla/5.0 (Linux; Android 10; K) AppleWebKit/537.36 (KHTML, like Gecko) Chrome/146.0.0.0 Mobile Safari/537.36"
2a03:2880:10ff:2:: - - [05/Apr/2026:16:58:49 +0200] "GET /wp-content/uploads/2024/09/pensii-356x220.jpg HTTP/1.1" 200 21665 "https://netvesti.com/%d0%bd%d0%b5%d1%88%d0%ba%d0%b0-%d1%80%d0%be%d0%b1%d0%b5%d0%b2%d0%b0-%d1%80%d0%b0%d0%b7%d0%bc%d0%b0%d0%b7%d0%b0-%d0%bd%d0%b0%d1%82%d0%be-%d1%84%d0%b0%d1%88%d0%b8%d1%81%d1%82%d0%b8-%d0%b2-%d0%b9%d0%b5/?fbclid=IwZXh0bgNhZW0CMTEAc3J0YwZhcHBfaWQMMjU2MjgxMDQwNTU4AAEeShwmfEmJTvjxonGBSLxS4QhGAQKVYhV7EassCVAdQDbwdcmyrKDMgTt6lp4_aem_apOVSPfqdRO4z4kPJu80Kg" "Mozilla/5.0 (Linux; Android 10; K) AppleWebKit/537.36 (KHTML, like Gecko) Chrome/146.0.0.0 Mobile Safari/537.36"
2a03:2880:10ff:2:: - - [05/Apr/2026:16:58:49 +0200] "GET /wp-content/uploads/2022/05/radeidistirna-356x220.jpg HTTP/1.1" 200 10193 "https://netvesti.com/%d0%bd%d0%b5%d1%88%d0%ba%d0%b0-%d1%80%d0%be%d0%b1%d0%b5%d0%b2%d0%b0-%d1%80%d0%b0%d0%b7%d0%bc%d0%b0%d0%b7%d0%b0-%d0%bd%d0%b0%d1%82%d0%be-%d1%84%d0%b0%d1%88%d0%b8%d1%81%d1%82%d0%b8-%d0%b2-%d0%b9%d0%b5/?fbclid=IwZXh0bgNhZW0CMTEAc3J0YwZhcHBfaWQMMjU2MjgxMDQwNTU4AAEeShwmfEmJTvjxonGBSLxS4QhGAQKVYhV7EassCVAdQDbwdcmyrKDMgTt6lp4_aem_apOVSPfqdRO4z4kPJu80Kg" "Mozilla/5.0 (Linux; Android 10; K) AppleWebKit/537.36 (KHTML, like Gecko) Chrome/146.0.0.0 Mobile Safari/537.36"
216.152.140.59 - - [05/Apr/2026:16:58:49 +0200] "GET /ads.txt HTTP/1.1" 200 101 "-" "Centro Ads.txt Crawler/1.0"
2a03:2880:16ff:42:: - - [05/Apr/2026:16:58:49 +0200] "GET /wp-content/uploads/2020/09/37091-768x512-356x220.jpg HTTP/1.1" 200 12257 "https://netvesti.com/%D0%BD%D0%B5%D1%88%D0%BA%D0%B0-%D1%80%D0%BE%D0%B1%D0%B5%D0%B2%D0%B0-%D1%80%D0%B0%D0%B7%D0%BC%D0%B0%D0%B7%D0%B0-%D0%BD%D0%B0%D1%82%D0%BE-%D1%84%D0%B0%D1%88%D0%B8%D1%81%D1%82%D0%B8-%D0%B2-%D0%B9%D0%B5/?fbclid=IwZXh0bgNhZW0CMTEAc3J0YwZhcHBfaWQMMjU2MjgxMDQwNTU4AAEeDrSBiZpKFea2Xxe-se1e1t3_IKUeUBR7cokgCshdwt1U_wavQlaULZmCzwo_aem_wmBuZHRpVr8lP2yvA4clMA" "Mozilla/5.0 (Linux; Android 10; K) AppleWebKit/537.36 (KHTML, like Gecko) Chrome/146.0.0.0 Mobile Safari/537.36"
2a03:2880:11ff:41:: - - [05/Apr/2026:16:58:49 +0200] "GET /wp-content/uploads/2020/11/radev-3-356x220.jpg HTTP/1.1" 200 10272 "https://netvesti.com/%D0%BD%D0%B5%D1%88%D0%BA%D0%B0-%D1%80%D0%BE%D0%B1%D0%B5%D0%B2%D0%B0-%D1%80%D0%B0%D0%B7%D0%BC%D0%B0%D0%B7%D0%B0-%D0%BD%D0%B0%D1%82%D0%BE-%D1%84%D0%B0%D1%88%D0%B8%D1%81%D1%82%D0%B8-%D0%B2-%D0%B9%D0%B5/?fbclid=IwZXh0bgNhZW0CMTEAc3J0YwZhcHBfaWQMMjU2MjgxMDQwNTU4AAEeJa745aXCXTJEBp4bTs3zoH3sTldktihkzjTeHWQRlOdhb3ZLgajvfsa3zDo_aem_XFMANRwnoLb1tBtaWgrOnA" "Mozilla/5.0 (Windows NT 10.0; Win64; x64) AppleWebKit/537.36 (KHTML, like Gecko) Chrome/139.0.0.0 Safari/537.36"
2a03:2880:11ff:41:: - - [05/Apr/2026:16:58:49 +0200] "GET /wp-content/uploads/2025/12/kalin-siermenov-satirichen-teatyr-356x220.jpg HTTP/1.1" 200 12972 "https://netvesti.com/%D0%BD%D0%B5%D1%88%D0%BA%D0%B0-%D1%80%D0%BE%D0%B1%D0%B5%D0%B2%D0%B0-%D1%80%D0%B0%D0%B7%D0%BC%D0%B0%D0%B7%D0%B0-%D0%BD%D0%B0%D1%82%D0%BE-%D1%84%D0%B0%D1%88%D0%B8%D1%81%D1%82%D0%B8-%D0%B2-%D0%B9%D0%B5/?fbclid=IwZXh0bgNhZW0CMTEAc3J0YwZhcHBfaWQMMjU2MjgxMDQwNTU4AAEeJa745aXCXTJEBp4bTs3zoH3sTldktihkzjTeHWQRlOdhb3ZLgajvfsa3zDo_aem_XFMANRwnoLb1tBtaWgrOnA" "Mozilla/5.0 (Windows NT 10.0; Win64; x64) AppleWebKit/537.36 (KHTML, like Gecko) Chrome/139.0.0.0 Safari/537.36"
2a03:2880:10ff:2:: - - [05/Apr/2026:16:58:49 +0200] "GET /wp-content/uploads/2023/12/gerg-hm-gf-356x220.jpeg HTTP/1.1" 200 12356 "https://netvesti.com/%d0%bd%d0%b5%d1%88%d0%ba%d0%b0-%d1%80%d0%be%d0%b1%d0%b5%d0%b2%d0%b0-%d1%80%d0%b0%d0%b7%d0%bc%d0%b0%d0%b7%d0%b0-%d0%bd%d0%b0%d1%82%d0%be-%d1%84%d0%b0%d1%88%d0%b8%d1%81%d1%82%d0%b8-%d0%b2-%d0%b9%d0%b5/?fbclid=IwZXh0bgNhZW0CMTEAc3J0YwZhcHBfaWQMMjU2MjgxMDQwNTU4AAEeShwmfEmJTvjxonGBSLxS4QhGAQKVYhV7EassCVAdQDbwdcmyrKDMgTt6lp4_aem_apOVSPfqdRO4z4kPJu80Kg" "Mozilla/5.0 (Linux; Android 10; K) AppleWebKit/537.36 (KHTML, like Gecko) Chrome/146.0.0.0 Mobile Safari/537.36"
2a03:2880:ff:47:: - - [05/Apr/2026:16:58:49 +0200] "GET /wp-content/uploads/2020/04/d0bdd18e-d0b9d0bed180d0ba-d181d182d0b0d0bdd0b0-d0bfd18ad180d0b2d0b5d0bdd0b5d186-d0bfd0be-d0b7d0b0d180d0b0d0b7d0b5d0bdd0b8-d0b2-d181d0b2-356x220.jpg HTTP/1.1" 200 17448 "https://netvesti.com/%d0%bd%d0%b5%d1%88%d0%ba%d0%b0-%d1%80%d0%be%d0%b1%d0%b5%d0%b2%d0%b0-%d1%80%d0%b0%d0%b7%d0%bc%d0%b0%d0%b7%d0%b0-%d0%bd%d0%b0%d1%82%d0%be-%d1%84%d0%b0%d1%88%d0%b8%d1%81%d1%82%d0%b8-%d0%b2-%d0%b9%d0%b5/?fbclid=IwZXh0bgNhZW0CMTEAc3J0YwZhcHBfaWQMMjU2MjgxMDQwNTU4AAEeI8Uot5LC9xa04pjzm0cQAmVn5U5W3nJNSEr7amSfLg7t4RSNXZ-WrfZu8xo_aem_symbi0eYPJH1j3Jxq_Qvag" "Mozilla/5.0 (Windows NT 10.0; Win64; x64) AppleWebKit/537.36 (KHTML, like Gecko) Chrome/139.0.0.0 Safari/537.36"
2a03:2880:ff:47:: - - [05/Apr/2026:16:58:49 +0200] "GET /wp-content/uploads/2021/05/bsp-efggf-356x220.jpg HTTP/1.1" 200 12715 "https://netvesti.com/%d0%bd%d0%b5%d1%88%d0%ba%d0%b0-%d1%80%d0%be%d0%b1%d0%b5%d0%b2%d0%b0-%d1%80%d0%b0%d0%b7%d0%bc%d0%b0%d0%b7%d0%b0-%d0%bd%d0%b0%d1%82%d0%be-%d1%84%d0%b0%d1%88%d0%b8%d1%81%d1%82%d0%b8-%d0%b2-%d0%b9%d0%b5/?fbclid=IwZXh0bgNhZW0CMTEAc3J0YwZhcHBfaWQMMjU2MjgxMDQwNTU4AAEeI8Uot5LC9xa04pjzm0cQAmVn5U5W3nJNSEr7amSfLg7t4RSNXZ-WrfZu8xo_aem_symbi0eYPJH1j3Jxq_Qvag" "Mozilla/5.0 (Windows NT 10.0; Win64; x64) AppleWebKit/537.36 (KHTML, like Gecko) Chrome/139.0.0.0 Safari/537.36"
2a03:2880:16ff:42:: - - [05/Apr/2026:16:58:49 +0200] "GET /wp-content/uploads/2024/04/ssh-356x220.jpg HTTP/1.1" 200 15781 "https://netvesti.com/%D0%BD%D0%B5%D1%88%D0%BA%D0%B0-%D1%80%D0%BE%D0%B1%D0%B5%D0%B2%D0%B0-%D1%80%D0%B0%D0%B7%D0%BC%D0%B0%D0%B7%D0%B0-%D0%BD%D0%B0%D1%82%D0%BE-%D1%84%D0%B0%D1%88%D0%B8%D1%81%D1%82%D0%B8-%D0%B2-%D0%B9%D0%B5/?fbclid=IwZXh0bgNhZW0CMTEAc3J0YwZhcHBfaWQMMjU2MjgxMDQwNTU4AAEeDrSBiZpKFea2Xxe-se1e1t3_IKUeUBR7cokgCshdwt1U_wavQlaULZmCzwo_aem_wmBuZHRpVr8lP2yvA4clMA" "Mozilla/5.0 (Linux; Android 10; K) AppleWebKit/537.36 (KHTML, like Gecko) Chrome/146.0.0.0 Mobile Safari/537.36"
216.73.216.187 - - [05/Apr/2026:16:58:49 +0200] "GET /wp-content/uploads/2023/04/340371816_1629380277529276_5319949456098986487_n-1-324x336.jpg HTTP/1.1" 200 17416 "-" "Mozilla/5.0 AppleWebKit/537.36 (KHTML, like Gecko; compatible; ClaudeBot/1.0; +claudebot@anthropic.com)"
2a03:2880:16ff:42:: - - [05/Apr/2026:16:58:49 +0200] "GET /wp-content/uploads/2021/08/cvetana-maneva_600x370-356x220.jpg HTTP/1.1" 200 10791 "https://netvesti.com/%D0%BD%D0%B5%D1%88%D0%BA%D0%B0-%D1%80%D0%BE%D0%B1%D0%B5%D0%B2%D0%B0-%D1%80%D0%B0%D0%B7%D0%BC%D0%B0%D0%B7%D0%B0-%D0%BD%D0%B0%D1%82%D0%BE-%D1%84%D0%B0%D1%88%D0%B8%D1%81%D1%82%D0%B8-%D0%B2-%D0%B9%D0%B5/?fbclid=IwZXh0bgNhZW0CMTEAc3J0YwZhcHBfaWQMMjU2MjgxMDQwNTU4AAEeDrSBiZpKFea2Xxe-se1e1t3_IKUeUBR7cokgCshdwt1U_wavQlaULZmCzwo_aem_wmBuZHRpVr8lP2yvA4clMA" "Mozilla/5.0 (Linux; Android 10; K) AppleWebKit/537.36 (KHTML, like Gecko) Chrome/146.0.0.0 Mobile Safari/537.36"
2a03:2880:ff:47:: - - [05/Apr/2026:16:58:49 +0200] "GET /wp-content/uploads/2022/01/big_6-356x220.jpg HTTP/1.1" 200 15588 "https://netvesti.com/%d0%bd%d0%b5%d1%88%d0%ba%d0%b0-%d1%80%d0%be%d0%b1%d0%b5%d0%b2%d0%b0-%d1%80%d0%b0%d0%b7%d0%bc%d0%b0%d0%b7%d0%b0-%d0%bd%d0%b0%d1%82%d0%be-%d1%84%d0%b0%d1%88%d0%b8%d1%81%d1%82%d0%b8-%d0%b2-%d0%b9%d0%b5/?fbclid=IwZXh0bgNhZW0CMTEAc3J0YwZhcHBfaWQMMjU2MjgxMDQwNTU4AAEeI8Uot5LC9xa04pjzm0cQAmVn5U5W3nJNSEr7amSfLg7t4RSNXZ-WrfZu8xo_aem_symbi0eYPJH1j3Jxq_Qvag" "Mozilla/5.0 (Windows NT 10.0; Win64; x64) AppleWebKit/537.36 (KHTML, like Gecko) Chrome/139.0.0.0 Safari/537.36"
2a03:2880:10ff:2:: - - [05/Apr/2026:16:58:49 +0200] "GET /wp-content/uploads/2020/06/d0bad18ad0b4d0b5-d0b2-d181d0bed184d0b8d18f-d0bdd18fd0bcd0b0-d0b4d0b0-d0b8d0bcd0b0-d0b2d0bed0b4d0b0-d0bdd0b0-29-d18ed0bdd0b8-d0bfd0b5d182-356x220.jpg HTTP/1.1" 200 11880 "https://netvesti.com/%d0%bd%d0%b5%d1%88%d0%ba%d0%b0-%d1%80%d0%be%d0%b1%d0%b5%d0%b2%d0%b0-%d1%80%d0%b0%d0%b7%d0%bc%d0%b0%d0%b7%d0%b0-%d0%bd%d0%b0%d1%82%d0%be-%d1%84%d0%b0%d1%88%d0%b8%d1%81%d1%82%d0%b8-%d0%b2-%d0%b9%d0%b5/?fbclid=IwZXh0bgNhZW0CMTEAc3J0YwZhcHBfaWQMMjU2MjgxMDQwNTU4AAEeShwmfEmJTvjxonGBSLxS4QhGAQKVYhV7EassCVAdQDbwdcmyrKDMgTt6lp4_aem_apOVSPfqdRO4z4kPJu80Kg" "Mozilla/5.0 (Linux; Android 10; K) AppleWebKit/537.36 (KHTML, like Gecko) Chrome/146.0.0.0 Mobile Safari/537.36"
2a03:2880:10ff:2:: - - [05/Apr/2026:16:58:49 +0200] "GET /wp-content/uploads/2021/05/screenshot614025-750x375-356x220.jpg HTTP/1.1" 200 17249 "https://netvesti.com/%d0%bd%d0%b5%d1%88%d0%ba%d0%b0-%d1%80%d0%be%d0%b1%d0%b5%d0%b2%d0%b0-%d1%80%d0%b0%d0%b7%d0%bc%d0%b0%d0%b7%d0%b0-%d0%bd%d0%b0%d1%82%d0%be-%d1%84%d0%b0%d1%88%d0%b8%d1%81%d1%82%d0%b8-%d0%b2-%d0%b9%d0%b5/?fbclid=IwZXh0bgNhZW0CMTEAc3J0YwZhcHBfaWQMMjU2MjgxMDQwNTU4AAEeShwmfEmJTvjxonGBSLxS4QhGAQKVYhV7EassCVAdQDbwdcmyrKDMgTt6lp4_aem_apOVSPfqdRO4z4kPJu80Kg" "Mozilla/5.0 (Linux; Android 10; K) AppleWebKit/537.36 (KHTML, like Gecko) Chrome/146.0.0.0 Mobile Safari/537.36"
2a03:2880:16ff:42:: - - [05/Apr/2026:16:58:49 +0200] "GET /wp-content/uploads/2020/04/d0bfd0bed0bbd0b8d186d0b5d0b9d181d0bad0b8-d0bbd0b5d0bdd182d0b8-d0b8-d0bfd0b0d182d180d183d0bbd0b8-d0bdd0bed0b2d0b0-d181d0b5d0b4-356x220.jpg HTTP/1.1" 200 20284 "https://netvesti.com/%D0%BD%D0%B5%D1%88%D0%BA%D0%B0-%D1%80%D0%BE%D0%B1%D0%B5%D0%B2%D0%B0-%D1%80%D0%B0%D0%B7%D0%BC%D0%B0%D0%B7%D0%B0-%D0%BD%D0%B0%D1%82%D0%BE-%D1%84%D0%B0%D1%88%D0%B8%D1%81%D1%82%D0%B8-%D0%B2-%D0%B9%D0%B5/?fbclid=IwZXh0bgNhZW0CMTEAc3J0YwZhcHBfaWQMMjU2MjgxMDQwNTU4AAEeDrSBiZpKFea2Xxe-se1e1t3_IKUeUBR7cokgCshdwt1U_wavQlaULZmCzwo_aem_wmBuZHRpVr8lP2yvA4clMA" "Mozilla/5.0 (Linux; Android 10; K) AppleWebKit/537.36 (KHTML, like Gecko) Chrome/146.0.0.0 Mobile Safari/537.36"
216.73.216.187 - - [05/Apr/2026:16:58:50 +0200] "GET /wp-content/uploads/2024/06/big_big_444784651_1137001884272024_3694183204391145948_n149e-324x400.jpg HTTP/1.1" 200 26196 "-" "Mozilla/5.0 AppleWebKit/537.36 (KHTML, like Gecko; compatible; ClaudeBot/1.0; +claudebot@anthropic.com)"
2a03:2880:ff:47:: - - [05/Apr/2026:16:58:50 +0200] "GET /wp-content/uploads/2021/05/rumen-radev-fgdfgddd-356x220.jpg HTTP/1.1" 200 10347 "https://netvesti.com/%d0%bd%d0%b5%d1%88%d0%ba%d0%b0-%d1%80%d0%be%d0%b1%d0%b5%d0%b2%d0%b0-%d1%80%d0%b0%d0%b7%d0%bc%d0%b0%d0%b7%d0%b0-%d0%bd%d0%b0%d1%82%d0%be-%d1%84%d0%b0%d1%88%d0%b8%d1%81%d1%82%d0%b8-%d0%b2-%d0%b9%d0%b5/?fbclid=IwZXh0bgNhZW0CMTEAc3J0YwZhcHBfaWQMMjU2MjgxMDQwNTU4AAEeI8Uot5LC9xa04pjzm0cQAmVn5U5W3nJNSEr7amSfLg7t4RSNXZ-WrfZu8xo_aem_symbi0eYPJH1j3Jxq_Qvag" "Mozilla/5.0 (Windows NT 10.0; Win64; x64) AppleWebKit/537.36 (KHTML, like Gecko) Chrome/139.0.0.0 Safari/537.36"
2a03:2880:ff:47:: - - [05/Apr/2026:16:58:50 +0200] "GET /wp-content/uploads/2023/06/deputati-356x220.jpg HTTP/1.1" 200 25289 "https://netvesti.com/%d0%bd%d0%b5%d1%88%d0%ba%d0%b0-%d1%80%d0%be%d0%b1%d0%b5%d0%b2%d0%b0-%d1%80%d0%b0%d0%b7%d0%bc%d0%b0%d0%b7%d0%b0-%d0%bd%d0%b0%d1%82%d0%be-%d1%84%d0%b0%d1%88%d0%b8%d1%81%d1%82%d0%b8-%d0%b2-%d0%b9%d0%b5/?fbclid=IwZXh0bgNhZW0CMTEAc3J0YwZhcHBfaWQMMjU2MjgxMDQwNTU4AAEeI8Uot5LC9xa04pjzm0cQAmVn5U5W3nJNSEr7amSfLg7t4RSNXZ-WrfZu8xo_aem_symbi0eYPJH1j3Jxq_Qvag" "Mozilla/5.0 (Windows NT 10.0; Win64; x64) AppleWebKit/537.36 (KHTML, like Gecko) Chrome/139.0.0.0 Safari/537.36"
216.73.216.187 - - [05/Apr/2026:16:58:50 +0200] "GET /wp-content/uploads/2023/01/324180608_1827911887589416_4532474479412717232_n-265x198.jpg HTTP/1.1" 200 17994 "-" "Mozilla/5.0 AppleWebKit/537.36 (KHTML, like Gecko; compatible; ClaudeBot/1.0; +claudebot@anthropic.com)"
2a03:2880:ff:47:: - - [05/Apr/2026:16:58:50 +0200] "GET /wp-includes/js/comment-reply.min.js?ver=4.9.26 HTTP/1.1" 200 499 "https://netvesti.com/%d0%bd%d0%b5%d1%88%d0%ba%d0%b0-%d1%80%d0%be%d0%b1%d0%b5%d0%b2%d0%b0-%d1%80%d0%b0%d0%b7%d0%bc%d0%b0%d0%b7%d0%b0-%d0%bd%d0%b0%d1%82%d0%be-%d1%84%d0%b0%d1%88%d0%b8%d1%81%d1%82%d0%b8-%d0%b2-%d0%b9%d0%b5/?fbclid=IwZXh0bgNhZW0CMTEAc3J0YwZhcHBfaWQMMjU2MjgxMDQwNTU4AAEeI8Uot5LC9xa04pjzm0cQAmVn5U5W3nJNSEr7amSfLg7t4RSNXZ-WrfZu8xo_aem_symbi0eYPJH1j3Jxq_Qvag" "Mozilla/5.0 (Windows NT 10.0; Win64; x64) AppleWebKit/537.36 (KHTML, like Gecko) Chrome/139.0.0.0 Safari/537.36"
2a03:2880:ff:47:: - - [05/Apr/2026:16:58:51 +0200] "GET /wp-content/uploads/2025/12/596957285_1381214713369862_2226723534887102796_n-1536x995-218x150.jpg HTTP/1.1" 200 4908 "https://netvesti.com/%d0%bd%d0%b5%d1%88%d0%ba%d0%b0-%d1%80%d0%be%d0%b1%d0%b5%d0%b2%d0%b0-%d1%80%d0%b0%d0%b7%d0%bc%d0%b0%d0%b7%d0%b0-%d0%bd%d0%b0%d1%82%d0%be-%d1%84%d0%b0%d1%88%d0%b8%d1%81%d1%82%d0%b8-%d0%b2-%d0%b9%d0%b5/?fbclid=IwZXh0bgNhZW0CMTEAc3J0YwZhcHBfaWQMMjU2MjgxMDQwNTU4AAEeI8Uot5LC9xa04pjzm0cQAmVn5U5W3nJNSEr7amSfLg7t4RSNXZ-WrfZu8xo_aem_symbi0eYPJH1j3Jxq_Qvag" "Mozilla/5.0 (Windows NT 10.0; Win64; x64) AppleWebKit/537.36 (KHTML, like Gecko) Chrome/139.0.0.0 Safari/537.36"
209.25.232.214 - - [05/Apr/2026:16:58:51 +0200] "GET /ads.txt HTTP/1.1" 200 101 "-" "Centro Ads.txt Crawler/1.0"
216.73.216.187 - - [05/Apr/2026:16:58:51 +0200] "GET /wp-content/uploads/2022/07/292407573_569277081427980_4723595156523691207_n-1024x396.jpg HTTP/1.1" 200 61679 "-" "Mozilla/5.0 AppleWebKit/537.36 (KHTML, like Gecko; compatible; ClaudeBot/1.0; +claudebot@anthropic.com)"
2a03:2880:ff:47:: - - [05/Apr/2026:16:58:51 +0200] "GET /wp-content/uploads/2026/04/Image_22578908_40_0-100x70.jpg HTTP/1.1" 200 2313 "https://netvesti.com/%d0%bd%d0%b5%d1%88%d0%ba%d0%b0-%d1%80%d0%be%d0%b1%d0%b5%d0%b2%d0%b0-%d1%80%d0%b0%d0%b7%d0%bc%d0%b0%d0%b7%d0%b0-%d0%bd%d0%b0%d1%82%d0%be-%d1%84%d0%b0%d1%88%d0%b8%d1%81%d1%82%d0%b8-%d0%b2-%d0%b9%d0%b5/?fbclid=IwZXh0bgNhZW0CMTEAc3J0YwZhcHBfaWQMMjU2MjgxMDQwNTU4AAEeI8Uot5LC9xa04pjzm0cQAmVn5U5W3nJNSEr7amSfLg7t4RSNXZ-WrfZu8xo_aem_symbi0eYPJH1j3Jxq_Qvag" "Mozilla/5.0 (Windows NT 10.0; Win64; x64) AppleWebKit/537.36 (KHTML, like Gecko) Chrome/139.0.0.0 Safari/537.36"
44.250.110.235 - - [05/Apr/2026:16:58:51 +0200] "GET /wp-content/uploads/2025/04/prof-ivo-hristov-sasht-kitaj-i-rusiya-shte-se-reshavat-badeshteto-na-sveta-356x220.jpg HTTP/1.1" 200 9914 "https://netvesti.com/%D0%BD%D0%B5%D1%88%D0%BA%D0%B0-%D1%80%D0%BE%D0%B1%D0%B5%D0%B2%D0%B0-%D1%80%D0%B0%D0%B7%D0%BC%D0%B0%D0%B7%D0%B0-%D0%BD%D0%B0%D1%82%D0%BE-%D1%84%D0%B0%D1%88%D0%B8%D1%81%D1%82%D0%B8-%D0%B2-%D0%B9%D0%B5/?fbclid=IwZXh0bgNhZW0CMTEAc3J0YwZhcHBfaWQMMjU2MjgxMDQwNTU4AAEeg_kwrHbOBzJ_KAE8EvGhdwIjKluNtktVVacuAGrPyP-e1YVj66tYYLJuL58_aem_BLmZsxcURxn1N2MCxkzN6A" "Mozilla/5.0 (Linux; Android 10; K) AppleWebKit/537.36 (KHTML, like Gecko) Chrome/146.0.0.0 Mobile Safari/537.36"
2a03:2880:ff:47:: - - [05/Apr/2026:16:58:51 +0200] "GET /wp-content/uploads/2026/03/yotova-iliana-dfsg-100x70.jpg HTTP/1.1" 200 2284 "https://netvesti.com/%d0%bd%d0%b5%d1%88%d0%ba%d0%b0-%d1%80%d0%be%d0%b1%d0%b5%d0%b2%d0%b0-%d1%80%d0%b0%d0%b7%d0%bc%d0%b0%d0%b7%d0%b0-%d0%bd%d0%b0%d1%82%d0%be-%d1%84%d0%b0%d1%88%d0%b8%d1%81%d1%82%d0%b8-%d0%b2-%d0%b9%d0%b5/?fbclid=IwZXh0bgNhZW0CMTEAc3J0YwZhcHBfaWQMMjU2MjgxMDQwNTU4AAEeI8Uot5LC9xa04pjzm0cQAmVn5U5W3nJNSEr7amSfLg7t4RSNXZ-WrfZu8xo_aem_symbi0eYPJH1j3Jxq_Qvag" "Mozilla/5.0 (Windows NT 10.0; Win64; x64) AppleWebKit/537.36 (KHTML, like Gecko) Chrome/139.0.0.0 Safari/537.36"
2a03:2880:ff:47:: - - [05/Apr/2026:16:58:51 +0200] "GET /wp-content/uploads/2025/12/596957285_1381214713369862_2226723534887102796_n-1536x995-100x70.jpg HTTP/1.1" 200 2070 "https://netvesti.com/%d0%bd%d0%b5%d1%88%d0%ba%d0%b0-%d1%80%d0%be%d0%b1%d0%b5%d0%b2%d0%b0-%d1%80%d0%b0%d0%b7%d0%bc%d0%b0%d0%b7%d0%b0-%d0%bd%d0%b0%d1%82%d0%be-%d1%84%d0%b0%d1%88%d0%b8%d1%81%d1%82%d0%b8-%d0%b2-%d0%b9%d0%b5/?fbclid=IwZXh0bgNhZW0CMTEAc3J0YwZhcHBfaWQMMjU2MjgxMDQwNTU4AAEeI8Uot5LC9xa04pjzm0cQAmVn5U5W3nJNSEr7amSfLg7t4RSNXZ-WrfZu8xo_aem_symbi0eYPJH1j3Jxq_Qvag" "Mozilla/5.0 (Windows NT 10.0; Win64; x64) AppleWebKit/537.36 (KHTML, like Gecko) Chrome/139.0.0.0 Safari/537.36"
44.250.110.235 - - [05/Apr/2026:16:58:51 +0200] "GET /wp-content/uploads/2024/11/a2cc78437b76fc82ac015304f6f5618d-356x220.jpg HTTP/1.1" 200 12463 "https://netvesti.com/%D0%BD%D0%B5%D1%88%D0%BA%D0%B0-%D1%80%D0%BE%D0%B1%D0%B5%D0%B2%D0%B0-%D1%80%D0%B0%D0%B7%D0%BC%D0%B0%D0%B7%D0%B0-%D0%BD%D0%B0%D1%82%D0%BE-%D1%84%D0%B0%D1%88%D0%B8%D1%81%D1%82%D0%B8-%D0%B2-%D0%B9%D0%B5/?fbclid=IwZXh0bgNhZW0CMTEAc3J0YwZhcHBfaWQMMjU2MjgxMDQwNTU4AAEeg_kwrHbOBzJ_KAE8EvGhdwIjKluNtktVVacuAGrPyP-e1YVj66tYYLJuL58_aem_BLmZsxcURxn1N2MCxkzN6A" "Mozilla/5.0 (Linux; Android 10; K) AppleWebKit/537.36 (KHTML, like Gecko) Chrome/146.0.0.0 Mobile Safari/537.36"
2a03:2880:ff:47:: - - [05/Apr/2026:16:58:51 +0200] "GET /wp-content/uploads/2022/10/big_21273e-100x70.jpg HTTP/1.1" 200 3344 "https://netvesti.com/%d0%bd%d0%b5%d1%88%d0%ba%d0%b0-%d1%80%d0%be%d0%b1%d0%b5%d0%b2%d0%b0-%d1%80%d0%b0%d0%b7%d0%bc%d0%b0%d0%b7%d0%b0-%d0%bd%d0%b0%d1%82%d0%be-%d1%84%d0%b0%d1%88%d0%b8%d1%81%d1%82%d0%b8-%d0%b2-%d0%b9%d0%b5/?fbclid=IwZXh0bgNhZW0CMTEAc3J0YwZhcHBfaWQMMjU2MjgxMDQwNTU4AAEeI8Uot5LC9xa04pjzm0cQAmVn5U5W3nJNSEr7amSfLg7t4RSNXZ-WrfZu8xo_aem_symbi0eYPJH1j3Jxq_Qvag" "Mozilla/5.0 (Windows NT 10.0; Win64; x64) AppleWebKit/537.36 (KHTML, like Gecko) Chrome/139.0.0.0 Safari/537.36"
2a03:2880:ff:47:: - - [05/Apr/2026:16:58:51 +0200] "GET /wp-content/uploads/2022/10/zx952y526_2288184-100x70.jpg HTTP/1.1" 200 2872 "https://netvesti.com/%d0%bd%d0%b5%d1%88%d0%ba%d0%b0-%d1%80%d0%be%d0%b1%d0%b5%d0%b2%d0%b0-%d1%80%d0%b0%d0%b7%d0%bc%d0%b0%d0%b7%d0%b0-%d0%bd%d0%b0%d1%82%d0%be-%d1%84%d0%b0%d1%88%d0%b8%d1%81%d1%82%d0%b8-%d0%b2-%d0%b9%d0%b5/?fbclid=IwZXh0bgNhZW0CMTEAc3J0YwZhcHBfaWQMMjU2MjgxMDQwNTU4AAEeI8Uot5LC9xa04pjzm0cQAmVn5U5W3nJNSEr7amSfLg7t4RSNXZ-WrfZu8xo_aem_symbi0eYPJH1j3Jxq_Qvag" "Mozilla/5.0 (Windows NT 10.0; Win64; x64) AppleWebKit/537.36 (KHTML, like Gecko) Chrome/139.0.0.0 Safari/537.36"
44.250.110.235 - - [05/Apr/2026:16:58:52 +0200] "GET /wp-content/uploads/2020/06/d0b8d0bcd183d0bdd0bed0bbd0bed0b3-d185d0bed180d0b0d182d0b0-d181-d0bad180d18ad0b2d0bdd0b0-d0b3d180d183d0bfd0b0-d0b0-d0bfd180d0b5d0bad0b0-356x220.jpg HTTP/1.1" 200 10397 "https://netvesti.com/%D0%BD%D0%B5%D1%88%D0%BA%D0%B0-%D1%80%D0%BE%D0%B1%D0%B5%D0%B2%D0%B0-%D1%80%D0%B0%D0%B7%D0%BC%D0%B0%D0%B7%D0%B0-%D0%BD%D0%B0%D1%82%D0%BE-%D1%84%D0%B0%D1%88%D0%B8%D1%81%D1%82%D0%B8-%D0%B2-%D0%B9%D0%B5/?fbclid=IwZXh0bgNhZW0CMTEAc3J0YwZhcHBfaWQMMjU2MjgxMDQwNTU4AAEeg_kwrHbOBzJ_KAE8EvGhdwIjKluNtktVVacuAGrPyP-e1YVj66tYYLJuL58_aem_BLmZsxcURxn1N2MCxkzN6A" "Mozilla/5.0 (Linux; Android 10; K) AppleWebKit/537.36 (KHTML, like Gecko) Chrome/146.0.0.0 Mobile Safari/537.36"
54.184.227.235 - - [05/Apr/2026:16:58:52 +0200] "GET /wp-content/uploads/2020/06/d0bad18ad180d0bbd0b5d0b6d0b8-d0bdd0b0d0bbd0b0d0b7d0b8d185d0b0-d0b2d0b0d180d0bdd0b0-d181d0bbd0b5d0b4-d182d0bed0bfd0bbd0bed182d0be-d0b8-356x220.jpg HTTP/1.1" 200 9883 "https://netvesti.com/%d0%bd%d0%b5%d1%88%d0%ba%d0%b0-%d1%80%d0%be%d0%b1%d0%b5%d0%b2%d0%b0-%d1%80%d0%b0%d0%b7%d0%bc%d0%b0%d0%b7%d0%b0-%d0%bd%d0%b0%d1%82%d0%be-%d1%84%d0%b0%d1%88%d0%b8%d1%81%d1%82%d0%b8-%d0%b2-%d0%b9%d0%b5/?fbclid=IwZXh0bgNhZW0CMTEAc3J0YwZhcHBfaWQMMjU2MjgxMDQwNTU4AAEeamhHJfSr8nF_JJWlJwVYlG6AzqrtZ9uc1b5D4WEozrylku7-Izj-XLG_ZNk_aem_DpMAiw5Q9y3m7v9IwKCqLg" "Mozilla/5.0 (Linux; Android 10; K) AppleWebKit/537.36 (KHTML, like Gecko) Chrome/146.0.0.0 Mobile Safari/537.36"
216.73.216.187 - - [05/Apr/2026:16:58:52 +0200] "GET /wp-content/uploads/2024/02/980x551_1707827413_4164057518194187260_big-300x169.jpg HTTP/1.1" 200 9382 "-" "Mozilla/5.0 AppleWebKit/537.36 (KHTML, like Gecko; compatible; ClaudeBot/1.0; +claudebot@anthropic.com)"
2a03:2880:ff:47:: - - [05/Apr/2026:16:58:52 +0200] "GET /wp-content/uploads/2023/01/6b571000106fa2b424654caabf1d160b-768x511-100x70.jpeg HTTP/1.1" 200 2543 "https://netvesti.com/%d0%bd%d0%b5%d1%88%d0%ba%d0%b0-%d1%80%d0%be%d0%b1%d0%b5%d0%b2%d0%b0-%d1%80%d0%b0%d0%b7%d0%bc%d0%b0%d0%b7%d0%b0-%d0%bd%d0%b0%d1%82%d0%be-%d1%84%d0%b0%d1%88%d0%b8%d1%81%d1%82%d0%b8-%d0%b2-%d0%b9%d0%b5/?fbclid=IwZXh0bgNhZW0CMTEAc3J0YwZhcHBfaWQMMjU2MjgxMDQwNTU4AAEeI8Uot5LC9xa04pjzm0cQAmVn5U5W3nJNSEr7amSfLg7t4RSNXZ-WrfZu8xo_aem_symbi0eYPJH1j3Jxq_Qvag" "Mozilla/5.0 (Windows NT 10.0; Win64; x64) AppleWebKit/537.36 (KHTML, like Gecko) Chrome/139.0.0.0 Safari/537.36"
44.250.110.235 - - [05/Apr/2026:16:58:52 +0200] "GET /wp-content/uploads/2022/02/3434345-356x220.jpg HTTP/1.1" 200 13528 "https://netvesti.com/%D0%BD%D0%B5%D1%88%D0%BA%D0%B0-%D1%80%D0%BE%D0%B1%D0%B5%D0%B2%D0%B0-%D1%80%D0%B0%D0%B7%D0%BC%D0%B0%D0%B7%D0%B0-%D0%BD%D0%B0%D1%82%D0%BE-%D1%84%D0%B0%D1%88%D0%B8%D1%81%D1%82%D0%B8-%D0%B2-%D0%B9%D0%B5/?fbclid=IwZXh0bgNhZW0CMTEAc3J0YwZhcHBfaWQMMjU2MjgxMDQwNTU4AAEeg_kwrHbOBzJ_KAE8EvGhdwIjKluNtktVVacuAGrPyP-e1YVj66tYYLJuL58_aem_BLmZsxcURxn1N2MCxkzN6A" "Mozilla/5.0 (Linux; Android 10; K) AppleWebKit/537.36 (KHTML, like Gecko) Chrome/146.0.0.0 Mobile Safari/537.36"
2620:100:a005:400::11 - - [05/Apr/2026:16:58:52 +0200] "GET /robots.txt HTTP/1.1" 304 0 "-" "CriteoBot/0.1 (+https://www.criteo.com/criteo-crawler/)"
2a03:2880:ff:47:: - - [05/Apr/2026:16:58:52 +0200] "GET /wp-includes/js/wp-emoji-release.min.js?ver=4.9.26 HTTP/1.1" 200 4066 "https://netvesti.com/%d0%bd%d0%b5%d1%88%d0%ba%d0%b0-%d1%80%d0%be%d0%b1%d0%b5%d0%b2%d0%b0-%d1%80%d0%b0%d0%b7%d0%bc%d0%b0%d0%b7%d0%b0-%d0%bd%d0%b0%d1%82%d0%be-%d1%84%d0%b0%d1%88%d0%b8%d1%81%d1%82%d0%b8-%d0%b2-%d0%b9%d0%b5/?fbclid=IwZXh0bgNhZW0CMTEAc3J0YwZhcHBfaWQMMjU2MjgxMDQwNTU4AAEeI8Uot5LC9xa04pjzm0cQAmVn5U5W3nJNSEr7amSfLg7t4RSNXZ-WrfZu8xo_aem_symbi0eYPJH1j3Jxq_Qvag" "Mozilla/5.0 (Windows NT 10.0; Win64; x64) AppleWebKit/537.36 (KHTML, like Gecko) Chrome/139.0.0.0 Safari/537.36"
2a03:2880:ff:47:: - - [05/Apr/2026:16:58:52 +0200] "GET /wp-content/uploads/2018/11/rusia.jpeg HTTP/1.1" 200 69658 "https://netvesti.com/%d0%bd%d0%b5%d1%88%d0%ba%d0%b0-%d1%80%d0%be%d0%b1%d0%b5%d0%b2%d0%b0-%d1%80%d0%b0%d0%b7%d0%bc%d0%b0%d0%b7%d0%b0-%d0%bd%d0%b0%d1%82%d0%be-%d1%84%d0%b0%d1%88%d0%b8%d1%81%d1%82%d0%b8-%d0%b2-%d0%b9%d0%b5/?fbclid=IwZXh0bgNhZW0CMTEAc3J0YwZhcHBfaWQMMjU2MjgxMDQwNTU4AAEeI8Uot5LC9xa04pjzm0cQAmVn5U5W3nJNSEr7amSfLg7t4RSNXZ-WrfZu8xo_aem_symbi0eYPJH1j3Jxq_Qvag" "Mozilla/5.0 (Windows NT 10.0; Win64; x64) AppleWebKit/537.36 (KHTML, like Gecko) Chrome/139.0.0.0 Safari/537.36"
54.184.227.235 - - [05/Apr/2026:16:58:52 +0200] "GET /wp-content/uploads/2020/07/d0b4-d180-d181d182d0b0d0bcd0bed0b2-d0bed182-d181d0bfd0b5d188d0bdd0bed182d0be-d0b5-d0bfd0bed187d0b8d0bdd0b0d0bb-d187d0b0d181d0bed0b2-356x220.jpg HTTP/1.1" 200 15549 "https://netvesti.com/%d0%bd%d0%b5%d1%88%d0%ba%d0%b0-%d1%80%d0%be%d0%b1%d0%b5%d0%b2%d0%b0-%d1%80%d0%b0%d0%b7%d0%bc%d0%b0%d0%b7%d0%b0-%d0%bd%d0%b0%d1%82%d0%be-%d1%84%d0%b0%d1%88%d0%b8%d1%81%d1%82%d0%b8-%d0%b2-%d0%b9%d0%b5/?fbclid=IwZXh0bgNhZW0CMTEAc3J0YwZhcHBfaWQMMjU2MjgxMDQwNTU4AAEeamhHJfSr8nF_JJWlJwVYlG6AzqrtZ9uc1b5D4WEozrylku7-Izj-XLG_ZNk_aem_DpMAiw5Q9y3m7v9IwKCqLg" "Mozilla/5.0 (Linux; Android 10; K) AppleWebKit/537.36 (KHTML, like Gecko) Chrome/146.0.0.0 Mobile Safari/537.36"
44.250.110.235 - - [05/Apr/2026:16:58:52 +0200] "GET /wp-content/uploads/2021/07/980x551_1621945518-356x220.jpg HTTP/1.1" 200 11919 "https://netvesti.com/%D0%BD%D0%B5%D1%88%D0%BA%D0%B0-%D1%80%D0%BE%D0%B1%D0%B5%D0%B2%D0%B0-%D1%80%D0%B0%D0%B7%D0%BC%D0%B0%D0%B7%D0%B0-%D0%BD%D0%B0%D1%82%D0%BE-%D1%84%D0%B0%D1%88%D0%B8%D1%81%D1%82%D0%B8-%D0%B2-%D0%B9%D0%B5/?fbclid=IwZXh0bgNhZW0CMTEAc3J0YwZhcHBfaWQMMjU2MjgxMDQwNTU4AAEeg_kwrHbOBzJ_KAE8EvGhdwIjKluNtktVVacuAGrPyP-e1YVj66tYYLJuL58_aem_BLmZsxcURxn1N2MCxkzN6A" "Mozilla/5.0 (Linux; Android 10; K) AppleWebKit/537.36 (KHTML, like Gecko) Chrome/146.0.0.0 Mobile Safari/537.36"
44.250.110.235 - - [05/Apr/2026:16:58:52 +0200] "GET /wp-content/uploads/2026/04/Image_22578908_40_0-100x70.jpg HTTP/1.1" 200 2313 "https://netvesti.com/%D0%BD%D0%B5%D1%88%D0%BA%D0%B0-%D1%80%D0%BE%D0%B1%D0%B5%D0%B2%D0%B0-%D1%80%D0%B0%D0%B7%D0%BC%D0%B0%D0%B7%D0%B0-%D0%BD%D0%B0%D1%82%D0%BE-%D1%84%D0%B0%D1%88%D0%B8%D1%81%D1%82%D0%B8-%D0%B2-%D0%B9%D0%B5/?fbclid=IwZXh0bgNhZW0CMTEAc3J0YwZhcHBfaWQMMjU2MjgxMDQwNTU4AAEeg_kwrHbOBzJ_KAE8EvGhdwIjKluNtktVVacuAGrPyP-e1YVj66tYYLJuL58_aem_BLmZsxcURxn1N2MCxkzN6A" "Mozilla/5.0 (Linux; Android 10; K) AppleWebKit/537.36 (KHTML, like Gecko) Chrome/146.0.0.0 Mobile Safari/537.36"
54.184.227.235 - - [05/Apr/2026:16:58:52 +0200] "GET /wp-content/uploads/2020/04/d0bcd0b0d185d0b0d182-d0bad0bfd0bf-d182d0b0d182d0b0-d0b2-d180d0bed0bcd181d0bad0b8d18f-d0bad0b2d0b0d180d182d0b0d0bb-d0b2-d0bfd0b5d189d0b5-356x220.jpg HTTP/1.1" 200 17561 "https://netvesti.com/%d0%bd%d0%b5%d1%88%d0%ba%d0%b0-%d1%80%d0%be%d0%b1%d0%b5%d0%b2%d0%b0-%d1%80%d0%b0%d0%b7%d0%bc%d0%b0%d0%b7%d0%b0-%d0%bd%d0%b0%d1%82%d0%be-%d1%84%d0%b0%d1%88%d0%b8%d1%81%d1%82%d0%b8-%d0%b2-%d0%b9%d0%b5/?fbclid=IwZXh0bgNhZW0CMTEAc3J0YwZhcHBfaWQMMjU2MjgxMDQwNTU4AAEeamhHJfSr8nF_JJWlJwVYlG6AzqrtZ9uc1b5D4WEozrylku7-Izj-XLG_ZNk_aem_DpMAiw5Q9y3m7v9IwKCqLg" "Mozilla/5.0 (Linux; Android 10; K) AppleWebKit/537.36 (KHTML, like Gecko) Chrome/146.0.0.0 Mobile Safari/537.36"
216.73.216.187 - - [05/Apr/2026:16:58:52 +0200] "GET /wp-content/uploads/2021/02/galap-radev-s-pochti-doyno-po-visok-reyting-ot-borisov-Hbxcv-696x385.jpg HTTP/1.1" 200 34455 "-" "Mozilla/5.0 AppleWebKit/537.36 (KHTML, like Gecko; compatible; ClaudeBot/1.0; +claudebot@anthropic.com)"
2620:100:a005:400::a - - [05/Apr/2026:16:58:52 +0200] "GET /%D0%BD%D0%B5%D1%88%D0%BA%D0%B0-%D1%80%D0%BE%D0%B1%D0%B5%D0%B2%D0%B0-%D1%80%D0%B0%D0%B7%D0%BC%D0%B0%D0%B7%D0%B0-%D0%BD%D0%B0%D1%82%D0%BE-%D1%84%D0%B0%D1%88%D0%B8%D1%81%D1%82%D0%B8-%D0%B2-%D0%B9%D0%B5 HTTP/1.1" 301 0 "-" "CriteoBot/0.1 (+https://www.criteo.com/criteo-crawler/)"
216.73.216.187 - - [05/Apr/2026:16:58:53 +0200] "GET /wp-content/uploads/2024/02/980x551_1707827413_4164057518194187260_big-696x391.jpg HTTP/1.1" 200 32934 "-" "Mozilla/5.0 AppleWebKit/537.36 (KHTML, like Gecko; compatible; ClaudeBot/1.0; +claudebot@anthropic.com)"
54.184.227.235 - - [05/Apr/2026:16:58:53 +0200] "GET /wp-content/uploads/2020/04/d0bfd18ad180d0b2d0b8-d0bfd0b0d186d0b8d0b5d0bdd182-d181-d0b2d0b8d180d183d181d0b0-d0b5-d0bfd180d0b8d0b5d182-d0b2-d0b1d0bed0bbd0bdd0b8d186-356x220.jpg HTTP/1.1" 200 9953 "https://netvesti.com/%d0%bd%d0%b5%d1%88%d0%ba%d0%b0-%d1%80%d0%be%d0%b1%d0%b5%d0%b2%d0%b0-%d1%80%d0%b0%d0%b7%d0%bc%d0%b0%d0%b7%d0%b0-%d0%bd%d0%b0%d1%82%d0%be-%d1%84%d0%b0%d1%88%d0%b8%d1%81%d1%82%d0%b8-%d0%b2-%d0%b9%d0%b5/?fbclid=IwZXh0bgNhZW0CMTEAc3J0YwZhcHBfaWQMMjU2MjgxMDQwNTU4AAEeamhHJfSr8nF_JJWlJwVYlG6AzqrtZ9uc1b5D4WEozrylku7-Izj-XLG_ZNk_aem_DpMAiw5Q9y3m7v9IwKCqLg" "Mozilla/5.0 (Linux; Android 10; K) AppleWebKit/537.36 (KHTML, like Gecko) Chrome/146.0.0.0 Mobile Safari/537.36"
44.250.110.235 - - [05/Apr/2026:16:58:53 +0200] "GET /wp-content/uploads/2023/01/6b571000106fa2b424654caabf1d160b-768x511-100x70.jpeg HTTP/1.1" 200 2543 "https://netvesti.com/%D0%BD%D0%B5%D1%88%D0%BA%D0%B0-%D1%80%D0%BE%D0%B1%D0%B5%D0%B2%D0%B0-%D1%80%D0%B0%D0%B7%D0%BC%D0%B0%D0%B7%D0%B0-%D0%BD%D0%B0%D1%82%D0%BE-%D1%84%D0%B0%D1%88%D0%B8%D1%81%D1%82%D0%B8-%D0%B2-%D0%B9%D0%B5/?fbclid=IwZXh0bgNhZW0CMTEAc3J0YwZhcHBfaWQMMjU2MjgxMDQwNTU4AAEeg_kwrHbOBzJ_KAE8EvGhdwIjKluNtktVVacuAGrPyP-e1YVj66tYYLJuL58_aem_BLmZsxcURxn1N2MCxkzN6A" "Mozilla/5.0 (Linux; Android 10; K) AppleWebKit/537.36 (KHTML, like Gecko) Chrome/146.0.0.0 Mobile Safari/537.36"
74.119.118.39 - - [05/Apr/2026:16:58:53 +0200] "GET /%D0%BD%D0%B5%D1%88%D0%BA%D0%B0-%D1%80%D0%BE%D0%B1%D0%B5%D0%B2%D0%B0-%D1%80%D0%B0%D0%B7%D0%BC%D0%B0%D0%B7%D0%B0-%D0%BD%D0%B0%D1%82%D0%BE-%D1%84%D0%B0%D1%88%D0%B8%D1%81%D1%82%D0%B8-%D0%B2-%D0%B9%D0%B5/ HTTP/1.1" 200 33095 "-" "CriteoBot/0.1 (+https://www.criteo.com/criteo-crawler/)"
54.184.227.235 - - [05/Apr/2026:16:58:53 +0200] "GET /wp-content/uploads/2022/12/phpaqepmi_559x345-356x220.jpg HTTP/1.1" 200 12575 "https://netvesti.com/%d0%bd%d0%b5%d1%88%d0%ba%d0%b0-%d1%80%d0%be%d0%b1%d0%b5%d0%b2%d0%b0-%d1%80%d0%b0%d0%b7%d0%bc%d0%b0%d0%b7%d0%b0-%d0%bd%d0%b0%d1%82%d0%be-%d1%84%d0%b0%d1%88%d0%b8%d1%81%d1%82%d0%b8-%d0%b2-%d0%b9%d0%b5/?fbclid=IwZXh0bgNhZW0CMTEAc3J0YwZhcHBfaWQMMjU2MjgxMDQwNTU4AAEeamhHJfSr8nF_JJWlJwVYlG6AzqrtZ9uc1b5D4WEozrylku7-Izj-XLG_ZNk_aem_DpMAiw5Q9y3m7v9IwKCqLg" "Mozilla/5.0 (Linux; Android 10; K) AppleWebKit/537.36 (KHTML, like Gecko) Chrome/146.0.0.0 Mobile Safari/537.36"
216.73.216.187 - - [05/Apr/2026:16:58:53 +0200] "GET /wp-content/uploads/2021/02/galap-radev-s-pochti-doyno-po-visok-reyting-ot-borisov-Hbxcv-534x462.jpg HTTP/1.1" 200 29922 "-" "Mozilla/5.0 AppleWebKit/537.36 (KHTML, like Gecko; compatible; ClaudeBot/1.0; +claudebot@anthropic.com)"
216.73.216.187 - - [05/Apr/2026:16:58:54 +0200] "GET /wp-content/uploads/2022/06/289555990_10228507919504913_7365432786428528044_n-80x60.jpg HTTP/1.1" 200 2933 "-" "Mozilla/5.0 AppleWebKit/537.36 (KHTML, like Gecko; compatible; ClaudeBot/1.0; +claudebot@anthropic.com)"
216.73.216.187 - - [05/Apr/2026:16:58:54 +0200] "GET /wp-content/uploads/2023/01/324297087_1334144570653461_4619854826177106714_n-265x198.jpg HTTP/1.1" 200 17370 "-" "Mozilla/5.0 AppleWebKit/537.36 (KHTML, like Gecko; compatible; ClaudeBot/1.0; +claudebot@anthropic.com)"
216.73.216.187 - - [05/Apr/2026:16:58:55 +0200] "GET /wp-content/uploads/2025/03/482054455_983084943960480_3622350050825217084_n-1-356x364.jpg HTTP/1.1" 200 17951 "-" "Mozilla/5.0 AppleWebKit/537.36 (KHTML, like Gecko; compatible; ClaudeBot/1.0; +claudebot@anthropic.com)"
216.73.216.187 - - [05/Apr/2026:16:58:55 +0200] "GET /wp-content/uploads/2023/09/376530328_10221494482411430_1688214988051438268_n-80x60.jpg HTTP/1.1" 200 2000 "-" "Mozilla/5.0 AppleWebKit/537.36 (KHTML, like Gecko; compatible; ClaudeBot/1.0; +claudebot@anthropic.com)"
216.73.216.187 - - [05/Apr/2026:16:58:56 +0200] "GET /wp-content/uploads/2024/08/456926456_1038531950971475_3025694591155539170_n-218x150.jpg HTTP/1.1" 200 9954 "-" "Mozilla/5.0 AppleWebKit/537.36 (KHTML, like Gecko; compatible; ClaudeBot/1.0; +claudebot@anthropic.com)"
216.73.216.187 - - [05/Apr/2026:16:58:56 +0200] "GET /wp-content/uploads/2023/01/12670075_1085562688155757_6013150064028668372_n-324x400.jpg HTTP/1.1" 200 20635 "-" "Mozilla/5.0 AppleWebKit/537.36 (KHTML, like Gecko; compatible; ClaudeBot/1.0; +claudebot@anthropic.com)"
216.73.216.187 - - [05/Apr/2026:16:58:56 +0200] "GET /wp-content/uploads/2023/01/324438737_540560171467829_3093282591402784282_n-218x150.jpg HTTP/1.1" 200 10513 "-" "Mozilla/5.0 AppleWebKit/537.36 (KHTML, like Gecko; compatible; ClaudeBot/1.0; +claudebot@anthropic.com)"
216.73.216.187 - - [05/Apr/2026:16:59:03 +0200] "GET /wp-content/uploads/2024/09/big_big_454436249_122138983310304698_9157652561069530056_nd59-265x198.jpg HTTP/1.1" 502 150 "-" "Mozilla/5.0 AppleWebKit/537.36 (KHTML, like Gecko; compatible; ClaudeBot/1.0; +claudebot@anthropic.com)"
216.73.216.187 - - [05/Apr/2026:16:59:03 +0200] "GET /wp-content/uploads/2023/04/339248814_748333866734799_2741896109226961568_n-324x235.jpg HTTP/1.1" 502 150 "-" "Mozilla/5.0 AppleWebKit/537.36 (KHTML, like Gecko; compatible; ClaudeBot/1.0; +claudebot@anthropic.com)"
216.73.216.187 - - [05/Apr/2026:16:59:03 +0200] "GET /wp-content/uploads/2020/09/119525081_2599180720342299_4497940644565828934_o-265x198.jpg HTTP/1.1" 502 150 "-" "Mozilla/5.0 AppleWebKit/537.36 (KHTML, like Gecko; compatible; ClaudeBot/1.0; +claudebot@anthropic.com)"
216.73.216.187 - - [05/Apr/2026:16:59:04 +0200] "GET /wp-content/uploads/2021/04/big_169665338_10158046594972823_9098036873982427696_n6bf-768x406.jpg HTTP/1.1" 200 32329 "-" "Mozilla/5.0 AppleWebKit/537.36 (KHTML, like Gecko; compatible; ClaudeBot/1.0; +claudebot@anthropic.com)"
216.73.216.187 - - [05/Apr/2026:16:59:04 +0200] "GET /wp-content/uploads/2023/01/324438737_540560171467829_3093282591402784282_n-1068x825.jpg HTTP/1.1" 200 168091 "-" "Mozilla/5.0 AppleWebKit/537.36 (KHTML, like Gecko; compatible; ClaudeBot/1.0; +claudebot@anthropic.com)"
216.73.216.187 - - [05/Apr/2026:16:59:04 +0200] "GET /wp-content/uploads/2022/06/288819231_1274292976711405_2933237175727217750_n-265x198.jpg HTTP/1.1" 200 11529 "-" "Mozilla/5.0 AppleWebKit/537.36 (KHTML, like Gecko; compatible; ClaudeBot/1.0; +claudebot@anthropic.com)"
216.73.216.187 - - [05/Apr/2026:16:59:05 +0200] "GET /wp-content/uploads/2022/06/288819231_1274292976711405_2933237175727217750_n-1068x580.jpg HTTP/1.1" 200 97643 "-" "Mozilla/5.0 AppleWebKit/537.36 (KHTML, like Gecko; compatible; ClaudeBot/1.0; +claudebot@anthropic.com)"
216.73.216.187 - - [05/Apr/2026:16:59:05 +0200] "GET /wp-content/uploads/2024/06/big_big_444784651_1137001884272024_3694183204391145948_n149e-218x150.jpg HTTP/1.1" 200 10116 "-" "Mozilla/5.0 AppleWebKit/537.36 (KHTML, like Gecko; compatible; ClaudeBot/1.0; +claudebot@anthropic.com)"
216.73.216.187 - - [05/Apr/2026:16:59:06 +0200] "GET /wp-content/uploads/2024/06/big_big_444784651_1137001884272024_3694183204391145948_n149e-768x406.jpg HTTP/1.1" 200 55158 "-" "Mozilla/5.0 AppleWebKit/537.36 (KHTML, like Gecko; compatible; ClaudeBot/1.0; +claudebot@anthropic.com)"
216.73.216.187 - - [05/Apr/2026:16:59:07 +0200] "GET /wp-content/uploads/2021/02/galap-radev-s-pochti-doyno-po-visok-reyting-ot-borisov-Hbxcv-356x364.jpg HTTP/1.1" 200 19119 "-" "Mozilla/5.0 AppleWebKit/537.36 (KHTML, like Gecko; compatible; ClaudeBot/1.0; +claudebot@anthropic.com)"
216.73.216.187 - - [05/Apr/2026:16:59:07 +0200] "GET /wp-content/uploads/2022/04/278571611_527682105389798_6082544812045960110_n-1024x580.jpg HTTP/1.1" 200 52801 "-" "Mozilla/5.0 AppleWebKit/537.36 (KHTML, like Gecko; compatible; ClaudeBot/1.0; +claudebot@anthropic.com)"
43.135.138.128 - - [05/Apr/2026:16:59:07 +0200] "GET / HTTP/1.1" 200 15157 "http://netvesti.com" "Mozilla/5.0 (iPhone; CPU iPhone OS 13_2_3 like Mac OS X) AppleWebKit/605.1.15 (KHTML, like Gecko) Version/13.0.3 Mobile/15E148 Safari/604.1"
209.25.232.215 - - [05/Apr/2026:16:59:08 +0200] "GET /ads.txt HTTP/1.1" 200 101 "-" "Centro Ads.txt Crawler/1.0"
216.73.216.187 - - [05/Apr/2026:16:59:09 +0200] "GET /wp-content/uploads/2023/05/340371816_1629380277529276_5319949456098986487_n-300x168.jpg HTTP/1.1" 200 10209 "-" "Mozilla/5.0 AppleWebKit/537.36 (KHTML, like Gecko; compatible; ClaudeBot/1.0; +claudebot@anthropic.com)"
216.73.216.187 - - [05/Apr/2026:16:59:09 +0200] "GET /wp-content/uploads/2021/02/galap-radev-s-pochti-doyno-po-visok-reyting-ot-borisov-Hbxcv-717x420.jpg HTTP/1.1" 200 37196 "-" "Mozilla/5.0 AppleWebKit/537.36 (KHTML, like Gecko; compatible; ClaudeBot/1.0; +claudebot@anthropic.com)"
209.25.232.227 - - [05/Apr/2026:16:59:09 +0200] "GET /ads.txt HTTP/1.1" 200 101 "-" "Centro Ads.txt Crawler/1.0"
216.73.216.187 - - [05/Apr/2026:16:59:09 +0200] "GET /wp-content/uploads/2023/08/368198109_6800592176658907_7657062113250077045_n-533x261.jpg HTTP/1.1" 200 32503 "-" "Mozilla/5.0 AppleWebKit/537.36 (KHTML, like Gecko; compatible; ClaudeBot/1.0; +claudebot@anthropic.com)"
216.73.216.187 - - [05/Apr/2026:16:59:10 +0200] "GET /wp-content/uploads/2021/04/big_169665338_10158046594972823_9098036873982427696_n6bf-150x150.jpg HTTP/1.1" 200 5084 "-" "Mozilla/5.0 AppleWebKit/537.36 (KHTML, like Gecko; compatible; ClaudeBot/1.0; +claudebot@anthropic.com)"
216.73.216.187 - - [05/Apr/2026:16:59:11 +0200] "GET /wp-content/uploads/2021/11/255080177_2991344474421109_44885618492583032_n-100x70.jpg HTTP/1.1" 200 3821 "-" "Mozilla/5.0 AppleWebKit/537.36 (KHTML, like Gecko; compatible; ClaudeBot/1.0; +claudebot@anthropic.com)"
216.73.216.187 - - [05/Apr/2026:16:59:11 +0200] "GET /wp-content/uploads/2023/01/324297087_1334144570653461_4619854826177106714_n-544x420.jpg HTTP/1.1" 200 59368 "-" "Mozilla/5.0 AppleWebKit/537.36 (KHTML, like Gecko; compatible; ClaudeBot/1.0; +claudebot@anthropic.com)"
216.73.216.187 - - [05/Apr/2026:16:59:12 +0200] "GET /wp-content/uploads/2020/12/131256272_226649812314481_8943227917002592230_o-696x502.jpg HTTP/1.1" 200 60579 "-" "Mozilla/5.0 AppleWebKit/537.36 (KHTML, like Gecko; compatible; ClaudeBot/1.0; +claudebot@anthropic.com)"
216.73.216.187 - - [05/Apr/2026:16:59:13 +0200] "GET /wp-content/uploads/2023/05/339248814_748333866734799_2741896109226961568_n-150x150.jpg HTTP/1.1" 200 5272 "-" "Mozilla/5.0 AppleWebKit/537.36 (KHTML, like Gecko; compatible; ClaudeBot/1.0; +claudebot@anthropic.com)"
216.73.216.187 - - [05/Apr/2026:16:59:14 +0200] "GET /wp-content/uploads/2020/11/32631938_1607888505973109_4089961321481633792_n-1-696x799-366x420.jpg HTTP/1.1" 200 29665 "-" "Mozilla/5.0 AppleWebKit/537.36 (KHTML, like Gecko; compatible; ClaudeBot/1.0; +claudebot@anthropic.com)"
2a03:2880:16ff:4a:: - - [05/Apr/2026:16:59:14 +0200] "GET /%D0%BD%D0%B5%D1%88%D0%BA%D0%B0-%D1%80%D0%BE%D0%B1%D0%B5%D0%B2%D0%B0-%D1%80%D0%B0%D0%B7%D0%BC%D0%B0%D0%B7%D0%B0-%D0%BD%D0%B0%D1%82%D0%BE-%D1%84%D0%B0%D1%88%D0%B8%D1%81%D1%82%D0%B8-%D0%B2-%D0%B9%D0%B5/?fbclid=IwZXh0bgNhZW0CMTEAc3J0YwZhcHBfaWQMMjU2MjgxMDQwNTU4AAEeg_kwrHbOBzJ_KAE8EvGhdwIjKluNtktVVacuAGrPyP-e1YVj66tYYLJuL58_aem_BLmZsxcURxn1N2MCxkzN6A HTTP/1.1" 200 33213 "-" "facebookexternalhit/1.1 (+http://www.facebook.com/externalhit_uatext.php)"
216.73.216.187 - - [05/Apr/2026:16:59:14 +0200] "GET /wp-content/uploads/2023/09/375137013_1019236806019784_4061386599156684559_n-960x580.jpg HTTP/1.1" 200 125278 "-" "Mozilla/5.0 AppleWebKit/537.36 (KHTML, like Gecko; compatible; ClaudeBot/1.0; +claudebot@anthropic.com)"
2a03:2880:24ff:6:: - - [05/Apr/2026:16:59:14 +0200] "GET /wp-content/uploads/2025/04/prof-ivo-hristov-sasht-kitaj-i-rusiya-shte-se-reshavat-badeshteto-na-sveta-356x220.jpg HTTP/1.1" 200 9914 "-" "facebookexternalhit/1.1 (+http://www.facebook.com/externalhit_uatext.php)"
2a03:2880:ff:53:: - - [05/Apr/2026:16:59:14 +0200] "GET /wp-content/uploads/2019/10/la-web-frente-a-internet-removebg-preview.png HTTP/1.1" 200 118906 "-" "facebookexternalhit/1.1 (+http://www.facebook.com/externalhit_uatext.php)"
2a03:2880:27ff:5:: - - [05/Apr/2026:16:59:15 +0200] "GET /wp-content/uploads/2021/07/980x551_1621945518-356x220.jpg HTTP/1.1" 200 11919 "-" "facebookexternalhit/1.1 (+http://www.facebook.com/externalhit_uatext.php)"
216.73.216.187 - - [05/Apr/2026:16:59:15 +0200] "GET /wp-content/uploads/2023/01/324180608_1827911887589416_4532474479412717232_n-544x420.jpg HTTP/1.1" 200 61975 "-" "Mozilla/5.0 AppleWebKit/537.36 (KHTML, like Gecko; compatible; ClaudeBot/1.0; +claudebot@anthropic.com)"
2a03:2880:16ff:9:: - - [05/Apr/2026:16:59:15 +0200] "GET /wp-content/uploads/2022/02/3434345-356x220.jpg HTTP/1.1" 200 13528 "-" "facebookexternalhit/1.1 (+http://www.facebook.com/externalhit_uatext.php)"
2a03:2880:16ff:5d:: - - [05/Apr/2026:16:59:15 +0200] "GET /wp-content/uploads/2021/07/980x551_1621945518-356x220.jpg HTTP/1.1" 200 11919 "-" "facebookexternalhit/1.1 (+http://www.facebook.com/externalhit_uatext.php)"
2a03:2880:16ff:45:: - - [05/Apr/2026:16:59:15 +0200] "GET /wp-content/uploads/2024/11/a2cc78437b76fc82ac015304f6f5618d-356x220.jpg HTTP/1.1" 200 12463 "-" "facebookexternalhit/1.1 (+http://www.facebook.com/externalhit_uatext.php)"
2a03:2880:16ff:41:: - - [05/Apr/2026:16:59:15 +0200] "GET /wp-content/uploads/2020/06/d0b8d0bcd183d0bdd0bed0bbd0bed0b3-d185d0bed180d0b0d182d0b0-d181-d0bad180d18ad0b2d0bdd0b0-d0b3d180d183d0bfd0b0-d0b0-d0bfd180d0b5d0bad0b0-356x220.jpg HTTP/1.1" 200 10397 "-" "facebookexternalhit/1.1 (+http://www.facebook.com/externalhit_uatext.php)"
216.73.216.187 - - [05/Apr/2026:16:59:16 +0200] "GET /wp-content/uploads/2021/07/sled-signal-na-balgarsko-lato-e-arestuvan-maj-za-targovia-s-glasove-1-300x178.jpg HTTP/1.1" 200 12159 "-" "Mozilla/5.0 AppleWebKit/537.36 (KHTML, like Gecko; compatible; ClaudeBot/1.0; +claudebot@anthropic.com)"
216.73.216.187 - - [05/Apr/2026:16:59:16 +0200] "GET /wp-content/uploads/2023/08/368198109_6800592176658907_7657062113250077045_n-150x150.jpg HTTP/1.1" 200 8121 "-" "Mozilla/5.0 AppleWebKit/537.36 (KHTML, like Gecko; compatible; ClaudeBot/1.0; +claudebot@anthropic.com)"
216.73.216.187 - - [05/Apr/2026:16:59:17 +0200] "GET /wp-content/uploads/2024/03/284928230_566843631497362_1792071228358365717_n-300x297.jpg HTTP/1.1" 200 17432 "-" "Mozilla/5.0 AppleWebKit/537.36 (KHTML, like Gecko; compatible; ClaudeBot/1.0; +claudebot@anthropic.com)"
216.73.216.187 - - [05/Apr/2026:16:59:17 +0200] "GET /wp-content/uploads/2023/09/375137013_1019236806019784_4061386599156684559_n-356x364.jpg HTTP/1.1" 200 37615 "-" "Mozilla/5.0 AppleWebKit/537.36 (KHTML, like Gecko; compatible; ClaudeBot/1.0; +claudebot@anthropic.com)"
216.73.216.187 - - [05/Apr/2026:16:59:18 +0200] "GET /wp-content/uploads/2023/01/324438737_540560171467829_3093282591402784282_n-356x220.jpg HTTP/1.1" 200 21831 "-" "Mozilla/5.0 AppleWebKit/537.36 (KHTML, like Gecko; compatible; ClaudeBot/1.0; +claudebot@anthropic.com)"
216.73.216.187 - - [05/Apr/2026:16:59:18 +0200] "GET /wp-content/uploads/2025/05/330379929_1891255964550695_6925714512529119280_n-1068x1068.jpg HTTP/1.1" 200 103591 "-" "Mozilla/5.0 AppleWebKit/537.36 (KHTML, like Gecko; compatible; ClaudeBot/1.0; +claudebot@anthropic.com)"
216.73.216.187 - - [05/Apr/2026:16:59:18 +0200] "GET /wp-content/uploads/2020/11/big_124557085_1462184327313879_4585082857600186593_n-533x261.jpg HTTP/1.1" 200 31841 "-" "Mozilla/5.0 AppleWebKit/537.36 (KHTML, like Gecko; compatible; ClaudeBot/1.0; +claudebot@anthropic.com)"
216.73.216.187 - - [05/Apr/2026:16:59:19 +0200] "GET /wp-content/uploads/2023/01/324438737_540560171467829_3093282591402784282_n-300x232.jpg HTTP/1.1" 200 21909 "-" "Mozilla/5.0 AppleWebKit/537.36 (KHTML, like Gecko; compatible; ClaudeBot/1.0; +claudebot@anthropic.com)"
216.73.216.187 - - [05/Apr/2026:16:59:20 +0200] "GET /wp-content/uploads/2022/12/44946594_1395294103937644_6807682567576223744_n-324x235.jpg HTTP/1.1" 200 18579 "-" "Mozilla/5.0 AppleWebKit/537.36 (KHTML, like Gecko; compatible; ClaudeBot/1.0; +claudebot@anthropic.com)"
216.73.216.187 - - [05/Apr/2026:16:59:20 +0200] "GET /wp-content/uploads/2023/11/12670075_1085562688155757_6013150064028668372_n-100x70.jpg HTTP/1.1" 200 2485 "-" "Mozilla/5.0 AppleWebKit/537.36 (KHTML, like Gecko; compatible; ClaudeBot/1.0; +claudebot@anthropic.com)"
216.73.216.187 - - [05/Apr/2026:16:59:21 +0200] "GET /wp-content/uploads/2022/06/288134514_10216982988366009_7691956892702895997_n-80x60.jpg HTTP/1.1" 200 2020 "-" "Mozilla/5.0 AppleWebKit/537.36 (KHTML, like Gecko; compatible; ClaudeBot/1.0; +claudebot@anthropic.com)"
2a03:2880:18ff:: - - [05/Apr/2026:16:59:21 +0200] "GET /%d0%bd%d0%b5%d1%88%d0%ba%d0%b0-%d1%80%d0%be%d0%b1%d0%b5%d0%b2%d0%b0-%d1%80%d0%b0%d0%b7%d0%bc%d0%b0%d0%b7%d0%b0-%d0%bd%d0%b0%d1%82%d0%be-%d1%84%d0%b0%d1%88%d0%b8%d1%81%d1%82%d0%b8-%d0%b2-%d0%b9%d0%b5/ HTTP/1.1" 200 33989 "-" "facebookexternalhit/1.1 (+http://www.facebook.com/externalhit_uatext.php)"
2a03:2880:2ff:5:: - - [05/Apr/2026:16:59:21 +0200] "GET /wp-content/uploads/2025/04/prof-ivo-hristov-sasht-kitaj-i-rusiya-shte-se-reshavat-badeshteto-na-sveta-356x220.jpg HTTP/1.1" 200 9914 "-" "facebookexternalhit/1.1 (+http://www.facebook.com/externalhit_uatext.php)"
2a03:2880:2ff:5f:: - - [05/Apr/2026:16:59:21 +0200] "GET /wp-content/uploads/2022/04/neshka-robeva_600x400.jpg HTTP/1.1" 200 27970 "-" "facebookexternalhit/1.1 (+http://www.facebook.com/externalhit_uatext.php)"
2a03:2880:15ff:72:: - - [05/Apr/2026:16:59:21 +0200] "GET /wp-content/uploads/2022/02/3434345-356x220.jpg HTTP/1.1" 200 13528 "-" "facebookexternalhit/1.1 (+http://www.facebook.com/externalhit_uatext.php)"
2a03:2880:2ff:53:: - - [05/Apr/2026:16:59:21 +0200] "GET /wp-content/uploads/2024/11/a2cc78437b76fc82ac015304f6f5618d-356x220.jpg HTTP/1.1" 200 12463 "-" "facebookexternalhit/1.1 (+http://www.facebook.com/externalhit_uatext.php)"
216.73.216.187 - - [05/Apr/2026:16:59:21 +0200] "GET /wp-content/uploads/2022/04/278571611_527682105389798_6082544812045960110_n-265x198.jpg HTTP/1.1" 200 10797 "-" "Mozilla/5.0 AppleWebKit/537.36 (KHTML, like Gecko; compatible; ClaudeBot/1.0; +claudebot@anthropic.com)"
216.73.216.187 - - [05/Apr/2026:16:59:21 +0200] "GET /wp-content/uploads/2023/01/324445858_636926961568138_154237802309766635_n-544x420.jpg HTTP/1.1" 200 60551 "-" "Mozilla/5.0 AppleWebKit/537.36 (KHTML, like Gecko; compatible; ClaudeBot/1.0; +claudebot@anthropic.com)"
216.73.216.187 - - [05/Apr/2026:16:59:22 +0200] "GET /wp-content/uploads/2019/02/17f0832c1d9255aabdbc9b192794f709_680x_nanowires_160420_01_sz_small-768x519-324x235.jpg HTTP/1.1" 200 10189 "-" "Mozilla/5.0 AppleWebKit/537.36 (KHTML, like Gecko; compatible; ClaudeBot/1.0; +claudebot@anthropic.com)"
216.73.216.187 - - [05/Apr/2026:16:59:22 +0200] "GET /wp-content/uploads/2020/11/big_124557085_1462184327313879_4585082857600186593_n-218x150.jpg HTTP/1.1" 200 10082 "-" "Mozilla/5.0 AppleWebKit/537.36 (KHTML, like Gecko; compatible; ClaudeBot/1.0; +claudebot@anthropic.com)"
2a03:2880:13ff:71:: - - [05/Apr/2026:16:59:22 +0200] "GET /%D0%BD%D0%B5%D1%88%D0%BA%D0%B0-%D1%80%D0%BE%D0%B1%D0%B5%D0%B2%D0%B0-%D1%80%D0%B0%D0%B7%D0%BC%D0%B0%D0%B7%D0%B0-%D0%BD%D0%B0%D1%82%D0%BE-%D1%84%D0%B0%D1%88%D0%B8%D1%81%D1%82%D0%B8-%D0%B2-%D0%B9%D0%B5/?fbclid=IwZXh0bgNhZW0CMTEAc3J0YwZhcHBfaWQMMjU2MjgxMDQwNTU4AAEeDrSBiZpKFea2Xxe-se1e1t3_IKUeUBR7cokgCshdwt1U_wavQlaULZmCzwo_aem_wmBuZHRpVr8lP2yvA4clMA HTTP/1.1" 200 33254 "-" "facebookexternalhit/1.1 (+http://www.facebook.com/externalhit_uatext.php)"
2a03:2880:11ff:70:: - - [05/Apr/2026:16:59:23 +0200] "GET /%D0%BD%D0%B5%D1%88%D0%BA%D0%B0-%D1%80%D0%BE%D0%B1%D0%B5%D0%B2%D0%B0-%D1%80%D0%B0%D0%B7%D0%BC%D0%B0%D0%B7%D0%B0-%D0%BD%D0%B0%D1%82%D0%BE-%D1%84%D0%B0%D1%88%D0%B8%D1%81%D1%82%D0%B8-%D0%B2-%D0%B9%D0%B5/?fbclid=IwZXh0bgNhZW0CMTEAc3J0YwZhcHBfaWQMMjU2MjgxMDQwNTU4AAEeI8Uot5LC9xa04pjzm0cQAmVn5U5W3nJNSEr7amSfLg7t4RSNXZ-WrfZu8xo_aem_symbi0eYPJH1j3Jxq_Qvag HTTP/1.1" 200 33110 "-" "facebookexternalhit/1.1 (+http://www.facebook.com/externalhit_uatext.php)"
2a03:2880:32ff:2:: - - [05/Apr/2026:16:59:23 +0200] "GET /wp-content/uploads/2019/10/la-web-frente-a-internet-removebg-preview.png HTTP/1.1" 200 118906 "-" "facebookexternalhit/1.1 (+http://www.facebook.com/externalhit_uatext.php)"
2a03:2880:2ff:41:: - - [05/Apr/2026:16:59:23 +0200] "GET /wp-content/uploads/2020/04/d0bdd18e-d0b9d0bed180d0ba-d181d182d0b0d0bdd0b0-d0bfd18ad180d0b2d0b5d0bdd0b5d186-d0bfd0be-d0b7d0b0d180d0b0d0b7d0b5d0bdd0b8-d0b2-d181d0b2-356x220.jpg HTTP/1.1" 200 17448 "-" "facebookexternalhit/1.1 (+http://www.facebook.com/externalhit_uatext.php)"
216.73.216.187 - - [05/Apr/2026:16:59:23 +0200] "GET /wp-content/uploads/2024/08/456926456_1038531950971475_3025694591155539170_n-696x385.jpg HTTP/1.1" 200 54121 "-" "Mozilla/5.0 AppleWebKit/537.36 (KHTML, like Gecko; compatible; ClaudeBot/1.0; +claudebot@anthropic.com)"
2a03:2880:2ff:41:: - - [05/Apr/2026:16:59:23 +0200] "GET /wp-content/uploads/2023/06/deputati-356x220.jpg HTTP/1.1" 200 25289 "-" "facebookexternalhit/1.1 (+http://www.facebook.com/externalhit_uatext.php)"
2a03:2880:22ff:73:: - - [05/Apr/2026:16:59:23 +0200] "GET /wp-content/uploads/2020/06/d180d0b7d0b8-d0b2d0bed0b4d0b0d182d0b0-d0b2-d0b4d0bed0b1d180d0b8d187-d0b5-d0bcd18ad182d0bdd0b0-d0bdd0b5-d0b5-d0b3d0bed0b4d0bdd0b0-d0b7-356x220.jpg HTTP/1.1" 200 9018 "-" "facebookexternalhit/1.1 (+http://www.facebook.com/externalhit_uatext.php)"
2a03:2880:15ff:40:: - - [05/Apr/2026:16:59:23 +0200] "GET /wp-content/uploads/2019/11/d183d0b4d0b0d180-d0b2-d0b8d181d0bfd0b0d0bdd0b8d18f-d181d0bfd0b8d0bfd0b0d185d0b0-2-d182d0bed0bdd0b0-d0bad0bed0bad0b0d0b8d0bd-d0b2-d0bf-356x220.jpg HTTP/1.1" 200 23026 "-" "facebookexternalhit/1.1 (+http://www.facebook.com/externalhit_uatext.php)"
2a03:2880:22ff:45:: - - [05/Apr/2026:16:59:23 +0200] "GET /%D0%BD%D0%B5%D1%88%D0%BA%D0%B0-%D1%80%D0%BE%D0%B1%D0%B5%D0%B2%D0%B0-%D1%80%D0%B0%D0%B7%D0%BC%D0%B0%D0%B7%D0%B0-%D0%BD%D0%B0%D1%82%D0%BE-%D1%84%D0%B0%D1%88%D0%B8%D1%81%D1%82%D0%B8-%D0%B2-%D0%B9%D0%B5/?fbclid=IwZXh0bgNhZW0CMTEAc3J0YwZhcHBfaWQMMjU2MjgxMDQwNTU4AAEeShwmfEmJTvjxonGBSLxS4QhGAQKVYhV7EassCVAdQDbwdcmyrKDMgTt6lp4_aem_apOVSPfqdRO4z4kPJu80Kg HTTP/1.1" 200 33168 "-" "facebookexternalhit/1.1 (+http://www.facebook.com/externalhit_uatext.php)"
2a03:2880:16ff:43:: - - [05/Apr/2026:16:59:23 +0200] "GET /wp-content/uploads/2024/09/pensii-356x220.jpg HTTP/1.1" 200 21665 "-" "facebookexternalhit/1.1 (+http://www.facebook.com/externalhit_uatext.php)"
2a03:2880:2ff:71:: - - [05/Apr/2026:16:59:23 +0200] "GET /wp-content/uploads/2021/05/screenshot614025-750x375-356x220.jpg HTTP/1.1" 200 17249 "-" "facebookexternalhit/1.1 (+http://www.facebook.com/externalhit_uatext.php)"
2a03:2880:18ff:: - - [05/Apr/2026:16:59:24 +0200] "GET /wp-content/uploads/2023/06/deputati-356x220.jpg HTTP/1.1" 200 25289 "-" "facebookexternalhit/1.1 (+http://www.facebook.com/externalhit_uatext.php)"
