216.73.216.187 - - [05/Apr/2026:14:35:45 +0200] "GET /wp-content/plugins/jetpack/modules/comments/?C=S&O=A HTTP/1.1" 200 351 "-" "Mozilla/5.0 AppleWebKit/537.36 (KHTML, like Gecko; compatible; ClaudeBot/1.0; +claudebot@anthropic.com)"
216.73.216.187 - - [05/Apr/2026:14:35:45 +0200] "GET /wp-content/plugins/jetpack/modules/comments/?C=D&O=A HTTP/1.1" 200 351 "-" "Mozilla/5.0 AppleWebKit/537.36 (KHTML, like Gecko; compatible; ClaudeBot/1.0; +claudebot@anthropic.com)"
216.73.216.187 - - [05/Apr/2026:14:35:46 +0200] "GET /wp-content/plugins/jetpack/modules/comments/?C=M&O=A HTTP/1.1" 200 352 "-" "Mozilla/5.0 AppleWebKit/537.36 (KHTML, like Gecko; compatible; ClaudeBot/1.0; +claudebot@anthropic.com)"
216.73.216.187 - - [05/Apr/2026:14:35:46 +0200] "GET /wp-content/plugins/jetpack/modules/comments/?C=N&O=D HTTP/1.1" 200 348 "-" "Mozilla/5.0 AppleWebKit/537.36 (KHTML, like Gecko; compatible; ClaudeBot/1.0; +claudebot@anthropic.com)"
216.73.216.187 - - [05/Apr/2026:14:35:47 +0200] "GET /wp-content/plugins/jetpack/modules/comments/base.php HTTP/1.1" 200 0 "-" "Mozilla/5.0 AppleWebKit/537.36 (KHTML, like Gecko; compatible; ClaudeBot/1.0; +claudebot@anthropic.com)"
216.73.216.187 - - [05/Apr/2026:14:35:47 +0200] "GET /wp-content/plugins/jetpack/modules/comments/comments.php HTTP/1.1" 500 0 "-" "Mozilla/5.0 AppleWebKit/537.36 (KHTML, like Gecko; compatible; ClaudeBot/1.0; +claudebot@anthropic.com)"
216.73.216.187 - - [05/Apr/2026:14:35:48 +0200] "GET /wp-content/plugins/jetpack/modules/comments/admin.php HTTP/1.1" 500 0 "-" "Mozilla/5.0 AppleWebKit/537.36 (KHTML, like Gecko; compatible; ClaudeBot/1.0; +claudebot@anthropic.com)"
216.73.216.187 - - [05/Apr/2026:14:35:48 +0200] "GET /wp-content/plugins/jetpack/modules/comments.php HTTP/1.1" 500 0 "-" "Mozilla/5.0 AppleWebKit/537.36 (KHTML, like Gecko; compatible; ClaudeBot/1.0; +claudebot@anthropic.com)"
216.73.216.187 - - [05/Apr/2026:14:35:49 +0200] "GET /wp-content/plugins/jetpack/modules/debug.php HTTP/1.1" 200 0 "-" "Mozilla/5.0 AppleWebKit/537.36 (KHTML, like Gecko; compatible; ClaudeBot/1.0; +claudebot@anthropic.com)"
137.59.147.98 - - [05/Apr/2026:14:35:49 +0200] "GET /wp-content/plugins/jetpack/json-endpoints/class.wpcom-json-api-bulk-update-comments-endpoint.php HTTP/1.1" 500 0 "https://netvesti.com/" "Mozilla/5.0 (X11; CrOS x86_64 14541.0.0) AppleWebKit/537.36 (KHTML, like Gecko) Chrome/134.0.0.0 Safari/537.36"
216.244.66.232 - - [05/Apr/2026:14:35:55 +0200] "GET /%D0%B5%D0%B4%D0%B8%D0%BD-%D1%84%D0%B0%D0%BB%D0%B8%D1%80%D0%B0%D0%BB-%D1%80%D0%B5%D0%B4%D0%BE%D0%B2%D0%B5%D0%BD-%D0%BA%D0%B0%D0%B1%D0%B8%D0%BD%D0%B5%D1%82-%D0%B4%D0%B0-%D0%BF%D1%80%D0%BE%D0%B4%D1%8A/ HTTP/1.1" 200 49576 "-" "Mozilla/5.0 (compatible; DotBot/1.2; +https://opensiteexplorer.org/dotbot; help@moz.com)"
216.73.216.187 - - [05/Apr/2026:14:35:59 +0200] "GET /wp-content/uploads/2021/01/bogomil-bonev-e1486837869626-300x169.jpeg HTTP/1.1" 200 11314 "-" "Mozilla/5.0 AppleWebKit/537.36 (KHTML, like Gecko; compatible; ClaudeBot/1.0; +claudebot@anthropic.com)"
216.73.216.187 - - [05/Apr/2026:14:35:59 +0200] "GET /wp-content/uploads/2021/10/fwefwef-696x385.jpg HTTP/1.1" 200 19189 "-" "Mozilla/5.0 AppleWebKit/537.36 (KHTML, like Gecko; compatible; ClaudeBot/1.0; +claudebot@anthropic.com)"
216.73.216.187 - - [05/Apr/2026:14:36:00 +0200] "GET /wp-content/uploads/2021/02/mangarov-1-1-300x169.jpeg HTTP/1.1" 200 12482 "-" "Mozilla/5.0 AppleWebKit/537.36 (KHTML, like Gecko; compatible; ClaudeBot/1.0; +claudebot@anthropic.com)"
216.73.216.187 - - [05/Apr/2026:14:36:00 +0200] "GET /wp-content/uploads/2021/04/radev-reeg-265x198.jpeg HTTP/1.1" 200 11177 "-" "Mozilla/5.0 AppleWebKit/537.36 (KHTML, like Gecko; compatible; ClaudeBot/1.0; +claudebot@anthropic.com)"
216.73.216.187 - - [05/Apr/2026:14:36:01 +0200] "GET /wp-content/uploads/2021/09/hjer-534x430.jpg HTTP/1.1" 200 27749 "-" "Mozilla/5.0 AppleWebKit/537.36 (KHTML, like Gecko; compatible; ClaudeBot/1.0; +claudebot@anthropic.com)"
216.73.216.187 - - [05/Apr/2026:14:36:02 +0200] "GET /wp-content/uploads/2021/06/radev-100x70.jpg HTTP/1.1" 502 150 "-" "Mozilla/5.0 AppleWebKit/537.36 (KHTML, like Gecko; compatible; ClaudeBot/1.0; +claudebot@anthropic.com)"
216.73.216.187 - - [05/Apr/2026:14:36:02 +0200] "GET /wp-content/uploads/2024/09/big_1-265x198.jpeg HTTP/1.1" 502 150 "-" "Mozilla/5.0 AppleWebKit/537.36 (KHTML, like Gecko; compatible; ClaudeBot/1.0; +claudebot@anthropic.com)"
216.73.216.187 - - [05/Apr/2026:14:36:03 +0200] "GET /wp-content/uploads/2020/08/?C=M&O=D HTTP/1.1" 200 9807 "-" "Mozilla/5.0 AppleWebKit/537.36 (KHTML, like Gecko; compatible; ClaudeBot/1.0; +claudebot@anthropic.com)"
216.73.216.187 - - [05/Apr/2026:14:36:03 +0200] "GET /wp-content/uploads/2022/06/Rumen-Radev-01-300x165.jpg HTTP/1.1" 200 10460 "-" "Mozilla/5.0 AppleWebKit/537.36 (KHTML, like Gecko; compatible; ClaudeBot/1.0; +claudebot@anthropic.com)"
216.73.216.187 - - [05/Apr/2026:14:36:03 +0200] "GET /wp-content/uploads/2024/09/big_1-356x364.jpeg HTTP/1.1" 200 26186 "-" "Mozilla/5.0 AppleWebKit/537.36 (KHTML, like Gecko; compatible; ClaudeBot/1.0; +claudebot@anthropic.com)"
216.73.216.187 - - [05/Apr/2026:14:36:04 +0200] "GET /wp-content/uploads/2022/02/Rumen-Radev-1-265x198.jpg HTTP/1.1" 200 8636 "-" "Mozilla/5.0 AppleWebKit/537.36 (KHTML, like Gecko; compatible; ClaudeBot/1.0; +claudebot@anthropic.com)"
216.73.216.187 - - [05/Apr/2026:14:36:16 +0200] "GET /wp-content/uploads/2021/03/putin-thrt-80x60.jpg HTTP/1.1" 200 2672 "-" "Mozilla/5.0 AppleWebKit/537.36 (KHTML, like Gecko; compatible; ClaudeBot/1.0; +claudebot@anthropic.com)"
216.73.216.187 - - [05/Apr/2026:14:36:17 +0200] "GET /wp-content/uploads/2024/01/fwef-wefg-265x198.jpeg HTTP/1.1" 200 13210 "-" "Mozilla/5.0 AppleWebKit/537.36 (KHTML, like Gecko; compatible; ClaudeBot/1.0; +claudebot@anthropic.com)"
216.73.216.187 - - [05/Apr/2026:14:36:17 +0200] "GET /wp-content/uploads/2022/08/fdfdg-100x70.jpg HTTP/1.1" 200 3291 "-" "Mozilla/5.0 AppleWebKit/537.36 (KHTML, like Gecko; compatible; ClaudeBot/1.0; +claudebot@anthropic.com)"
216.73.216.187 - - [05/Apr/2026:14:36:18 +0200] "GET /wp-content/uploads/2021/05/pulev-741x486.jpg HTTP/1.1" 200 33947 "-" "Mozilla/5.0 AppleWebKit/537.36 (KHTML, like Gecko; compatible; ClaudeBot/1.0; +claudebot@anthropic.com)"
216.73.216.187 - - [05/Apr/2026:14:36:18 +0200] "GET /wp-content/uploads/2022/06/radev-dsfsd-534x345.jpeg HTTP/1.1" 200 18497 "-" "Mozilla/5.0 AppleWebKit/537.36 (KHTML, like Gecko; compatible; ClaudeBot/1.0; +claudebot@anthropic.com)"
216.73.216.187 - - [05/Apr/2026:14:36:19 +0200] "GET /wp-content/uploads/2021/01/Ivan-Bakalov-356x364.jpeg HTTP/1.1" 200 18035 "-" "Mozilla/5.0 AppleWebKit/537.36 (KHTML, like Gecko; compatible; ClaudeBot/1.0; +claudebot@anthropic.com)"
216.73.216.187 - - [05/Apr/2026:14:36:20 +0200] "GET /wp-content/uploads/2021/07/big_Untitled-696x368.jpg HTTP/1.1" 200 27282 "-" "Mozilla/5.0 AppleWebKit/537.36 (KHTML, like Gecko; compatible; ClaudeBot/1.0; +claudebot@anthropic.com)"
216.73.216.187 - - [05/Apr/2026:14:36:20 +0200] "GET /wp-content/uploads/2020/10/63_protest-150x150.png HTTP/1.1" 200 39013 "-" "Mozilla/5.0 AppleWebKit/537.36 (KHTML, like Gecko; compatible; ClaudeBot/1.0; +claudebot@anthropic.com)"
216.73.216.187 - - [05/Apr/2026:14:36:21 +0200] "GET /wp-content/uploads/2021/03/maria-trhtr-768x483.jpeg HTTP/1.1" 200 37543 "-" "Mozilla/5.0 AppleWebKit/537.36 (KHTML, like Gecko; compatible; ClaudeBot/1.0; +claudebot@anthropic.com)"
216.73.216.187 - - [05/Apr/2026:14:36:21 +0200] "GET /wp-content/uploads/2021/01/grgregr-80x60.jpg HTTP/1.1" 200 2114 "-" "Mozilla/5.0 AppleWebKit/537.36 (KHTML, like Gecko; compatible; ClaudeBot/1.0; +claudebot@anthropic.com)"
216.244.66.232 - - [05/Apr/2026:14:36:29 +0200] "GET /%D0%B2%D0%B8%D1%82%D0%B0%D0%BD%D0%BE%D0%B2-%D1%81%D1%82%D0%B8%D0%B3%D0%BD%D0%B5%D0%BC-%D0%BB%D0%B8-2000-%D1%81%D0%BB%D1%83%D1%87%D0%B0%D1%8F-%D0%BD%D0%B0-%D0%BA-19-%D0%B4%D0%BD%D0%B5%D0%B2%D0%BD/ HTTP/1.1" 200 20994 "-" "Mozilla/5.0 (compatible; DotBot/1.2; +https://opensiteexplorer.org/dotbot; help@moz.com)"
198.244.242.66 - - [05/Apr/2026:14:36:30 +0200] "GET /tag/%D0%BC%D0%B0%D1%80%D0%B8%D0%B0%D0%BD%D0%B0-%D0%BF%D0%BE%D0%BF%D0%BE%D0%B2%D0%B0-%D0%B8%D0%B7%D1%80%D0%B8%D0%B3%D0%BD%D0%B0-%D0%BF%D0%BE-%D0%BD%D0%BE%D0%B2%D0%B0-%D0%BF%D0%BB%D0%B0%D1%87%D0%BA%D0%BE/page/5/ HTTP/1.1" 200 16789 "-" "Mozilla/5.0 (compatible; AhrefsBot/7.0; +http://ahrefs.com/robot/)"
216.244.66.232 - - [05/Apr/2026:14:36:34 +0200] "GET /%D1%80%D0%B5%D1%86%D0%B5%D0%BF%D1%82%D0%B0%D1%82%D0%B0-dnes-%D0%B3%D0%BB%D0%B0%D0%B7%D1%83%D1%80%D0%B0-%D0%BE%D1%82-%D1%8F%D0%B3%D0%BE%D0%B4%D0%B8-%D0%B7%D0%B0-%D0%BC%D1%8A%D1%84%D0%B8%D0%BD%D0%B8/ HTTP/1.1" 200 25178 "-" "Mozilla/5.0 (compatible; DotBot/1.2; +https://opensiteexplorer.org/dotbot; help@moz.com)"
216.244.66.232 - - [05/Apr/2026:14:36:39 +0200] "GET /%D1%85%D1%8A%D1%80%D0%B2%D0%B0%D1%82%D1%81%D0%BA%D0%B8%D1%8F%D1%82-%D0%BF%D1%80%D0%B5%D0%B7%D0%B8%D0%B4%D0%B5%D0%BD%D1%82-%D0%B8-%D1%80%D1%83%D0%BC%D0%B5%D0%BD-%D1%80%D0%B0%D0%B4%D0%B5%D0%B2-%D0%BA/ HTTP/1.1" 200 23914 "-" "Mozilla/5.0 (compatible; DotBot/1.2; +https://opensiteexplorer.org/dotbot; help@moz.com)"
17.241.227.187 - - [05/Apr/2026:14:36:41 +0200] "GET /tag/%d1%82%d0%b0%d1%82%d1%8f%d0%bd%d0%b0-%d0%b4%d0%be%d0%bd%d1%87%d0%b5%d0%b2%d0%b0-%d1%81%d0%bb%d1%83%d0%b3%d0%b8%d1%82%d0%b5-%d0%bd%d0%b0-%d0%b3%d0%b5%d1%80%d0%b1-%d1%82%d1%80%d1%8f%d0%b1%d0%b2%d0%b0/ HTTP/1.1" 200 13805 "-" "Mozilla/5.0 (Macintosh; Intel Mac OS X 10_15_7) AppleWebKit/605.1.15 (KHTML, like Gecko) Version/17.4 Safari/605.1.15 (Applebot/0.1; +http://www.apple.com/go/applebot)"
116.179.32.160 - - [05/Apr/2026:14:36:52 +0200] "GET /wp-content/uploads/2022/08/gerge-324x160.jpg HTTP/1.1" 200 5889 "-" "Baiduspider-image+(+http://www.baidu.com/search/spider.htm)"
52.167.144.192 - - [05/Apr/2026:14:36:59 +0200] "GET /tag/%D0%BD%D1%8F%D0%BC%D0%B0-%D1%83%D1%81%D0%BB%D0%BE%D0%B2%D0%B8%D1%8F-%D0%B7%D0%B0-%D0%BC%D0%BE%D1%8F-%D0%B2%D0%B8%D0%B7%D0%B8%D1%82%D0%B0-%D0%BF%D1%80%D0%B8-%D0%BC%D0%B0%D0%BA%D1%80%D0%BE%D0%BD/page/2/ HTTP/1.1" 200 16540 "-" "Mozilla/5.0 AppleWebKit/537.36 (KHTML, like Gecko; compatible; bingbot/2.0; +http://www.bing.com/bingbot.htm) Chrome/116.0.1938.76 Safari/537.36"
52.167.144.192 - - [05/Apr/2026:14:37:00 +0200] "GET /tag/prevnar/ HTTP/1.1" 200 13729 "-" "Mozilla/5.0 AppleWebKit/537.36 (KHTML, like Gecko; compatible; bingbot/2.0; +http://www.bing.com/bingbot.htm) Chrome/116.0.1938.76 Safari/537.36"
216.244.66.232 - - [05/Apr/2026:14:37:02 +0200] "GET /%D0%B2%D0%BB%D0%B0%D0%B4%D0%B8%D0%BC%D0%B8%D1%80-%D0%BF%D1%83%D1%82%D0%B8%D0%BD-%D1%80%D1%83%D1%81%D0%B8%D1%8F-%D1%89%D0%B5-%D0%BD%D0%B0%D0%BF%D1%80%D0%B0%D0%B2%D0%B8-%D0%B1%D1%8A%D0%BB%D0%B3%D0%B0/ HTTP/1.1" 200 12176 "-" "Mozilla/5.0 (compatible; DotBot/1.2; +https://opensiteexplorer.org/dotbot; help@moz.com)"
216.244.66.232 - - [05/Apr/2026:14:37:08 +0200] "GET /%D0%B9%D0%BE%D1%82%D0%BE%D0%B2%D0%B0-%D0%B4%D0%B5%D0%BD%D0%BA%D0%BE%D0%B2-%D0%BD%D0%B0%D0%BF%D1%80%D0%B0%D0%B2%D0%B8-%D0%B3%D0%B0%D1%84-%D0%B3%D0%B0%D0%B1%D1%80%D0%B8%D0%B5%D0%BB-%D0%B5-%D0%B4%D0%BE/ HTTP/1.1" 200 35867 "-" "Mozilla/5.0 (compatible; DotBot/1.2; +https://opensiteexplorer.org/dotbot; help@moz.com)"
52.167.144.180 - - [05/Apr/2026:14:37:11 +0200] "GET /%D0%BA%D1%80%D0%B0%D0%B9-%D0%BD%D0%B0-%D1%87%D0%B0%D0%BA%D0%B0%D0%BD%D0%B5%D1%82%D0%BE-%D1%81%D1%82%D0%B0%D0%BD%D0%B0-%D1%8F%D1%81%D0%BD%D0%BE-%D1%80%D0%B0%D0%B4%D0%B5%D0%B2-%D0%B2%D0%BB%D0%B8%D0%B7/ HTTP/1.1" 200 45235 "-" "Mozilla/5.0 AppleWebKit/537.36 (KHTML, like Gecko; compatible; bingbot/2.0; +http://www.bing.com/bingbot.htm) Chrome/116.0.1938.76 Safari/537.36"
52.167.144.180 - - [05/Apr/2026:14:37:12 +0200] "GET /%D1%82%D1%8A%D0%B6%D0%BD%D0%B0-%D0%B2%D0%B5%D1%81%D1%82-%D1%80%D1%83%D1%81%D0%B5-%D1%81%D0%B5-%D1%81%D0%B1%D0%BE%D0%B3%D1%83%D0%B2%D0%B0-%D1%81-%D0%B5%D0%B4%D0%B8%D0%BD-%D1%84%D0%B0%D0%BD%D1%82%D0%B0/ HTTP/1.1" 200 19173 "-" "Mozilla/5.0 AppleWebKit/537.36 (KHTML, like Gecko; compatible; bingbot/2.0; +http://www.bing.com/bingbot.htm) Chrome/116.0.1938.76 Safari/537.36"
52.167.144.180 - - [05/Apr/2026:14:37:14 +0200] "GET /%D0%B1%D0%BE%D0%B9%D0%BA%D0%BE-%D1%80%D0%B0%D1%88%D0%BA%D0%BE%D0%B2-%D1%85%D0%B2%D1%8A%D1%80%D0%BB%D0%B8-%D0%B1%D0%BE%D0%BC%D0%B1%D0%B0-%D0%BC%D0%B2%D1%80-%D0%B8%D0%BC%D0%B0-%D0%BC%D0%BD%D0%BE%D0%B3/ HTTP/1.1" 200 37002 "-" "Mozilla/5.0 AppleWebKit/537.36 (KHTML, like Gecko; compatible; bingbot/2.0; +http://www.bing.com/bingbot.htm) Chrome/116.0.1938.76 Safari/537.36"
52.167.144.180 - - [05/Apr/2026:14:37:15 +0200] "GET /tag/o%D1%82%D0%BDo%D1%88e%D0%BD%D0%B8%D1%8F-c-pyc%D0%B8%D1%8F/ HTTP/1.1" 200 16126 "-" "Mozilla/5.0 AppleWebKit/537.36 (KHTML, like Gecko; compatible; bingbot/2.0; +http://www.bing.com/bingbot.htm) Chrome/116.0.1938.76 Safari/537.36"
52.167.144.180 - - [05/Apr/2026:14:37:16 +0200] "GET /tag/%D0%BC%D0%B8%D1%81%D1%8A%D0%BB%D1%82%D0%B0/ HTTP/1.1" 200 13458 "-" "Mozilla/5.0 AppleWebKit/537.36 (KHTML, like Gecko; compatible; bingbot/2.0; +http://www.bing.com/bingbot.htm) Chrome/116.0.1938.76 Safari/537.36"
52.167.144.180 - - [05/Apr/2026:14:37:17 +0200] "GET /tag/%D0%B7%D0%B0%D1%8F%D0%B2%D0%B8-%D0%B4%D1%8A%D1%80%D0%B6%D0%B0%D0%B2%D0%BD%D0%B8%D1%8F%D1%82-%D0%B3%D0%BB%D0%B0%D0%B2%D0%B0/ HTTP/1.1" 200 13572 "-" "Mozilla/5.0 AppleWebKit/537.36 (KHTML, like Gecko; compatible; bingbot/2.0; +http://www.bing.com/bingbot.htm) Chrome/116.0.1938.76 Safari/537.36"
198.244.240.97 - - [05/Apr/2026:14:37:18 +0200] "GET /tag/%D0%B1%D1%8A%D0%BB%D0%B3%D0%B0%D1%80%D0%B8%D1%8F-%D0%B1%D0%B5%D0%B7%D1%80%D0%B0%D0%B7%D1%81%D1%8A%D0%B4%D0%BD%D0%BE-%D0%B2%D0%BB%D0%B8%D0%B7%D0%B0-%D0%B2-%D0%BA%D0%BE%D0%B0%D0%BB%D0%B8%D1%86%D0%B8/page/5/ HTTP/1.1" 200 18549 "-" "Mozilla/5.0 (compatible; AhrefsBot/7.0; +http://ahrefs.com/robot/)"
17.22.237.106 - - [05/Apr/2026:14:37:19 +0200] "GET /tag/%D0%BD%D1%8F%D0%BC%D0%B0-%D0%B3%D0%B8-%D1%83%D1%80%D1%81%D1%83%D0%BB%D0%B0/page/2/ HTTP/1.1" 200 16424 "-" "Mozilla/5.0 (Macintosh; Intel Mac OS X 10_15_7) AppleWebKit/605.1.15 (KHTML, like Gecko) Version/17.4 Safari/605.1.15 (Applebot/0.1; +http://www.apple.com/go/applebot)"
85.208.96.212 - - [05/Apr/2026:14:37:19 +0200] "GET /tag/%D0%B8%D0%BD%D1%84%D0%B5%D0%BA%D1%86%D0%B8%D0%BE%D0%BD%D0%B8%D1%81%D1%82-%D0%B0%D1%82%D0%B0%D0%BD%D0%B0%D1%81-%D0%BC%D0%B0%D0%BD%D0%B3%D1%8A%D1%80%D0%BE%D0%B2/ HTTP/1.1" 200 13704 "-" "Mozilla/5.0 (compatible; SemrushBot/7~bl; +http://www.semrush.com/bot.html)"
44.221.105.234 - - [05/Apr/2026:14:37:21 +0200] "GET /category/%D0%B1%D1%8A%D0%BB%D0%B3%D0%B0%D1%80%D0%B8%D1%8F/page/13/?filter_by=featured HTTP/1.1" 200 16557 "-" "Mozilla/5.0 AppleWebKit/537.36 (KHTML, like Gecko; compatible; Amazonbot/0.1; +https://developer.amazon.com/support/amazonbot) Chrome/119.0.6045.214 Safari/537.36"
52.167.144.180 - - [05/Apr/2026:14:37:22 +0200] "GET /%D0%BC%D0%B8-%D0%BD%D0%B5%D0%BC%D0%B0-%D1%82%D0%B0%D0%BA%D0%B0%D0%B2%D0%B0-%D0%BA%D0%BE%D0%BC%D0%B5%D0%B4%D0%B8%D1%8F-%D0%B0%D0%BC%D0%B0-%D0%B8%D0%BC%D0%B0-%D1%82%D0%B0%D0%BA%D0%B8%D0%B2%D0%B0-%D0%B8/ HTTP/1.1" 200 28926 "-" "Mozilla/5.0 AppleWebKit/537.36 (KHTML, like Gecko; compatible; bingbot/2.0; +http://www.bing.com/bingbot.htm) Chrome/116.0.1938.76 Safari/537.36"
52.167.144.180 - - [05/Apr/2026:14:37:23 +0200] "GET /%D0%B1%D1%8A%D0%BB%D0%B3%D0%B0%D1%80%D1%81%D0%BA%D0%B8-%D1%83%D1%87%D0%B5%D0%BD%D0%B8-%D0%BD%D0%B0-%D0%BA%D0%BE%D1%81%D1%8A%D0%BC-%D0%B4%D0%B0-%D0%BE%D1%82%D0%BA%D1%80%D0%B8%D1%8F%D1%82-%D0%BC%D0%BE/ HTTP/1.1" 200 25330 "-" "Mozilla/5.0 AppleWebKit/537.36 (KHTML, like Gecko; compatible; bingbot/2.0; +http://www.bing.com/bingbot.htm) Chrome/116.0.1938.76 Safari/537.36"
18.213.70.100 - - [05/Apr/2026:14:37:24 +0200] "GET /wp-content/plugins/jetpack/_inc/build/likes/?C=S;O%3DA HTTP/1.1" 200 368 "-" "Mozilla/5.0 AppleWebKit/537.36 (KHTML, like Gecko; compatible; Amazonbot/0.1; +https://developer.amazon.com/support/amazonbot) Chrome/119.0.6045.214 Safari/537.36"
216.73.216.187 - - [05/Apr/2026:14:37:28 +0200] "GET /wp-content/uploads/2026/02/?C=D&O=D HTTP/1.1" 200 504 "-" "Mozilla/5.0 AppleWebKit/537.36 (KHTML, like Gecko; compatible; ClaudeBot/1.0; +claudebot@anthropic.com)"
216.73.216.187 - - [05/Apr/2026:14:37:28 +0200] "GET /wp-content/uploads/2023/07/?C=M&O=D HTTP/1.1" 200 5141 "-" "Mozilla/5.0 AppleWebKit/537.36 (KHTML, like Gecko; compatible; ClaudeBot/1.0; +claudebot@anthropic.com)"
44.223.232.55 - - [05/Apr/2026:14:37:29 +0200] "GET /wp-json/oembed/1.0/embed?url=https://netvesti.com/discover-3-simple-ways-to-reduce-your-unwanted-wrinkles/ HTTP/1.1" 200 1131 "-" "Mozilla/5.0 AppleWebKit/537.36 (KHTML, like Gecko; compatible; Amazonbot/0.1; +https://developer.amazon.com/support/amazonbot) Chrome/119.0.6045.214 Safari/537.36"
216.73.216.187 - - [05/Apr/2026:14:37:29 +0200] "GET /wp-content/uploads/2022/09/?C=S&O=D HTTP/1.1" 200 13968 "-" "Mozilla/5.0 AppleWebKit/537.36 (KHTML, like Gecko; compatible; ClaudeBot/1.0; +claudebot@anthropic.com)"
216.73.216.187 - - [05/Apr/2026:14:37:29 +0200] "GET /wp-content/uploads/2023/02/?C=D&O=D HTTP/1.1" 200 5257 "-" "Mozilla/5.0 AppleWebKit/537.36 (KHTML, like Gecko; compatible; ClaudeBot/1.0; +claudebot@anthropic.com)"
216.73.216.187 - - [05/Apr/2026:14:37:30 +0200] "GET /wp-content/uploads/2022/06/?C=D&O=D HTTP/1.1" 200 13502 "-" "Mozilla/5.0 AppleWebKit/537.36 (KHTML, like Gecko; compatible; ClaudeBot/1.0; +claudebot@anthropic.com)"
216.73.216.187 - - [05/Apr/2026:14:37:30 +0200] "GET /wp-content/uploads/2015/02/?C=N&O=A HTTP/1.1" 200 276 "-" "Mozilla/5.0 AppleWebKit/537.36 (KHTML, like Gecko; compatible; ClaudeBot/1.0; +claudebot@anthropic.com)"
216.73.216.187 - - [05/Apr/2026:14:37:31 +0200] "GET /wp-content/themes/Newspaper/mobile/includes/modules/?C=S&O=D HTTP/1.1" 200 368 "-" "Mozilla/5.0 AppleWebKit/537.36 (KHTML, like Gecko; compatible; ClaudeBot/1.0; +claudebot@anthropic.com)"
216.73.216.187 - - [05/Apr/2026:14:37:31 +0200] "GET /wp-content/themes/Newspaper/mobile/includes/modules/?C=D&O=D HTTP/1.1" 200 368 "-" "Mozilla/5.0 AppleWebKit/537.36 (KHTML, like Gecko; compatible; ClaudeBot/1.0; +claudebot@anthropic.com)"
216.244.66.232 - - [05/Apr/2026:14:37:32 +0200] "GET /%D0%B3%D0%B5%D1%88%D0%B5%D0%B2-%D0%B8%D1%81%D0%BA%D0%B0-5-%D0%B3%D0%BE%D0%B4%D0%B8%D0%BD%D0%B8-%D0%B7%D0%B0%D1%82%D0%B2%D0%BE%D1%80-%D0%B7%D0%B0-23-%D0%B3%D0%BE%D0%B4%D0%B8%D1%88%D0%BD%D0%BE-%D0%BC/ HTTP/1.1" 200 18926 "-" "Mozilla/5.0 (compatible; DotBot/1.2; +https://opensiteexplorer.org/dotbot; help@moz.com)"
216.73.216.187 - - [05/Apr/2026:14:37:32 +0200] "GET /wp-content/uploads/2021/06/big_2eef-218x150.jpg HTTP/1.1" 200 6230 "-" "Mozilla/5.0 AppleWebKit/537.36 (KHTML, like Gecko; compatible; ClaudeBot/1.0; +claudebot@anthropic.com)"
114.119.136.3 - - [05/Apr/2026:14:37:32 +0200] "GET /wp-content/themes/Newspaper/includes/demos/blog_travel/pages/post_default.txt HTTP/1.1" 200 2694 "https://netvesti.com/wp-content/themes/Newspaper/includes/demos/blog_travel/pages/" "Mozilla/5.0 (Linux; Android 7.0;) AppleWebKit/537.36 (KHTML, like Gecko) Mobile Safari/537.36 (compatible; PetalBot;+https://webmaster.petalsearch.com/site/petalbot)"
216.73.216.187 - - [05/Apr/2026:14:37:33 +0200] "GET /wp-content/uploads/2021/06/php1xp5mi_559x345-533x261.jpg HTTP/1.1" 200 16936 "-" "Mozilla/5.0 AppleWebKit/537.36 (KHTML, like Gecko; compatible; ClaudeBot/1.0; +claudebot@anthropic.com)"
216.73.216.187 - - [05/Apr/2026:14:37:33 +0200] "GET /wp-content/uploads/2020/09/indjova-534x380.jpeg HTTP/1.1" 200 46247 "-" "Mozilla/5.0 AppleWebKit/537.36 (KHTML, like Gecko; compatible; ClaudeBot/1.0; +claudebot@anthropic.com)"
216.73.216.187 - - [05/Apr/2026:14:37:35 +0200] "GET /wp-content/plugins/td-composer/assets/less_wrap/?C=N&O=A HTTP/1.1" 200 427 "-" "Mozilla/5.0 AppleWebKit/537.36 (KHTML, like Gecko; compatible; ClaudeBot/1.0; +claudebot@anthropic.com)"
216.73.216.187 - - [05/Apr/2026:14:37:35 +0200] "GET /wp-content/uploads/2024/02/?C=D&O=D HTTP/1.1" 200 9775 "-" "Mozilla/5.0 AppleWebKit/537.36 (KHTML, like Gecko; compatible; ClaudeBot/1.0; +claudebot@anthropic.com)"
216.73.216.187 - - [05/Apr/2026:14:37:35 +0200] "GET /wp-content/uploads/2023/07/?C=D&O=D HTTP/1.1" 200 4926 "-" "Mozilla/5.0 AppleWebKit/537.36 (KHTML, like Gecko; compatible; ClaudeBot/1.0; +claudebot@anthropic.com)"
216.73.216.187 - - [05/Apr/2026:14:37:36 +0200] "GET /wp-content/uploads/2024/09/?C=M&O=D HTTP/1.1" 200 7825 "-" "Mozilla/5.0 AppleWebKit/537.36 (KHTML, like Gecko; compatible; ClaudeBot/1.0; +claudebot@anthropic.com)"
216.73.216.187 - - [05/Apr/2026:14:37:36 +0200] "GET /wp-content/plugins/td-composer/includes/templates/?C=S&O=D HTTP/1.1" 200 343 "-" "Mozilla/5.0 AppleWebKit/537.36 (KHTML, like Gecko; compatible; ClaudeBot/1.0; +claudebot@anthropic.com)"
216.73.216.187 - - [05/Apr/2026:14:37:37 +0200] "GET /tag/%d0%b5%d1%81/page/322 HTTP/1.1" 301 0 "-" "Mozilla/5.0 AppleWebKit/537.36 (KHTML, like Gecko; compatible; ClaudeBot/1.0; +claudebot@anthropic.com)"
216.73.216.187 - - [05/Apr/2026:14:37:37 +0200] "GET /wp-content/uploads/2023/06/?C=M&O=D HTTP/1.1" 200 3614 "-" "Mozilla/5.0 AppleWebKit/537.36 (KHTML, like Gecko; compatible; ClaudeBot/1.0; +claudebot@anthropic.com)"
216.73.216.187 - - [05/Apr/2026:14:37:38 +0200] "GET /tag/%d0%b5%d1%81/page/322/ HTTP/1.1" 200 16163 "https://netvesti.com/tag/%d0%b5%d1%81/page/322" "Mozilla/5.0 AppleWebKit/537.36 (KHTML, like Gecko; compatible; ClaudeBot/1.0; +claudebot@anthropic.com)"
216.73.216.187 - - [05/Apr/2026:14:37:38 +0200] "GET /wp-content/uploads/2020/11/?C=S&O=D HTTP/1.1" 200 31630 "-" "Mozilla/5.0 AppleWebKit/537.36 (KHTML, like Gecko; compatible; ClaudeBot/1.0; +claudebot@anthropic.com)"
216.73.216.187 - - [05/Apr/2026:14:37:39 +0200] "GET /wp-content/plugins/jetpack/images/plans/?C=D&O=D HTTP/1.1" 200 370 "-" "Mozilla/5.0 AppleWebKit/537.36 (KHTML, like Gecko; compatible; ClaudeBot/1.0; +claudebot@anthropic.com)"
216.73.216.187 - - [05/Apr/2026:14:37:39 +0200] "GET /wp-content/uploads/2022/07/?C=S&O=D HTTP/1.1" 200 10715 "-" "Mozilla/5.0 AppleWebKit/537.36 (KHTML, like Gecko; compatible; ClaudeBot/1.0; +claudebot@anthropic.com)"
216.73.216.187 - - [05/Apr/2026:14:37:40 +0200] "GET /wp-content/uploads/2024/02/?C=M&O=D HTTP/1.1" 200 9945 "-" "Mozilla/5.0 AppleWebKit/537.36 (KHTML, like Gecko; compatible; ClaudeBot/1.0; +claudebot@anthropic.com)"
216.244.66.232 - - [05/Apr/2026:14:37:40 +0200] "GET /%D0%B7%D0%B0-%D0%BF%D1%8A%D1%80%D0%B2%D0%B8-%D0%BF%D1%8A%D1%82-%D1%82%D0%BE%D0%B2%D0%B0-%D0%B5-%D0%BD%D0%B0%D1%87%D0%B8%D0%BD%D1%8A%D1%82-%D0%B7%D0%B0-%D0%B4%D0%BE%D0%BC%D0%B0%D1%88%D0%BD%D0%BE/ HTTP/1.1" 200 19976 "-" "Mozilla/5.0 (compatible; DotBot/1.2; +https://opensiteexplorer.org/dotbot; help@moz.com)"
216.244.66.232 - - [05/Apr/2026:14:37:49 +0200] "GET /%D0%B9%D0%BE%D1%81%D0%B8%D1%84-%D1%81%D1%8A%D1%80%D1%87%D0%B0%D0%B4%D0%B6%D0%B8%D0%B5%D0%B2-%D0%B7%D0%B0-%D0%B1%D0%BE%D1%80%D0%B8%D1%81%D0%BE%D0%B2-%D0%BF%D1%80%D0%BE%D1%81%D1%82%D0%B0%D0%BA-%D0%B8/ HTTP/1.1" 200 31036 "-" "Mozilla/5.0 (compatible; DotBot/1.2; +https://opensiteexplorer.org/dotbot; help@moz.com)"
5.255.231.90 - - [05/Apr/2026:14:37:50 +0200] "GET /tag/%D1%80%D0%B0%D0%B4%D0%B5%D0%B2-%D1%87%D0%B0%D0%BA%D0%B0-%D0%BF%D0%BF-%D0%B4%D0%B1-%D0%B4%D0%B0-%D0%B7%D0%B0%D1%8F%D0%B2%D0%B8/ HTTP/1.1" 200 16615 "-" "Mozilla/5.0 (compatible; YandexBot/3.0; +http://yandex.com/bots)"
216.244.66.232 - - [05/Apr/2026:14:37:56 +0200] "GET /%D0%BA%D0%BE%D0%B3%D0%B0-%D1%89%D0%B5-%D1%80%D0%B0%D0%B7%D0%B1%D0%B5%D1%80%D0%B5%D0%BC-%D0%B8%D1%81%D1%82%D0%B8%D0%BD%D0%B0%D1%82%D0%B0-%D0%B7%D0%B0-%D0%BA%D1%8A%D1%89%D0%B8%D1%82%D0%B5-%D1%8F%D1%85/ HTTP/1.1" 200 24930 "-" "Mozilla/5.0 (compatible; DotBot/1.2; +https://opensiteexplorer.org/dotbot; help@moz.com)"
216.244.66.232 - - [05/Apr/2026:14:38:04 +0200] "GET /%D0%BA%D0%B8%D1%80%D0%B8%D0%BB-%D0%BF%D0%B5%D1%82%D0%BA%D0%BE%D0%B2-%D0%B4%D0%B0-%D0%B1%D0%BE%D1%80%D0%B8%D1%81%D0%BE%D0%B2-%D1%89%D0%B5-%D0%B2%D0%BB%D0%B5%D0%B7%D0%B5-%D0%B2-%D1%83%D1%87%D0%B5/ HTTP/1.1" 200 37298 "-" "Mozilla/5.0 (compatible; DotBot/1.2; +https://opensiteexplorer.org/dotbot; help@moz.com)"
216.244.66.232 - - [05/Apr/2026:14:38:10 +0200] "GET /%D0%BF%D1%80%D0%B0%D0%B2%D0%B8%D1%82%D0%B5%D0%BB%D1%81%D1%82%D0%B2%D0%BE%D1%82%D0%BE-%D1%89%D0%B5-%D0%BF%D1%80%D0%B5%D0%B4%D0%BB%D0%BE%D0%B6%D0%B8-%D0%BD%D0%B0-%D0%B5%D0%BA-%D0%B2%D1%8A%D0%B3%D0%BB/ HTTP/1.1" 200 36437 "-" "Mozilla/5.0 (compatible; DotBot/1.2; +https://opensiteexplorer.org/dotbot; help@moz.com)"
216.244.66.232 - - [05/Apr/2026:14:38:23 +0200] "GET /%D0%BF%D1%83%D1%82%D0%B8%D0%BD-%D1%80%D1%83%D1%81%D0%BA%D0%B8%D1%8F%D1%82-%D1%84%D0%BB%D0%BE%D1%82-%D0%BC%D0%BE%D0%B6%D0%B5-%D0%B4%D0%B0-%D0%BE%D1%82%D0%BA%D1%80%D0%B8%D0%B5-%D0%B2%D1%81%D1%8F%D0%BA/ HTTP/1.1" 200 29596 "-" "Mozilla/5.0 (compatible; DotBot/1.2; +https://opensiteexplorer.org/dotbot; help@moz.com)"
52.167.144.180 - - [05/Apr/2026:14:38:26 +0200] "GET /tag/%D1%87%D0%B5%D1%81%D1%82%D0%B8%D1%82-%D0%B4%D0%B5%D0%BD-%D0%BD%D0%B0-%D0%B2%D0%B5%D0%BB%D0%B8%D0%BA%D0%B0%D1%82%D0%B0-%D0%BF%D0%BE%D0%B1%D0%B5%D0%B4%D0%B0/page/2/ HTTP/1.1" 200 16734 "-" "Mozilla/5.0 AppleWebKit/537.36 (KHTML, like Gecko; compatible; bingbot/2.0; +http://www.bing.com/bingbot.htm) Chrome/116.0.1938.76 Safari/537.36"
216.73.216.187 - - [05/Apr/2026:14:38:26 +0200] "GET /wp-content/uploads/2021/07/04d39a23f651c6869dbfe0184477be77-150x150.jpeg HTTP/1.1" 200 5293 "-" "Mozilla/5.0 AppleWebKit/537.36 (KHTML, like Gecko; compatible; ClaudeBot/1.0; +claudebot@anthropic.com)"
216.73.216.187 - - [05/Apr/2026:14:38:26 +0200] "GET /wp-content/uploads/2021/05/php3lecn7_559x345-80x60.jpg HTTP/1.1" 200 2554 "-" "Mozilla/5.0 AppleWebKit/537.36 (KHTML, like Gecko; compatible; ClaudeBot/1.0; +claudebot@anthropic.com)"
216.73.216.187 - - [05/Apr/2026:14:38:27 +0200] "GET /wp-content/uploads/2021/10/radev-696x460.jpg HTTP/1.1" 200 20785 "-" "Mozilla/5.0 AppleWebKit/537.36 (KHTML, like Gecko; compatible; ClaudeBot/1.0; +claudebot@anthropic.com)"
216.73.216.187 - - [05/Apr/2026:14:38:27 +0200] "GET /wp-content/uploads/2021/01/regerg-533x261.jpg HTTP/1.1" 200 19499 "-" "Mozilla/5.0 AppleWebKit/537.36 (KHTML, like Gecko; compatible; ClaudeBot/1.0; +claudebot@anthropic.com)"
216.73.216.187 - - [05/Apr/2026:14:38:28 +0200] "GET /wp-content/uploads/2019/05/?C=M&O=D HTTP/1.1" 200 595 "-" "Mozilla/5.0 AppleWebKit/537.36 (KHTML, like Gecko; compatible; ClaudeBot/1.0; +claudebot@anthropic.com)"
216.73.216.187 - - [05/Apr/2026:14:38:29 +0200] "GET /wp-content/uploads/2021/01/phpcevqu5_800x_-741x468.jpg HTTP/1.1" 200 31141 "-" "Mozilla/5.0 AppleWebKit/537.36 (KHTML, like Gecko; compatible; ClaudeBot/1.0; +claudebot@anthropic.com)"
216.73.216.187 - - [05/Apr/2026:14:38:29 +0200] "GET /wp-content/uploads/2021/07/Signal_MBALGabrovo-1024x565-218x150.png HTTP/1.1" 200 69008 "-" "Mozilla/5.0 AppleWebKit/537.36 (KHTML, like Gecko; compatible; ClaudeBot/1.0; +claudebot@anthropic.com)"
216.73.216.187 - - [05/Apr/2026:14:38:30 +0200] "GET /wp-content/uploads/2021/06/big_1233e-696x385.jpg HTTP/1.1" 200 53311 "-" "Mozilla/5.0 AppleWebKit/537.36 (KHTML, like Gecko; compatible; ClaudeBot/1.0; +claudebot@anthropic.com)"
216.73.216.187 - - [05/Apr/2026:14:38:31 +0200] "GET /wp-content/uploads/2021/06/big_4335-80x60.jpg HTTP/1.1" 200 2583 "-" "Mozilla/5.0 AppleWebKit/537.36 (KHTML, like Gecko; compatible; ClaudeBot/1.0; +claudebot@anthropic.com)"
216.73.216.187 - - [05/Apr/2026:14:38:32 +0200] "GET /wp-content/uploads/2021/06/dfgfdgdf-696x392.jpg HTTP/1.1" 200 29950 "-" "Mozilla/5.0 AppleWebKit/537.36 (KHTML, like Gecko; compatible; ClaudeBot/1.0; +claudebot@anthropic.com)"
216.73.216.187 - - [05/Apr/2026:14:38:32 +0200] "GET /wp-content/uploads/2021/01/radev-1-741x428.jpg HTTP/1.1" 200 51646 "-" "Mozilla/5.0 AppleWebKit/537.36 (KHTML, like Gecko; compatible; ClaudeBot/1.0; +claudebot@anthropic.com)"
216.244.66.232 - - [05/Apr/2026:14:38:34 +0200] "GET /%D0%BA%D0%BE%D0%BD%D1%81%D1%83%D0%BB%D1%82%D0%B0%D1%86%D0%B8%D0%B8%D1%82%D0%B5-%D0%BD%D0%B0-%D0%BF%D1%80%D0%B5%D0%B7%D0%B8%D0%B4%D0%B5%D0%BD%D1%82%D0%B0-%D1%81-%D0%BF%D0%BE%D0%BB%D0%B8%D1%82%D0%B8/ HTTP/1.1" 200 28739 "-" "Mozilla/5.0 (compatible; DotBot/1.2; +https://opensiteexplorer.org/dotbot; help@moz.com)"
52.167.144.192 - - [05/Apr/2026:14:38:39 +0200] "GET /tag/%D0%B8-%D0%B3%D1%83%D0%BD%D0%B4%D0%B8/ HTTP/1.1" 200 15483 "-" "Mozilla/5.0 AppleWebKit/537.36 (KHTML, like Gecko; compatible; bingbot/2.0; +http://www.bing.com/bingbot.htm) Chrome/116.0.1938.76 Safari/537.36"
198.244.242.42 - - [05/Apr/2026:14:38:40 +0200] "GET /tag/%D0%B3%D1%80%D0%BE%D0%B7%D1%8F%D1%82-%D0%B3%D0%BE-5-%D0%B3%D0%BE%D0%B4%D0%B8%D0%BD%D0%B8/feed/ HTTP/1.1" 200 26672 "-" "Mozilla/5.0 (compatible; AhrefsBot/7.0; +http://ahrefs.com/robot/)"
52.167.144.192 - - [05/Apr/2026:14:38:40 +0200] "GET /tag/%D0%BF%D0%B5%D1%82%D1%8A%D1%80-%D0%B2%D0%BE%D0%B4%D0%B5%D0%BD%D1%81%D0%BA%D0%B8-%D0%B0-%D0%BC%D0%BE%D0%B6%D0%B5-%D0%BF%D1%8A%D0%BA-%D1%80%D0%B0%D0%B4%D0%B5%D0%B2-%D0%B4%D0%B0-%D1%81%D0%B5-%D0%BE/page/3/ HTTP/1.1" 200 16527 "-" "Mozilla/5.0 AppleWebKit/537.36 (KHTML, like Gecko; compatible; bingbot/2.0; +http://www.bing.com/bingbot.htm) Chrome/116.0.1938.76 Safari/537.36"
116.179.32.24 - - [05/Apr/2026:14:38:41 +0200] "GET /?s=%D0%98%D0%BD%D0%B4%D0%B6%D0%BE%D0%B2%D0%B0 HTTP/1.1" 200 15805 "-" "Mozilla/5.0 (compatible; Baiduspider/2.0; +http://www.baidu.com/search/spider.html)"
52.167.144.192 - - [05/Apr/2026:14:38:41 +0200] "GET /%D0%BE%D1%80%D0%B1%D0%B0%D0%BD-%D1%82%D1%8A%D1%80%D1%81%D0%B8-%D1%81%D1%8A%D1%8E%D0%B7%D0%BD%D0%B8%D1%86%D0%B8-%D0%B7%D0%B0-%D1%81%D1%8A%D0%B2%D0%BC%D0%B5%D1%81%D1%82%D0%BD%D0%BE-%D0%B1%D0%BB%D0%BE/ HTTP/1.1" 200 42752 "-" "Mozilla/5.0 AppleWebKit/537.36 (KHTML, like Gecko; compatible; bingbot/2.0; +http://www.bing.com/bingbot.htm) Chrome/116.0.1938.76 Safari/537.36"
52.167.144.180 - - [05/Apr/2026:14:38:43 +0200] "GET /tag/%D0%B4%D0%BE%D0%B3%D0%BE%D0%B2%D0%BE%D1%80%D0%B8-%D0%B7%D0%B0-%D0%B3%D0%B0%D0%B7-%D1%81-%D1%80%D1%83%D1%81%D0%B8%D1%8F/page/11/ HTTP/1.1" 200 16529 "-" "Mozilla/5.0 AppleWebKit/537.36 (KHTML, like Gecko; compatible; bingbot/2.0; +http://www.bing.com/bingbot.htm) Chrome/116.0.1938.76 Safari/537.36"
216.244.66.232 - - [05/Apr/2026:14:38:43 +0200] "GET /%D1%80%D0%B0%D0%B4%D0%B5%D0%B2-%D0%B2-%D0%BE%D1%81%D1%82%D1%80%D0%BE-%D1%81%D0%BB%D0%BE%D0%B2%D0%BE-%D1%80%D0%B0%D0%B7%D0%B2%D0%B8%D1%82%D0%B8%D0%B5%D1%82%D0%BE-%D0%BD%D0%B0-%D0%B2%D1%8A%D0%BE%D1%80/ HTTP/1.1" 200 40559 "-" "Mozilla/5.0 (compatible; DotBot/1.2; +https://opensiteexplorer.org/dotbot; help@moz.com)"
52.167.144.180 - - [05/Apr/2026:14:38:44 +0200] "GET /tag/%D0%BC%D0%B8%D0%BD%D0%B8-%D0%BC%D0%B0%D1%80%D0%B8%D1%86%D0%B0-%D0%B8%D0%B7%D1%82%D0%BE%D0%BA/ HTTP/1.1" 200 15937 "-" "Mozilla/5.0 AppleWebKit/537.36 (KHTML, like Gecko; compatible; bingbot/2.0; +http://www.bing.com/bingbot.htm) Chrome/116.0.1938.76 Safari/537.36"
52.167.144.180 - - [05/Apr/2026:14:38:45 +0200] "GET /tag/%D1%80%D1%8E%D1%82%D0%B5-%D1%80%D0%B0%D0%B1%D0%BE%D1%82%D0%B8%D0%BC-%D0%B7%D0%B0-%D0%BF%D0%BE-%D1%81%D0%BF%D1%80%D0%B0%D0%B2%D0%B5%D0%B4%D0%BB%D0%B8%D0%B2%D0%BE-%D0%B8-%D0%BF%D0%BE-%D1%81%D0%BC%D1%8A/page/6/ HTTP/1.1" 200 19327 "-" "Mozilla/5.0 AppleWebKit/537.36 (KHTML, like Gecko; compatible; bingbot/2.0; +http://www.bing.com/bingbot.htm) Chrome/116.0.1938.76 Safari/537.36"
52.167.144.180 - - [05/Apr/2026:14:38:46 +0200] "GET /tag/%D0%BC%D0%B8%D0%BD%D1%8C%D0%BE%D1%80%D0%B8%D1%82%D0%B5-%D0%BE%D1%82%D1%85%D0%B2%D1%8A%D1%80%D0%BB%D0%B8%D1%85%D0%B0-%D0%BE%D1%84%D0%B5%D1%80%D1%82%D0%B0%D1%82%D0%B0-%D0%BD%D0%B0-%D1%82%D0%B0%D0%B3/page/2/ HTTP/1.1" 200 18434 "-" "Mozilla/5.0 AppleWebKit/537.36 (KHTML, like Gecko; compatible; bingbot/2.0; +http://www.bing.com/bingbot.htm) Chrome/116.0.1938.76 Safari/537.36"
116.179.37.59 - - [05/Apr/2026:14:38:47 +0200] "GET /wp-content/uploads/2023/01/6b571000106fa2b424654caabf1d160b-768x511-150x150.jpeg HTTP/1.1" 200 5328 "https://netvesti.com/?s=%D0%98%D0%BD%D0%B4%D0%B6%D0%BE%D0%B2%D0%B0" "Mozilla/5.0 (compatible; Baiduspider-render/2.0; +http://www.baidu.com/search/spider.html)"
116.179.37.201 - - [05/Apr/2026:14:38:47 +0200] "GET /wp-content/uploads/2020/09/indjova-150x150.jpeg HTTP/1.1" 200 7890 "https://netvesti.com/?s=%D0%98%D0%BD%D0%B4%D0%B6%D0%BE%D0%B2%D0%B0" "Mozilla/5.0 (compatible; Baiduspider-render/2.0; +http://www.baidu.com/search/spider.html)"
116.179.37.39 - - [05/Apr/2026:14:38:47 +0200] "GET /wp-content/uploads/2021/05/RENETA-150x150.jpg HTTP/1.1" 200 5419 "https://netvesti.com/?s=%D0%98%D0%BD%D0%B4%D0%B6%D0%BE%D0%B2%D0%B0" "Mozilla/5.0 (compatible; Baiduspider-render/2.0; +http://www.baidu.com/search/spider.html)"
116.179.37.159 - - [05/Apr/2026:14:38:47 +0200] "GET /wp-content/uploads/2021/04/a1bc627ef_reneta_endjova-150x150.jpg HTTP/1.1" 200 5484 "https://netvesti.com/?s=%D0%98%D0%BD%D0%B4%D0%B6%D0%BE%D0%B2%D0%B0" "Mozilla/5.0 (compatible; Baiduspider-render/2.0; +http://www.baidu.com/search/spider.html)"
116.179.37.69 - - [05/Apr/2026:14:38:48 +0200] "GET /wp-content/uploads/2021/01/18acfeb3a7bcced0adbb9596ccfaa40d-150x150.jpg HTTP/1.1" 200 5701 "https://netvesti.com/?s=%D0%98%D0%BD%D0%B4%D0%B6%D0%BE%D0%B2%D0%B0" "Mozilla/5.0 (compatible; Baiduspider-render/2.0; +http://www.baidu.com/search/spider.html)"
116.179.37.171 - - [05/Apr/2026:14:38:49 +0200] "GET /wp-content/uploads/2021/04/c40dc78324e14becbe14d3b3b317f333-150x150.jpg HTTP/1.1" 200 4809 "https://netvesti.com/?s=%D0%98%D0%BD%D0%B4%D0%B6%D0%BE%D0%B2%D0%B0" "Mozilla/5.0 (compatible; Baiduspider-render/2.0; +http://www.baidu.com/search/spider.html)"
116.179.37.206 - - [05/Apr/2026:14:38:49 +0200] "GET /wp-content/uploads/2022/05/reneta-indzhova-02-150x150.jpg HTTP/1.1" 200 5650 "https://netvesti.com/?s=%D0%98%D0%BD%D0%B4%D0%B6%D0%BE%D0%B2%D0%B0" "Mozilla/5.0 (compatible; Baiduspider-render/2.0; +http://www.baidu.com/search/spider.html)"
116.179.37.34 - - [05/Apr/2026:14:38:50 +0200] "GET /wp-content/uploads/2020/05/d0bfd183d0bbd0bcd0bed0bbd0bed0b3-d0b1d18ad0b4d0b5d189d0b5d182d0be-d0bdd0b0-d0bad0bed180d0bed0bdd0b0d0b2d0b8d180d183d181d0b0-d0b7d0b0-356x220.jpg HTTP/1.1" 200 17660 "https://netvesti.com/?s=%D0%98%D0%BD%D0%B4%D0%B6%D0%BE%D0%B2%D0%B0" "Mozilla/5.0 (compatible; Baiduspider-render/2.0; +http://www.baidu.com/search/spider.html)"
116.179.37.108 - - [05/Apr/2026:14:38:50 +0200] "GET /wp-content/uploads/2021/04/6b571000106fa2b424654caabf1d160b-768x511-150x150.jpeg HTTP/1.1" 200 5328 "https://netvesti.com/?s=%D0%98%D0%BD%D0%B4%D0%B6%D0%BE%D0%B2%D0%B0" "Mozilla/5.0 (compatible; Baiduspider-render/2.0; +http://www.baidu.com/search/spider.html)"
116.179.37.170 - - [05/Apr/2026:14:38:51 +0200] "GET /wp-content/uploads/2023/11/90bcad76f6af0f01103d0a860a9cd94a-150x150.jpeg HTTP/1.1" 200 5325 "https://netvesti.com/?s=%D0%98%D0%BD%D0%B4%D0%B6%D0%BE%D0%B2%D0%B0" "Mozilla/5.0 (compatible; Baiduspider-render/2.0; +http://www.baidu.com/search/spider.html)"
116.179.37.160 - - [05/Apr/2026:14:38:51 +0200] "GET /wp-content/uploads/2021/02/ed92653a544240d986d9cae4c82614ac-150x150.jpg HTTP/1.1" 200 5594 "https://netvesti.com/?s=%D0%98%D0%BD%D0%B4%D0%B6%D0%BE%D0%B2%D0%B0" "Mozilla/5.0 (compatible; Baiduspider-render/2.0; +http://www.baidu.com/search/spider.html)"
85.208.96.207 - - [05/Apr/2026:14:38:56 +0200] "GET /tag/%D0%B1%D0%BB%D0%B8%D0%B7%D0%BA%D0%B8-%D0%B4%D0%BE-%D0%BA%D0%B0%D0%B1%D0%B8%D0%BD%D0%B5%D1%82%D0%B0-%D0%B1%D0%BE%D1%80%D0%B8%D1%81%D0%BE%D0%B2/page/27/ HTTP/1.1" 200 16191 "-" "Mozilla/5.0 (compatible; SemrushBot/7~bl; +http://www.semrush.com/bot.html)"
216.73.216.187 - - [05/Apr/2026:14:38:57 +0200] "GET /wp-content/uploads/2024/09/xgfdgfd-324x235.jpg HTTP/1.1" 200 19743 "-" "Mozilla/5.0 AppleWebKit/537.36 (KHTML, like Gecko; compatible; ClaudeBot/1.0; +claudebot@anthropic.com)"
216.73.216.187 - - [05/Apr/2026:14:38:57 +0200] "GET /wp-content/uploads/2021/06/berbatov-fghgh-533x261.jpg HTTP/1.1" 200 16989 "-" "Mozilla/5.0 AppleWebKit/537.36 (KHTML, like Gecko; compatible; ClaudeBot/1.0; +claudebot@anthropic.com)"
216.73.216.187 - - [05/Apr/2026:14:38:57 +0200] "GET /wp-content/cache/page_enhanced/netvesti.com/new-a-stain-remover-that-works-like-magic/_index_ssl.html_gzip_old HTTP/1.1" 200 21223 "-" "Mozilla/5.0 AppleWebKit/537.36 (KHTML, like Gecko; compatible; ClaudeBot/1.0; +claudebot@anthropic.com)"
216.73.216.187 - - [05/Apr/2026:14:38:58 +0200] "GET /wp-content/uploads/2022/08/dfhdhf-533x261.jpg HTTP/1.1" 200 25646 "-" "Mozilla/5.0 AppleWebKit/537.36 (KHTML, like Gecko; compatible; ClaudeBot/1.0; +claudebot@anthropic.com)"
216.73.216.187 - - [05/Apr/2026:14:38:59 +0200] "GET /wp-content/uploads/2021/09/fhjk-324x400.jpg HTTP/1.1" 200 23173 "-" "Mozilla/5.0 AppleWebKit/537.36 (KHTML, like Gecko; compatible; ClaudeBot/1.0; +claudebot@anthropic.com)"
216.73.216.187 - - [05/Apr/2026:14:38:59 +0200] "GET /wp-content/uploads/2023/01/44-710x420.jpg HTTP/1.1" 200 56937 "-" "Mozilla/5.0 AppleWebKit/537.36 (KHTML, like Gecko; compatible; ClaudeBot/1.0; +claudebot@anthropic.com)"
216.73.216.187 - - [05/Apr/2026:14:39:00 +0200] "GET /wp-content/uploads/2021/03/gergergerger-80x60.jpg HTTP/1.1" 200 2210 "-" "Mozilla/5.0 AppleWebKit/537.36 (KHTML, like Gecko; compatible; ClaudeBot/1.0; +claudebot@anthropic.com)"
216.73.216.187 - - [05/Apr/2026:14:39:00 +0200] "GET /wp-content/uploads/2021/12/safe_image-3-324x235.jpg HTTP/1.1" 200 10263 "-" "Mozilla/5.0 AppleWebKit/537.36 (KHTML, like Gecko; compatible; ClaudeBot/1.0; +claudebot@anthropic.com)"
216.73.216.187 - - [05/Apr/2026:14:39:01 +0200] "GET /wp-content/uploads/2021/12/rashkov-324x235.jpg HTTP/1.1" 200 12954 "-" "Mozilla/5.0 AppleWebKit/537.36 (KHTML, like Gecko; compatible; ClaudeBot/1.0; +claudebot@anthropic.com)"
216.73.216.187 - - [05/Apr/2026:14:39:01 +0200] "GET /wp-content/uploads/2021/01/grgregr-534x399.jpg HTTP/1.1" 502 150 "-" "Mozilla/5.0 AppleWebKit/537.36 (KHTML, like Gecko; compatible; ClaudeBot/1.0; +claudebot@anthropic.com)"
216.73.216.187 - - [05/Apr/2026:14:39:02 +0200] "GET /wp-content/uploads/2024/06/1010x570-356x364.jpeg HTTP/1.1" 200 18120 "-" "Mozilla/5.0 AppleWebKit/537.36 (KHTML, like Gecko; compatible; ClaudeBot/1.0; +claudebot@anthropic.com)"
17.22.237.21 - - [05/Apr/2026:14:39:03 +0200] "GET /tag/%D0%B0%D0%BA%D0%BE-%D0%B1%D1%83%D1%82%D0%BD%D0%B5%D1%82%D0%B5-%D0%BF%D0%B0%D0%BC%D0%B5%D1%82%D0%BD%D0%B8%D0%BA%D0%B0-%D0%BD%D0%B0-%D1%81%D1%8A%D0%B2%D0%B5%D1%82%D1%81%D0%BA%D0%B0%D1%82%D0%B0-%D0%B0/page/15/ HTTP/1.1" 200 16482 "-" "Mozilla/5.0 (Macintosh; Intel Mac OS X 10_15_7) AppleWebKit/605.1.15 (KHTML, like Gecko) Version/17.4 Safari/605.1.15 (Applebot/0.1; +http://www.apple.com/go/applebot)"
91.92.243.248 - - [05/Apr/2026:14:39:10 +0200] "POST /wp-login.php HTTP/1.1" 200 1554 "-" "Mozilla/5.0"
91.92.243.248 - - [05/Apr/2026:14:39:10 +0200] "POST /wp-login.php HTTP/1.1" 200 1550 "-" "Mozilla/5.0"
91.92.243.248 - - [05/Apr/2026:14:39:10 +0200] "POST /wp-login.php HTTP/1.1" 200 1554 "-" "Mozilla/5.0"
91.92.243.248 - - [05/Apr/2026:14:39:10 +0200] "POST /wp-login.php HTTP/1.1" 200 1551 "-" "Mozilla/5.0"
91.92.243.248 - - [05/Apr/2026:14:39:10 +0200] "POST /wp-login.php HTTP/1.1" 200 1539 "-" "Mozilla/5.0"
91.92.243.248 - - [05/Apr/2026:14:39:10 +0200] "POST /wp-login.php HTTP/1.1" 200 1552 "-" "Mozilla/5.0"
91.92.243.248 - - [05/Apr/2026:14:39:10 +0200] "POST /wp-login.php HTTP/1.1" 200 1550 "-" "Mozilla/5.0"
91.92.243.248 - - [05/Apr/2026:14:39:10 +0200] "POST /wp-login.php HTTP/1.1" 200 1552 "-" "Mozilla/5.0"
91.92.243.248 - - [05/Apr/2026:14:39:10 +0200] "POST /wp-login.php HTTP/1.1" 200 1553 "-" "Mozilla/5.0"
91.92.243.248 - - [05/Apr/2026:14:39:10 +0200] "POST /wp-login.php HTTP/1.1" 200 1554 "-" "Mozilla/5.0"
91.92.243.248 - - [05/Apr/2026:14:39:10 +0200] "POST /wp-login.php HTTP/1.1" 200 1554 "-" "Mozilla/5.0"
66.249.77.75 - - [05/Apr/2026:14:39:17 +0200] "GET /%D0%B2%D0%B0%D0%BB%D0%B5%D1%80%D0%B8-%D1%81%D0%B8%D0%BC%D0%B5%D0%BE%D0%BD%D0%BE%D0%B2-%D0%BF%D1%80%D0%B5%D0%BC%D0%B0%D1%85%D0%BD%D0%B0%D1%85%D0%BC%D0%B5-%D0%B1%D0%BB%D0%BE%D0%BA%D0%B0%D0%B4%D0%B8/ HTTP/1.1" 200 25691 "-" "Mozilla/5.0 (Linux; Android 6.0.1; Nexus 5X Build/MMB29P) AppleWebKit/537.36 (KHTML, like Gecko) Chrome/146.0.7680.177 Mobile Safari/537.36 (compatible; Googlebot/2.1; +http://www.google.com/bot.html)"
216.73.216.187 - - [05/Apr/2026:14:39:20 +0200] "GET /wp-content/uploads/2022/03/BBBB-356x364.jpg HTTP/1.1" 200 31058 "-" "Mozilla/5.0 AppleWebKit/537.36 (KHTML, like Gecko; compatible; ClaudeBot/1.0; +claudebot@anthropic.com)"
216.73.216.187 - - [05/Apr/2026:14:39:20 +0200] "GET /wp-content/uploads/2022/08/galab-sdf-733x420.jpg HTTP/1.1" 200 42303 "-" "Mozilla/5.0 AppleWebKit/537.36 (KHTML, like Gecko; compatible; ClaudeBot/1.0; +claudebot@anthropic.com)"
216.73.216.187 - - [05/Apr/2026:14:39:21 +0200] "GET /wp-content/uploads/2021/05/c137883ea8ab4a2ea215031e6416609e-218x150.jpg HTTP/1.1" 200 7259 "-" "Mozilla/5.0 AppleWebKit/537.36 (KHTML, like Gecko; compatible; ClaudeBot/1.0; +claudebot@anthropic.com)"
216.73.216.187 - - [05/Apr/2026:14:39:21 +0200] "GET /wp-content/uploads/2024/02/0201_8377429864773324908_big-218x150.jpeg HTTP/1.1" 200 6503 "-" "Mozilla/5.0 AppleWebKit/537.36 (KHTML, like Gecko; compatible; ClaudeBot/1.0; +claudebot@anthropic.com)"
216.73.216.187 - - [05/Apr/2026:14:39:22 +0200] "GET /wp-content/uploads/2022/08/big_235689-324x235.jpg HTTP/1.1" 200 12526 "-" "Mozilla/5.0 AppleWebKit/537.36 (KHTML, like Gecko; compatible; ClaudeBot/1.0; +claudebot@anthropic.com)"
216.73.216.187 - - [05/Apr/2026:14:39:22 +0200] "GET /wp-content/uploads/2020/09/boiko4-534x460.jpg HTTP/1.1" 200 21084 "-" "Mozilla/5.0 AppleWebKit/537.36 (KHTML, like Gecko; compatible; ClaudeBot/1.0; +claudebot@anthropic.com)"
216.73.216.187 - - [05/Apr/2026:14:39:23 +0200] "GET /wp-content/uploads/2020/12/rgerg-324x235.jpg HTTP/1.1" 200 17725 "-" "Mozilla/5.0 AppleWebKit/537.36 (KHTML, like Gecko; compatible; ClaudeBot/1.0; +claudebot@anthropic.com)"
216.73.216.187 - - [05/Apr/2026:14:39:23 +0200] "GET /wp-content/uploads/2019/01/cats-1-150x150.jpg HTTP/1.1" 200 5542 "-" "Mozilla/5.0 AppleWebKit/537.36 (KHTML, like Gecko; compatible; ClaudeBot/1.0; +claudebot@anthropic.com)"
216.73.216.187 - - [05/Apr/2026:14:39:24 +0200] "GET /wp-content/uploads/2021/04/hadzhigenov-218x150.jpg HTTP/1.1" 200 9547 "-" "Mozilla/5.0 AppleWebKit/537.36 (KHTML, like Gecko; compatible; ClaudeBot/1.0; +claudebot@anthropic.com)"
216.73.216.187 - - [05/Apr/2026:14:39:24 +0200] "GET /wp-content/uploads/2021/06/bojkov-za-slavi-300x169.jpg HTTP/1.1" 200 11907 "-" "Mozilla/5.0 AppleWebKit/537.36 (KHTML, like Gecko; compatible; ClaudeBot/1.0; +claudebot@anthropic.com)"
216.73.216.187 - - [05/Apr/2026:14:39:25 +0200] "GET /wp-content/uploads/2021/10/kiri_petkov_bgnes-324x400.jpg HTTP/1.1" 200 22833 "-" "Mozilla/5.0 AppleWebKit/537.36 (KHTML, like Gecko; compatible; ClaudeBot/1.0; +claudebot@anthropic.com)"
185.191.171.4 - - [05/Apr/2026:14:39:33 +0200] "GET /tag/%D0%B0%D0%BA%D0%BE-%D1%81%D0%B8-%D0%BF%D0%BE%D0%B7%D0%B2%D0%BE%D0%BB%D0%B8-%D0%B4%D0%B0-%D0%BD%D0%B0%D0%BF%D1%80%D0%B0%D0%B2%D0%B8-%D1%82%D0%BE%D0%B2%D0%B0/page/18/ HTTP/1.1" 200 16522 "-" "Mozilla/5.0 (compatible; SemrushBot/7~bl; +http://www.semrush.com/bot.html)"
198.244.226.108 - - [05/Apr/2026:14:39:33 +0200] "GET /tag/%D0%B2%D0%B0%D1%81%D0%B8%D0%BB-%D0%B1%D0%BE%D0%B6%D0%BA%D0%BE%D0%B2-%D0%BF%D0%BE%D1%85%D0%B2%D0%B0%D0%BB%D0%B8-%D1%80%D0%B0%D0%B4%D0%B5%D0%B2-%D0%B7%D0%B0-%D1%87%D0%B8%D1%81%D1%82%D0%BA%D0%B8%D1%82/feed/ HTTP/1.1" 200 19608 "-" "Mozilla/5.0 (compatible; AhrefsBot/7.0; +http://ahrefs.com/robot/)"
17.241.219.166 - - [05/Apr/2026:14:39:47 +0200] "GET /tag/%D1%82%D0%B0%D1%82%D1%8F%D0%BD%D0%B0-%D0%B4%D0%BE%D0%BD%D1%87%D0%B5%D0%B2%D0%B0-%D1%81%D0%BB%D1%83%D0%B3%D0%B8%D1%82%D0%B5-%D0%BD%D0%B0-%D0%B3%D0%B5%D1%80%D0%B1-%D1%82%D1%80%D1%8F%D0%B1%D0%B2%D0%B0/ HTTP/1.1" 200 14646 "-" "Mozilla/5.0 (Macintosh; Intel Mac OS X 10_15_7) AppleWebKit/605.1.15 (KHTML, like Gecko) Version/17.4 Safari/605.1.15 (Applebot/0.1; +http://www.apple.com/go/applebot)"
8.228.88.249 - - [05/Apr/2026:14:39:49 +0200] "GET /category/%d0%bd%d0%be%d0%b2%d0%b8%d0%bd%d0%b8/feed/ HTTP/1.1" 200 43059 "-" "Mozilla/5.0 (Windows NT 6.3; WOW64; rv:33.0) Gecko/20100101 Firefox/33.0"
216.73.216.187 - - [05/Apr/2026:14:39:58 +0200] "GET /wp-content/uploads/2022/09/main_1568320806-356x364.jpg HTTP/1.1" 200 18773 "-" "Mozilla/5.0 AppleWebKit/537.36 (KHTML, like Gecko; compatible; ClaudeBot/1.0; +claudebot@anthropic.com)"
216.73.216.187 - - [05/Apr/2026:14:39:58 +0200] "GET /wp-content/uploads/2021/03/IMG_20201027_135835-2-1-218x150.jpg HTTP/1.1" 200 7398 "-" "Mozilla/5.0 AppleWebKit/537.36 (KHTML, like Gecko; compatible; ClaudeBot/1.0; +claudebot@anthropic.com)"
216.73.216.187 - - [05/Apr/2026:14:39:59 +0200] "GET /wp-content/uploads/2025/02/1005663-265x198.jpg HTTP/1.1" 200 11180 "-" "Mozilla/5.0 AppleWebKit/537.36 (KHTML, like Gecko; compatible; ClaudeBot/1.0; +claudebot@anthropic.com)"
216.73.216.187 - - [05/Apr/2026:14:39:59 +0200] "GET /wp-content/uploads/2023/09/big_1a36-218x150.jpg HTTP/1.1" 200 7812 "-" "Mozilla/5.0 AppleWebKit/537.36 (KHTML, like Gecko; compatible; ClaudeBot/1.0; +claudebot@anthropic.com)"
216.73.216.187 - - [05/Apr/2026:14:40:00 +0200] "GET /wp-content/uploads/2024/02/1707136361_6-80x60.jpg HTTP/1.1" 200 2173 "-" "Mozilla/5.0 AppleWebKit/537.36 (KHTML, like Gecko; compatible; ClaudeBot/1.0; +claudebot@anthropic.com)"
216.73.216.187 - - [05/Apr/2026:14:40:00 +0200] "GET /wp-content/uploads/2022/08/768x432-80x60.jpg HTTP/1.1" 200 2465 "-" "Mozilla/5.0 AppleWebKit/537.36 (KHTML, like Gecko; compatible; ClaudeBot/1.0; +claudebot@anthropic.com)"
216.73.216.187 - - [05/Apr/2026:14:40:01 +0200] "GET /wp-content/uploads/2025/04/thtryh-1068x601.jpg HTTP/1.1" 200 68905 "-" "Mozilla/5.0 AppleWebKit/537.36 (KHTML, like Gecko; compatible; ClaudeBot/1.0; +claudebot@anthropic.com)"
216.73.216.187 - - [05/Apr/2026:14:40:02 +0200] "GET /wp-content/uploads/2023/01/6881ae927642938f004fb9a983f1c30a-324x235.jpeg HTTP/1.1" 502 150 "-" "Mozilla/5.0 AppleWebKit/537.36 (KHTML, like Gecko; compatible; ClaudeBot/1.0; +claudebot@anthropic.com)"
216.73.216.187 - - [05/Apr/2026:14:40:02 +0200] "GET /wp-content/uploads/2020/12/denica-80x60.jpg HTTP/1.1" 502 150 "-" "Mozilla/5.0 AppleWebKit/537.36 (KHTML, like Gecko; compatible; ClaudeBot/1.0; +claudebot@anthropic.com)"
216.73.216.187 - - [05/Apr/2026:14:40:03 +0200] "GET /wp-content/uploads/2025/03/sgfrgr-324x400.jpg HTTP/1.1" 200 16755 "-" "Mozilla/5.0 AppleWebKit/537.36 (KHTML, like Gecko; compatible; ClaudeBot/1.0; +claudebot@anthropic.com)"
198.244.242.94 - - [05/Apr/2026:14:40:04 +0200] "GET /%D0%BF%D0%BE%D0%BB%D1%81%D0%BA%D0%B0%D1%82%D0%B0-%D0%BD%D0%B0%D1%86%D0%B8%D0%BE%D0%BD%D0%B0%D0%BB%D0%BD%D0%B0-%D1%82%D0%B5%D0%BB%D0%B5%D0%B2%D0%B8%D0%B7%D0%B8%D1%8F-%D1%81-%D1%83%D0%B1%D0%B8%D0%B9/ HTTP/1.1" 200 38577 "-" "Mozilla/5.0 (compatible; AhrefsBot/7.0; +http://ahrefs.com/robot/)"
216.73.216.187 - - [05/Apr/2026:14:40:04 +0200] "GET /wp-content/uploads/2021/05/1-9-700x450-653x420.jpg HTTP/1.1" 200 39346 "-" "Mozilla/5.0 AppleWebKit/537.36 (KHTML, like Gecko; compatible; ClaudeBot/1.0; +claudebot@anthropic.com)"
216.73.216.187 - - [05/Apr/2026:14:40:10 +0200] "GET /wp-content/themes/Newspaper/includes/demos/blog_architecture/pages/?C=M&O=D HTTP/1.1" 200 387 "-" "Mozilla/5.0 AppleWebKit/537.36 (KHTML, like Gecko; compatible; ClaudeBot/1.0; +claudebot@anthropic.com)"
216.73.216.187 - - [05/Apr/2026:14:40:10 +0200] "GET /wp-content/themes/Newspaper/includes/demos/craft_ideas/images/?C=M&O=D HTTP/1.1" 200 357 "-" "Mozilla/5.0 AppleWebKit/537.36 (KHTML, like Gecko; compatible; ClaudeBot/1.0; +claudebot@anthropic.com)"
216.73.216.187 - - [05/Apr/2026:14:40:11 +0200] "GET /wp-content/uploads/2024/04/9684c0c7609fec7f232351a3912aef61-324x400.jpeg HTTP/1.1" 200 34425 "-" "Mozilla/5.0 AppleWebKit/537.36 (KHTML, like Gecko; compatible; ClaudeBot/1.0; +claudebot@anthropic.com)"
216.73.216.187 - - [05/Apr/2026:14:40:11 +0200] "GET /wp-content/uploads/2024/08/1366x768-1-1024x576.jpg HTTP/1.1" 200 76256 "-" "Mozilla/5.0 AppleWebKit/537.36 (KHTML, like Gecko; compatible; ClaudeBot/1.0; +claudebot@anthropic.com)"
216.73.216.187 - - [05/Apr/2026:14:40:12 +0200] "GET /wp-content/uploads/2018/12/pensioner-1024x563-533x261.jpg HTTP/1.1" 200 28695 "-" "Mozilla/5.0 AppleWebKit/537.36 (KHTML, like Gecko; compatible; ClaudeBot/1.0; +claudebot@anthropic.com)"
216.73.216.187 - - [05/Apr/2026:14:40:12 +0200] "GET /wp-content/uploads/2024/10/jiotowa-356x364.jpg HTTP/1.1" 200 37938 "-" "Mozilla/5.0 AppleWebKit/537.36 (KHTML, like Gecko; compatible; ClaudeBot/1.0; +claudebot@anthropic.com)"
185.191.171.12 - - [05/Apr/2026:14:40:13 +0200] "GET /tag/%D0%B1%D0%BE%D0%B9%D0%BA%D0%BE-%D1%80%D0%B0%D1%88%D0%BA%D0%BE%D0%B2-%D0%BC%D0%B2%D1%80-%D0%BD%D0%B5-%D0%B5-%D0%B2%D0%B8%D0%BD%D0%BE%D0%B2%D0%BD%D0%BE-%D0%B7%D0%B0-%D0%BA%D1%83%D0%BF%D1%83%D0%B2%D0%B0/page/5/ HTTP/1.1" 200 16396 "-" "Mozilla/5.0 (compatible; SemrushBot/7~bl; +http://www.semrush.com/bot.html)"
216.73.216.187 - - [05/Apr/2026:14:40:13 +0200] "GET /wp-content/uploads/2022/03/big_payimage-523647-741x486.jpg HTTP/1.1" 200 27902 "-" "Mozilla/5.0 AppleWebKit/537.36 (KHTML, like Gecko; compatible; ClaudeBot/1.0; +claudebot@anthropic.com)"
216.73.216.187 - - [05/Apr/2026:14:40:14 +0200] "GET /wp-content/uploads/2021/05/radev-ukaz-pravitelstvo-218x150.jpg HTTP/1.1" 200 6907 "-" "Mozilla/5.0 AppleWebKit/537.36 (KHTML, like Gecko; compatible; ClaudeBot/1.0; +claudebot@anthropic.com)"
216.73.216.187 - - [05/Apr/2026:14:40:14 +0200] "GET /wp-content/uploads/2021/09/c1e7ce7a-b07f-0d9f-637f-19906245f33f-741x486.jpg HTTP/1.1" 200 82014 "-" "Mozilla/5.0 AppleWebKit/537.36 (KHTML, like Gecko; compatible; ClaudeBot/1.0; +claudebot@anthropic.com)"
216.73.216.187 - - [05/Apr/2026:14:40:15 +0200] "GET /wp-content/uploads/2024/08/big_payimage-637661c70-150x150.jpg HTTP/1.1" 200 5362 "-" "Mozilla/5.0 AppleWebKit/537.36 (KHTML, like Gecko; compatible; ClaudeBot/1.0; +claudebot@anthropic.com)"
216.73.216.187 - - [05/Apr/2026:14:40:15 +0200] "GET /wp-content/uploads/2021/02/9859df17df17439f83677b0430a039a2-300x171.jpg HTTP/1.1" 200 17623 "-" "Mozilla/5.0 AppleWebKit/537.36 (KHTML, like Gecko; compatible; ClaudeBot/1.0; +claudebot@anthropic.com)"
