216.73.216.187 - - [05/Apr/2026:16:18:26 +0200] "GET /wp-content/cache/page_enhanced/netvesti.com/%d0%bf%d1%80%d0%be%d1%80%d0%be%d0%ba-%d0%bb%d0%b8-%d0%b5-%d0%b1%d0%be%d0%b6%d0%ba%d0%be%d0%b2-%d0%b8%d0%bb%d0%b8-%d0%bf%d1%80%d0%be%d1%81%d1%82%d0%be-%d0%ba%d0%b0%d0%b7%d0%b2%d0%b0-%d0%b8%d1%81%d1%82/?C=M&O=A HTTP/1.1" 200 419 "-" "Mozilla/5.0 AppleWebKit/537.36 (KHTML, like Gecko; compatible; ClaudeBot/1.0; +claudebot@anthropic.com)"
17.246.19.84 - - [05/Apr/2026:16:18:29 +0200] "GET /tag/%d0%ba%d0%be%d0%b9%d1%82%d0%be-%d0%bf%d1%80%d0%b5%d0%b4%d0%b0%d0%b2%d0%b0-%d1%80%d0%be%d0%b4%d0%b8%d1%82%d0%b5%d0%bb%d0%b8%d1%82%d0%b5-%d1%81%d0%b8/feed/ HTTP/1.1" 200 32296 "-" "Mozilla/5.0 (Macintosh; Intel Mac OS X 10_15_7) AppleWebKit/605.1.15 (KHTML, like Gecko) Version/17.4 Safari/605.1.15 (Applebot/0.1; +http://www.apple.com/go/applebot)"
129.222.141.146 - - [05/Apr/2026:16:18:31 +0200] "GET /%D1%83%D0%B2%D0%B0%D0%B6%D0%B0%D0%B5%D0%BC%D0%B8-%D0%B4%D0%BE%D0%BD%D1%8F%D0%BA%D1%8A%D0%B4%D0%B5-%D0%B4%D0%B5%D0%BF%D1%83%D1%82%D0%B0%D1%82%D0%B8-%D0%B5%D0%BB%D0%B0%D1%82%D0%B5-%D0%BD%D0%B0-%D1%81/ HTTP/1.1" 200 67857 "-" "Mozilla/5.0 (compatible; MSIE 5.0; Windows NT 11.0; Trident/3.1)"
216.73.216.187 - - [05/Apr/2026:16:18:31 +0200] "GET /wp-content/cache/page_enhanced/netvesti.com/%d1%82%d0%b8%d0%b9%d0%bd%d0%b5%d0%b9%d0%b4%d0%b6%d1%8a%d1%80%d0%b8-%d0%be%d1%82%d0%ba%d1%80%d0%b0%d0%b4%d0%bd%d0%b0%d1%85%d0%b0-%d0%ba%d0%be%d0%bb%d0%b0-%d0%b8-%d1%8f-%d0%b7%d0%b0%d1%80%d0%b0%d0%b7/?C=D&O=A HTTP/1.1" 200 422 "-" "Mozilla/5.0 AppleWebKit/537.36 (KHTML, like Gecko; compatible; ClaudeBot/1.0; +claudebot@anthropic.com)"
216.73.216.187 - - [05/Apr/2026:16:18:36 +0200] "GET /wp-content/cache/page_enhanced/netvesti.com/%d1%82%d1%83%d1%80%d1%86%d0%b8%d1%8f-%d0%be%d0%b1%d1%8f%d0%b2%d0%b8-%d0%b7%d0%b0%d0%b1%d1%80%d0%b0%d0%bd%d0%b5%d0%bd%d0%b0-%d0%b2%d0%be%d0%b5%d0%bd%d0%bd%d0%b0-%d0%b7%d0%be%d0%bd%d0%b0-%d0%b4%d0%be/?C=M&O=A HTTP/1.1" 200 420 "-" "Mozilla/5.0 AppleWebKit/537.36 (KHTML, like Gecko; compatible; ClaudeBot/1.0; +claudebot@anthropic.com)"
116.179.32.237 - - [05/Apr/2026:16:18:38 +0200] "GET /%D0%BA%D0%B0%D0%BA-%D0%BF%D0%BE%D0%BA%D1%80%D0%B8%D1%85%D0%B0-%D0%BA%D0%BE%D0%BA%D0%B0%D0%B8%D0%BD%D0%BE%D0%B2%D0%B0%D1%82%D0%B0-%D0%B0%D1%84%D0%B5%D1%80%D0%B0-%D0%B2%D0%B5%D1%80%D0%B8%D0%BB/ HTTP/1.1" 200 28866 "-" "Mozilla/5.0 (compatible; Baiduspider/2.0; +http://www.baidu.com/search/spider.html)"
216.244.66.232 - - [05/Apr/2026:16:18:41 +0200] "GET /%D1%81%D1%83%D0%BF%D0%B5%D1%80-%D0%BA%D0%B0%D0%B1%D0%B8%D0%BD%D0%B5%D1%82%D1%8A%D1%82-%D0%BD%D0%B0%D0%BC%D0%B5%D1%80%D0%B8-15-%D0%BC%D0%BB%D1%80%D0%B4-%D0%B7%D0%B0-%D1%81%D0%BA%D0%BE%D0%BA-%D0%BD/ HTTP/1.1" 200 25806 "-" "Mozilla/5.0 (compatible; DotBot/1.2; +https://opensiteexplorer.org/dotbot; help@moz.com)"
216.73.216.187 - - [05/Apr/2026:16:18:41 +0200] "GET /wp-content/cache/page_enhanced/netvesti.com/%d0%bf%d1%80%d0%be%d1%81%d1%82%d0%b8%d1%82%d1%83%d1%82%d0%ba%d0%b8-%d0%b4%d0%be%d0%b2%d1%8a%d1%80%d1%88%d0%b8%d1%85%d0%b0-%d0%bd%d0%b0%d0%b1%d0%be%d0%b6%d0%bd%d0%b8%d1%8f-%d0%b1%d0%be%d1%80%d0%b8/?C=N&O=D HTTP/1.1" 200 423 "-" "Mozilla/5.0 AppleWebKit/537.36 (KHTML, like Gecko; compatible; ClaudeBot/1.0; +claudebot@anthropic.com)"
216.73.216.187 - - [05/Apr/2026:16:18:46 +0200] "GET /wp-content/cache/page_enhanced/netvesti.com/%d1%81%d1%82%d0%b5%d1%84%d0%b0%d0%bd-%d1%8f%d0%bd%d0%b5%d0%b2-%d0%b8%d0%b7%d0%b1%d1%83%d1%85%d0%bd%d0%b0-%d1%81-%d0%bd%d0%be%d0%bc%d0%b5%d1%80%d0%b0-%d0%be%d1%82-%d0%bc%d0%b0%d1%85%d0%bb%d0%b5%d0%bd/?C=S&O=A HTTP/1.1" 200 423 "-" "Mozilla/5.0 AppleWebKit/537.36 (KHTML, like Gecko; compatible; ClaudeBot/1.0; +claudebot@anthropic.com)"
216.73.216.187 - - [05/Apr/2026:16:18:51 +0200] "GET /wp-content/cache/page_enhanced/netvesti.com/%d1%86%d0%b2%d0%b5%d1%82%d0%b0%d0%bd%d0%b0-%d0%bc%d0%b0%d0%bd%d0%b5%d0%b2%d0%b0-%d1%82%d0%b0%d0%bd%d1%86%d1%83%d0%b2%d0%b0-%d0%b2%d1%8a%d1%80%d1%85%d1%83-%d1%82%d1%80%d1%83%d0%bf%d0%b0-%d0%bd%d0%b0/?C=D&O=A HTTP/1.1" 200 419 "-" "Mozilla/5.0 AppleWebKit/537.36 (KHTML, like Gecko; compatible; ClaudeBot/1.0; +claudebot@anthropic.com)"
185.191.171.12 - - [05/Apr/2026:16:18:52 +0200] "GET /tag/novena/page/109/ HTTP/1.1" 200 16028 "-" "Mozilla/5.0 (compatible; SemrushBot/7~bl; +http://www.semrush.com/bot.html)"
85.208.96.199 - - [05/Apr/2026:16:18:55 +0200] "GET /tag/%D0%B2-%D1%80%D0%B0%D0%BC%D0%BA%D0%B8%D1%82%D0%B5-%D0%BD%D0%B0-2-3-%D0%B4%D0%BE%D0%BB%D0%B0%D1%80%D0%B0-%D0%B4%D1%8A%D0%BB%D0%B6%D0%B8-%D1%81%D0%B5-%D0%BD%D0%B0-%D0%B3%D0%B5%D0%BE%D0%BF%D0%BE%D0%BB/ HTTP/1.1" 200 14003 "-" "Mozilla/5.0 (compatible; SemrushBot/7~bl; +http://www.semrush.com/bot.html)"
216.73.216.187 - - [05/Apr/2026:16:18:56 +0200] "GET /wp-content/cache/page_enhanced/netvesti.com/%d0%bf%d1%80%d0%be%d1%84-%d0%b3%d0%b0%d0%b9%d0%b4%d0%b0%d1%80%d1%81%d0%ba%d0%b8-%d0%ba%d0%be%d0%b9%d1%82%d0%be-%d1%82%d0%b2%d1%8a%d1%80%d0%b4%d0%b8-%d1%87%d0%b5-%d0%b2%d0%b0%d0%ba%d1%81%d0%b8%d0%bd/?C=S&O=A HTTP/1.1" 200 419 "-" "Mozilla/5.0 AppleWebKit/537.36 (KHTML, like Gecko; compatible; ClaudeBot/1.0; +claudebot@anthropic.com)"
216.244.66.232 - - [05/Apr/2026:16:19:00 +0200] "GET /%D0%BC%D0%B8%D1%81-%D0%B1%D0%B8%D0%BA%D0%B8%D0%BD%D0%B8-%D0%B1%D0%B8%D0%BB%D0%B0-%D1%80%D0%B0%D0%B7%D0%BF%D0%B8%D1%82%D0%B0%D0%BD%D0%B0-%D0%BF%D0%BE-%D0%B1%D0%B0%D1%80%D1%81%D0%B5%D0%BB%D0%BE%D0%BD/ HTTP/1.1" 200 30730 "-" "Mozilla/5.0 (compatible; DotBot/1.2; +https://opensiteexplorer.org/dotbot; help@moz.com)"
216.73.216.187 - - [05/Apr/2026:16:19:06 +0200] "GET /wp-content/cache/page_enhanced/netvesti.com/%d1%82%d0%b8%d0%b9%d0%bd%d0%b5%d0%b9%d0%b4%d0%b6%d1%8a%d1%80%d0%b8-%d0%be%d1%82%d0%ba%d1%80%d0%b0%d0%b4%d0%bd%d0%b0%d1%85%d0%b0-%d0%ba%d0%be%d0%bb%d0%b0-%d0%b8-%d1%8f-%d0%b7%d0%b0%d1%80%d0%b0%d0%b7/?C=M&O=A HTTP/1.1" 502 150 "-" "Mozilla/5.0 AppleWebKit/537.36 (KHTML, like Gecko; compatible; ClaudeBot/1.0; +claudebot@anthropic.com)"
216.73.216.187 - - [05/Apr/2026:16:19:06 +0200] "GET /wp-content/cache/page_enhanced/netvesti.com/%d0%bf%d0%be%d0%bb%d0%b8%d1%86%d0%b8%d1%8f%d1%82%d0%b0-%d0%bf%d0%be%d0%b3%d0%bd%d0%b0-%d1%84%d1%80%d0%b8%d0%b7%d1%8c%d0%be%d1%80%d0%b8%d1%82%d0%b5-%d0%b7%d0%b0%d0%b1%d1%80%d0%b0%d0%bd%d0%b8%d1%85/?C=S&O=A HTTP/1.1" 502 150 "-" "Mozilla/5.0 AppleWebKit/537.36 (KHTML, like Gecko; compatible; ClaudeBot/1.0; +claudebot@anthropic.com)"
216.73.216.187 - - [05/Apr/2026:16:19:11 +0200] "GET /wp-content/cache/page_enhanced/netvesti.com/%d1%86%d0%b2%d0%b5%d1%82%d0%b0%d0%bd%d0%b0-%d0%bc%d0%b0%d0%bd%d0%b5%d0%b2%d0%b0-%d1%82%d0%b0%d0%bd%d1%86%d1%83%d0%b2%d0%b0-%d0%b2%d1%8a%d1%80%d1%85%d1%83-%d1%82%d1%80%d1%83%d0%bf%d0%b0-%d0%bd%d0%b0/?C=M&O=A HTTP/1.1" 200 420 "-" "Mozilla/5.0 AppleWebKit/537.36 (KHTML, like Gecko; compatible; ClaudeBot/1.0; +claudebot@anthropic.com)"
17.246.15.175 - - [05/Apr/2026:16:19:13 +0200] "GET /wp-content/uploads/2023/01/960x540-324x160.jpg HTTP/1.1" 200 10004 "-" "Mozilla/5.0 (Macintosh; Intel Mac OS X 10_15_7) AppleWebKit/605.1.15 (KHTML, like Gecko) Version/17.4 Safari/605.1.15 (Applebot/0.1; +http://www.apple.com/go/applebot)"
198.244.240.154 - - [05/Apr/2026:16:19:16 +0200] "GET /%D0%B2%D1%8A%D0%BD%D1%88%D0%BD%D0%BE-%D0%B2%D0%B4%D0%B8%D0%B3%D0%BD%D0%B0-%D1%80%D1%8A%D1%86%D0%B5-%D0%B7%D0%B0-%D1%84%D1%80%D0%B5%D0%BD%D1%81%D0%BA%D0%BE%D1%82%D0%BE-%D0%BF%D1%80%D0%B5%D0%B4%D0%BB/ HTTP/1.1" 200 46773 "-" "Mozilla/5.0 (compatible; AhrefsBot/7.0; +http://ahrefs.com/robot/)"
216.244.66.232 - - [05/Apr/2026:16:19:16 +0200] "GET /%D1%83%D1%80%D1%81%D1%83%D0%BB%D0%B0-%D1%84%D0%BE%D0%BD-%D0%B4%D0%B5%D1%80-%D0%BB%D0%B0%D0%B9%D0%B5%D0%BD-%D0%B5%D0%BA-%D1%89%D0%B5-%D1%81%D0%BF%D0%B8%D1%80%D0%B0-%D0%BF%D0%B0%D1%80%D0%B8%D1%82%D0%B5/ HTTP/1.1" 200 21541 "-" "Mozilla/5.0 (compatible; DotBot/1.2; +https://opensiteexplorer.org/dotbot; help@moz.com)"
216.73.216.187 - - [05/Apr/2026:16:19:20 +0200] "GET /wp-content/cache/page_enhanced/netvesti.com/%d0%bf%d1%8a%d1%80%d0%b2%d0%b0-%d0%bf%d0%b0%d1%80%d1%82%d0%b8%d1%8f-%d0%bd%d0%b0-%d0%bf%d1%80%d0%be%d1%82%d0%b5%d1%81%d1%82%d0%b0-%d0%be%d0%b1%d1%8f%d0%b2%d0%b8-%d1%80%d0%b0%d0%b4%d0%b5%d0%b2-%d0%b5/?C=N&O=A HTTP/1.1" 200 429 "-" "Mozilla/5.0 AppleWebKit/537.36 (KHTML, like Gecko; compatible; ClaudeBot/1.0; +claudebot@anthropic.com)"
216.73.216.187 - - [05/Apr/2026:16:19:22 +0200] "GET /wp-content/cache/page_enhanced/netvesti.com/%d1%80%d0%b0%d0%b4%d0%b5%d0%b2-%d0%b4%d0%bd%d0%b5%d1%81-%d0%b8%d0%bc%d0%b0%d0%bc-%d1%80%d0%be%d0%b6%d0%b4%d0%b5%d0%bd-%d0%b4%d0%b5%d0%bd-%d0%bc%d0%be%d0%b5%d1%82%d0%be-%d0%b6%d0%b5%d0%bb%d0%b0%d0%bd/?C=N&O=A HTTP/1.1" 200 415 "-" "Mozilla/5.0 AppleWebKit/537.36 (KHTML, like Gecko; compatible; ClaudeBot/1.0; +claudebot@anthropic.com)"
216.73.216.187 - - [05/Apr/2026:16:19:27 +0200] "GET /wp-content/cache/page_enhanced/netvesti.com/%d1%81%d0%bb%d1%83%d1%88%d0%b0%d0%bc-%d0%b2%d0%be%d0%b5%d0%bd%d0%bd%d0%b8-%d0%b5%d0%ba%d1%81%d0%bf%d0%b5%d1%80%d1%82%d0%b8-%d0%bf%d0%be-%d0%bd%d0%be%d0%b2%d0%b0-%d0%b8-%d1%81%d0%b5/?C=D&O=D HTTP/1.1" 200 420 "-" "Mozilla/5.0 AppleWebKit/537.36 (KHTML, like Gecko; compatible; ClaudeBot/1.0; +claudebot@anthropic.com)"
85.208.96.195 - - [05/Apr/2026:16:19:32 +0200] "GET /tag/%D0%B0-%D0%BD%D0%B5-%D0%BF%D0%BE%D1%87%D0%B8%D0%B2%D0%BA%D0%B0-%D0%B7%D0%B0-%D1%83%D0%BA%D1%80%D0%B0%D0%B8%D0%BD%D1%81%D0%BA%D0%B8%D1%82%D0%B5-%D0%B2%D0%BE%D0%B5%D0%BD%D0%BD%D0%B8/page/9/ HTTP/1.1" 200 16709 "-" "Mozilla/5.0 (compatible; SemrushBot/7~bl; +http://www.semrush.com/bot.html)"
216.73.216.187 - - [05/Apr/2026:16:19:32 +0200] "GET /wp-content/cache/page_enhanced/netvesti.com/%d1%82%d0%b0%d0%b9%d0%bc%d1%81-%d1%89%d0%b5-%d0%b8%d0%bc%d0%b0-%d1%81%d1%82%d1%80%d0%b0%d1%85%d0%be%d0%b2%d0%b8%d1%82%d0%b8-%d1%81%d1%8a%d0%ba%d1%80%d0%b0%d1%89%d0%b5%d0%bd%d0%b8/?C=S&O=D HTTP/1.1" 200 416 "-" "Mozilla/5.0 AppleWebKit/537.36 (KHTML, like Gecko; compatible; ClaudeBot/1.0; +claudebot@anthropic.com)"
85.208.96.201 - - [05/Apr/2026:16:19:37 +0200] "GET /tag/%D0%B1%D1%8A%D0%BB%D0%B3%D0%B0%D1%80%D1%81%D0%BA%D0%BE%D1%82%D0%BE-%D0%BD%D0%B0%D1%86%D0%B8%D0%BE%D0%BD%D0%B0%D0%BB%D0%BD%D0%BE-%D0%BC%D0%B0%D0%BB%D1%86%D0%B8%D0%BD%D1%81%D1%82%D0%B2%D0%BE/page/41/ HTTP/1.1" 200 16374 "-" "Mozilla/5.0 (compatible; SemrushBot/7~bl; +http://www.semrush.com/bot.html)"
216.73.216.187 - - [05/Apr/2026:16:19:37 +0200] "GET /wp-content/cache/page_enhanced/netvesti.com/%d1%81%d0%bb%d1%83%d1%88%d0%b0%d0%bc-%d0%b2%d0%be%d0%b5%d0%bd%d0%bd%d0%b8-%d0%b5%d0%ba%d1%81%d0%bf%d0%b5%d1%80%d1%82%d0%b8-%d0%bf%d0%be-%d0%bd%d0%be%d0%b2%d0%b0-%d0%b8-%d1%81%d0%b5/?C=M&O=D HTTP/1.1" 200 420 "-" "Mozilla/5.0 AppleWebKit/537.36 (KHTML, like Gecko; compatible; ClaudeBot/1.0; +claudebot@anthropic.com)"
216.73.216.187 - - [05/Apr/2026:16:19:42 +0200] "GET /wp-content/cache/page_enhanced/netvesti.com/%d1%80%d0%b0%d0%b4%d0%b5%d0%b2-%d0%ba%d1%8a%d0%bc-%d0%bd%d0%b0%d1%80%d0%be%d0%b4%d0%b0-%d0%b1%d0%bb%d0%b0%d0%b3%d0%be%d0%b4%d0%b0%d1%80%d1%8f-%d0%b2%d0%b8-%d1%87%d0%b5-%d0%b8%d0%b7%d0%b3%d0%be%d0%bd/?C=D&O=A HTTP/1.1" 200 421 "-" "Mozilla/5.0 AppleWebKit/537.36 (KHTML, like Gecko; compatible; ClaudeBot/1.0; +claudebot@anthropic.com)"
216.73.216.187 - - [05/Apr/2026:16:19:50 +0200] "GET /wp-content/cache/page_enhanced/netvesti.com/vuzf-lab-%d0%bf%d1%80%d0%b5%d0%b4%d0%bb%d0%b0%d0%b3%d0%b0-%d1%81%d0%bf%d0%b5%d1%86%d0%b8%d0%b0%d0%bb%d0%b8%d0%b7%d0%b8%d1%80%d0%b0%d0%bd%d0%b8-%d0%ba%d0%be%d1%80%d0%bf%d0%be%d1%80%d0%b0%d1%82%d0%b8/?C=S&O=A HTTP/1.1" 200 428 "-" "Mozilla/5.0 AppleWebKit/537.36 (KHTML, like Gecko; compatible; ClaudeBot/1.0; +claudebot@anthropic.com)"
216.73.216.187 - - [05/Apr/2026:16:19:51 +0200] "GET /wp-content/cache/page_enhanced/netvesti.com/%d1%80%d0%b0%d0%b4%d0%b5%d0%b2-%d0%bf%d0%be%d0%b8%d1%81%d0%ba%d0%b0-%d0%bc%d0%b0%d0%bb%d0%ba%d0%b8%d1%82%d0%b5-%d0%be%d0%b1%d1%89%d0%b8%d0%bd%d0%b8-%d0%b4%d0%b0-%d1%81%d0%b0-%d1%81%d0%b8%d0%bb%d0%bd/?C=N&O=D HTTP/1.1" 200 420 "-" "Mozilla/5.0 AppleWebKit/537.36 (KHTML, like Gecko; compatible; ClaudeBot/1.0; +claudebot@anthropic.com)"
216.73.216.187 - - [05/Apr/2026:16:19:56 +0200] "GET /wp-content/cache/page_enhanced/netvesti.com/%d1%81%d1%82%d0%b8%d0%b2-%d1%85%d0%b0%d0%bd%d0%ba%d0%b5-%d0%b4%d1%80%d1%8a%d0%b6%d1%82%d0%b5-%d1%81%d0%bf%d0%b5%d1%81%d1%82%d1%8f%d0%b2%d0%b0%d0%bd%d0%b8%d1%8f%d1%82%d0%b0-%d1%81%d0%b8-%d0%b2-%d0%bb/?C=S&O=A HTTP/1.1" 200 424 "-" "Mozilla/5.0 AppleWebKit/537.36 (KHTML, like Gecko; compatible; ClaudeBot/1.0; +claudebot@anthropic.com)"
54.37.252.231 - - [05/Apr/2026:16:20:01 +0200] "GET /%D0%B1%D0%BE%D1%80%D0%B8%D1%81%D0%BE%D0%B2-%D1%81%D0%B5-%D1%81%D0%B5%D1%82%D0%B8-%D0%B7%D0%B0-%D1%82%D0%BE%D1%82%D0%B0%D0%BB%D0%B8%D1%82%D0%B0%D1%80%D0%BD%D0%B8%D1%82%D0%B5-%D1%80%D0%B5%D0%B6%D0%B8/ HTTP/1.1" 200 14443 "-" "Mozilla/5.0 (compatible; MJ12bot/v1.4.8; http://mj12bot.com/)"
216.73.216.187 - - [05/Apr/2026:16:20:01 +0200] "GET /wp-content/cache/page_enhanced/netvesti.com/%d1%80%d0%b0%d0%b4%d0%b5%d0%b2-%d0%bd%d0%b0%d0%b7%d0%bd%d0%b0%d1%87%d0%b8-%d0%b1%d0%be%d0%b9%d0%ba%d0%be-%d1%80%d0%b0%d1%88%d0%ba%d0%be%d0%b2-%d0%b2-%d0%bf%d1%80%d0%b0%d0%b2%d0%bd%d0%b8%d1%8f-%d1%81/?C=N&O=D HTTP/1.1" 502 150 "-" "Mozilla/5.0 AppleWebKit/537.36 (KHTML, like Gecko; compatible; ClaudeBot/1.0; +claudebot@anthropic.com)"
54.37.252.231 - - [05/Apr/2026:16:20:04 +0200] "GET /%D0%B2%D0%B0%D1%81%D0%B8%D0%BB-%D0%B2%D0%B0%D1%81%D0%B8%D0%BB%D0%B5%D0%B2-%D1%81%D1%83%D0%B2%D0%B5%D1%80%D0%B5%D0%BD%D0%B8%D1%82%D0%B5%D1%82-%D0%BB%D0%B8/ HTTP/1.1" 200 81983 "-" "Mozilla/5.0 (compatible; MJ12bot/v1.4.8; http://mj12bot.com/)"
216.73.216.187 - - [05/Apr/2026:16:20:06 +0200] "GET /wp-content/cache/page_enhanced/netvesti.com/%d0%bf%d1%80%d0%b5%d0%b7%d0%b8%d0%b4%d0%b5%d0%bd%d1%82%d1%8a%d1%82-%d0%ba%d1%8a%d0%bc-%d0%bd%d0%b0%d1%80%d0%be%d0%b4%d0%b0-%d0%b4%d0%b0-%d1%82%d0%b5%d0%b3%d0%bb%d0%b8%d0%bc-%d1%87%d0%b5%d1%80%d1%82/?C=D&O=A HTTP/1.1" 200 420 "-" "Mozilla/5.0 AppleWebKit/537.36 (KHTML, like Gecko; compatible; ClaudeBot/1.0; +claudebot@anthropic.com)"
54.37.252.231 - - [05/Apr/2026:16:20:07 +0200] "GET /%D0%B5%D0%BB%D0%B5%D0%BE%D0%BD%D0%BE%D1%80%D0%B0-%D0%BC%D0%B8%D1%82%D1%80%D0%BE%D1%84%D0%B0%D0%BD%D0%BE%D0%B2%D0%B0-%D0%BA%D1%8A%D0%BC-%D0%BD%D0%B0%D1%80%D0%BE%D0%B4%D0%B0-%D0%BD%D0%B8-%D1%89%D0%B5/ HTTP/1.1" 200 24324 "-" "Mozilla/5.0 (compatible; MJ12bot/v1.4.8; http://mj12bot.com/)"
54.37.252.231 - - [05/Apr/2026:16:20:09 +0200] "GET /%D0%B6%D1%83%D1%80%D0%BD%D0%B0%D0%BB%D0%B8%D1%81%D1%82-%D0%B2%D0%BB%D0%B0%D1%81%D1%82%D1%82%D0%B0-%D0%B5-%D1%80%D0%B0%D0%B7%D1%82%D1%8A%D1%80%D1%81%D0%B5%D0%BD%D0%B0-%D0%BF%D1%80%D0%B5%D0%B7%D0%B8/ HTTP/1.1" 200 26165 "-" "Mozilla/5.0 (compatible; MJ12bot/v1.4.8; http://mj12bot.com/)"
216.73.216.187 - - [05/Apr/2026:16:20:11 +0200] "GET /wp-content/cache/page_enhanced/netvesti.com/%d1%84%d0%b0%d0%b2%d0%be%d1%80%d0%b8%d1%82%d1%8a%d1%82-%d0%bd%d0%b0-%d0%ba%d0%b0%d0%bd-%d0%bf%d0%b0%d1%80%d0%b0%d0%b7%d0%b8%d1%82-%d0%bd%d0%b0-%d1%81%d0%be%d1%84%d0%b8%d1%8f-%d1%84%d0%b8%d0%bb/?C=D&O=A HTTP/1.1" 200 418 "-" "Mozilla/5.0 AppleWebKit/537.36 (KHTML, like Gecko; compatible; ClaudeBot/1.0; +claudebot@anthropic.com)"
54.37.252.231 - - [05/Apr/2026:16:20:12 +0200] "GET /%D0%B7%D0%B0%D0%B2%D0%B5%D0%B4%D0%B5%D0%BD%D0%B8%D0%B5%D1%82%D0%BE-%D0%BA%D0%BE%D0%B5%D1%82%D0%BE-%D0%BD%D0%B5-%D1%81%D0%B5-%D0%BF%D0%BE%D0%B4%D1%87%D0%B8%D0%BD%D0%B8-%D0%B8-%D0%BF%D1%80%D0%B5%D0%B4/ HTTP/1.1" 200 19784 "-" "Mozilla/5.0 (compatible; MJ12bot/v1.4.8; http://mj12bot.com/)"
54.37.252.231 - - [05/Apr/2026:16:20:15 +0200] "GET /%D0%B7%D0%B0-%D0%BF%D1%8A%D1%80%D0%B2%D0%B8-%D0%BF%D1%8A%D1%82-%D1%82%D0%BE%D0%B2%D0%B0-%D0%B5-%D0%BD%D0%B0%D1%87%D0%B8%D0%BD%D1%8A%D1%82-%D0%B7%D0%B0-%D0%B4%D0%BE%D0%BC%D0%B0%D1%88%D0%BD%D0%BE/ HTTP/1.1" 200 19680 "-" "Mozilla/5.0 (compatible; MJ12bot/v1.4.8; http://mj12bot.com/)"
216.73.216.187 - - [05/Apr/2026:16:20:16 +0200] "GET /wp-content/cache/page_enhanced/netvesti.com/%d1%82%d0%b5%d0%bd%d0%b8%d1%81%d0%ba%d0%b8-%d0%b4%d0%b8%d1%88%d0%b0%d0%b9-%d0%b2-%d0%bf%d0%be%d0%bc%d0%be%d1%89-%d0%bd%d0%b0-%d0%b7%d0%b0%d0%b5%d0%ba%d0%b2%d0%b0%d1%89%d0%b8%d1%82%d0%b5-%d1%85%d0%be/?C=N&O=A HTTP/1.1" 200 420 "-" "Mozilla/5.0 AppleWebKit/537.36 (KHTML, like Gecko; compatible; ClaudeBot/1.0; +claudebot@anthropic.com)"
54.37.252.231 - - [05/Apr/2026:16:20:17 +0200] "GET /%D0%BC%D0%B0%D0%BD%D0%B3%D1%8A%D1%80%D0%BE%D0%B2-covid-19-%D1%81%D0%B5-%D0%BB%D0%B5%D0%BA%D1%83%D0%B2%D0%B0-%D0%BA%D0%B0%D1%82%D0%BE-%D1%81%D1%87%D1%83%D0%BF%D0%B5%D0%BD-%D0%BA%D1%80%D0%B0%D0%BA/ HTTP/1.1" 200 20984 "-" "Mozilla/5.0 (compatible; MJ12bot/v1.4.8; http://mj12bot.com/)"
185.191.171.1 - - [05/Apr/2026:16:20:18 +0200] "GET /category/%D0%BD%D0%BE%D0%B2%D0%B8%D0%BD%D0%B8/page/85/ HTTP/1.1" 200 23921 "-" "Mozilla/5.0 (compatible; SemrushBot/7~bl; +http://www.semrush.com/bot.html)"
54.37.252.231 - - [05/Apr/2026:16:20:19 +0200] "GET /%D0%BD%D0%B0-%D1%88%D0%B8%D0%BF%D0%BA%D0%B0-%D1%81%D0%B5-%D0%BC%D1%80%D0%B5-%D1%81%D0%B0%D0%BC%D0%BE-%D0%B7%D0%B0-%D0%B5%D0%B4%D0%BD%D0%BE-%D0%B7%D0%B0-%D1%80%D0%BE%D0%B4%D0%B8%D0%BD%D0%B0/ HTTP/1.1" 200 18920 "-" "Mozilla/5.0 (compatible; MJ12bot/v1.4.8; http://mj12bot.com/)"
216.73.216.187 - - [05/Apr/2026:16:20:21 +0200] "GET /wp-content/cache/page_enhanced/netvesti.com/%d0%b0%d0%b3%d0%b5%d0%bd%d1%86%d0%b8%d1%8f%d1%82%d0%b0-%d0%bf%d0%be-%d1%85%d1%80%d0%b0%d0%bd%d0%b8%d1%82%d0%b5-%d0%b7%d0%b0%d1%82%d0%b2%d0%be%d1%80%d0%b8-3-%d0%b7%d0%b0%d0%b2%d0%b5%d0%b4%d0%b5%d0%bd/?C=N&O=A HTTP/1.1" 200 424 "-" "Mozilla/5.0 AppleWebKit/537.36 (KHTML, like Gecko; compatible; ClaudeBot/1.0; +claudebot@anthropic.com)"
198.244.183.40 - - [05/Apr/2026:16:20:21 +0200] "GET /20-%D0%BF%D1%80%D0%B5%D0%BA%D1%80%D0%B0%D1%81%D0%BD%D0%B8-%D1%86%D0%B8%D1%82%D0%B0%D1%82%D0%B0-%D0%BE%D1%82-%D0%BE%D1%81%D1%8A%D0%B4%D0%B5%D0%BD%D0%B8-%D0%B4%D1%83%D1%88%D0%B8/ HTTP/1.1" 200 20732 "-" "Mozilla/5.0 (compatible; AhrefsBot/7.0; +http://ahrefs.com/robot/)"
54.37.252.231 - - [05/Apr/2026:16:20:22 +0200] "GET /%D0%BD%D0%B5%D0%BA%D0%B0-%D1%81%D1%82%D0%B8%D0%B3%D0%BD%D0%B5-%D0%B4%D0%BE-%D0%B2%D1%81%D0%B8%D1%87%D0%BA%D0%B8-%D1%8F%D1%81%D0%B5%D0%BD-%D0%BD%D0%B0%D0%BF%D1%83%D1%81%D0%BD%D0%B0-%D1%81%D0%BE%D1%84/ HTTP/1.1" 200 20312 "-" "Mozilla/5.0 (compatible; MJ12bot/v1.4.8; http://mj12bot.com/)"
54.37.252.231 - - [05/Apr/2026:16:20:24 +0200] "GET /%D0%BF%D0%B0%D0%B2%D0%B5%D0%BB-%D0%BF%D0%BE%D0%BF%D0%BF%D0%B0%D0%BD%D0%B4%D0%BE%D0%B2-%D1%81%D0%B0%D0%BC%D0%BE-%D0%BD%D0%B0%D1%80%D0%BE%D0%B4%D1%8A%D1%82-%D0%BC%D0%BE%D0%B6%D0%B5-%D0%B4%D0%B0-%D1%81/ HTTP/1.1" 200 37057 "-" "Mozilla/5.0 (compatible; MJ12bot/v1.4.8; http://mj12bot.com/)"
216.73.216.187 - - [05/Apr/2026:16:20:26 +0200] "GET /wp-content/cache/page_enhanced/netvesti.com/%d0%bf%d1%80%d0%be%d1%84-%d0%b1%d0%b0%d0%bb%d1%82%d0%be%d0%b2-%d1%82%d1%80%d1%8f%d0%b1%d0%b2%d0%b0-%d0%b4%d0%b0-%d1%81%d0%b5-%d1%81%d0%bf%d0%b0%d0%b7%d0%b2%d0%b0%d1%82-%d1%82%d1%80%d0%b8%d1%82%d0%b5/?C=S&O=D HTTP/1.1" 200 413 "-" "Mozilla/5.0 AppleWebKit/537.36 (KHTML, like Gecko; compatible; ClaudeBot/1.0; +claudebot@anthropic.com)"
116.179.32.226 - - [05/Apr/2026:16:20:26 +0200] "GET /page/92/?s=%D0%A0%D1%83%D0%BC%D0%B5%D0%BD+%D0%A0%D0%B0%D0%B4%D0%B5%D0%B2 HTTP/1.1" 200 16194 "-" "Mozilla/5.0 (compatible; Baiduspider/2.0; +http://www.baidu.com/search/spider.html)"
185.191.171.16 - - [05/Apr/2026:16:20:26 +0200] "GET /tag/%D0%BA%D0%BE%D1%81%D1%82%D0%B0%D0%B4%D0%B8%D0%BD%D0%BE%D0%B2-%D0%B1%D0%BE%D1%80%D0%B8%D1%81%D0%BE%D0%B2-%D0%BD%D0%B5-%D0%B5-%D1%85%D0%BE%D0%B4%D0%B8%D0%BB-%D0%B2-%D0%B0%D0%BC%D0%B5%D1%80%D0%B8%D0%BA/ HTTP/1.1" 200 16505 "-" "Mozilla/5.0 (compatible; SemrushBot/7~bl; +http://www.semrush.com/bot.html)"
54.37.252.231 - - [05/Apr/2026:16:20:26 +0200] "GET /%D0%BF%D1%80%D0%BE%D1%84-%D0%B3%D0%B0%D0%B9%D0%B4%D0%B0%D1%80%D1%81%D0%BA%D0%B8-%D0%BA%D0%BE%D0%B9%D1%82%D0%BE-%D1%82%D0%B2%D1%8A%D1%80%D0%B4%D0%B8-%D1%87%D0%B5-%D0%B2%D0%B0%D0%BA%D1%81%D0%B8%D0%BD/ HTTP/1.1" 200 19744 "-" "Mozilla/5.0 (compatible; MJ12bot/v1.4.8; http://mj12bot.com/)"
54.37.252.231 - - [05/Apr/2026:16:20:29 +0200] "GET /%D0%BF%D1%80-%D0%B5%D0%BA%D1%81%D0%BF%D0%B5%D1%80%D1%82-%D0%B7%D0%B0%D1%89%D0%BE-%D1%80%D0%B0%D0%B4%D0%B5%D0%B2-%D0%B8%D0%B7%D0%BB%D0%B5%D0%B7%D0%B5-%D1%82%D0%B0%D0%BA%D0%B0-%D1%83%D0%B1%D0%B5%D0%B4/ HTTP/1.1" 200 20877 "-" "Mozilla/5.0 (compatible; MJ12bot/v1.4.8; http://mj12bot.com/)"
216.73.216.187 - - [05/Apr/2026:16:20:30 +0200] "GET /wp-content/cache/page_enhanced/netvesti.com/%d1%82%d1%80%d0%b5%d0%bd%d0%b8%d1%80%d0%b0%d0%b9-%d1%81-%d0%bd%d0%b0%d1%81-%d0%b9%d0%be%d0%b3%d0%b0-%d0%b7%d0%b0-%d1%82%d1%8f%d0%bb%d0%be%d1%82%d0%be-%d0%b8-%d1%83%d0%bc%d0%b0/?C=D&O=D HTTP/1.1" 200 417 "-" "Mozilla/5.0 AppleWebKit/537.36 (KHTML, like Gecko; compatible; ClaudeBot/1.0; +claudebot@anthropic.com)"
54.37.252.231 - - [05/Apr/2026:16:20:31 +0200] "GET /%D1%80%D0%B0%D0%B4%D0%B5%D0%B2-%D0%BD%D1%8F%D0%BC%D0%B0-%D1%8F%D1%81%D0%BD%D0%B0-%D0%BC%D0%B5%D1%82%D0%BE%D0%B4%D0%B8%D0%BA%D0%B0-%D0%BA%D0%B0%D0%BA-%D1%89%D0%B5-%D0%B1%D1%8A%D0%B4%D0%B0%D1%82-%D0%B8/ HTTP/1.1" 200 19767 "-" "Mozilla/5.0 (compatible; MJ12bot/v1.4.8; http://mj12bot.com/)"
17.241.227.74 - - [05/Apr/2026:16:20:32 +0200] "GET /wp-content/uploads/2022/02/Rumen-Radev-1-324x160.jpg HTTP/1.1" 200 7943 "-" "Mozilla/5.0 (Macintosh; Intel Mac OS X 10_15_7) AppleWebKit/605.1.15 (KHTML, like Gecko) Version/17.4 Safari/605.1.15 (Applebot/0.1; +http://www.apple.com/go/applebot)"
85.208.96.210 - - [05/Apr/2026:16:20:32 +0200] "GET /tag/novinite-dnes-i-utre/page/172/ HTTP/1.1" 200 16319 "-" "Mozilla/5.0 (compatible; SemrushBot/7~bl; +http://www.semrush.com/bot.html)"
54.37.252.231 - - [05/Apr/2026:16:20:34 +0200] "GET /%D1%80%D0%B0%D0%B4%D0%B5%D0%B2-%D0%BE%D0%B1%D0%B5%D1%89%D0%B0-%D0%B1%D1%8A%D0%BB%D0%B3%D0%B0%D1%80%D0%B8%D1%82%D0%B5-%D0%BD%D1%8F%D0%BC%D0%B0-%D0%B4%D0%B0-%D1%81%D1%82%D0%BE%D1%8F%D1%82-%D0%BD%D0%B0/ HTTP/1.1" 200 61093 "-" "Mozilla/5.0 (compatible; MJ12bot/v1.4.8; http://mj12bot.com/)"
66.249.77.65 - - [05/Apr/2026:16:20:35 +0200] "GET /%D0%BD%D0%B5%D1%88%D0%BA%D0%B0-%D1%80%D0%BE%D0%B1%D0%B5%D0%B2%D0%B0-%D1%8F-%D1%81%D1%82%D0%B8%D0%B3%D0%B0-%D0%B8%D0%B7%D0%BF%D1%80%D0%BE%D1%81%D1%82%D1%8F%D1%85%D0%BC%D0%B5-%D0%BE%D0%BF%D1%80/ HTTP/1.1" 200 28296 "-" "Mozilla/5.0 (Linux; Android 6.0.1; Nexus 5X Build/MMB29P) AppleWebKit/537.36 (KHTML, like Gecko) Chrome/146.0.7680.177 Mobile Safari/537.36 (compatible; Googlebot/2.1; +http://www.google.com/bot.html)"
216.73.216.187 - - [05/Apr/2026:16:20:36 +0200] "GET /wp-content/cache/page_enhanced/netvesti.com/%d1%81%d1%86%d0%b5%d0%bd%d0%b0%d1%82%d0%b0-%d1%8f-%d0%bf%d1%80%d0%b5%d0%be%d0%b1%d1%80%d0%b0%d0%b7%d1%8f%d0%b2%d0%b0%d1%88%d0%b5-%d0%bc%d1%83%d1%82%d0%b0%d1%84%d0%be%d0%b2%d0%b0-%d0%bf%d1%80%d0%b5/?C=D&O=D HTTP/1.1" 200 413 "-" "Mozilla/5.0 AppleWebKit/537.36 (KHTML, like Gecko; compatible; ClaudeBot/1.0; +claudebot@anthropic.com)"
54.37.252.231 - - [05/Apr/2026:16:20:36 +0200] "GET /%D1%80%D0%B0%D0%B4%D0%B5%D0%B2-%D1%81%D1%8A%D1%81%D0%B5%D1%87%D0%B5-%D0%BA%D0%B8%D1%80%D0%B8%D0%BB-%D0%BF%D0%B5%D1%82%D0%BA%D0%BE%D0%B2-%D0%B2%D0%B8%D1%81%D0%BE%D0%BA%D0%B0%D1%82%D0%B0-%D1%86%D0%B5/ HTTP/1.1" 200 59722 "-" "Mozilla/5.0 (compatible; MJ12bot/v1.4.8; http://mj12bot.com/)"
185.191.171.17 - - [05/Apr/2026:16:20:37 +0200] "GET /tag/%D0%BA%D0%BE%D0%B9%D1%82%D0%BE-%D0%BD%D0%B5-%D1%81%D0%B8-%D1%85%D0%BE%D0%B4%D0%B8%D0%BB-%D0%B2%D0%BE%D0%B9%D0%BD%D0%B8%D0%BA/page/43/ HTTP/1.1" 200 16519 "-" "Mozilla/5.0 (compatible; SemrushBot/7~bl; +http://www.semrush.com/bot.html)"
54.37.252.231 - - [05/Apr/2026:16:20:38 +0200] "GET /%D1%80%D0%B0%D0%B4%D0%B5%D0%B2-%D1%89%D0%B5-%D0%B2%D1%80%D1%8A%D1%87%D0%B0-%D0%B2%D1%82%D0%BE%D1%80%D0%B8%D1%8F-%D0%BC%D0%B0%D0%BD%D0%B4%D0%B0%D1%82-%D1%81%D0%BB%D0%B5%D0%B4%D0%B2%D0%B0%D1%89%D0%B0/ HTTP/1.1" 200 23352 "-" "Mozilla/5.0 (compatible; MJ12bot/v1.4.8; http://mj12bot.com/)"
216.73.216.187 - - [05/Apr/2026:16:20:40 +0200] "GET /wp-content/cache/page_enhanced/netvesti.com/%d1%82%d1%80%d0%b5%d0%bd%d0%b8%d1%80%d0%b0%d0%b9-%d1%81-%d0%bd%d0%b0%d1%81-%d0%b9%d0%be%d0%b3%d0%b0-%d0%b7%d0%b0-%d1%82%d1%8f%d0%bb%d0%be%d1%82%d0%be-%d0%b8-%d1%83%d0%bc%d0%b0/?C=M&O=D HTTP/1.1" 200 417 "-" "Mozilla/5.0 AppleWebKit/537.36 (KHTML, like Gecko; compatible; ClaudeBot/1.0; +claudebot@anthropic.com)"
54.37.252.231 - - [05/Apr/2026:16:20:41 +0200] "GET /%D1%80%D0%B0%D0%B4%D0%B5%D0%B2-%D1%89%D0%B5-%D0%B8%D1%81%D0%BA%D0%B0%D0%BC-%D0%BF%D1%8A%D0%BB%D0%B5%D0%BD-%D0%BE%D1%82%D1%87%D0%B5%D1%82-%D0%BD%D0%B0-%D0%BE%D1%82%D0%BA%D1%80%D0%B0%D0%B4%D0%BD%D0%B0/ HTTP/1.1" 200 19608 "-" "Mozilla/5.0 (compatible; MJ12bot/v1.4.8; http://mj12bot.com/)"
54.37.252.231 - - [05/Apr/2026:16:20:43 +0200] "GET /%D1%80%D0%B0%D0%B4%D0%B5%D0%B2-ii-%D0%BD%D0%B0%D0%B9-%D1%81%D0%B8%D0%BB%D0%BD%D0%B8%D1%8F%D1%82-%D0%B8-%D0%BA%D0%BE%D0%BB%D0%BA%D0%BE%D1%82%D0%BE-%D0%BF%D0%BE-%D0%B1%D0%B0%D0%BB%D0%B0%D0%BD%D1%81/ HTTP/1.1" 200 45320 "-" "Mozilla/5.0 (compatible; MJ12bot/v1.4.8; http://mj12bot.com/)"
54.37.252.231 - - [05/Apr/2026:16:20:45 +0200] "GET /%D1%80%D1%83%D0%BC%D0%B5%D0%BD-%D1%80%D0%B0%D0%B4%D0%B5%D0%B2-%D0%B2%D0%B8%D0%B4%D1%8F%D1%85%D0%BC%D0%B5-%D0%BA%D0%B0%D0%BA-%D0%B7%D0%B0%D0%B3%D1%83%D0%B1%D0%B8%D0%BB%D0%BE-%D0%B4%D0%BE%D0%B2%D0%B5/ HTTP/1.1" 200 38342 "-" "Mozilla/5.0 (compatible; MJ12bot/v1.4.8; http://mj12bot.com/)"
216.73.216.187 - - [05/Apr/2026:16:20:46 +0200] "GET /wp-content/cache/page_enhanced/netvesti.com/2-%d0%b3%d0%be%d0%b4%d0%b8%d1%88%d0%bd%d0%be-%d0%bf%d0%be%d1%81%d1%82%d1%80%d0%b0%d0%b4%d0%b0-%d0%bf%d1%80%d0%b8-%d0%ba%d0%b0%d1%82%d0%b0%d1%81%d1%82%d1%80%d0%be%d1%84%d0%b0-%d0%b2-%d0%b4%d0%b8%d0%bc/?C=S&O=D HTTP/1.1" 200 415 "-" "Mozilla/5.0 AppleWebKit/537.36 (KHTML, like Gecko; compatible; ClaudeBot/1.0; +claudebot@anthropic.com)"
54.37.252.231 - - [05/Apr/2026:16:20:48 +0200] "GET /%D1%81%D0%B4%D1%80%D1%83%D0%B6%D0%B5%D0%BD%D0%B8%D0%B5-%D0%B4%D0%B0-%D0%B7%D0%B0%D0%BF%D0%B0%D0%B7%D0%B8%D0%BC-%D0%BA%D0%BE%D1%80%D0%B0%D0%BB-%D0%BA%D0%B8%D1%80%D0%B8%D0%BB-%D0%BF%D0%B5%D1%82/ HTTP/1.1" 200 29433 "-" "Mozilla/5.0 (compatible; MJ12bot/v1.4.8; http://mj12bot.com/)"
54.37.252.231 - - [05/Apr/2026:16:20:50 +0200] "GET /%D1%81%D0%BF%D0%B8%D1%80%D0%B0%D1%82-%D0%BE%D1%82%D1%81%D1%82%D1%8A%D0%BF%D0%BA%D0%B8%D1%82%D0%B5-%D0%BE%D1%82-25-%D1%81%D1%82%D0%BE%D1%82%D0%B8%D0%BD%D0%BA%D0%B8-%D0%B7%D0%B0-%D0%B3%D0%BE%D1%80%D0%B8/ HTTP/1.1" 200 55006 "-" "Mozilla/5.0 (compatible; MJ12bot/v1.4.8; http://mj12bot.com/)"
216.73.216.187 - - [05/Apr/2026:16:20:51 +0200] "GET /wp-content/cache/page_enhanced/netvesti.com/%d1%81%d1%86%d0%b5%d0%bd%d0%b0%d1%82%d0%b0-%d1%8f-%d0%bf%d1%80%d0%b5%d0%be%d0%b1%d1%80%d0%b0%d0%b7%d1%8f%d0%b2%d0%b0%d1%88%d0%b5-%d0%bc%d1%83%d1%82%d0%b0%d1%84%d0%be%d0%b2%d0%b0-%d0%bf%d1%80%d0%b5/?C=M&O=D HTTP/1.1" 200 413 "-" "Mozilla/5.0 AppleWebKit/537.36 (KHTML, like Gecko; compatible; ClaudeBot/1.0; +claudebot@anthropic.com)"
54.37.252.231 - - [05/Apr/2026:16:20:53 +0200] "GET /%D1%81-%D0%BF%D0%BE%D1%85%D0%BE%D0%B4-%D0%BA%D1%8A%D0%BC-%D1%87%D0%B5%D1%80%D0%BD%D0%B8-%D0%B2%D1%80%D1%8A%D1%85-%D1%80%D0%B0%D0%B4%D0%B5%D0%B2-%D0%B8-%D0%B9%D0%BE%D1%82%D0%BE%D0%B2%D0%B0-%D0%BE%D1%82/ HTTP/1.1" 200 37003 "-" "Mozilla/5.0 (compatible; MJ12bot/v1.4.8; http://mj12bot.com/)"
54.37.252.231 - - [05/Apr/2026:16:20:55 +0200] "GET /%D1%84%D0%B8%D1%86%D0%BE-%D0%BE%D1%82%D0%BA%D0%B0%D0%B7%D1%8A%D1%82-%D0%BD%D0%B0-%D0%B5%D1%81-%D0%BE%D1%82-%D1%80%D1%83%D1%81%D0%BA%D0%B8%D1%8F-%D0%B3%D0%B0%D0%B7-%D0%B7%D0%B0%D1%81%D1%82%D1%80%D0%B0/ HTTP/1.1" 200 37118 "-" "Mozilla/5.0 (compatible; MJ12bot/v1.4.8; http://mj12bot.com/)"
216.73.216.187 - - [05/Apr/2026:16:20:56 +0200] "GET /wp-content/cache/page_enhanced/netvesti.com/%d1%80%d0%b0%d0%b4%d0%b5%d0%b2-%d0%b1%d0%be%d1%80%d0%b8%d1%81%d0%be%d0%b2-%d0%bd%d0%b5-%d1%81%d0%b5-%d1%82%d1%80%d0%be%d0%b3%d0%bd%d0%b0-%d0%b7%d0%b0-%d0%b1%d0%b8%d1%82%d0%b8%d1%82%d0%b5-%d0%b1%d1%8a/?C=D&O=D HTTP/1.1" 200 421 "-" "Mozilla/5.0 AppleWebKit/537.36 (KHTML, like Gecko; compatible; ClaudeBot/1.0; +claudebot@anthropic.com)"
216.244.66.232 - - [05/Apr/2026:16:20:57 +0200] "GET /%D0%BF%D0%BE%D0%B3%D1%80%D0%B5%D0%B1%D0%B0%D1%85%D0%B0-%D0%B1%D1%8A%D0%BB%D0%B3%D0%B0%D1%80%D0%B8%D1%8F-%D0%BF%D1%8A%D1%80%D0%B2%D0%B0%D1%82%D0%B0-%D1%80%D0%B5%D0%BF%D1%83%D0%B1%D0%BB%D0%B8/ HTTP/1.1" 200 20929 "-" "Mozilla/5.0 (compatible; DotBot/1.2; +https://opensiteexplorer.org/dotbot; help@moz.com)"
54.37.252.231 - - [05/Apr/2026:16:20:57 +0200] "GET /%D1%87%D0%B0%D1%88%D0%B0%D1%82%D0%B0-%D0%BF%D1%80%D0%B5%D0%BB%D1%8F-%D1%80%D0%B0%D0%B4%D0%B5%D0%B2-%D0%B1%D0%B5%D1%81%D0%B5%D0%BD-%D0%BD%D0%B0-%D1%81%D0%B5%D0%B2%D0%B5%D1%80%D0%BD%D0%B0-%D0%BC%D0%B0/ HTTP/1.1" 200 44906 "-" "Mozilla/5.0 (compatible; MJ12bot/v1.4.8; http://mj12bot.com/)"
54.37.252.231 - - [05/Apr/2026:16:20:59 +0200] "GET /%D1%89%D0%B5-%D0%B1%D1%8A%D0%B4%D0%B0%D1%82-%D0%BB%D0%B8-%D1%87%D0%B5%D1%81%D1%82%D0%BD%D0%B8-%D0%BF%D1%80%D0%B5%D0%B7%D0%B8%D0%B4%D0%B5%D0%BD%D1%82%D1%81%D0%BA%D0%B8%D1%82%D0%B5-%D0%B8-%D0%B2%D1%8A/ HTTP/1.1" 200 32758 "-" "Mozilla/5.0 (compatible; MJ12bot/v1.4.8; http://mj12bot.com/)"
216.73.216.187 - - [05/Apr/2026:16:21:01 +0200] "GET /wp-content/cache/page_enhanced/netvesti.com/%d1%80%d0%b0%d0%b4%d0%b5%d0%b2-%d0%b1%d0%be%d1%80%d0%b8%d1%81%d0%be%d0%b2-%d0%bd%d0%b5-%d1%81%d0%b5-%d1%82%d1%80%d0%be%d0%b3%d0%bd%d0%b0-%d0%b7%d0%b0-%d0%b1%d0%b8%d1%82%d0%b8%d1%82%d0%b5-%d0%b1%d1%8a/?C=M&O=D HTTP/1.1" 200 421 "-" "Mozilla/5.0 AppleWebKit/537.36 (KHTML, like Gecko; compatible; ClaudeBot/1.0; +claudebot@anthropic.com)"
54.37.252.231 - - [05/Apr/2026:16:21:01 +0200] "GET /%D0%B1%D0%BE%D0%B9%D0%BA%D0%BE-%D1%80%D0%B0%D1%88%D0%BA%D0%BE%D0%B2-%D1%80%D0%B0%D0%B7%D0%BA%D1%80%D0%B8-%D0%BE%D0%B3%D1%80%D0%BE%D0%BC%D0%BD%D0%B8%D1%82%D0%B5-%D0%BA%D1%80%D0%B0%D0%B6%D0%B1%D0%B8/ HTTP/1.1" 502 150 "-" "Mozilla/5.0 (compatible; MJ12bot/v1.4.8; http://mj12bot.com/)"
52.167.144.234 - - [05/Apr/2026:16:21:06 +0200] "GET /wp-content/uploads/2024/01/gregerg-150x150.jpeg HTTP/1.1" 502 552 "-" "Mozilla/5.0 AppleWebKit/537.36 (KHTML, like Gecko; compatible; bingbot/2.0; +http://www.bing.com/bingbot.htm) Chrome/116.0.1938.76 Safari/537.36"
54.37.252.231 - - [05/Apr/2026:16:21:06 +0200] "GET /%D0%B4%D0%B0%D0%BB%D0%B0%D0%B2%D0%B5%D1%80%D0%B8-%D0%B7%D0%B0-%D0%BC%D0%B8%D0%BB%D0%B8%D0%BE%D0%BD%D0%B8-%D1%88%D0%BF%D0%B8%D0%BE%D0%BD%D0%B8%D1%80%D0%B0%D1%82-%D1%83%D1%87%D0%B5%D0%BD%D0%B8%D1%86/ HTTP/1.1" 502 150 "-" "Mozilla/5.0 (compatible; MJ12bot/v1.4.8; http://mj12bot.com/)"
216.73.216.187 - - [05/Apr/2026:16:21:07 +0200] "GET /wp-content/cache/page_enhanced/netvesti.com/%d1%81%d1%82%d0%be%d0%bb%d0%b8%d1%87%d0%bd%d0%b0%d1%82%d0%b0-%d0%be%d0%b1%d1%89%d0%b8%d0%bd%d0%b0-%d0%bf%d0%b0%d1%80%d0%ba%d0%be%d0%b2%d0%b5%d1%82%d0%b5-%d1%81%d0%b0-%d0%b7%d0%b0%d1%82%d0%b2%d0%be/?C=S&O=A HTTP/1.1" 200 420 "-" "Mozilla/5.0 AppleWebKit/537.36 (KHTML, like Gecko; compatible; ClaudeBot/1.0; +claudebot@anthropic.com)"
54.37.252.231 - - [05/Apr/2026:16:21:09 +0200] "GET /%D0%B8%D0%B2%D0%B0%D0%B9%D0%BB%D0%BE-%D0%BC%D0%B8%D1%80%D1%87%D0%B5%D0%B2-%D0%B4%D0%BD%D0%B5%D1%81-%D0%B1%D0%BE%D1%80%D0%B8%D1%81%D0%BE%D0%B2-%D0%B8%D0%B7%D1%80%D0%B5%D1%87%D0%B5-%D0%B4%D0%B5%D1%81/ HTTP/1.1" 200 22076 "-" "Mozilla/5.0 (compatible; MJ12bot/v1.4.8; http://mj12bot.com/)"
54.37.252.231 - - [05/Apr/2026:16:21:11 +0200] "GET /%D0%B9%D0%BE%D1%82%D0%BE%D0%B2%D0%B0-%D1%81%D0%BC%D1%8F%D1%82%D0%B0%D1%85-%D1%87%D0%B5-%D1%82%D0%B0%D0%B7%D0%B8-%D0%BA%D0%BE%D0%B0%D0%BB%D0%B8%D1%86%D0%B8%D1%8F-%D1%89%D0%B5-%D1%81%D0%B5-%D0%B7/ HTTP/1.1" 200 53964 "-" "Mozilla/5.0 (compatible; MJ12bot/v1.4.8; http://mj12bot.com/)"
216.73.216.187 - - [05/Apr/2026:16:21:11 +0200] "GET /wp-content/cache/page_enhanced/netvesti.com/%d1%80%d0%b0%d0%b4%d0%b5%d0%b2-%d1%81%d0%b5%d0%b3%d0%b0%d1%88%d0%bd%d0%be%d1%82%d0%be-%d1%83%d0%bf%d1%80%d0%b0%d0%b2%d0%bb%d0%b5%d0%bd%d0%b8%d0%b5-%d0%b2%d0%be%d0%b4%d0%b8-%d0%b4%d0%be-%d1%83%d1%80/?C=N&O=A HTTP/1.1" 200 410 "-" "Mozilla/5.0 AppleWebKit/537.36 (KHTML, like Gecko; compatible; ClaudeBot/1.0; +claudebot@anthropic.com)"
85.208.96.193 - - [05/Apr/2026:16:21:13 +0200] "GET /tag/%D0%B2%D0%B0%D0%B6%D0%BD%D0%B0-%D0%BF%D1%80%D0%BE%D0%BC%D1%8F%D0%BD%D0%B0-%D0%B2-%D0%BF%D0%BB%D0%B0%D1%89%D0%B0%D0%BD%D0%B5%D1%82%D0%BE-%D0%BD%D0%B0-%D1%81%D0%BC%D0%B5%D1%82%D0%BA%D0%B8%D1%82%D0%B5/page/4/ HTTP/1.1" 200 15256 "-" "Mozilla/5.0 (compatible; SemrushBot/7~bl; +http://www.semrush.com/bot.html)"
54.37.252.231 - - [05/Apr/2026:16:21:13 +0200] "GET /%D0%BF%D0%BE%D0%BB%D0%B8%D1%82%D0%B8%D1%86%D0%B8%D1%82%D0%B5-%D0%BC%D0%BE%D0%B3%D0%B0%D1%82-%D0%B4%D0%B0-%D0%B8%D0%B7%D0%BB%D1%8A%D0%B6%D0%B0%D1%82-%D0%BD%D0%B0%D1%81-%D0%BD%D0%BE-%D0%B8%D1%81%D1%82/ HTTP/1.1" 200 23632 "-" "Mozilla/5.0 (compatible; MJ12bot/v1.4.8; http://mj12bot.com/)"
51.195.215.25 - - [05/Apr/2026:16:21:15 +0200] "GET /tag/%D0%B4%D0%B0%D0%B2%D0%B0-%D0%BE%D1%86%D0%B5%D0%BD%D0%BA%D0%B0-%D0%BD%D0%B0-%D1%80%D0%B0%D0%B4%D0%B5%D0%B2/page/3/ HTTP/1.1" 200 16268 "-" "Mozilla/5.0 (compatible; AhrefsBot/7.0; +http://ahrefs.com/robot/)"
54.37.252.231 - - [05/Apr/2026:16:21:16 +0200] "GET /%D1%80%D1%83%D0%BC%D0%B5%D0%BD-%D1%80%D0%B0%D0%B4%D0%B5%D0%B2-%D0%BD%D0%B5%D0%BA%D0%B0-%D0%B4%D0%BD%D0%B5%D1%81-%D0%BF%D0%BE%D0%B7%D0%B4%D1%80%D0%B0%D0%B2%D0%B8%D0%BC-%D0%B2%D1%81%D0%B8%D1%87%D0%BA/ HTTP/1.1" 200 27877 "-" "Mozilla/5.0 (compatible; MJ12bot/v1.4.8; http://mj12bot.com/)"
216.73.216.187 - - [05/Apr/2026:16:21:16 +0200] "GET /wp-content/cache/page_enhanced/netvesti.com/%d1%80%d0%b0%d0%b4%d0%b5%d0%b2-%d0%b7%d0%b0-%d0%bd%d0%b0%d1%82%d0%be-%d0%bd%d0%b5-%d0%bc%d0%b5-%d0%b8%d0%bd%d1%82%d0%b5%d1%80%d0%b5%d1%81%d1%83%d0%b2%d0%b0%d1%82-%d0%bd%d0%b8%d0%ba%d0%b0%d0%ba%d0%b2/?C=D&O=A HTTP/1.1" 200 419 "-" "Mozilla/5.0 AppleWebKit/537.36 (KHTML, like Gecko; compatible; ClaudeBot/1.0; +claudebot@anthropic.com)"
43.157.179.227 - - [05/Apr/2026:16:21:17 +0200] "GET / HTTP/1.1" 301 0 "http://www.netvesti.com" "Mozilla/5.0 (iPhone; CPU iPhone OS 13_2_3 like Mac OS X) AppleWebKit/605.1.15 (KHTML, like Gecko) Version/13.0.3 Mobile/15E148 Safari/604.1"
54.37.252.231 - - [05/Apr/2026:16:21:18 +0200] "GET /%D1%80%D1%83%D0%BC%D0%B5%D0%BD-%D1%80%D0%B0%D0%B4%D0%B5%D0%B2-%D0%BD%D1%8F%D0%BC%D0%B0-%D0%B4%D0%B0-%D0%BF%D0%BE%D0%BC%D0%B8%D0%BB%D0%B2%D0%B0-%D0%B8%D0%B2%D0%B0%D0%BD%D1%87%D0%B5%D0%B2%D0%B0/ HTTP/1.1" 200 73902 "-" "Mozilla/5.0 (compatible; MJ12bot/v1.4.8; http://mj12bot.com/)"
43.157.179.227 - - [05/Apr/2026:16:21:19 +0200] "GET / HTTP/1.1" 200 15157 "https://www.netvesti.com/" "Mozilla/5.0 (iPhone; CPU iPhone OS 13_2_3 like Mac OS X) AppleWebKit/605.1.15 (KHTML, like Gecko) Version/13.0.3 Mobile/15E148 Safari/604.1"
54.37.252.231 - - [05/Apr/2026:16:21:20 +0200] "GET /%D1%80%D1%83%D0%BC%D0%B5%D0%BD-%D1%80%D0%B0%D0%B4%D0%B5%D0%B2-%D0%BE%D1%82%D1%81%D0%B5%D1%87%D0%B5-%D0%BD%D0%B5-%D0%B1%D1%8A%D0%BB%D0%B3%D0%B0%D1%80%D0%B8%D1%8F-%D0%BD%D1%8F%D0%BC%D0%B0-%D0%B4/ HTTP/1.1" 200 45488 "-" "Mozilla/5.0 (compatible; MJ12bot/v1.4.8; http://mj12bot.com/)"
216.73.216.187 - - [05/Apr/2026:16:21:21 +0200] "GET /wp-content/cache/page_enhanced/netvesti.com/%d1%82%d1%83%d1%80%d1%86%d0%b8%d1%8f-%d0%bf%d0%b0%d0%ba-%d0%b2%d1%8a%d0%b2%d0%b5%d0%b4%d0%b5-%d0%bf%d0%be%d0%bb%d0%b8%d1%86%d0%b5%d0%b9%d1%81%d0%ba%d0%b8-%d1%87%d0%b0%d1%81-%d0%b2-31-%d0%bf%d1%80/?C=S&O=A HTTP/1.1" 200 428 "-" "Mozilla/5.0 AppleWebKit/537.36 (KHTML, like Gecko; compatible; ClaudeBot/1.0; +claudebot@anthropic.com)"
54.37.252.231 - - [05/Apr/2026:16:21:23 +0200] "GET /%D1%80%D1%83%D0%BC%D0%B5%D0%BD-%D1%80%D0%B0%D0%B4%D0%B5%D0%B2-%D1%80%D0%B0%D0%B7%D0%BC%D0%B0%D1%85%D0%B0-%D0%BF%D1%80%D1%8A%D1%81%D1%82-%D0%BD%D0%B0-%D0%B5%D1%81-%D0%B7%D0%B0-%D1%81%D0%B0%D0%BD%D0%BA/ HTTP/1.1" 200 45744 "-" "Mozilla/5.0 (compatible; MJ12bot/v1.4.8; http://mj12bot.com/)"
54.37.252.231 - - [05/Apr/2026:16:21:25 +0200] "GET /%D1%81%D0%B0%D0%BC%D0%BE-%D0%B7%D0%B0-%D0%BC%D0%B5%D1%81%D0%B5%D1%86-%D1%81%D0%BB%D1%83%D0%B6%D0%B5%D0%B1%D0%BD%D0%BE%D1%82%D0%BE-%D0%BF%D1%80%D0%B0%D0%B2%D0%B8%D1%82%D0%B5%D0%BB%D1%81%D1%82%D0%B2/ HTTP/1.1" 200 21923 "-" "Mozilla/5.0 (compatible; MJ12bot/v1.4.8; http://mj12bot.com/)"
216.73.216.187 - - [05/Apr/2026:16:21:26 +0200] "GET /wp-content/cache/page_enhanced/netvesti.com/%d0%bf%d1%80%d0%be%d1%83%d1%87%d0%b2%d0%b0%d0%bd%d0%b5-%d0%bd%d0%b0-%d0%b5%d0%bf-64-%d0%be%d1%82-%d0%b1%d1%8a%d0%bb%d0%b3%d0%b0%d1%80%d0%b8%d1%82%d0%b5-%d1%81%d0%bc%d1%8f%d1%82%d0%b0%d1%82-%d0%b7/?C=N&O=A HTTP/1.1" 200 419 "-" "Mozilla/5.0 AppleWebKit/537.36 (KHTML, like Gecko; compatible; ClaudeBot/1.0; +claudebot@anthropic.com)"
116.179.37.232 - - [05/Apr/2026:16:21:27 +0200] "GET /wp-content/uploads/2023/12/boiko-reerg.jpeg HTTP/1.1" 200 23549 "https://netvesti.com/%D0%BA%D0%B0%D0%BA-%D0%BF%D0%BE%D0%BA%D1%80%D0%B8%D1%85%D0%B0-%D0%BA%D0%BE%D0%BA%D0%B0%D0%B8%D0%BD%D0%BE%D0%B2%D0%B0%D1%82%D0%B0-%D0%B0%D1%84%D0%B5%D1%80%D0%B0-%D0%B2%D0%B5%D1%80%D0%B8%D0%BB/" "Mozilla/5.0 (compatible; Baiduspider-render/2.0; +http://www.baidu.com/search/spider.html)"
216.73.216.187 - - [05/Apr/2026:16:21:31 +0200] "GET /wp-content/cache/page_enhanced/netvesti.com/%d0%bf%d1%83%d1%82%d0%b8%d0%bd-%d1%80%d0%be%d0%ba%d1%84%d0%b5%d0%bb%d0%b5%d1%80-%d0%b2%d0%b8-%d0%b3%d0%be-%d0%ba%d0%b0%d0%b7%d0%b0-%d0%b0%d0%ba%d0%be-%d0%b8%d1%81%d0%ba%d0%b0%d1%82%d0%b5/?C=D&O=A HTTP/1.1" 200 416 "-" "Mozilla/5.0 AppleWebKit/537.36 (KHTML, like Gecko; compatible; ClaudeBot/1.0; +claudebot@anthropic.com)"
47.128.27.227 - - [05/Apr/2026:16:21:34 +0200] "GET /category/%D0%B1%D1%8A%D0%BB%D0%B3%D0%B0%D1%80%D0%B8%D1%8F/page/273/?filter_by=random_posts HTTP/1.1" 200 16782 "-" "Mozilla/5.0 (Linux; Android 5.0) AppleWebKit/537.36 (KHTML, like Gecko) Mobile Safari/537.36 (compatible; Bytespider; spider-feedback@bytedance.com)"
216.73.216.187 - - [05/Apr/2026:16:21:36 +0200] "GET /wp-content/cache/page_enhanced/netvesti.com/%d0%bf%d1%80%d0%be%d1%84-%d0%b8%d0%b2%d0%be-%d1%85%d1%80%d0%b8%d1%81%d1%82%d0%be%d0%b2-%d1%81%d1%8a%d1%81%d1%82%d0%b0%d0%b2%d1%8a%d1%82-%d0%bd%d0%b0-%d0%b3%d0%b5%d1%80%d0%b1-%d0%b5-%d0%be%d1%82/?C=N&O=A HTTP/1.1" 200 422 "-" "Mozilla/5.0 AppleWebKit/537.36 (KHTML, like Gecko; compatible; ClaudeBot/1.0; +claudebot@anthropic.com)"
47.128.27.227 - - [05/Apr/2026:16:21:39 +0200] "GET /wp-content/uploads/2021/09/radev-pred-oon-zagrijeni-sme-ot-situaciata-v-afganistan-blizkia-iztok-i-ukraina-1-534x462.jpg HTTP/1.1" 200 40605 "https://netvesti.com/category/%D0%B1%D1%8A%D0%BB%D0%B3%D0%B0%D1%80%D0%B8%D1%8F/page/273/?filter_by=random_posts" "Mozilla/5.0 (Linux; Android 5.0) AppleWebKit/537.36 (KHTML, like Gecko) Mobile Safari/537.36 (compatible; Bytespider; spider-feedback@bytedance.com)"
216.73.216.187 - - [05/Apr/2026:16:21:41 +0200] "GET /wp-content/cache/page_enhanced/netvesti.com/%d1%80%d0%b0%d0%b4%d0%b5%d0%b2-%d0%b2%d0%bb%d0%b0%d1%81%d1%82%d1%82%d0%b0-%d1%81%d0%b5-%d0%be%d0%bf%d0%b8%d1%82%d0%b0-%d0%b4%d0%b0-%d0%bf%d0%be%d1%81%d1%82%d0%b0%d0%b2%d0%b8-%d0%bf%d0%be%d0%b4-%d0%ba/?C=S&O=A HTTP/1.1" 200 418 "-" "Mozilla/5.0 AppleWebKit/537.36 (KHTML, like Gecko; compatible; ClaudeBot/1.0; +claudebot@anthropic.com)"
47.128.27.227 - - [05/Apr/2026:16:21:44 +0200] "GET /wp-content/uploads/2024/10/1010x570-265x198.jpg HTTP/1.1" 200 9799 "https://netvesti.com/category/%D0%B1%D1%8A%D0%BB%D0%B3%D0%B0%D1%80%D0%B8%D1%8F/page/273/?filter_by=random_posts" "Mozilla/5.0 (Linux; Android 5.0) AppleWebKit/537.36 (KHTML, like Gecko) Mobile Safari/537.36 (compatible; Bytespider; spider-feedback@bytedance.com)"
47.128.27.227 - - [05/Apr/2026:16:21:45 +0200] "GET /wp-content/uploads/2020/11/pp-mir-265x198.jpg HTTP/1.1" 200 11685 "https://netvesti.com/category/%D0%B1%D1%8A%D0%BB%D0%B3%D0%B0%D1%80%D0%B8%D1%8F/page/273/?filter_by=random_posts" "Mozilla/5.0 (Linux; Android 5.0) AppleWebKit/537.36 (KHTML, like Gecko) Mobile Safari/537.36 (compatible; Bytespider; spider-feedback@bytedance.com)"
47.128.27.227 - - [05/Apr/2026:16:21:48 +0200] "GET /wp-content/uploads/2019/02/1495457368spahoteldevinrodopitegraddevin700x360-265x198.jpg HTTP/1.1" 200 19489 "https://netvesti.com/category/%D0%B1%D1%8A%D0%BB%D0%B3%D0%B0%D1%80%D0%B8%D1%8F/page/273/?filter_by=random_posts" "Mozilla/5.0 (Linux; Android 5.0) AppleWebKit/537.36 (KHTML, like Gecko) Mobile Safari/537.36 (compatible; Bytespider; spider-feedback@bytedance.com)"
47.128.27.227 - - [05/Apr/2026:16:21:48 +0200] "GET /wp-content/uploads/2021/09/phpeoda0a_559x345-324x160.jpg HTTP/1.1" 200 10803 "https://netvesti.com/category/%D0%B1%D1%8A%D0%BB%D0%B3%D0%B0%D1%80%D0%B8%D1%8F/page/273/?filter_by=random_posts" "Mozilla/5.0 (Linux; Android 5.0) AppleWebKit/537.36 (KHTML, like Gecko) Mobile Safari/537.36 (compatible; Bytespider; spider-feedback@bytedance.com)"
47.128.27.227 - - [05/Apr/2026:16:21:48 +0200] "GET /wp-content/uploads/2021/02/1702021-750x430-324x160.jpg HTTP/1.1" 200 12968 "https://netvesti.com/category/%D0%B1%D1%8A%D0%BB%D0%B3%D0%B0%D1%80%D0%B8%D1%8F/page/273/?filter_by=random_posts" "Mozilla/5.0 (Linux; Android 5.0) AppleWebKit/537.36 (KHTML, like Gecko) Mobile Safari/537.36 (compatible; Bytespider; spider-feedback@bytedance.com)"
47.128.27.227 - - [05/Apr/2026:16:21:48 +0200] "GET /wp-content/uploads/2023/05/340371816_1629380277529276_5319949456098986487_n-324x160.jpg HTTP/1.1" 200 9753 "https://netvesti.com/category/%D0%B1%D1%8A%D0%BB%D0%B3%D0%B0%D1%80%D0%B8%D1%8F/page/273/?filter_by=random_posts" "Mozilla/5.0 (Linux; Android 5.0) AppleWebKit/537.36 (KHTML, like Gecko) Mobile Safari/537.36 (compatible; Bytespider; spider-feedback@bytedance.com)"
47.128.27.227 - - [05/Apr/2026:16:21:48 +0200] "GET /wp-content/uploads/2022/07/052b0be95ab2225d441511e1296b3076-265x198.jpg HTTP/1.1" 200 7519 "https://netvesti.com/category/%D0%B1%D1%8A%D0%BB%D0%B3%D0%B0%D1%80%D0%B8%D1%8F/page/273/?filter_by=random_posts" "Mozilla/5.0 (Linux; Android 5.0) AppleWebKit/537.36 (KHTML, like Gecko) Mobile Safari/537.36 (compatible; Bytespider; spider-feedback@bytedance.com)"
47.128.27.227 - - [05/Apr/2026:16:21:48 +0200] "GET /wp-content/uploads/2024/08/warsdf-h-324x160.jpg HTTP/1.1" 200 6291 "https://netvesti.com/category/%D0%B1%D1%8A%D0%BB%D0%B3%D0%B0%D1%80%D0%B8%D1%8F/page/273/?filter_by=random_posts" "Mozilla/5.0 (Linux; Android 5.0) AppleWebKit/537.36 (KHTML, like Gecko) Mobile Safari/537.36 (compatible; Bytespider; spider-feedback@bytedance.com)"
47.128.27.227 - - [05/Apr/2026:16:21:48 +0200] "GET /wp-content/uploads/2024/02/khl-324x160.jpg HTTP/1.1" 200 7699 "https://netvesti.com/category/%D0%B1%D1%8A%D0%BB%D0%B3%D0%B0%D1%80%D0%B8%D1%8F/page/273/?filter_by=random_posts" "Mozilla/5.0 (Linux; Android 5.0) AppleWebKit/537.36 (KHTML, like Gecko) Mobile Safari/537.36 (compatible; Bytespider; spider-feedback@bytedance.com)"
47.128.27.227 - - [05/Apr/2026:16:21:48 +0200] "GET /wp-content/uploads/2021/01/php5zhd7o_800x_-324x160.jpg HTTP/1.1" 200 11954 "https://netvesti.com/category/%D0%B1%D1%8A%D0%BB%D0%B3%D0%B0%D1%80%D0%B8%D1%8F/page/273/?filter_by=random_posts" "Mozilla/5.0 (Linux; Android 5.0) AppleWebKit/537.36 (KHTML, like Gecko) Mobile Safari/537.36 (compatible; Bytespider; spider-feedback@bytedance.com)"
47.128.27.227 - - [05/Apr/2026:16:21:48 +0200] "GET /wp-content/uploads/2021/07/grgegrg-324x160.jpeg HTTP/1.1" 200 13975 "https://netvesti.com/category/%D0%B1%D1%8A%D0%BB%D0%B3%D0%B0%D1%80%D0%B8%D1%8F/page/273/?filter_by=random_posts" "Mozilla/5.0 (Linux; Android 5.0) AppleWebKit/537.36 (KHTML, like Gecko) Mobile Safari/537.36 (compatible; Bytespider; spider-feedback@bytedance.com)"
47.128.27.227 - - [05/Apr/2026:16:21:49 +0200] "GET /wp-content/uploads/2024/09/rumen-radev-324x160.jpg HTTP/1.1" 200 9013 "https://netvesti.com/category/%D0%B1%D1%8A%D0%BB%D0%B3%D0%B0%D1%80%D0%B8%D1%8F/page/273/?filter_by=random_posts" "Mozilla/5.0 (Linux; Android 5.0) AppleWebKit/537.36 (KHTML, like Gecko) Mobile Safari/537.36 (compatible; Bytespider; spider-feedback@bytedance.com)"
47.128.27.227 - - [05/Apr/2026:16:21:49 +0200] "GET /wp-content/uploads/2021/06/rumen-radev-poiska-proverka-na-incidenta-s-cheshnegirovo-2-324x160.jpg HTTP/1.1" 200 13096 "https://netvesti.com/category/%D0%B1%D1%8A%D0%BB%D0%B3%D0%B0%D1%80%D0%B8%D1%8F/page/273/?filter_by=random_posts" "Mozilla/5.0 (Linux; Android 5.0) AppleWebKit/537.36 (KHTML, like Gecko) Mobile Safari/537.36 (compatible; Bytespider; spider-feedback@bytedance.com)"
47.128.27.227 - - [05/Apr/2026:16:21:49 +0200] "GET /wp-content/uploads/2020/01/d0b1d0b5d0b1d0b5-d180d0bed0b4d0b5d0bdd0be-d181-32-d0bfd180d0bed0bcd0b8d0bbd0b0-d0bfd0bed187d0b8d0bdd0b0-d181d0b5d0b4d0bcd0b8d186d0b8-356x220.jpg HTTP/1.1" 200 12832 "https://netvesti.com/category/%D0%B1%D1%8A%D0%BB%D0%B3%D0%B0%D1%80%D0%B8%D1%8F/page/273/?filter_by=random_posts" "Mozilla/5.0 (Linux; Android 5.0) AppleWebKit/537.36 (KHTML, like Gecko) Mobile Safari/537.36 (compatible; Bytespider; spider-feedback@bytedance.com)"
47.128.27.227 - - [05/Apr/2026:16:21:49 +0200] "GET /wp-content/uploads/2024/09/sfdsdf-356x220.jpg HTTP/1.1" 200 17366 "https://netvesti.com/category/%D0%B1%D1%8A%D0%BB%D0%B3%D0%B0%D1%80%D0%B8%D1%8F/page/273/?filter_by=random_posts" "Mozilla/5.0 (Linux; Android 5.0) AppleWebKit/537.36 (KHTML, like Gecko) Mobile Safari/537.36 (compatible; Bytespider; spider-feedback@bytedance.com)"
47.128.27.227 - - [05/Apr/2026:16:21:49 +0200] "GET /wp-content/uploads/2020/06/d0bdd0b5-d0bfd180d0b8d0b5d185d0b0-d0b7d0b0-d0bbd0b5d187d0b5d0bdd0b8d0b5-d0b6d0b5d0bdd0b0-d0bed182-d181d18ad180d0bdd0b8d186d0b0-d0b7d0b0-356x220.jpg HTTP/1.1" 200 14895 "https://netvesti.com/category/%D0%B1%D1%8A%D0%BB%D0%B3%D0%B0%D1%80%D0%B8%D1%8F/page/273/?filter_by=random_posts" "Mozilla/5.0 (Linux; Android 5.0) AppleWebKit/537.36 (KHTML, like Gecko) Mobile Safari/537.36 (compatible; Bytespider; spider-feedback@bytedance.com)"
47.128.27.227 - - [05/Apr/2026:16:21:49 +0200] "GET /wp-content/uploads/2020/05/d181d0b8d0bbd0b5d0bd-d0b2d0b7d180d0b8d0b2-d0b8d0b7d0b1d183d185d0bdd0b0-d0b2-d0b7d0b0d0b2d0bed0b4-d0b0d180d181d0b5d0bdd0b0d0bb-356x220.jpg HTTP/1.1" 200 19776 "https://netvesti.com/category/%D0%B1%D1%8A%D0%BB%D0%B3%D0%B0%D1%80%D0%B8%D1%8F/page/273/?filter_by=random_posts" "Mozilla/5.0 (Linux; Android 5.0) AppleWebKit/537.36 (KHTML, like Gecko) Mobile Safari/537.36 (compatible; Bytespider; spider-feedback@bytedance.com)"
216.73.216.187 - - [05/Apr/2026:16:21:50 +0200] "GET /wp-content/cache/page_enhanced/netvesti.com/%d1%81%d0%bc%d0%b5%d0%bd%d0%b8-%d1%81%d0%b8-%d0%bc%d0%b0%d1%80%d1%88%d1%80%d1%83%d1%82%d0%b0-%d0%b7%d0%b0%d0%ba%d0%b0%d0%bd%d0%b8%d0%bb-%d1%81%d0%b5-%d0%bc%d1%8a%d0%b6%d1%8a%d1%82-%d0%b7%d0%b0/?C=M&O=D HTTP/1.1" 200 421 "-" "Mozilla/5.0 AppleWebKit/537.36 (KHTML, like Gecko; compatible; ClaudeBot/1.0; +claudebot@anthropic.com)"
47.128.27.227 - - [05/Apr/2026:16:21:51 +0200] "GET /wp-content/uploads/2020/04/d0b2d0bed0b4d0b0d182d0b0-d0bed182-d18fd0b7-d0b1d0b5d0bbd0bcd0b5d0bad0b5d0bd-d0bfd18ad0bbd0bdd0b8-d180d0b5d0b7d0b5d180d0b2d0bed0b0d180-356x220.jpg HTTP/1.1" 200 16371 "https://netvesti.com/category/%D0%B1%D1%8A%D0%BB%D0%B3%D0%B0%D1%80%D0%B8%D1%8F/page/273/?filter_by=random_posts" "Mozilla/5.0 (Linux; Android 5.0) AppleWebKit/537.36 (KHTML, like Gecko) Mobile Safari/537.36 (compatible; Bytespider; spider-feedback@bytedance.com)"
216.73.216.187 - - [05/Apr/2026:16:21:51 +0200] "GET /wp-content/cache/page_enhanced/netvesti.com/%d1%81%d1%82%d1%83%d0%b4%d0%b5%d0%bd%d1%82%d0%b8-%d0%b2%d0%bd%d0%b0%d1%81%d1%8f%d1%82-%d0%bf%d0%be-100-%d0%bc%d0%bb%d0%bd-%d0%bb%d0%b5%d0%b2%d0%b0-%d1%83-%d0%bd%d0%b0%d1%81-%d1%81%d0%bb%d0%b5%d0%b4/?C=M&O=D HTTP/1.1" 200 427 "-" "Mozilla/5.0 AppleWebKit/537.36 (KHTML, like Gecko; compatible; ClaudeBot/1.0; +claudebot@anthropic.com)"
216.73.216.187 - - [05/Apr/2026:16:21:56 +0200] "GET /wp-content/cache/page_enhanced/netvesti.com/%d0%bf%d1%80%d0%be%d1%84-%d0%ba%d0%b0%d0%bd%d1%82%d0%b0%d1%80%d0%b4%d0%b6%d0%b8%d0%b5%d0%b2-%d0%b7%d0%b0-%d0%ba%d0%be%d1%80%d0%be%d0%bd%d0%b0%d0%b2%d0%b8%d1%80%d1%83%d1%81%d0%b0-%d0%bd%d0%b8%d1%89/?C=M&O=D HTTP/1.1" 200 417 "-" "Mozilla/5.0 AppleWebKit/537.36 (KHTML, like Gecko; compatible; ClaudeBot/1.0; +claudebot@anthropic.com)"
216.73.216.187 - - [05/Apr/2026:16:22:01 +0200] "GET /wp-content/cache/page_enhanced/netvesti.com/%d0%b1%d0%b5%d0%b1%d0%b5-%d0%bd%d0%b0-4-%d0%bc%d0%b5%d1%81%d0%b5%d1%86%d0%b0-%d0%b5-%d1%81-%d0%ba%d0%be%d1%80%d0%be%d0%bd%d0%b0%d0%b2%d0%b8%d1%80%d1%83%d1%81-%d0%b2-%d0%b1%d0%be%d0%bb%d0%bd%d0%b8/?C=D&O=D HTTP/1.1" 502 150 "-" "Mozilla/5.0 AppleWebKit/537.36 (KHTML, like Gecko; compatible; ClaudeBot/1.0; +claudebot@anthropic.com)"
51.195.183.10 - - [05/Apr/2026:16:22:04 +0200] "GET /tag/%D1%80%D1%83%D0%BC%D0%B5%D0%BD-%D1%80%D0%B0%D0%B4%D0%B5%D0%B2-%D1%81%D0%BC%D0%BB%D1%8F-%D0%BF%D0%B5%D1%82%D0%BA%D0%BE%D0%B2/page/3/ HTTP/1.1" 200 16292 "-" "Mozilla/5.0 (compatible; AhrefsBot/7.0; +http://ahrefs.com/robot/)"
216.73.216.187 - - [05/Apr/2026:16:22:06 +0200] "GET /wp-content/cache/page_enhanced/netvesti.com/%d1%82%d0%b0%d0%bd%d0%b5%d0%b2%d0%b0-%d0%ba%d0%be%d1%80%d0%be%d0%bd%d0%b0%d0%b2%d0%b8%d1%80%d1%83%d1%81%d1%8a%d1%82-%d0%bd%d0%b5-%d1%81%d0%b5-%d0%bf%d1%80%d0%b5%d0%bd%d0%b0%d1%81%d1%8f-%d1%87%d1%80/?C=D&O=D HTTP/1.1" 200 422 "-" "Mozilla/5.0 AppleWebKit/537.36 (KHTML, like Gecko; compatible; ClaudeBot/1.0; +claudebot@anthropic.com)"
216.73.216.187 - - [05/Apr/2026:16:22:11 +0200] "GET /wp-content/cache/page_enhanced/netvesti.com/%d1%82%d0%be%d0%b2%d0%b0-%d0%b5-%d0%b7%d0%b2%d0%b5%d1%80%d1%81%d0%ba%d0%b8-%d0%b3%d1%80%d0%b0%d0%b1%d0%b5%d0%b6-%d0%be%d1%82-%d0%b2%d1%81%d0%b5%d0%ba%d0%b8-%d0%bc%d1%8a%d0%b6-60-000-%d0%bb/?C=S&O=D HTTP/1.1" 200 416 "-" "Mozilla/5.0 AppleWebKit/537.36 (KHTML, like Gecko; compatible; ClaudeBot/1.0; +claudebot@anthropic.com)"
116.179.32.115 - - [05/Apr/2026:16:22:15 +0200] "GET /tag/%D0%BF%D0%B0%D0%B4%D0%BD%D0%B0%D0%BB-%D0%B2-%D1%81%D1%82%D1%80%D0%B0%D1%81%D1%82%D0%B8-%D0%B8-%D0%B3%D1%80%D0%B5%D1%85%D0%BE%D0%B2%D0%B5/ HTTP/1.1" 200 13544 "-" "Mozilla/5.0 (compatible; Baiduspider/2.0; +http://www.baidu.com/search/spider.html)"
216.73.216.187 - - [05/Apr/2026:16:22:16 +0200] "GET /wp-content/cache/page_enhanced/netvesti.com/%d0%b1%d0%b0%d0%b9-%d1%82%d0%be%d1%88%d0%be-%d0%b1%d1%80%d0%b8%d0%b3%d0%b0%d0%b4%d0%b8%d1%82%d0%b5-%d1%83%d0%ba%d1%80%d0%b5%d0%bf%d0%b2%d0%b0%d1%85%d0%b0-%d0%b4%d0%b5%d1%86%d0%b0%d1%82%d0%b0/?C=M&O=D HTTP/1.1" 200 426 "-" "Mozilla/5.0 AppleWebKit/537.36 (KHTML, like Gecko; compatible; ClaudeBot/1.0; +claudebot@anthropic.com)"
137.184.137.128 - - [05/Apr/2026:16:22:17 +0200] "GET /wp-content/uploads/2021/01/radev-regiperg-356x220.jpg HTTP/1.1" 200 17146 "https://netvesti.com/" "Mozilla/5.0 (Windows NT 10.0; Win64; x64) AppleWebKit/537.36 (KHTML, like Gecko) Chrome/133.0.0.0 Safari/537.36"
