216.73.216.187 - - [05/Apr/2026:15:54:25 +0200] "GET /wp-content/uploads/2020/05/d0b2-d180d183d0bcd18ad0bdd0b8d18f-d0bcd0bed0bbd0bed0b2d0b5d182d0b5-d0bfd0bed181d182d0b5d0bfd0b5d0bdd0bdd0be-d0bed182d0b2d0b0d180d18f-265x198.jpg HTTP/1.1" 200 12698 "-" "Mozilla/5.0 AppleWebKit/537.36 (KHTML, like Gecko; compatible; ClaudeBot/1.0; +claudebot@anthropic.com)"
216.73.216.187 - - [05/Apr/2026:15:54:30 +0200] "GET /wp-content/uploads/2020/06/d0bcd18ad0bbd0bdd0b8d18f-d0bed181d182d0b0d0b2d0b8-d0b2d18ad0b7d180d0b0d181d182d0b2d0be-d181d0b5d0bcd0b5d0b9d181d182d0b2d0be-d0bed182-324x235.jpg HTTP/1.1" 200 9948 "-" "Mozilla/5.0 AppleWebKit/537.36 (KHTML, like Gecko; compatible; ClaudeBot/1.0; +claudebot@anthropic.com)"
216.73.216.187 - - [05/Apr/2026:15:54:35 +0200] "GET /wp-content/uploads/2021/08/tokyo_gimnastichki_zlato_bgnes-696x385.jpg HTTP/1.1" 200 69481 "-" "Mozilla/5.0 AppleWebKit/537.36 (KHTML, like Gecko; compatible; ClaudeBot/1.0; +claudebot@anthropic.com)"
198.244.183.14 - - [05/Apr/2026:15:54:37 +0200] "GET /tag/%D0%B8%D1%82%D0%B0%D0%BB%D0%B8%D1%8F-%D0%B8-%D0%B8%D1%81%D0%BF%D0%B0%D0%BD%D0%B8%D1%8F-%D0%BE%D1%82%D1%80%D1%8F%D0%B7%D0%B0%D1%85%D0%B0-%D0%BA%D0%B0%D1%8F-%D0%BA%D0%B0%D0%BB%D0%B0%D1%81/page/8/ HTTP/1.1" 200 16596 "-" "Mozilla/5.0 (compatible; AhrefsBot/7.0; +http://ahrefs.com/robot/)"
216.73.216.187 - - [05/Apr/2026:15:54:40 +0200] "GET /wp-content/uploads/2020/07/d0bdd0b0d0bfd180d0b5d0b6d0b5d0bdd0b8d0b5d182d0be-d0bfd0be-d0b3d180d0b0d0bdd0b8d186d0b0d182d0b0-d0bcd0b5d0b6d0b4d183-d0b0d0b7d0b5d180-324x235.jpg HTTP/1.1" 200 13240 "-" "Mozilla/5.0 AppleWebKit/537.36 (KHTML, like Gecko; compatible; ClaudeBot/1.0; +claudebot@anthropic.com)"
216.73.216.187 - - [05/Apr/2026:15:54:45 +0200] "GET /wp-content/uploads/2020/08/corosel_991-ratio-bojko-borisov22-768x432.jpg HTTP/1.1" 200 51883 "-" "Mozilla/5.0 AppleWebKit/537.36 (KHTML, like Gecko; compatible; ClaudeBot/1.0; +claudebot@anthropic.com)"
216.73.216.187 - - [05/Apr/2026:15:54:50 +0200] "GET /wp-content/uploads/2024/03/1709458052-r-orig-orig-shipka-2-80x60.jpg HTTP/1.1" 200 2405 "-" "Mozilla/5.0 AppleWebKit/537.36 (KHTML, like Gecko; compatible; ClaudeBot/1.0; +claudebot@anthropic.com)"
216.73.216.187 - - [05/Apr/2026:15:54:55 +0200] "GET /wp-content/uploads/2020/07/d0bed0b3d180d0b0d0b1d0b8d185d0b0-13-d0b3d0bed0b4d0b8d188d0bdd0be-d0bcd0bed0bcd187d0b5-d0b2-d0bfd0b0d180d0ba-d0b2-d0b1d0bbd0b0d0b3d0be-80x60.jpg HTTP/1.1" 200 2111 "-" "Mozilla/5.0 AppleWebKit/537.36 (KHTML, like Gecko; compatible; ClaudeBot/1.0; +claudebot@anthropic.com)"
216.73.216.187 - - [05/Apr/2026:15:55:00 +0200] "GET /wp-content/uploads/2020/05/d181d0bfd0bed180d0b5d0b4-d0b7d0bed0b4d0b8d18fd182d0b0-d0bad0bed18f-d0bfd0bbd0b0d0bdd0b5d182d0b0-d0b2d0b8-d183d0bfd180d0b0d0b2d0bbd18f-533x261.jpg HTTP/1.1" 200 30678 "-" "Mozilla/5.0 AppleWebKit/537.36 (KHTML, like Gecko; compatible; ClaudeBot/1.0; +claudebot@anthropic.com)"
66.249.77.64 - - [05/Apr/2026:15:55:01 +0200] "GET /wp-content/uploads/2022/08/300206894_370564188583614_3936788742856390961_n-356x220.jpg HTTP/1.1" 502 150 "-" "Googlebot-Image/1.0"
66.249.77.64 - - [05/Apr/2026:15:55:06 +0200] "GET /category/%D0%B1%D1%8A%D0%BB%D0%B3%D0%B0%D1%80%D0%B8%D1%8F/page/42/ HTTP/1.1" 200 16424 "-" "Mozilla/5.0 (Linux; Android 6.0.1; Nexus 5X Build/MMB29P) AppleWebKit/537.36 (KHTML, like Gecko) Chrome/146.0.7680.177 Mobile Safari/537.36 (compatible; Googlebot/2.1; +http://www.google.com/bot.html)"
216.73.216.187 - - [05/Apr/2026:15:55:07 +0200] "GET /wp-content/cache/page_enhanced/netvesti.com/%d1%81%d1%84%d1%84-%d1%81-%d1%84%d0%b5%d1%81%d1%82%d0%b8%d0%b2%d0%b0%d0%bb%d0%b5%d0%bd-%d0%b4%d0%bd%d0%b5%d0%b2%d0%bd%d0%b8%d0%ba-%d0%b4%d0%b5%d0%bd-%d1%81%d0%b5%d0%b4%d0%bc%d0%b8/_index_ssl.html_gzip_old HTTP/1.1" 200 22116 "-" "Mozilla/5.0 AppleWebKit/537.36 (KHTML, like Gecko; compatible; ClaudeBot/1.0; +claudebot@anthropic.com)"
216.73.216.187 - - [05/Apr/2026:15:55:10 +0200] "GET /wp-content/cache/page_enhanced/netvesti.com/%d1%81%d1%80%d0%b5%d0%b4%d0%bd%d0%b0%d1%82%d0%b0-%d0%b2%d1%8a%d0%b7%d1%80%d0%b0%d1%81%d1%82-%d0%bd%d0%b0-%d0%bb%d0%b5%d0%ba%d0%b0%d1%80%d0%b8%d1%82%d0%b5-%d0%b2%d1%8a%d0%b2-%d0%b2%d0%b8%d0%b4%d0%b8/_index_ssl.html_old HTTP/1.1" 200 114022 "-" "Mozilla/5.0 AppleWebKit/537.36 (KHTML, like Gecko; compatible; ClaudeBot/1.0; +claudebot@anthropic.com)"
216.73.216.187 - - [05/Apr/2026:15:55:15 +0200] "GET /wp-content/cache/page_enhanced/netvesti.com/%d1%80%d0%b0%d0%b4%d0%b5%d0%b2-%d0%b2%d1%80%d0%b5%d0%bc%d0%b5-%d0%b5-%d0%b4%d0%b0-%d0%be%d0%b1%d1%8a%d1%80%d0%bd%d0%b5%d0%bc-%d0%b2%d1%80%d0%b5%d0%bc%d0%b5%d1%82%d0%be-%d0%b7%d0%b0-%d0%b4%d0%b0/_index_ssl.html_old HTTP/1.1" 200 169284 "-" "Mozilla/5.0 AppleWebKit/537.36 (KHTML, like Gecko; compatible; ClaudeBot/1.0; +claudebot@anthropic.com)"
216.73.216.187 - - [05/Apr/2026:15:55:20 +0200] "GET /wp-content/cache/page_enhanced/netvesti.com/%d0%b1%d0%b8%d0%be%d0%b7%d0%b5%d0%bc%d0%b5%d0%b4%d0%b5%d0%bb%d0%b8%d0%b5%d1%82%d0%be-%d0%bc%d0%be%d0%b6%d0%b5-%d0%b4%d0%b0-%d0%b8%d0%b7%d1%85%d1%80%d0%b0%d0%bd%d0%b8-%d1%86%d1%8f%d0%bb%d0%be%d1%82/_index_ssl.html_old HTTP/1.1" 200 114806 "-" "Mozilla/5.0 AppleWebKit/537.36 (KHTML, like Gecko; compatible; ClaudeBot/1.0; +claudebot@anthropic.com)"
216.73.216.187 - - [05/Apr/2026:15:55:25 +0200] "GET /wp-content/cache/page_enhanced/netvesti.com/%d0%b4%d0%b0%d0%bd%d0%b8%d0%b5%d0%bb-%d0%b1%d0%be%d0%b6%d0%b8%d0%bb%d0%be%d0%b2-%d1%83%d0%b1%d0%b5%d0%b6%d0%b4%d0%b0%d0%b2%d0%b0%d0%bc-%d1%81%d0%b5-%d1%87%d0%b5-%d0%bd%d0%b5-%d0%b1%d1%8a%d0%bb%d0%b3/_index_ssl.html_old HTTP/1.1" 200 488213 "-" "Mozilla/5.0 AppleWebKit/537.36 (KHTML, like Gecko; compatible; ClaudeBot/1.0; +claudebot@anthropic.com)"
119.249.100.172 - - [05/Apr/2026:15:55:28 +0200] "GET /wp-content/uploads/2023/07/960x540-1-1-324x160.jpg HTTP/1.1" 200 13589 "-" "Mozilla/5.0 (Windows NT 10.0; WOW64) AppleWebKit/537.36 (KHTML, like Gecko) Chrome/48.0.2564.116 Safari/537.36"
85.208.96.204 - - [05/Apr/2026:15:55:29 +0200] "GET /tag/%D0%B7%D0%B0-%D0%BA%D0%BE%D1%8F-%D1%80%D1%83%D1%81%D0%B8%D1%8F-%D1%81%D1%82%D0%B0%D0%B2%D0%B0-%D0%B4%D1%83%D0%BC%D0%B0/page/25/ HTTP/1.1" 200 16111 "-" "Mozilla/5.0 (compatible; SemrushBot/7~bl; +http://www.semrush.com/bot.html)"
216.73.216.187 - - [05/Apr/2026:15:55:31 +0200] "GET /wp-content/cache/page_enhanced/netvesti.com/%d1%82%d1%80%d0%b8-%d0%b4%d0%bd%d0%b8-%d0%bf%d1%80%d0%b0%d0%b2%d0%b8%d0%bb%d0%b8-%d0%bc%d0%b5%d0%bc%d0%be%d1%80%d0%b8%d0%b0%d0%bb%d0%bd%d0%b8%d1%8f-%d0%b3%d1%80%d0%b0%d1%84%d0%b8%d1%82-%d0%bd%d0%b0/_index_ssl.html_gzip_old HTTP/1.1" 200 21122 "-" "Mozilla/5.0 AppleWebKit/537.36 (KHTML, like Gecko; compatible; ClaudeBot/1.0; +claudebot@anthropic.com)"
216.73.216.187 - - [05/Apr/2026:15:55:36 +0200] "GET /wp-content/cache/page_enhanced/netvesti.com/%d0%b9%d0%be%d1%80%d0%b4%d0%b0%d0%bd%d0%ba%d0%b0-%d1%84%d0%b0%d0%bd%d0%b4%d1%8a%d0%ba%d0%be%d0%b2%d0%b0-%d0%bc%d0%b5%d0%b4%d0%b8%d1%86%d0%b8%d1%82%d0%b5-%d1%81%d0%b0-%d0%bd%d0%b0%d1%88%d0%b8%d1%82/_index_ssl.html_old HTTP/1.1" 200 111667 "-" "Mozilla/5.0 AppleWebKit/537.36 (KHTML, like Gecko; compatible; ClaudeBot/1.0; +claudebot@anthropic.com)"
216.73.216.187 - - [05/Apr/2026:15:55:41 +0200] "GET /wp-content/cache/page_enhanced/netvesti.com/%d1%83%d0%b1%d0%be%d0%b6%d0%b4%d0%b0%d0%bd%d0%b5%d1%82%d0%be-%d0%bf%d1%80%d0%b8-%d0%bf%d0%be%d1%81%d1%82%d0%b0%d0%b2%d1%8f%d0%bd%d0%b5-%d0%bd%d0%b0-%d0%b2%d0%b0%d0%ba%d1%81%d0%b8%d0%bd%d0%b0-%d0%bd/_index_ssl.html_old HTTP/1.1" 200 131959 "-" "Mozilla/5.0 AppleWebKit/537.36 (KHTML, like Gecko; compatible; ClaudeBot/1.0; +claudebot@anthropic.com)"
17.246.15.124 - - [05/Apr/2026:15:55:42 +0200] "GET /tag/%D1%80%D1%83%D0%BC%D0%B5%D0%BD-%D1%80%D0%B0%D0%B4%D0%B5%D0%B2-%D1%81%D0%B5-%D0%B8%D0%B7%D0%B2%D1%8A%D1%80%D1%82%D1%8F-%D1%80%D0%B0%D0%B7%D0%BA%D0%B0%D1%80%D0%B0-%D1%81%D0%B0%D1%89/page/2/ HTTP/1.1" 200 16638 "-" "Mozilla/5.0 (Macintosh; Intel Mac OS X 10_15_7) AppleWebKit/605.1.15 (KHTML, like Gecko) Version/17.4 Safari/605.1.15 (Applebot/0.1; +http://www.apple.com/go/applebot)"
216.73.216.187 - - [05/Apr/2026:15:55:46 +0200] "GET /wp-content/cache/page_enhanced/netvesti.com/%d0%bf%d1%83%d1%82%d0%b8%d0%bd-%d0%bf%d1%80%d0%b5%d0%b4%d1%83%d0%bf%d1%80%d0%b5%d0%b4%d0%b8-%d0%bd%d0%b8%d1%82%d0%be-%d0%b5%d0%b4%d0%bd%d0%b0-%d0%b4%d1%8a%d1%80%d0%b6%d0%b0%d0%b2%d0%b0-%d0%b4%d0%b0/_index_ssl.html_old HTTP/1.1" 200 114127 "-" "Mozilla/5.0 AppleWebKit/537.36 (KHTML, like Gecko; compatible; ClaudeBot/1.0; +claudebot@anthropic.com)"
216.73.216.187 - - [05/Apr/2026:15:55:51 +0200] "GET /wp-content/cache/page_enhanced/netvesti.com/%d0%bf%d1%80%d0%be%d1%84-%d0%b8%d0%b2%d0%b0%d0%b9%d0%bb%d0%be-%d0%b4%d0%b8%d1%87%d0%b5%d0%b2-%d0%b0%d0%ba%d0%be-%d1%81%d0%b5-%d0%b2%d0%bb%d0%b0%d1%87%d0%b8%d0%bc-%d0%b4%d0%be-%d0%bf%d1%80%d0%be/_index_ssl.html_old HTTP/1.1" 200 116098 "-" "Mozilla/5.0 AppleWebKit/537.36 (KHTML, like Gecko; compatible; ClaudeBot/1.0; +claudebot@anthropic.com)"
185.134.178.31 - - [05/Apr/2026:15:55:55 +0200] "GET /%D0%BF%D0%BE%D1%82%D0%B2%D1%8A%D1%80%D0%B4%D0%B5%D0%BD%D0%BE-%D1%80%D1%83%D0%BC%D0%B5%D0%BD-%D1%80%D0%B0%D0%B4%D0%B5%D0%B2-%D0%B5-%D1%87%D0%BE%D0%B2%D0%B5%D0%BA-%D0%BE%D1%82-%D0%BD%D0%B0%D1%80%D0%BE/ HTTP/1.1" 200 36372 "-" "Mozilla/5.0 (Macintosh; Intel Mac OS X 10_11_6) AppleWebKit/537.36 (KHTML, like Gecko) Chrome/66.0.3359.170 Safari/537.36"
216.73.216.187 - - [05/Apr/2026:15:55:56 +0200] "GET /wp-content/cache/page_enhanced/netvesti.com/%d0%bf%d1%80%d0%b8%d0%b5%d0%bc%d0%b0%d0%bd%d0%b5%d1%82%d0%be-%d0%bd%d0%b0-%d0%b5%d0%b2%d1%80%d0%be%d1%82%d0%be-%d0%b5-%d0%b7%d0%b0-%d0%b4%d0%be%d0%b1%d1%80%d0%be%d1%82%d0%be-%d0%bd%d0%b0-%d0%b1%d1%8a/_index_ssl.html_old HTTP/1.1" 200 113494 "-" "Mozilla/5.0 AppleWebKit/537.36 (KHTML, like Gecko; compatible; ClaudeBot/1.0; +claudebot@anthropic.com)"
216.73.216.187 - - [05/Apr/2026:15:56:01 +0200] "GET /wp-content/cache/page_enhanced/netvesti.com/%d1%82%d0%b5%d0%bc%d0%b5%d0%bd%d1%83%d0%b6%d0%ba%d0%b0-%d0%bf%d0%b5%d1%82%d0%ba%d0%be%d0%b2%d0%b0-%d0%b0%d0%b5%d1%86-%d0%b1%d0%b5%d0%bb%d0%b5%d0%bd%d0%b5-%d0%bd%d0%b8-%d0%b5-%d1%81%d1%82%d1%80/_index_ssl.html_old HTTP/1.1" 200 113110 "-" "Mozilla/5.0 AppleWebKit/537.36 (KHTML, like Gecko; compatible; ClaudeBot/1.0; +claudebot@anthropic.com)"
85.208.96.211 - - [05/Apr/2026:15:56:03 +0200] "GET /tag/%D0%B1%D0%BE%D0%B9%D0%BA%D0%BE-%D0%BC%D0%B8%D0%BD%D0%B0-%D0%BD%D0%B0-%D1%83%D1%81%D0%BF%D0%BE%D0%BA%D0%BE%D0%B8%D1%82%D0%B5%D0%BB%D0%BD%D0%B8/page/80/ HTTP/1.1" 200 16468 "-" "Mozilla/5.0 (compatible; SemrushBot/7~bl; +http://www.semrush.com/bot.html)"
216.73.216.187 - - [05/Apr/2026:15:56:06 +0200] "GET /wp-content/cache/page_enhanced/netvesti.com/%d1%81%d1%8a%d0%bf%d1%80%d1%83%d0%b3%d0%b0%d1%82%d0%b0-%d0%bd%d0%b0-%d0%bc%d0%b0%d0%b9%d0%be%d1%80-%d1%82%d0%b5%d1%80%d0%b7%d0%b8%d0%b5%d0%b2-%d0%b2%d0%b4%d0%b8%d0%b3%d0%bd%d0%b0-%d1%86%d1%8f%d0%bb/_index_ssl.html_old HTTP/1.1" 200 126043 "-" "Mozilla/5.0 AppleWebKit/537.36 (KHTML, like Gecko; compatible; ClaudeBot/1.0; +claudebot@anthropic.com)"
216.73.216.187 - - [05/Apr/2026:15:56:11 +0200] "GET /wp-content/cache/page_enhanced/netvesti.com/%d0%b1%d0%be%d1%80%d0%b8%d1%81%d0%be%d0%b2-%d0%b7%d0%b0%d1%8f%d0%b6%d0%b4%d0%b0%d1%82-%d0%bc%d0%b5-%d0%b7%d0%b0-%d0%bc%d0%be%d1%8f%d1%82%d0%b0-%d0%b4%d0%b8%d0%bf%d0%bb%d0%be%d0%bc%d0%b0%d1%86%d0%b8/_index_ssl.html_old HTTP/1.1" 200 117434 "-" "Mozilla/5.0 AppleWebKit/537.36 (KHTML, like Gecko; compatible; ClaudeBot/1.0; +claudebot@anthropic.com)"
66.249.77.65 - - [05/Apr/2026:15:56:15 +0200] "GET /post-sitemap3.xml HTTP/1.1" 200 137238 "-" "Mozilla/5.0 (compatible; Googlebot/2.1; +http://www.google.com/bot.html)"
91.92.243.248 - - [05/Apr/2026:15:56:17 +0200] "POST /wp-login.php HTTP/1.1" 200 1539 "-" "Mozilla/5.0"
91.92.243.248 - - [05/Apr/2026:15:56:17 +0200] "POST /wp-login.php HTTP/1.1" 200 1554 "-" "Mozilla/5.0"
91.92.243.248 - - [05/Apr/2026:15:56:17 +0200] "POST /wp-login.php HTTP/1.1" 200 1550 "-" "Mozilla/5.0"
91.92.243.248 - - [05/Apr/2026:15:56:17 +0200] "POST /wp-login.php HTTP/1.1" 200 1551 "-" "Mozilla/5.0"
91.92.243.248 - - [05/Apr/2026:15:56:17 +0200] "POST /wp-login.php HTTP/1.1" 200 1552 "-" "Mozilla/5.0"
91.92.243.248 - - [05/Apr/2026:15:56:17 +0200] "POST /wp-login.php HTTP/1.1" 200 1552 "-" "Mozilla/5.0"
91.92.243.248 - - [05/Apr/2026:15:56:17 +0200] "POST /wp-login.php HTTP/1.1" 200 1554 "-" "Mozilla/5.0"
91.92.243.248 - - [05/Apr/2026:15:56:17 +0200] "POST /wp-login.php HTTP/1.1" 200 1550 "-" "Mozilla/5.0"
91.92.243.248 - - [05/Apr/2026:15:56:17 +0200] "POST /wp-login.php HTTP/1.1" 200 1553 "-" "Mozilla/5.0"
91.92.243.248 - - [05/Apr/2026:15:56:18 +0200] "POST /wp-login.php HTTP/1.1" 200 1554 "-" "Mozilla/5.0"
91.92.243.248 - - [05/Apr/2026:15:56:18 +0200] "POST /wp-login.php HTTP/1.1" 200 1554 "-" "Mozilla/5.0"
216.73.216.187 - - [05/Apr/2026:15:56:19 +0200] "GET /wp-content/cache/page_enhanced/netvesti.com/helpbook-%d0%ba%d0%b0%d0%bc%d0%b8%d0%be%d0%bd%d0%b8-%d0%b8%d0%b7%d1%85%d0%b2%d1%8a%d1%80%d0%bb%d1%8f%d1%82-%d1%81%d1%82%d1%80%d0%be%d0%b8%d1%82%d0%b5%d0%bb%d0%bd%d0%b8-%d0%b8-%d0%b4%d1%80%d1%83%d0%b3/_index_ssl.html_gzip_old HTTP/1.1" 200 21556 "-" "Mozilla/5.0 AppleWebKit/537.36 (KHTML, like Gecko; compatible; ClaudeBot/1.0; +claudebot@anthropic.com)"
216.73.216.187 - - [05/Apr/2026:15:56:21 +0200] "GET /wp-content/cache/page_enhanced/netvesti.com/%d0%b8%d0%bd%d0%b6-%d1%81%d0%b8%d0%bc%d0%b5%d0%be%d0%bd-%d1%81%d0%bb%d0%b0%d0%b2%d1%87%d0%b5%d0%b2-%d0%bf%d0%bf-%d0%bc%d0%b8%d1%80-%d1%89%d0%b5-%d0%b5-%d0%b8%d0%b7%d0%bd%d0%b5%d0%bd%d0%b0%d0%b4/_index_ssl.html_gzip_old HTTP/1.1" 200 21163 "-" "Mozilla/5.0 AppleWebKit/537.36 (KHTML, like Gecko; compatible; ClaudeBot/1.0; +claudebot@anthropic.com)"
216.73.216.187 - - [05/Apr/2026:15:56:26 +0200] "GET /wp-content/cache/page_enhanced/netvesti.com/%d1%82%d1%80%d1%8a%d0%bc%d0%bf-%d0%b1%d0%b8%d0%bb-%d0%bf%d1%80%d0%b5%d0%b4%d1%83%d0%bf%d1%80%d0%b5%d0%b6%d0%b4%d0%b0%d0%b2%d0%b0%d0%bd-%d0%b7%d0%b0-%d0%be%d0%bf%d0%b0%d1%81%d0%bd%d0%be%d1%81%d1%82/_index_ssl.html_gzip_old HTTP/1.1" 200 23190 "-" "Mozilla/5.0 AppleWebKit/537.36 (KHTML, like Gecko; compatible; ClaudeBot/1.0; +claudebot@anthropic.com)"
216.73.216.187 - - [05/Apr/2026:15:56:31 +0200] "GET /wp-content/cache/page_enhanced/netvesti.com/%d0%b0%d1%80%d0%b5%d1%81%d1%82%d1%83%d0%b2%d0%b0%d1%85%d0%b0-%d0%bf%d0%b8%d1%8f%d0%bd-%d0%bf%d1%80%d0%b5%d0%b4%d0%bb%d0%be%d0%b6%d0%b8%d0%bb-%d0%bf%d0%be%d0%b4%d0%ba%d1%83%d0%bf-%d0%bd%d0%b0-%d0%bf/_index_ssl.html_gzip_old HTTP/1.1" 200 20763 "-" "Mozilla/5.0 AppleWebKit/537.36 (KHTML, like Gecko; compatible; ClaudeBot/1.0; +claudebot@anthropic.com)"
216.73.216.187 - - [05/Apr/2026:15:56:37 +0200] "GET /wp-content/cache/page_enhanced/netvesti.com/%d0%bf%d1%80%d0%b8%d0%bc%d0%b0%d1%82%d0%b0-%d0%bb%d0%b8%d0%bb%d0%b8-%d0%b8%d0%b2%d0%b0%d0%bd%d0%be%d0%b2%d0%b0-%d0%bf%d1%80%d0%b0%d0%b7%d0%bd%d1%83%d0%b2%d0%b0-%d1%80%d0%be%d0%b6%d0%b4%d0%b5%d0%bd/whatsapp:/send HTTP/1.1" 404 12107 "-" "Mozilla/5.0 AppleWebKit/537.36 (KHTML, like Gecko; compatible; ClaudeBot/1.0; +claudebot@anthropic.com)"
216.73.216.187 - - [05/Apr/2026:15:56:51 +0200] "GET /wp-content/uploads/2020/07/d0b1d0bed0b9d0bad0be-d0b1d0bed180d0b8d181d0bed0b2-d0bfd0bed0b4-d0bad0b0d180d0b0d0bdd182d0b8d0bdd0b0-d188d0b5d184d0bad0b0d182d0b0-d0bd-534x389.jpg HTTP/1.1" 200 23766 "-" "Mozilla/5.0 AppleWebKit/537.36 (KHTML, like Gecko; compatible; ClaudeBot/1.0; +claudebot@anthropic.com)"
216.73.216.187 - - [05/Apr/2026:15:56:55 +0200] "GET /wp-content/uploads/2020/05/d180d0b5d186d0b5d0bfd182d0b0d182d0b0-dnes-d0bad0b0d0ba-d0b4d0b0-d0bfd180d0b8d0b3d0bed182d0b2d0b8d182d0b5-d0bad0b0d180d0bdd18ad18fd180-356x359.jpg HTTP/1.1" 200 33522 "-" "Mozilla/5.0 AppleWebKit/537.36 (KHTML, like Gecko; compatible; ClaudeBot/1.0; +claudebot@anthropic.com)"
216.73.216.187 - - [05/Apr/2026:15:57:00 +0200] "GET /wp-content/uploads/2020/06/d0bed181d0b5d0bc-d181d0b0-d0bdd0bed0b2d0b8d182d0b5-d181d0bbd183d187d0b0d0b8-d0bdd0b0-d0b7d0b0d180d0b0d0b7d0b5d0bdd0b8-d181-d0bad0bed180-300x180.jpg HTTP/1.1" 200 15864 "-" "Mozilla/5.0 AppleWebKit/537.36 (KHTML, like Gecko; compatible; ClaudeBot/1.0; +claudebot@anthropic.com)"
216.73.216.187 - - [05/Apr/2026:15:57:05 +0200] "GET /wp-content/uploads/2019/12/d0b6d0bed180d0be-d0bed182-d0bed181d182d0b0d0b2d0b0-d0bdd0b0d0bcd0b8d0b3d0b2d0b0-d0bad18ad0bc-80-d182d0b5-d181-d0bfd180d0b5d182d0b5d0bd-218x150.jpg HTTP/1.1" 200 6538 "-" "Mozilla/5.0 AppleWebKit/537.36 (KHTML, like Gecko; compatible; ClaudeBot/1.0; +claudebot@anthropic.com)"
51.195.183.35 - - [05/Apr/2026:15:57:09 +0200] "GET /tag/%D0%B7%D0%B0-%D0%B4%D0%B0-%D1%81%D0%B5-%D0%B7%D0%B0%D1%89%D0%B8%D1%82%D0%B8%D0%BC-%D0%BE%D1%82-%D0%B2%D0%B8%D1%81%D0%BE%D0%BA%D0%B8%D1%82%D0%B5-%D1%86%D0%B5%D0%BD%D0%B8-%D0%BD%D0%B0-%D1%82%D0%BE%D0%BA/page/6/ HTTP/1.1" 200 16257 "-" "Mozilla/5.0 (compatible; AhrefsBot/7.0; +http://ahrefs.com/robot/)"
216.73.216.187 - - [05/Apr/2026:15:57:10 +0200] "GET /wp-content/uploads/2019/12/d188d0bed184d18cd0bed180d0bad0b0-d0b3d0bbd0bed0b1d0b8d185d0b0-d0bcd0b5-d181d0bbd0b5d0b4-d0bad0b0d182d0b0d181d182d180d0bed184d0b0-d181-533x261.jpg HTTP/1.1" 200 18759 "-" "Mozilla/5.0 AppleWebKit/537.36 (KHTML, like Gecko; compatible; ClaudeBot/1.0; +claudebot@anthropic.com)"
116.179.32.228 - - [05/Apr/2026:15:57:13 +0200] "GET /wp-content/uploads/2025/01/fgdfgfg-356x220.jpg HTTP/1.1" 200 10863 "-" "Baiduspider-image+(+http://www.baidu.com/search/spider.htm)"
216.73.216.187 - - [05/Apr/2026:15:57:15 +0200] "GET /wp-content/uploads/2019/12/d0b7d0b0d189d0be-d0bdd181d0be-d0bed185d180d0b0d0bdd18fd0b2d0b0-d0bdd0b5d187d0b8d0b8-d181d18ad0bfd180d183d0b3d0b8-d0bdd0b0-d0b5d0bad181-300x225.jpg HTTP/1.1" 200 18108 "-" "Mozilla/5.0 AppleWebKit/537.36 (KHTML, like Gecko; compatible; ClaudeBot/1.0; +claudebot@anthropic.com)"
85.208.96.207 - - [05/Apr/2026:15:57:19 +0200] "GET /%D1%80%D0%B0%D1%88%D0%B8%D0%B4%D0%BE%D0%B2-%D0%B8%D1%81%D0%BA%D0%B0-%D0%BF%D0%BE%D0%BC%D0%BE%D1%89-%D0%BE%D1%82-%D0%B4%D1%8A%D1%80%D0%B6%D0%B0%D0%B2%D0%B0%D1%82%D0%B0-%D0%B7%D0%B0-%D1%81%D0%B2%D0%BE/ HTTP/1.1" 200 26862 "-" "Mozilla/5.0 (compatible; SemrushBot/7~bl; +http://www.semrush.com/bot.html)"
216.73.216.187 - - [05/Apr/2026:15:57:20 +0200] "GET /wp-content/cache/page_enhanced/netvesti.com/%d1%81%d1%80%d0%b5%d0%b1%d1%8a%d1%80%d0%bd%d0%b0-%d0%b2%d0%be%d0%b4%d0%b0-%d1%87%d0%b5%d1%81%d1%8a%d0%bd-%d1%84%d0%b0%d0%bb%d1%88%d0%b8%d0%b2%d0%b8-%d0%b7%d0%b4%d1%80%d0%b0%d0%b2%d0%bd%d0%b8 HTTP/1.1" 301 504 "-" "Mozilla/5.0 AppleWebKit/537.36 (KHTML, like Gecko; compatible; ClaudeBot/1.0; +claudebot@anthropic.com)"
216.73.216.187 - - [05/Apr/2026:15:57:20 +0200] "GET /wp-content/cache/page_enhanced/netvesti.com/%d1%81%d1%80%d0%b5%d0%b1%d1%8a%d1%80%d0%bd%d0%b0-%d0%b2%d0%be%d0%b4%d0%b0-%d1%87%d0%b5%d1%81%d1%8a%d0%bd-%d1%84%d0%b0%d0%bb%d1%88%d0%b8%d0%b2%d0%b8-%d0%b7%d0%b4%d1%80%d0%b0%d0%b2%d0%bd%d0%b8/ HTTP/1.1" 200 426 "https://netvesti.com/wp-content/cache/page_enhanced/netvesti.com/%d1%81%d1%80%d0%b5%d0%b1%d1%8a%d1%80%d0%bd%d0%b0-%d0%b2%d0%be%d0%b4%d0%b0-%d1%87%d0%b5%d1%81%d1%8a%d0%bd-%d1%84%d0%b0%d0%bb%d1%88%d0%b8%d0%b2%d0%b8-%d0%b7%d0%b4%d1%80%d0%b0%d0%b2%d0%bd%d0%b8" "Mozilla/5.0 AppleWebKit/537.36 (KHTML, like Gecko; compatible; ClaudeBot/1.0; +claudebot@anthropic.com)"
216.73.216.187 - - [05/Apr/2026:15:57:25 +0200] "GET /wp-content/uploads/2019/12/d0b6d0bed180d0be-d0bed182-d0bed181d182d0b0d0b2d0b0-d0bdd0b0d0bcd0b8d0b3d0b2d0b0-d0bad18ad0bc-80-d182d0b5-d181-d0bfd180d0b5d182d0b5d0bd-324x400.jpg HTTP/1.1" 200 14885 "-" "Mozilla/5.0 AppleWebKit/537.36 (KHTML, like Gecko; compatible; ClaudeBot/1.0; +claudebot@anthropic.com)"
40.77.167.52 - - [05/Apr/2026:15:57:27 +0200] "GET /%D0%BC%D0%B8%D0%BA%D1%80%D0%BE%D0%B1%D1%83%D1%81-%D0%B1%D1%83%D1%82%D0%BD%D0%B0-%D0%BD%D0%B0-%D0%B7%D0%B0%D0%B4%D0%B5%D0%BD-%D1%85%D0%BE%D0%B4-90-%D0%B3%D0%BE%D0%B4%D0%B8%D1%88%D0%BD%D0%B0-%D0%B6/ HTTP/1.1" 200 25095 "-" "Mozilla/5.0 AppleWebKit/537.36 (KHTML, like Gecko; compatible; bingbot/2.0; +http://www.bing.com/bingbot.htm) Chrome/116.0.1938.76 Safari/537.36"
40.77.167.52 - - [05/Apr/2026:15:57:28 +0200] "GET /tag/%D1%81%D1%82%D0%B8%D0%B2-%D1%85%D0%B0%D0%BD%D0%BA%D0%B5-%D1%81%D0%BF%D0%B0%D1%81%D0%B8-%D0%B1%D1%8A%D0%BB%D0%B3%D0%B0%D1%80%D0%B8%D1%8F-%D1%80%D1%83%D0%BC%D0%B5%D0%BD-%D1%80%D0%B0%D0%B4%D0%B5%D0%B2/page/24/ HTTP/1.1" 200 16523 "-" "Mozilla/5.0 AppleWebKit/537.36 (KHTML, like Gecko; compatible; bingbot/2.0; +http://www.bing.com/bingbot.htm) Chrome/116.0.1938.76 Safari/537.36"
40.77.167.52 - - [05/Apr/2026:15:57:30 +0200] "GET /tag/%D0%B2-%D0%B5%D0%B4%D0%BD%D0%B0-%D0%BE%D1%82-%D0%B0%D0%B3%D0%B5%D0%BD%D1%86%D0%B8%D0%B8%D1%82%D0%B5-%D1%81-%D1%86%D0%B5%D0%BB%D0%B8-75/ HTTP/1.1" 200 17362 "-" "Mozilla/5.0 AppleWebKit/537.36 (KHTML, like Gecko; compatible; bingbot/2.0; +http://www.bing.com/bingbot.htm) Chrome/116.0.1938.76 Safari/537.36"
216.73.216.187 - - [05/Apr/2026:15:57:31 +0200] "GET /wp-content/cache/page_enhanced/netvesti.com/%d0%bf%d1%80%d0%be%d1%81%d1%82%d1%80%d0%b5%d0%bb%d1%8f%d1%85%d0%b0-%d0%bc%d1%8a%d0%b6-%d0%b2-%d0%b3%d0%bb%d0%b0%d0%b2%d0%b0%d1%82%d0%b0-%d0%b2-%d1%81%d0%b5%d0%bb%d0%be-%d0%ba%d1%80%d0%b0%d0%b9-%d0%b3 HTTP/1.1" 301 513 "-" "Mozilla/5.0 AppleWebKit/537.36 (KHTML, like Gecko; compatible; ClaudeBot/1.0; +claudebot@anthropic.com)"
216.73.216.187 - - [05/Apr/2026:15:57:31 +0200] "GET /wp-content/cache/page_enhanced/netvesti.com/%d0%bf%d1%80%d0%be%d1%81%d1%82%d1%80%d0%b5%d0%bb%d1%8f%d1%85%d0%b0-%d0%bc%d1%8a%d0%b6-%d0%b2-%d0%b3%d0%bb%d0%b0%d0%b2%d0%b0%d1%82%d0%b0-%d0%b2-%d1%81%d0%b5%d0%bb%d0%be-%d0%ba%d1%80%d0%b0%d0%b9-%d0%b3/ HTTP/1.1" 200 425 "https://netvesti.com/wp-content/cache/page_enhanced/netvesti.com/%d0%bf%d1%80%d0%be%d1%81%d1%82%d1%80%d0%b5%d0%bb%d1%8f%d1%85%d0%b0-%d0%bc%d1%8a%d0%b6-%d0%b2-%d0%b3%d0%bb%d0%b0%d0%b2%d0%b0%d1%82%d0%b0-%d0%b2-%d1%81%d0%b5%d0%bb%d0%be-%d0%ba%d1%80%d0%b0%d0%b9-%d0%b3" "Mozilla/5.0 AppleWebKit/537.36 (KHTML, like Gecko; compatible; ClaudeBot/1.0; +claudebot@anthropic.com)"
216.73.216.187 - - [05/Apr/2026:15:57:35 +0200] "GET /wp-content/uploads/2019/12/d0b0d0b2d182d0bed0b1d183d181-d0b8-d0bad0bed0bbd0b0-d181d0b5-d183d0b4d0b0d180d0b8d185d0b0-d0bdd0b0-d0bad180d18ad181d182d0bed0b2d0b8d189-265x198.jpg HTTP/1.1" 200 12871 "-" "Mozilla/5.0 AppleWebKit/537.36 (KHTML, like Gecko; compatible; ClaudeBot/1.0; +claudebot@anthropic.com)"
40.77.167.52 - - [05/Apr/2026:15:57:36 +0200] "GET /tag/%D0%B8%D0%BD%D1%84%D0%BB%D0%B0%D1%86%D0%B8%D1%8F/ HTTP/1.1" 200 16406 "-" "Mozilla/5.0 AppleWebKit/537.36 (KHTML, like Gecko; compatible; bingbot/2.0; +http://www.bing.com/bingbot.htm) Chrome/116.0.1938.76 Safari/537.36"
85.208.96.202 - - [05/Apr/2026:15:57:36 +0200] "GET /tag/top-novini/page/121/ HTTP/1.1" 200 16267 "-" "Mozilla/5.0 (compatible; SemrushBot/7~bl; +http://www.semrush.com/bot.html)"
40.77.167.52 - - [05/Apr/2026:15:57:37 +0200] "GET /tag/%D1%81%D1%82%D0%BE%D0%B9%D1%87%D0%BE-%D1%81%D1%82%D0%BE%D0%B9%D1%87%D0%B5%D0%B2/ HTTP/1.1" 200 13442 "-" "Mozilla/5.0 AppleWebKit/537.36 (KHTML, like Gecko; compatible; bingbot/2.0; +http://www.bing.com/bingbot.htm) Chrome/116.0.1938.76 Safari/537.36"
40.77.167.52 - - [05/Apr/2026:15:57:38 +0200] "GET /tag/%D0%B5%D0%B2%D1%80%D0%BE%D0%BF%D0%B0/ HTTP/1.1" 200 16074 "-" "Mozilla/5.0 AppleWebKit/537.36 (KHTML, like Gecko; compatible; bingbot/2.0; +http://www.bing.com/bingbot.htm) Chrome/116.0.1938.76 Safari/537.36"
17.246.23.149 - - [05/Apr/2026:15:57:39 +0200] "GET /tag/%D0%BB%D0%B0%D1%83%D1%80%D0%B0-%D0%BA%D1%8C%D0%BE%D0%B2%D0%B5%D1%88%D0%B8-%D1%83%D0%B4%D0%B0%D1%80%D0%B8-%D0%B0%D0%BF%D0%B0%D1%80%D1%82%D0%B0%D0%BC%D0%B5%D0%BD%D1%82%D0%B8/page/2/ HTTP/1.1" 200 16552 "-" "Mozilla/5.0 (Macintosh; Intel Mac OS X 10_15_7) AppleWebKit/605.1.15 (KHTML, like Gecko) Version/17.4 Safari/605.1.15 (Applebot/0.1; +http://www.apple.com/go/applebot)"
52.167.144.237 - - [05/Apr/2026:15:57:40 +0200] "GET /tag/%D0%B0%D1%81%D0%B5%D0%BD-%D0%B2%D0%B0%D1%81%D0%B8%D0%BB%D0%B5%D0%B2-%D1%82%D1%80%D1%8F%D0%B1%D0%B2%D0%B0-%D0%B4%D0%B0-%D0%B1%D1%8A%D0%B4%D0%B5-%D1%80%D0%B0%D0%B7%D1%81%D0%BB%D0%B5%D0%B4%D0%B2%D0%B0/page/2/ HTTP/1.1" 200 16741 "-" "Mozilla/5.0 AppleWebKit/537.36 (KHTML, like Gecko; compatible; bingbot/2.0; +http://www.bing.com/bingbot.htm) Chrome/116.0.1938.76 Safari/537.36"
216.73.216.187 - - [05/Apr/2026:15:57:40 +0200] "GET /wp-content/cache/page_enhanced/netvesti.com/h%d1%8f%d0%bc%d0%b0-%d0%bf%d0%be%d0%bb%d0%be%d0%b6%d0%b8%d1%82%d0%b5%d0%bb%d0%bd%d0%b8-%d0%bf%d1%80%d0%be%d0%b1%d0%b8-%d1%81%d1%80%d0%b5%d0%b4-%d0%ba%d0%be%d0%bd%d1%82%d0%b0%d0%ba%d1%82%d0%b8%d1%82 HTTP/1.1" 301 511 "-" "Mozilla/5.0 AppleWebKit/537.36 (KHTML, like Gecko; compatible; ClaudeBot/1.0; +claudebot@anthropic.com)"
216.73.216.187 - - [05/Apr/2026:15:57:40 +0200] "GET /wp-content/cache/page_enhanced/netvesti.com/h%d1%8f%d0%bc%d0%b0-%d0%bf%d0%be%d0%bb%d0%be%d0%b6%d0%b8%d1%82%d0%b5%d0%bb%d0%bd%d0%b8-%d0%bf%d1%80%d0%be%d0%b1%d0%b8-%d1%81%d1%80%d0%b5%d0%b4-%d0%ba%d0%be%d0%bd%d1%82%d0%b0%d0%ba%d1%82%d0%b8%d1%82/ HTTP/1.1" 200 418 "https://netvesti.com/wp-content/cache/page_enhanced/netvesti.com/h%d1%8f%d0%bc%d0%b0-%d0%bf%d0%be%d0%bb%d0%be%d0%b6%d0%b8%d1%82%d0%b5%d0%bb%d0%bd%d0%b8-%d0%bf%d1%80%d0%be%d0%b1%d0%b8-%d1%81%d1%80%d0%b5%d0%b4-%d0%ba%d0%be%d0%bd%d1%82%d0%b0%d0%ba%d1%82%d0%b8%d1%82" "Mozilla/5.0 AppleWebKit/537.36 (KHTML, like Gecko; compatible; ClaudeBot/1.0; +claudebot@anthropic.com)"
52.167.144.157 - - [05/Apr/2026:15:57:41 +0200] "GET /%D0%B3%D0%BE%D1%82%D0%BE%D0%B2%D0%B0-%D0%B4%D0%B0-%D0%B8%D0%B7%D0%B3%D0%BE%D1%80%D0%B8-%D0%BD%D0%BE-%D0%BD%D0%B5-%D0%B8-%D0%B4%D0%B0-%D0%BE%D1%81%D1%82%D0%B0%D0%B2%D0%B8-%D0%B4%D0%BE%D0%BC%D0%B0/ HTTP/1.1" 200 30872 "-" "Mozilla/5.0 AppleWebKit/537.36 (KHTML, like Gecko; compatible; bingbot/2.0; +http://www.bing.com/bingbot.htm) Chrome/116.0.1938.76 Safari/537.36"
52.167.144.157 - - [05/Apr/2026:15:57:42 +0200] "GET /tag/%D0%BF%D0%BE%D1%81%D0%BE%D1%87%D0%B5%D1%82%D0%B5-%D0%BC%D0%B8-%D0%B4%D1%8A%D1%80%D0%B6%D0%B0%D0%B2%D0%B0/ HTTP/1.1" 200 16433 "-" "Mozilla/5.0 AppleWebKit/537.36 (KHTML, like Gecko; compatible; bingbot/2.0; +http://www.bing.com/bingbot.htm) Chrome/116.0.1938.76 Safari/537.36"
47.128.27.28 - - [05/Apr/2026:15:57:43 +0200] "GET /category/%D0%B1%D1%8A%D0%BB%D0%B3%D0%B0%D1%80%D0%B8%D1%8F/page/24/ HTTP/1.1" 200 16540 "-" "Mozilla/5.0 (Linux; Android 5.0) AppleWebKit/537.36 (KHTML, like Gecko) Mobile Safari/537.36 (compatible; Bytespider; spider-feedback@bytedance.com)"
216.73.216.187 - - [05/Apr/2026:15:57:45 +0200] "GET /wp-content/cache/page_enhanced/netvesti.com/%d1%82%d0%be%d0%bf%d0%bb%d0%be%d1%84%d0%b8%d0%ba%d0%b0%d1%86%d0%b8%d1%8f-%d1%81%d0%be%d1%84%d0%b8%d1%8f-%d0%bf%d0%be%d0%b3%d0%b0%d1%81%d1%8f%d0%b2%d0%b0-%d0%b7%d0%b0%d0%b4%d1%8a%d0%bb%d0%b6%d0%b5 HTTP/1.1" 301 509 "-" "Mozilla/5.0 AppleWebKit/537.36 (KHTML, like Gecko; compatible; ClaudeBot/1.0; +claudebot@anthropic.com)"
216.73.216.187 - - [05/Apr/2026:15:57:45 +0200] "GET /wp-content/cache/page_enhanced/netvesti.com/%d1%82%d0%be%d0%bf%d0%bb%d0%be%d1%84%d0%b8%d0%ba%d0%b0%d1%86%d0%b8%d1%8f-%d1%81%d0%be%d1%84%d0%b8%d1%8f-%d0%bf%d0%be%d0%b3%d0%b0%d1%81%d1%8f%d0%b2%d0%b0-%d0%b7%d0%b0%d0%b4%d1%8a%d0%bb%d0%b6%d0%b5/ HTTP/1.1" 200 426 "https://netvesti.com/wp-content/cache/page_enhanced/netvesti.com/%d1%82%d0%be%d0%bf%d0%bb%d0%be%d1%84%d0%b8%d0%ba%d0%b0%d1%86%d0%b8%d1%8f-%d1%81%d0%be%d1%84%d0%b8%d1%8f-%d0%bf%d0%be%d0%b3%d0%b0%d1%81%d1%8f%d0%b2%d0%b0-%d0%b7%d0%b0%d0%b4%d1%8a%d0%bb%d0%b6%d0%b5" "Mozilla/5.0 AppleWebKit/537.36 (KHTML, like Gecko; compatible; ClaudeBot/1.0; +claudebot@anthropic.com)"
185.191.171.18 - - [05/Apr/2026:15:57:45 +0200] "GET /tag/%D0%B1%D1%8A%D0%BB%D0%B3%D0%B0%D1%80%D1%81%D0%BA%D0%B8%D1%8F%D1%82-%D0%BD%D0%B0%D1%80%D0%BE%D0%B4/page/16/ HTTP/1.1" 200 16416 "-" "Mozilla/5.0 (compatible; SemrushBot/7~bl; +http://www.semrush.com/bot.html)"
52.167.144.237 - - [05/Apr/2026:15:57:49 +0200] "GET /tag/%D1%80%D1%83%D0%BC%D0%B5%D0%BD-%D1%80%D0%B0%D0%B4%D0%B5%D0%B2-%D0%BF%D0%BE%D0%B8%D1%81%D0%BA%D0%B0-%D0%BE%D1%82-%D1%81%D0%BB%D1%83%D0%B6%D0%B5%D0%B1%D0%BD%D0%B8%D1%8F-%D0%BA%D0%B0%D0%B1%D0%B8%D0%BD/ HTTP/1.1" 200 16603 "-" "Mozilla/5.0 AppleWebKit/537.36 (KHTML, like Gecko; compatible; bingbot/2.0; +http://www.bing.com/bingbot.htm) Chrome/116.0.1938.76 Safari/537.36"
216.73.216.187 - - [05/Apr/2026:15:57:50 +0200] "GET /wp-content/cache/page_enhanced/netvesti.com/%d1%80%d0%b0%d0%b4%d0%b5%d0%b2-%d0%bd%d0%b0-%d0%bf%d0%bb%d0%be%d1%89%d0%b0%d0%b4%d0%b0-%d0%bd%d0%b5-%d0%b5-%d0%bc%d0%b0%d1%84%d0%b8%d1%8f%d1%82%d0%b0-%d0%b0-%d0%b1%d1%8a%d0%bb%d0%b3%d0%b0%d1%80 HTTP/1.1" 301 507 "-" "Mozilla/5.0 AppleWebKit/537.36 (KHTML, like Gecko; compatible; ClaudeBot/1.0; +claudebot@anthropic.com)"
216.73.216.187 - - [05/Apr/2026:15:57:50 +0200] "GET /wp-content/cache/page_enhanced/netvesti.com/%d1%80%d0%b0%d0%b4%d0%b5%d0%b2-%d0%bd%d0%b0-%d0%bf%d0%bb%d0%be%d1%89%d0%b0%d0%b4%d0%b0-%d0%bd%d0%b5-%d0%b5-%d0%bc%d0%b0%d1%84%d0%b8%d1%8f%d1%82%d0%b0-%d0%b0-%d0%b1%d1%8a%d0%bb%d0%b3%d0%b0%d1%80/ HTTP/1.1" 200 419 "https://netvesti.com/wp-content/cache/page_enhanced/netvesti.com/%d1%80%d0%b0%d0%b4%d0%b5%d0%b2-%d0%bd%d0%b0-%d0%bf%d0%bb%d0%be%d1%89%d0%b0%d0%b4%d0%b0-%d0%bd%d0%b5-%d0%b5-%d0%bc%d0%b0%d1%84%d0%b8%d1%8f%d1%82%d0%b0-%d0%b0-%d0%b1%d1%8a%d0%bb%d0%b3%d0%b0%d1%80" "Mozilla/5.0 AppleWebKit/537.36 (KHTML, like Gecko; compatible; ClaudeBot/1.0; +claudebot@anthropic.com)"
52.167.144.237 - - [05/Apr/2026:15:57:50 +0200] "GET /tag/%D1%81%D0%B5%D0%B3%D0%B0-%D1%80%D0%B0%D0%B7%D0%B1%D1%80%D0%B0%D1%85%D1%82%D0%B5-%D0%BB%D0%B8-%D0%B7%D0%B0%D0%BC%D0%B8%D1%81%D1%8A%D0%BB%D0%B0-%D0%BD%D0%B0-%D0%B7%D0%B0%D0%BA%D0%BE%D0%BD%D0%BE%D1%82/ HTTP/1.1" 200 16503 "-" "Mozilla/5.0 AppleWebKit/537.36 (KHTML, like Gecko; compatible; bingbot/2.0; +http://www.bing.com/bingbot.htm) Chrome/116.0.1938.76 Safari/537.36"
216.73.216.187 - - [05/Apr/2026:15:57:55 +0200] "GET /wp-content/uploads/2020/05/d0bbd0bed0b7d18f-d0bed0b2d0bed188d0bad0b8-d0b3d180d0b0d0b4d183d188d0bad0b0-d183d0bdd0b8d189d0bed0b6d0b8-d180d0b5d0bad0bed0bbd182d0b0-300x180.jpg HTTP/1.1" 200 15632 "-" "Mozilla/5.0 AppleWebKit/537.36 (KHTML, like Gecko; compatible; ClaudeBot/1.0; +claudebot@anthropic.com)"
216.73.216.187 - - [05/Apr/2026:15:58:00 +0200] "GET /wp-content/uploads/2020/04/d0bdd0b5d0b9d0bcd0b0d180-d0bdd0b0-100-d0bdd0b0d0bfd183d181d0bad0b0-d0bfd181d0b6-d0b7d0b0d0b2d180d18ad189d0b0-d181d0b5-d0b2-d0b1d0b0d180-324x359.jpg HTTP/1.1" 200 23760 "-" "Mozilla/5.0 AppleWebKit/537.36 (KHTML, like Gecko; compatible; ClaudeBot/1.0; +claudebot@anthropic.com)"
47.128.27.28 - - [05/Apr/2026:15:58:03 +0200] "GET /wp-content/uploads/2024/11/Image_19412713_40_0-324x160.jpg HTTP/1.1" 200 6466 "https://netvesti.com/category/%D0%B1%D1%8A%D0%BB%D0%B3%D0%B0%D1%80%D0%B8%D1%8F/page/24/" "Mozilla/5.0 (Linux; Android 5.0) AppleWebKit/537.36 (KHTML, like Gecko) Mobile Safari/537.36 (compatible; Bytespider; spider-feedback@bytedance.com)"
47.128.27.28 - - [05/Apr/2026:15:58:03 +0200] "GET /wp-content/uploads/2024/11/2113449229-324x160.jpg HTTP/1.1" 200 14477 "https://netvesti.com/category/%D0%B1%D1%8A%D0%BB%D0%B3%D0%B0%D1%80%D0%B8%D1%8F/page/24/" "Mozilla/5.0 (Linux; Android 5.0) AppleWebKit/537.36 (KHTML, like Gecko) Mobile Safari/537.36 (compatible; Bytespider; spider-feedback@bytedance.com)"
47.128.27.28 - - [05/Apr/2026:15:58:03 +0200] "GET /wp-content/uploads/2024/11/big_468333610_10162215958566392_3607447393977034787_n826-324x160.jpg HTTP/1.1" 200 11651 "https://netvesti.com/category/%D0%B1%D1%8A%D0%BB%D0%B3%D0%B0%D1%80%D0%B8%D1%8F/page/24/" "Mozilla/5.0 (Linux; Android 5.0) AppleWebKit/537.36 (KHTML, like Gecko) Mobile Safari/537.36 (compatible; Bytespider; spider-feedback@bytedance.com)"
47.128.27.28 - - [05/Apr/2026:15:58:04 +0200] "GET /wp-content/uploads/2024/11/big_big_payimage-616569c32_1_-324x160.jpg HTTP/1.1" 200 11117 "https://netvesti.com/category/%D0%B1%D1%8A%D0%BB%D0%B3%D0%B0%D1%80%D0%B8%D1%8F/page/24/" "Mozilla/5.0 (Linux; Android 5.0) AppleWebKit/537.36 (KHTML, like Gecko) Mobile Safari/537.36 (compatible; Bytespider; spider-feedback@bytedance.com)"
47.128.27.28 - - [05/Apr/2026:15:58:04 +0200] "GET /wp-content/uploads/2024/11/hostesa1-1024x806-324x160.jpg HTTP/1.1" 200 8733 "https://netvesti.com/category/%D0%B1%D1%8A%D0%BB%D0%B3%D0%B0%D1%80%D0%B8%D1%8F/page/24/" "Mozilla/5.0 (Linux; Android 5.0) AppleWebKit/537.36 (KHTML, like Gecko) Mobile Safari/537.36 (compatible; Bytespider; spider-feedback@bytedance.com)"
47.128.27.28 - - [05/Apr/2026:15:58:05 +0200] "GET /wp-content/uploads/2024/11/2-2-324x160.jpg HTTP/1.1" 200 9663 "https://netvesti.com/category/%D0%B1%D1%8A%D0%BB%D0%B3%D0%B0%D1%80%D0%B8%D1%8F/page/24/" "Mozilla/5.0 (Linux; Android 5.0) AppleWebKit/537.36 (KHTML, like Gecko) Mobile Safari/537.36 (compatible; Bytespider; spider-feedback@bytedance.com)"
47.128.27.28 - - [05/Apr/2026:15:58:05 +0200] "GET /wp-content/uploads/2024/11/koce-324x160.jpg HTTP/1.1" 200 8079 "https://netvesti.com/category/%D0%B1%D1%8A%D0%BB%D0%B3%D0%B0%D1%80%D0%B8%D1%8F/page/24/" "Mozilla/5.0 (Linux; Android 5.0) AppleWebKit/537.36 (KHTML, like Gecko) Mobile Safari/537.36 (compatible; Bytespider; spider-feedback@bytedance.com)"
47.128.27.28 - - [05/Apr/2026:15:58:05 +0200] "GET /wp-content/uploads/2024/11/big_tok_BULFOTO-324x160.jpg HTTP/1.1" 200 12179 "https://netvesti.com/category/%D0%B1%D1%8A%D0%BB%D0%B3%D0%B0%D1%80%D0%B8%D1%8F/page/24/" "Mozilla/5.0 (Linux; Android 5.0) AppleWebKit/537.36 (KHTML, like Gecko) Mobile Safari/537.36 (compatible; Bytespider; spider-feedback@bytedance.com)"
47.128.27.28 - - [05/Apr/2026:15:58:05 +0200] "GET /wp-content/uploads/2024/11/ieigfhgf-324x160.jpg HTTP/1.1" 200 7799 "https://netvesti.com/category/%D0%B1%D1%8A%D0%BB%D0%B3%D0%B0%D1%80%D0%B8%D1%8F/page/24/" "Mozilla/5.0 (Linux; Android 5.0) AppleWebKit/537.36 (KHTML, like Gecko) Mobile Safari/537.36 (compatible; Bytespider; spider-feedback@bytedance.com)"
47.128.27.28 - - [05/Apr/2026:15:58:05 +0200] "GET /wp-content/uploads/2024/11/big_43-324x160.jpg HTTP/1.1" 200 8293 "https://netvesti.com/category/%D0%B1%D1%8A%D0%BB%D0%B3%D0%B0%D1%80%D0%B8%D1%8F/page/24/" "Mozilla/5.0 (Linux; Android 5.0) AppleWebKit/537.36 (KHTML, like Gecko) Mobile Safari/537.36 (compatible; Bytespider; spider-feedback@bytedance.com)"
216.73.216.187 - - [05/Apr/2026:15:58:05 +0200] "GET /wp-content/cache/page_enhanced/netvesti.com/%d1%80%d0%b0%d0%b4%d0%b5%d0%b2-%d0%bd%d0%b0%d1%81%d1%80%d0%b5%d0%b4-%d0%b1%d1%80%d1%8e%d0%ba%d1%81%d0%b5%d0%bb-%d0%bd%d0%b5-%d0%bc%d0%b5-%d0%b8%d0%bd%d1%82%d0%b5%d1%80%d0%b5%d1%81%d1%83%d0%b2%d0%b0 HTTP/1.1" 301 511 "-" "Mozilla/5.0 AppleWebKit/537.36 (KHTML, like Gecko; compatible; ClaudeBot/1.0; +claudebot@anthropic.com)"
216.73.216.187 - - [05/Apr/2026:15:58:05 +0200] "GET /wp-content/cache/page_enhanced/netvesti.com/%d1%80%d0%b0%d0%b4%d0%b5%d0%b2-%d0%bd%d0%b0%d1%81%d1%80%d0%b5%d0%b4-%d0%b1%d1%80%d1%8e%d0%ba%d1%81%d0%b5%d0%bb-%d0%bd%d0%b5-%d0%bc%d0%b5-%d0%b8%d0%bd%d1%82%d0%b5%d1%80%d0%b5%d1%81%d1%83%d0%b2%d0%b0/ HTTP/1.1" 200 424 "https://netvesti.com/wp-content/cache/page_enhanced/netvesti.com/%d1%80%d0%b0%d0%b4%d0%b5%d0%b2-%d0%bd%d0%b0%d1%81%d1%80%d0%b5%d0%b4-%d0%b1%d1%80%d1%8e%d0%ba%d1%81%d0%b5%d0%bb-%d0%bd%d0%b5-%d0%bc%d0%b5-%d0%b8%d0%bd%d1%82%d0%b5%d1%80%d0%b5%d1%81%d1%83%d0%b2%d0%b0" "Mozilla/5.0 AppleWebKit/537.36 (KHTML, like Gecko; compatible; ClaudeBot/1.0; +claudebot@anthropic.com)"
47.128.27.28 - - [05/Apr/2026:15:58:05 +0200] "GET /wp-content/uploads/2020/12/Image4-3-356x220.jpg HTTP/1.1" 200 15597 "https://netvesti.com/category/%D0%B1%D1%8A%D0%BB%D0%B3%D0%B0%D1%80%D0%B8%D1%8F/page/24/" "Mozilla/5.0 (Linux; Android 5.0) AppleWebKit/537.36 (KHTML, like Gecko) Mobile Safari/537.36 (compatible; Bytespider; spider-feedback@bytedance.com)"
47.128.27.28 - - [05/Apr/2026:15:58:06 +0200] "GET /wp-content/uploads/2021/05/rumen-radev-fgdfgddd-356x220.jpg HTTP/1.1" 200 10347 "https://netvesti.com/category/%D0%B1%D1%8A%D0%BB%D0%B3%D0%B0%D1%80%D0%B8%D1%8F/page/24/" "Mozilla/5.0 (Linux; Android 5.0) AppleWebKit/537.36 (KHTML, like Gecko) Mobile Safari/537.36 (compatible; Bytespider; spider-feedback@bytedance.com)"
47.128.27.28 - - [05/Apr/2026:15:58:07 +0200] "GET /wp-content/uploads/2020/03/d0b3d0b5d188d0b5d0b2-d0b8d181d0bad0b0-d180d0b0d0b4d0b8d0bad0b0d0bbd0bdd0b8-d0bcd0b5d180d0bad0b8-d0b2d180d0b5d0bcd0b5d182d0be-d0bdd0b8-356x220.jpg HTTP/1.1" 200 9643 "https://netvesti.com/category/%D0%B1%D1%8A%D0%BB%D0%B3%D0%B0%D1%80%D0%B8%D1%8F/page/24/" "Mozilla/5.0 (Linux; Android 5.0) AppleWebKit/537.36 (KHTML, like Gecko) Mobile Safari/537.36 (compatible; Bytespider; spider-feedback@bytedance.com)"
47.128.27.28 - - [05/Apr/2026:15:58:07 +0200] "GET /wp-content/uploads/2025/10/568495046_1309889624510747_5602059579119340097_n-356x220.jpg HTTP/1.1" 200 14816 "https://netvesti.com/category/%D0%B1%D1%8A%D0%BB%D0%B3%D0%B0%D1%80%D0%B8%D1%8F/page/24/" "Mozilla/5.0 (Linux; Android 5.0) AppleWebKit/537.36 (KHTML, like Gecko) Mobile Safari/537.36 (compatible; Bytespider; spider-feedback@bytedance.com)"
47.128.27.28 - - [05/Apr/2026:15:58:07 +0200] "GET /wp-content/uploads/2020/05/d0b0d0b9d181d0b1d0b5d180d0b3d18ad182-d0bdd0b0-d0bfd180d0b5d181d182d18ad0bfd0bdd0bed181d182d182d0b0-d181d0b0-d0bfd0bed180d18ad187d0ba-356x220.jpg HTTP/1.1" 200 15377 "https://netvesti.com/category/%D0%B1%D1%8A%D0%BB%D0%B3%D0%B0%D1%80%D0%B8%D1%8F/page/24/" "Mozilla/5.0 (Linux; Android 5.0) AppleWebKit/537.36 (KHTML, like Gecko) Mobile Safari/537.36 (compatible; Bytespider; spider-feedback@bytedance.com)"
66.249.77.66 - - [05/Apr/2026:15:58:10 +0200] "GET /tag/%D0%B0%D0%BA%D1%82%D1%83%D0%B0%D0%BB%D0%BD%D0%B8-%D0%BD%D0%BE%D0%B2%D0%B8%D0%BD%D0%B8/page/227/ HTTP/1.1" 200 16530 "-" "Mozilla/5.0 (Linux; Android 6.0.1; Nexus 5X Build/MMB29P) AppleWebKit/537.36 (KHTML, like Gecko) Chrome/146.0.7680.177 Mobile Safari/537.36 (compatible; Googlebot/2.1; +http://www.google.com/bot.html)"
216.73.216.187 - - [05/Apr/2026:15:58:10 +0200] "GET /wp-content/uploads/2019/12/d0b0d0b2d182d0bed0b1d183d181-d0b8-d0bad0bed0bbd0b0-d181d0b5-d183d0b4d0b0d180d0b8d185d0b0-d0bdd0b0-d0bad180d18ad181d182d0bed0b2d0b8d189-234x300.jpg HTTP/1.1" 200 17409 "-" "Mozilla/5.0 AppleWebKit/537.36 (KHTML, like Gecko; compatible; ClaudeBot/1.0; +claudebot@anthropic.com)"
216.73.216.187 - - [05/Apr/2026:15:58:15 +0200] "GET /wp-content/uploads/2020/06/d182d180d183d181-d0bed182-56-d0bfd0be-d180d0b8d185d182d0b5d180-d183d0b4d0b0d180d0b8-d0b1d180d0b5d0b3d0bed0b2d0b5d182d0b5-d0bdd0b0-d0b8-324x359.jpg HTTP/1.1" 200 15692 "-" "Mozilla/5.0 AppleWebKit/537.36 (KHTML, like Gecko; compatible; ClaudeBot/1.0; +claudebot@anthropic.com)"
216.73.216.187 - - [05/Apr/2026:15:58:20 +0200] "GET /wp-content/cache/page_enhanced/netvesti.com/%d0%b0%d0%bd%d0%b3%d0%b5%d0%bb-%d0%ba%d1%83%d0%bd%d1%87%d0%b5%d0%b2-%d0%bd%d0%be%d1%81%d0%b5%d0%bd%d0%b5%d1%82%d0%be-%d0%bd%d0%b0-%d0%bc%d0%b0%d1%81%d0%ba%d0%b0-%d0%bd%d0%b0-%d0%b2%d1%80%d0%b0%d1%82 HTTP/1.1" 301 512 "-" "Mozilla/5.0 AppleWebKit/537.36 (KHTML, like Gecko; compatible; ClaudeBot/1.0; +claudebot@anthropic.com)"
216.73.216.187 - - [05/Apr/2026:15:58:20 +0200] "GET /wp-content/cache/page_enhanced/netvesti.com/%d0%b0%d0%bd%d0%b3%d0%b5%d0%bb-%d0%ba%d1%83%d0%bd%d1%87%d0%b5%d0%b2-%d0%bd%d0%be%d1%81%d0%b5%d0%bd%d0%b5%d1%82%d0%be-%d0%bd%d0%b0-%d0%bc%d0%b0%d1%81%d0%ba%d0%b0-%d0%bd%d0%b0-%d0%b2%d1%80%d0%b0%d1%82/ HTTP/1.1" 200 419 "https://netvesti.com/wp-content/cache/page_enhanced/netvesti.com/%d0%b0%d0%bd%d0%b3%d0%b5%d0%bb-%d0%ba%d1%83%d0%bd%d1%87%d0%b5%d0%b2-%d0%bd%d0%be%d1%81%d0%b5%d0%bd%d0%b5%d1%82%d0%be-%d0%bd%d0%b0-%d0%bc%d0%b0%d1%81%d0%ba%d0%b0-%d0%bd%d0%b0-%d0%b2%d1%80%d0%b0%d1%82" "Mozilla/5.0 AppleWebKit/537.36 (KHTML, like Gecko; compatible; ClaudeBot/1.0; +claudebot@anthropic.com)"
216.73.216.187 - - [05/Apr/2026:15:58:25 +0200] "GET /wp-content/cache/page_enhanced/netvesti.com/%d0%b1%d0%b5%d0%b7%d1%80%d0%b5%d0%b4%d0%b8%d1%86%d0%b8-%d0%b2-%d0%bb%d0%b8%d0%b2%d1%8a%d1%80%d0%bf%d1%83%d0%bb-%d0%bd%d0%b0%d1%81%d1%82%d0%b0%d0%bd%d0%b0-%d1%85%d0%b0%d0%be%d1%81-%d1%81%d0%bb%d0%b5 HTTP/1.1" 301 511 "-" "Mozilla/5.0 AppleWebKit/537.36 (KHTML, like Gecko; compatible; ClaudeBot/1.0; +claudebot@anthropic.com)"
216.73.216.187 - - [05/Apr/2026:15:58:25 +0200] "GET /wp-content/cache/page_enhanced/netvesti.com/%d0%b1%d0%b5%d0%b7%d1%80%d0%b5%d0%b4%d0%b8%d1%86%d0%b8-%d0%b2-%d0%bb%d0%b8%d0%b2%d1%8a%d1%80%d0%bf%d1%83%d0%bb-%d0%bd%d0%b0%d1%81%d1%82%d0%b0%d0%bd%d0%b0-%d1%85%d0%b0%d0%be%d1%81-%d1%81%d0%bb%d0%b5/ HTTP/1.1" 200 424 "https://netvesti.com/wp-content/cache/page_enhanced/netvesti.com/%d0%b1%d0%b5%d0%b7%d1%80%d0%b5%d0%b4%d0%b8%d1%86%d0%b8-%d0%b2-%d0%bb%d0%b8%d0%b2%d1%8a%d1%80%d0%bf%d1%83%d0%bb-%d0%bd%d0%b0%d1%81%d1%82%d0%b0%d0%bd%d0%b0-%d1%85%d0%b0%d0%be%d1%81-%d1%81%d0%bb%d0%b5" "Mozilla/5.0 AppleWebKit/537.36 (KHTML, like Gecko; compatible; ClaudeBot/1.0; +claudebot@anthropic.com)"
216.73.216.187 - - [05/Apr/2026:15:58:30 +0200] "GET /wp-content/cache/page_enhanced/netvesti.com/%d1%85%d0%b8%d0%bb%d1%8f%d0%b4%d0%b8-%d0%b7%d0%b0%d0%b4-%d0%bf%d1%80%d0%be%d1%84-%d0%b8%d0%bb%d1%87%d0%b5%d0%b2-%d1%81%d0%bb%d0%b5%d0%b4-%d1%81%d0%ba%d0%b0%d0%bd%d0%b4%d0%b0%d0%bb%d0%b0-%d0%b2-%d0%b1 HTTP/1.1" 301 513 "-" "Mozilla/5.0 AppleWebKit/537.36 (KHTML, like Gecko; compatible; ClaudeBot/1.0; +claudebot@anthropic.com)"
216.73.216.187 - - [05/Apr/2026:15:58:30 +0200] "GET /wp-content/cache/page_enhanced/netvesti.com/%d1%85%d0%b8%d0%bb%d1%8f%d0%b4%d0%b8-%d0%b7%d0%b0%d0%b4-%d0%bf%d1%80%d0%be%d1%84-%d0%b8%d0%bb%d1%87%d0%b5%d0%b2-%d1%81%d0%bb%d0%b5%d0%b4-%d1%81%d0%ba%d0%b0%d0%bd%d0%b4%d0%b0%d0%bb%d0%b0-%d0%b2-%d0%b1/ HTTP/1.1" 200 422 "https://netvesti.com/wp-content/cache/page_enhanced/netvesti.com/%d1%85%d0%b8%d0%bb%d1%8f%d0%b4%d0%b8-%d0%b7%d0%b0%d0%b4-%d0%bf%d1%80%d0%be%d1%84-%d0%b8%d0%bb%d1%87%d0%b5%d0%b2-%d1%81%d0%bb%d0%b5%d0%b4-%d1%81%d0%ba%d0%b0%d0%bd%d0%b4%d0%b0%d0%bb%d0%b0-%d0%b2-%d0%b1" "Mozilla/5.0 AppleWebKit/537.36 (KHTML, like Gecko; compatible; ClaudeBot/1.0; +claudebot@anthropic.com)"
216.73.216.187 - - [05/Apr/2026:15:58:36 +0200] "GET /wp-content/cache/page_enhanced/netvesti.com/%d1%82%d1%80%d0%b0%d0%b9%d1%87%d0%be-%d1%82%d1%80%d0%b0%d0%b9%d0%ba%d0%be%d0%b2-%d0%bc%d0%b8%d0%bd%d0%b8%d1%81%d1%82%d1%8a%d1%80-%d0%bd%d1%8f%d0%bc%d0%b0-%d0%bf%d1%80%d0%b0%d0%b2%d0%be%d0%bc%d0%be/?C=S&O=A HTTP/1.1" 200 419 "-" "Mozilla/5.0 AppleWebKit/537.36 (KHTML, like Gecko; compatible; ClaudeBot/1.0; +claudebot@anthropic.com)"
216.73.216.187 - - [05/Apr/2026:15:58:40 +0200] "GET /wp-content/cache/page_enhanced/netvesti.com/%d0%bf%d1%80%d0%b8%d1%8f%d1%82%d0%b5%d0%bb%d0%ba%d0%b0%d1%82%d0%b0-%d0%bd%d0%b0-%d0%b4%d0%be%d0%bd%d0%b0%d0%bb%d0%b4-%d1%82%d1%80%d1%8a%d0%bc%d0%bf-%d0%bc%d0%bb%d0%b0%d0%b4%d1%88%d0%b8-%d0%b5-%d1%81/?C=S&O=A HTTP/1.1" 200 427 "-" "Mozilla/5.0 AppleWebKit/537.36 (KHTML, like Gecko; compatible; ClaudeBot/1.0; +claudebot@anthropic.com)"
8.228.88.249 - - [05/Apr/2026:15:58:43 +0200] "GET /category/%d0%b1%d1%8a%d0%bb%d0%b3%d0%b0%d1%80%d0%b8%d1%8f/feed/ HTTP/1.1" 200 25501 "-" "Mozilla/5.0 (Windows NT 6.3; WOW64; rv:33.0) Gecko/20100101 Firefox/33.0"
216.73.216.187 - - [05/Apr/2026:15:58:45 +0200] "GET /wp-content/cache/page_enhanced/netvesti.com/%d0%bf%d1%80%d0%b5%d0%b7%d0%b8%d0%b4%d0%b5%d0%bd%d1%82%d1%8a%d1%82-%d1%80%d0%b0%d0%b4%d0%b5%d0%b2-%d1%81%d0%bb%d0%b5%d0%b4-%d0%bc%d0%b0%d1%88%d0%b8%d0%bd%d0%b5%d0%bd-%d0%b2%d0%be%d1%82-%d0%b3%d0%bb/?C=D&O=A HTTP/1.1" 200 424 "-" "Mozilla/5.0 AppleWebKit/537.36 (KHTML, like Gecko; compatible; ClaudeBot/1.0; +claudebot@anthropic.com)"
216.73.216.187 - - [05/Apr/2026:15:58:50 +0200] "GET /wp-content/cache/page_enhanced/netvesti.com/%d1%80%d0%b0%d0%b4%d0%b5%d0%b2-%d0%bd%d0%b5-%d0%bc%d0%be%d0%b6%d0%b5%d0%bc-%d0%b4%d0%b0-%d0%bf%d1%80%d0%be%d0%b4%d1%8a%d0%bb%d0%b6%d0%b0%d0%b2%d0%b0%d0%bc%d0%b5-%d1%82%d0%b0%d0%ba%d0%b0-%d0%bf%d1%80/?C=S&O=A HTTP/1.1" 200 414 "-" "Mozilla/5.0 AppleWebKit/537.36 (KHTML, like Gecko; compatible; ClaudeBot/1.0; +claudebot@anthropic.com)"
216.73.216.187 - - [05/Apr/2026:15:58:55 +0200] "GET /wp-content/cache/page_enhanced/netvesti.com/%d0%b0%d0%b4%d0%b2-%d1%88%d0%b5%d0%b9%d1%82%d0%b0%d0%bd%d0%be%d0%b2-%d0%b2%d1%81%d0%b5%d0%ba%d0%b8-%d0%b1%d1%8a%d0%bb%d0%b3%d0%b0%d1%80%d0%b8%d0%bd-%d0%bf%d0%bb%d0%b0%d1%89%d0%b0-%d0%b4%d0%b0%d0%bd/?C=D&O=A HTTP/1.1" 200 418 "-" "Mozilla/5.0 AppleWebKit/537.36 (KHTML, like Gecko; compatible; ClaudeBot/1.0; +claudebot@anthropic.com)"
220.181.108.105 - - [05/Apr/2026:15:58:59 +0200] "GET /wp-content/uploads/2022/06/stoickov-324x160.jpg HTTP/1.1" 200 8248 "-" "Baiduspider-image+(+http://www.baidu.com/search/spider.htm)"
216.73.216.187 - - [05/Apr/2026:15:59:00 +0200] "GET /wp-content/cache/page_enhanced/netvesti.com/%d1%82%d1%80%d1%8a%d0%bc%d0%bf-%d0%bf%d1%80%d0%b8%d0%b2%d1%8a%d1%80%d0%b6%d0%b5%d0%bd%d0%b8%d1%86%d0%b8-%d0%bd%d0%b0-%d0%bb%d0%b5%d0%b2%d0%b8%d1%8f-%d1%84%d0%b0%d1%88%d0%b8%d0%b7%d1%8a%d0%bc-%d0%b8/?C=S&O=A HTTP/1.1" 200 424 "-" "Mozilla/5.0 AppleWebKit/537.36 (KHTML, like Gecko; compatible; ClaudeBot/1.0; +claudebot@anthropic.com)"
216.73.216.187 - - [05/Apr/2026:15:59:06 +0200] "GET /wp-content/cache/page_enhanced/netvesti.com/%d0%bf%d1%80%d0%b5%d0%b7%d0%b8%d0%b4%d0%b5%d0%bd%d1%82%d1%8a%d1%82-%d1%80%d0%b0%d0%b4%d0%b5%d0%b2-%d1%81%d0%bb%d0%b5%d0%b4-%d0%bc%d0%b0%d1%88%d0%b8%d0%bd%d0%b5%d0%bd-%d0%b2%d0%be%d1%82-%d0%b3%d0%bb/?C=M&O=A HTTP/1.1" 200 422 "-" "Mozilla/5.0 AppleWebKit/537.36 (KHTML, like Gecko; compatible; ClaudeBot/1.0; +claudebot@anthropic.com)"
216.73.216.187 - - [05/Apr/2026:15:59:10 +0200] "GET /wp-content/cache/page_enhanced/netvesti.com/%d1%80%d0%b0%d0%b4%d0%b5%d0%b2-%d0%ba%d1%8a%d0%bc-%d0%ba%d0%b0%d1%80%d1%8a%d0%bd-%d0%b4%d0%be%d0%bd%d1%84%d1%80%d0%b8%d0%b4-%d0%be%d1%87%d0%b0%d0%ba%d0%b2%d0%b0%d0%bc%d0%b5-%d1%80%d0%b5%d0%b0%d0%bb/?C=D&O=A HTTP/1.1" 200 428 "-" "Mozilla/5.0 AppleWebKit/537.36 (KHTML, like Gecko; compatible; ClaudeBot/1.0; +claudebot@anthropic.com)"
216.73.216.187 - - [05/Apr/2026:15:59:15 +0200] "GET /wp-content/cache/page_enhanced/netvesti.com/%d0%b0%d0%b4%d0%b2-%d1%88%d0%b5%d0%b9%d1%82%d0%b0%d0%bd%d0%be%d0%b2-%d0%b2%d1%81%d0%b5%d0%ba%d0%b8-%d0%b1%d1%8a%d0%bb%d0%b3%d0%b0%d1%80%d0%b8%d0%bd-%d0%bf%d0%bb%d0%b0%d1%89%d0%b0-%d0%b4%d0%b0%d0%bd/?C=M&O=A HTTP/1.1" 200 417 "-" "Mozilla/5.0 AppleWebKit/537.36 (KHTML, like Gecko; compatible; ClaudeBot/1.0; +claudebot@anthropic.com)"
85.208.96.210 - - [05/Apr/2026:15:59:17 +0200] "GET /tag/%D0%B4%D0%BF%D1%81/page/27/ HTTP/1.1" 200 16180 "-" "Mozilla/5.0 (compatible; SemrushBot/7~bl; +http://www.semrush.com/bot.html)"
216.73.216.187 - - [05/Apr/2026:15:59:20 +0200] "GET /wp-content/cache/page_enhanced/netvesti.com/%d1%80%d0%b0%d0%b4%d0%b5%d0%b2-%d0%ba%d1%8a%d0%bc-%d0%ba%d0%b0%d1%80%d1%8a%d0%bd-%d0%b4%d0%be%d0%bd%d1%84%d1%80%d0%b8%d0%b4-%d0%be%d1%87%d0%b0%d0%ba%d0%b2%d0%b0%d0%bc%d0%b5-%d1%80%d0%b5%d0%b0%d0%bb/?C=M&O=A HTTP/1.1" 200 428 "-" "Mozilla/5.0 AppleWebKit/537.36 (KHTML, like Gecko; compatible; ClaudeBot/1.0; +claudebot@anthropic.com)"
185.191.171.14 - - [05/Apr/2026:15:59:21 +0200] "GET /tag/%D0%BC%D0%BD%D0%BE%D0%B3%D0%BE-%D0%B5-%D0%B2%D0%B5%D1%80%D0%BE%D1%8F%D1%82%D0%BD%D0%BE-%D0%B3%D0%B5%D1%88%D0%B5%D0%B2-%D0%B4%D0%B0-%D0%BD%D0%B5-%D1%81%D0%B8-%D0%B8%D0%B7%D0%BA%D0%B0%D1%80%D0%B0-%D0%BC/page/22/ HTTP/1.1" 200 16478 "-" "Mozilla/5.0 (compatible; SemrushBot/7~bl; +http://www.semrush.com/bot.html)"
216.73.216.187 - - [05/Apr/2026:15:59:25 +0200] "GET /wp-content/cache/page_enhanced/netvesti.com/%d0%bf%d1%80%d0%b5%d0%b7%d0%b8%d0%b4%d0%b5%d0%bd%d1%82%d1%8a%d1%82-%d1%80%d0%b0%d0%b4%d0%b5%d0%b2-%d1%81%d0%bb%d0%b5%d0%b4-%d0%bc%d0%b0%d1%88%d0%b8%d0%bd%d0%b5%d0%bd-%d0%b2%d0%be%d1%82-%d0%b3%d0%bb/?C=S&O=A HTTP/1.1" 200 424 "-" "Mozilla/5.0 AppleWebKit/537.36 (KHTML, like Gecko; compatible; ClaudeBot/1.0; +claudebot@anthropic.com)"
216.73.216.187 - - [05/Apr/2026:15:59:30 +0200] "GET /wp-content/cache/page_enhanced/netvesti.com/%d0%b0%d0%b4%d0%b2-%d1%88%d0%b5%d0%b9%d1%82%d0%b0%d0%bd%d0%be%d0%b2-%d0%b2%d1%81%d0%b5%d0%ba%d0%b8-%d0%b1%d1%8a%d0%bb%d0%b3%d0%b0%d1%80%d0%b8%d0%bd-%d0%bf%d0%bb%d0%b0%d1%89%d0%b0-%d0%b4%d0%b0%d0%bd/?C=S&O=A HTTP/1.1" 200 418 "-" "Mozilla/5.0 AppleWebKit/537.36 (KHTML, like Gecko; compatible; ClaudeBot/1.0; +claudebot@anthropic.com)"
216.73.216.187 - - [05/Apr/2026:15:59:36 +0200] "GET /wp-content/cache/page_enhanced/netvesti.com/%d1%80%d0%b0%d0%b4%d0%b5%d0%b2-%d0%ba%d1%8a%d0%bc-%d0%ba%d0%b0%d1%80%d1%8a%d0%bd-%d0%b4%d0%be%d0%bd%d1%84%d1%80%d0%b8%d0%b4-%d0%be%d1%87%d0%b0%d0%ba%d0%b2%d0%b0%d0%bc%d0%b5-%d1%80%d0%b5%d0%b0%d0%bb/?C=S&O=A HTTP/1.1" 200 428 "-" "Mozilla/5.0 AppleWebKit/537.36 (KHTML, like Gecko; compatible; ClaudeBot/1.0; +claudebot@anthropic.com)"
198.244.168.78 - - [05/Apr/2026:15:59:36 +0200] "GET /tag/%D0%BF%D1%80%D0%B0%D0%B7%D0%BD%D0%B8-%D0%BC%D0%B8%D1%81%D0%BB%D0%B8-%D0%BD%D0%B0-%D0%B5%D0%B4%D0%B8%D0%BD-%D0%BF%D1%80%D0%B0%D0%B7%D0%B5%D0%BD-%D0%B4%D0%B5%D0%BD%D0%BA%D0%BE%D0%B2-%D0%B7%D0%B0-%D0%B5/page/6/ HTTP/1.1" 200 16892 "-" "Mozilla/5.0 (compatible; AhrefsBot/7.0; +http://ahrefs.com/robot/)"
185.191.171.14 - - [05/Apr/2026:15:59:38 +0200] "GET /tag/%D0%B1%D1%8A%D0%BB%D0%B3%D0%B0%D1%80%D1%81%D0%BA%D0%B0%D1%82%D0%B0-%D0%B0%D1%80%D0%BC%D0%B8%D1%8F/page/17/ HTTP/1.1" 200 16431 "-" "Mozilla/5.0 (compatible; SemrushBot/7~bl; +http://www.semrush.com/bot.html)"
216.73.216.187 - - [05/Apr/2026:15:59:40 +0200] "GET /wp-content/cache/page_enhanced/netvesti.com/%d0%b1%d0%b8%d1%82%d0%ba%d0%b0%d1%82%d0%b0-%d0%bf%d1%80%d0%b8-%d0%b0%d0%b4%d1%80%d0%b8%d0%b0%d0%bd%d0%be%d0%bf%d0%be%d0%bb-%d0%ba%d0%b0%d0%bb%d0%be%d1%8f%d0%bd-%d0%be%d0%b1%d0%b5%d0%b7%d0%b3%d0%bb/?C=D&O=A HTTP/1.1" 200 420 "-" "Mozilla/5.0 AppleWebKit/537.36 (KHTML, like Gecko; compatible; ClaudeBot/1.0; +claudebot@anthropic.com)"
216.73.216.187 - - [05/Apr/2026:15:59:46 +0200] "GET /wp-content/cache/page_enhanced/netvesti.com/%d1%80%d0%b0%d0%b4%d0%b5%d0%b2-%d0%bf%d0%be%d0%bb%d0%b8%d1%82%d0%b8%d1%87%d0%b5%d1%81%d0%ba%d0%b8%d1%82%d0%b5-%d0%b1%d0%b5%d1%81%d0%be%d0%b2%d0%b5-%d0%b8-%d0%b5%d0%b3%d0%be%d0%b8%d0%b7%d0%bc%d1%8a/?C=S&O=D HTTP/1.1" 200 415 "-" "Mozilla/5.0 AppleWebKit/537.36 (KHTML, like Gecko; compatible; ClaudeBot/1.0; +claudebot@anthropic.com)"
8.228.88.249 - - [05/Apr/2026:15:59:47 +0200] "GET /category/%d0%bd%d0%be%d0%b2%d0%b8%d0%bd%d0%b8/feed/ HTTP/1.1" 200 43059 "-" "Mozilla/5.0 (Windows NT 6.3; WOW64; rv:33.0) Gecko/20100101 Firefox/33.0"
