216.73.216.187 - - [05/Apr/2026:16:57:38 +0200] "GET /wp-content/uploads/2020/04/d180d183d0bcd18ad0bdd181d0bad0b8-d0bed0bad180d18ad0b3-d181-d0bfd0bed0b2d0b5d187d0b5-d0b7d0b0d180d0b0d0b7d0b5d0bdd0b8-d0bed182-d186d18f-560x420.jpg HTTP/1.1" 200 36451 "-" "Mozilla/5.0 AppleWebKit/537.36 (KHTML, like Gecko; compatible; ClaudeBot/1.0; +claudebot@anthropic.com)"
216.73.216.187 - - [05/Apr/2026:16:57:38 +0200] "GET /wp-content/uploads/2021/05/185466628_4137720059626150_6260143287677524422_n-582x385.jpg HTTP/1.1" 200 42038 "-" "Mozilla/5.0 AppleWebKit/537.36 (KHTML, like Gecko; compatible; ClaudeBot/1.0; +claudebot@anthropic.com)"
51.195.183.149 - - [05/Apr/2026:16:57:39 +0200] "GET /tag/%D0%B1%D1%8A%D0%BB%D0%B3%D0%B0%D1%80%D0%B8-%D0%B4%D0%BD%D0%B5%D1%81/page/7/ HTTP/1.1" 200 16300 "-" "Mozilla/5.0 (compatible; AhrefsBot/7.0; +http://ahrefs.com/robot/)"
216.73.216.187 - - [05/Apr/2026:16:57:39 +0200] "GET /wp-content/uploads/2020/11/parva-obshtina-u-nas-zatvori-vsichki-555-741x486.jpg HTTP/1.1" 200 49049 "-" "Mozilla/5.0 AppleWebKit/537.36 (KHTML, like Gecko; compatible; ClaudeBot/1.0; +claudebot@anthropic.com)"
216.73.216.187 - - [05/Apr/2026:16:57:40 +0200] "GET /wp-content/uploads/2022/07/rumen-radev-balgarskata-politika-da-se-pravi-v-sofia-a-ne-v-kiev-324x400.jpg HTTP/1.1" 200 17419 "-" "Mozilla/5.0 AppleWebKit/537.36 (KHTML, like Gecko; compatible; ClaudeBot/1.0; +claudebot@anthropic.com)"
216.73.216.187 - - [05/Apr/2026:16:57:41 +0200] "GET /wp-content/uploads/2020/04/d180d183d0bcd18ad0bdd181d0bad0b8-d0bed0bad180d18ad0b3-d181-d0bfd0bed0b2d0b5d187d0b5-d0b7d0b0d180d0b0d0b7d0b5d0bdd0b8-d0bed182-d186d18f-300x225.jpg HTTP/1.1" 200 15412 "-" "Mozilla/5.0 AppleWebKit/537.36 (KHTML, like Gecko; compatible; ClaudeBot/1.0; +claudebot@anthropic.com)"
216.73.216.187 - - [05/Apr/2026:16:57:41 +0200] "GET /wp-content/uploads/2025/03/480967871_1111697190996659_5971187464004401491_n-80x60.jpg HTTP/1.1" 200 2272 "-" "Mozilla/5.0 AppleWebKit/537.36 (KHTML, like Gecko; compatible; ClaudeBot/1.0; +claudebot@anthropic.com)"
216.73.216.187 - - [05/Apr/2026:16:57:42 +0200] "GET /wp-content/uploads/2021/06/antonia-parvanova-mrasnite-chorapi-v-podkrepa-na-mitko-sa-otnoshenieto-kam-gerb-1-218x150.jpg HTTP/1.1" 200 9652 "-" "Mozilla/5.0 AppleWebKit/537.36 (KHTML, like Gecko; compatible; ClaudeBot/1.0; +claudebot@anthropic.com)"
216.73.216.187 - - [05/Apr/2026:16:57:42 +0200] "GET /wp-content/uploads/2021/06/206266067_868221947099121_1466234942198165166_n-324x235.jpg HTTP/1.1" 200 19743 "-" "Mozilla/5.0 AppleWebKit/537.36 (KHTML, like Gecko; compatible; ClaudeBot/1.0; +claudebot@anthropic.com)"
185.191.171.11 - - [05/Apr/2026:16:57:43 +0200] "GET /tag/%D0%B2%D0%B8%D0%BA%D1%82%D0%BE%D1%80-%D0%BE%D1%80%D0%B1%D0%B0%D0%BD-%D0%B2%D0%B7%D1%80%D0%B8%D0%B2%D0%B8-%D0%BC%D0%B0%D0%BB%D0%BA%D0%B8%D1%8F/page/13/ HTTP/1.1" 200 16219 "-" "Mozilla/5.0 (compatible; SemrushBot/7~bl; +http://www.semrush.com/bot.html)"
85.208.96.193 - - [05/Apr/2026:16:57:51 +0200] "GET /tag/%D0%B5%D1%81-%D1%80%D0%B0%D0%B7%D0%B4%D0%B0%D0%BB-%D1%89%D0%B5%D0%B4%D1%80%D0%B8-%D0%B7%D0%B5%D0%BC%D0%B5%D0%B4%D0%B5%D0%BB%D1%81%D0%BA%D0%B8-%D1%81%D1%83%D0%B1%D1%81%D0%B8%D0%B4%D0%B8%D0%B8-%D0%BD/page/2/ HTTP/1.1" 200 16786 "-" "Mozilla/5.0 (compatible; SemrushBot/7~bl; +http://www.semrush.com/bot.html)"
116.179.32.136 - - [05/Apr/2026:16:57:55 +0200] "GET /wp-content/uploads/2020/09/slavcev-324x160.jpg HTTP/1.1" 200 4359 "-" "Baiduspider-image+(+http://www.baidu.com/search/spider.htm)"
216.73.216.187 - - [05/Apr/2026:16:57:57 +0200] "GET /wp-content/uploads/2021/07/vasil-bojkov-za-pravitelstvoto-slagame-tigana-predi-ribata-video-1-300x178.jpg HTTP/1.1" 200 12632 "-" "Mozilla/5.0 AppleWebKit/537.36 (KHTML, like Gecko; compatible; ClaudeBot/1.0; +claudebot@anthropic.com)"
216.73.216.187 - - [05/Apr/2026:16:57:58 +0200] "GET /wp-content/uploads/2021/07/sled-signal-na-balgarsko-lato-e-arestuvan-maj-za-targovia-s-glasove-1-150x150.jpg HTTP/1.1" 200 6308 "-" "Mozilla/5.0 AppleWebKit/537.36 (KHTML, like Gecko; compatible; ClaudeBot/1.0; +claudebot@anthropic.com)"
216.73.216.187 - - [05/Apr/2026:16:57:58 +0200] "GET /wp-content/uploads/2023/01/324445858_636926961568138_154237802309766635_n-265x198.jpg HTTP/1.1" 200 17634 "-" "Mozilla/5.0 AppleWebKit/537.36 (KHTML, like Gecko; compatible; ClaudeBot/1.0; +claudebot@anthropic.com)"
216.73.216.187 - - [05/Apr/2026:16:57:59 +0200] "GET /wp-content/uploads/2023/04/339248814_748333866734799_2741896109226961568_n-324x400.jpg HTTP/1.1" 200 22311 "-" "Mozilla/5.0 AppleWebKit/537.36 (KHTML, like Gecko; compatible; ClaudeBot/1.0; +claudebot@anthropic.com)"
216.73.216.187 - - [05/Apr/2026:16:57:59 +0200] "GET /wp-content/uploads/2024/07/451669893_1041037707380576_4574032243204778863_n-300x225.jpg HTTP/1.1" 200 21345 "-" "Mozilla/5.0 AppleWebKit/537.36 (KHTML, like Gecko; compatible; ClaudeBot/1.0; +claudebot@anthropic.com)"
216.73.216.187 - - [05/Apr/2026:16:58:00 +0200] "GET /wp-content/uploads/2025/04/489839336_1221857026614151_280860809083847534_n-150x150.jpg HTTP/1.1" 200 6308 "-" "Mozilla/5.0 AppleWebKit/537.36 (KHTML, like Gecko; compatible; ClaudeBot/1.0; +claudebot@anthropic.com)"
216.73.216.187 - - [05/Apr/2026:16:58:00 +0200] "GET /wp-content/uploads/2023/01/324126876_1960278330841483_1815836124776781450_n-300x232.jpg HTTP/1.1" 200 22332 "-" "Mozilla/5.0 AppleWebKit/537.36 (KHTML, like Gecko; compatible; ClaudeBot/1.0; +claudebot@anthropic.com)"
216.73.216.187 - - [05/Apr/2026:16:58:01 +0200] "GET /wp-content/uploads/2025/03/485769237_988980066704301_8909780606427190026_n-1-533x261.jpg HTTP/1.1" 200 21535 "-" "Mozilla/5.0 AppleWebKit/537.36 (KHTML, like Gecko; compatible; ClaudeBot/1.0; +claudebot@anthropic.com)"
216.73.216.187 - - [05/Apr/2026:16:58:01 +0200] "GET /wp-content/uploads/2020/11/big_124557085_1462184327313879_4585082857600186593_n-324x400.jpg HTTP/1.1" 200 23182 "-" "Mozilla/5.0 AppleWebKit/537.36 (KHTML, like Gecko; compatible; ClaudeBot/1.0; +claudebot@anthropic.com)"
216.73.216.187 - - [05/Apr/2026:16:58:02 +0200] "GET /wp-content/uploads/2023/01/324126876_1960278330841483_1815836124776781450_n-1024x791.jpg HTTP/1.1" 502 150 "-" "Mozilla/5.0 AppleWebKit/537.36 (KHTML, like Gecko; compatible; ClaudeBot/1.0; +claudebot@anthropic.com)"
216.73.216.187 - - [05/Apr/2026:16:58:02 +0200] "GET /wp-content/uploads/2024/08/456926456_1038531950971475_3025694591155539170_n-150x150.jpg HTTP/1.1" 502 150 "-" "Mozilla/5.0 AppleWebKit/537.36 (KHTML, like Gecko; compatible; ClaudeBot/1.0; +claudebot@anthropic.com)"
216.73.216.187 - - [05/Apr/2026:16:58:03 +0200] "GET /wp-content/uploads/2020/12/132038973_3736857936401594_1912288383157794588_n-80x60.jpg HTTP/1.1" 200 2865 "-" "Mozilla/5.0 AppleWebKit/537.36 (KHTML, like Gecko; compatible; ClaudeBot/1.0; +claudebot@anthropic.com)"
216.73.216.187 - - [05/Apr/2026:16:58:03 +0200] "GET /wp-content/uploads/2025/05/330379929_1891255964550695_6925714512529119280_n-768x768.jpg HTTP/1.1" 200 62864 "-" "Mozilla/5.0 AppleWebKit/537.36 (KHTML, like Gecko; compatible; ClaudeBot/1.0; +claudebot@anthropic.com)"
216.73.216.187 - - [05/Apr/2026:16:58:04 +0200] "GET /wp-content/uploads/2023/01/324237391_1208295236749597_1141027820058711280_n-324x160.jpg HTTP/1.1" 200 16388 "-" "Mozilla/5.0 AppleWebKit/537.36 (KHTML, like Gecko; compatible; ClaudeBot/1.0; +claudebot@anthropic.com)"
216.73.216.187 - - [05/Apr/2026:16:58:04 +0200] "GET /wp-content/uploads/2020/11/126285742_3509781949105960_1076711438144888421_n-80x60.jpg HTTP/1.1" 200 1968 "-" "Mozilla/5.0 AppleWebKit/537.36 (KHTML, like Gecko; compatible; ClaudeBot/1.0; +claudebot@anthropic.com)"
216.73.216.187 - - [05/Apr/2026:16:58:05 +0200] "GET /wp-content/uploads/2023/01/327665243_1215819292355475_2846315129265334383_n-80x60.jpg HTTP/1.1" 200 2122 "-" "Mozilla/5.0 AppleWebKit/537.36 (KHTML, like Gecko; compatible; ClaudeBot/1.0; +claudebot@anthropic.com)"
216.73.216.187 - - [05/Apr/2026:16:58:05 +0200] "GET /wp-content/uploads/2021/02/galap-radev-s-pochti-doyno-po-visok-reyting-ot-borisov-Hbxcv-218x150.jpg HTTP/1.1" 200 7686 "-" "Mozilla/5.0 AppleWebKit/537.36 (KHTML, like Gecko; compatible; ClaudeBot/1.0; +claudebot@anthropic.com)"
216.73.216.187 - - [05/Apr/2026:16:58:06 +0200] "GET /wp-content/uploads/2022/12/44946594_1395294103937644_6807682567576223744_n-150x150.jpg HTTP/1.1" 200 7817 "-" "Mozilla/5.0 AppleWebKit/537.36 (KHTML, like Gecko; compatible; ClaudeBot/1.0; +claudebot@anthropic.com)"
216.73.216.187 - - [05/Apr/2026:16:58:07 +0200] "GET /wp-content/uploads/2021/11/255080177_2991344474421109_44885618492583032_n-80x60.jpg HTTP/1.1" 200 2910 "-" "Mozilla/5.0 AppleWebKit/537.36 (KHTML, like Gecko; compatible; ClaudeBot/1.0; +claudebot@anthropic.com)"
216.73.216.187 - - [05/Apr/2026:16:58:07 +0200] "GET /wp-content/uploads/2020/12/131256272_226649812314481_8943227917002592230_o-768x554.jpg HTTP/1.1" 200 69500 "-" "Mozilla/5.0 AppleWebKit/537.36 (KHTML, like Gecko; compatible; ClaudeBot/1.0; +claudebot@anthropic.com)"
216.73.216.187 - - [05/Apr/2026:16:58:08 +0200] "GET /wp-content/uploads/2019/02/17f0832c1d9255aabdbc9b192794f709_680x_nanowires_160420_01_sz_small-768x519-324x400.jpg HTTP/1.1" 200 13060 "-" "Mozilla/5.0 AppleWebKit/537.36 (KHTML, like Gecko; compatible; ClaudeBot/1.0; +claudebot@anthropic.com)"
216.73.216.187 - - [05/Apr/2026:16:58:09 +0200] "GET /wp-content/uploads/2023/09/375137013_1019236806019784_4061386599156684559_n-324x235.jpg HTTP/1.1" 200 23037 "-" "Mozilla/5.0 AppleWebKit/537.36 (KHTML, like Gecko; compatible; ClaudeBot/1.0; +claudebot@anthropic.com)"
216.73.216.187 - - [05/Apr/2026:16:58:10 +0200] "GET /wp-content/uploads/2025/05/330379929_1891255964550695_6925714512529119280_n-696x385.jpg HTTP/1.1" 200 32877 "-" "Mozilla/5.0 AppleWebKit/537.36 (KHTML, like Gecko; compatible; ClaudeBot/1.0; +claudebot@anthropic.com)"
216.73.216.187 - - [05/Apr/2026:16:58:10 +0200] "GET /wp-content/uploads/2023/01/324126876_1960278330841483_1815836124776781450_n-356x220.jpg HTTP/1.1" 200 22265 "-" "Mozilla/5.0 AppleWebKit/537.36 (KHTML, like Gecko; compatible; ClaudeBot/1.0; +claudebot@anthropic.com)"
216.73.216.187 - - [05/Apr/2026:16:58:11 +0200] "GET /wp-content/uploads/2021/05/bivoly-prizova-slujebnoto-pravitelstvo-da-signalizira-kyoveshi-1-150x150.jpg HTTP/1.1" 200 5635 "-" "Mozilla/5.0 AppleWebKit/537.36 (KHTML, like Gecko; compatible; ClaudeBot/1.0; +claudebot@anthropic.com)"
216.73.216.187 - - [05/Apr/2026:16:58:11 +0200] "GET /wp-content/uploads/2025/05/330379929_1891255964550695_6925714512529119280_n-534x462.jpg HTTP/1.1" 200 31343 "-" "Mozilla/5.0 AppleWebKit/537.36 (KHTML, like Gecko; compatible; ClaudeBot/1.0; +claudebot@anthropic.com)"
216.73.216.187 - - [05/Apr/2026:16:58:11 +0200] "GET /wp-content/uploads/2024/02/980x551_1707827413_4164057518194187260_big-356x364.jpg HTTP/1.1" 200 20929 "-" "Mozilla/5.0 AppleWebKit/537.36 (KHTML, like Gecko; compatible; ClaudeBot/1.0; +claudebot@anthropic.com)"
216.73.216.187 - - [05/Apr/2026:16:58:12 +0200] "GET /wp-content/uploads/2025/05/501756799_9987639501293224_1093491324312777906_n-300x172.jpg HTTP/1.1" 200 12173 "-" "Mozilla/5.0 AppleWebKit/537.36 (KHTML, like Gecko; compatible; ClaudeBot/1.0; +claudebot@anthropic.com)"
216.73.216.187 - - [05/Apr/2026:16:58:13 +0200] "GET /wp-content/uploads/2025/09/555451244_1285489433617433_3364640362898983131_n-300x213.jpg HTTP/1.1" 200 14057 "-" "Mozilla/5.0 AppleWebKit/537.36 (KHTML, like Gecko; compatible; ClaudeBot/1.0; +claudebot@anthropic.com)"
216.73.216.187 - - [05/Apr/2026:16:58:13 +0200] "GET /wp-content/uploads/2023/08/369213609_7119676551394701_6460888558897038431_n-240x300.jpg HTTP/1.1" 200 15973 "-" "Mozilla/5.0 AppleWebKit/537.36 (KHTML, like Gecko; compatible; ClaudeBot/1.0; +claudebot@anthropic.com)"
216.73.216.187 - - [05/Apr/2026:16:58:13 +0200] "GET /wp-content/uploads/2023/01/324232758_909865663375906_6797739969980849331_n-544x420.jpg HTTP/1.1" 200 59778 "-" "Mozilla/5.0 AppleWebKit/537.36 (KHTML, like Gecko; compatible; ClaudeBot/1.0; +claudebot@anthropic.com)"
216.73.216.187 - - [05/Apr/2026:16:58:14 +0200] "GET /wp-content/uploads/2022/12/44946594_1395294103937644_6807682567576223744_n-533x261.jpg HTTP/1.1" 200 27709 "-" "Mozilla/5.0 AppleWebKit/537.36 (KHTML, like Gecko; compatible; ClaudeBot/1.0; +claudebot@anthropic.com)"
216.73.216.187 - - [05/Apr/2026:16:58:14 +0200] "GET /wp-content/uploads/2025/05/330379929_1891255964550695_6925714512529119280_n-324x235.jpg HTTP/1.1" 200 12974 "-" "Mozilla/5.0 AppleWebKit/537.36 (KHTML, like Gecko; compatible; ClaudeBot/1.0; +claudebot@anthropic.com)"
216.73.216.187 - - [05/Apr/2026:16:58:15 +0200] "GET /wp-content/uploads/2026/02/623426386_1394539729379069_3078114866074286596_n-324x235.jpg HTTP/1.1" 200 12540 "-" "Mozilla/5.0 AppleWebKit/537.36 (KHTML, like Gecko; compatible; ClaudeBot/1.0; +claudebot@anthropic.com)"
216.73.216.187 - - [05/Apr/2026:16:58:16 +0200] "GET /wp-content/uploads/2024/03/284928230_566843631497362_1792071228358365717_n-1068x580.jpg HTTP/1.1" 200 55146 "-" "Mozilla/5.0 AppleWebKit/537.36 (KHTML, like Gecko; compatible; ClaudeBot/1.0; +claudebot@anthropic.com)"
185.191.171.8 - - [05/Apr/2026:16:58:16 +0200] "GET /tag/%D0%BD%D0%BE%D0%B2%D0%B8%D0%BD%D0%B8%D1%82%D0%B5-%D0%BE%D1%82-%D0%B1%D1%8A%D0%BB%D0%B3%D0%B0%D1%80%D0%B8%D1%8F-%D0%B8-%D1%81%D0%B2%D0%B5%D1%82%D0%B0/page/205/ HTTP/1.1" 200 16345 "-" "Mozilla/5.0 (compatible; SemrushBot/7~bl; +http://www.semrush.com/bot.html)"
216.73.216.187 - - [05/Apr/2026:16:58:17 +0200] "GET /wp-content/uploads/2022/07/291676761_1404866970035946_7044465433045524722_n-696x392.jpg HTTP/1.1" 200 86642 "-" "Mozilla/5.0 AppleWebKit/537.36 (KHTML, like Gecko; compatible; ClaudeBot/1.0; +claudebot@anthropic.com)"
216.73.216.187 - - [05/Apr/2026:16:58:18 +0200] "GET /wp-content/uploads/2022/03/277564220_4970984069615106_7839222487777874622_n-265x198.jpg HTTP/1.1" 200 7794 "-" "Mozilla/5.0 AppleWebKit/537.36 (KHTML, like Gecko; compatible; ClaudeBot/1.0; +claudebot@anthropic.com)"
216.73.216.187 - - [05/Apr/2026:16:58:18 +0200] "GET /wp-content/uploads/2024/03/284928230_566843631497362_1792071228358365717_n-265x198.jpg HTTP/1.1" 200 10925 "-" "Mozilla/5.0 AppleWebKit/537.36 (KHTML, like Gecko; compatible; ClaudeBot/1.0; +claudebot@anthropic.com)"
216.73.216.187 - - [05/Apr/2026:16:58:18 +0200] "GET /wp-content/uploads/2023/05/347438332_183665440966761_2681624582503925117_n-80x60.jpg HTTP/1.1" 200 2006 "-" "Mozilla/5.0 AppleWebKit/537.36 (KHTML, like Gecko; compatible; ClaudeBot/1.0; +claudebot@anthropic.com)"
216.73.216.187 - - [05/Apr/2026:16:58:19 +0200] "GET /wp-content/uploads/2021/07/vasil-bojkov-za-pravitelstvoto-slagame-tigana-predi-ribata-video-1-324x235.jpg HTTP/1.1" 200 15590 "-" "Mozilla/5.0 AppleWebKit/537.36 (KHTML, like Gecko; compatible; ClaudeBot/1.0; +claudebot@anthropic.com)"
216.73.216.187 - - [05/Apr/2026:16:58:20 +0200] "GET /wp-content/uploads/2020/12/131256272_226649812314481_8943227917002592230_o-1068x770.jpg HTTP/1.1" 200 110158 "-" "Mozilla/5.0 AppleWebKit/537.36 (KHTML, like Gecko; compatible; ClaudeBot/1.0; +claudebot@anthropic.com)"
216.73.216.187 - - [05/Apr/2026:16:58:21 +0200] "GET /wp-content/uploads/2024/09/big_461179291_1086219589529054_8448756770453589602_n-150x150.jpg HTTP/1.1" 200 4715 "-" "Mozilla/5.0 AppleWebKit/537.36 (KHTML, like Gecko; compatible; ClaudeBot/1.0; +claudebot@anthropic.com)"
216.73.216.187 - - [05/Apr/2026:16:58:21 +0200] "GET /wp-content/uploads/2026/02/623426386_1394539729379069_3078114866074286596_n-696x385.jpg HTTP/1.1" 200 30595 "-" "Mozilla/5.0 AppleWebKit/537.36 (KHTML, like Gecko; compatible; ClaudeBot/1.0; +claudebot@anthropic.com)"
216.73.216.187 - - [05/Apr/2026:16:58:22 +0200] "GET /wp-content/uploads/2022/04/278571611_527682105389798_6082544812045960110_n-356x364.jpg HTTP/1.1" 200 20775 "-" "Mozilla/5.0 AppleWebKit/537.36 (KHTML, like Gecko; compatible; ClaudeBot/1.0; +claudebot@anthropic.com)"
216.73.216.187 - - [05/Apr/2026:16:58:22 +0200] "GET /wp-content/uploads/2021/05/191315223_2729221263983999_653101028904156748_n-80x60.jpg HTTP/1.1" 200 3144 "-" "Mozilla/5.0 AppleWebKit/537.36 (KHTML, like Gecko; compatible; ClaudeBot/1.0; +claudebot@anthropic.com)"
216.73.216.187 - - [05/Apr/2026:16:58:23 +0200] "GET /wp-content/uploads/2023/12/405178364_10161532154824623_8419024046953881678_n-1068x580.jpg HTTP/1.1" 200 73667 "-" "Mozilla/5.0 AppleWebKit/537.36 (KHTML, like Gecko; compatible; ClaudeBot/1.0; +claudebot@anthropic.com)"
216.73.216.187 - - [05/Apr/2026:16:58:23 +0200] "GET /wp-content/uploads/2020/11/32631938_1607888505973109_4089961321481633792_n-1-696x799-80x60.jpg HTTP/1.1" 200 2296 "-" "Mozilla/5.0 AppleWebKit/537.36 (KHTML, like Gecko; compatible; ClaudeBot/1.0; +claudebot@anthropic.com)"
216.73.216.187 - - [05/Apr/2026:16:58:24 +0200] "GET /wp-content/uploads/2026/01/496953581_4081065358877524_7861683843527034708_n-324x400.jpg HTTP/1.1" 200 26048 "-" "Mozilla/5.0 AppleWebKit/537.36 (KHTML, like Gecko; compatible; ClaudeBot/1.0; +claudebot@anthropic.com)"
216.73.216.187 - - [05/Apr/2026:16:58:25 +0200] "GET /wp-content/themes/Newspaper/includes/demos/fashion/pages/xxx_td_pic_p2_xxx HTTP/1.1" 404 12109 "-" "Mozilla/5.0 AppleWebKit/537.36 (KHTML, like Gecko; compatible; ClaudeBot/1.0; +claudebot@anthropic.com)"
216.73.216.187 - - [05/Apr/2026:16:58:26 +0200] "GET /wp-content/uploads/2021/01/momcheto-si-otide-pochina-filip-trifonov-1-356x364.jpg HTTP/1.1" 200 12813 "-" "Mozilla/5.0 AppleWebKit/537.36 (KHTML, like Gecko; compatible; ClaudeBot/1.0; +claudebot@anthropic.com)"
216.73.216.187 - - [05/Apr/2026:16:58:26 +0200] "GET /wp-content/uploads/2025/04/491395446_1082462293918177_8856887675013114012_n-150x150.jpg HTTP/1.1" 200 7357 "-" "Mozilla/5.0 AppleWebKit/537.36 (KHTML, like Gecko; compatible; ClaudeBot/1.0; +claudebot@anthropic.com)"
216.73.216.187 - - [05/Apr/2026:16:58:28 +0200] "GET /wp-content/uploads/2021/05/bivoly-prizova-slujebnoto-pravitelstvo-da-signalizira-kyoveshi-1-300x178.jpg HTTP/1.1" 200 9478 "-" "Mozilla/5.0 AppleWebKit/537.36 (KHTML, like Gecko; compatible; ClaudeBot/1.0; +claudebot@anthropic.com)"
216.73.216.187 - - [05/Apr/2026:16:58:28 +0200] "GET /wp-content/uploads/2022/07/292407573_569277081427980_4723595156523691207_n-1068x580.jpg HTTP/1.1" 200 82334 "-" "Mozilla/5.0 AppleWebKit/537.36 (KHTML, like Gecko; compatible; ClaudeBot/1.0; +claudebot@anthropic.com)"
216.73.216.187 - - [05/Apr/2026:16:58:28 +0200] "GET /wp-content/uploads/2023/04/340371816_1629380277529276_5319949456098986487_n-2-300x168.jpg HTTP/1.1" 200 10209 "-" "Mozilla/5.0 AppleWebKit/537.36 (KHTML, like Gecko; compatible; ClaudeBot/1.0; +claudebot@anthropic.com)"
216.73.216.187 - - [05/Apr/2026:16:58:29 +0200] "GET /wp-content/uploads/2024/07/big_453041700_1046497323501281_3501375863022572342_n48e-150x150.jpg HTTP/1.1" 200 5650 "-" "Mozilla/5.0 AppleWebKit/537.36 (KHTML, like Gecko; compatible; ClaudeBot/1.0; +claudebot@anthropic.com)"
216.73.216.187 - - [05/Apr/2026:16:58:30 +0200] "GET /wp-content/uploads/2023/04/340371816_1629380277529276_5319949456098986487_n-300x168.jpg HTTP/1.1" 200 10209 "-" "Mozilla/5.0 AppleWebKit/537.36 (KHTML, like Gecko; compatible; ClaudeBot/1.0; +claudebot@anthropic.com)"
216.73.216.187 - - [05/Apr/2026:16:58:30 +0200] "GET /wp-content/uploads/2022/12/44946594_1395294103937644_6807682567576223744_n-696x385.jpg HTTP/1.1" 200 45669 "-" "Mozilla/5.0 AppleWebKit/537.36 (KHTML, like Gecko; compatible; ClaudeBot/1.0; +claudebot@anthropic.com)"
216.73.216.187 - - [05/Apr/2026:16:58:31 +0200] "GET /wp-content/uploads/2023/09/375177578_848659426860139_8743655637234230605_n-1068x580.jpg HTTP/1.1" 200 51199 "-" "Mozilla/5.0 AppleWebKit/537.36 (KHTML, like Gecko; compatible; ClaudeBot/1.0; +claudebot@anthropic.com)"
216.73.216.187 - - [05/Apr/2026:16:58:32 +0200] "GET /wp-content/uploads/2021/07/sled-signal-na-balgarsko-lato-e-arestuvan-maj-za-targovia-s-glasove-1-324x235.jpg HTTP/1.1" 200 14611 "-" "Mozilla/5.0 AppleWebKit/537.36 (KHTML, like Gecko; compatible; ClaudeBot/1.0; +claudebot@anthropic.com)"
216.73.216.187 - - [05/Apr/2026:16:58:32 +0200] "GET /wp-content/uploads/2020/12/big_129544740_1298606263830014_5201818373400163422_n-80x60.jpg HTTP/1.1" 200 2436 "-" "Mozilla/5.0 AppleWebKit/537.36 (KHTML, like Gecko; compatible; ClaudeBot/1.0; +claudebot@anthropic.com)"
216.73.216.187 - - [05/Apr/2026:16:58:33 +0200] "GET /wp-content/uploads/2025/03/485769237_988980066704301_8909780606427190026_n-1-696x385.jpg HTTP/1.1" 200 35937 "-" "Mozilla/5.0 AppleWebKit/537.36 (KHTML, like Gecko; compatible; ClaudeBot/1.0; +claudebot@anthropic.com)"
216.73.216.187 - - [05/Apr/2026:16:58:33 +0200] "GET /wp-content/uploads/2023/01/324438737_540560171467829_3093282591402784282_n-696x538.jpg HTTP/1.1" 200 86160 "-" "Mozilla/5.0 AppleWebKit/537.36 (KHTML, like Gecko; compatible; ClaudeBot/1.0; +claudebot@anthropic.com)"
216.73.216.187 - - [05/Apr/2026:16:58:34 +0200] "GET /wp-content/uploads/2021/04/big_169665338_10158046594972823_9098036873982427696_n6bf-324x400.jpg HTTP/1.1" 200 15240 "-" "Mozilla/5.0 AppleWebKit/537.36 (KHTML, like Gecko; compatible; ClaudeBot/1.0; +claudebot@anthropic.com)"
216.73.216.187 - - [05/Apr/2026:16:58:35 +0200] "GET /wp-content/uploads/2023/01/324438737_540560171467829_3093282591402784282_n-1024x791.jpg HTTP/1.1" 200 155933 "-" "Mozilla/5.0 AppleWebKit/537.36 (KHTML, like Gecko; compatible; ClaudeBot/1.0; +claudebot@anthropic.com)"
216.73.216.187 - - [05/Apr/2026:16:58:35 +0200] "GET /wp-content/uploads/2022/07/291676761_1404866970035946_7044465433045524722_n-768x432.jpg HTTP/1.1" 200 121955 "-" "Mozilla/5.0 AppleWebKit/537.36 (KHTML, like Gecko; compatible; ClaudeBot/1.0; +claudebot@anthropic.com)"
216.73.216.187 - - [05/Apr/2026:16:58:36 +0200] "GET /wp-content/uploads/2025/04/485769237_988980066704301_8909780606427190026_n-630x420.jpg HTTP/1.1" 200 37695 "-" "Mozilla/5.0 AppleWebKit/537.36 (KHTML, like Gecko; compatible; ClaudeBot/1.0; +claudebot@anthropic.com)"
216.73.216.187 - - [05/Apr/2026:16:58:36 +0200] "GET /wp-content/uploads/2024/09/big_big_454436249_122138983310304698_9157652561069530056_nd59-356x364.jpg HTTP/1.1" 200 13858 "-" "Mozilla/5.0 AppleWebKit/537.36 (KHTML, like Gecko; compatible; ClaudeBot/1.0; +claudebot@anthropic.com)"
2a03:2880:22ff:49:: - - [05/Apr/2026:16:58:36 +0200] "GET /wp-content/uploads/2022/04/neshka-robeva_600x400.jpg HTTP/1.1" 200 27970 "-" "facebookexternalhit/1.1 (+http://www.facebook.com/externalhit_uatext.php)"
216.73.216.187 - - [05/Apr/2026:16:58:36 +0200] "GET /wp-content/uploads/2023/01/324126876_1960278330841483_1815836124776781450_n-356x364.jpg HTTP/1.1" 200 32910 "-" "Mozilla/5.0 AppleWebKit/537.36 (KHTML, like Gecko; compatible; ClaudeBot/1.0; +claudebot@anthropic.com)"
216.73.216.187 - - [05/Apr/2026:16:58:37 +0200] "GET /wp-content/uploads/2021/02/doc-mangarov-pred-fakti-edin-medicinski-problem-se-izpolzva-za-chisto-politicheski-celi-1-324x392.jpg HTTP/1.1" 200 16329 "-" "Mozilla/5.0 AppleWebKit/537.36 (KHTML, like Gecko; compatible; ClaudeBot/1.0; +claudebot@anthropic.com)"
2a03:2880:22ff:72:: - - [05/Apr/2026:16:58:37 +0200] "GET /%D0%BD%D0%B5%D1%88%D0%BA%D0%B0-%D1%80%D0%BE%D0%B1%D0%B5%D0%B2%D0%B0-%D1%80%D0%B0%D0%B7%D0%BC%D0%B0%D0%B7%D0%B0-%D0%BD%D0%B0%D1%82%D0%BE-%D1%84%D0%B0%D1%88%D0%B8%D1%81%D1%82%D0%B8-%D0%B2-%D0%B9%D0%B5/ HTTP/1.1" 200 33198 "-" "facebookexternalhit/1.1 (+http://www.facebook.com/externalhit_uatext.php)"
2a03:2880:22ff:72:: - - [05/Apr/2026:16:58:38 +0200] "GET /%D0%BD%D0%B5%D1%88%D0%BA%D0%B0-%D1%80%D0%BE%D0%B1%D0%B5%D0%B2%D0%B0-%D1%80%D0%B0%D0%B7%D0%BC%D0%B0%D0%B7%D0%B0-%D0%BD%D0%B0%D1%82%D0%BE-%D1%84%D0%B0%D1%88%D0%B8%D1%81%D1%82%D0%B8-%D0%B2-%D0%B9%D0%B5/ HTTP/1.1" 200 33304 "-" "facebookexternalhit/1.1 (+http://www.facebook.com/externalhit_uatext.php)"
216.73.216.187 - - [05/Apr/2026:16:58:38 +0200] "GET /wp-content/uploads/2023/09/375137013_1019236806019784_4061386599156684559_n-696x522.jpg HTTP/1.1" 200 94276 "-" "Mozilla/5.0 AppleWebKit/537.36 (KHTML, like Gecko; compatible; ClaudeBot/1.0; +claudebot@anthropic.com)"
2a03:2880:12ff:1:: - - [05/Apr/2026:16:58:38 +0200] "GET /%D0%BD%D0%B5%D1%88%D0%BA%D0%B0-%D1%80%D0%BE%D0%B1%D0%B5%D0%B2%D0%B0-%D1%80%D0%B0%D0%B7%D0%BC%D0%B0%D0%B7%D0%B0-%D0%BD%D0%B0%D1%82%D0%BE-%D1%84%D0%B0%D1%88%D0%B8%D1%81%D1%82%D0%B8-%D0%B2-%D0%B9%D0%B5/ HTTP/1.1" 200 33095 "-" "facebookexternalhit/1.1 (+http://www.facebook.com/externalhit_uatext.php)"
2a03:2880:22ff:4:: - - [05/Apr/2026:16:58:38 +0200] "GET /wp-content/themes/Newspaper/js/tagdiv_theme.js?ver=8.0 HTTP/1.1" 200 94318 "-" "facebookexternalhit/1.1 (+http://www.facebook.com/externalhit_uatext.php)"
2a03:2880:7ff:5:: - - [05/Apr/2026:16:58:39 +0200] "GET /%D0%BD%D0%B5%D1%88%D0%BA%D0%B0-%D1%80%D0%BE%D0%B1%D0%B5%D0%B2%D0%B0-%D1%80%D0%B0%D0%B7%D0%BC%D0%B0%D0%B7%D0%B0-%D0%BD%D0%B0%D1%82%D0%BE-%D1%84%D0%B0%D1%88%D0%B8%D1%81%D1%82%D0%B8-%D0%B2-%D0%B9%D0%B5/ HTTP/1.1" 200 33095 "-" "facebookexternalhit/1.1 (+http://www.facebook.com/externalhit_uatext.php)"
216.73.216.187 - - [05/Apr/2026:16:58:39 +0200] "GET /wp-content/uploads/2025/01/08-01_2005422147929141435_big_141052499032566238_big-300x168.jpg HTTP/1.1" 200 11977 "-" "Mozilla/5.0 AppleWebKit/537.36 (KHTML, like Gecko; compatible; ClaudeBot/1.0; +claudebot@anthropic.com)"
2a03:2880:15ff:72:: - - [05/Apr/2026:16:58:39 +0200] "GET /%D0%BD%D0%B5%D1%88%D0%BA%D0%B0-%D1%80%D0%BE%D0%B1%D0%B5%D0%B2%D0%B0-%D1%80%D0%B0%D0%B7%D0%BC%D0%B0%D0%B7%D0%B0-%D0%BD%D0%B0%D1%82%D0%BE-%D1%84%D0%B0%D1%88%D0%B8%D1%81%D1%82%D0%B8-%D0%B2-%D0%B9%D0%B5/ HTTP/1.1" 200 33095 "-" "facebookexternalhit/1.1 (+http://www.facebook.com/externalhit_uatext.php)"
2a03:2880:22ff:5:: - - [05/Apr/2026:16:58:39 +0200] "GET /%d0%bd%d0%b5%d1%88%d0%ba%d0%b0-%d1%80%d0%be%d0%b1%d0%b5%d0%b2%d0%b0-%d1%80%d0%b0%d0%b7%d0%bc%d0%b0%d0%b7%d0%b0-%d0%bd%d0%b0%d1%82%d0%be-%d1%84%d0%b0%d1%88%d0%b8%d1%81%d1%82%d0%b8-%d0%b2-%d0%b9%d0%b5/ HTTP/1.1" 200 33073 "-" "facebookexternalhit/1.1 (+http://www.facebook.com/externalhit_uatext.php)"
2a03:2880:22ff:73:: - - [05/Apr/2026:16:58:39 +0200] "GET /%d0%bd%d0%b5%d1%88%d0%ba%d0%b0-%d1%80%d0%be%d0%b1%d0%b5%d0%b2%d0%b0-%d1%80%d0%b0%d0%b7%d0%bc%d0%b0%d0%b7%d0%b0-%d0%bd%d0%b0%d1%82%d0%be-%d1%84%d0%b0%d1%88%d0%b8%d1%81%d1%82%d0%b8-%d0%b2-%d0%b9%d0%b5/ HTTP/1.1" 200 33989 "-" "facebookexternalhit/1.1 (+http://www.facebook.com/externalhit_uatext.php)"
216.73.216.187 - - [05/Apr/2026:16:58:39 +0200] "GET /wp-content/uploads/2023/09/375177578_848659426860139_8743655637234230605_n-1068x1424.jpg HTTP/1.1" 200 146371 "-" "Mozilla/5.0 AppleWebKit/537.36 (KHTML, like Gecko; compatible; ClaudeBot/1.0; +claudebot@anthropic.com)"
216.73.216.187 - - [05/Apr/2026:16:58:40 +0200] "GET /wp-content/uploads/2023/01/324438737_540560171467829_3093282591402784282_n-696x385.jpg HTTP/1.1" 200 60419 "-" "Mozilla/5.0 AppleWebKit/537.36 (KHTML, like Gecko; compatible; ClaudeBot/1.0; +claudebot@anthropic.com)"
216.73.216.187 - - [05/Apr/2026:16:58:41 +0200] "GET /wp-content/uploads/2021/04/172150248_1926627550819586_4518254772082350193_n-741x486.jpg HTTP/1.1" 200 26915 "-" "Mozilla/5.0 AppleWebKit/537.36 (KHTML, like Gecko; compatible; ClaudeBot/1.0; +claudebot@anthropic.com)"
216.73.216.187 - - [05/Apr/2026:16:58:42 +0200] "GET /wp-content/uploads/2020/11/big_124557085_1462184327313879_4585082857600186593_n-150x150.jpg HTTP/1.1" 200 7042 "-" "Mozilla/5.0 AppleWebKit/537.36 (KHTML, like Gecko; compatible; ClaudeBot/1.0; +claudebot@anthropic.com)"
2a03:2880:3ff:52:: - - [05/Apr/2026:16:58:42 +0200] "GET /wp-content/uploads/2022/04/neshka-robeva_600x400.jpg HTTP/1.1" 200 27970 "-" "facebookexternalhit/1.1 (+http://www.facebook.com/externalhit_uatext.php)"
2a03:2880:12ff:4a:: - - [05/Apr/2026:16:58:42 +0200] "GET /wp-content/uploads/2022/04/neshka-robeva_600x400.jpg HTTP/1.1" 200 27970 "-" "facebookexternalhit/1.1 (+http://www.facebook.com/externalhit_uatext.php)"
216.73.216.187 - - [05/Apr/2026:16:58:42 +0200] "GET /wp-content/uploads/2024/09/big_461179291_1086219589529054_8448756770453589602_n-696x385.jpg HTTP/1.1" 200 25867 "-" "Mozilla/5.0 AppleWebKit/537.36 (KHTML, like Gecko; compatible; ClaudeBot/1.0; +claudebot@anthropic.com)"
216.73.216.187 - - [05/Apr/2026:16:58:43 +0200] "GET /wp-content/uploads/2021/05/bivoly-prizova-slujebnoto-pravitelstvo-da-signalizira-kyoveshi-1-324x235.jpg HTTP/1.1" 200 12358 "-" "Mozilla/5.0 AppleWebKit/537.36 (KHTML, like Gecko; compatible; ClaudeBot/1.0; +claudebot@anthropic.com)"
216.73.216.187 - - [05/Apr/2026:16:58:43 +0200] "GET /wp-content/uploads/2026/01/496953581_4081065358877524_7861683843527034708_n-533x261.jpg HTTP/1.1" 200 25099 "-" "Mozilla/5.0 AppleWebKit/537.36 (KHTML, like Gecko; compatible; ClaudeBot/1.0; +claudebot@anthropic.com)"
216.73.216.187 - - [05/Apr/2026:16:58:44 +0200] "GET /wp-content/uploads/2023/03/pavel-poppandov-u-nas-osvirkanite-ne-si-tragvat-1-80x60.jpg HTTP/1.1" 200 1896 "-" "Mozilla/5.0 AppleWebKit/537.36 (KHTML, like Gecko; compatible; ClaudeBot/1.0; +claudebot@anthropic.com)"
216.73.216.187 - - [05/Apr/2026:16:58:44 +0200] "GET /wp-content/uploads/2024/09/big_big_454436249_122138983310304698_9157652561069530056_nd59-696x368.jpg HTTP/1.1" 200 22855 "-" "Mozilla/5.0 AppleWebKit/537.36 (KHTML, like Gecko; compatible; ClaudeBot/1.0; +claudebot@anthropic.com)"
216.73.216.187 - - [05/Apr/2026:16:58:45 +0200] "GET /wp-content/uploads/2023/01/324438737_540560171467829_3093282591402784282_n-534x462.jpg HTTP/1.1" 200 59497 "-" "Mozilla/5.0 AppleWebKit/537.36 (KHTML, like Gecko; compatible; ClaudeBot/1.0; +claudebot@anthropic.com)"
2a03:2880:16ff:54:: - - [05/Apr/2026:16:58:45 +0200] "GET /%D0%BD%D0%B5%D1%88%D0%BA%D0%B0-%D1%80%D0%BE%D0%B1%D0%B5%D0%B2%D0%B0-%D1%80%D0%B0%D0%B7%D0%BC%D0%B0%D0%B7%D0%B0-%D0%BD%D0%B0%D1%82%D0%BE-%D1%84%D0%B0%D1%88%D0%B8%D1%81%D1%82%D0%B8-%D0%B2-%D0%B9%D0%B5/?fbclid=IwZXh0bgNhZW0CMTEAc3J0YwZhcHBfaWQMMjU2MjgxMDQwNTU4AAEea7IBqHKOnhgLb5GFr8Xl2eNysUlD731ephbdDAhudVtvvgAqptFlORdOANs_aem_8RfSJmCoqf7-YR446bArnA HTTP/1.1" 200 33153 "https://www.facebook.com/" "Mozilla/5.0 (Windows NT 10.0; Win64; x64) AppleWebKit/537.36 (KHTML, like Gecko) Chrome/139.0.0.0 Safari/537.36"
2a03:2880:11ff:41:: - - [05/Apr/2026:16:58:45 +0200] "GET /%D0%BD%D0%B5%D1%88%D0%BA%D0%B0-%D1%80%D0%BE%D0%B1%D0%B5%D0%B2%D0%B0-%D1%80%D0%B0%D0%B7%D0%BC%D0%B0%D0%B7%D0%B0-%D0%BD%D0%B0%D1%82%D0%BE-%D1%84%D0%B0%D1%88%D0%B8%D1%81%D1%82%D0%B8-%D0%B2-%D0%B9%D0%B5/?fbclid=IwZXh0bgNhZW0CMTEAc3J0YwZhcHBfaWQMMjU2MjgxMDQwNTU4AAEeJa745aXCXTJEBp4bTs3zoH3sTldktihkzjTeHWQRlOdhb3ZLgajvfsa3zDo_aem_XFMANRwnoLb1tBtaWgrOnA HTTP/1.1" 200 33220 "https://www.facebook.com/" "Mozilla/5.0 (Windows NT 10.0; Win64; x64) AppleWebKit/537.36 (KHTML, like Gecko) Chrome/139.0.0.0 Safari/537.36"
2a03:2880:10ff:6:: - - [05/Apr/2026:16:58:45 +0200] "GET /%d0%bd%d0%b5%d1%88%d0%ba%d0%b0-%d1%80%d0%be%d0%b1%d0%b5%d0%b2%d0%b0-%d1%80%d0%b0%d0%b7%d0%bc%d0%b0%d0%b7%d0%b0-%d0%bd%d0%b0%d1%82%d0%be-%d1%84%d0%b0%d1%88%d0%b8%d1%81%d1%82%d0%b8-%d0%b2-%d0%b9%d0%b5/?fbclid=IwZXh0bgNhZW0CMTEAc3J0YwZhcHBfaWQMMjU2MjgxMDQwNTU4AAEeXdQrotqhW9Tdv3jdW1riiOaZBl6RbW0s8B6IniPH8FLZseC_2G4a7z-Olb8_aem_MhVC2DYTD1nd0EkqQlTUGw HTTP/1.1" 200 33275 "https://www.facebook.com/" "Mozilla/5.0 (Windows NT 10.0; Win64; x64) AppleWebKit/537.36 (KHTML, like Gecko) Chrome/139.0.0.0 Safari/537.36"
2a03:2880:ff:47:: - - [05/Apr/2026:16:58:45 +0200] "GET /%d0%bd%d0%b5%d1%88%d0%ba%d0%b0-%d1%80%d0%be%d0%b1%d0%b5%d0%b2%d0%b0-%d1%80%d0%b0%d0%b7%d0%bc%d0%b0%d0%b7%d0%b0-%d0%bd%d0%b0%d1%82%d0%be-%d1%84%d0%b0%d1%88%d0%b8%d1%81%d1%82%d0%b8-%d0%b2-%d0%b9%d0%b5/?fbclid=IwZXh0bgNhZW0CMTEAc3J0YwZhcHBfaWQMMjU2MjgxMDQwNTU4AAEeI8Uot5LC9xa04pjzm0cQAmVn5U5W3nJNSEr7amSfLg7t4RSNXZ-WrfZu8xo_aem_symbi0eYPJH1j3Jxq_Qvag HTTP/1.1" 200 33217 "https://www.facebook.com/" "Mozilla/5.0 (Windows NT 10.0; Win64; x64) AppleWebKit/537.36 (KHTML, like Gecko) Chrome/139.0.0.0 Safari/537.36"
2a03:2880:16ff:42:: - - [05/Apr/2026:16:58:45 +0200] "GET /%D0%BD%D0%B5%D1%88%D0%BA%D0%B0-%D1%80%D0%BE%D0%B1%D0%B5%D0%B2%D0%B0-%D1%80%D0%B0%D0%B7%D0%BC%D0%B0%D0%B7%D0%B0-%D0%BD%D0%B0%D1%82%D0%BE-%D1%84%D0%B0%D1%88%D0%B8%D1%81%D1%82%D0%B8-%D0%B2-%D0%B9%D0%B5/?fbclid=IwZXh0bgNhZW0CMTEAc3J0YwZhcHBfaWQMMjU2MjgxMDQwNTU4AAEeDrSBiZpKFea2Xxe-se1e1t3_IKUeUBR7cokgCshdwt1U_wavQlaULZmCzwo_aem_wmBuZHRpVr8lP2yvA4clMA HTTP/1.1" 200 33254 "http://m.facebook.com" "Mozilla/5.0 (Linux; Android 10; K) AppleWebKit/537.36 (KHTML, like Gecko) Chrome/146.0.0.0 Mobile Safari/537.36"
216.73.216.187 - - [05/Apr/2026:16:58:46 +0200] "GET /wp-content/uploads/2025/04/491395446_1082462293918177_8856887675013114012_n-324x235.jpg HTTP/1.1" 200 17865 "-" "Mozilla/5.0 AppleWebKit/537.36 (KHTML, like Gecko; compatible; ClaudeBot/1.0; +claudebot@anthropic.com)"
2a03:2880:16ff:54:: - - [05/Apr/2026:16:58:46 +0200] "GET /wp-content/uploads/2022/04/neshka-robeva_600x400.jpg HTTP/1.1" 200 27970 "https://netvesti.com/%D0%BD%D0%B5%D1%88%D0%BA%D0%B0-%D1%80%D0%BE%D0%B1%D0%B5%D0%B2%D0%B0-%D1%80%D0%B0%D0%B7%D0%BC%D0%B0%D0%B7%D0%B0-%D0%BD%D0%B0%D1%82%D0%BE-%D1%84%D0%B0%D1%88%D0%B8%D1%81%D1%82%D0%B8-%D0%B2-%D0%B9%D0%B5/?fbclid=IwZXh0bgNhZW0CMTEAc3J0YwZhcHBfaWQMMjU2MjgxMDQwNTU4AAEea7IBqHKOnhgLb5GFr8Xl2eNysUlD731ephbdDAhudVtvvgAqptFlORdOANs_aem_8RfSJmCoqf7-YR446bArnA" "Mozilla/5.0 (Windows NT 10.0; Win64; x64) AppleWebKit/537.36 (KHTML, like Gecko) Chrome/139.0.0.0 Safari/537.36"
2a03:2880:10ff:2:: - - [05/Apr/2026:16:58:46 +0200] "GET /%d0%bd%d0%b5%d1%88%d0%ba%d0%b0-%d1%80%d0%be%d0%b1%d0%b5%d0%b2%d0%b0-%d1%80%d0%b0%d0%b7%d0%bc%d0%b0%d0%b7%d0%b0-%d0%bd%d0%b0%d1%82%d0%be-%d1%84%d0%b0%d1%88%d0%b8%d1%81%d1%82%d0%b8-%d0%b2-%d0%b9%d0%b5/?fbclid=IwZXh0bgNhZW0CMTEAc3J0YwZhcHBfaWQMMjU2MjgxMDQwNTU4AAEeShwmfEmJTvjxonGBSLxS4QhGAQKVYhV7EassCVAdQDbwdcmyrKDMgTt6lp4_aem_apOVSPfqdRO4z4kPJu80Kg HTTP/1.1" 200 33174 "http://m.facebook.com" "Mozilla/5.0 (Linux; Android 10; K) AppleWebKit/537.36 (KHTML, like Gecko) Chrome/146.0.0.0 Mobile Safari/537.36"
44.250.110.235 - - [05/Apr/2026:16:58:46 +0200] "GET /%D0%BD%D0%B5%D1%88%D0%BA%D0%B0-%D1%80%D0%BE%D0%B1%D0%B5%D0%B2%D0%B0-%D1%80%D0%B0%D0%B7%D0%BC%D0%B0%D0%B7%D0%B0-%D0%BD%D0%B0%D1%82%D0%BE-%D1%84%D0%B0%D1%88%D0%B8%D1%81%D1%82%D0%B8-%D0%B2-%D0%B9%D0%B5/?fbclid=IwZXh0bgNhZW0CMTEAc3J0YwZhcHBfaWQMMjU2MjgxMDQwNTU4AAEeg_kwrHbOBzJ_KAE8EvGhdwIjKluNtktVVacuAGrPyP-e1YVj66tYYLJuL58_aem_BLmZsxcURxn1N2MCxkzN6A HTTP/1.1" 200 33213 "http://m.facebook.com" "Mozilla/5.0 (Linux; Android 10; K) AppleWebKit/537.36 (KHTML, like Gecko) Chrome/146.0.0.0 Mobile Safari/537.36"
216.73.216.187 - - [05/Apr/2026:16:58:46 +0200] "GET /wp-content/uploads/2024/07/big_453041700_1046497323501281_3501375863022572342_n48e-324x400.jpg HTTP/1.1" 200 17418 "-" "Mozilla/5.0 AppleWebKit/537.36 (KHTML, like Gecko; compatible; ClaudeBot/1.0; +claudebot@anthropic.com)"
2a03:2880:ff:47:: - - [05/Apr/2026:16:58:46 +0200] "GET /wp-content/themes/Newspaper/style.css?ver=8.0 HTTP/1.1" 200 107094 "https://netvesti.com/%d0%bd%d0%b5%d1%88%d0%ba%d0%b0-%d1%80%d0%be%d0%b1%d0%b5%d0%b2%d0%b0-%d1%80%d0%b0%d0%b7%d0%bc%d0%b0%d0%b7%d0%b0-%d0%bd%d0%b0%d1%82%d0%be-%d1%84%d0%b0%d1%88%d0%b8%d1%81%d1%82%d0%b8-%d0%b2-%d0%b9%d0%b5/?fbclid=IwZXh0bgNhZW0CMTEAc3J0YwZhcHBfaWQMMjU2MjgxMDQwNTU4AAEeI8Uot5LC9xa04pjzm0cQAmVn5U5W3nJNSEr7amSfLg7t4RSNXZ-WrfZu8xo_aem_symbi0eYPJH1j3Jxq_Qvag" "Mozilla/5.0 (Windows NT 10.0; Win64; x64) AppleWebKit/537.36 (KHTML, like Gecko) Chrome/139.0.0.0 Safari/537.36"
2a03:2880:ff:47:: - - [05/Apr/2026:16:58:46 +0200] "GET /wp-content/plugins/jetpack/css/jetpack.css?ver=7.0.2 HTTP/1.1" 200 12195 "https://netvesti.com/%d0%bd%d0%b5%d1%88%d0%ba%d0%b0-%d1%80%d0%be%d0%b1%d0%b5%d0%b2%d0%b0-%d1%80%d0%b0%d0%b7%d0%bc%d0%b0%d0%b7%d0%b0-%d0%bd%d0%b0%d1%82%d0%be-%d1%84%d0%b0%d1%88%d0%b8%d1%81%d1%82%d0%b8-%d0%b2-%d0%b9%d0%b5/?fbclid=IwZXh0bgNhZW0CMTEAc3J0YwZhcHBfaWQMMjU2MjgxMDQwNTU4AAEeI8Uot5LC9xa04pjzm0cQAmVn5U5W3nJNSEr7amSfLg7t4RSNXZ-WrfZu8xo_aem_symbi0eYPJH1j3Jxq_Qvag" "Mozilla/5.0 (Windows NT 10.0; Win64; x64) AppleWebKit/537.36 (KHTML, like Gecko) Chrome/139.0.0.0 Safari/537.36"
2a03:2880:ff:47:: - - [05/Apr/2026:16:58:46 +0200] "GET /wp-content/uploads/2019/10/la-web-frente-a-internet-removebg-preview.png HTTP/1.1" 200 118906 "https://netvesti.com/%d0%bd%d0%b5%d1%88%d0%ba%d0%b0-%d1%80%d0%be%d0%b1%d0%b5%d0%b2%d0%b0-%d1%80%d0%b0%d0%b7%d0%bc%d0%b0%d0%b7%d0%b0-%d0%bd%d0%b0%d1%82%d0%be-%d1%84%d0%b0%d1%88%d0%b8%d1%81%d1%82%d0%b8-%d0%b2-%d0%b9%d0%b5/?fbclid=IwZXh0bgNhZW0CMTEAc3J0YwZhcHBfaWQMMjU2MjgxMDQwNTU4AAEeI8Uot5LC9xa04pjzm0cQAmVn5U5W3nJNSEr7amSfLg7t4RSNXZ-WrfZu8xo_aem_symbi0eYPJH1j3Jxq_Qvag" "Mozilla/5.0 (Windows NT 10.0; Win64; x64) AppleWebKit/537.36 (KHTML, like Gecko) Chrome/139.0.0.0 Safari/537.36"
2a03:2880:16ff:54:: - - [05/Apr/2026:16:58:46 +0200] "GET /wp-includes/js/comment-reply.min.js?ver=4.9.26 HTTP/1.1" 200 499 "https://netvesti.com/%D0%BD%D0%B5%D1%88%D0%BA%D0%B0-%D1%80%D0%BE%D0%B1%D0%B5%D0%B2%D0%B0-%D1%80%D0%B0%D0%B7%D0%BC%D0%B0%D0%B7%D0%B0-%D0%BD%D0%B0%D1%82%D0%BE-%D1%84%D0%B0%D1%88%D0%B8%D1%81%D1%82%D0%B8-%D0%B2-%D0%B9%D0%B5/?fbclid=IwZXh0bgNhZW0CMTEAc3J0YwZhcHBfaWQMMjU2MjgxMDQwNTU4AAEea7IBqHKOnhgLb5GFr8Xl2eNysUlD731ephbdDAhudVtvvgAqptFlORdOANs_aem_8RfSJmCoqf7-YR446bArnA" "Mozilla/5.0 (Windows NT 10.0; Win64; x64) AppleWebKit/537.36 (KHTML, like Gecko) Chrome/139.0.0.0 Safari/537.36"
2a03:2880:ff:47:: - - [05/Apr/2026:16:58:47 +0200] "GET /wp-includes/js/jquery/jquery-migrate.min.js?ver=1.4.1 HTTP/1.1" 200 3836 "https://netvesti.com/%d0%bd%d0%b5%d1%88%d0%ba%d0%b0-%d1%80%d0%be%d0%b1%d0%b5%d0%b2%d0%b0-%d1%80%d0%b0%d0%b7%d0%bc%d0%b0%d0%b7%d0%b0-%d0%bd%d0%b0%d1%82%d0%be-%d1%84%d0%b0%d1%88%d0%b8%d1%81%d1%82%d0%b8-%d0%b2-%d0%b9%d0%b5/?fbclid=IwZXh0bgNhZW0CMTEAc3J0YwZhcHBfaWQMMjU2MjgxMDQwNTU4AAEeI8Uot5LC9xa04pjzm0cQAmVn5U5W3nJNSEr7amSfLg7t4RSNXZ-WrfZu8xo_aem_symbi0eYPJH1j3Jxq_Qvag" "Mozilla/5.0 (Windows NT 10.0; Win64; x64) AppleWebKit/537.36 (KHTML, like Gecko) Chrome/139.0.0.0 Safari/537.36"
216.73.216.187 - - [05/Apr/2026:16:58:47 +0200] "GET /wp-content/uploads/2024/09/big_461179291_1086219589529054_8448756770453589602_n-534x462.jpg HTTP/1.1" 200 21976 "-" "Mozilla/5.0 AppleWebKit/537.36 (KHTML, like Gecko; compatible; ClaudeBot/1.0; +claudebot@anthropic.com)"
2a03:2880:16ff:54:: - - [05/Apr/2026:16:58:47 +0200] "GET /wp-content/uploads/2020/12/phpct04gu_800x_-356x220.jpg HTTP/1.1" 200 7580 "https://netvesti.com/%D0%BD%D0%B5%D1%88%D0%BA%D0%B0-%D1%80%D0%BE%D0%B1%D0%B5%D0%B2%D0%B0-%D1%80%D0%B0%D0%B7%D0%BC%D0%B0%D0%B7%D0%B0-%D0%BD%D0%B0%D1%82%D0%BE-%D1%84%D0%B0%D1%88%D0%B8%D1%81%D1%82%D0%B8-%D0%B2-%D0%B9%D0%B5/?fbclid=IwZXh0bgNhZW0CMTEAc3J0YwZhcHBfaWQMMjU2MjgxMDQwNTU4AAEea7IBqHKOnhgLb5GFr8Xl2eNysUlD731ephbdDAhudVtvvgAqptFlORdOANs_aem_8RfSJmCoqf7-YR446bArnA" "Mozilla/5.0 (Windows NT 10.0; Win64; x64) AppleWebKit/537.36 (KHTML, like Gecko) Chrome/139.0.0.0 Safari/537.36"
2a03:2880:16ff:54:: - - [05/Apr/2026:16:58:47 +0200] "GET /wp-content/uploads/2020/01/d0bad183d0bfd183d0b2d0b0d0bcd0b5-d0bad0bed0bbd0b0-d0bdd0b0-d181d182d0b0d180d0be-d0bad0b0d0ba-d0b4d0b0-d0bfd180d0bed0b2d0b5d180d0b8d0bc-356x220.jpg HTTP/1.1" 200 20725 "https://netvesti.com/%D0%BD%D0%B5%D1%88%D0%BA%D0%B0-%D1%80%D0%BE%D0%B1%D0%B5%D0%B2%D0%B0-%D1%80%D0%B0%D0%B7%D0%BC%D0%B0%D0%B7%D0%B0-%D0%BD%D0%B0%D1%82%D0%BE-%D1%84%D0%B0%D1%88%D0%B8%D1%81%D1%82%D0%B8-%D0%B2-%D0%B9%D0%B5/?fbclid=IwZXh0bgNhZW0CMTEAc3J0YwZhcHBfaWQMMjU2MjgxMDQwNTU4AAEea7IBqHKOnhgLb5GFr8Xl2eNysUlD731ephbdDAhudVtvvgAqptFlORdOANs_aem_8RfSJmCoqf7-YR446bArnA" "Mozilla/5.0 (Windows NT 10.0; Win64; x64) AppleWebKit/537.36 (KHTML, like Gecko) Chrome/139.0.0.0 Safari/537.36"
2a03:2880:16ff:54:: - - [05/Apr/2026:16:58:47 +0200] "GET /wp-content/uploads/2018/11/poverty-635x420-356x220.jpg HTTP/1.1" 200 18129 "https://netvesti.com/%D0%BD%D0%B5%D1%88%D0%BA%D0%B0-%D1%80%D0%BE%D0%B1%D0%B5%D0%B2%D0%B0-%D1%80%D0%B0%D0%B7%D0%BC%D0%B0%D0%B7%D0%B0-%D0%BD%D0%B0%D1%82%D0%BE-%D1%84%D0%B0%D1%88%D0%B8%D1%81%D1%82%D0%B8-%D0%B2-%D0%B9%D0%B5/?fbclid=IwZXh0bgNhZW0CMTEAc3J0YwZhcHBfaWQMMjU2MjgxMDQwNTU4AAEea7IBqHKOnhgLb5GFr8Xl2eNysUlD731ephbdDAhudVtvvgAqptFlORdOANs_aem_8RfSJmCoqf7-YR446bArnA" "Mozilla/5.0 (Windows NT 10.0; Win64; x64) AppleWebKit/537.36 (KHTML, like Gecko) Chrome/139.0.0.0 Safari/537.36"
2a03:2880:ff:47:: - - [05/Apr/2026:16:58:47 +0200] "GET /wp-content/uploads/2022/04/neshka-robeva_600x400.jpg HTTP/1.1" 200 27970 "https://netvesti.com/%d0%bd%d0%b5%d1%88%d0%ba%d0%b0-%d1%80%d0%be%d0%b1%d0%b5%d0%b2%d0%b0-%d1%80%d0%b0%d0%b7%d0%bc%d0%b0%d0%b7%d0%b0-%d0%bd%d0%b0%d1%82%d0%be-%d1%84%d0%b0%d1%88%d0%b8%d1%81%d1%82%d0%b8-%d0%b2-%d0%b9%d0%b5/?fbclid=IwZXh0bgNhZW0CMTEAc3J0YwZhcHBfaWQMMjU2MjgxMDQwNTU4AAEeI8Uot5LC9xa04pjzm0cQAmVn5U5W3nJNSEr7amSfLg7t4RSNXZ-WrfZu8xo_aem_symbi0eYPJH1j3Jxq_Qvag" "Mozilla/5.0 (Windows NT 10.0; Win64; x64) AppleWebKit/537.36 (KHTML, like Gecko) Chrome/139.0.0.0 Safari/537.36"
44.250.110.235 - - [05/Apr/2026:16:58:47 +0200] "GET /wp-content/uploads/2022/04/neshka-robeva_600x400.jpg HTTP/1.1" 200 27970 "https://netvesti.com/%D0%BD%D0%B5%D1%88%D0%BA%D0%B0-%D1%80%D0%BE%D0%B1%D0%B5%D0%B2%D0%B0-%D1%80%D0%B0%D0%B7%D0%BC%D0%B0%D0%B7%D0%B0-%D0%BD%D0%B0%D1%82%D0%BE-%D1%84%D0%B0%D1%88%D0%B8%D1%81%D1%82%D0%B8-%D0%B2-%D0%B9%D0%B5/?fbclid=IwZXh0bgNhZW0CMTEAc3J0YwZhcHBfaWQMMjU2MjgxMDQwNTU4AAEeg_kwrHbOBzJ_KAE8EvGhdwIjKluNtktVVacuAGrPyP-e1YVj66tYYLJuL58_aem_BLmZsxcURxn1N2MCxkzN6A" "Mozilla/5.0 (Linux; Android 10; K) AppleWebKit/537.36 (KHTML, like Gecko) Chrome/146.0.0.0 Mobile Safari/537.36"
216.73.216.187 - - [05/Apr/2026:16:58:47 +0200] "GET /wp-content/uploads/2023/08/368198109_6800592176658907_7657062113250077045_n-324x400.jpg HTTP/1.1" 200 31296 "-" "Mozilla/5.0 AppleWebKit/537.36 (KHTML, like Gecko; compatible; ClaudeBot/1.0; +claudebot@anthropic.com)"
85.208.96.209 - - [05/Apr/2026:16:58:47 +0200] "GET /tag/capo-di-tutti-capi/page/6/ HTTP/1.1" 200 16019 "-" "Mozilla/5.0 (compatible; SemrushBot/7~bl; +http://www.semrush.com/bot.html)"
2a03:2880:10ff:6:: - - [05/Apr/2026:16:58:47 +0200] "GET /wp-content/uploads/2019/11/d183d0b4d0b0d180-d0b2-d0b8d181d0bfd0b0d0bdd0b8d18f-d181d0bfd0b8d0bfd0b0d185d0b0-2-d182d0bed0bdd0b0-d0bad0bed0bad0b0d0b8d0bd-d0b2-d0bf-356x220.jpg HTTP/1.1" 200 23026 "https://netvesti.com/%d0%bd%d0%b5%d1%88%d0%ba%d0%b0-%d1%80%d0%be%d0%b1%d0%b5%d0%b2%d0%b0-%d1%80%d0%b0%d0%b7%d0%bc%d0%b0%d0%b7%d0%b0-%d0%bd%d0%b0%d1%82%d0%be-%d1%84%d0%b0%d1%88%d0%b8%d1%81%d1%82%d0%b8-%d0%b2-%d0%b9%d0%b5/?fbclid=IwZXh0bgNhZW0CMTEAc3J0YwZhcHBfaWQMMjU2MjgxMDQwNTU4AAEeXdQrotqhW9Tdv3jdW1riiOaZBl6RbW0s8B6IniPH8FLZseC_2G4a7z-Olb8_aem_MhVC2DYTD1nd0EkqQlTUGw" "Mozilla/5.0 (Windows NT 10.0; Win64; x64) AppleWebKit/537.36 (KHTML, like Gecko) Chrome/139.0.0.0 Safari/537.36"
2a03:2880:10ff:6:: - - [05/Apr/2026:16:58:47 +0200] "GET /wp-content/uploads/2023/01/dsfsdf-356x220.jpg HTTP/1.1" 200 22824 "https://netvesti.com/%d0%bd%d0%b5%d1%88%d0%ba%d0%b0-%d1%80%d0%be%d0%b1%d0%b5%d0%b2%d0%b0-%d1%80%d0%b0%d0%b7%d0%bc%d0%b0%d0%b7%d0%b0-%d0%bd%d0%b0%d1%82%d0%be-%d1%84%d0%b0%d1%88%d0%b8%d1%81%d1%82%d0%b8-%d0%b2-%d0%b9%d0%b5/?fbclid=IwZXh0bgNhZW0CMTEAc3J0YwZhcHBfaWQMMjU2MjgxMDQwNTU4AAEeXdQrotqhW9Tdv3jdW1riiOaZBl6RbW0s8B6IniPH8FLZseC_2G4a7z-Olb8_aem_MhVC2DYTD1nd0EkqQlTUGw" "Mozilla/5.0 (Windows NT 10.0; Win64; x64) AppleWebKit/537.36 (KHTML, like Gecko) Chrome/139.0.0.0 Safari/537.36"
2a03:2880:10ff:6:: - - [05/Apr/2026:16:58:47 +0200] "GET /wp-content/uploads/2022/10/Markov-Georgy-judge-356x220.jpg HTTP/1.1" 200 11017 "https://netvesti.com/%d0%bd%d0%b5%d1%88%d0%ba%d0%b0-%d1%80%d0%be%d0%b1%d0%b5%d0%b2%d0%b0-%d1%80%d0%b0%d0%b7%d0%bc%d0%b0%d0%b7%d0%b0-%d0%bd%d0%b0%d1%82%d0%be-%d1%84%d0%b0%d1%88%d0%b8%d1%81%d1%82%d0%b8-%d0%b2-%d0%b9%d0%b5/?fbclid=IwZXh0bgNhZW0CMTEAc3J0YwZhcHBfaWQMMjU2MjgxMDQwNTU4AAEeXdQrotqhW9Tdv3jdW1riiOaZBl6RbW0s8B6IniPH8FLZseC_2G4a7z-Olb8_aem_MhVC2DYTD1nd0EkqQlTUGw" "Mozilla/5.0 (Windows NT 10.0; Win64; x64) AppleWebKit/537.36 (KHTML, like Gecko) Chrome/139.0.0.0 Safari/537.36"
54.184.227.235 - - [05/Apr/2026:16:58:47 +0200] "GET /%d0%bd%d0%b5%d1%88%d0%ba%d0%b0-%d1%80%d0%be%d0%b1%d0%b5%d0%b2%d0%b0-%d1%80%d0%b0%d0%b7%d0%bc%d0%b0%d0%b7%d0%b0-%d0%bd%d0%b0%d1%82%d0%be-%d1%84%d0%b0%d1%88%d0%b8%d1%81%d1%82%d0%b8-%d0%b2-%d0%b9%d0%b5/?fbclid=IwZXh0bgNhZW0CMTEAc3J0YwZhcHBfaWQMMjU2MjgxMDQwNTU4AAEeamhHJfSr8nF_JJWlJwVYlG6AzqrtZ9uc1b5D4WEozrylku7-Izj-XLG_ZNk_aem_DpMAiw5Q9y3m7v9IwKCqLg HTTP/1.1" 200 33285 "http://m.facebook.com" "Mozilla/5.0 (Linux; Android 10; K) AppleWebKit/537.36 (KHTML, like Gecko) Chrome/146.0.0.0 Mobile Safari/537.36"
2a03:2880:16ff:54:: - - [05/Apr/2026:16:58:47 +0200] "GET /wp-content/uploads/2020/05/d0bad0bfd0bad0bed0bdd0bfd0b8-d0b2d0bdd0b5d181d0b5-d0b8d181d0ba-d181d180d0b5d189d183-d181d182d0bed18fd0bd-d0b0d0bbd0b5d0bad181d0b0d0bd-356x220.jpg HTTP/1.1" 200 13701 "https://netvesti.com/%D0%BD%D0%B5%D1%88%D0%BA%D0%B0-%D1%80%D0%BE%D0%B1%D0%B5%D0%B2%D0%B0-%D1%80%D0%B0%D0%B7%D0%BC%D0%B0%D0%B7%D0%B0-%D0%BD%D0%B0%D1%82%D0%BE-%D1%84%D0%B0%D1%88%D0%B8%D1%81%D1%82%D0%B8-%D0%B2-%D0%B9%D0%B5/?fbclid=IwZXh0bgNhZW0CMTEAc3J0YwZhcHBfaWQMMjU2MjgxMDQwNTU4AAEea7IBqHKOnhgLb5GFr8Xl2eNysUlD731ephbdDAhudVtvvgAqptFlORdOANs_aem_8RfSJmCoqf7-YR446bArnA" "Mozilla/5.0 (Windows NT 10.0; Win64; x64) AppleWebKit/537.36 (KHTML, like Gecko) Chrome/139.0.0.0 Safari/537.36"
2a03:2880:ff:47:: - - [05/Apr/2026:16:58:47 +0200] "GET /wp-content/uploads/2026/04/Image_22578908_40_0-218x150.jpg HTTP/1.1" 200 5838 "https://netvesti.com/%d0%bd%d0%b5%d1%88%d0%ba%d0%b0-%d1%80%d0%be%d0%b1%d0%b5%d0%b2%d0%b0-%d1%80%d0%b0%d0%b7%d0%bc%d0%b0%d0%b7%d0%b0-%d0%bd%d0%b0%d1%82%d0%be-%d1%84%d0%b0%d1%88%d0%b8%d1%81%d1%82%d0%b8-%d0%b2-%d0%b9%d0%b5/?fbclid=IwZXh0bgNhZW0CMTEAc3J0YwZhcHBfaWQMMjU2MjgxMDQwNTU4AAEeI8Uot5LC9xa04pjzm0cQAmVn5U5W3nJNSEr7amSfLg7t4RSNXZ-WrfZu8xo_aem_symbi0eYPJH1j3Jxq_Qvag" "Mozilla/5.0 (Windows NT 10.0; Win64; x64) AppleWebKit/537.36 (KHTML, like Gecko) Chrome/139.0.0.0 Safari/537.36"
2a03:2880:16ff:54:: - - [05/Apr/2026:16:58:48 +0200] "GET /wp-content/uploads/2021/11/radev-356x220.jpg HTTP/1.1" 200 10822 "https://netvesti.com/%D0%BD%D0%B5%D1%88%D0%BA%D0%B0-%D1%80%D0%BE%D0%B1%D0%B5%D0%B2%D0%B0-%D1%80%D0%B0%D0%B7%D0%BC%D0%B0%D0%B7%D0%B0-%D0%BD%D0%B0%D1%82%D0%BE-%D1%84%D0%B0%D1%88%D0%B8%D1%81%D1%82%D0%B8-%D0%B2-%D0%B9%D0%B5/?fbclid=IwZXh0bgNhZW0CMTEAc3J0YwZhcHBfaWQMMjU2MjgxMDQwNTU4AAEea7IBqHKOnhgLb5GFr8Xl2eNysUlD731ephbdDAhudVtvvgAqptFlORdOANs_aem_8RfSJmCoqf7-YR446bArnA" "Mozilla/5.0 (Windows NT 10.0; Win64; x64) AppleWebKit/537.36 (KHTML, like Gecko) Chrome/139.0.0.0 Safari/537.36"
216.73.216.187 - - [05/Apr/2026:16:58:48 +0200] "GET /wp-content/uploads/2025/04/491395446_1082462293918177_8856887675013114012_n-533x261.jpg HTTP/1.1" 200 23631 "-" "Mozilla/5.0 AppleWebKit/537.36 (KHTML, like Gecko; compatible; ClaudeBot/1.0; +claudebot@anthropic.com)"
2a03:2880:10ff:6:: - - [05/Apr/2026:16:58:48 +0200] "GET /wp-content/uploads/2020/10/1603698627_0-356x220.jpg HTTP/1.1" 200 14241 "https://netvesti.com/%d0%bd%d0%b5%d1%88%d0%ba%d0%b0-%d1%80%d0%be%d0%b1%d0%b5%d0%b2%d0%b0-%d1%80%d0%b0%d0%b7%d0%bc%d0%b0%d0%b7%d0%b0-%d0%bd%d0%b0%d1%82%d0%be-%d1%84%d0%b0%d1%88%d0%b8%d1%81%d1%82%d0%b8-%d0%b2-%d0%b9%d0%b5/?fbclid=IwZXh0bgNhZW0CMTEAc3J0YwZhcHBfaWQMMjU2MjgxMDQwNTU4AAEeXdQrotqhW9Tdv3jdW1riiOaZBl6RbW0s8B6IniPH8FLZseC_2G4a7z-Olb8_aem_MhVC2DYTD1nd0EkqQlTUGw" "Mozilla/5.0 (Windows NT 10.0; Win64; x64) AppleWebKit/537.36 (KHTML, like Gecko) Chrome/139.0.0.0 Safari/537.36"
2a03:2880:10ff:6:: - - [05/Apr/2026:16:58:48 +0200] "GET /wp-content/uploads/2020/06/d180d0b7d0b8-d0b2d0bed0b4d0b0d182d0b0-d0b2-d0b4d0bed0b1d180d0b8d187-d0b5-d0bcd18ad182d0bdd0b0-d0bdd0b5-d0b5-d0b3d0bed0b4d0bdd0b0-d0b7-356x220.jpg HTTP/1.1" 200 9018 "https://netvesti.com/%d0%bd%d0%b5%d1%88%d0%ba%d0%b0-%d1%80%d0%be%d0%b1%d0%b5%d0%b2%d0%b0-%d1%80%d0%b0%d0%b7%d0%bc%d0%b0%d0%b7%d0%b0-%d0%bd%d0%b0%d1%82%d0%be-%d1%84%d0%b0%d1%88%d0%b8%d1%81%d1%82%d0%b8-%d0%b2-%d0%b9%d0%b5/?fbclid=IwZXh0bgNhZW0CMTEAc3J0YwZhcHBfaWQMMjU2MjgxMDQwNTU4AAEeXdQrotqhW9Tdv3jdW1riiOaZBl6RbW0s8B6IniPH8FLZseC_2G4a7z-Olb8_aem_MhVC2DYTD1nd0EkqQlTUGw" "Mozilla/5.0 (Windows NT 10.0; Win64; x64) AppleWebKit/537.36 (KHTML, like Gecko) Chrome/139.0.0.0 Safari/537.36"
2a03:2880:ff:47:: - - [05/Apr/2026:16:58:48 +0200] "GET /wp-content/uploads/2026/03/yotova-iliana-dfsg-218x150.jpg HTTP/1.1" 200 5903 "https://netvesti.com/%d0%bd%d0%b5%d1%88%d0%ba%d0%b0-%d1%80%d0%be%d0%b1%d0%b5%d0%b2%d0%b0-%d1%80%d0%b0%d0%b7%d0%bc%d0%b0%d0%b7%d0%b0-%d0%bd%d0%b0%d1%82%d0%be-%d1%84%d0%b0%d1%88%d0%b8%d1%81%d1%82%d0%b8-%d0%b2-%d0%b9%d0%b5/?fbclid=IwZXh0bgNhZW0CMTEAc3J0YwZhcHBfaWQMMjU2MjgxMDQwNTU4AAEeI8Uot5LC9xa04pjzm0cQAmVn5U5W3nJNSEr7amSfLg7t4RSNXZ-WrfZu8xo_aem_symbi0eYPJH1j3Jxq_Qvag" "Mozilla/5.0 (Windows NT 10.0; Win64; x64) AppleWebKit/537.36 (KHTML, like Gecko) Chrome/139.0.0.0 Safari/537.36"
2a03:2880:ff:47:: - - [05/Apr/2026:16:58:48 +0200] "GET /wp-content/themes/Newspaper/js/tagdiv_theme.js?ver=8.0 HTTP/1.1" 200 94318 "https://netvesti.com/%d0%bd%d0%b5%d1%88%d0%ba%d0%b0-%d1%80%d0%be%d0%b1%d0%b5%d0%b2%d0%b0-%d1%80%d0%b0%d0%b7%d0%bc%d0%b0%d0%b7%d0%b0-%d0%bd%d0%b0%d1%82%d0%be-%d1%84%d0%b0%d1%88%d0%b8%d1%81%d1%82%d0%b8-%d0%b2-%d0%b9%d0%b5/?fbclid=IwZXh0bgNhZW0CMTEAc3J0YwZhcHBfaWQMMjU2MjgxMDQwNTU4AAEeI8Uot5LC9xa04pjzm0cQAmVn5U5W3nJNSEr7amSfLg7t4RSNXZ-WrfZu8xo_aem_symbi0eYPJH1j3Jxq_Qvag" "Mozilla/5.0 (Windows NT 10.0; Win64; x64) AppleWebKit/537.36 (KHTML, like Gecko) Chrome/139.0.0.0 Safari/537.36"
2a03:2880:11ff:41:: - - [05/Apr/2026:16:58:48 +0200] "GET /wp-content/uploads/2025/04/armiya-balgariya-860x484-1-356x220.jpeg HTTP/1.1" 200 14774 "https://netvesti.com/%D0%BD%D0%B5%D1%88%D0%BA%D0%B0-%D1%80%D0%BE%D0%B1%D0%B5%D0%B2%D0%B0-%D1%80%D0%B0%D0%B7%D0%BC%D0%B0%D0%B7%D0%B0-%D0%BD%D0%B0%D1%82%D0%BE-%D1%84%D0%B0%D1%88%D0%B8%D1%81%D1%82%D0%B8-%D0%B2-%D0%B9%D0%B5/?fbclid=IwZXh0bgNhZW0CMTEAc3J0YwZhcHBfaWQMMjU2MjgxMDQwNTU4AAEeJa745aXCXTJEBp4bTs3zoH3sTldktihkzjTeHWQRlOdhb3ZLgajvfsa3zDo_aem_XFMANRwnoLb1tBtaWgrOnA" "Mozilla/5.0 (Windows NT 10.0; Win64; x64) AppleWebKit/537.36 (KHTML, like Gecko) Chrome/139.0.0.0 Safari/537.36"
216.73.216.187 - - [05/Apr/2026:16:58:48 +0200] "GET /wp-content/uploads/2023/01/324297087_1334144570653461_4619854826177106714_n-1068x580.jpg HTTP/1.1" 200 114129 "-" "Mozilla/5.0 AppleWebKit/537.36 (KHTML, like Gecko; compatible; ClaudeBot/1.0; +claudebot@anthropic.com)"
