216.73.216.187 - - [05/Apr/2026:16:22:21 +0200] "GET /wp-content/cache/page_enhanced/netvesti.com/%d1%81%d1%80%d0%b8%d0%b2-%d0%bd%d0%b0-%d0%bf%d1%8a%d1%82%d1%83%d0%b2%d0%b0%d0%bd%d0%b8%d1%8f%d1%82%d0%b0-%d0%b2-%d1%87%d1%83%d0%b6%d0%b1%d0%b8%d0%bd%d0%b0-%d1%81-%d1%86%d0%b5%d0%bb%d0%b8-52-%d0%bf/?C=S&O=D HTTP/1.1" 200 427 "-" "Mozilla/5.0 AppleWebKit/537.36 (KHTML, like Gecko; compatible; ClaudeBot/1.0; +claudebot@anthropic.com)"
116.179.37.48 - - [05/Apr/2026:16:22:22 +0200] "GET /wp-content/uploads/2020/04/22-d0b3d0bed0b4d0b8d188d0bdd0b8d18fd182-d0bad180d0b8d181d182d0b8d0b0d0bd-d0bdd0b8d0bad0bed0bbd0bed0b2-d0b5-d0bad0b0d180d0b0d0bb-d0b4d0b6-356x220.jpg HTTP/1.1" 200 14651 "https://netvesti.com/page/92/?s=%D0%A0%D1%83%D0%BC%D0%B5%D0%BD+%D0%A0%D0%B0%D0%B4%D0%B5%D0%B2" "Mozilla/5.0 (compatible; Baiduspider-render/2.0; +http://www.baidu.com/search/spider.html)"
216.73.216.187 - - [05/Apr/2026:16:22:26 +0200] "GET /wp-content/cache/page_enhanced/netvesti.com/%d1%80%d0%b0%d0%b4%d0%b5%d0%b2-%d0%bf%d1%80%d0%be%d0%ba%d1%83%d1%80%d0%b0%d1%82%d1%83%d1%80%d0%b0%d1%82%d0%b0-%d0%bb%d0%be%d0%b2%d0%b8-%d1%80%d1%83%d1%81%d0%ba%d0%b8-%d1%88%d0%bf%d0%b8%d0%be%d0%bd/?C=S&O=D HTTP/1.1" 200 413 "-" "Mozilla/5.0 AppleWebKit/537.36 (KHTML, like Gecko; compatible; ClaudeBot/1.0; +claudebot@anthropic.com)"
216.73.216.187 - - [05/Apr/2026:16:22:31 +0200] "GET /wp-content/cache/page_enhanced/netvesti.com/%d1%81-%d0%ba%d0%be%d0%b9-%d0%bd%d0%b5%d0%b4%d0%be%d1%81%d1%82%d0%b0%d1%82%d1%8a%d0%ba-%d0%b4%d0%b0-%d1%81%d0%b5-%d1%80%d0%b0%d0%b7%d0%b4%d0%b5%d0%bb%d0%b8%d1%82%d0%b5-%d0%bf%d1%80%d0%b5%d0%b7-2020/?C=D&O=D HTTP/1.1" 200 425 "-" "Mozilla/5.0 AppleWebKit/537.36 (KHTML, like Gecko; compatible; ClaudeBot/1.0; +claudebot@anthropic.com)"
216.73.216.187 - - [05/Apr/2026:16:22:36 +0200] "GET /wp-content/cache/page_enhanced/netvesti.com/%d0%b1%d0%b5%d0%b1%d0%b5-%d0%bd%d0%b0-4-%d0%bc%d0%b5%d1%81%d0%b5%d1%86%d0%b0-%d0%b5-%d1%81-%d0%ba%d0%be%d1%80%d0%be%d0%bd%d0%b0%d0%b2%d0%b8%d1%80%d1%83%d1%81-%d0%b2-%d0%b1%d0%be%d0%bb%d0%bd%d0%b8/?C=N&O=A HTTP/1.1" 200 420 "-" "Mozilla/5.0 AppleWebKit/537.36 (KHTML, like Gecko; compatible; ClaudeBot/1.0; +claudebot@anthropic.com)"
66.249.77.66 - - [05/Apr/2026:16:22:39 +0200] "GET /tag/%D0%BA%D0%BE%D0%BB%D0%BA%D0%BE%D1%82%D0%BE-%D1%81%D0%B0-%D0%BC%D1%83-%D0%B8%D1%81%D1%82%D0%B8%D0%BD%D1%81%D0%BA%D0%B8-%D0%BC%D0%B0%D0%B3%D0%B8%D1%81%D1%82%D1%80%D0%B0%D0%BB%D0%B8%D1%82%D0%B5/page/9/ HTTP/1.1" 200 17000 "-" "Mozilla/5.0 (Linux; Android 6.0.1; Nexus 5X Build/MMB29P) AppleWebKit/537.36 (KHTML, like Gecko) Chrome/146.0.7680.177 Mobile Safari/537.36 (compatible; Googlebot/2.1; +http://www.google.com/bot.html)"
52.167.144.137 - - [05/Apr/2026:16:22:39 +0200] "GET /tag/%D0%BE%D1%82%D0%B1%D1%80%D0%B0%D0%BD%D0%B0%D1%82%D0%B0/ HTTP/1.1" 200 16570 "-" "Mozilla/5.0 AppleWebKit/537.36 (KHTML, like Gecko; compatible; bingbot/2.0; +http://www.bing.com/bingbot.htm) Chrome/116.0.1938.76 Safari/537.36"
52.167.144.137 - - [05/Apr/2026:16:22:40 +0200] "GET /tag/%D0%B1%D0%BE%D0%BA%D0%BB%D1%83%D0%BA/ HTTP/1.1" 200 14131 "-" "Mozilla/5.0 AppleWebKit/537.36 (KHTML, like Gecko; compatible; bingbot/2.0; +http://www.bing.com/bingbot.htm) Chrome/116.0.1938.76 Safari/537.36"
216.73.216.187 - - [05/Apr/2026:16:22:41 +0200] "GET /wp-content/cache/page_enhanced/netvesti.com/%d1%81%d0%be%d0%bb%d0%b5%d0%bd%d0%b8-%d1%81%d0%bc%d0%b5%d1%82%d0%ba%d0%b8-%d0%b7%d0%b0-%d0%bf%d0%b0%d1%80%d0%bd%d0%be-%d0%b2-%d1%81%d0%be%d1%84%d0%b8%d1%8f-%d1%82%d0%b5%d1%86-%d0%b4%d0%b0-%d0%b3/?C=M&O=D HTTP/1.1" 200 425 "-" "Mozilla/5.0 AppleWebKit/537.36 (KHTML, like Gecko; compatible; ClaudeBot/1.0; +claudebot@anthropic.com)"
52.167.144.137 - - [05/Apr/2026:16:22:41 +0200] "GET /tag/%D1%80%D1%83%D0%BC%D0%B5%D0%BD-%D1%80%D0%B0%D0%B4%D0%B5%D0%B2-%D0%B8%D0%B7%D1%80%D0%B8%D0%B3%D0%BD%D0%B0/ HTTP/1.1" 200 13537 "-" "Mozilla/5.0 AppleWebKit/537.36 (KHTML, like Gecko; compatible; bingbot/2.0; +http://www.bing.com/bingbot.htm) Chrome/116.0.1938.76 Safari/537.36"
52.167.144.137 - - [05/Apr/2026:16:22:42 +0200] "GET /tag/%D0%BA%D0%BD%D1%81%D0%B1/ HTTP/1.1" 200 16212 "-" "Mozilla/5.0 AppleWebKit/537.36 (KHTML, like Gecko; compatible; bingbot/2.0; +http://www.bing.com/bingbot.htm) Chrome/116.0.1938.76 Safari/537.36"
52.167.144.234 - - [05/Apr/2026:16:22:43 +0200] "GET /tag/%D0%B8%D0%B7%D0%B1%D0%BE%D1%80%D0%B8%D1%82%D0%B5-%D0%B2-%D1%81%D0%B0%D1%89-%D1%81%D0%B0-%D1%80%D0%B5%D1%88%D0%B0%D0%B2%D0%B0%D1%89%D0%B8/ HTTP/1.1" 200 16346 "-" "Mozilla/5.0 AppleWebKit/537.36 (KHTML, like Gecko; compatible; bingbot/2.0; +http://www.bing.com/bingbot.htm) Chrome/116.0.1938.76 Safari/537.36"
52.167.144.137 - - [05/Apr/2026:16:22:43 +0200] "GET /%D0%BD%D0%B0%D0%B9-%D0%B3%D0%BE%D0%BB%D0%B5%D0%BC%D0%B8%D1%8F%D1%82-%D0%B8%D0%B7%D1%82%D0%BE%D1%87%D0%BD%D0%B8%D0%BA-%D0%BD%D0%B0-%D1%84%D0%B5%D0%B9%D0%BA-%D1%83-%D0%BD%D0%B0%D1%81-%D0%B5-%D1%83%D0%BF/ HTTP/1.1" 200 19869 "-" "Mozilla/5.0 AppleWebKit/537.36 (KHTML, like Gecko; compatible; bingbot/2.0; +http://www.bing.com/bingbot.htm) Chrome/116.0.1938.76 Safari/537.36"
40.77.167.255 - - [05/Apr/2026:16:22:44 +0200] "GET /tag/%D0%B1%D0%B8%D0%B2%D1%88%D0%B8%D1%8F%D1%82-%D1%88%D0%B5%D1%84/page/13/ HTTP/1.1" 200 16188 "-" "Mozilla/5.0 AppleWebKit/537.36 (KHTML, like Gecko; compatible; bingbot/2.0; +http://www.bing.com/bingbot.htm) Chrome/116.0.1938.76 Safari/537.36"
40.77.167.255 - - [05/Apr/2026:16:22:45 +0200] "GET /tag/%D1%81%D0%B8%D1%82%D1%83%D0%B0%D1%86%D0%B8%D1%8F%D1%82%D0%B0/ HTTP/1.1" 200 13457 "-" "Mozilla/5.0 AppleWebKit/537.36 (KHTML, like Gecko; compatible; bingbot/2.0; +http://www.bing.com/bingbot.htm) Chrome/116.0.1938.76 Safari/537.36"
95.108.213.245 - - [05/Apr/2026:16:22:48 +0200] "GET /%D1%87%D0%BE%D1%80%D0%B1%D0%B0%D0%BD%D0%BE%D0%B2-%D0%BA%D0%BE%D0%BB%D0%BA%D0%BE%D1%82%D0%BE-%D0%B8-%D1%81%D0%B5%D0%BA%D1%81%D1%83%D0%B0%D0%BB%D0%B5%D0%BD-%D0%B4%D0%B0-%D0%B5-%D0%B5%D0%B4%D0%B8%D0%BD/ HTTP/1.1" 200 19339 "-" "Mozilla/5.0 (compatible; YandexBot/3.0; +http://yandex.com/bots)"
17.241.227.160 - - [05/Apr/2026:16:22:49 +0200] "GET /tag/%D0%BA%D0%BE%D0%B5%D1%82%D0%BE-%D1%89%D0%B5-%D0%BF%D1%80%D0%BE%D1%87%D0%B5%D1%82%D0%B5%D1%82%D0%B5-%D0%B8-%D0%B2%D0%B8%D0%B4%D0%B8%D1%82%D0%B5/page/2/ HTTP/1.1" 200 16298 "-" "Mozilla/5.0 (Macintosh; Intel Mac OS X 10_15_7) AppleWebKit/605.1.15 (KHTML, like Gecko) Version/17.4 Safari/605.1.15 (Applebot/0.1; +http://www.apple.com/go/applebot)"
52.167.144.137 - - [05/Apr/2026:16:22:49 +0200] "GET /%D0%BA%D0%B8%D1%80%D0%B8%D0%BB-%D0%BF%D0%B5%D1%82%D0%BA%D0%BE%D0%B2-%D0%B4%D0%B0-%D0%B1%D0%BE%D1%80%D0%B8%D1%81%D0%BE%D0%B2-%D1%89%D0%B5-%D0%B2%D0%BB%D0%B5%D0%B7%D0%B5-%D0%B2-%D1%83%D1%87%D0%B5/ HTTP/1.1" 200 37340 "-" "Mozilla/5.0 AppleWebKit/537.36 (KHTML, like Gecko; compatible; bingbot/2.0; +http://www.bing.com/bingbot.htm) Chrome/116.0.1938.76 Safari/537.36"
216.73.216.187 - - [05/Apr/2026:16:22:49 +0200] "GET /wp-content/cache/page_enhanced/netvesti.com/%d0%b1%d0%b5%d0%b7-%d1%81%d0%b8%d0%bd%d1%8f-%d0%b8-%d0%b7%d0%b5%d0%bb%d0%b5%d0%bd%d0%b0-%d0%b7%d0%be%d0%bd%d0%b8-%d0%b2-%d1%81%d0%be%d1%84%d0%b8%d1%8f-%d0%b4%d0%be-29-%d0%bc%d0%b0%d1%80%d1%82/?C=N&O=A HTTP/1.1" 200 421 "-" "Mozilla/5.0 AppleWebKit/537.36 (KHTML, like Gecko; compatible; ClaudeBot/1.0; +claudebot@anthropic.com)"
216.73.216.187 - - [05/Apr/2026:16:22:51 +0200] "GET /wp-content/cache/page_enhanced/netvesti.com/%d1%80%d0%b0%d0%b4%d0%b5%d0%b2-%d1%80%d0%b0%d0%b7%d0%bf%d0%b8%d1%82%d1%8a%d1%82-%d0%bd%d0%b0-%d0%bf%d1%80%d0%b5%d0%bc%d0%b8%d0%b5%d1%80%d0%b0-%d0%b5-%d1%87%d0%b8%d1%81%d1%82%d0%be-%d0%b8%d0%bd%d1%81/?C=N&O=A HTTP/1.1" 200 420 "-" "Mozilla/5.0 AppleWebKit/537.36 (KHTML, like Gecko; compatible; ClaudeBot/1.0; +claudebot@anthropic.com)"
52.167.144.234 - - [05/Apr/2026:16:22:54 +0200] "GET /tag/%D0%B2%D0%BB%D0%B8%D0%B7%D0%B0%D0%BD%D0%B5%D1%82%D0%BE-%D0%BD%D0%B0-%D0%B1%D1%8A%D0%BB%D0%B3%D0%B0%D1%80%D0%B8%D1%8F-%D0%B2-%D0%B5%D0%B2%D1%80%D0%BE%D0%B7%D0%BE%D0%BD%D0%B0%D1%82%D0%B0/page/3/ HTTP/1.1" 200 16139 "-" "Mozilla/5.0 AppleWebKit/537.36 (KHTML, like Gecko; compatible; bingbot/2.0; +http://www.bing.com/bingbot.htm) Chrome/116.0.1938.76 Safari/537.36"
85.208.96.202 - - [05/Apr/2026:16:22:55 +0200] "GET /tag/%D0%B1%D1%80%D0%B8%D1%84%D0%B8%D0%BD%D0%B3/page/29/ HTTP/1.1" 200 16525 "-" "Mozilla/5.0 (compatible; SemrushBot/7~bl; +http://www.semrush.com/bot.html)"
216.73.216.187 - - [05/Apr/2026:16:22:56 +0200] "GET /wp-content/cache/page_enhanced/netvesti.com/%d1%81%d1%80%d0%b5%d1%89%d1%83-%d0%ba%d0%be%d1%80%d0%be%d0%bd%d0%b0%d0%b2%d0%b8%d1%80%d1%83%d1%81-%d0%ba%d0%be%d0%b5-%d0%b4%d0%b0-%d0%bf%d0%be%d1%87%d0%b8%d1%81%d1%82%d0%b8%d1%82%d0%b5/?C=D&O=D HTTP/1.1" 200 420 "-" "Mozilla/5.0 AppleWebKit/537.36 (KHTML, like Gecko; compatible; ClaudeBot/1.0; +claudebot@anthropic.com)"
216.73.216.187 - - [05/Apr/2026:16:23:01 +0200] "GET /wp-content/cache/page_enhanced/netvesti.com/%d1%80%d0%b0%d0%b4%d0%b5%d0%b2-%d0%b1%d0%b5%d0%b7%d0%be%d1%87%d0%b8%d0%b5-%d0%b5-%d0%b1%d0%be%d1%80%d0%b8%d1%81%d0%be%d0%b2-%d0%b4%d0%b0-%d0%b3%d0%be%d0%b2%d0%be%d1%80%d0%b8-%d0%b7%d0%b0-%d0%be%d1%82/?C=N&O=A HTTP/1.1" 200 418 "-" "Mozilla/5.0 AppleWebKit/537.36 (KHTML, like Gecko; compatible; ClaudeBot/1.0; +claudebot@anthropic.com)"
185.191.171.18 - - [05/Apr/2026:16:23:04 +0200] "GET /tag/%D0%B2%D0%B5%D1%87%D0%B5-%D0%BD%D1%8F%D0%BC%D0%B0-%D0%B4%D0%B0-%D0%BF%D1%80%D0%B8%D0%B5%D0%BC%D0%B0%D1%82-%D0%BF%D0%B0%D1%86%D0%B8%D0%B5%D0%BD%D1%82%D0%B8-%D1%81%D0%B0%D0%BC%D0%BE-%D0%B7%D0%B0-%D0%BF/page/7/ HTTP/1.1" 200 16205 "-" "Mozilla/5.0 (compatible; SemrushBot/7~bl; +http://www.semrush.com/bot.html)"
216.73.216.187 - - [05/Apr/2026:16:23:06 +0200] "GET /wp-content/cache/page_enhanced/netvesti.com/%d1%81%d1%80%d0%b5%d1%89%d1%83-%d0%ba%d0%be%d1%80%d0%be%d0%bd%d0%b0%d0%b2%d0%b8%d1%80%d1%83%d1%81-%d0%ba%d0%be%d0%b5-%d0%b4%d0%b0-%d0%bf%d0%be%d1%87%d0%b8%d1%81%d1%82%d0%b8%d1%82%d0%b5/?C=M&O=D HTTP/1.1" 200 420 "-" "Mozilla/5.0 AppleWebKit/537.36 (KHTML, like Gecko; compatible; ClaudeBot/1.0; +claudebot@anthropic.com)"
114.119.156.225 - - [05/Apr/2026:16:23:07 +0200] "GET /wp-content/plugins/wordpress-seo/admin/views/tabs/dashboard/general.php HTTP/1.1" 403 0 "https://netvesti.com/wp-content/plugins/wordpress-seo/admin/views/tabs/dashboard/?C=M%3BO%3DA" "Mozilla/5.0 (Linux; Android 7.0;) AppleWebKit/537.36 (KHTML, like Gecko) Mobile Safari/537.36 (compatible; PetalBot;+https://webmaster.petalsearch.com/site/petalbot)"
51.89.129.49 - - [05/Apr/2026:16:23:08 +0200] "GET /tag/%D0%BB%D0%B8%D0%BB%D0%BA%D0%BE%D0%B2-%D0%BF%D0%B0%D1%80%D0%BB%D0%B0%D0%BC%D0%B5%D0%BD%D1%82%D1%8A%D1%82-%D0%BA%D0%BE%D0%BF%D0%B0%D0%B5-%D0%B4%D1%8A%D0%BD%D0%BE%D1%82%D0%BE/page/3/ HTTP/1.1" 200 16436 "-" "Mozilla/5.0 (compatible; AhrefsBot/7.0; +http://ahrefs.com/robot/)"
185.191.171.12 - - [05/Apr/2026:16:23:13 +0200] "GET /tag/netvesti/page/407/ HTTP/1.1" 200 16293 "-" "Mozilla/5.0 (compatible; SemrushBot/7~bl; +http://www.semrush.com/bot.html)"
216.73.216.187 - - [05/Apr/2026:16:23:15 +0200] "GET /wp-content/cache/page_enhanced/netvesti.com/%d1%81%d0%be%d0%bb%d0%b5%d0%bd%d0%b8-%d1%81%d0%bc%d0%b5%d1%82%d0%ba%d0%b8-%d0%b7%d0%b0-%d0%bf%d0%b0%d1%80%d0%bd%d0%be-%d0%b2-%d1%81%d0%be%d1%84%d0%b8%d1%8f-%d1%82%d0%b5%d1%86-%d0%b4%d0%b0-%d0%b3/?C=D&O=A HTTP/1.1" 200 426 "-" "Mozilla/5.0 AppleWebKit/537.36 (KHTML, like Gecko; compatible; ClaudeBot/1.0; +claudebot@anthropic.com)"
216.73.216.187 - - [05/Apr/2026:16:23:15 +0200] "GET /wp-content/cache/page_enhanced/netvesti.com/%d0%bf%d1%80%d0%be%d1%83%d1%87%d0%b2%d0%b0%d0%bd%d0%b5-%d1%81%d0%b0%d0%bc%d0%be-5-%d0%b2-%d0%b8%d1%81%d0%bf%d0%b0%d0%bd%d0%b8%d1%8f-%d1%81%d0%b0-%d0%b1%d0%b8%d0%bb%d0%b8-%d0%b7%d0%b0%d1%80%d0%b0/?C=M&O=D HTTP/1.1" 200 420 "-" "Mozilla/5.0 AppleWebKit/537.36 (KHTML, like Gecko; compatible; ClaudeBot/1.0; +claudebot@anthropic.com)"
216.73.216.187 - - [05/Apr/2026:16:23:16 +0200] "GET /wp-content/cache/page_enhanced/netvesti.com/%d1%81%d1%82%d0%b5%d1%84%d0%b0%d0%bd-%d0%bf%d1%80%d0%be%d0%b9%d0%bd%d0%be%d0%b2-%d0%bd%d0%b0%d0%b4-150-000-%d0%b4%d1%83%d1%88%d0%b8-%d0%b8%d0%bc%d0%b0%d0%bd%d1%8f%d1%80%d0%b8-%d1%82%d1%8a%d1%80/?C=D&O=D HTTP/1.1" 200 426 "-" "Mozilla/5.0 AppleWebKit/537.36 (KHTML, like Gecko; compatible; ClaudeBot/1.0; +claudebot@anthropic.com)"
216.73.216.187 - - [05/Apr/2026:16:23:16 +0200] "GET /wp-content/cache/page_enhanced/netvesti.com/%d0%bf%d1%80%d0%b8%d0%bc%d0%ba%d0%b0%d1%82%d0%b0-%d0%be%d0%ba%d0%be%d0%bb%d0%be-%d0%b2%d0%bb%d0%b0%d1%81%d1%82%d1%82%d0%b0-%d1%81%d0%b5-%d0%b7%d0%b0%d1%82%d1%8f%d0%b3%d0%b0-%d1%81%d1%82%d1%83%d0%b4/?C=D&O=D HTTP/1.1" 200 411 "-" "Mozilla/5.0 AppleWebKit/537.36 (KHTML, like Gecko; compatible; ClaudeBot/1.0; +claudebot@anthropic.com)"
216.73.216.187 - - [05/Apr/2026:16:23:17 +0200] "GET /wp-content/cache/page_enhanced/netvesti.com/%d1%81%d1%86%d0%b5%d0%bd%d0%b0%d1%82%d0%b0-%d1%8f-%d0%bf%d1%80%d0%b5%d0%be%d0%b1%d1%80%d0%b0%d0%b7%d1%8f%d0%b2%d0%b0%d1%88%d0%b5-%d0%bc%d1%83%d1%82%d0%b0%d1%84%d0%be%d0%b2%d0%b0-%d0%bf%d1%80%d0%b5/?C=N&O=A HTTP/1.1" 200 416 "-" "Mozilla/5.0 AppleWebKit/537.36 (KHTML, like Gecko; compatible; ClaudeBot/1.0; +claudebot@anthropic.com)"
216.73.216.187 - - [05/Apr/2026:16:23:17 +0200] "GET /wp-content/cache/page_enhanced/netvesti.com/%d0%bf%d1%80%d0%b8%d0%bd%d1%86-%d1%83%d0%b8%d0%bb%d1%8f%d0%bc-%d0%ba%d1%80%d0%b0%d0%bb%d0%b8%d1%86%d0%b0%d1%82%d0%b0-%d1%81%d0%b5-%d0%be%d1%82%d0%ba%d1%80%d0%be%d0%b8-%d0%b2-%d0%b5%d0%b4%d0%b8%d0%bd/?C=D&O=D HTTP/1.1" 200 425 "-" "Mozilla/5.0 AppleWebKit/537.36 (KHTML, like Gecko; compatible; ClaudeBot/1.0; +claudebot@anthropic.com)"
216.73.216.187 - - [05/Apr/2026:16:23:18 +0200] "GET /wp-content/cache/page_enhanced/netvesti.com/%d1%81%d1%82%d0%b5%d1%84%d0%b0%d0%bd-%d0%bf%d1%80%d0%be%d0%b9%d0%bd%d0%be%d0%b2-%d0%bd%d0%b0%d0%b4-150-000-%d0%b4%d1%83%d1%88%d0%b8-%d0%b8%d0%bc%d0%b0%d0%bd%d1%8f%d1%80%d0%b8-%d1%82%d1%8a%d1%80/?C=M&O=D HTTP/1.1" 200 426 "-" "Mozilla/5.0 AppleWebKit/537.36 (KHTML, like Gecko; compatible; ClaudeBot/1.0; +claudebot@anthropic.com)"
216.73.216.187 - - [05/Apr/2026:16:23:18 +0200] "GET /wp-content/cache/page_enhanced/netvesti.com/%d0%bf%d1%80%d0%b8%d0%bc%d0%ba%d0%b0%d1%82%d0%b0-%d0%be%d0%ba%d0%be%d0%bb%d0%be-%d0%b2%d0%bb%d0%b0%d1%81%d1%82%d1%82%d0%b0-%d1%81%d0%b5-%d0%b7%d0%b0%d1%82%d1%8f%d0%b3%d0%b0-%d1%81%d1%82%d1%83%d0%b4/?C=M&O=D HTTP/1.1" 200 411 "-" "Mozilla/5.0 AppleWebKit/537.36 (KHTML, like Gecko; compatible; ClaudeBot/1.0; +claudebot@anthropic.com)"
216.73.216.187 - - [05/Apr/2026:16:23:19 +0200] "GET /wp-content/cache/page_enhanced/netvesti.com/%d0%bf%d1%80%d0%b8%d0%bd%d1%86-%d1%83%d0%b8%d0%bb%d1%8f%d0%bc-%d0%ba%d1%80%d0%b0%d0%bb%d0%b8%d1%86%d0%b0%d1%82%d0%b0-%d1%81%d0%b5-%d0%be%d1%82%d0%ba%d1%80%d0%be%d0%b8-%d0%b2-%d0%b5%d0%b4%d0%b8%d0%bd/?C=M&O=D HTTP/1.1" 200 425 "-" "Mozilla/5.0 AppleWebKit/537.36 (KHTML, like Gecko; compatible; ClaudeBot/1.0; +claudebot@anthropic.com)"
40.77.167.255 - - [05/Apr/2026:16:23:19 +0200] "GET /%D0%B3%D0%B5%D1%80%D0%B1-%D0%B2-%D0%BF%D0%B0%D0%BD%D0%B8%D0%BA%D0%B0-%D0%BB%D0%B0%D1%83%D1%80%D0%B0-%D0%BA%D1%8C%D0%BE%D0%B2%D0%B5%D1%88%D0%B8-%D1%82%D1%8A%D1%80%D1%81%D0%B8-1-%D0%BC%D0%B8%D0%BB/ HTTP/1.1" 200 30380 "-" "Mozilla/5.0 AppleWebKit/537.36 (KHTML, like Gecko; compatible; bingbot/2.0; +http://www.bing.com/bingbot.htm) Chrome/116.0.1938.76 Safari/537.36"
216.73.216.187 - - [05/Apr/2026:16:23:19 +0200] "GET /wp-content/cache/page_enhanced/netvesti.com/%d0%bf%d1%80%d0%be%d1%83%d1%87%d0%b2%d0%b0%d0%bd%d0%b5-%d1%81%d0%b0%d0%bc%d0%be-5-%d0%b2-%d0%b8%d1%81%d0%bf%d0%b0%d0%bd%d0%b8%d1%8f-%d1%81%d0%b0-%d0%b1%d0%b8%d0%bb%d0%b8-%d0%b7%d0%b0%d1%80%d0%b0/?C=S&O=D HTTP/1.1" 200 420 "-" "Mozilla/5.0 AppleWebKit/537.36 (KHTML, like Gecko; compatible; ClaudeBot/1.0; +claudebot@anthropic.com)"
216.73.216.187 - - [05/Apr/2026:16:23:20 +0200] "GET /wp-content/cache/page_enhanced/netvesti.com/%d1%81%d1%80%d0%b8%d0%b2-%d0%bd%d0%b0-%d0%bf%d1%8a%d1%82%d1%83%d0%b2%d0%b0%d0%bd%d0%b8%d1%8f%d1%82%d0%b0-%d0%b2-%d1%87%d1%83%d0%b6%d0%b1%d0%b8%d0%bd%d0%b0-%d1%81-%d1%86%d0%b5%d0%bb%d0%b8-52-%d0%bf/?C=D&O=D HTTP/1.1" 200 427 "-" "Mozilla/5.0 AppleWebKit/537.36 (KHTML, like Gecko; compatible; ClaudeBot/1.0; +claudebot@anthropic.com)"
216.73.216.187 - - [05/Apr/2026:16:23:20 +0200] "GET /wp-content/cache/page_enhanced/netvesti.com/%d1%80%d0%b0%d0%b4%d0%b5%d0%b2-%d0%bf%d1%80%d0%be%d0%ba%d1%83%d1%80%d0%b0%d1%82%d1%83%d1%80%d0%b0%d1%82%d0%b0-%d0%bb%d0%be%d0%b2%d0%b8-%d1%80%d1%83%d1%81%d0%ba%d0%b8-%d1%88%d0%bf%d0%b8%d0%be%d0%bd/?C=D&O=D HTTP/1.1" 200 413 "-" "Mozilla/5.0 AppleWebKit/537.36 (KHTML, like Gecko; compatible; ClaudeBot/1.0; +claudebot@anthropic.com)"
216.73.216.187 - - [05/Apr/2026:16:23:21 +0200] "GET /wp-content/cache/page_enhanced/netvesti.com/%d1%80%d0%b0%d0%b4%d0%b5%d0%b2-%d0%b1%d0%be%d1%80%d0%b8%d1%81%d0%be%d0%b2-%d0%bd%d0%b5-%d1%81%d0%b5-%d1%82%d1%80%d0%be%d0%b3%d0%bd%d0%b0-%d0%b7%d0%b0-%d0%b1%d0%b8%d1%82%d0%b8%d1%82%d0%b5-%d0%b1%d1%8a/?C=N&O=A HTTP/1.1" 200 422 "-" "Mozilla/5.0 AppleWebKit/537.36 (KHTML, like Gecko; compatible; ClaudeBot/1.0; +claudebot@anthropic.com)"
216.73.216.187 - - [05/Apr/2026:16:23:21 +0200] "GET /wp-content/cache/page_enhanced/netvesti.com/%d1%82%d0%be%d0%b2%d0%b0-%d0%b5-%d0%b7%d0%b2%d0%b5%d1%80%d1%81%d0%ba%d0%b8-%d0%b3%d1%80%d0%b0%d0%b1%d0%b5%d0%b6-%d0%be%d1%82-%d0%b2%d1%81%d0%b5%d0%ba%d0%b8-%d0%bc%d1%8a%d0%b6-60-000-%d0%bb/?C=N&O=A HTTP/1.1" 200 418 "-" "Mozilla/5.0 AppleWebKit/537.36 (KHTML, like Gecko; compatible; ClaudeBot/1.0; +claudebot@anthropic.com)"
216.73.216.187 - - [05/Apr/2026:16:23:22 +0200] "GET /wp-content/cache/page_enhanced/netvesti.com/%d1%81%d1%80%d0%b8%d0%b2-%d0%bd%d0%b0-%d0%bf%d1%8a%d1%82%d1%83%d0%b2%d0%b0%d0%bd%d0%b8%d1%8f%d1%82%d0%b0-%d0%b2-%d1%87%d1%83%d0%b6%d0%b1%d0%b8%d0%bd%d0%b0-%d1%81-%d1%86%d0%b5%d0%bb%d0%b8-52-%d0%bf/?C=M&O=D HTTP/1.1" 200 427 "-" "Mozilla/5.0 AppleWebKit/537.36 (KHTML, like Gecko; compatible; ClaudeBot/1.0; +claudebot@anthropic.com)"
216.73.216.187 - - [05/Apr/2026:16:23:22 +0200] "GET /wp-content/cache/page_enhanced/netvesti.com/%d0%bf%d1%83%d1%82%d0%b8%d0%bd-%d1%81-%d1%82%d0%b5%d0%b6%d0%ba%d0%b0-%d0%b7%d0%b0%d0%ba%d0%b0%d0%bd%d0%b0-%d0%be%d1%82-%d1%87%d0%b5%d1%80%d0%b2%d0%b5%d0%bd%d0%b8%d1%8f-%d0%bf%d0%bb%d0%be%d1%89%d0%b0/?C=D&O=D HTTP/1.1" 200 420 "-" "Mozilla/5.0 AppleWebKit/537.36 (KHTML, like Gecko; compatible; ClaudeBot/1.0; +claudebot@anthropic.com)"
18.97.9.96 - - [05/Apr/2026:16:23:22 +0200] "GET /robots.txt HTTP/1.1" 304 0 "-" "Mozilla/5.0 AppleWebKit/537.36 (KHTML, like Gecko; compatible; PerplexityBot/1.0; +https://perplexity.ai/perplexitybot)"
216.73.216.187 - - [05/Apr/2026:16:23:23 +0200] "GET /wp-content/cache/page_enhanced/netvesti.com/%d0%b0%d0%bc%d0%b5%d1%80%d0%b8%d0%ba%d0%b0%d0%bd%d1%86%d0%b8-%d1%82%d0%b0%d0%b9%d0%bd%d0%be-%d0%bf%d1%80%d0%be%d1%83%d1%87%d0%b2%d0%b0%d1%82-%d0%b7%d0%bb%d0%b0%d1%82%d0%be-%d0%b2-%d1%81%d1%82%d1%80/?C=D&O=D HTTP/1.1" 200 420 "-" "Mozilla/5.0 AppleWebKit/537.36 (KHTML, like Gecko; compatible; ClaudeBot/1.0; +claudebot@anthropic.com)"
216.73.216.187 - - [05/Apr/2026:16:23:23 +0200] "GET /wp-content/cache/page_enhanced/netvesti.com/daimler-%d0%ba%d1%83%d0%bf%d0%b8-15-%d0%be%d1%82-%d0%ba%d0%b0%d0%bc%d0%b0%d0%b7-%d0%b7%d0%b0%d0%b4%d0%b0%d0%b2%d0%b0-%d1%81%d0%b5-%d0%bd%d0%be%d0%b2-%d1%82%d0%b5%d0%b6%d0%ba%d0%be%d1%82%d0%be%d0%b2/?C=D&O=D HTTP/1.1" 200 417 "-" "Mozilla/5.0 AppleWebKit/537.36 (KHTML, like Gecko; compatible; ClaudeBot/1.0; +claudebot@anthropic.com)"
18.97.9.100 - - [05/Apr/2026:16:23:23 +0200] "GET /%D0%BD%D0%BE%D0%B2%D0%B0-%D0%BD%D0%B0%D1%80%D0%B5%D0%B4%D0%B1%D0%B0-%D0%BD%D0%B5-%D0%BC%D0%BE%D0%B6%D0%B5%D0%BC-%D0%B4%D0%B0-%D0%BF%D1%80%D0%BE%D0%B4%D0%B0%D0%B2%D0%B0%D0%BC%D0%B5-%D0%B0%D0%B2%D1%82/ HTTP/1.1" 200 28396 "-" "Mozilla/5.0 AppleWebKit/537.36 (KHTML, like Gecko; compatible; PerplexityBot/1.0; +https://perplexity.ai/perplexitybot)"
216.73.216.187 - - [05/Apr/2026:16:23:24 +0200] "GET /wp-content/cache/page_enhanced/netvesti.com/%d0%be%d1%81%d0%b5%d0%bc-%d0%bf%d1%8a%d1%82%d0%b8-%d0%b5-%d1%80%d0%b0%d0%b7%d0%bb%d0%b8%d0%ba%d0%b0%d1%82%d0%b0-%d0%bc%d0%b5%d0%b6%d0%b4%d1%83-%d0%b1%d0%b5%d0%b4%d0%bd%d0%b8-%d0%b8-%d0%b1%d0%be%d0%b3/?C=N&O=A HTTP/1.1" 200 417 "-" "Mozilla/5.0 AppleWebKit/537.36 (KHTML, like Gecko; compatible; ClaudeBot/1.0; +claudebot@anthropic.com)"
216.73.216.187 - - [05/Apr/2026:16:23:24 +0200] "GET /wp-content/cache/page_enhanced/netvesti.com/%d0%bd%d0%b5-%d0%b5-%d1%80%d0%b5%d0%b4%d0%bd%d0%be-%d0%b2%d1%81%d0%b8%d1%87%d0%ba%d0%b8-%d0%bd%d0%b0%d1%80%d1%83%d1%88%d0%b5%d0%bd%d0%b8%d1%8f-%d0%bd%d0%b0-%d0%bc%d0%b5%d1%80%d0%ba%d0%b8%d1%82%d0%b5/?C=N&O=A HTTP/1.1" 200 423 "-" "Mozilla/5.0 AppleWebKit/537.36 (KHTML, like Gecko; compatible; ClaudeBot/1.0; +claudebot@anthropic.com)"
216.73.216.187 - - [05/Apr/2026:16:23:25 +0200] "GET /wp-content/cache/page_enhanced/netvesti.com/%d0%b1%d0%b0%d0%b9-%d1%82%d0%be%d1%88%d0%be-%d0%b1%d1%80%d0%b8%d0%b3%d0%b0%d0%b4%d0%b8%d1%82%d0%b5-%d1%83%d0%ba%d1%80%d0%b5%d0%bf%d0%b2%d0%b0%d1%85%d0%b0-%d0%b4%d0%b5%d1%86%d0%b0%d1%82%d0%b0/?C=D&O=D HTTP/1.1" 200 426 "-" "Mozilla/5.0 AppleWebKit/537.36 (KHTML, like Gecko; compatible; ClaudeBot/1.0; +claudebot@anthropic.com)"
216.73.216.187 - - [05/Apr/2026:16:23:25 +0200] "GET /wp-content/cache/page_enhanced/netvesti.com/%d0%b0%d0%bc%d0%b5%d1%80%d0%b8%d0%ba%d0%b0%d0%bd%d1%86%d0%b8-%d1%82%d0%b0%d0%b9%d0%bd%d0%be-%d0%bf%d1%80%d0%be%d1%83%d1%87%d0%b2%d0%b0%d1%82-%d0%b7%d0%bb%d0%b0%d1%82%d0%be-%d0%b2-%d1%81%d1%82%d1%80/?C=M&O=D HTTP/1.1" 200 418 "-" "Mozilla/5.0 AppleWebKit/537.36 (KHTML, like Gecko; compatible; ClaudeBot/1.0; +claudebot@anthropic.com)"
216.73.216.187 - - [05/Apr/2026:16:23:26 +0200] "GET /wp-content/cache/page_enhanced/netvesti.com/%d0%bf%d1%83%d1%82%d0%b8%d0%bd-%d1%81-%d1%82%d0%b5%d0%b6%d0%ba%d0%b0-%d0%b7%d0%b0%d0%ba%d0%b0%d0%bd%d0%b0-%d0%be%d1%82-%d1%87%d0%b5%d1%80%d0%b2%d0%b5%d0%bd%d0%b8%d1%8f-%d0%bf%d0%bb%d0%be%d1%89%d0%b0/?C=M&O=D HTTP/1.1" 200 420 "-" "Mozilla/5.0 AppleWebKit/537.36 (KHTML, like Gecko; compatible; ClaudeBot/1.0; +claudebot@anthropic.com)"
216.73.216.187 - - [05/Apr/2026:16:23:26 +0200] "GET /wp-content/cache/page_enhanced/netvesti.com/%d0%bf%d1%80%d0%b8%d0%bd%d1%86-%d1%83%d0%b8%d0%bb%d1%8f%d0%bc-%d0%ba%d1%80%d0%b0%d0%bb%d0%b8%d1%86%d0%b0%d1%82%d0%b0-%d1%81%d0%b5-%d0%be%d1%82%d0%ba%d1%80%d0%be%d0%b8-%d0%b2-%d0%b5%d0%b4%d0%b8%d0%bd/?C=S&O=D HTTP/1.1" 200 425 "-" "Mozilla/5.0 AppleWebKit/537.36 (KHTML, like Gecko; compatible; ClaudeBot/1.0; +claudebot@anthropic.com)"
216.73.216.187 - - [05/Apr/2026:16:23:27 +0200] "GET /wp-content/cache/page_enhanced/netvesti.com/%d1%81%d1%82%d1%83%d0%b4%d0%b5%d0%bd%d1%82%d0%b8-%d0%b2%d0%bd%d0%b0%d1%81%d1%8f%d1%82-%d0%bf%d0%be-100-%d0%bc%d0%bb%d0%bd-%d0%bb%d0%b5%d0%b2%d0%b0-%d1%83-%d0%bd%d0%b0%d1%81-%d1%81%d0%bb%d0%b5%d0%b4/?C=N&O=A HTTP/1.1" 200 426 "-" "Mozilla/5.0 AppleWebKit/537.36 (KHTML, like Gecko; compatible; ClaudeBot/1.0; +claudebot@anthropic.com)"
216.73.216.187 - - [05/Apr/2026:16:23:27 +0200] "GET /wp-content/cache/page_enhanced/netvesti.com/%d1%81%d0%bc%d0%b5%d0%bd%d0%b8-%d1%81%d0%b8-%d0%bc%d0%b0%d1%80%d1%88%d1%80%d1%83%d1%82%d0%b0-%d0%b7%d0%b0%d0%ba%d0%b0%d0%bd%d0%b8%d0%bb-%d1%81%d0%b5-%d0%bc%d1%8a%d0%b6%d1%8a%d1%82-%d0%b7%d0%b0/?C=N&O=A HTTP/1.1" 200 421 "-" "Mozilla/5.0 AppleWebKit/537.36 (KHTML, like Gecko; compatible; ClaudeBot/1.0; +claudebot@anthropic.com)"
216.73.216.187 - - [05/Apr/2026:16:23:28 +0200] "GET /wp-content/cache/page_enhanced/netvesti.com/%d1%87%d0%b5%d0%ba%d0%bc%d0%b5%d0%b4%d0%b6%d0%b5-%d0%b8-%d0%bc%d0%b0%d1%82%d0%b0-%d1%85%d0%b0%d1%80%d0%b8-%d0%b8%d0%bb%d0%b8-%d0%b3%d0%b0%d1%80%d0%b4%d0%b5%d1%80%d0%be%d0%b1-%d0%b8-%d0%bf%d0%b0%d1%80/?C=N&O=A HTTP/1.1" 200 414 "-" "Mozilla/5.0 AppleWebKit/537.36 (KHTML, like Gecko; compatible; ClaudeBot/1.0; +claudebot@anthropic.com)"
216.73.216.187 - - [05/Apr/2026:16:23:28 +0200] "GET /wp-content/cache/page_enhanced/netvesti.com/%d0%bf%d1%80%d0%be%d1%84-%d0%ba%d0%b0%d0%bd%d1%82%d0%b0%d1%80%d0%b4%d0%b6%d0%b8%d0%b5%d0%b2-%d0%b7%d0%b0-%d0%ba%d0%be%d1%80%d0%be%d0%bd%d0%b0%d0%b2%d0%b8%d1%80%d1%83%d1%81%d0%b0-%d0%bd%d0%b8%d1%89/?C=N&O=A HTTP/1.1" 200 421 "-" "Mozilla/5.0 AppleWebKit/537.36 (KHTML, like Gecko; compatible; ClaudeBot/1.0; +claudebot@anthropic.com)"
216.73.216.187 - - [05/Apr/2026:16:23:29 +0200] "GET /wp-content/cache/page_enhanced/netvesti.com/daimler-%d0%ba%d1%83%d0%bf%d0%b8-15-%d0%be%d1%82-%d0%ba%d0%b0%d0%bc%d0%b0%d0%b7-%d0%b7%d0%b0%d0%b4%d0%b0%d0%b2%d0%b0-%d1%81%d0%b5-%d0%bd%d0%be%d0%b2-%d1%82%d0%b5%d0%b6%d0%ba%d0%be%d1%82%d0%be%d0%b2/?C=M&O=D HTTP/1.1" 200 417 "-" "Mozilla/5.0 AppleWebKit/537.36 (KHTML, like Gecko; compatible; ClaudeBot/1.0; +claudebot@anthropic.com)"
85.208.96.200 - - [05/Apr/2026:16:23:29 +0200] "GET /%D1%80%D0%BE%D0%B4%D0%B5%D0%BD-%D0%B4%D0%B8%D0%BF%D0%BB%D0%BE%D0%BC%D0%B0%D1%82-%D1%80%D0%B0%D0%B7%D0%B3%D0%B0%D0%B4%D0%B0-%D1%85%D0%BE%D0%B4%D0%BE%D0%B2%D0%B5%D1%82%D0%B5-%D0%BD%D0%B0-%D0%BF%D1%83/ HTTP/1.1" 200 37082 "-" "Mozilla/5.0 (compatible; SemrushBot/7~bl; +http://www.semrush.com/bot.html)"
216.73.216.187 - - [05/Apr/2026:16:23:31 +0200] "GET /wp-content/cache/page_enhanced/netvesti.com/%d0%b1%d0%b8%d0%b7%d0%bd%d0%b5%d1%81%d1%8a%d1%82-%d0%b2-%d0%ba%d1%80%d0%b8%d0%b7%d0%b0%d1%82%d0%b0-%d0%bd%d0%b0%d0%b9-%d1%82%d1%80%d1%83%d0%b4%d0%bd%d0%be-%d0%bc%d1%83-%d0%b5-%d0%b4%d0%b0-%d0%be/?C=S&O=D HTTP/1.1" 200 412 "-" "Mozilla/5.0 AppleWebKit/537.36 (KHTML, like Gecko; compatible; ClaudeBot/1.0; +claudebot@anthropic.com)"
216.73.216.187 - - [05/Apr/2026:16:23:31 +0200] "GET /wp-content/cache/page_enhanced/netvesti.com/%d1%83%d1%87%d0%b5%d0%bd%d0%b8%d1%86%d0%b8-%d0%be%d1%82-%d1%82%d1%8a%d1%80%d0%b3%d0%be%d0%b2%d0%b8%d1%89%d0%b5-%d1%81%d1%8a%d0%b1%d0%b8%d1%80%d0%b0%d1%82-%d0%bf%d0%b0%d1%80%d0%b8-%d0%b7%d0%b0-%d0%b0/?C=M&O=D HTTP/1.1" 200 426 "-" "Mozilla/5.0 AppleWebKit/537.36 (KHTML, like Gecko; compatible; ClaudeBot/1.0; +claudebot@anthropic.com)"
216.73.216.187 - - [05/Apr/2026:16:23:31 +0200] "GET /wp-content/cache/page_enhanced/netvesti.com/%d1%85%d0%be%d1%82%d0%b5%d0%bb%d0%b8%d1%82%d0%b5-%d1%83-%d0%bd%d0%b0%d1%81-%d1%81%d0%b0-%d0%b3%d0%be%d1%82%d0%be%d0%b2%d0%b8-%d0%b7%d0%b0-%d0%bb%d0%b5%d1%82%d0%bd%d0%b8%d1%8f-%d1%81%d0%b5%d0%b7%d0%be/?C=S&O=D HTTP/1.1" 200 417 "-" "Mozilla/5.0 AppleWebKit/537.36 (KHTML, like Gecko; compatible; ClaudeBot/1.0; +claudebot@anthropic.com)"
216.73.216.187 - - [05/Apr/2026:16:23:32 +0200] "GET /wp-content/cache/page_enhanced/netvesti.com/%d0%bf%d1%80%d0%be%d1%83%d1%87%d0%b2%d0%b0%d0%bd%d0%b5-%d1%81%d0%b0%d0%bc%d0%be-5-%d0%b2-%d0%b8%d1%81%d0%bf%d0%b0%d0%bd%d0%b8%d1%8f-%d1%81%d0%b0-%d0%b1%d0%b8%d0%bb%d0%b8-%d0%b7%d0%b0%d1%80%d0%b0/?C=N&O=A HTTP/1.1" 200 420 "-" "Mozilla/5.0 AppleWebKit/537.36 (KHTML, like Gecko; compatible; ClaudeBot/1.0; +claudebot@anthropic.com)"
216.73.216.187 - - [05/Apr/2026:16:23:32 +0200] "GET /wp-content/cache/page_enhanced/netvesti.com/%d1%81%d1%82%d0%b5%d1%84%d0%b0%d0%bd-%d1%8f%d0%bd%d0%b5%d0%b2-%d1%81%d1%8a%d1%89%d0%be-%d0%b5-%d1%81%d1%80%d0%b5%d0%b4-%d1%84%d0%b0%d0%b2%d0%be%d1%80%d0%b8%d1%82%d0%b8%d1%82%d0%b5-%d0%b7%d0%b0-%d0%bf/?C=D&O=D HTTP/1.1" 200 422 "-" "Mozilla/5.0 AppleWebKit/537.36 (KHTML, like Gecko; compatible; ClaudeBot/1.0; +claudebot@anthropic.com)"
216.73.216.187 - - [05/Apr/2026:16:23:33 +0200] "GET /wp-content/cache/page_enhanced/netvesti.com/%d1%83%d1%87%d0%b5%d0%bd%d0%b8%d1%86%d0%b8-%d0%be%d1%82-%d1%82%d1%8a%d1%80%d0%b3%d0%be%d0%b2%d0%b8%d1%89%d0%b5-%d1%81%d1%8a%d0%b1%d0%b8%d1%80%d0%b0%d1%82-%d0%bf%d0%b0%d1%80%d0%b8-%d0%b7%d0%b0-%d0%b0/?C=S&O=D HTTP/1.1" 200 426 "-" "Mozilla/5.0 AppleWebKit/537.36 (KHTML, like Gecko; compatible; ClaudeBot/1.0; +claudebot@anthropic.com)"
216.73.216.187 - - [05/Apr/2026:16:23:33 +0200] "GET /wp-content/cache/page_enhanced/netvesti.com/%d1%81%d1%82%d0%b5%d1%84%d0%b0%d0%bd-%d1%8f%d0%bd%d0%b5%d0%b2-%d1%81%d1%8a%d1%89%d0%be-%d0%b5-%d1%81%d1%80%d0%b5%d0%b4-%d1%84%d0%b0%d0%b2%d0%be%d1%80%d0%b8%d1%82%d0%b8%d1%82%d0%b5-%d0%b7%d0%b0-%d0%bf/?C=M&O=D HTTP/1.1" 200 422 "-" "Mozilla/5.0 AppleWebKit/537.36 (KHTML, like Gecko; compatible; ClaudeBot/1.0; +claudebot@anthropic.com)"
216.73.216.187 - - [05/Apr/2026:16:23:34 +0200] "GET /wp-content/cache/page_enhanced/netvesti.com/%d1%81%d1%82%d0%b5%d1%84%d0%b0%d0%bd-%d0%bf%d1%80%d0%be%d0%b9%d0%bd%d0%be%d0%b2-%d0%bd%d0%b0%d0%b4-150-000-%d0%b4%d1%83%d1%88%d0%b8-%d0%b8%d0%bc%d0%b0%d0%bd%d1%8f%d1%80%d0%b8-%d1%82%d1%8a%d1%80/?C=N&O=A HTTP/1.1" 200 427 "-" "Mozilla/5.0 AppleWebKit/537.36 (KHTML, like Gecko; compatible; ClaudeBot/1.0; +claudebot@anthropic.com)"
216.73.216.187 - - [05/Apr/2026:16:23:34 +0200] "GET /wp-content/cache/page_enhanced/netvesti.com/%d0%bf%d1%80%d0%b8%d0%bc%d0%ba%d0%b0%d1%82%d0%b0-%d0%be%d0%ba%d0%be%d0%bb%d0%be-%d0%b2%d0%bb%d0%b0%d1%81%d1%82%d1%82%d0%b0-%d1%81%d0%b5-%d0%b7%d0%b0%d1%82%d1%8f%d0%b3%d0%b0-%d1%81%d1%82%d1%83%d0%b4/?C=N&O=A HTTP/1.1" 200 413 "-" "Mozilla/5.0 AppleWebKit/537.36 (KHTML, like Gecko; compatible; ClaudeBot/1.0; +claudebot@anthropic.com)"
216.73.216.187 - - [05/Apr/2026:16:23:35 +0200] "GET /wp-content/cache/page_enhanced/netvesti.com/%d0%bf%d1%80%d0%b8%d0%bd%d1%86-%d1%83%d0%b8%d0%bb%d1%8f%d0%bc-%d0%ba%d1%80%d0%b0%d0%bb%d0%b8%d1%86%d0%b0%d1%82%d0%b0-%d1%81%d0%b5-%d0%be%d1%82%d0%ba%d1%80%d0%be%d0%b8-%d0%b2-%d0%b5%d0%b4%d0%b8%d0%bd/?C=N&O=A HTTP/1.1" 200 425 "-" "Mozilla/5.0 AppleWebKit/537.36 (KHTML, like Gecko; compatible; ClaudeBot/1.0; +claudebot@anthropic.com)"
216.73.216.187 - - [05/Apr/2026:16:23:35 +0200] "GET /wp-content/cache/page_enhanced/netvesti.com/%d1%81%d1%80%d0%b8%d0%b2-%d0%bd%d0%b0-%d0%bf%d1%8a%d1%82%d1%83%d0%b2%d0%b0%d0%bd%d0%b8%d1%8f%d1%82%d0%b0-%d0%b2-%d1%87%d1%83%d0%b6%d0%b1%d0%b8%d0%bd%d0%b0-%d1%81-%d1%86%d0%b5%d0%bb%d0%b8-52-%d0%bf/?C=N&O=A HTTP/1.1" 200 428 "-" "Mozilla/5.0 AppleWebKit/537.36 (KHTML, like Gecko; compatible; ClaudeBot/1.0; +claudebot@anthropic.com)"
216.73.216.187 - - [05/Apr/2026:16:23:36 +0200] "GET /wp-content/cache/page_enhanced/netvesti.com/%d1%80%d0%b0%d0%b4%d0%b5%d0%b2-%d0%bf%d1%80%d0%be%d0%ba%d1%83%d1%80%d0%b0%d1%82%d1%83%d1%80%d0%b0%d1%82%d0%b0-%d0%bb%d0%be%d0%b2%d0%b8-%d1%80%d1%83%d1%81%d0%ba%d0%b8-%d1%88%d0%bf%d0%b8%d0%be%d0%bd/?C=N&O=A HTTP/1.1" 200 417 "-" "Mozilla/5.0 AppleWebKit/537.36 (KHTML, like Gecko; compatible; ClaudeBot/1.0; +claudebot@anthropic.com)"
216.73.216.187 - - [05/Apr/2026:16:23:36 +0200] "GET /wp-content/cache/page_enhanced/netvesti.com/%d1%81%d1%82%d0%b5%d1%84%d0%b0%d0%bd-%d1%8f%d0%bd%d0%b5%d0%b2-%d1%81%d1%8a%d1%89%d0%be-%d0%b5-%d1%81%d1%80%d0%b5%d0%b4-%d1%84%d0%b0%d0%b2%d0%be%d1%80%d0%b8%d1%82%d0%b8%d1%82%d0%b5-%d0%b7%d0%b0-%d0%bf/?C=S&O=D HTTP/1.1" 200 422 "-" "Mozilla/5.0 AppleWebKit/537.36 (KHTML, like Gecko; compatible; ClaudeBot/1.0; +claudebot@anthropic.com)"
18.97.9.103 - - [05/Apr/2026:16:23:36 +0200] "GET /%D0%BA%D1%8A%D0%B2-%D1%81%D0%B8-%D1%82%D0%B8-%D0%B1%D0%B5%D0%B5%D0%B5-%D0%B5%D1%82%D0%BE-%D0%BA%D0%B0%D0%BA%D0%B2%D0%BE-%D1%81%D0%B8-%D0%BA%D1%80%D0%B5%D1%89%D1%8F%D1%85%D0%B0/ HTTP/1.1" 200 34701 "-" "Mozilla/5.0 AppleWebKit/537.36 (KHTML, like Gecko; compatible; PerplexityBot/1.0; +https://perplexity.ai/perplexitybot)"
18.97.9.98 - - [05/Apr/2026:16:23:36 +0200] "GET /%D0%B1%D1%8A%D0%BB%D0%B3%D0%B0%D1%80%D0%B8%D0%BD-%D0%B2-%D0%B0%D0%BD%D0%B3%D0%BB%D0%B8%D1%8F-%D0%BD%D1%8F%D0%BC%D0%B0-%D0%BF%D0%B0%D0%BD%D0%B8%D0%BA%D0%B0-%D0%B7%D0%B0%D1%80%D0%B0%D0%B4%D0%B8-%D0%BA/ HTTP/1.1" 200 25284 "-" "Mozilla/5.0 AppleWebKit/537.36 (KHTML, like Gecko; compatible; PerplexityBot/1.0; +https://perplexity.ai/perplexitybot)"
216.73.216.187 - - [05/Apr/2026:16:23:37 +0200] "GET /wp-content/cache/page_enhanced/netvesti.com/%d1%80%d0%b0%d0%b4%d0%b5%d0%b2-%d0%b8%d0%b7%d1%80%d0%b8%d0%b3%d0%bd%d0%b0-%d0%b2%d0%b8%d0%bd%d0%b0%d0%b3%d0%b8-%d1%89%d0%b5-%d0%b7%d0%b0%d1%81%d1%82%d0%b0%d0%b2%d0%b0%d0%bc-%d1%81-%d0%b2%d0%b4%d0%b8/?C=D&O=D HTTP/1.1" 200 424 "-" "Mozilla/5.0 AppleWebKit/537.36 (KHTML, like Gecko; compatible; ClaudeBot/1.0; +claudebot@anthropic.com)"
18.97.9.96 - - [05/Apr/2026:16:23:37 +0200] "GET /%D0%BA%D0%B0%D0%BA%D0%B2%D0%BE-%D0%BC%D0%BE%D0%B6%D0%B5-%D0%B4%D0%B0-%D1%81%D0%B8-%D0%BA%D1%83%D0%BF%D0%B8-%D0%B5%D0%B4%D0%B8%D0%BD-%D0%BF%D0%B5%D0%BD%D1%81%D0%B8%D0%BE%D0%BD%D0%B5%D1%80-%D1%81-50/ HTTP/1.1" 200 19984 "-" "Mozilla/5.0 AppleWebKit/537.36 (KHTML, like Gecko; compatible; PerplexityBot/1.0; +https://perplexity.ai/perplexitybot)"
18.97.9.103 - - [05/Apr/2026:16:23:37 +0200] "GET /%D0%B2%D1%83%D1%87%D0%B8%D1%87-%D1%89%D0%B5-%D0%BE%D1%81%D1%8A%D0%B4%D1%8F-%D1%80%D1%83%D1%81%D0%B8%D1%8F-%D0%BA%D0%BE%D0%B3%D0%B0%D1%82%D0%BE-%D0%B7%D0%B5%D0%BB%D0%B5%D0%BD%D1%81%D0%BA%D0%B8-%D0%BE/ HTTP/1.1" 200 26961 "-" "Mozilla/5.0 AppleWebKit/537.36 (KHTML, like Gecko; compatible; PerplexityBot/1.0; +https://perplexity.ai/perplexitybot)"
18.97.9.100 - - [05/Apr/2026:16:23:37 +0200] "GET /%D0%B9%D0%BE%D1%82%D0%BE%D0%B2%D0%B0-%D1%81%D1%8A%D0%B2%D0%B5%D1%82%D1%8A%D1%82-%D0%B7%D0%B0-%D1%81%D0%B8%D0%B3%D1%83%D1%80%D0%BD%D0%BE%D1%81%D1%82-%D0%BD%D0%B0-%D0%BE%D0%BE%D0%BD-%D1%82%D1%80%D1%8F/ HTTP/1.1" 200 27711 "-" "Mozilla/5.0 AppleWebKit/537.36 (KHTML, like Gecko; compatible; PerplexityBot/1.0; +https://perplexity.ai/perplexitybot)"
216.73.216.187 - - [05/Apr/2026:16:23:37 +0200] "GET /wp-content/cache/page_enhanced/netvesti.com/daimler-%d0%ba%d1%83%d0%bf%d0%b8-15-%d0%be%d1%82-%d0%ba%d0%b0%d0%bc%d0%b0%d0%b7-%d0%b7%d0%b0%d0%b4%d0%b0%d0%b2%d0%b0-%d1%81%d0%b5-%d0%bd%d0%be%d0%b2-%d1%82%d0%b5%d0%b6%d0%ba%d0%be%d1%82%d0%be%d0%b2/?C=N&O=A HTTP/1.1" 200 416 "-" "Mozilla/5.0 AppleWebKit/537.36 (KHTML, like Gecko; compatible; ClaudeBot/1.0; +claudebot@anthropic.com)"
18.97.9.103 - - [05/Apr/2026:16:23:37 +0200] "GET /%D0%B1%D1%8A%D0%BB%D0%B3%D0%B0%D1%80%D1%81%D0%BA%D0%B8-%D0%BB%D0%B5%D0%BA%D0%B0%D1%80-%D0%BE%D1%82-%D0%BF%D1%8A%D1%80%D0%B2%D0%B0-%D0%BB%D0%B8%D0%BD%D0%B8%D1%8F-%D0%B2-%D0%B3%D0%B5%D1%80%D0%BC%D0%B0/ HTTP/1.1" 200 19704 "-" "Mozilla/5.0 AppleWebKit/537.36 (KHTML, like Gecko; compatible; PerplexityBot/1.0; +https://perplexity.ai/perplexitybot)"
18.97.9.102 - - [05/Apr/2026:16:23:37 +0200] "GET /%D0%B9%D0%BE%D1%82%D0%BE%D0%B2%D0%B0-%D1%81-%D0%BE%D1%81%D1%82%D1%80%D0%B0-%D1%80%D0%B5%D0%B0%D0%BA%D1%86%D0%B8%D1%8F-%D0%BA%D1%8A%D0%BC-%D0%B3%D1%8E%D1%80%D0%BE%D0%B2-%D0%BD%D0%B5-%D0%B1%D1%8F%D1%85/ HTTP/1.1" 200 44293 "-" "Mozilla/5.0 AppleWebKit/537.36 (KHTML, like Gecko; compatible; PerplexityBot/1.0; +https://perplexity.ai/perplexitybot)"
216.73.216.187 - - [05/Apr/2026:16:23:38 +0200] "GET /wp-content/cache/page_enhanced/netvesti.com/%d0%bf%d1%83%d1%82%d0%b8%d0%bd-%d1%81-%d1%82%d0%b5%d0%b6%d0%ba%d0%b0-%d0%b7%d0%b0%d0%ba%d0%b0%d0%bd%d0%b0-%d0%be%d1%82-%d1%87%d0%b5%d1%80%d0%b2%d0%b5%d0%bd%d0%b8%d1%8f-%d0%bf%d0%bb%d0%be%d1%89%d0%b0/?C=N&O=A HTTP/1.1" 200 421 "-" "Mozilla/5.0 AppleWebKit/537.36 (KHTML, like Gecko; compatible; ClaudeBot/1.0; +claudebot@anthropic.com)"
216.73.216.187 - - [05/Apr/2026:16:23:38 +0200] "GET /wp-content/cache/page_enhanced/netvesti.com/%d0%b0%d0%bc%d0%b5%d1%80%d0%b8%d0%ba%d0%b0%d0%bd%d1%86%d0%b8-%d1%82%d0%b0%d0%b9%d0%bd%d0%be-%d0%bf%d1%80%d0%be%d1%83%d1%87%d0%b2%d0%b0%d1%82-%d0%b7%d0%bb%d0%b0%d1%82%d0%be-%d0%b2-%d1%81%d1%82%d1%80/?C=N&O=A HTTP/1.1" 200 420 "-" "Mozilla/5.0 AppleWebKit/537.36 (KHTML, like Gecko; compatible; ClaudeBot/1.0; +claudebot@anthropic.com)"
216.73.216.187 - - [05/Apr/2026:16:23:39 +0200] "GET /wp-content/cache/page_enhanced/netvesti.com/%d1%80%d0%b0%d0%b4%d0%b5%d0%b2-%d0%b8%d0%b7%d1%80%d0%b8%d0%b3%d0%bd%d0%b0-%d0%b2%d0%b8%d0%bd%d0%b0%d0%b3%d0%b8-%d1%89%d0%b5-%d0%b7%d0%b0%d1%81%d1%82%d0%b0%d0%b2%d0%b0%d0%bc-%d1%81-%d0%b2%d0%b4%d0%b8/?C=M&O=D HTTP/1.1" 200 424 "-" "Mozilla/5.0 AppleWebKit/537.36 (KHTML, like Gecko; compatible; ClaudeBot/1.0; +claudebot@anthropic.com)"
216.73.216.187 - - [05/Apr/2026:16:23:39 +0200] "GET /wp-content/cache/page_enhanced/netvesti.com/%d0%b1%d0%b0%d0%b9-%d1%82%d0%be%d1%88%d0%be-%d0%b1%d1%80%d0%b8%d0%b3%d0%b0%d0%b4%d0%b8%d1%82%d0%b5-%d1%83%d0%ba%d1%80%d0%b5%d0%bf%d0%b2%d0%b0%d1%85%d0%b0-%d0%b4%d0%b5%d1%86%d0%b0%d1%82%d0%b0/?C=N&O=A HTTP/1.1" 200 425 "-" "Mozilla/5.0 AppleWebKit/537.36 (KHTML, like Gecko; compatible; ClaudeBot/1.0; +claudebot@anthropic.com)"
18.97.9.96 - - [05/Apr/2026:16:23:39 +0200] "GET /%D0%B4%D1%8A%D1%80%D0%B6%D0%B0%D0%B2%D0%B0%D1%82%D0%B0-%D0%BD%D0%B5-%D0%B5-%D0%B2%D0%B8%D0%BD%D0%BE%D0%B2%D0%BD%D0%B0-%D1%87%D0%B5-%D0%BD%D0%B5-%D0%BC%D0%BE%D0%B6%D0%B5%D0%BC-%D0%B4%D0%B0-%D1%83/ HTTP/1.1" 200 27735 "-" "Mozilla/5.0 AppleWebKit/537.36 (KHTML, like Gecko; compatible; PerplexityBot/1.0; +https://perplexity.ai/perplexitybot)"
216.73.216.187 - - [05/Apr/2026:16:23:40 +0200] "GET /wp-content/cache/page_enhanced/netvesti.com/%d1%81%d0%be%d0%bb%d0%b5%d0%bd%d0%b8-%d1%81%d0%bc%d0%b5%d1%82%d0%ba%d0%b8-%d0%b7%d0%b0-%d0%bf%d0%b0%d1%80%d0%bd%d0%be-%d0%b2-%d1%81%d0%be%d1%84%d0%b8%d1%8f-%d1%82%d0%b5%d1%86-%d0%b4%d0%b0-%d0%b3/?C=N&O=A HTTP/1.1" 200 426 "-" "Mozilla/5.0 AppleWebKit/537.36 (KHTML, like Gecko; compatible; ClaudeBot/1.0; +claudebot@anthropic.com)"
216.73.216.187 - - [05/Apr/2026:16:23:40 +0200] "GET /wp-content/cache/page_enhanced/netvesti.com/gol-bg-%d0%be%d1%80%d0%b3%d0%b0%d0%bd%d0%b8%d0%b7%d0%b8%d1%80%d0%b0-%d0%b8%d0%bd%d1%82%d1%80%d0%b8%d0%b3%d1%83%d0%b2%d0%b0%d1%89%d0%be-%d0%b2%d0%b5%d0%bb%d0%b8%d0%ba%d0%b4%d0%b5%d0%bd%d1%81%d0%ba/?C=N&O=A HTTP/1.1" 200 418 "-" "Mozilla/5.0 AppleWebKit/537.36 (KHTML, like Gecko; compatible; ClaudeBot/1.0; +claudebot@anthropic.com)"
216.73.216.187 - - [05/Apr/2026:16:23:41 +0200] "GET /wp-content/cache/page_enhanced/netvesti.com/%d1%80%d0%b0%d0%b4%d0%b5%d0%b2-%d0%b8%d0%b7%d1%80%d0%b8%d0%b3%d0%bd%d0%b0-%d0%b2%d0%b8%d0%bd%d0%b0%d0%b3%d0%b8-%d1%89%d0%b5-%d0%b7%d0%b0%d1%81%d1%82%d0%b0%d0%b2%d0%b0%d0%bc-%d1%81-%d0%b2%d0%b4%d0%b8/?C=S&O=D HTTP/1.1" 200 424 "-" "Mozilla/5.0 AppleWebKit/537.36 (KHTML, like Gecko; compatible; ClaudeBot/1.0; +claudebot@anthropic.com)"
216.73.216.187 - - [05/Apr/2026:16:23:41 +0200] "GET /wp-content/cache/page_enhanced/netvesti.com/%d1%81-%d0%ba%d0%be%d0%b9-%d0%bd%d0%b5%d0%b4%d0%be%d1%81%d1%82%d0%b0%d1%82%d1%8a%d0%ba-%d0%b4%d0%b0-%d1%81%d0%b5-%d1%80%d0%b0%d0%b7%d0%b4%d0%b5%d0%bb%d0%b8%d1%82%d0%b5-%d0%bf%d1%80%d0%b5%d0%b7-2020/?C=N&O=A HTTP/1.1" 200 424 "-" "Mozilla/5.0 AppleWebKit/537.36 (KHTML, like Gecko; compatible; ClaudeBot/1.0; +claudebot@anthropic.com)"
216.73.216.187 - - [05/Apr/2026:16:23:42 +0200] "GET /wp-content/cache/page_enhanced/netvesti.com/%d0%b1%d0%b5%d0%b7-%d0%bb%d0%b5%d1%82%d0%be%d0%b2%d0%bd%d0%b8%d1%86%d0%b8-%d0%b7%d0%b0%d0%bf%d0%be%d1%87%d0%bd%d0%b0-%d1%82%d1%83%d1%80%d0%b8%d1%81%d1%82%d0%b8%d1%87%d0%b5%d1%81%d0%ba%d0%b8%d1%8f/?C=N&O=A HTTP/1.1" 200 422 "-" "Mozilla/5.0 AppleWebKit/537.36 (KHTML, like Gecko; compatible; ClaudeBot/1.0; +claudebot@anthropic.com)"
216.73.216.187 - - [05/Apr/2026:16:23:42 +0200] "GET /wp-content/cache/page_enhanced/netvesti.com/%d1%82%d1%83%d0%ba-%d1%81%d0%b0%d0%bc%d0%be-%d1%81-%d0%bc%d0%b5%d1%82%d0%b5%d0%bd%d0%b5-%d0%bd%d1%8f%d0%bc%d0%b0-%d0%b4%d0%b0-%d0%bc%d0%b8%d0%bd%d0%b5-%d1%82%d1%83%d0%ba-%d0%bd%d0%b0%d0%b8%d1%81/?C=N&O=A HTTP/1.1" 200 418 "-" "Mozilla/5.0 AppleWebKit/537.36 (KHTML, like Gecko; compatible; ClaudeBot/1.0; +claudebot@anthropic.com)"
216.73.216.187 - - [05/Apr/2026:16:23:43 +0200] "GET /wp-content/cache/page_enhanced/netvesti.com/e%d0%ba%d1%81%d1%82%d1%80%d0%b0%d0%b4%d0%b8%d1%86%d0%b8%d1%8f%d1%82%d0%b0-%d0%bd%d0%b0-%d0%b1%d0%be%d0%b6%d0%ba%d0%be%d0%b2-%d0%bd%d1%8f%d0%bc%d0%b0-%d0%b4%d0%b0-%d1%81%d0%b5-%d1%80%d0%b5%d1%88%d0%b8/?C=N&O=A HTTP/1.1" 200 426 "-" "Mozilla/5.0 AppleWebKit/537.36 (KHTML, like Gecko; compatible; ClaudeBot/1.0; +claudebot@anthropic.com)"
216.73.216.187 - - [05/Apr/2026:16:23:43 +0200] "GET /wp-content/cache/page_enhanced/netvesti.com/%d1%81%d1%82%d1%80%d0%be%d0%b3%d0%b8%d1%82%d0%b5-%d0%bc%d0%b5%d1%80%d0%ba%d0%b8-%d0%b2-%d0%b3%d1%8a%d1%80%d1%86%d0%b8%d1%8f-%d1%81%d0%b5-%d0%b2%d1%80%d1%8a%d1%89%d0%b0%d1%82-%d0%b0%d0%ba%d0%be-%d1%81/?C=N&O=A HTTP/1.1" 200 428 "-" "Mozilla/5.0 AppleWebKit/537.36 (KHTML, like Gecko; compatible; ClaudeBot/1.0; +claudebot@anthropic.com)"
216.73.216.187 - - [05/Apr/2026:16:23:44 +0200] "GET /wp-content/cache/page_enhanced/netvesti.com/%d0%bf%d1%83%d1%81%d0%bd%d0%b0%d1%82-%d0%be%d1%82-%d0%b7%d0%b0%d1%82%d0%b2%d0%be%d1%80%d0%b0-%d0%bd%d0%b0%d0%bd%d0%b5%d1%81%d0%b5-%d0%bf%d0%be%d0%b1%d0%be%d0%b9-%d0%bd%d0%b0-%d0%b1%d0%b8%d0%b2%d1%88/?C=N&O=A HTTP/1.1" 200 420 "-" "Mozilla/5.0 AppleWebKit/537.36 (KHTML, like Gecko; compatible; ClaudeBot/1.0; +claudebot@anthropic.com)"
216.73.216.187 - - [05/Apr/2026:16:23:44 +0200] "GET /wp-content/cache/page_enhanced/netvesti.com/%d1%80%d0%b0%d0%b4%d0%b5%d0%b2-%d1%81%d0%b5-%d0%be%d1%82%d1%8a%d1%80%d0%b2%d0%b0-%d0%be%d1%82-%d1%82%d0%b5%d0%b6%d0%ba%d0%b0%d1%82%d0%b0-%d1%81%d1%8f%d0%bd%d0%ba%d0%b0-%d0%bd%d0%b0-%d0%b4%d0%bf%d1%81/?C=N&O=A HTTP/1.1" 200 426 "-" "Mozilla/5.0 AppleWebKit/537.36 (KHTML, like Gecko; compatible; ClaudeBot/1.0; +claudebot@anthropic.com)"
91.92.243.248 - - [05/Apr/2026:16:23:53 +0200] "POST /wp-login.php HTTP/1.1" 200 1539 "-" "Mozilla/5.0"
91.92.243.248 - - [05/Apr/2026:16:23:53 +0200] "POST /wp-login.php HTTP/1.1" 200 1554 "-" "Mozilla/5.0"
91.92.243.248 - - [05/Apr/2026:16:23:53 +0200] "POST /wp-login.php HTTP/1.1" 200 1550 "-" "Mozilla/5.0"
91.92.243.248 - - [05/Apr/2026:16:23:53 +0200] "POST /wp-login.php HTTP/1.1" 200 1551 "-" "Mozilla/5.0"
91.92.243.248 - - [05/Apr/2026:16:23:54 +0200] "POST /wp-login.php HTTP/1.1" 200 1552 "-" "Mozilla/5.0"
91.92.243.248 - - [05/Apr/2026:16:23:54 +0200] "POST /wp-login.php HTTP/1.1" 200 1550 "-" "Mozilla/5.0"
91.92.243.248 - - [05/Apr/2026:16:23:54 +0200] "POST /wp-login.php HTTP/1.1" 200 1552 "-" "Mozilla/5.0"
91.92.243.248 - - [05/Apr/2026:16:23:54 +0200] "POST /wp-login.php HTTP/1.1" 200 1554 "-" "Mozilla/5.0"
91.92.243.248 - - [05/Apr/2026:16:23:54 +0200] "POST /wp-login.php HTTP/1.1" 200 1553 "-" "Mozilla/5.0"
91.92.243.248 - - [05/Apr/2026:16:23:54 +0200] "POST /wp-login.php HTTP/1.1" 200 1554 "-" "Mozilla/5.0"
91.92.243.248 - - [05/Apr/2026:16:23:54 +0200] "POST /wp-login.php HTTP/1.1" 200 1554 "-" "Mozilla/5.0"
220.181.108.94 - - [05/Apr/2026:16:23:59 +0200] "GET /wp-content/uploads/2021/02/reerg-1-356x220.jpg HTTP/1.1" 200 18031 "-" "Baiduspider-image+(+http://www.baidu.com/search/spider.htm)"
8.228.88.249 - - [05/Apr/2026:16:23:59 +0200] "GET /author/netvesti/feed/ HTTP/1.1" 200 25236 "-" "Mozilla/5.0 (Windows NT 6.3; WOW64; rv:33.0) Gecko/20100101 Firefox/33.0"
216.73.216.187 - - [05/Apr/2026:16:24:09 +0200] "GET /wp-content/cache/page_enhanced/netvesti.com/%d1%80%d0%b0%d0%b1%d0%be%d1%82%d0%bd%d0%b8%d0%ba-%d0%b2-%d1%82%d0%b5%d1%86-%d0%b1%d0%be%d0%b1%d0%be%d0%b2-%d0%b4%d0%be%d0%bb-%d0%b5-%d0%b7%d0%b0%d1%80%d0%b0%d0%b7%d0%b5%d0%bd-%d1%81-covid-19/?C=M&O=D HTTP/1.1" 200 419 "-" "Mozilla/5.0 AppleWebKit/537.36 (KHTML, like Gecko; compatible; ClaudeBot/1.0; +claudebot@anthropic.com)"
216.73.216.187 - - [05/Apr/2026:16:24:09 +0200] "GET /wp-content/cache/page_enhanced/netvesti.com/%d1%80%d0%b0%d0%b1%d0%be%d1%82%d0%bd%d0%b8%d0%ba-%d0%b2-%d1%82%d0%b5%d1%86-%d0%b1%d0%be%d0%b1%d0%be%d0%b2-%d0%b4%d0%be%d0%bb-%d0%b5-%d0%b7%d0%b0%d1%80%d0%b0%d0%b7%d0%b5%d0%bd-%d1%81-covid-19/?C=S&O=D HTTP/1.1" 200 419 "-" "Mozilla/5.0 AppleWebKit/537.36 (KHTML, like Gecko; compatible; ClaudeBot/1.0; +claudebot@anthropic.com)"
216.73.216.187 - - [05/Apr/2026:16:24:09 +0200] "GET /wp-content/cache/page_enhanced/netvesti.com/%d1%80%d0%b0%d0%b4%d0%b5%d0%b2-%d0%b8%d0%b7%d1%80%d0%b8%d0%b3%d0%bd%d0%b0-%d0%b2%d0%b8%d0%bd%d0%b0%d0%b3%d0%b8-%d1%89%d0%b5-%d0%b7%d0%b0%d1%81%d1%82%d0%b0%d0%b2%d0%b0%d0%bc-%d1%81-%d0%b2%d0%b4%d0%b8/?C=N&O=A HTTP/1.1" 200 422 "-" "Mozilla/5.0 AppleWebKit/537.36 (KHTML, like Gecko; compatible; ClaudeBot/1.0; +claudebot@anthropic.com)"
216.73.216.187 - - [05/Apr/2026:16:24:10 +0200] "GET /wp-content/cache/page_enhanced/netvesti.com/%d0%bf%d1%80%d0%be%d1%82%d0%b8%d0%b2%d0%be%d1%87%d1%83%d0%bc%d0%bd%d0%b8%d1%82%d0%b5-%d1%86%d0%b5%d0%bd%d1%82%d1%80%d0%be%d0%b2%d0%b5-%d0%be%d1%82-%d1%81%d1%81%d1%81%d1%80-%d1%81%d0%b0-%d1%82%d0%b0/?C=D&O=D HTTP/1.1" 200 420 "-" "Mozilla/5.0 AppleWebKit/537.36 (KHTML, like Gecko; compatible; ClaudeBot/1.0; +claudebot@anthropic.com)"
216.73.216.187 - - [05/Apr/2026:16:24:10 +0200] "GET /wp-content/cache/page_enhanced/netvesti.com/%d0%bf%d1%80%d0%be%d1%82%d0%b8%d0%b2%d0%be%d1%87%d1%83%d0%bc%d0%bd%d0%b8%d1%82%d0%b5-%d1%86%d0%b5%d0%bd%d1%82%d1%80%d0%be%d0%b2%d0%b5-%d0%be%d1%82-%d1%81%d1%81%d1%81%d1%80-%d1%81%d0%b0-%d1%82%d0%b0/?C=M&O=D HTTP/1.1" 200 420 "-" "Mozilla/5.0 AppleWebKit/537.36 (KHTML, like Gecko; compatible; ClaudeBot/1.0; +claudebot@anthropic.com)"
216.73.216.187 - - [05/Apr/2026:16:24:11 +0200] "GET /wp-content/cache/page_enhanced/netvesti.com/%d1%82%d0%b5%d0%b6%d0%ba%d0%b0-%d0%ba%d0%b0%d1%82%d0%b0%d1%81%d1%82%d1%80%d0%be%d1%84%d0%b0-%d0%bc%d0%b5%d0%b6%d0%b4%d1%83-%d0%b0%d0%b2%d1%82%d0%be%d0%b1%d1%83%d1%81-%d0%b8-%d0%ba%d0%be%d0%bb%d0%b0/?C=D&O=D HTTP/1.1" 200 417 "-" "Mozilla/5.0 AppleWebKit/537.36 (KHTML, like Gecko; compatible; ClaudeBot/1.0; +claudebot@anthropic.com)"
216.73.216.187 - - [05/Apr/2026:16:24:11 +0200] "GET /wp-content/cache/page_enhanced/netvesti.com/%d1%81%d0%b0%d1%88%d0%be-%d0%be%d1%81%d1%82%d0%b0%d0%bd%d0%b0%d0%bb-%d0%b1%d0%b5%d0%b7-%d0%bf%d0%b0%d1%80%d0%b8-%d0%b8-%d1%81%d1%82%d0%b0%d0%bd%d0%b0%d0%bb-%d0%ba%d1%83%d1%80%d0%b8%d0%b5%d1%80/?C=D&O=D HTTP/1.1" 200 412 "-" "Mozilla/5.0 AppleWebKit/537.36 (KHTML, like Gecko; compatible; ClaudeBot/1.0; +claudebot@anthropic.com)"
216.73.216.187 - - [05/Apr/2026:16:24:12 +0200] "GET /wp-content/cache/page_enhanced/netvesti.com/%d1%82%d0%b5%d0%b6%d0%ba%d0%b0-%d0%ba%d0%b0%d1%82%d0%b0%d1%81%d1%82%d1%80%d0%be%d1%84%d0%b0-%d0%bc%d0%b5%d0%b6%d0%b4%d1%83-%d0%b0%d0%b2%d1%82%d0%be%d0%b1%d1%83%d1%81-%d0%b8-%d0%ba%d0%be%d0%bb%d0%b0/?C=M&O=D HTTP/1.1" 200 417 "-" "Mozilla/5.0 AppleWebKit/537.36 (KHTML, like Gecko; compatible; ClaudeBot/1.0; +claudebot@anthropic.com)"
216.73.216.187 - - [05/Apr/2026:16:24:12 +0200] "GET /wp-content/cache/page_enhanced/netvesti.com/%d0%bf%d1%80%d0%be%d1%82%d0%b8%d0%b2%d0%be%d1%87%d1%83%d0%bc%d0%bd%d0%b8%d1%82%d0%b5-%d1%86%d0%b5%d0%bd%d1%82%d1%80%d0%be%d0%b2%d0%b5-%d0%be%d1%82-%d1%81%d1%81%d1%81%d1%80-%d1%81%d0%b0-%d1%82%d0%b0/?C=S&O=D HTTP/1.1" 200 420 "-" "Mozilla/5.0 AppleWebKit/537.36 (KHTML, like Gecko; compatible; ClaudeBot/1.0; +claudebot@anthropic.com)"
216.73.216.187 - - [05/Apr/2026:16:24:13 +0200] "GET /wp-content/cache/page_enhanced/netvesti.com/%d1%81%d0%b0%d1%88%d0%be-%d0%be%d1%81%d1%82%d0%b0%d0%bd%d0%b0%d0%bb-%d0%b1%d0%b5%d0%b7-%d0%bf%d0%b0%d1%80%d0%b8-%d0%b8-%d1%81%d1%82%d0%b0%d0%bd%d0%b0%d0%bb-%d0%ba%d1%83%d1%80%d0%b8%d0%b5%d1%80/?C=M&O=D HTTP/1.1" 200 412 "-" "Mozilla/5.0 AppleWebKit/537.36 (KHTML, like Gecko; compatible; ClaudeBot/1.0; +claudebot@anthropic.com)"
216.73.216.187 - - [05/Apr/2026:16:24:13 +0200] "GET /wp-content/cache/page_enhanced/netvesti.com/%d1%81%d1%80%d0%b5%d1%89%d1%83-%d0%ba%d0%be%d1%80%d0%be%d0%bd%d0%b0%d0%b2%d0%b8%d1%80%d1%83%d1%81-%d0%ba%d0%be%d0%b5-%d0%b4%d0%b0-%d0%bf%d0%be%d1%87%d0%b8%d1%81%d1%82%d0%b8%d1%82%d0%b5/?C=N&O=A HTTP/1.1" 200 421 "-" "Mozilla/5.0 AppleWebKit/537.36 (KHTML, like Gecko; compatible; ClaudeBot/1.0; +claudebot@anthropic.com)"
216.73.216.187 - - [05/Apr/2026:16:24:14 +0200] "GET /wp-content/cache/page_enhanced/netvesti.com/%d1%82%d0%b5%d0%b6%d0%ba%d0%b0-%d0%ba%d0%b0%d1%82%d0%b0%d1%81%d1%82%d1%80%d0%be%d1%84%d0%b0-%d0%bc%d0%b5%d0%b6%d0%b4%d1%83-%d0%b0%d0%b2%d1%82%d0%be%d0%b1%d1%83%d1%81-%d0%b8-%d0%ba%d0%be%d0%bb%d0%b0/?C=S&O=D HTTP/1.1" 200 417 "-" "Mozilla/5.0 AppleWebKit/537.36 (KHTML, like Gecko; compatible; ClaudeBot/1.0; +claudebot@anthropic.com)"
216.73.216.187 - - [05/Apr/2026:16:24:14 +0200] "GET /wp-content/cache/page_enhanced/netvesti.com/%d1%81%d0%b0%d1%88%d0%be-%d0%be%d1%81%d1%82%d0%b0%d0%bd%d0%b0%d0%bb-%d0%b1%d0%b5%d0%b7-%d0%bf%d0%b0%d1%80%d0%b8-%d0%b8-%d1%81%d1%82%d0%b0%d0%bd%d0%b0%d0%bb-%d0%ba%d1%83%d1%80%d0%b8%d0%b5%d1%80/?C=S&O=D HTTP/1.1" 200 412 "-" "Mozilla/5.0 AppleWebKit/537.36 (KHTML, like Gecko; compatible; ClaudeBot/1.0; +claudebot@anthropic.com)"
216.73.216.187 - - [05/Apr/2026:16:24:15 +0200] "GET /wp-content/cache/page_enhanced/netvesti.com/%d1%81%d1%82%d1%83%d0%b4%d0%b5%d0%bd%d1%82%d0%b8-%d1%80%d0%b0%d0%b7%d1%80%d0%b0%d0%b1%d0%be%d1%82%d0%b8%d1%85%d0%b0-%d0%b1%d0%b0%d1%82%d0%b5%d1%80%d0%b8%d1%8f-%d0%ba%d0%be%d1%8f%d1%82%d0%be-%d0%bc/?C=D&O=D HTTP/1.1" 200 424 "-" "Mozilla/5.0 AppleWebKit/537.36 (KHTML, like Gecko; compatible; ClaudeBot/1.0; +claudebot@anthropic.com)"
216.73.216.187 - - [05/Apr/2026:16:24:15 +0200] "GET /wp-content/cache/page_enhanced/netvesti.com/%d1%83%d1%87%d0%b8%d1%82%d0%b5%d0%bb%d0%b8-%d0%be%d1%82-%d0%b3%d1%80%d0%b0%d0%b4-%d0%b2%d0%b5%d1%82%d1%80%d0%b5%d0%bd-%d0%b4%d0%b0%d1%80%d0%b8%d1%85%d0%b0-810-%d0%bb%d0%b2-%d0%b7%d0%b0-%d0%b1%d0%be/?C=D&O=D HTTP/1.1" 200 424 "-" "Mozilla/5.0 AppleWebKit/537.36 (KHTML, like Gecko; compatible; ClaudeBot/1.0; +claudebot@anthropic.com)"
198.244.240.169 - - [05/Apr/2026:16:24:16 +0200] "GET /tag/%D1%81%D0%B0%D0%BC%D0%BE%D1%83%D0%B1%D0%B8%D0%BB-%D1%81%D0%B5-%D0%BC%D0%BB%D0%B0%D0%B4%D0%B5%D0%B6-%D1%81-%D0%BF%D0%B8%D1%81%D0%BC%D0%BE-%D0%B4%D0%BE-%D0%B1%D0%BE%D1%80%D0%B8%D1%81%D0%BE%D0%B2/feed/ HTTP/1.1" 200 19601 "-" "Mozilla/5.0 (compatible; AhrefsBot/7.0; +http://ahrefs.com/robot/)"
216.73.216.187 - - [05/Apr/2026:16:24:16 +0200] "GET /wp-content/cache/page_enhanced/netvesti.com/%d1%81%d1%82%d1%83%d0%b4%d0%b5%d0%bd%d1%82%d0%b8-%d1%80%d0%b0%d0%b7%d1%80%d0%b0%d0%b1%d0%be%d1%82%d0%b8%d1%85%d0%b0-%d0%b1%d0%b0%d1%82%d0%b5%d1%80%d0%b8%d1%8f-%d0%ba%d0%be%d1%8f%d1%82%d0%be-%d0%bc/?C=M&O=D HTTP/1.1" 200 424 "-" "Mozilla/5.0 AppleWebKit/537.36 (KHTML, like Gecko; compatible; ClaudeBot/1.0; +claudebot@anthropic.com)"
216.73.216.187 - - [05/Apr/2026:16:24:16 +0200] "GET /wp-content/cache/page_enhanced/netvesti.com/%d0%b1%d0%b0%d0%bd%d0%be%d0%b2-%d0%b4%d1%83%d0%bf%d0%ba%d0%b8%d1%82%d0%b5-%d0%bf%d0%be-%d1%84%d0%b0%d1%81%d0%b0%d0%b4%d0%b0%d1%82%d0%b0-%d0%bd%d0%b0-%d1%81%d1%83-%d1%89%d0%b5-%d0%b1%d1%8a%d0%b4%d0%b0/?C=D&O=D HTTP/1.1" 200 427 "-" "Mozilla/5.0 AppleWebKit/537.36 (KHTML, like Gecko; compatible; ClaudeBot/1.0; +claudebot@anthropic.com)"
