216.73.216.187 - - [05/Apr/2026:17:00:47 +0200] "GET /wp-content/uploads/2025/05/330379929_1891255964550695_6925714512529119280_n-300x300.jpg HTTP/1.1" 200 15942 "-" "Mozilla/5.0 AppleWebKit/537.36 (KHTML, like Gecko; compatible; ClaudeBot/1.0; +claudebot@anthropic.com)"
216.73.216.187 - - [05/Apr/2026:17:00:48 +0200] "GET /wp-content/uploads/2022/08/279163137_2229471740542132_5515108471109316397_n-741x486.jpg HTTP/1.1" 200 87110 "-" "Mozilla/5.0 AppleWebKit/537.36 (KHTML, like Gecko; compatible; ClaudeBot/1.0; +claudebot@anthropic.com)"
216.73.216.187 - - [05/Apr/2026:17:00:48 +0200] "GET /wp-content/uploads/2024/07/big_453041700_1046497323501281_3501375863022572342_n48e-265x198.jpg HTTP/1.1" 200 10411 "-" "Mozilla/5.0 AppleWebKit/537.36 (KHTML, like Gecko; compatible; ClaudeBot/1.0; +claudebot@anthropic.com)"
216.73.216.187 - - [05/Apr/2026:17:00:49 +0200] "GET /wp-content/uploads/2022/06/%d0%b8%d0%b7%d0%bb%d0%be%d0%b6%d0%b1%d0%b0-%d0%be%d1%82-%d0%bb%d0%b8%d1%87%d0%bd%d0%b0%d1%82%d0%b0-%d0%ba%d0%be%d0%bb%d0%b5%d0%ba%d1%86%d0%b8%d1%8f-%d0%bd%d0%b0-%d0%b2%d0%b0%d1%81%d0%b8%d0%bb-%d0%b1%d0%be%d0%b6%d0%ba%d0%be%d0%b2-%d0%bf%d1%80%d0%b5%d1%80%d0%b0%d0%b7%d0%ba%d0%b0%d0%b7%d0%b2%d0%b0-%d0%bc%d0%b8%d1%82%d0%b0-%d0%b7%d0%b0-%d0%b7%d0%bb%d0%b0%d1%82%d0%bd%d0%be%d1%82%d0%be-%d1%80%d1%83%d0%bd%d0%be-55273-433x486.jpg HTTP/1.1" 200 43762 "-" "Mozilla/5.0 AppleWebKit/537.36 (KHTML, like Gecko; compatible; ClaudeBot/1.0; +claudebot@anthropic.com)"
216.73.216.187 - - [05/Apr/2026:17:00:50 +0200] "GET /wp-content/uploads/2022/06/288134514_10216982988366009_7691956892702895997_n-150x150.jpg HTTP/1.1" 200 4975 "-" "Mozilla/5.0 AppleWebKit/537.36 (KHTML, like Gecko; compatible; ClaudeBot/1.0; +claudebot@anthropic.com)"
216.73.216.187 - - [05/Apr/2026:17:00:50 +0200] "GET /wp-content/uploads/2022/06/%d0%b8%d0%b7%d0%bb%d0%be%d0%b6%d0%b1%d0%b0-%d0%be%d1%82-%d0%bb%d0%b8%d1%87%d0%bd%d0%b0%d1%82%d0%b0-%d0%ba%d0%be%d0%bb%d0%b5%d0%ba%d1%86%d0%b8%d1%8f-%d0%bd%d0%b0-%d0%b2%d0%b0%d1%81%d0%b8%d0%bb-%d0%b1%d0%be%d0%b6%d0%ba%d0%be%d0%b2-%d0%bf%d1%80%d0%b5%d1%80%d0%b0%d0%b7%d0%ba%d0%b0%d0%b7%d0%b2%d0%b0-%d0%bc%d0%b8%d1%82%d0%b0-%d0%b7%d0%b0-%d0%b7%d0%bb%d0%b0%d1%82%d0%bd%d0%be%d1%82%d0%be-%d1%80%d1%83%d0%bd%d0%be-55273-80x60.jpg HTTP/1.1" 200 2363 "-" "Mozilla/5.0 AppleWebKit/537.36 (KHTML, like Gecko; compatible; ClaudeBot/1.0; +claudebot@anthropic.com)"
216.73.216.187 - - [05/Apr/2026:17:00:51 +0200] "GET /wp-content/uploads/2025/08/540549531_1299545098203491_2295366955246512225_n-741x486.jpg HTTP/1.1" 200 44291 "-" "Mozilla/5.0 AppleWebKit/537.36 (KHTML, like Gecko; compatible; ClaudeBot/1.0; +claudebot@anthropic.com)"
216.73.216.187 - - [05/Apr/2026:17:00:52 +0200] "GET /wp-content/uploads/2021/05/191315223_2729221263983999_653101028904156748_n-324x235.jpg HTTP/1.1" 200 28425 "-" "Mozilla/5.0 AppleWebKit/537.36 (KHTML, like Gecko; compatible; ClaudeBot/1.0; +claudebot@anthropic.com)"
216.73.216.187 - - [05/Apr/2026:17:00:52 +0200] "GET /wp-content/uploads/2022/06/289555990_10228507919504913_7365432786428528044_n-218x150.jpg HTTP/1.1" 200 11658 "-" "Mozilla/5.0 AppleWebKit/537.36 (KHTML, like Gecko; compatible; ClaudeBot/1.0; +claudebot@anthropic.com)"
216.73.216.187 - - [05/Apr/2026:17:00:53 +0200] "GET /wp-content/uploads/2020/11/ninova-nali-borisov-ne-podade-ostavka-za-da-gotvi-stranata-za-vtorata-valna-1-100x70.jpg HTTP/1.1" 200 3056 "-" "Mozilla/5.0 AppleWebKit/537.36 (KHTML, like Gecko; compatible; ClaudeBot/1.0; +claudebot@anthropic.com)"
216.73.216.187 - - [05/Apr/2026:17:00:53 +0200] "GET /wp-content/uploads/2024/06/big_big_444784651_1137001884272024_3694183204391145948_n149e-265x198.jpg HTTP/1.1" 200 14542 "-" "Mozilla/5.0 AppleWebKit/537.36 (KHTML, like Gecko; compatible; ClaudeBot/1.0; +claudebot@anthropic.com)"
216.73.216.187 - - [05/Apr/2026:17:00:54 +0200] "GET /wp-content/uploads/2026/01/496953581_4081065358877524_7861683843527034708_n-696x696.jpg HTTP/1.1" 200 68887 "-" "Mozilla/5.0 AppleWebKit/537.36 (KHTML, like Gecko; compatible; ClaudeBot/1.0; +claudebot@anthropic.com)"
216.73.216.187 - - [05/Apr/2026:17:00:54 +0200] "GET /wp-content/uploads/2022/06/%d0%b8%d0%b7%d0%bb%d0%be%d0%b6%d0%b1%d0%b0-%d0%be%d1%82-%d0%bb%d0%b8%d1%87%d0%bd%d0%b0%d1%82%d0%b0-%d0%ba%d0%be%d0%bb%d0%b5%d0%ba%d1%86%d0%b8%d1%8f-%d0%bd%d0%b0-%d0%b2%d0%b0%d1%81%d0%b8%d0%bb-%d0%b1%d0%be%d0%b6%d0%ba%d0%be%d0%b2-%d0%bf%d1%80%d0%b5%d1%80%d0%b0%d0%b7%d0%ba%d0%b0%d0%b7%d0%b2%d0%b0-%d0%bc%d0%b8%d1%82%d0%b0-%d0%b7%d0%b0-%d0%b7%d0%bb%d0%b0%d1%82%d0%bd%d0%be%d1%82%d0%be-%d1%80%d1%83%d0%bd%d0%be-55273-433x385.jpg HTTP/1.1" 200 28971 "-" "Mozilla/5.0 AppleWebKit/537.36 (KHTML, like Gecko; compatible; ClaudeBot/1.0; +claudebot@anthropic.com)"
216.73.216.187 - - [05/Apr/2026:17:00:55 +0200] "GET /wp-content/uploads/2022/06/289272493_10225038397839864_312394388321604_n-100x70.jpg HTTP/1.1" 200 3422 "-" "Mozilla/5.0 AppleWebKit/537.36 (KHTML, like Gecko; compatible; ClaudeBot/1.0; +claudebot@anthropic.com)"
216.73.216.187 - - [05/Apr/2026:17:00:55 +0200] "GET /wp-content/uploads/2020/12/big_129544740_1298606263830014_5201818373400163422_n-768x406.jpg HTTP/1.1" 200 50275 "-" "Mozilla/5.0 AppleWebKit/537.36 (KHTML, like Gecko; compatible; ClaudeBot/1.0; +claudebot@anthropic.com)"
216.73.216.187 - - [05/Apr/2026:17:00:56 +0200] "GET /wp-content/uploads/2023/12/main_Prof-Stoyan-Denchev-Mariya-Gabriel-kandidat-premier-Dobro-popadenie-_1683642192-218x150.jpg HTTP/1.1" 200 8255 "-" "Mozilla/5.0 AppleWebKit/537.36 (KHTML, like Gecko; compatible; ClaudeBot/1.0; +claudebot@anthropic.com)"
216.73.216.187 - - [05/Apr/2026:17:00:57 +0200] "GET /wp-content/uploads/2020/11/32631938_1607888505973109_4089961321481633792_n-1-696x799-696x799.jpg HTTP/1.1" 200 81747 "-" "Mozilla/5.0 AppleWebKit/537.36 (KHTML, like Gecko; compatible; ClaudeBot/1.0; +claudebot@anthropic.com)"
216.73.216.187 - - [05/Apr/2026:17:00:58 +0200] "GET /wp-content/uploads/2020/12/132038973_3736857936401594_1912288383157794588_n-526x462.jpg HTTP/1.1" 200 40050 "-" "Mozilla/5.0 AppleWebKit/537.36 (KHTML, like Gecko; compatible; ClaudeBot/1.0; +claudebot@anthropic.com)"
216.73.216.187 - - [05/Apr/2026:17:00:58 +0200] "GET /wp-content/uploads/2020/12/big_129544740_1298606263830014_5201818373400163422_n-533x261.jpg HTTP/1.1" 200 29275 "-" "Mozilla/5.0 AppleWebKit/537.36 (KHTML, like Gecko; compatible; ClaudeBot/1.0; +claudebot@anthropic.com)"
216.73.216.187 - - [05/Apr/2026:17:00:59 +0200] "GET /wp-content/uploads/2022/06/288134514_10216982988366009_7691956892702895997_n-324x400.jpg HTTP/1.1" 200 17561 "-" "Mozilla/5.0 AppleWebKit/537.36 (KHTML, like Gecko; compatible; ClaudeBot/1.0; +claudebot@anthropic.com)"
216.73.216.187 - - [05/Apr/2026:17:00:59 +0200] "GET /wp-content/uploads/2023/11/12670075_1085562688155757_6013150064028668372_n-534x462.jpg HTTP/1.1" 200 29770 "-" "Mozilla/5.0 AppleWebKit/537.36 (KHTML, like Gecko; compatible; ClaudeBot/1.0; +claudebot@anthropic.com)"
216.73.216.187 - - [05/Apr/2026:17:01:00 +0200] "GET /wp-content/uploads/2023/09/376530328_10221494482411430_1688214988051438268_n-218x150.jpg HTTP/1.1" 200 6155 "-" "Mozilla/5.0 AppleWebKit/537.36 (KHTML, like Gecko; compatible; ClaudeBot/1.0; +claudebot@anthropic.com)"
216.73.216.187 - - [05/Apr/2026:17:01:00 +0200] "GET /wp-content/uploads/2025/09/544616159_1270116261821417_3487789077540069257_n-324x235.jpg HTTP/1.1" 200 12058 "-" "Mozilla/5.0 AppleWebKit/537.36 (KHTML, like Gecko; compatible; ClaudeBot/1.0; +claudebot@anthropic.com)"
216.73.216.187 - - [05/Apr/2026:17:01:01 +0200] "GET /wp-content/uploads/2021/11/255080177_2991344474421109_44885618492583032_n-534x462.jpg HTTP/1.1" 200 45698 "-" "Mozilla/5.0 AppleWebKit/537.36 (KHTML, like Gecko; compatible; ClaudeBot/1.0; +claudebot@anthropic.com)"
216.73.216.187 - - [05/Apr/2026:17:01:02 +0200] "GET /wp-content/uploads/2023/11/12670075_1085562688155757_6013150064028668372_n-324x235.jpg HTTP/1.1" 502 150 "-" "Mozilla/5.0 AppleWebKit/537.36 (KHTML, like Gecko; compatible; ClaudeBot/1.0; +claudebot@anthropic.com)"
216.73.216.187 - - [05/Apr/2026:17:01:02 +0200] "GET /wp-content/uploads/2023/05/347438332_183665440966761_2681624582503925117_n-696x385.jpg HTTP/1.1" 502 150 "-" "Mozilla/5.0 AppleWebKit/537.36 (KHTML, like Gecko; compatible; ClaudeBot/1.0; +claudebot@anthropic.com)"
213.180.203.162 - - [05/Apr/2026:17:01:04 +0200] "GET /%D0%B1%D1%80%D0%B8%D1%84%D0%B8%D0%BD%D0%B3-%D0%B7%D0%B0-%D0%B2%D0%B0%D0%BA%D1%81%D0%B8%D0%BD%D0%B8%D1%80%D0%B0%D0%BD%D0%B5%D1%82%D0%BE-%D0%B7%D0%B0%D1%83%D1%87%D0%B5%D0%BD%D0%B8-%D0%B8-%D0%BD%D0%B5/ HTTP/1.1" 200 20457 "-" "Mozilla/5.0 (compatible; YandexBot/3.0; +http://yandex.com/bots)"
216.73.216.187 - - [05/Apr/2026:17:01:08 +0200] "GET /wp-content/uploads/2023/04/332110466_909599233564425_3861024521262034787_n-533x261.jpg HTTP/1.1" 200 14771 "-" "Mozilla/5.0 AppleWebKit/537.36 (KHTML, like Gecko; compatible; ClaudeBot/1.0; +claudebot@anthropic.com)"
216.73.216.187 - - [05/Apr/2026:17:01:08 +0200] "GET /wp-content/uploads/2023/02/raparat-toto-botev-i-levski-sa-shesto-886-768x430.jpg HTTP/1.1" 200 41850 "-" "Mozilla/5.0 AppleWebKit/537.36 (KHTML, like Gecko; compatible; ClaudeBot/1.0; +claudebot@anthropic.com)"
216.73.216.187 - - [05/Apr/2026:17:01:09 +0200] "GET /wp-content/uploads/2022/06/289272493_10225038397839864_312394388321604_n-50x50.jpg HTTP/1.1" 200 1806 "-" "Mozilla/5.0 AppleWebKit/537.36 (KHTML, like Gecko; compatible; ClaudeBot/1.0; +claudebot@anthropic.com)"
216.73.216.187 - - [05/Apr/2026:17:01:09 +0200] "GET /wp-content/uploads/2023/09/376530328_10221494482411430_1688214988051438268_n-265x198.jpg HTTP/1.1" 200 8569 "-" "Mozilla/5.0 AppleWebKit/537.36 (KHTML, like Gecko; compatible; ClaudeBot/1.0; +claudebot@anthropic.com)"
216.73.216.187 - - [05/Apr/2026:17:01:10 +0200] "GET /wp-content/uploads/2025/08/540549531_1299545098203491_2295366955246512225_n-696x385.jpg HTTP/1.1" 200 34140 "-" "Mozilla/5.0 AppleWebKit/537.36 (KHTML, like Gecko; compatible; ClaudeBot/1.0; +claudebot@anthropic.com)"
216.73.216.187 - - [05/Apr/2026:17:01:10 +0200] "GET /wp-content/uploads/2022/10/312618387_2037567986633136_6102510449977557382_n-150x150.jpg HTTP/1.1" 200 5681 "-" "Mozilla/5.0 AppleWebKit/537.36 (KHTML, like Gecko; compatible; ClaudeBot/1.0; +claudebot@anthropic.com)"
216.73.216.187 - - [05/Apr/2026:17:01:11 +0200] "GET /wp-content/uploads/2022/11/ikonomist-nai-loshoto-teparva-predstoi-1-768x456-218x150.jpg HTTP/1.1" 200 5636 "-" "Mozilla/5.0 AppleWebKit/537.36 (KHTML, like Gecko; compatible; ClaudeBot/1.0; +claudebot@anthropic.com)"
216.73.216.187 - - [05/Apr/2026:17:01:11 +0200] "GET /wp-content/uploads/2023/09/376530328_10221494482411430_1688214988051438268_n-768x468.jpg HTTP/1.1" 200 32198 "-" "Mozilla/5.0 AppleWebKit/537.36 (KHTML, like Gecko; compatible; ClaudeBot/1.0; +claudebot@anthropic.com)"
216.73.216.187 - - [05/Apr/2026:17:01:12 +0200] "GET /wp-content/uploads/2024/05/12670075_1085562688155757_6013150064028668372_n-568x486.jpg HTTP/1.1" 200 31537 "-" "Mozilla/5.0 AppleWebKit/537.36 (KHTML, like Gecko; compatible; ClaudeBot/1.0; +claudebot@anthropic.com)"
216.73.216.187 - - [05/Apr/2026:17:01:12 +0200] "GET /wp-content/uploads/2025/09/544616159_1270116261821417_3487789077540069257_n-696x398.jpg HTTP/1.1" 200 29615 "-" "Mozilla/5.0 AppleWebKit/537.36 (KHTML, like Gecko; compatible; ClaudeBot/1.0; +claudebot@anthropic.com)"
216.73.216.187 - - [05/Apr/2026:17:01:13 +0200] "GET /wp-content/uploads/2022/06/289272493_10225038397839864_312394388321604_n-534x462.jpg HTTP/1.1" 200 58512 "-" "Mozilla/5.0 AppleWebKit/537.36 (KHTML, like Gecko; compatible; ClaudeBot/1.0; +claudebot@anthropic.com)"
216.73.216.187 - - [05/Apr/2026:17:01:13 +0200] "GET /wp-content/uploads/2025/08/540549531_1299545098203491_2295366955246512225_n-324x235.jpg HTTP/1.1" 200 15759 "-" "Mozilla/5.0 AppleWebKit/537.36 (KHTML, like Gecko; compatible; ClaudeBot/1.0; +claudebot@anthropic.com)"
216.73.216.187 - - [05/Apr/2026:17:01:14 +0200] "GET /wp-content/uploads/2023/11/12670075_1085562688155757_6013150064028668372_n-420x420.jpg HTTP/1.1" 200 24987 "-" "Mozilla/5.0 AppleWebKit/537.36 (KHTML, like Gecko; compatible; ClaudeBot/1.0; +claudebot@anthropic.com)"
216.73.216.187 - - [05/Apr/2026:17:01:14 +0200] "GET /wp-content/uploads/2025/06/511664416_24334892756108348_4416221990711526271_n-534x462.jpg HTTP/1.1" 200 53605 "-" "Mozilla/5.0 AppleWebKit/537.36 (KHTML, like Gecko; compatible; ClaudeBot/1.0; +claudebot@anthropic.com)"
216.244.66.232 - - [05/Apr/2026:17:01:15 +0200] "GET /%D0%B0%D0%BC%D0%B5%D1%80%D0%B8%D0%BA%D0%B0%D0%BD%D1%86%D0%B8-%D1%82%D0%B0%D0%B9%D0%BD%D0%BE-%D0%BF%D1%80%D0%BE%D1%83%D1%87%D0%B2%D0%B0%D1%82-%D0%B7%D0%BB%D0%B0%D1%82%D0%BE-%D0%B2-%D1%81%D1%82%D1%80/ HTTP/1.1" 200 19468 "-" "Mozilla/5.0 (compatible; DotBot/1.2; +https://opensiteexplorer.org/dotbot; help@moz.com)"
216.73.216.187 - - [05/Apr/2026:17:01:15 +0200] "GET /wp-content/uploads/2020/11/lekari-sazdadoha-alians-za-normalizirane-na-jivota-v-balgaria-1-534x462.jpg HTTP/1.1" 200 24061 "-" "Mozilla/5.0 AppleWebKit/537.36 (KHTML, like Gecko; compatible; ClaudeBot/1.0; +claudebot@anthropic.com)"
216.73.216.187 - - [05/Apr/2026:17:01:16 +0200] "GET /wp-content/uploads/2020/11/lekari-sazdadoha-alians-za-normalizirane-na-jivota-v-balgaria-1-324x235.jpg HTTP/1.1" 200 9613 "-" "Mozilla/5.0 AppleWebKit/537.36 (KHTML, like Gecko; compatible; ClaudeBot/1.0; +claudebot@anthropic.com)"
216.73.216.187 - - [05/Apr/2026:17:01:16 +0200] "GET /wp-content/uploads/2025/08/540549531_1299545098203491_2295366955246512225_n-534x462.jpg HTTP/1.1" 200 35821 "-" "Mozilla/5.0 AppleWebKit/537.36 (KHTML, like Gecko; compatible; ClaudeBot/1.0; +claudebot@anthropic.com)"
216.73.216.187 - - [05/Apr/2026:17:01:17 +0200] "GET /wp-content/uploads/2021/05/191315223_2729221263983999_653101028904156748_n-768x550.jpg HTTP/1.1" 200 109673 "-" "Mozilla/5.0 AppleWebKit/537.36 (KHTML, like Gecko; compatible; ClaudeBot/1.0; +claudebot@anthropic.com)"
216.73.216.187 - - [05/Apr/2026:17:01:17 +0200] "GET /wp-content/uploads/2022/08/279163137_2229471740542132_5515108471109316397_n-218x150.jpg HTTP/1.1" 200 12920 "-" "Mozilla/5.0 AppleWebKit/537.36 (KHTML, like Gecko; compatible; ClaudeBot/1.0; +claudebot@anthropic.com)"
216.73.216.187 - - [05/Apr/2026:17:01:18 +0200] "GET /wp-content/uploads/2024/12/big_448403231_7504163663027971_1905632466199961483_nf02-324x235.jpg HTTP/1.1" 200 14688 "-" "Mozilla/5.0 AppleWebKit/537.36 (KHTML, like Gecko; compatible; ClaudeBot/1.0; +claudebot@anthropic.com)"
204.15.208.39 - - [05/Apr/2026:17:01:18 +0200] "GET /%D0%BD%D0%B5%D1%88%D0%BA%D0%B0-%D1%80%D0%BE%D0%B1%D0%B5%D0%B2%D0%B0-%D1%80%D0%B0%D0%B7%D0%BC%D0%B0%D0%B7%D0%B0-%D0%BD%D0%B0%D1%82%D0%BE-%D1%84%D0%B0%D1%88%D0%B8%D1%81%D1%82%D0%B8-%D0%B2-%D0%B9%D0%B5 HTTP/1.1" 301 0 "-" "peer39_crawler/1.0"
216.73.216.187 - - [05/Apr/2026:17:01:18 +0200] "GET /wp-content/uploads/2022/11/ikonomist-nai-loshoto-teparva-predstoi-1-768x456-150x150.jpg HTTP/1.1" 200 4681 "-" "Mozilla/5.0 AppleWebKit/537.36 (KHTML, like Gecko; compatible; ClaudeBot/1.0; +claudebot@anthropic.com)"
204.15.208.39 - - [05/Apr/2026:17:01:18 +0200] "GET /%D0%BD%D0%B5%D1%88%D0%BA%D0%B0-%D1%80%D0%BE%D0%B1%D0%B5%D0%B2%D0%B0-%D1%80%D0%B0%D0%B7%D0%BC%D0%B0%D0%B7%D0%B0-%D0%BD%D0%B0%D1%82%D0%BE-%D1%84%D0%B0%D1%88%D0%B8%D1%81%D1%82%D0%B8-%D0%B2-%D0%B9%D0%B5/ HTTP/1.1" 200 33095 "-" "peer39_crawler/1.0"
216.73.216.187 - - [05/Apr/2026:17:01:19 +0200] "GET /wp-content/uploads/2023/01/327665243_1215819292355475_2846315129265334383_n-300x157.jpg HTTP/1.1" 200 11387 "-" "Mozilla/5.0 AppleWebKit/537.36 (KHTML, like Gecko; compatible; ClaudeBot/1.0; +claudebot@anthropic.com)"
216.73.216.187 - - [05/Apr/2026:17:01:19 +0200] "GET /wp-content/uploads/2021/05/chenalova-koga-shte-progovorat-ostanalite-mishki-krali-zaedno-s-vlastta-1-637x420.jpg HTTP/1.1" 200 31555 "-" "Mozilla/5.0 AppleWebKit/537.36 (KHTML, like Gecko; compatible; ClaudeBot/1.0; +claudebot@anthropic.com)"
216.73.216.187 - - [05/Apr/2026:17:01:20 +0200] "GET /wp-content/uploads/2023/05/339248814_748333866734799_2741896109226961568_n-300x300.jpg HTTP/1.1" 200 15885 "-" "Mozilla/5.0 AppleWebKit/537.36 (KHTML, like Gecko; compatible; ClaudeBot/1.0; +claudebot@anthropic.com)"
198.244.226.192 - - [05/Apr/2026:17:01:20 +0200] "GET /tag/%D0%B0-%D0%BD%D0%B5-%D0%B4%D0%B0-%D1%8F-%D0%BF%D0%BE%D0%BB%D0%B7%D0%B2%D0%B0-%D0%B7%D0%B0-%D0%B4%D0%BE%D0%BD%D0%BE%D1%80-%D0%BD%D0%B0-%D1%87%D1%83%D0%B6%D0%B4%D0%B8/page/5/ HTTP/1.1" 200 16362 "-" "Mozilla/5.0 (compatible; AhrefsBot/7.0; +http://ahrefs.com/robot/)"
216.73.216.187 - - [05/Apr/2026:17:01:20 +0200] "GET /wp-content/uploads/2021/05/chenalova-koga-shte-progovorat-ostanalite-mishki-krali-zaedno-s-vlastta-1-534x422.jpg HTTP/1.1" 200 28546 "-" "Mozilla/5.0 AppleWebKit/537.36 (KHTML, like Gecko; compatible; ClaudeBot/1.0; +claudebot@anthropic.com)"
216.73.216.187 - - [05/Apr/2026:17:01:21 +0200] "GET /wp-content/uploads/2024/05/12670075_1085562688155757_6013150064028668372_n-568x385.jpg HTTP/1.1" 200 24087 "-" "Mozilla/5.0 AppleWebKit/537.36 (KHTML, like Gecko; compatible; ClaudeBot/1.0; +claudebot@anthropic.com)"
216.73.216.187 - - [05/Apr/2026:17:01:21 +0200] "GET /wp-content/uploads/2021/11/255080177_2991344474421109_44885618492583032_n-691x385.jpg HTTP/1.1" 200 48694 "-" "Mozilla/5.0 AppleWebKit/537.36 (KHTML, like Gecko; compatible; ClaudeBot/1.0; +claudebot@anthropic.com)"
216.73.216.187 - - [05/Apr/2026:17:01:22 +0200] "GET /wp-content/uploads/2023/05/347438332_183665440966761_2681624582503925117_n-356x364.jpg HTTP/1.1" 200 16677 "-" "Mozilla/5.0 AppleWebKit/537.36 (KHTML, like Gecko; compatible; ClaudeBot/1.0; +claudebot@anthropic.com)"
216.73.216.187 - - [05/Apr/2026:17:01:23 +0200] "GET /wp-content/uploads/2022/06/%d0%b8%d0%b7%d0%bb%d0%be%d0%b6%d0%b1%d0%b0-%d0%be%d1%82-%d0%bb%d0%b8%d1%87%d0%bd%d0%b0%d1%82%d0%b0-%d0%ba%d0%be%d0%bb%d0%b5%d0%ba%d1%86%d0%b8%d1%8f-%d0%bd%d0%b0-%d0%b2%d0%b0%d1%81%d0%b8%d0%bb-%d0%b1%d0%be%d0%b6%d0%ba%d0%be%d0%b2-%d0%bf%d1%80%d0%b5%d1%80%d0%b0%d0%b7%d0%ba%d0%b0%d0%b7%d0%b2%d0%b0-%d0%bc%d0%b8%d1%82%d0%b0-%d0%b7%d0%b0-%d0%b7%d0%bb%d0%b0%d1%82%d0%bd%d0%be%d1%82%d0%be-%d1%80%d1%83%d0%bd%d0%be-55273-265x198.jpg HTTP/1.1" 200 10722 "-" "Mozilla/5.0 AppleWebKit/537.36 (KHTML, like Gecko; compatible; ClaudeBot/1.0; +claudebot@anthropic.com)"
216.73.216.187 - - [05/Apr/2026:17:01:23 +0200] "GET /wp-content/uploads/2023/01/12670075_1085562688155757_6013150064028668372_n-420x420.jpg HTTP/1.1" 200 24987 "-" "Mozilla/5.0 AppleWebKit/537.36 (KHTML, like Gecko; compatible; ClaudeBot/1.0; +claudebot@anthropic.com)"
216.73.216.187 - - [05/Apr/2026:17:01:24 +0200] "GET /wp-content/uploads/2023/05/339248814_748333866734799_2741896109226961568_n-696x696.jpg HTTP/1.1" 200 62431 "-" "Mozilla/5.0 AppleWebKit/537.36 (KHTML, like Gecko; compatible; ClaudeBot/1.0; +claudebot@anthropic.com)"
216.73.216.187 - - [05/Apr/2026:17:01:25 +0200] "GET /wp-content/uploads/2022/03/200195462_4788293111187399_779426416666411613_n-324x400.jpg HTTP/1.1" 200 25964 "-" "Mozilla/5.0 AppleWebKit/537.36 (KHTML, like Gecko; compatible; ClaudeBot/1.0; +claudebot@anthropic.com)"
216.73.216.187 - - [05/Apr/2026:17:01:25 +0200] "GET /wp-content/uploads/2023/05/347438332_183665440966761_2681624582503925117_n-696x424.jpg HTTP/1.1" 200 27625 "-" "Mozilla/5.0 AppleWebKit/537.36 (KHTML, like Gecko; compatible; ClaudeBot/1.0; +claudebot@anthropic.com)"
216.73.216.187 - - [05/Apr/2026:17:01:26 +0200] "GET /wp-content/uploads/2022/11/ikonomist-nai-loshoto-teparva-predstoi-1-768x456-100x70.jpg HTTP/1.1" 200 2329 "-" "Mozilla/5.0 AppleWebKit/537.36 (KHTML, like Gecko; compatible; ClaudeBot/1.0; +claudebot@anthropic.com)"
216.73.216.187 - - [05/Apr/2026:17:01:26 +0200] "GET /wp-content/uploads/2020/12/big_129544740_1298606263830014_5201818373400163422_n-324x235.jpg HTTP/1.1" 200 17964 "-" "Mozilla/5.0 AppleWebKit/537.36 (KHTML, like Gecko; compatible; ClaudeBot/1.0; +claudebot@anthropic.com)"
216.73.216.187 - - [05/Apr/2026:17:01:27 +0200] "GET /wp-content/uploads/2022/06/%d0%b8%d0%b7%d0%bb%d0%be%d0%b6%d0%b1%d0%b0-%d0%be%d1%82-%d0%bb%d0%b8%d1%87%d0%bd%d0%b0%d1%82%d0%b0-%d0%ba%d0%be%d0%bb%d0%b5%d0%ba%d1%86%d0%b8%d1%8f-%d0%bd%d0%b0-%d0%b2%d0%b0%d1%81%d0%b8%d0%bb-%d0%b1%d0%be%d0%b6%d0%ba%d0%be%d0%b2-%d0%bf%d1%80%d0%b5%d1%80%d0%b0%d0%b7%d0%ba%d0%b0%d0%b7%d0%b2%d0%b0-%d0%bc%d0%b8%d1%82%d0%b0-%d0%b7%d0%b0-%d0%b7%d0%bb%d0%b0%d1%82%d0%bd%d0%be%d1%82%d0%be-%d1%80%d1%83%d0%bd%d0%be-55273-200x300.jpg HTTP/1.1" 200 15351 "-" "Mozilla/5.0 AppleWebKit/537.36 (KHTML, like Gecko; compatible; ClaudeBot/1.0; +claudebot@anthropic.com)"
216.244.66.232 - - [05/Apr/2026:17:01:27 +0200] "GET /%D0%B0%D1%80%D0%B5%D1%81%D1%82%D1%83%D0%B2%D0%B0%D1%85%D0%B0-42-%D0%B3%D0%BE%D0%B4%D0%B8%D1%88%D0%B5%D0%BD-%D0%BB%D0%B8%D1%85%D0%B2%D0%B0%D1%80-%D0%B2-%D0%BF%D0%B5%D1%82%D1%80%D0%B8%D1%87/ HTTP/1.1" 200 24968 "-" "Mozilla/5.0 (compatible; DotBot/1.2; +https://opensiteexplorer.org/dotbot; help@moz.com)"
216.73.216.187 - - [05/Apr/2026:17:01:27 +0200] "GET /wp-content/uploads/2020/12/big_129544740_1298606263830014_5201818373400163422_n-696x385.jpg HTTP/1.1" 200 45729 "-" "Mozilla/5.0 AppleWebKit/537.36 (KHTML, like Gecko; compatible; ClaudeBot/1.0; +claudebot@anthropic.com)"
216.73.216.187 - - [05/Apr/2026:17:01:28 +0200] "GET /wp-content/uploads/2021/04/big_169665338_10158046594972823_9098036873982427696_n6bf-795x420.jpg HTTP/1.1" 200 34027 "-" "Mozilla/5.0 AppleWebKit/537.36 (KHTML, like Gecko; compatible; ClaudeBot/1.0; +claudebot@anthropic.com)"
216.73.216.187 - - [05/Apr/2026:17:01:29 +0200] "GET /wp-content/uploads/2022/09/307302232_453918026772198_3220489176306803163_n-150x150.jpg HTTP/1.1" 200 5718 "-" "Mozilla/5.0 AppleWebKit/537.36 (KHTML, like Gecko; compatible; ClaudeBot/1.0; +claudebot@anthropic.com)"
216.73.216.187 - - [05/Apr/2026:17:01:29 +0200] "GET /wp-content/uploads/2021/04/big_169665338_10158046594972823_9098036873982427696_n6bf-300x159.jpg HTTP/1.1" 200 9045 "-" "Mozilla/5.0 AppleWebKit/537.36 (KHTML, like Gecko; compatible; ClaudeBot/1.0; +claudebot@anthropic.com)"
220.181.108.93 - - [05/Apr/2026:17:01:30 +0200] "GET /wp-content/uploads/2024/08/big_23340-324x160.jpg HTTP/1.1" 200 11179 "-" "Baiduspider-image+(+http://www.baidu.com/search/spider.htm)"
216.73.216.187 - - [05/Apr/2026:17:01:30 +0200] "GET /wp-content/uploads/2022/06/%d0%b8%d0%b7%d0%bb%d0%be%d0%b6%d0%b1%d0%b0-%d0%be%d1%82-%d0%bb%d0%b8%d1%87%d0%bd%d0%b0%d1%82%d0%b0-%d0%ba%d0%be%d0%bb%d0%b5%d0%ba%d1%86%d0%b8%d1%8f-%d0%bd%d0%b0-%d0%b2%d0%b0%d1%81%d0%b8%d0%bb-%d0%b1%d0%be%d0%b6%d0%ba%d0%be%d0%b2-%d0%bf%d1%80%d0%b5%d1%80%d0%b0%d0%b7%d0%ba%d0%b0%d0%b7%d0%b2%d0%b0-%d0%bc%d0%b8%d1%82%d0%b0-%d0%b7%d0%b0-%d0%b7%d0%bb%d0%b0%d1%82%d0%bd%d0%be%d1%82%d0%be-%d1%80%d1%83%d0%bd%d0%be-55273-356x364.jpg HTTP/1.1" 200 24824 "-" "Mozilla/5.0 AppleWebKit/537.36 (KHTML, like Gecko; compatible; ClaudeBot/1.0; +claudebot@anthropic.com)"
216.73.216.187 - - [05/Apr/2026:17:01:31 +0200] "GET /wp-content/uploads/2022/06/%d0%b8%d0%b7%d0%bb%d0%be%d0%b6%d0%b1%d0%b0-%d0%be%d1%82-%d0%bb%d0%b8%d1%87%d0%bd%d0%b0%d1%82%d0%b0-%d0%ba%d0%be%d0%bb%d0%b5%d0%ba%d1%86%d0%b8%d1%8f-%d0%bd%d0%b0-%d0%b2%d0%b0%d1%81%d0%b8%d0%bb-%d0%b1%d0%be%d0%b6%d0%ba%d0%be%d0%b2-%d0%bf%d1%80%d0%b5%d1%80%d0%b0%d0%b7%d0%ba%d0%b0%d0%b7%d0%b2%d0%b0-%d0%bc%d0%b8%d1%82%d0%b0-%d0%b7%d0%b0-%d0%b7%d0%bb%d0%b0%d1%82%d0%bd%d0%be%d1%82%d0%be-%d1%80%d1%83%d0%bd%d0%be-55273-324x160.jpg HTTP/1.1" 200 8588 "-" "Mozilla/5.0 AppleWebKit/537.36 (KHTML, like Gecko; compatible; ClaudeBot/1.0; +claudebot@anthropic.com)"
216.73.216.187 - - [05/Apr/2026:17:01:31 +0200] "GET /wp-content/uploads/2022/06/289555990_10228507919504913_7365432786428528044_n-324x235.jpg HTTP/1.1" 200 21869 "-" "Mozilla/5.0 AppleWebKit/537.36 (KHTML, like Gecko; compatible; ClaudeBot/1.0; +claudebot@anthropic.com)"
216.73.216.187 - - [05/Apr/2026:17:01:32 +0200] "GET /wp-content/uploads/2023/01/12670075_1085562688155757_6013150064028668372_n-568x385.jpg HTTP/1.1" 200 24087 "-" "Mozilla/5.0 AppleWebKit/537.36 (KHTML, like Gecko; compatible; ClaudeBot/1.0; +claudebot@anthropic.com)"
216.73.216.187 - - [05/Apr/2026:17:01:32 +0200] "GET /wp-content/uploads/2023/05/340371816_1629380277529276_5319949456098986487_n-1-300x168.jpg HTTP/1.1" 200 10209 "-" "Mozilla/5.0 AppleWebKit/537.36 (KHTML, like Gecko; compatible; ClaudeBot/1.0; +claudebot@anthropic.com)"
216.73.216.187 - - [05/Apr/2026:17:01:33 +0200] "GET /wp-content/uploads/2023/01/327665243_1215819292355475_2846315129265334383_n-324x235.jpg HTTP/1.1" 200 16237 "-" "Mozilla/5.0 AppleWebKit/537.36 (KHTML, like Gecko; compatible; ClaudeBot/1.0; +claudebot@anthropic.com)"
52.167.144.198 - - [05/Apr/2026:17:01:33 +0200] "GET /tag/%D0%BB%D0%B9%D0%BD%D0%BE/ HTTP/1.1" 200 14309 "-" "Mozilla/5.0 AppleWebKit/537.36 (KHTML, like Gecko; compatible; bingbot/2.0; +http://www.bing.com/bingbot.htm) Chrome/116.0.1938.76 Safari/537.36"
216.73.216.187 - - [05/Apr/2026:17:01:33 +0200] "GET /wp-content/uploads/2024/06/big_big_444784651_1137001884272024_3694183204391145948_n149e-795x420.jpg HTTP/1.1" 200 58513 "-" "Mozilla/5.0 AppleWebKit/537.36 (KHTML, like Gecko; compatible; ClaudeBot/1.0; +claudebot@anthropic.com)"
216.73.216.187 - - [05/Apr/2026:17:01:34 +0200] "GET /wp-content/uploads/2023/01/12670075_1085562688155757_6013150064028668372_n-265x198.jpg HTTP/1.1" 200 9235 "-" "Mozilla/5.0 AppleWebKit/537.36 (KHTML, like Gecko; compatible; ClaudeBot/1.0; +claudebot@anthropic.com)"
216.73.216.187 - - [05/Apr/2026:17:01:35 +0200] "GET /wp-content/uploads/2024/06/big_big_444784651_1137001884272024_3694183204391145948_n149e-300x159.jpg HTTP/1.1" 200 13738 "-" "Mozilla/5.0 AppleWebKit/537.36 (KHTML, like Gecko; compatible; ClaudeBot/1.0; +claudebot@anthropic.com)"
216.73.216.187 - - [05/Apr/2026:17:01:35 +0200] "GET /wp-content/uploads/2024/07/big_453041700_1046497323501281_3501375863022572342_n48e-795x420.jpg HTTP/1.1" 200 40554 "-" "Mozilla/5.0 AppleWebKit/537.36 (KHTML, like Gecko; compatible; ClaudeBot/1.0; +claudebot@anthropic.com)"
216.244.66.232 - - [05/Apr/2026:17:01:37 +0200] "GET /%D1%81%D0%BE%D0%BB%D0%BE%D0%BC%D0%BE%D0%BD-%D0%BF%D0%B0%D1%81%D0%B8-%D0%BA%D1%80%D0%B0%D0%B6%D0%B1%D0%B8%D1%82%D0%B5-%D0%B2-%D1%81%D0%B0%D1%89-%D0%BF%D0%BE%D0%BA%D0%B0%D0%B7%D0%B2%D0%B0%D1%82-%D1%87/ HTTP/1.1" 200 25476 "-" "Mozilla/5.0 (compatible; DotBot/1.2; +https://opensiteexplorer.org/dotbot; help@moz.com)"
216.73.216.187 - - [05/Apr/2026:17:01:41 +0200] "GET /wp-content/uploads/2025/04/488423503_1190235312467804_4359688052522183566_n-80x60.jpg HTTP/1.1" 200 2519 "-" "Mozilla/5.0 AppleWebKit/537.36 (KHTML, like Gecko; compatible; ClaudeBot/1.0; +claudebot@anthropic.com)"
216.73.216.187 - - [05/Apr/2026:17:01:42 +0200] "GET /wp-content/uploads/2025/09/542923753_1267035352129508_4796697821653957362_n-150x150.jpg HTTP/1.1" 200 6139 "-" "Mozilla/5.0 AppleWebKit/537.36 (KHTML, like Gecko; compatible; ClaudeBot/1.0; +claudebot@anthropic.com)"
216.73.216.187 - - [05/Apr/2026:17:01:42 +0200] "GET /wp-content/themes/Newspaper/includes/demos/blog_health/pages/xxx_td_pic_p3_xxx HTTP/1.1" 404 12108 "-" "Mozilla/5.0 AppleWebKit/537.36 (KHTML, like Gecko; compatible; ClaudeBot/1.0; +claudebot@anthropic.com)"
216.73.216.187 - - [05/Apr/2026:17:01:43 +0200] "GET /wp-content/uploads/2025/11/591264614_1341456508020725_5401317922340641505_n-696x392.jpg HTTP/1.1" 200 31277 "-" "Mozilla/5.0 AppleWebKit/537.36 (KHTML, like Gecko; compatible; ClaudeBot/1.0; +claudebot@anthropic.com)"
52.167.144.198 - - [05/Apr/2026:17:01:43 +0200] "GET /tag/%D0%BD%D0%B5%D1%82%D0%B2%D0%B5%D1%81%D1%82%D0%B8-%D0%BA%D0%BE%D0%BC/ HTTP/1.1" 200 16421 "-" "Mozilla/5.0 AppleWebKit/537.36 (KHTML, like Gecko; compatible; bingbot/2.0; +http://www.bing.com/bingbot.htm) Chrome/116.0.1938.76 Safari/537.36"
216.73.216.187 - - [05/Apr/2026:17:01:43 +0200] "GET /wp-content/uploads/2025/08/elena-poptodorova-putin-prilaga-diplomacia-na-prinudata-1-1024x576-1-696x385.jpg HTTP/1.1" 200 21244 "-" "Mozilla/5.0 AppleWebKit/537.36 (KHTML, like Gecko; compatible; ClaudeBot/1.0; +claudebot@anthropic.com)"
216.73.216.187 - - [05/Apr/2026:17:01:43 +0200] "GET /wp-content/uploads/2022/08/kabinetat-prizna-gaz-nama-a-bulgargaz-nama-pari-da-go-kupi-218x150.jpg HTTP/1.1" 200 8221 "-" "Mozilla/5.0 AppleWebKit/537.36 (KHTML, like Gecko; compatible; ClaudeBot/1.0; +claudebot@anthropic.com)"
216.73.216.187 - - [05/Apr/2026:17:01:44 +0200] "GET /wp-content/uploads/2024/11/big_468333610_10162215958566392_3607447393977034787_n826-324x400.jpg HTTP/1.1" 200 17489 "-" "Mozilla/5.0 AppleWebKit/537.36 (KHTML, like Gecko; compatible; ClaudeBot/1.0; +claudebot@anthropic.com)"
216.73.216.187 - - [05/Apr/2026:17:01:44 +0200] "GET /wp-content/uploads/2022/08/georgi-angelov-pri-evtinia-petrol-koito-balgaria-plashta-cenata-na-benzina-trabva-da-e-2-leva-a-e-nad-3-1-324x400.jpg HTTP/1.1" 200 19091 "-" "Mozilla/5.0 AppleWebKit/537.36 (KHTML, like Gecko; compatible; ClaudeBot/1.0; +claudebot@anthropic.com)"
216.73.216.187 - - [05/Apr/2026:17:01:45 +0200] "GET /wp-content/uploads/2023/04/karbovski-veche-nama-hora-koito-da-izlazat-i-da-se-sbiat-s-policiata-1-708x420.jpg HTTP/1.1" 200 31300 "-" "Mozilla/5.0 AppleWebKit/537.36 (KHTML, like Gecko; compatible; ClaudeBot/1.0; +claudebot@anthropic.com)"
216.73.216.187 - - [05/Apr/2026:17:01:46 +0200] "GET /wp-content/uploads/2022/08/279163137_2229471740542132_5515108471109316397_n-225x300.jpg HTTP/1.1" 200 25354 "-" "Mozilla/5.0 AppleWebKit/537.36 (KHTML, like Gecko; compatible; ClaudeBot/1.0; +claudebot@anthropic.com)"
40.77.167.50 - - [05/Apr/2026:17:01:46 +0200] "GET /tag/%D0%BF%D0%BE%D0%BB%D0%B8%D1%86%D0%B0%D0%B8%D1%82%D0%B5-%D0%B9%D0%BE%D1%80%D0%B4%D0%B0%D0%BD-%D0%B8%D0%BB%D0%B8%D0%B5%D0%B2-%D0%B8-%D0%B0%D1%82%D0%B0%D0%BD%D0%B0%D1%81-%D0%B3%D1%80%D0%B0%D0%B4%D0%B5/page/21/ HTTP/1.1" 200 16322 "-" "Mozilla/5.0 AppleWebKit/537.36 (KHTML, like Gecko; compatible; bingbot/2.0; +http://www.bing.com/bingbot.htm) Chrome/116.0.1938.76 Safari/537.36"
216.73.216.187 - - [05/Apr/2026:17:01:46 +0200] "GET /wp-content/uploads/2025/08/elena-poptodorova-putin-prilaga-diplomacia-na-prinudata-1-1024x576-1-324x235.jpg HTTP/1.1" 200 9918 "-" "Mozilla/5.0 AppleWebKit/537.36 (KHTML, like Gecko; compatible; ClaudeBot/1.0; +claudebot@anthropic.com)"
216.73.216.187 - - [05/Apr/2026:17:01:46 +0200] "GET /wp-content/uploads/2025/08/elena-poptodorova-putin-prilaga-diplomacia-na-prinudata-1-1024x576-1-534x462.jpg HTTP/1.1" 200 22927 "-" "Mozilla/5.0 AppleWebKit/537.36 (KHTML, like Gecko; compatible; ClaudeBot/1.0; +claudebot@anthropic.com)"
216.73.216.187 - - [05/Apr/2026:17:01:47 +0200] "GET /wp-content/uploads/2023/11/Kyoveshi-Koruptsiyata-mozhe-mnogo-chesto-da-se-prevarne-vav-vapros-na-zhivot-i-smart-80x60.jpg HTTP/1.1" 200 2085 "-" "Mozilla/5.0 AppleWebKit/537.36 (KHTML, like Gecko; compatible; ClaudeBot/1.0; +claudebot@anthropic.com)"
216.73.216.187 - - [05/Apr/2026:17:01:47 +0200] "GET /wp-content/uploads/2023/04/karbovski-veche-nama-hora-koito-da-izlazat-i-da-se-sbiat-s-policiata-1-218x150.jpg HTTP/1.1" 200 6290 "-" "Mozilla/5.0 AppleWebKit/537.36 (KHTML, like Gecko; compatible; ClaudeBot/1.0; +claudebot@anthropic.com)"
40.77.167.57 - - [05/Apr/2026:17:01:48 +0200] "GET /tag/%D0%BF%D0%B0%D1%82%D1%80%D0%B8%D0%B0%D1%80%D1%85-%D0%BD%D0%B5%D0%BE%D1%84%D0%B8%D1%82/ HTTP/1.1" 200 13558 "-" "Mozilla/5.0 AppleWebKit/537.36 (KHTML, like Gecko; compatible; bingbot/2.0; +http://www.bing.com/bingbot.htm) Chrome/116.0.1938.76 Safari/537.36"
216.73.216.187 - - [05/Apr/2026:17:01:48 +0200] "GET /wp-content/uploads/2023/11/Kyoveshi-Koruptsiyata-mozhe-mnogo-chesto-da-se-prevarne-vav-vapros-na-zhivot-i-smart-534x433.jpg HTTP/1.1" 200 28354 "-" "Mozilla/5.0 AppleWebKit/537.36 (KHTML, like Gecko; compatible; ClaudeBot/1.0; +claudebot@anthropic.com)"
216.244.66.232 - - [05/Apr/2026:17:01:49 +0200] "GET /%D1%84%D0%B0%D0%BB%D1%88%D0%B8%D0%B2%D0%B8-%D0%B3%D0%BB%D0%BE%D0%B1%D0%B8-%D0%B7%D0%B0-%D0%BD%D0%B5%D0%BF%D1%80%D0%B0%D0%B2%D0%B8%D0%BB%D0%BD%D0%BE-%D0%BF%D0%B0%D1%80%D0%BA%D0%B8%D1%80%D0%B0%D0%BD/ HTTP/1.1" 200 25217 "-" "Mozilla/5.0 (compatible; DotBot/1.2; +https://opensiteexplorer.org/dotbot; help@moz.com)"
216.73.216.187 - - [05/Apr/2026:17:01:49 +0200] "GET /wp-content/uploads/2025/09/541716222_1263751482457895_4114703791428422939_n-300x217.jpg HTTP/1.1" 200 16459 "-" "Mozilla/5.0 AppleWebKit/537.36 (KHTML, like Gecko; compatible; ClaudeBot/1.0; +claudebot@anthropic.com)"
216.73.216.187 - - [05/Apr/2026:17:01:49 +0200] "GET /wp-content/uploads/2025/11/591264614_1341456508020725_5401317922340641505_n-356x364.jpg HTTP/1.1" 200 21288 "-" "Mozilla/5.0 AppleWebKit/537.36 (KHTML, like Gecko; compatible; ClaudeBot/1.0; +claudebot@anthropic.com)"
40.77.167.57 - - [05/Apr/2026:17:01:49 +0200] "GET /tag/%D1%81%D0%B2%D0%B8%D1%89%D0%BE%D0%B2/ HTTP/1.1" 200 15157 "-" "Mozilla/5.0 AppleWebKit/537.36 (KHTML, like Gecko; compatible; bingbot/2.0; +http://www.bing.com/bingbot.htm) Chrome/116.0.1938.76 Safari/537.36"
216.73.216.187 - - [05/Apr/2026:17:01:49 +0200] "GET /wp-content/uploads/2025/06/511664416_24334892756108348_4416221990711526271_n-640x385.jpg HTTP/1.1" 200 52664 "-" "Mozilla/5.0 AppleWebKit/537.36 (KHTML, like Gecko; compatible; ClaudeBot/1.0; +claudebot@anthropic.com)"
216.73.216.187 - - [05/Apr/2026:17:01:50 +0200] "GET /wp-content/uploads/2024/07/451501821_10219623596580933_1213869410060329265_n-768x520-768x520.jpg HTTP/1.1" 200 63110 "-" "Mozilla/5.0 AppleWebKit/537.36 (KHTML, like Gecko; compatible; ClaudeBot/1.0; +claudebot@anthropic.com)"
40.77.167.57 - - [05/Apr/2026:17:01:50 +0200] "GET /tag/%D1%83%D0%B4%D0%B0%D1%80%D1%8F%D1%82/ HTTP/1.1" 200 14638 "-" "Mozilla/5.0 AppleWebKit/537.36 (KHTML, like Gecko; compatible; bingbot/2.0; +http://www.bing.com/bingbot.htm) Chrome/116.0.1938.76 Safari/537.36"
216.73.216.187 - - [05/Apr/2026:17:01:51 +0200] "GET /wp-content/uploads/2025/11/591264614_1341456508020725_5401317922340641505_n-1068x601.jpg HTTP/1.1" 200 59790 "-" "Mozilla/5.0 AppleWebKit/537.36 (KHTML, like Gecko; compatible; ClaudeBot/1.0; +claudebot@anthropic.com)"
216.73.216.187 - - [05/Apr/2026:17:01:52 +0200] "GET /wp-content/uploads/2022/10/dimitar-nedkov-premierat-boravi-s-ne-poveche-ot-370-dumi-1-768x432-747x420.jpg HTTP/1.1" 200 45106 "-" "Mozilla/5.0 AppleWebKit/537.36 (KHTML, like Gecko; compatible; ClaudeBot/1.0; +claudebot@anthropic.com)"
216.73.216.187 - - [05/Apr/2026:17:01:52 +0200] "GET /wp-content/uploads/2025/09/542923753_1267035352129508_4796697821653957362_n-324x400.jpg HTTP/1.1" 200 21548 "-" "Mozilla/5.0 AppleWebKit/537.36 (KHTML, like Gecko; compatible; ClaudeBot/1.0; +claudebot@anthropic.com)"
40.77.167.57 - - [05/Apr/2026:17:01:53 +0200] "GET /%D0%B2%D0%BE%D0%B5%D0%BD%D0%BD%D0%B8%D1%82%D0%B5-%D0%BC%D0%B0%D1%81%D0%BE%D0%B2%D0%BE-%D0%B8%D0%B7%D0%BF%D1%80%D0%B0%D1%89%D0%B0%D1%82-%D0%BF%D0%BE%D0%B2%D0%B8%D0%BA%D0%B2%D0%B0%D1%82%D0%B5%D0%BB/ HTTP/1.1" 200 32278 "-" "Mozilla/5.0 AppleWebKit/537.36 (KHTML, like Gecko; compatible; bingbot/2.0; +http://www.bing.com/bingbot.htm) Chrome/116.0.1938.76 Safari/537.36"
216.73.216.187 - - [05/Apr/2026:17:01:53 +0200] "GET /wp-content/uploads/2022/10/312618387_2037567986633136_6102510449977557382_n-696x385.jpg HTTP/1.1" 200 36517 "-" "Mozilla/5.0 AppleWebKit/537.36 (KHTML, like Gecko; compatible; ClaudeBot/1.0; +claudebot@anthropic.com)"
216.73.216.187 - - [05/Apr/2026:17:01:54 +0200] "GET /wp-content/uploads/2025/08/540549531_1299545098203491_2295366955246512225_n-356x364.jpg HTTP/1.1" 200 22879 "-" "Mozilla/5.0 AppleWebKit/537.36 (KHTML, like Gecko; compatible; ClaudeBot/1.0; +claudebot@anthropic.com)"
216.73.216.187 - - [05/Apr/2026:17:01:54 +0200] "GET /wp-content/uploads/2025/05/500412057_1039168968352077_8890614441028078745_n-356x364.jpg HTTP/1.1" 200 12291 "-" "Mozilla/5.0 AppleWebKit/537.36 (KHTML, like Gecko; compatible; ClaudeBot/1.0; +claudebot@anthropic.com)"
216.73.216.187 - - [05/Apr/2026:17:01:54 +0200] "GET /wp-content/uploads/2022/10/312618387_2037567986633136_6102510449977557382_n-300x152.jpg HTTP/1.1" 200 10605 "-" "Mozilla/5.0 AppleWebKit/537.36 (KHTML, like Gecko; compatible; ClaudeBot/1.0; +claudebot@anthropic.com)"
216.73.216.187 - - [05/Apr/2026:17:01:55 +0200] "GET /wp-content/uploads/2022/06/288134514_10216982988366009_7691956892702895997_n-739x420.jpg HTTP/1.1" 200 36366 "-" "Mozilla/5.0 AppleWebKit/537.36 (KHTML, like Gecko; compatible; ClaudeBot/1.0; +claudebot@anthropic.com)"
40.77.167.50 - - [05/Apr/2026:17:01:55 +0200] "GET /tag/%D1%82%D0%B5%D0%BA%D1%81%D1%82-%D0%B8-%D0%BE%D0%B1%D1%80%D0%B0%D0%B1%D0%BE%D1%82%D0%BA%D0%B0-%D1%81%D1%82%D0%B5%D1%84%D0%B0%D0%BD-%D0%BF%D1%80%D0%BE%D0%B9%D0%BD%D0%BE%D0%B2/ HTTP/1.1" 200 13676 "-" "Mozilla/5.0 AppleWebKit/537.36 (KHTML, like Gecko; compatible; bingbot/2.0; +http://www.bing.com/bingbot.htm) Chrome/116.0.1938.76 Safari/537.36"
85.208.96.196 - - [05/Apr/2026:17:01:55 +0200] "GET /tag/%D0%B4%D0%B5%D0%BF%D1%83%D1%82%D0%B0%D1%82%D0%B8%D1%82%D0%B5-%D1%89%D0%B5-%D0%B2%D0%B7%D0%B8%D0%BC%D0%B0%D1%82-500-%D0%BB%D0%B2-%D0%BE%D1%82%D0%B3%D0%BE%D1%80%D0%B5/page/4/ HTTP/1.1" 200 16483 "-" "Mozilla/5.0 (compatible; SemrushBot/7~bl; +http://www.semrush.com/bot.html)"
216.73.216.187 - - [05/Apr/2026:17:01:56 +0200] "GET /wp-content/uploads/2022/11/ikonomist-nai-loshoto-teparva-predstoi-1-768x456-696x385.jpg HTTP/1.1" 200 22061 "-" "Mozilla/5.0 AppleWebKit/537.36 (KHTML, like Gecko; compatible; ClaudeBot/1.0; +claudebot@anthropic.com)"
216.73.216.187 - - [05/Apr/2026:17:01:56 +0200] "GET /wp-content/uploads/2020/11/lekari-sazdadoha-alians-za-normalizirane-na-jivota-v-balgaria-1-356x364.jpg HTTP/1.1" 200 15560 "-" "Mozilla/5.0 AppleWebKit/537.36 (KHTML, like Gecko; compatible; ClaudeBot/1.0; +claudebot@anthropic.com)"
40.77.167.50 - - [05/Apr/2026:17:01:56 +0200] "GET /tag/%D0%B3%D1%83%D0%B0%D0%BD%D1%82%D0%B0%D0%BD%D0%B0%D0%BC%D0%BE/ HTTP/1.1" 200 16280 "-" "Mozilla/5.0 AppleWebKit/537.36 (KHTML, like Gecko; compatible; bingbot/2.0; +http://www.bing.com/bingbot.htm) Chrome/116.0.1938.76 Safari/537.36"
216.73.216.187 - - [05/Apr/2026:17:01:56 +0200] "GET /wp-content/uploads/2022/03/276303424_10218272157068786_5229656934118999039_n-533x261.jpg HTTP/1.1" 200 15203 "-" "Mozilla/5.0 AppleWebKit/537.36 (KHTML, like Gecko; compatible; ClaudeBot/1.0; +claudebot@anthropic.com)"
216.244.66.232 - - [05/Apr/2026:17:01:56 +0200] "GET /%D1%83%D1%87%D0%B5%D0%BD%D0%B8-%D0%BE%D1%82-%D0%B1%D0%B0%D0%BD-%D1%81%D1%80%D0%B5%D1%89%D1%83-%D0%BA%D0%BE%D1%80%D0%BE%D0%BD%D0%B0%D0%B2%D0%B8%D1%80%D1%83%D1%81%D0%B0-%D1%81-%D0%B2%D0%B8%D1%81%D0%BE/ HTTP/1.1" 200 25545 "-" "Mozilla/5.0 (compatible; DotBot/1.2; +https://opensiteexplorer.org/dotbot; help@moz.com)"
216.73.216.187 - - [05/Apr/2026:17:01:57 +0200] "GET /wp-content/uploads/2024/12/big_448403231_7504163663027971_1905632466199961483_nf02-356x364.jpg HTTP/1.1" 200 19081 "-" "Mozilla/5.0 AppleWebKit/537.36 (KHTML, like Gecko; compatible; ClaudeBot/1.0; +claudebot@anthropic.com)"
40.77.167.50 - - [05/Apr/2026:17:01:57 +0200] "GET /tag/%D0%BF%D0%BB%D0%B0%D1%82%D0%B5%D0%BD%D0%B8-%D0%BE%D1%82-%D0%BF%D1%80%D0%B0%D0%B2%D0%B8%D1%82%D0%B5%D0%BB%D1%81%D1%82%D0%B2%D0%BE%D1%82%D0%BE-%D0%BD%D0%B0-%D0%B1%D0%BE%D1%80%D0%B8%D1%81%D0%BE%D0%B2/page/17/ HTTP/1.1" 200 16743 "-" "Mozilla/5.0 AppleWebKit/537.36 (KHTML, like Gecko; compatible; bingbot/2.0; +http://www.bing.com/bingbot.htm) Chrome/116.0.1938.76 Safari/537.36"
216.73.216.187 - - [05/Apr/2026:17:01:58 +0200] "GET /wp-content/uploads/2022/06/289272493_10225038397839864_312394388321604_n-746x420.jpg HTTP/1.1" 200 69983 "-" "Mozilla/5.0 AppleWebKit/537.36 (KHTML, like Gecko; compatible; ClaudeBot/1.0; +claudebot@anthropic.com)"
216.73.216.187 - - [05/Apr/2026:17:01:59 +0200] "GET /wp-content/uploads/2022/02/274134622_10218783497798509_3109586358128628475_n-80x60.jpg HTTP/1.1" 200 1812 "-" "Mozilla/5.0 AppleWebKit/537.36 (KHTML, like Gecko; compatible; ClaudeBot/1.0; +claudebot@anthropic.com)"
40.77.167.50 - - [05/Apr/2026:17:01:59 +0200] "GET /tag/%D0%BF%D1%80%D0%BE%D1%84-%D0%B8%D0%B2%D0%BE-%D1%85%D1%80%D0%B8%D1%81%D1%82%D0%BE%D0%B2-%D0%B1%D1%8A%D0%BB%D0%B3%D0%B0%D1%80%D0%B8%D1%8F-%D0%BD%D0%B5-%D0%B5-%D1%84%D0%B0%D0%BA%D1%82%D0%BE%D1%80/page/24/ HTTP/1.1" 200 14921 "-" "Mozilla/5.0 AppleWebKit/537.36 (KHTML, like Gecko; compatible; bingbot/2.0; +http://www.bing.com/bingbot.htm) Chrome/116.0.1938.76 Safari/537.36"
216.73.216.187 - - [05/Apr/2026:17:01:59 +0200] "GET /wp-content/uploads/2022/10/312618387_2037567986633136_6102510449977557382_n-830x420.jpg HTTP/1.1" 200 42778 "-" "Mozilla/5.0 AppleWebKit/537.36 (KHTML, like Gecko; compatible; ClaudeBot/1.0; +claudebot@anthropic.com)"
40.77.167.50 - - [05/Apr/2026:17:02:00 +0200] "GET /category/%D0%B1%D1%8A%D0%BB%D0%B3%D0%B0%D1%80%D0%B8%D1%8F/page/218/ HTTP/1.1" 200 16249 "-" "Mozilla/5.0 AppleWebKit/537.36 (KHTML, like Gecko; compatible; bingbot/2.0; +http://www.bing.com/bingbot.htm) Chrome/116.0.1938.76 Safari/537.36"
216.73.216.187 - - [05/Apr/2026:17:02:00 +0200] "GET /wp-content/uploads/2022/03/200195462_4788293111187399_779426416666411613_n-356x364.jpg HTTP/1.1" 200 25137 "-" "Mozilla/5.0 AppleWebKit/537.36 (KHTML, like Gecko; compatible; ClaudeBot/1.0; +claudebot@anthropic.com)"
216.73.216.187 - - [05/Apr/2026:17:02:01 +0200] "GET /wp-content/uploads/2022/09/307302232_453918026772198_3220489176306803163_n-696x670.jpg HTTP/1.1" 200 50411 "-" "Mozilla/5.0 AppleWebKit/537.36 (KHTML, like Gecko; compatible; ClaudeBot/1.0; +claudebot@anthropic.com)"
216.73.216.187 - - [05/Apr/2026:17:02:02 +0200] "GET /wp-content/uploads/2025/09/541716222_1263751482457895_4114703791428422939_n-533x261.jpg HTTP/1.1" 200 26595 "-" "Mozilla/5.0 AppleWebKit/537.36 (KHTML, like Gecko; compatible; ClaudeBot/1.0; +claudebot@anthropic.com)"
52.167.144.198 - - [05/Apr/2026:17:02:02 +0200] "GET /%D0%BF%D1%80%D0%BE%D1%83%D1%87%D0%B2%D0%B0%D0%BD%D0%B5-%D0%B2-%D0%B1%D0%B0%D0%B2%D0%B0%D1%80%D0%B8%D1%8F-%D0%BC%D0%B5%D1%81%D1%82%D0%BD%D0%B8%D1%82%D0%B5-%D0%BD%D0%B5-%D0%B8%D1%81%D0%BA%D0%B0%D1%82/ HTTP/1.1" 502 552 "-" "Mozilla/5.0 AppleWebKit/537.36 (KHTML, like Gecko; compatible; bingbot/2.0; +http://www.bing.com/bingbot.htm) Chrome/116.0.1938.76 Safari/537.36"
216.73.216.187 - - [05/Apr/2026:17:02:03 +0200] "GET /wp-content/uploads/2023/04/332110466_909599233564425_3861024521262034787_n-689x420.jpg HTTP/1.1" 502 150 "-" "Mozilla/5.0 AppleWebKit/537.36 (KHTML, like Gecko; compatible; ClaudeBot/1.0; +claudebot@anthropic.com)"
216.73.216.187 - - [05/Apr/2026:17:02:03 +0200] "GET /wp-content/uploads/2022/11/ikonomist-nai-loshoto-teparva-predstoi-1-768x456-324x235.jpg HTTP/1.1" 502 150 "-" "Mozilla/5.0 AppleWebKit/537.36 (KHTML, like Gecko; compatible; ClaudeBot/1.0; +claudebot@anthropic.com)"
216.73.216.187 - - [05/Apr/2026:17:02:04 +0200] "GET /wp-content/uploads/2022/11/ikonomist-nai-loshoto-teparva-predstoi-1-768x456-533x261.jpg HTTP/1.1" 200 13530 "-" "Mozilla/5.0 AppleWebKit/537.36 (KHTML, like Gecko; compatible; ClaudeBot/1.0; +claudebot@anthropic.com)"
216.73.216.187 - - [05/Apr/2026:17:02:05 +0200] "GET /wp-content/uploads/2022/10/312618387_2037567986633136_6102510449977557382_n-696x352.jpg HTTP/1.1" 200 33572 "-" "Mozilla/5.0 AppleWebKit/537.36 (KHTML, like Gecko; compatible; ClaudeBot/1.0; +claudebot@anthropic.com)"
216.73.216.187 - - [05/Apr/2026:17:02:05 +0200] "GET /wp-content/uploads/2024/07/451501821_10219623596580933_1213869410060329265_n-768x520-324x400.jpg HTTP/1.1" 200 19967 "-" "Mozilla/5.0 AppleWebKit/537.36 (KHTML, like Gecko; compatible; ClaudeBot/1.0; +claudebot@anthropic.com)"
216.73.216.187 - - [05/Apr/2026:17:02:06 +0200] "GET /wp-content/uploads/2020/12/big_129544740_1298606263830014_5201818373400163422_n-795x420.jpg HTTP/1.1" 200 52082 "-" "Mozilla/5.0 AppleWebKit/537.36 (KHTML, like Gecko; compatible; ClaudeBot/1.0; +claudebot@anthropic.com)"
40.77.167.57 - - [05/Apr/2026:17:02:07 +0200] "GET /%D0%B5%D0%BD%D0%B5%D1%80%D0%B3%D0%B8%D0%B9%D0%BD%D0%B8%D1%8F%D1%82-%D0%BC%D0%B8%D0%BD%D0%B8%D1%81%D1%82%D1%8A%D1%80-%D1%80%D0%BE%D1%81%D0%B5%D0%BD-%D1%85%D1%80%D0%B8%D1%81%D1%82%D0%BE%D0%B2-%D0%B2/ HTTP/1.1" 200 53601 "-" "Mozilla/5.0 AppleWebKit/537.36 (KHTML, like Gecko; compatible; bingbot/2.0; +http://www.bing.com/bingbot.htm) Chrome/116.0.1938.76 Safari/537.36"
216.73.216.187 - - [05/Apr/2026:17:02:07 +0200] "GET /wp-content/uploads/2023/04/332110466_909599233564425_3861024521262034787_n-696x385.jpg HTTP/1.1" 200 24398 "-" "Mozilla/5.0 AppleWebKit/537.36 (KHTML, like Gecko; compatible; ClaudeBot/1.0; +claudebot@anthropic.com)"
216.73.216.187 - - [05/Apr/2026:17:02:08 +0200] "GET /wp-content/uploads/2020/12/big_129544740_1298606263830014_5201818373400163422_n-300x159.jpg HTTP/1.1" 200 12856 "-" "Mozilla/5.0 AppleWebKit/537.36 (KHTML, like Gecko; compatible; ClaudeBot/1.0; +claudebot@anthropic.com)"
216.73.216.187 - - [05/Apr/2026:17:02:08 +0200] "GET /wp-content/uploads/2022/10/312618387_2037567986633136_6102510449977557382_n-218x150.jpg HTTP/1.1" 200 8705 "-" "Mozilla/5.0 AppleWebKit/537.36 (KHTML, like Gecko; compatible; ClaudeBot/1.0; +claudebot@anthropic.com)"
216.73.216.187 - - [05/Apr/2026:17:02:09 +0200] "GET /wp-content/uploads/2020/12/big_129544740_1298606263830014_5201818373400163422_n-265x198.jpg HTTP/1.1" 200 13861 "-" "Mozilla/5.0 AppleWebKit/537.36 (KHTML, like Gecko; compatible; ClaudeBot/1.0; +claudebot@anthropic.com)"
216.73.216.187 - - [05/Apr/2026:17:02:10 +0200] "GET /wp-content/uploads/2022/08/279163137_2229471740542132_5515108471109316397_n-534x462.jpg HTTP/1.1" 200 74058 "-" "Mozilla/5.0 AppleWebKit/537.36 (KHTML, like Gecko; compatible; ClaudeBot/1.0; +claudebot@anthropic.com)"
216.73.216.187 - - [05/Apr/2026:17:02:11 +0200] "GET /wp-content/uploads/2022/06/289555990_10228507919504913_7365432786428528044_n-265x198.jpg HTTP/1.1" 200 16824 "-" "Mozilla/5.0 AppleWebKit/537.36 (KHTML, like Gecko; compatible; ClaudeBot/1.0; +claudebot@anthropic.com)"
216.73.216.187 - - [05/Apr/2026:17:02:12 +0200] "GET /wp-content/uploads/2021/01/doc-mangarov-noviat-shtam-sluji-za-opravdanie-merkite-sa-bezsmisleni-1-300x178.jpg HTTP/1.1" 200 7777 "-" "Mozilla/5.0 AppleWebKit/537.36 (KHTML, like Gecko; compatible; ClaudeBot/1.0; +claudebot@anthropic.com)"
216.73.216.187 - - [05/Apr/2026:17:02:12 +0200] "GET /wp-content/uploads/2021/11/255080177_2991344474421109_44885618492583032_n-300x292.jpg HTTP/1.1" 200 21978 "-" "Mozilla/5.0 AppleWebKit/537.36 (KHTML, like Gecko; compatible; ClaudeBot/1.0; +claudebot@anthropic.com)"
216.73.216.187 - - [05/Apr/2026:17:02:15 +0200] "GET /tag/%D0%BD%D0%BE-%D0%B0%D0%B3%D1%80%D0%B5%D1%81%D0%B8%D0%B2%D0%BD%D0%BE-%D0%B0%D0%BD%D1%82%D0%B8%D1%82%D1%80%D0%B0%D0%B4%D0%B8%D1%86%D0%B8%D0%BE%D0%BD%D0%B5%D0%BD-%D1%81%D0%B2%D1%8F%D1%82 HTTP/1.1" 301 0 "-" "Mozilla/5.0 AppleWebKit/537.36 (KHTML, like Gecko; compatible; ClaudeBot/1.0; +claudebot@anthropic.com)"
216.73.216.187 - - [05/Apr/2026:17:02:15 +0200] "GET /tag/%D0%B6%D0%B5%D0%BD%D0%B0%D1%82%D0%B0-%D0%BD%D0%B0-%D0%BD%D0%BE%D1%82%D0%B0%D1%80%D0%B8%D1%83%D1%81%D0%B0-%D0%B1%D0%B5%D1%88%D0%B5-%D1%81%D0%B5%D1%80%D0%B2%D0%B8%D1%82%D1%8C%D0%BE%D1%80%D0%BA%D0%B0 HTTP/1.1" 301 0 "-" "Mozilla/5.0 AppleWebKit/537.36 (KHTML, like Gecko; compatible; ClaudeBot/1.0; +claudebot@anthropic.com)"
216.73.216.187 - - [05/Apr/2026:17:02:16 +0200] "GET /tag/%D0%B6%D0%B5%D0%BD%D0%B0%D1%82%D0%B0-%D0%BD%D0%B0-%D0%BD%D0%BE%D1%82%D0%B0%D1%80%D0%B8%D1%83%D1%81%D0%B0-%D0%B1%D0%B5%D1%88%D0%B5-%D1%81%D0%B5%D1%80%D0%B2%D0%B8%D1%82%D1%8C%D0%BE%D1%80%D0%BA%D0%B0/ HTTP/1.1" 200 16627 "https://netvesti.com/tag/%D0%B6%D0%B5%D0%BD%D0%B0%D1%82%D0%B0-%D0%BD%D0%B0-%D0%BD%D0%BE%D1%82%D0%B0%D1%80%D0%B8%D1%83%D1%81%D0%B0-%D0%B1%D0%B5%D1%88%D0%B5-%D1%81%D0%B5%D1%80%D0%B2%D0%B8%D1%82%D1%8C%D0%BE%D1%80%D0%BA%D0%B0" "Mozilla/5.0 AppleWebKit/537.36 (KHTML, like Gecko; compatible; ClaudeBot/1.0; +claudebot@anthropic.com)"
216.73.216.187 - - [05/Apr/2026:17:02:16 +0200] "GET /tag/%D0%BD%D0%BE-%D0%B0%D0%B3%D1%80%D0%B5%D1%81%D0%B8%D0%B2%D0%BD%D0%BE-%D0%B0%D0%BD%D1%82%D0%B8%D1%82%D1%80%D0%B0%D0%B4%D0%B8%D1%86%D0%B8%D0%BE%D0%BD%D0%B5%D0%BD-%D1%81%D0%B2%D1%8F%D1%82/ HTTP/1.1" 200 16737 "https://netvesti.com/tag/%D0%BD%D0%BE-%D0%B0%D0%B3%D1%80%D0%B5%D1%81%D0%B8%D0%B2%D0%BD%D0%BE-%D0%B0%D0%BD%D1%82%D0%B8%D1%82%D1%80%D0%B0%D0%B4%D0%B8%D1%86%D0%B8%D0%BE%D0%BD%D0%B5%D0%BD-%D1%81%D0%B2%D1%8F%D1%82" "Mozilla/5.0 AppleWebKit/537.36 (KHTML, like Gecko; compatible; ClaudeBot/1.0; +claudebot@anthropic.com)"
216.73.216.187 - - [05/Apr/2026:17:02:17 +0200] "GET /tag/%D0%B3%D0%BB%D0%B5%D0%B4%D0%B0%D1%85%D0%BC%D0%B5-%D0%BD%D0%BE%D0%B2%D0%BE%D0%B3%D0%BE%D0%B4%D0%B8%D1%88%D0%BD%D0%B0-%D1%82%D0%B5%D0%BB%D0%B5%D0%B2%D0%B8%D0%B7%D0%B8%D1%8F HTTP/1.1" 301 0 "-" "Mozilla/5.0 AppleWebKit/537.36 (KHTML, like Gecko; compatible; ClaudeBot/1.0; +claudebot@anthropic.com)"
216.73.216.187 - - [05/Apr/2026:17:02:18 +0200] "GET /tag/%D0%B5%D0%B2%D1%80%D0%BE%D0%B4%D0%B5%D0%BF%D1%83%D1%82%D0%B0%D1%82%D1%8A%D1%82-%D0%B5%D0%BB%D0%B5%D0%BD%D0%B0-%D0%B9%D0%BE%D0%BD%D1%87%D0%B5%D0%B2%D0%B0 HTTP/1.1" 301 0 "-" "Mozilla/5.0 AppleWebKit/537.36 (KHTML, like Gecko; compatible; ClaudeBot/1.0; +claudebot@anthropic.com)"
216.73.216.187 - - [05/Apr/2026:17:02:19 +0200] "GET /tag/%D0%B3%D0%BB%D0%B5%D0%B4%D0%B0%D1%85%D0%BC%D0%B5-%D0%BD%D0%BE%D0%B2%D0%BE%D0%B3%D0%BE%D0%B4%D0%B8%D1%88%D0%BD%D0%B0-%D1%82%D0%B5%D0%BB%D0%B5%D0%B2%D0%B8%D0%B7%D0%B8%D1%8F/ HTTP/1.1" 200 13729 "https://netvesti.com/tag/%D0%B3%D0%BB%D0%B5%D0%B4%D0%B0%D1%85%D0%BC%D0%B5-%D0%BD%D0%BE%D0%B2%D0%BE%D0%B3%D0%BE%D0%B4%D0%B8%D1%88%D0%BD%D0%B0-%D1%82%D0%B5%D0%BB%D0%B5%D0%B2%D0%B8%D0%B7%D0%B8%D1%8F" "Mozilla/5.0 AppleWebKit/537.36 (KHTML, like Gecko; compatible; ClaudeBot/1.0; +claudebot@anthropic.com)"
216.73.216.187 - - [05/Apr/2026:17:02:19 +0200] "GET /%D1%80%D0%B0%D1%88%D0%BA%D0%BE%D0%B2-%D0%BE%D1%82%D0%BA%D0%B0%D0%B7%D0%B0-%D0%B4%D0%B0-%D1%81%D0%B5-%D1%8F%D0%B2%D0%B8-%D0%B2-%D0%BF%D1%80%D0%BE%D0%BA%D1%83%D1%80%D0%B0%D1%82%D1%83%D1%80%D0%B0%D1%82 HTTP/1.1" 301 0 "-" "Mozilla/5.0 AppleWebKit/537.36 (KHTML, like Gecko; compatible; ClaudeBot/1.0; +claudebot@anthropic.com)"
