47.128.40.61 - - [06/Apr/2026:00:27:11 +0200] "GET /?C=S%3BO%3DA%2Fpage%2F17%2F%2Fpage%2F2%2F%2Fpage%2F2%2F%2Fpage%2F2%2F%2Fpage%2F17%2F%2Fpage%2F2%2F%2Fpage%2F2%2F%2Fpage%2F17%2F%2Fpage%2F3%2F%2Fpage%2F2%2F%2Fpage%2F2%2F%2Fpage%2F17%2F%2Fpage%2F17%2F%2Fpage%2F2%2F%2Fpage%2F3%2F%2Fpage%2F17%2F%2Fpage%2F2%2F%2Fpage%2F2%2F%2Fpage%2F2%2F%2Fpage%2F17%2F%2Fpage%2F17%2F%2Fpage%2F17%2F%2Fpage%2F3%2F%2Fpage%2F17%2F%2Fpage%2F3%2F%2Fpage%2F17%2F HTTP/1.1" 200 19399 "-" "Mozilla/5.0 (Linux; Android 5.0) AppleWebKit/537.36 (KHTML, like Gecko) Mobile Safari/537.36 (compatible; Bytespider; spider-feedback@bytedance.com)"
72.14.199.228 - - [06/Apr/2026:00:27:11 +0200] "GET /fonts/fontawesome-webfont.woff2?v=4.6.3 HTTP/1.1" 404 9890 "https://news365.stream/" "Mozilla/5.0 (Macintosh; Intel Mac OS X 10_7_3) AppleWebKit/537.36 (KHTML, like Gecko, Mediapartners-Google) Chrome/146.0.7680.164 Safari/537.36"
72.14.199.228 - - [06/Apr/2026:00:27:12 +0200] "GET /fonts/fontawesome-webfont.woff2?v=4.6.3 HTTP/1.1" 404 9826 "https://news365.stream/" "Mozilla/5.0 (Linux; Android 4.0.4; Galaxy Nexus Build/IMM76B) AppleWebKit/537.36 (KHTML, like Gecko; Mediapartners-Google) Chrome/146.0.7680.164 Mobile Safari/537.36"
72.14.199.228 - - [06/Apr/2026:00:27:12 +0200] "GET /fonts/fontawesome-webfont.woff?v=4.6.3 HTTP/1.1" 404 9748 "https://news365.stream/" "Mozilla/5.0 (Macintosh; Intel Mac OS X 10_7_3) AppleWebKit/537.36 (KHTML, like Gecko, Mediapartners-Google) Chrome/146.0.7680.164 Safari/537.36"
47.128.40.243 - - [06/Apr/2026:00:27:12 +0200] "GET /?C=M%3BO=A%2Fpage%2F2%2F%2Fpage%2F3%2F%2Fpage%2F3%2F%2Fpage%2F3%2F%2Fpage%2F2%2F%2Fpage%2F2%2F%2Fpage%2F2%2F%2Fpage%2F3%2F%2Fpage%2F3%2F%2Fpage%2F17%2F%2Fpage%2F2%2F%2Fpage%2F2%2F%2Fpage%2F17%2F%2Fpage%2F2%2F%2Fpage%2F17%2F%2Fpage%2F3%2F%2Fpage%2F2%2F%2Fpage%2F3%2F%2Fpage%2F2%2F%2Fpage%2F2%2F%2Fpage%2F2%2F%2Fpage%2F2%2F%2Fpage%2F17%2F%2Fpage%2F17%2F%2Fpage%2F3%2F%2Fpage%2F2%2F%2Fpage%2F17%2F%2Fpage%2F2%2F%2Fpage%2F17%2F HTTP/1.1" 301 0 "-" "Mozilla/5.0 (Linux; Android 5.0) AppleWebKit/537.36 (KHTML, like Gecko) Mobile Safari/537.36 (compatible; Bytespider; spider-feedback@bytedance.com)"
72.14.199.228 - - [06/Apr/2026:00:27:12 +0200] "GET /fonts/fontawesome-webfont.woff?v=4.6.3 HTTP/1.1" 404 9813 "https://news365.stream/" "Mozilla/5.0 (Linux; Android 4.0.4; Galaxy Nexus Build/IMM76B) AppleWebKit/537.36 (KHTML, like Gecko; Mediapartners-Google) Chrome/146.0.7680.164 Mobile Safari/537.36"
72.14.199.228 - - [06/Apr/2026:00:27:13 +0200] "GET /fonts/fontawesome-webfont.ttf?v=4.6.3 HTTP/1.1" 404 9853 "https://news365.stream/" "Mozilla/5.0 (Macintosh; Intel Mac OS X 10_7_3) AppleWebKit/537.36 (KHTML, like Gecko, Mediapartners-Google) Chrome/146.0.7680.164 Safari/537.36"
72.14.199.228 - - [06/Apr/2026:00:27:13 +0200] "GET /fonts/fontawesome-webfont.ttf?v=4.6.3 HTTP/1.1" 404 9753 "https://news365.stream/" "Mozilla/5.0 (Linux; Android 4.0.4; Galaxy Nexus Build/IMM76B) AppleWebKit/537.36 (KHTML, like Gecko; Mediapartners-Google) Chrome/146.0.7680.164 Mobile Safari/537.36"
47.128.40.243 - - [06/Apr/2026:00:27:13 +0200] "GET /?C=M%3BO%3DA%2Fpage%2F2%2F%2Fpage%2F3%2F%2Fpage%2F3%2F%2Fpage%2F3%2F%2Fpage%2F2%2F%2Fpage%2F2%2F%2Fpage%2F2%2F%2Fpage%2F3%2F%2Fpage%2F3%2F%2Fpage%2F17%2F%2Fpage%2F2%2F%2Fpage%2F2%2F%2Fpage%2F17%2F%2Fpage%2F2%2F%2Fpage%2F17%2F%2Fpage%2F3%2F%2Fpage%2F2%2F%2Fpage%2F3%2F%2Fpage%2F2%2F%2Fpage%2F2%2F%2Fpage%2F2%2F%2Fpage%2F2%2F%2Fpage%2F17%2F%2Fpage%2F17%2F%2Fpage%2F3%2F%2Fpage%2F2%2F%2Fpage%2F17%2F%2Fpage%2F2%2F%2Fpage%2F17%2F HTTP/1.1" 200 18985 "-" "Mozilla/5.0 (Linux; Android 5.0) AppleWebKit/537.36 (KHTML, like Gecko) Mobile Safari/537.36 (compatible; Bytespider; spider-feedback@bytedance.com)"
72.14.199.228 - - [06/Apr/2026:00:27:14 +0200] "GET /pandemic-scrambles-house-democrats-election-year-agenda/fonts/fontawesome-webfont.woff2?v=4.6.3 HTTP/1.1" 404 10303 "https://news365.stream/pandemic-scrambles-house-democrats-election-year-agenda/" "Mozilla/5.0 (Macintosh; Intel Mac OS X 10_7_3) AppleWebKit/537.36 (KHTML, like Gecko, Mediapartners-Google) Chrome/146.0.7680.164 Safari/537.36"
72.14.199.228 - - [06/Apr/2026:00:27:14 +0200] "GET /pandemic-scrambles-house-democrats-election-year-agenda/fonts/fontawesome-webfont.woff2?v=4.6.3 HTTP/1.1" 404 10188 "https://news365.stream/pandemic-scrambles-house-democrats-election-year-agenda/" "Mozilla/5.0 (Linux; Android 4.0.4; Galaxy Nexus Build/IMM76B) AppleWebKit/537.36 (KHTML, like Gecko; Mediapartners-Google) Chrome/146.0.7680.164 Mobile Safari/537.36"
72.14.199.228 - - [06/Apr/2026:00:27:14 +0200] "GET /pandemic-scrambles-house-democrats-election-year-agenda/fonts/fontawesome-webfont.woff?v=4.6.3 HTTP/1.1" 404 10359 "https://news365.stream/pandemic-scrambles-house-democrats-election-year-agenda/" "Mozilla/5.0 (Macintosh; Intel Mac OS X 10_7_3) AppleWebKit/537.36 (KHTML, like Gecko, Mediapartners-Google) Chrome/146.0.7680.164 Safari/537.36"
47.128.40.243 - - [06/Apr/2026:00:27:14 +0200] "GET /wp-content/uploads/2018/11/IMG_3755-375x195.jpg HTTP/1.1" 206 500 "https://news365.stream/?C=M%3BO%3DA%2Fpage%2F2%2F%2Fpage%2F3%2F%2Fpage%2F3%2F%2Fpage%2F3%2F%2Fpage%2F2%2F%2Fpage%2F2%2F%2Fpage%2F2%2F%2Fpage%2F3%2F%2Fpage%2F3%2F%2Fpage%2F17%2F%2Fpage%2F2%2F%2Fpage%2F2%2F%2Fpage%2F17%2F%2Fpage%2F2%2F%2Fpage%2F17%2F%2Fpage%2F3%2F%2Fpage%2F2%2F%2Fpage%2F3%2F%2Fpage%2F2%2F%2Fpage%2F2%2F%2Fpage%2F2%2F%2Fpage%2F2%2F%2Fpage%2F17%2F%2Fpage%2F17%2F%2Fpage%2F3%2F%2Fpage%2F2%2F%2Fpage%2F17%2F%2Fpage%2F2%2F%2Fpage%2F17%2F" "Mozilla/5.0 (Linux; Android 5.0) AppleWebKit/537.36 (KHTML, like Gecko) Mobile Safari/537.36 (compatible; Bytespider; spider-feedback@bytedance.com)"
72.14.199.228 - - [06/Apr/2026:00:27:15 +0200] "GET /pandemic-scrambles-house-democrats-election-year-agenda/fonts/fontawesome-webfont.woff?v=4.6.3 HTTP/1.1" 404 10225 "https://news365.stream/pandemic-scrambles-house-democrats-election-year-agenda/" "Mozilla/5.0 (Linux; Android 4.0.4; Galaxy Nexus Build/IMM76B) AppleWebKit/537.36 (KHTML, like Gecko; Mediapartners-Google) Chrome/146.0.7680.164 Mobile Safari/537.36"
72.14.199.228 - - [06/Apr/2026:00:27:15 +0200] "GET /pandemic-scrambles-house-democrats-election-year-agenda/fonts/fontawesome-webfont.ttf?v=4.6.3 HTTP/1.1" 404 10287 "https://news365.stream/pandemic-scrambles-house-democrats-election-year-agenda/" "Mozilla/5.0 (Macintosh; Intel Mac OS X 10_7_3) AppleWebKit/537.36 (KHTML, like Gecko, Mediapartners-Google) Chrome/146.0.7680.164 Safari/537.36"
72.14.199.228 - - [06/Apr/2026:00:27:15 +0200] "GET /pandemic-scrambles-house-democrats-election-year-agenda/fonts/fontawesome-webfont.ttf?v=4.6.3 HTTP/1.1" 404 10220 "https://news365.stream/pandemic-scrambles-house-democrats-election-year-agenda/" "Mozilla/5.0 (Linux; Android 4.0.4; Galaxy Nexus Build/IMM76B) AppleWebKit/537.36 (KHTML, like Gecko; Mediapartners-Google) Chrome/146.0.7680.164 Mobile Safari/537.36"
72.14.199.228 - - [06/Apr/2026:00:27:16 +0200] "GET /grenell-moving-to-declassify-flynn-kislyak-transcripts/fonts/fontawesome-webfont.woff2?v=4.6.3 HTTP/1.1" 404 10058 "https://news365.stream/grenell-moving-to-declassify-flynn-kislyak-transcripts/" "Mozilla/5.0 (Macintosh; Intel Mac OS X 10_7_3) AppleWebKit/537.36 (KHTML, like Gecko, Mediapartners-Google) Chrome/146.0.7680.164 Safari/537.36"
72.14.199.228 - - [06/Apr/2026:00:27:16 +0200] "GET /grenell-moving-to-declassify-flynn-kislyak-transcripts/fonts/fontawesome-webfont.woff2?v=4.6.3 HTTP/1.1" 404 10231 "https://news365.stream/grenell-moving-to-declassify-flynn-kislyak-transcripts/" "Mozilla/5.0 (Linux; Android 4.0.4; Galaxy Nexus Build/IMM76B) AppleWebKit/537.36 (KHTML, like Gecko; Mediapartners-Google) Chrome/146.0.7680.164 Mobile Safari/537.36"
72.14.199.228 - - [06/Apr/2026:00:27:16 +0200] "GET /grenell-moving-to-declassify-flynn-kislyak-transcripts/fonts/fontawesome-webfont.woff?v=4.6.3 HTTP/1.1" 404 10045 "https://news365.stream/grenell-moving-to-declassify-flynn-kislyak-transcripts/" "Mozilla/5.0 (Macintosh; Intel Mac OS X 10_7_3) AppleWebKit/537.36 (KHTML, like Gecko, Mediapartners-Google) Chrome/146.0.7680.164 Safari/537.36"
72.14.199.228 - - [06/Apr/2026:00:27:17 +0200] "GET /grenell-moving-to-declassify-flynn-kislyak-transcripts/fonts/fontawesome-webfont.woff?v=4.6.3 HTTP/1.1" 404 10327 "https://news365.stream/grenell-moving-to-declassify-flynn-kislyak-transcripts/" "Mozilla/5.0 (Linux; Android 4.0.4; Galaxy Nexus Build/IMM76B) AppleWebKit/537.36 (KHTML, like Gecko; Mediapartners-Google) Chrome/146.0.7680.164 Mobile Safari/537.36"
72.14.199.228 - - [06/Apr/2026:00:27:17 +0200] "GET /grenell-moving-to-declassify-flynn-kislyak-transcripts/fonts/fontawesome-webfont.ttf?v=4.6.3 HTTP/1.1" 404 10234 "https://news365.stream/grenell-moving-to-declassify-flynn-kislyak-transcripts/" "Mozilla/5.0 (Macintosh; Intel Mac OS X 10_7_3) AppleWebKit/537.36 (KHTML, like Gecko, Mediapartners-Google) Chrome/146.0.7680.164 Safari/537.36"
72.14.199.228 - - [06/Apr/2026:00:27:17 +0200] "GET /grenell-moving-to-declassify-flynn-kislyak-transcripts/fonts/fontawesome-webfont.ttf?v=4.6.3 HTTP/1.1" 404 10233 "https://news365.stream/grenell-moving-to-declassify-flynn-kislyak-transcripts/" "Mozilla/5.0 (Linux; Android 4.0.4; Galaxy Nexus Build/IMM76B) AppleWebKit/537.36 (KHTML, like Gecko; Mediapartners-Google) Chrome/146.0.7680.164 Mobile Safari/537.36"
72.14.199.229 - - [06/Apr/2026:00:27:19 +0200] "GET /opinion-why-president-trump-cant-pardon-roger-stone/fonts/fontawesome-webfont.woff2?v=4.6.3 HTTP/1.1" 404 10240 "https://news365.stream/opinion-why-president-trump-cant-pardon-roger-stone/" "Mozilla/5.0 (Macintosh; Intel Mac OS X 10_7_3) AppleWebKit/537.36 (KHTML, like Gecko, Mediapartners-Google) Chrome/146.0.7680.164 Safari/537.36"
72.14.199.228 - - [06/Apr/2026:00:27:20 +0200] "GET /opinion-why-president-trump-cant-pardon-roger-stone/fonts/fontawesome-webfont.woff?v=4.6.3 HTTP/1.1" 404 10125 "https://news365.stream/opinion-why-president-trump-cant-pardon-roger-stone/" "Mozilla/5.0 (Macintosh; Intel Mac OS X 10_7_3) AppleWebKit/537.36 (KHTML, like Gecko, Mediapartners-Google) Chrome/146.0.7680.164 Safari/537.36"
72.14.199.228 - - [06/Apr/2026:00:27:20 +0200] "GET /opinion-why-president-trump-cant-pardon-roger-stone/fonts/fontawesome-webfont.woff2?v=4.6.3 HTTP/1.1" 404 10220 "https://news365.stream/opinion-why-president-trump-cant-pardon-roger-stone/" "Mozilla/5.0 (Linux; Android 4.0.4; Galaxy Nexus Build/IMM76B) AppleWebKit/537.36 (KHTML, like Gecko; Mediapartners-Google) Chrome/146.0.7680.164 Mobile Safari/537.36"
72.14.199.229 - - [06/Apr/2026:00:27:20 +0200] "GET /opinion-why-president-trump-cant-pardon-roger-stone/fonts/fontawesome-webfont.ttf?v=4.6.3 HTTP/1.1" 404 10056 "https://news365.stream/opinion-why-president-trump-cant-pardon-roger-stone/" "Mozilla/5.0 (Macintosh; Intel Mac OS X 10_7_3) AppleWebKit/537.36 (KHTML, like Gecko, Mediapartners-Google) Chrome/146.0.7680.164 Safari/537.36"
72.14.199.228 - - [06/Apr/2026:00:27:21 +0200] "GET /opinion-why-president-trump-cant-pardon-roger-stone/fonts/fontawesome-webfont.woff?v=4.6.3 HTTP/1.1" 404 10189 "https://news365.stream/opinion-why-president-trump-cant-pardon-roger-stone/" "Mozilla/5.0 (Linux; Android 4.0.4; Galaxy Nexus Build/IMM76B) AppleWebKit/537.36 (KHTML, like Gecko; Mediapartners-Google) Chrome/146.0.7680.164 Mobile Safari/537.36"
72.14.199.229 - - [06/Apr/2026:00:27:21 +0200] "GET /opinion-why-president-trump-cant-pardon-roger-stone/fonts/fontawesome-webfont.ttf?v=4.6.3 HTTP/1.1" 404 10352 "https://news365.stream/opinion-why-president-trump-cant-pardon-roger-stone/" "Mozilla/5.0 (Linux; Android 4.0.4; Galaxy Nexus Build/IMM76B) AppleWebKit/537.36 (KHTML, like Gecko; Mediapartners-Google) Chrome/146.0.7680.164 Mobile Safari/537.36"
72.14.199.228 - - [06/Apr/2026:00:27:25 +0200] "GET /fears-of-canadian-condom-shortage-mask-covid-19s-real-sexual-health-crisis/fonts/fontawesome-webfont.woff2?v=4.6.3 HTTP/1.1" 404 10260 "https://news365.stream/fears-of-canadian-condom-shortage-mask-covid-19s-real-sexual-health-crisis/" "Mozilla/5.0 (Macintosh; Intel Mac OS X 10_7_3) AppleWebKit/537.36 (KHTML, like Gecko, Mediapartners-Google) Chrome/146.0.7680.164 Safari/537.36"
72.14.199.228 - - [06/Apr/2026:00:27:26 +0200] "GET /fears-of-canadian-condom-shortage-mask-covid-19s-real-sexual-health-crisis/fonts/fontawesome-webfont.woff?v=4.6.3 HTTP/1.1" 404 10199 "https://news365.stream/fears-of-canadian-condom-shortage-mask-covid-19s-real-sexual-health-crisis/" "Mozilla/5.0 (Macintosh; Intel Mac OS X 10_7_3) AppleWebKit/537.36 (KHTML, like Gecko, Mediapartners-Google) Chrome/146.0.7680.164 Safari/537.36"
72.14.199.229 - - [06/Apr/2026:00:27:26 +0200] "GET /fears-of-canadian-condom-shortage-mask-covid-19s-real-sexual-health-crisis/fonts/fontawesome-webfont.woff2?v=4.6.3 HTTP/1.1" 404 10177 "https://news365.stream/fears-of-canadian-condom-shortage-mask-covid-19s-real-sexual-health-crisis/" "Mozilla/5.0 (Linux; Android 4.0.4; Galaxy Nexus Build/IMM76B) AppleWebKit/537.36 (KHTML, like Gecko; Mediapartners-Google) Chrome/146.0.7680.164 Mobile Safari/537.36"
72.14.199.228 - - [06/Apr/2026:00:27:27 +0200] "GET /fears-of-canadian-condom-shortage-mask-covid-19s-real-sexual-health-crisis/fonts/fontawesome-webfont.ttf?v=4.6.3 HTTP/1.1" 404 10034 "https://news365.stream/fears-of-canadian-condom-shortage-mask-covid-19s-real-sexual-health-crisis/" "Mozilla/5.0 (Macintosh; Intel Mac OS X 10_7_3) AppleWebKit/537.36 (KHTML, like Gecko, Mediapartners-Google) Chrome/146.0.7680.164 Safari/537.36"
72.14.199.229 - - [06/Apr/2026:00:27:27 +0200] "GET /fears-of-canadian-condom-shortage-mask-covid-19s-real-sexual-health-crisis/fonts/fontawesome-webfont.woff?v=4.6.3 HTTP/1.1" 404 10365 "https://news365.stream/fears-of-canadian-condom-shortage-mask-covid-19s-real-sexual-health-crisis/" "Mozilla/5.0 (Linux; Android 4.0.4; Galaxy Nexus Build/IMM76B) AppleWebKit/537.36 (KHTML, like Gecko; Mediapartners-Google) Chrome/146.0.7680.164 Mobile Safari/537.36"
72.14.199.229 - - [06/Apr/2026:00:27:28 +0200] "GET /fears-of-canadian-condom-shortage-mask-covid-19s-real-sexual-health-crisis/fonts/fontawesome-webfont.ttf?v=4.6.3 HTTP/1.1" 404 10057 "https://news365.stream/fears-of-canadian-condom-shortage-mask-covid-19s-real-sexual-health-crisis/" "Mozilla/5.0 (Linux; Android 4.0.4; Galaxy Nexus Build/IMM76B) AppleWebKit/537.36 (KHTML, like Gecko; Mediapartners-Google) Chrome/146.0.7680.164 Mobile Safari/537.36"
72.14.199.228 - - [06/Apr/2026:00:27:30 +0200] "GET /fonts/fontawesome-webfont.woff2?v=4.6.3 HTTP/1.1" 404 9825 "https://news365.stream/" "Mozilla/5.0 (Macintosh; Intel Mac OS X 10_7_3) AppleWebKit/537.36 (KHTML, like Gecko, Mediapartners-Google) Chrome/146.0.7680.164 Safari/537.36"
72.14.199.229 - - [06/Apr/2026:00:27:30 +0200] "GET /fonts/fontawesome-webfont.woff?v=4.6.3 HTTP/1.1" 404 9703 "https://news365.stream/" "Mozilla/5.0 (Macintosh; Intel Mac OS X 10_7_3) AppleWebKit/537.36 (KHTML, like Gecko, Mediapartners-Google) Chrome/146.0.7680.164 Safari/537.36"
72.14.199.230 - - [06/Apr/2026:00:27:30 +0200] "GET /fonts/fontawesome-webfont.woff2?v=4.6.3 HTTP/1.1" 404 9794 "https://news365.stream/" "Mozilla/5.0 (Linux; Android 4.0.4; Galaxy Nexus Build/IMM76B) AppleWebKit/537.36 (KHTML, like Gecko; Mediapartners-Google) Chrome/146.0.7680.164 Mobile Safari/537.36"
72.14.199.228 - - [06/Apr/2026:00:27:31 +0200] "GET /fonts/fontawesome-webfont.ttf?v=4.6.3 HTTP/1.1" 404 9868 "https://news365.stream/" "Mozilla/5.0 (Macintosh; Intel Mac OS X 10_7_3) AppleWebKit/537.36 (KHTML, like Gecko, Mediapartners-Google) Chrome/146.0.7680.164 Safari/537.36"
72.14.199.229 - - [06/Apr/2026:00:27:31 +0200] "GET /fonts/fontawesome-webfont.woff?v=4.6.3 HTTP/1.1" 404 10194 "https://news365.stream/" "Mozilla/5.0 (Linux; Android 4.0.4; Galaxy Nexus Build/IMM76B) AppleWebKit/537.36 (KHTML, like Gecko; Mediapartners-Google) Chrome/146.0.7680.164 Mobile Safari/537.36"
72.14.199.230 - - [06/Apr/2026:00:27:32 +0200] "GET /fonts/fontawesome-webfont.ttf?v=4.6.3 HTTP/1.1" 404 9843 "https://news365.stream/" "Mozilla/5.0 (Linux; Android 4.0.4; Galaxy Nexus Build/IMM76B) AppleWebKit/537.36 (KHTML, like Gecko; Mediapartners-Google) Chrome/146.0.7680.164 Mobile Safari/537.36"
72.14.199.230 - - [06/Apr/2026:00:27:33 +0200] "GET /pandemic-scrambles-house-democrats-election-year-agenda/fonts/fontawesome-webfont.woff2?v=4.6.3 HTTP/1.1" 404 10132 "https://news365.stream/pandemic-scrambles-house-democrats-election-year-agenda/" "Mozilla/5.0 (Macintosh; Intel Mac OS X 10_7_3) AppleWebKit/537.36 (KHTML, like Gecko, Mediapartners-Google) Chrome/146.0.7680.164 Safari/537.36"
72.14.199.230 - - [06/Apr/2026:00:27:33 +0200] "GET /pandemic-scrambles-house-democrats-election-year-agenda/fonts/fontawesome-webfont.woff?v=4.6.3 HTTP/1.1" 404 10103 "https://news365.stream/pandemic-scrambles-house-democrats-election-year-agenda/" "Mozilla/5.0 (Macintosh; Intel Mac OS X 10_7_3) AppleWebKit/537.36 (KHTML, like Gecko, Mediapartners-Google) Chrome/146.0.7680.164 Safari/537.36"
72.14.199.228 - - [06/Apr/2026:00:27:33 +0200] "GET /pandemic-scrambles-house-democrats-election-year-agenda/fonts/fontawesome-webfont.woff2?v=4.6.3 HTTP/1.1" 404 10168 "https://news365.stream/pandemic-scrambles-house-democrats-election-year-agenda/" "Mozilla/5.0 (Linux; Android 4.0.4; Galaxy Nexus Build/IMM76B) AppleWebKit/537.36 (KHTML, like Gecko; Mediapartners-Google) Chrome/146.0.7680.164 Mobile Safari/537.36"
72.14.199.229 - - [06/Apr/2026:00:27:34 +0200] "GET /pandemic-scrambles-house-democrats-election-year-agenda/fonts/fontawesome-webfont.ttf?v=4.6.3 HTTP/1.1" 404 10094 "https://news365.stream/pandemic-scrambles-house-democrats-election-year-agenda/" "Mozilla/5.0 (Macintosh; Intel Mac OS X 10_7_3) AppleWebKit/537.36 (KHTML, like Gecko, Mediapartners-Google) Chrome/146.0.7680.164 Safari/537.36"
72.14.199.230 - - [06/Apr/2026:00:27:34 +0200] "GET /pandemic-scrambles-house-democrats-election-year-agenda/fonts/fontawesome-webfont.woff?v=4.6.3 HTTP/1.1" 404 10140 "https://news365.stream/pandemic-scrambles-house-democrats-election-year-agenda/" "Mozilla/5.0 (Linux; Android 4.0.4; Galaxy Nexus Build/IMM76B) AppleWebKit/537.36 (KHTML, like Gecko; Mediapartners-Google) Chrome/146.0.7680.164 Mobile Safari/537.36"
185.191.171.2 - - [06/Apr/2026:00:27:34 +0200] "GET /robots.txt HTTP/1.1" 200 80 "-" "Mozilla/5.0 (compatible; SemrushBot/7~bl; +http://www.semrush.com/bot.html)"
72.14.199.229 - - [06/Apr/2026:00:27:34 +0200] "GET /pandemic-scrambles-house-democrats-election-year-agenda/fonts/fontawesome-webfont.ttf?v=4.6.3 HTTP/1.1" 404 10874 "https://news365.stream/pandemic-scrambles-house-democrats-election-year-agenda/" "Mozilla/5.0 (Linux; Android 4.0.4; Galaxy Nexus Build/IMM76B) AppleWebKit/537.36 (KHTML, like Gecko; Mediapartners-Google) Chrome/146.0.7680.164 Mobile Safari/537.36"
72.14.199.230 - - [06/Apr/2026:00:27:35 +0200] "GET /grenell-moving-to-declassify-flynn-kislyak-transcripts/fonts/fontawesome-webfont.woff2?v=4.6.3 HTTP/1.1" 404 10012 "https://news365.stream/grenell-moving-to-declassify-flynn-kislyak-transcripts/" "Mozilla/5.0 (Macintosh; Intel Mac OS X 10_7_3) AppleWebKit/537.36 (KHTML, like Gecko, Mediapartners-Google) Chrome/146.0.7680.164 Safari/537.36"
72.14.199.228 - - [06/Apr/2026:00:27:35 +0200] "GET /grenell-moving-to-declassify-flynn-kislyak-transcripts/fonts/fontawesome-webfont.woff?v=4.6.3 HTTP/1.1" 404 10153 "https://news365.stream/grenell-moving-to-declassify-flynn-kislyak-transcripts/" "Mozilla/5.0 (Macintosh; Intel Mac OS X 10_7_3) AppleWebKit/537.36 (KHTML, like Gecko, Mediapartners-Google) Chrome/146.0.7680.164 Safari/537.36"
85.208.96.194 - - [06/Apr/2026:00:27:35 +0200] "GET /tag/actual-news-for-president-donald-trump/page/11/ HTTP/1.1" 200 14631 "-" "Mozilla/5.0 (compatible; SemrushBot/7~bl; +http://www.semrush.com/bot.html)"
72.14.199.230 - - [06/Apr/2026:00:27:35 +0200] "GET /grenell-moving-to-declassify-flynn-kislyak-transcripts/fonts/fontawesome-webfont.woff2?v=4.6.3 HTTP/1.1" 404 10215 "https://news365.stream/grenell-moving-to-declassify-flynn-kislyak-transcripts/" "Mozilla/5.0 (Linux; Android 4.0.4; Galaxy Nexus Build/IMM76B) AppleWebKit/537.36 (KHTML, like Gecko; Mediapartners-Google) Chrome/146.0.7680.164 Mobile Safari/537.36"
72.14.199.229 - - [06/Apr/2026:00:27:36 +0200] "GET /grenell-moving-to-declassify-flynn-kislyak-transcripts/fonts/fontawesome-webfont.ttf?v=4.6.3 HTTP/1.1" 404 10177 "https://news365.stream/grenell-moving-to-declassify-flynn-kislyak-transcripts/" "Mozilla/5.0 (Macintosh; Intel Mac OS X 10_7_3) AppleWebKit/537.36 (KHTML, like Gecko, Mediapartners-Google) Chrome/146.0.7680.164 Safari/537.36"
72.14.199.228 - - [06/Apr/2026:00:27:36 +0200] "GET /grenell-moving-to-declassify-flynn-kislyak-transcripts/fonts/fontawesome-webfont.woff?v=4.6.3 HTTP/1.1" 404 10092 "https://news365.stream/grenell-moving-to-declassify-flynn-kislyak-transcripts/" "Mozilla/5.0 (Linux; Android 4.0.4; Galaxy Nexus Build/IMM76B) AppleWebKit/537.36 (KHTML, like Gecko; Mediapartners-Google) Chrome/146.0.7680.164 Mobile Safari/537.36"
72.14.199.229 - - [06/Apr/2026:00:27:37 +0200] "GET /grenell-moving-to-declassify-flynn-kislyak-transcripts/fonts/fontawesome-webfont.ttf?v=4.6.3 HTTP/1.1" 404 10227 "https://news365.stream/grenell-moving-to-declassify-flynn-kislyak-transcripts/" "Mozilla/5.0 (Linux; Android 4.0.4; Galaxy Nexus Build/IMM76B) AppleWebKit/537.36 (KHTML, like Gecko; Mediapartners-Google) Chrome/146.0.7680.164 Mobile Safari/537.36"
72.14.199.228 - - [06/Apr/2026:00:27:38 +0200] "GET /opinion-why-president-trump-cant-pardon-roger-stone/fonts/fontawesome-webfont.woff2?v=4.6.3 HTTP/1.1" 404 10134 "https://news365.stream/opinion-why-president-trump-cant-pardon-roger-stone/" "Mozilla/5.0 (Macintosh; Intel Mac OS X 10_7_3) AppleWebKit/537.36 (KHTML, like Gecko, Mediapartners-Google) Chrome/146.0.7680.164 Safari/537.36"
72.14.199.229 - - [06/Apr/2026:00:27:38 +0200] "GET /opinion-why-president-trump-cant-pardon-roger-stone/fonts/fontawesome-webfont.woff?v=4.6.3 HTTP/1.1" 404 10754 "https://news365.stream/opinion-why-president-trump-cant-pardon-roger-stone/" "Mozilla/5.0 (Macintosh; Intel Mac OS X 10_7_3) AppleWebKit/537.36 (KHTML, like Gecko, Mediapartners-Google) Chrome/146.0.7680.164 Safari/537.36"
72.14.199.230 - - [06/Apr/2026:00:27:39 +0200] "GET /opinion-why-president-trump-cant-pardon-roger-stone/fonts/fontawesome-webfont.ttf?v=4.6.3 HTTP/1.1" 404 10342 "https://news365.stream/opinion-why-president-trump-cant-pardon-roger-stone/" "Mozilla/5.0 (Macintosh; Intel Mac OS X 10_7_3) AppleWebKit/537.36 (KHTML, like Gecko, Mediapartners-Google) Chrome/146.0.7680.164 Safari/537.36"
72.14.199.229 - - [06/Apr/2026:00:27:39 +0200] "GET /opinion-why-president-trump-cant-pardon-roger-stone/fonts/fontawesome-webfont.woff2?v=4.6.3 HTTP/1.1" 404 10225 "https://news365.stream/opinion-why-president-trump-cant-pardon-roger-stone/" "Mozilla/5.0 (Linux; Android 4.0.4; Galaxy Nexus Build/IMM76B) AppleWebKit/537.36 (KHTML, like Gecko; Mediapartners-Google) Chrome/146.0.7680.164 Mobile Safari/537.36"
72.14.199.228 - - [06/Apr/2026:00:27:40 +0200] "GET /opinion-why-president-trump-cant-pardon-roger-stone/fonts/fontawesome-webfont.woff?v=4.6.3 HTTP/1.1" 404 10736 "https://news365.stream/opinion-why-president-trump-cant-pardon-roger-stone/" "Mozilla/5.0 (Linux; Android 4.0.4; Galaxy Nexus Build/IMM76B) AppleWebKit/537.36 (KHTML, like Gecko; Mediapartners-Google) Chrome/146.0.7680.164 Mobile Safari/537.36"
72.14.199.230 - - [06/Apr/2026:00:27:40 +0200] "GET /opinion-why-president-trump-cant-pardon-roger-stone/fonts/fontawesome-webfont.ttf?v=4.6.3 HTTP/1.1" 404 10171 "https://news365.stream/opinion-why-president-trump-cant-pardon-roger-stone/" "Mozilla/5.0 (Linux; Android 4.0.4; Galaxy Nexus Build/IMM76B) AppleWebKit/537.36 (KHTML, like Gecko; Mediapartners-Google) Chrome/146.0.7680.164 Mobile Safari/537.36"
72.14.199.230 - - [06/Apr/2026:00:27:44 +0200] "GET /fears-of-canadian-condom-shortage-mask-covid-19s-real-sexual-health-crisis/fonts/fontawesome-webfont.woff2?v=4.6.3 HTTP/1.1" 404 10169 "https://news365.stream/fears-of-canadian-condom-shortage-mask-covid-19s-real-sexual-health-crisis/" "Mozilla/5.0 (Macintosh; Intel Mac OS X 10_7_3) AppleWebKit/537.36 (KHTML, like Gecko, Mediapartners-Google) Chrome/146.0.7680.164 Safari/537.36"
72.14.199.229 - - [06/Apr/2026:00:27:44 +0200] "GET /fears-of-canadian-condom-shortage-mask-covid-19s-real-sexual-health-crisis/fonts/fontawesome-webfont.woff?v=4.6.3 HTTP/1.1" 404 10082 "https://news365.stream/fears-of-canadian-condom-shortage-mask-covid-19s-real-sexual-health-crisis/" "Mozilla/5.0 (Macintosh; Intel Mac OS X 10_7_3) AppleWebKit/537.36 (KHTML, like Gecko, Mediapartners-Google) Chrome/146.0.7680.164 Safari/537.36"
72.14.199.228 - - [06/Apr/2026:00:27:45 +0200] "GET /fears-of-canadian-condom-shortage-mask-covid-19s-real-sexual-health-crisis/fonts/fontawesome-webfont.ttf?v=4.6.3 HTTP/1.1" 404 10267 "https://news365.stream/fears-of-canadian-condom-shortage-mask-covid-19s-real-sexual-health-crisis/" "Mozilla/5.0 (Macintosh; Intel Mac OS X 10_7_3) AppleWebKit/537.36 (KHTML, like Gecko, Mediapartners-Google) Chrome/146.0.7680.164 Safari/537.36"
72.14.199.228 - - [06/Apr/2026:00:27:45 +0200] "GET /fears-of-canadian-condom-shortage-mask-covid-19s-real-sexual-health-crisis/fonts/fontawesome-webfont.woff2?v=4.6.3 HTTP/1.1" 404 10098 "https://news365.stream/fears-of-canadian-condom-shortage-mask-covid-19s-real-sexual-health-crisis/" "Mozilla/5.0 (Linux; Android 4.0.4; Galaxy Nexus Build/IMM76B) AppleWebKit/537.36 (KHTML, like Gecko; Mediapartners-Google) Chrome/146.0.7680.164 Mobile Safari/537.36"
72.14.199.230 - - [06/Apr/2026:00:27:46 +0200] "GET /fears-of-canadian-condom-shortage-mask-covid-19s-real-sexual-health-crisis/fonts/fontawesome-webfont.woff?v=4.6.3 HTTP/1.1" 404 10140 "https://news365.stream/fears-of-canadian-condom-shortage-mask-covid-19s-real-sexual-health-crisis/" "Mozilla/5.0 (Linux; Android 4.0.4; Galaxy Nexus Build/IMM76B) AppleWebKit/537.36 (KHTML, like Gecko; Mediapartners-Google) Chrome/146.0.7680.164 Mobile Safari/537.36"
72.14.199.230 - - [06/Apr/2026:00:27:47 +0200] "GET /fears-of-canadian-condom-shortage-mask-covid-19s-real-sexual-health-crisis/fonts/fontawesome-webfont.ttf?v=4.6.3 HTTP/1.1" 404 10193 "https://news365.stream/fears-of-canadian-condom-shortage-mask-covid-19s-real-sexual-health-crisis/" "Mozilla/5.0 (Linux; Android 4.0.4; Galaxy Nexus Build/IMM76B) AppleWebKit/537.36 (KHTML, like Gecko; Mediapartners-Google) Chrome/146.0.7680.164 Mobile Safari/537.36"
72.14.199.230 - - [06/Apr/2026:00:27:48 +0200] "GET /fonts/fontawesome-webfont.woff2?v=4.6.3 HTTP/1.1" 404 9736 "https://news365.stream/" "Mozilla/5.0 (Macintosh; Intel Mac OS X 10_7_3) AppleWebKit/537.36 (KHTML, like Gecko, Mediapartners-Google) Chrome/146.0.7680.164 Safari/537.36"
72.14.199.229 - - [06/Apr/2026:00:27:48 +0200] "GET /fonts/fontawesome-webfont.woff?v=4.6.3 HTTP/1.1" 404 9713 "https://news365.stream/" "Mozilla/5.0 (Macintosh; Intel Mac OS X 10_7_3) AppleWebKit/537.36 (KHTML, like Gecko, Mediapartners-Google) Chrome/146.0.7680.164 Safari/537.36"
72.14.199.231 - - [06/Apr/2026:00:27:49 +0200] "GET /fonts/fontawesome-webfont.ttf?v=4.6.3 HTTP/1.1" 404 9855 "https://news365.stream/" "Mozilla/5.0 (Macintosh; Intel Mac OS X 10_7_3) AppleWebKit/537.36 (KHTML, like Gecko, Mediapartners-Google) Chrome/146.0.7680.164 Safari/537.36"
72.14.199.230 - - [06/Apr/2026:00:27:50 +0200] "GET /fonts/fontawesome-webfont.woff2?v=4.6.3 HTTP/1.1" 404 9887 "https://news365.stream/" "Mozilla/5.0 (Linux; Android 4.0.4; Galaxy Nexus Build/IMM76B) AppleWebKit/537.36 (KHTML, like Gecko; Mediapartners-Google) Chrome/146.0.7680.164 Mobile Safari/537.36"
72.14.199.230 - - [06/Apr/2026:00:27:50 +0200] "GET /fonts/fontawesome-webfont.woff?v=4.6.3 HTTP/1.1" 404 9860 "https://news365.stream/" "Mozilla/5.0 (Linux; Android 4.0.4; Galaxy Nexus Build/IMM76B) AppleWebKit/537.36 (KHTML, like Gecko; Mediapartners-Google) Chrome/146.0.7680.164 Mobile Safari/537.36"
72.14.199.231 - - [06/Apr/2026:00:27:50 +0200] "GET /pandemic-scrambles-house-democrats-election-year-agenda/fonts/fontawesome-webfont.woff2?v=4.6.3 HTTP/1.1" 404 10005 "https://news365.stream/pandemic-scrambles-house-democrats-election-year-agenda/" "Mozilla/5.0 (Macintosh; Intel Mac OS X 10_7_3) AppleWebKit/537.36 (KHTML, like Gecko, Mediapartners-Google) Chrome/146.0.7680.164 Safari/537.36"
72.14.199.229 - - [06/Apr/2026:00:27:51 +0200] "GET /fonts/fontawesome-webfont.ttf?v=4.6.3 HTTP/1.1" 404 9706 "https://news365.stream/" "Mozilla/5.0 (Linux; Android 4.0.4; Galaxy Nexus Build/IMM76B) AppleWebKit/537.36 (KHTML, like Gecko; Mediapartners-Google) Chrome/146.0.7680.164 Mobile Safari/537.36"
47.128.40.61 - - [06/Apr/2026:00:27:51 +0200] "GET /wp-content/uploads/2018/04/903127-375x195.jpg HTTP/1.1" 206 500 "https://news365.stream/?C=S%3BO%3DA%2Fpage%2F17%2F%2Fpage%2F2%2F%2Fpage%2F2%2F%2Fpage%2F2%2F%2Fpage%2F17%2F%2Fpage%2F2%2F%2Fpage%2F2%2F%2Fpage%2F17%2F%2Fpage%2F3%2F%2Fpage%2F2%2F%2Fpage%2F2%2F%2Fpage%2F17%2F%2Fpage%2F17%2F%2Fpage%2F2%2F%2Fpage%2F3%2F%2Fpage%2F17%2F%2Fpage%2F2%2F%2Fpage%2F2%2F%2Fpage%2F2%2F%2Fpage%2F17%2F%2Fpage%2F17%2F%2Fpage%2F17%2F%2Fpage%2F3%2F%2Fpage%2F17%2F%2Fpage%2F3%2F%2Fpage%2F17%2F" "Mozilla/5.0 (Linux; Android 5.0) AppleWebKit/537.36 (KHTML, like Gecko) Mobile Safari/537.36 (compatible; Bytespider; spider-feedback@bytedance.com)"
72.14.199.228 - - [06/Apr/2026:00:27:51 +0200] "GET /pandemic-scrambles-house-democrats-election-year-agenda/fonts/fontawesome-webfont.woff?v=4.6.3 HTTP/1.1" 404 10263 "https://news365.stream/pandemic-scrambles-house-democrats-election-year-agenda/" "Mozilla/5.0 (Macintosh; Intel Mac OS X 10_7_3) AppleWebKit/537.36 (KHTML, like Gecko, Mediapartners-Google) Chrome/146.0.7680.164 Safari/537.36"
72.14.199.230 - - [06/Apr/2026:00:27:51 +0200] "GET /pandemic-scrambles-house-democrats-election-year-agenda/fonts/fontawesome-webfont.woff2?v=4.6.3 HTTP/1.1" 404 10247 "https://news365.stream/pandemic-scrambles-house-democrats-election-year-agenda/" "Mozilla/5.0 (Linux; Android 4.0.4; Galaxy Nexus Build/IMM76B) AppleWebKit/537.36 (KHTML, like Gecko; Mediapartners-Google) Chrome/146.0.7680.164 Mobile Safari/537.36"
72.14.199.229 - - [06/Apr/2026:00:27:52 +0200] "GET /pandemic-scrambles-house-democrats-election-year-agenda/fonts/fontawesome-webfont.ttf?v=4.6.3 HTTP/1.1" 404 10320 "https://news365.stream/pandemic-scrambles-house-democrats-election-year-agenda/" "Mozilla/5.0 (Macintosh; Intel Mac OS X 10_7_3) AppleWebKit/537.36 (KHTML, like Gecko, Mediapartners-Google) Chrome/146.0.7680.164 Safari/537.36"
72.14.199.228 - - [06/Apr/2026:00:27:52 +0200] "GET /grenell-moving-to-declassify-flynn-kislyak-transcripts/fonts/fontawesome-webfont.woff2?v=4.6.3 HTTP/1.1" 404 10249 "https://news365.stream/grenell-moving-to-declassify-flynn-kislyak-transcripts/" "Mozilla/5.0 (Macintosh; Intel Mac OS X 10_7_3) AppleWebKit/537.36 (KHTML, like Gecko, Mediapartners-Google) Chrome/146.0.7680.164 Safari/537.36"
72.14.199.228 - - [06/Apr/2026:00:27:52 +0200] "GET /pandemic-scrambles-house-democrats-election-year-agenda/fonts/fontawesome-webfont.woff?v=4.6.3 HTTP/1.1" 404 10230 "https://news365.stream/pandemic-scrambles-house-democrats-election-year-agenda/" "Mozilla/5.0 (Linux; Android 4.0.4; Galaxy Nexus Build/IMM76B) AppleWebKit/537.36 (KHTML, like Gecko; Mediapartners-Google) Chrome/146.0.7680.164 Mobile Safari/537.36"
72.14.199.229 - - [06/Apr/2026:00:27:53 +0200] "GET /pandemic-scrambles-house-democrats-election-year-agenda/fonts/fontawesome-webfont.ttf?v=4.6.3 HTTP/1.1" 404 10236 "https://news365.stream/pandemic-scrambles-house-democrats-election-year-agenda/" "Mozilla/5.0 (Linux; Android 4.0.4; Galaxy Nexus Build/IMM76B) AppleWebKit/537.36 (KHTML, like Gecko; Mediapartners-Google) Chrome/146.0.7680.164 Mobile Safari/537.36"
72.14.199.230 - - [06/Apr/2026:00:27:53 +0200] "GET /grenell-moving-to-declassify-flynn-kislyak-transcripts/fonts/fontawesome-webfont.woff?v=4.6.3 HTTP/1.1" 404 10412 "https://news365.stream/grenell-moving-to-declassify-flynn-kislyak-transcripts/" "Mozilla/5.0 (Macintosh; Intel Mac OS X 10_7_3) AppleWebKit/537.36 (KHTML, like Gecko, Mediapartners-Google) Chrome/146.0.7680.164 Safari/537.36"
72.14.199.229 - - [06/Apr/2026:00:27:53 +0200] "GET /grenell-moving-to-declassify-flynn-kislyak-transcripts/fonts/fontawesome-webfont.ttf?v=4.6.3 HTTP/1.1" 404 10177 "https://news365.stream/grenell-moving-to-declassify-flynn-kislyak-transcripts/" "Mozilla/5.0 (Macintosh; Intel Mac OS X 10_7_3) AppleWebKit/537.36 (KHTML, like Gecko, Mediapartners-Google) Chrome/146.0.7680.164 Safari/537.36"
72.14.199.229 - - [06/Apr/2026:00:27:53 +0200] "GET /grenell-moving-to-declassify-flynn-kislyak-transcripts/fonts/fontawesome-webfont.woff2?v=4.6.3 HTTP/1.1" 404 10240 "https://news365.stream/grenell-moving-to-declassify-flynn-kislyak-transcripts/" "Mozilla/5.0 (Linux; Android 4.0.4; Galaxy Nexus Build/IMM76B) AppleWebKit/537.36 (KHTML, like Gecko; Mediapartners-Google) Chrome/146.0.7680.164 Mobile Safari/537.36"
72.14.199.229 - - [06/Apr/2026:00:27:54 +0200] "GET /grenell-moving-to-declassify-flynn-kislyak-transcripts/fonts/fontawesome-webfont.woff?v=4.6.3 HTTP/1.1" 404 10130 "https://news365.stream/grenell-moving-to-declassify-flynn-kislyak-transcripts/" "Mozilla/5.0 (Linux; Android 4.0.4; Galaxy Nexus Build/IMM76B) AppleWebKit/537.36 (KHTML, like Gecko; Mediapartners-Google) Chrome/146.0.7680.164 Mobile Safari/537.36"
72.14.199.229 - - [06/Apr/2026:00:27:55 +0200] "GET /grenell-moving-to-declassify-flynn-kislyak-transcripts/fonts/fontawesome-webfont.ttf?v=4.6.3 HTTP/1.1" 404 10251 "https://news365.stream/grenell-moving-to-declassify-flynn-kislyak-transcripts/" "Mozilla/5.0 (Linux; Android 4.0.4; Galaxy Nexus Build/IMM76B) AppleWebKit/537.36 (KHTML, like Gecko; Mediapartners-Google) Chrome/146.0.7680.164 Mobile Safari/537.36"
161.97.137.93 - - [06/Apr/2026:00:28:29 +0200] "POST /wp-cron.php?doing_wp_cron=1775428109.4251739978790283203125 HTTP/1.1" 404 9808 "https://news365.stream/wp-cron.php?doing_wp_cron=1775428109.4251739978790283203125" "WordPress/4.9.26; https://news365.stream"
85.208.96.210 - - [06/Apr/2026:00:28:30 +0200] "GET /schiff-now-says-whistleblower-may-not-need-to-testify-wants-to-keep-his-identity-secret/ HTTP/1.1" 200 18310 "-" "Mozilla/5.0 (compatible; SemrushBot/7~bl; +http://www.semrush.com/bot.html)"
161.97.137.93 - - [06/Apr/2026:00:31:08 +0200] "POST /wp-cron.php?doing_wp_cron=1775428268.4739859104156494140625 HTTP/1.1" 404 9732 "https://news365.stream/wp-cron.php?doing_wp_cron=1775428268.4739859104156494140625" "WordPress/4.9.26; https://news365.stream"
47.128.40.65 - - [06/Apr/2026:00:31:08 +0200] "GET /?C=M%3BO%3DA%2Fpage%2F2%2F%2Fpage%2F2%2F%2Fpage%2F2%2F%2Fpage%2F3%2F%2Fpage%2F2%2F%2Fpage%2F3%2F%2Fpage%2F2%2F%2Fpage%2F3%2F%2Fpage%2F2%2F%2Fpage%2F17%2F%2Fpage%2F3%2F%2Fpage%2F2%2F%2Fpage%2F17%2F%2Fpage%2F17%2F%2Fpage%2F3%2F%2Fpage%2F3%2F%2Fpage%2F3%2F%2Fpage%2F3%2F%2Fpage%2F3%2F%2Fpage%2F3%2F%2Fpage%2F3%2F%2Fpage%2F17%2F%2Fpage%2F2%2F/page/2/ HTTP/1.1" 301 0 "-" "Mozilla/5.0 (Linux; Android 5.0) AppleWebKit/537.36 (KHTML, like Gecko) Mobile Safari/537.36 (compatible; Bytespider; spider-feedback@bytedance.com)"
85.208.96.212 - - [06/Apr/2026:00:31:13 +0200] "GET /%D0%B1%D1%8A%D0%BB%D0%B3%D0%B0%D1%80%D0%B8%D1%8F-%D0%BE%D1%89%D0%B5-%D0%BD%D0%B5-%D0%B5-%D1%83%D0%B7%D1%80%D1%8F%D0%BB%D0%B0-%D0%B5%D0%B2%D1%80%D0%BE%D0%B7%D0%BE%D0%BD%D0%B0%D1%82%D0%B0/ HTTP/1.1" 200 18950 "-" "Mozilla/5.0 (compatible; SemrushBot/7~bl; +http://www.semrush.com/bot.html)"
47.128.40.65 - - [06/Apr/2026:00:31:17 +0200] "GET /?C=M%3BO%3DA%2Fpage%2F2%2F%2Fpage%2F2%2F%2Fpage%2F2%2F%2Fpage%2F3%2F%2Fpage%2F2%2F%2Fpage%2F3%2F%2Fpage%2F2%2F%2Fpage%2F3%2F%2Fpage%2F2%2F%2Fpage%2F17%2F%2Fpage%2F3%2F%2Fpage%2F2%2F%2Fpage%2F17%2F%2Fpage%2F17%2F%2Fpage%2F3%2F%2Fpage%2F3%2F%2Fpage%2F3%2F%2Fpage%2F3%2F%2Fpage%2F3%2F%2Fpage%2F3%2F%2Fpage%2F3%2F%2Fpage%2F17%2F%2Fpage%2F2%2F%2Fpage%2F2%2F HTTP/1.1" 200 19533 "-" "Mozilla/5.0 (Linux; Android 5.0) AppleWebKit/537.36 (KHTML, like Gecko) Mobile Safari/537.36 (compatible; Bytespider; spider-feedback@bytedance.com)"
85.208.96.202 - - [06/Apr/2026:00:31:18 +0200] "GET /why-trumps-focus-on-falling-death-rates-could-be-dangerous/ HTTP/1.1" 200 20109 "-" "Mozilla/5.0 (compatible; SemrushBot/7~bl; +http://www.semrush.com/bot.html)"
161.97.137.93 - - [06/Apr/2026:00:32:32 +0200] "POST /wp-cron.php?doing_wp_cron=1775428351.7955200672149658203125 HTTP/1.1" 404 9865 "https://news365.stream/wp-cron.php?doing_wp_cron=1775428351.7955200672149658203125" "WordPress/4.9.26; https://news365.stream"
85.208.96.203 - - [06/Apr/2026:00:32:32 +0200] "GET /trump-administration-recommends-americans-wear-cloth-masks-amid-pandemic/ HTTP/1.1" 200 17704 "-" "Mozilla/5.0 (compatible; SemrushBot/7~bl; +http://www.semrush.com/bot.html)"
85.208.96.194 - - [06/Apr/2026:00:32:58 +0200] "GET /category/news/page/9/ HTTP/1.1" 200 14373 "-" "Mozilla/5.0 (compatible; SemrushBot/7~bl; +http://www.semrush.com/bot.html)"
185.191.171.14 - - [06/Apr/2026:00:33:16 +0200] "GET /chrissy-teigen-creates-one-vicious-nickname-trump-potus-calls-filthy-mouthed/ HTTP/1.1" 200 18385 "-" "Mozilla/5.0 (compatible; SemrushBot/7~bl; +http://www.semrush.com/bot.html)"
161.97.137.93 - - [06/Apr/2026:00:33:42 +0200] "POST /wp-cron.php?doing_wp_cron=1775428422.3242089748382568359375 HTTP/1.1" 404 9653 "https://news365.stream/wp-cron.php?doing_wp_cron=1775428422.3242089748382568359375" "WordPress/4.9.26; https://news365.stream"
185.191.171.19 - - [06/Apr/2026:00:33:43 +0200] "GET /social-media-notices-castro-apparently-standing-on-a-booster-box-during-debate/ HTTP/1.1" 200 17938 "-" "Mozilla/5.0 (compatible; SemrushBot/7~bl; +http://www.semrush.com/bot.html)"
85.208.96.210 - - [06/Apr/2026:00:34:17 +0200] "GET /doj-watchdog-says-james-comey-violated-fbi-policy-in-handling-sensitive-memos/ HTTP/1.1" 200 18767 "-" "Mozilla/5.0 (compatible; SemrushBot/7~bl; +http://www.semrush.com/bot.html)"
161.97.137.93 - - [06/Apr/2026:00:34:50 +0200] "POST /wp-cron.php?doing_wp_cron=1775428490.3002550601959228515625 HTTP/1.1" 404 9718 "https://news365.stream/wp-cron.php?doing_wp_cron=1775428490.3002550601959228515625" "WordPress/4.9.26; https://news365.stream"
85.208.96.195 - - [06/Apr/2026:00:34:51 +0200] "GET /who-sunday-was-record-day-for-coronavirus-infections/ HTTP/1.1" 200 17526 "-" "Mozilla/5.0 (compatible; SemrushBot/7~bl; +http://www.semrush.com/bot.html)"
85.208.96.211 - - [06/Apr/2026:00:35:00 +0200] "GET /here-are-the-five-senate-factions-that-will-decide-trumps-fate/ HTTP/1.1" 200 20613 "-" "Mozilla/5.0 (compatible; SemrushBot/7~bl; +http://www.semrush.com/bot.html)"
85.208.96.204 - - [06/Apr/2026:00:35:19 +0200] "GET /cory-booker-calls-planned-parenthood-closings-ohio-existential-threat-america/ HTTP/1.1" 200 18446 "-" "Mozilla/5.0 (compatible; SemrushBot/7~bl; +http://www.semrush.com/bot.html)"
66.249.79.228 - - [06/Apr/2026:00:35:58 +0200] "GET / HTTP/1.1" 200 19241 "-" "Mozilla/5.0 (Linux; Android 6.0.1; Nexus 5X Build/MMB29P) AppleWebKit/537.36 (KHTML, like Gecko) Chrome/146.0.7680.177 Mobile Safari/537.36 (compatible; Googlebot/2.1; +http://www.google.com/bot.html)"
85.208.96.207 - - [06/Apr/2026:00:36:20 +0200] "GET /pelosi-on-impeachment-trial-you-cannot-be-acquitted-if-you-dont-have-a-trial/ HTTP/1.1" 200 17196 "-" "Mozilla/5.0 (compatible; SemrushBot/7~bl; +http://www.semrush.com/bot.html)"
161.97.137.93 - - [06/Apr/2026:00:38:30 +0200] "POST /wp-cron.php?doing_wp_cron=1775428709.9621729850769042968750 HTTP/1.1" 404 9792 "https://news365.stream/wp-cron.php?doing_wp_cron=1775428709.9621729850769042968750" "WordPress/4.9.26; https://news365.stream"
51.75.236.138 - - [06/Apr/2026:00:38:30 +0200] "GET /%D0%BC%D0%B0%D1%80%D0%BA%D0%BE%D0%B2%D1%81%D0%BA%D0%B8-%D1%81%D0%B2%D0%B5%D1%82%D0%B5%D1%89%D0%BE%D1%82%D0%BE-%D0%B2%D0%B5%D1%89%D0%B5%D1%81%D1%82%D0%B2%D0%BE-%D0%BF%D0%B0%D1%80%D0%B8/ HTTP/1.1" 200 16891 "-" "Mozilla/5.0 (compatible; AhrefsBot/7.0; +http://ahrefs.com/robot/)"
161.97.137.93 - - [06/Apr/2026:00:39:40 +0200] "POST /wp-cron.php?doing_wp_cron=1775428780.4220030307769775390625 HTTP/1.1" 404 9816 "https://news365.stream/wp-cron.php?doing_wp_cron=1775428780.4220030307769775390625" "WordPress/4.9.26; https://news365.stream"
47.82.10.194 - - [06/Apr/2026:00:39:40 +0200] "GET /category/us-news/page/48/ HTTP/1.1" 200 13532 "https://news365.stream/" "Mozilla/5.0 (Macintosh; Intel Mac OS X 10.15; rv:136.0) Gecko/20100101 Firefox/136.0"
85.208.96.209 - - [06/Apr/2026:00:39:52 +0200] "GET /breaking-trump-signals-delayed-immigration-raids-happen-4th-july/ HTTP/1.1" 200 18628 "-" "Mozilla/5.0 (compatible; SemrushBot/7~bl; +http://www.semrush.com/bot.html)"
20.194.110.188 - - [06/Apr/2026:00:40:14 +0200] "GET /admin.php HTTP/1.1" 404 9744 "-" "Mozilla/5.0 (Windows NT 10.0; Win64; x64) AppleWebKit/537.36 (KHTML, like Gecko) Chrome/120.0.0.0 Safari/537.36"
20.194.110.188 - - [06/Apr/2026:00:40:15 +0200] "GET /about.php HTTP/1.1" 404 9748 "-" "Mozilla/5.0 (Windows NT 10.0; Win64; x64) AppleWebKit/537.36 (KHTML, like Gecko) Chrome/120.0.0.0 Safari/537.36"
20.194.110.188 - - [06/Apr/2026:00:40:15 +0200] "GET /cgi-bin/ HTTP/1.1" 404 9864 "-" "Mozilla/5.0 (Windows NT 10.0; Win64; x64) AppleWebKit/537.36 (KHTML, like Gecko) Chrome/120.0.0.0 Safari/537.36"
20.194.110.188 - - [06/Apr/2026:00:40:15 +0200] "GET /wp-content/themes/ HTTP/1.1" 200 0 "-" "Mozilla/5.0 (Windows NT 10.0; Win64; x64) AppleWebKit/537.36 (KHTML, like Gecko) Chrome/120.0.0.0 Safari/537.36"
20.194.110.188 - - [06/Apr/2026:00:40:16 +0200] "GET /adminfuns.php HTTP/1.1" 404 9728 "-" "Mozilla/5.0 (Windows NT 10.0; Win64; x64) AppleWebKit/537.36 (KHTML, like Gecko) Chrome/120.0.0.0 Safari/537.36"
20.194.110.188 - - [06/Apr/2026:00:40:17 +0200] "GET /edit.php HTTP/1.1" 404 9937 "-" "Mozilla/5.0 (Windows NT 10.0; Win64; x64) AppleWebKit/537.36 (KHTML, like Gecko) Chrome/120.0.0.0 Safari/537.36"
20.194.110.188 - - [06/Apr/2026:00:40:17 +0200] "GET /.well-known/logs233/index.php HTTP/1.1" 301 0 "-" "Mozilla/5.0 (Windows NT 10.0; Win64; x64) AppleWebKit/537.36 (KHTML, like Gecko) Chrome/120.0.0.0 Safari/537.36"
20.194.110.188 - - [06/Apr/2026:00:40:17 +0200] "GET /wp-admin/maint/ HTTP/1.1" 200 308 "-" "Mozilla/5.0 (Windows NT 10.0; Win64; x64) AppleWebKit/537.36 (KHTML, like Gecko) Chrome/120.0.0.0 Safari/537.36"
20.194.110.188 - - [06/Apr/2026:00:40:18 +0200] "GET /wp-admin/ HTTP/1.1" 302 0 "-" "Mozilla/5.0 (Windows NT 10.0; Win64; x64) AppleWebKit/537.36 (KHTML, like Gecko) Chrome/120.0.0.0 Safari/537.36"
20.194.110.188 - - [06/Apr/2026:00:40:19 +0200] "GET /lite.php HTTP/1.1" 404 9809 "-" "Mozilla/5.0 (Windows NT 10.0; Win64; x64) AppleWebKit/537.36 (KHTML, like Gecko) Chrome/120.0.0.0 Safari/537.36"
20.194.110.188 - - [06/Apr/2026:00:40:19 +0200] "GET /wp-admin/js/ HTTP/1.1" 200 1826 "-" "Mozilla/5.0 (Windows NT 10.0; Win64; x64) AppleWebKit/537.36 (KHTML, like Gecko) Chrome/120.0.0.0 Safari/537.36"
20.194.110.188 - - [06/Apr/2026:00:40:19 +0200] "GET /wp-includes/ HTTP/1.1" 200 3566 "-" "Mozilla/5.0 (Windows NT 10.0; Win64; x64) AppleWebKit/537.36 (KHTML, like Gecko) Chrome/120.0.0.0 Safari/537.36"
20.194.110.188 - - [06/Apr/2026:00:40:20 +0200] "GET /wp-content/uploads/ HTTP/1.1" 200 416 "-" "Mozilla/5.0 (Windows NT 10.0; Win64; x64) AppleWebKit/537.36 (KHTML, like Gecko) Chrome/120.0.0.0 Safari/537.36"
20.194.110.188 - - [06/Apr/2026:00:40:20 +0200] "GET /wp-admin/js/widgets/ HTTP/1.1" 200 553 "-" "Mozilla/5.0 (Windows NT 10.0; Win64; x64) AppleWebKit/537.36 (KHTML, like Gecko) Chrome/120.0.0.0 Safari/537.36"
20.194.110.188 - - [06/Apr/2026:00:40:20 +0200] "GET /wp-content/themes/admin.php HTTP/1.1" 404 10203 "-" "Mozilla/5.0 (Windows NT 10.0; Win64; x64) AppleWebKit/537.36 (KHTML, like Gecko) Chrome/120.0.0.0 Safari/537.36"
20.194.110.188 - - [06/Apr/2026:00:40:21 +0200] "GET /wk/index.php HTTP/1.1" 301 0 "-" "Mozilla/5.0 (Windows NT 10.0; Win64; x64) AppleWebKit/537.36 (KHTML, like Gecko) Chrome/120.0.0.0 Safari/537.36"
20.194.110.188 - - [06/Apr/2026:00:40:22 +0200] "GET /wp-content/plugins/plugin/index.php HTTP/1.1" 301 0 "-" "Mozilla/5.0 (Windows NT 10.0; Win64; x64) AppleWebKit/537.36 (KHTML, like Gecko) Chrome/120.0.0.0 Safari/537.36"
20.194.110.188 - - [06/Apr/2026:00:40:22 +0200] "GET /wp-content/themes/index.php HTTP/1.1" 200 0 "-" "Mozilla/5.0 (Windows NT 10.0; Win64; x64) AppleWebKit/537.36 (KHTML, like Gecko) Chrome/120.0.0.0 Safari/537.36"
20.194.110.188 - - [06/Apr/2026:00:40:22 +0200] "GET /wp-content/themes/theme/about.php HTTP/1.1" 404 10155 "-" "Mozilla/5.0 (Windows NT 10.0; Win64; x64) AppleWebKit/537.36 (KHTML, like Gecko) Chrome/120.0.0.0 Safari/537.36"
20.194.110.188 - - [06/Apr/2026:00:40:23 +0200] "GET /file.php HTTP/1.1" 404 9840 "-" "Mozilla/5.0 (Windows NT 10.0; Win64; x64) AppleWebKit/537.36 (KHTML, like Gecko) Chrome/120.0.0.0 Safari/537.36"
20.194.110.188 - - [06/Apr/2026:00:40:24 +0200] "GET /inputs.php HTTP/1.1" 404 9879 "-" "Mozilla/5.0 (Windows NT 10.0; Win64; x64) AppleWebKit/537.36 (KHTML, like Gecko) Chrome/120.0.0.0 Safari/537.36"
20.194.110.188 - - [06/Apr/2026:00:40:24 +0200] "GET /wp-includes/js/crop/ HTTP/1.1" 200 391 "-" "Mozilla/5.0 (Windows NT 10.0; Win64; x64) AppleWebKit/537.36 (KHTML, like Gecko) Chrome/120.0.0.0 Safari/537.36"
15.253.19.74 - - [06/Apr/2026:00:40:36 +0200] "POST /wp-login.php HTTP/1.1" 200 3460 "-" "Mozilla/5.0"
15.253.19.74 - - [06/Apr/2026:00:40:36 +0200] "POST /wp-login.php HTTP/1.1" 200 3521 "-" "Mozilla/5.0"
85.208.96.208 - - [06/Apr/2026:00:42:15 +0200] "GET /black-caucus-seeks-to-squash-liberal-insurgents/ HTTP/1.1" 403 285 "-" "Mozilla/5.0 (compatible; SemrushBot/7~bl; +http://www.semrush.com/bot.html)"
161.97.137.93 - - [06/Apr/2026:00:42:17 +0200] "POST /wp-cron.php?doing_wp_cron=1775428937.3309481143951416015625 HTTP/1.1" 404 9876 "https://news365.stream/wp-cron.php?doing_wp_cron=1775428937.3309481143951416015625" "WordPress/4.9.26; https://news365.stream"
185.191.171.5 - - [06/Apr/2026:00:42:18 +0200] "GET /nypd-officer-tragically-killed-friendly-fire-confrontation/ HTTP/1.1" 200 17952 "-" "Mozilla/5.0 (compatible; SemrushBot/7~bl; +http://www.semrush.com/bot.html)"
47.128.40.245 - - [06/Apr/2026:00:43:01 +0200] "GET /?C=M%3BO=D%2Fpage%2F17%2F%2Fpage%2F3%2F%2Fpage%2F2%2F%2Fpage%2F3%2F%2Fpage%2F3%2F%2Fpage%2F17%2F%2Fpage%2F2%2F%2Fpage%2F2%2F%2Fpage%2F17%2F%2Fpage%2F3%2F%2Fpage%2F3%2F HTTP/1.1" 301 0 "-" "Mozilla/5.0 (compatible; Bytespider; spider-feedback@bytedance.com) AppleWebKit/537.36 (KHTML, like Gecko) Chrome/70.0.0.0 Safari/537.36"
47.128.40.245 - - [06/Apr/2026:00:43:02 +0200] "GET /?C=M%3BO%3DD%2Fpage%2F17%2F%2Fpage%2F3%2F%2Fpage%2F2%2F%2Fpage%2F3%2F%2Fpage%2F3%2F%2Fpage%2F17%2F%2Fpage%2F2%2F%2Fpage%2F2%2F%2Fpage%2F17%2F%2Fpage%2F3%2F%2Fpage%2F3%2F HTTP/1.1" 502 552 "-" "Mozilla/5.0 (compatible; Bytespider; spider-feedback@bytedance.com) AppleWebKit/537.36 (KHTML, like Gecko) Chrome/70.0.0.0 Safari/537.36"
161.97.137.93 - - [06/Apr/2026:00:43:55 +0200] "POST /wp-cron.php?doing_wp_cron=1775429034.9508030414581298828125 HTTP/1.1" 404 9611 "https://news365.stream/wp-cron.php?doing_wp_cron=1775429034.9508030414581298828125" "WordPress/4.9.26; https://news365.stream"
85.208.96.199 - - [06/Apr/2026:00:43:55 +0200] "GET /%D1%80%D0%B0%D0%B4%D0%B5%D0%B2-%D1%81-%D0%BE%D1%82%D0%B2%D0%B5%D1%82%D0%B5%D0%BD-%D1%83%D0%B4%D0%B0%D1%80-%D1%86%D0%B2%D0%B5%D1%82%D0%B0%D0%BD%D0%BE%D0%B2-%D1%82%D1%80%D1%83%D0%B4%D0%BD%D0%BE-%D0%BE/ HTTP/1.1" 200 19502 "-" "Mozilla/5.0 (compatible; SemrushBot/7~bl; +http://www.semrush.com/bot.html)"
82.167.45.19 - - [06/Apr/2026:00:44:30 +0200] "GET /tag/donald-trump-foreign-policy/page/44/ HTTP/1.1" 200 14611 "-" "Mozilla/5.0 (Windows NT 10.0; Win64; x64) AppleWebKit/537.36 (KHTML, like Gecko) Chrome/126.0.6478.55 Safari/537.36"
85.208.96.208 - - [06/Apr/2026:00:44:56 +0200] "GET /full-text-details-of-the-coronavirus-relief-bill/ HTTP/1.1" 403 285 "-" "Mozilla/5.0 (compatible; SemrushBot/7~bl; +http://www.semrush.com/bot.html)"
161.97.137.93 - - [06/Apr/2026:00:47:01 +0200] "POST /wp-cron.php?doing_wp_cron=1775429220.9588859081268310546875 HTTP/1.1" 404 9903 "https://news365.stream/wp-cron.php?doing_wp_cron=1775429220.9588859081268310546875" "WordPress/4.9.26; https://news365.stream"
47.128.40.238 - - [06/Apr/2026:00:47:01 +0200] "GET /?C=M%3BO=A%2Fpage%2F2%2F%2Fpage%2F2%2F%2Fpage%2F2%2F%2Fpage%2F3%2F%2Fpage%2F17%2F%2Fpage%2F3%2F%2Fpage%2F2%2F%2Fpage%2F2%2F%2Fpage%2F2%2F%2Fpage%2F2%2F%2Fpage%2F2%2F%2Fpage%2F3%2F%2Fpage%2F17%2F%2Fpage%2F3%2F%2Fpage%2F17%2F%2Fpage%2F3%2F%2Fpage%2F17%2F%2Fpage%2F3%2F%2Fpage%2F17%2F%2Fpage%2F3%2F%2Fpage%2F2%2F%2Fpage%2F17%2F%2Fpage%2F2%2F%2Fpage%2F3%2F%2Fpage%2F2%2F HTTP/1.1" 301 0 "-" "Mozilla/5.0 (compatible; Bytespider; spider-feedback@bytedance.com) AppleWebKit/537.36 (KHTML, like Gecko) Chrome/70.0.0.0 Safari/537.36"
47.128.40.238 - - [06/Apr/2026:00:47:03 +0200] "GET /?C=M%3BO%3DA%2Fpage%2F2%2F%2Fpage%2F2%2F%2Fpage%2F2%2F%2Fpage%2F3%2F%2Fpage%2F17%2F%2Fpage%2F3%2F%2Fpage%2F2%2F%2Fpage%2F2%2F%2Fpage%2F2%2F%2Fpage%2F2%2F%2Fpage%2F2%2F%2Fpage%2F3%2F%2Fpage%2F17%2F%2Fpage%2F3%2F%2Fpage%2F17%2F%2Fpage%2F3%2F%2Fpage%2F17%2F%2Fpage%2F3%2F%2Fpage%2F17%2F%2Fpage%2F3%2F%2Fpage%2F2%2F%2Fpage%2F17%2F%2Fpage%2F2%2F%2Fpage%2F3%2F%2Fpage%2F2%2F HTTP/1.1" 502 552 "-" "Mozilla/5.0 (compatible; Bytespider; spider-feedback@bytedance.com) AppleWebKit/537.36 (KHTML, like Gecko) Chrome/70.0.0.0 Safari/537.36"
161.97.137.93 - - [06/Apr/2026:00:48:14 +0200] "POST /wp-cron.php?doing_wp_cron=1775429294.6578559875488281250000 HTTP/1.1" 404 9740 "https://news365.stream/wp-cron.php?doing_wp_cron=1775429294.6578559875488281250000" "WordPress/4.9.26; https://news365.stream"
85.208.96.210 - - [06/Apr/2026:00:48:15 +0200] "GET /tomi-sparks-controversy-by-ripping-harris-over-her-willie-brown-relationship/ HTTP/1.1" 200 19264 "-" "Mozilla/5.0 (compatible; SemrushBot/7~bl; +http://www.semrush.com/bot.html)"
20.151.229.110 - - [06/Apr/2026:00:48:55 +0200] "GET /wp-admin/network/about.php HTTP/1.1" 302 0 "-" "-"
