47.128.40.66 - - [05/Apr/2026:19:27:21 +0200] "GET /wp-content/uploads/2017/12/759680-145x100.jpg HTTP/1.1" 206 500 "https://news365.stream/?C=N%3BO%3DD%2Fpage%2F3%2F%2Fpage%2F2%2F%2Fpage%2F17%2F%2Fpage%2F2%2F%2Fpage%2F2%2F%2Fpage%2F17%2F%2Fpage%2F2%2F%2Fpage%2F2%2F%2Fpage%2F17%2F%2Fpage%2F17%2F%2Fpage%2F17%2F%2Fpage%2F17%2F%2Fpage%2F2%2F%2Fpage%2F2%2F%2Fpage%2F2%2F%2Fpage%2F17%2F%2Fpage%2F2%2F" "Mozilla/5.0 (compatible; Bytespider; spider-feedback@bytedance.com) AppleWebKit/537.36 (KHTML, like Gecko) Chrome/70.0.0.0 Safari/537.36"
85.208.96.197 - - [05/Apr/2026:19:27:53 +0200] "GET /trump-called-ppe-shortages-fake-news-health-care-workers-say-theyre-still-a-real-problem/ HTTP/1.1" 200 19676 "-" "Mozilla/5.0 (compatible; SemrushBot/7~bl; +http://www.semrush.com/bot.html)"
198.235.24.102 - - [05/Apr/2026:19:27:57 +0200] "GET / HTTP/1.1" 200 187498 "-" "Hello from Palo Alto Networks, find out more about our scans in https://docs-cortex.paloaltonetworks.com/r/1/Cortex-Xpanse/Scanning-activity"
51.195.244.198 - - [05/Apr/2026:19:28:20 +0200] "GET /wp-content/uploads/2018/01/26234870_1580787058681572_42822968_n-145x100.jpg HTTP/1.1" 200 4661 "-" "Mozilla/5.0 (compatible; AhrefsBot/7.0; +http://ahrefs.com/robot/)"
47.128.40.49 - - [05/Apr/2026:19:31:05 +0200] "GET /?C=M%3BO=A%2Fpage%2F2%2F%2Fpage%2F2%2F%2Fpage%2F17%2F%2Fpage%2F2%2F%2Fpage%2F2%2F%2Fpage%2F17%2F%2Fpage%2F3%2F%2Fpage%2F3%2F%2Fpage%2F2%2F%2Fpage%2F17%2F%2Fpage%2F17%2F%2Fpage%2F2%2F%2Fpage%2F17%2F%2Fpage%2F17%2F%2Fpage%2F17%2F%2Fpage%2F17%2F%2Fpage%2F17%2F%2Fpage%2F17%2F%2Fpage%2F2%2F%2Fpage%2F17%2F%2Fpage%2F2%2F%2Fpage%2F2%2F%2Fpage%2F3%2F%2Fpage%2F3%2F%2Fpage%2F17%2F%2Fpage%2F2%2F HTTP/1.1" 301 0 "-" "Mozilla/5.0 (compatible; Bytespider; spider-feedback@bytedance.com) AppleWebKit/537.36 (KHTML, like Gecko) Chrome/70.0.0.0 Safari/537.36"
47.128.40.49 - - [05/Apr/2026:19:31:06 +0200] "GET /?C=M%3BO%3DA%2Fpage%2F2%2F%2Fpage%2F2%2F%2Fpage%2F17%2F%2Fpage%2F2%2F%2Fpage%2F2%2F%2Fpage%2F17%2F%2Fpage%2F3%2F%2Fpage%2F3%2F%2Fpage%2F2%2F%2Fpage%2F17%2F%2Fpage%2F17%2F%2Fpage%2F2%2F%2Fpage%2F17%2F%2Fpage%2F17%2F%2Fpage%2F17%2F%2Fpage%2F17%2F%2Fpage%2F17%2F%2Fpage%2F17%2F%2Fpage%2F2%2F%2Fpage%2F17%2F%2Fpage%2F2%2F%2Fpage%2F2%2F%2Fpage%2F3%2F%2Fpage%2F3%2F%2Fpage%2F17%2F%2Fpage%2F2%2F HTTP/1.1" 200 19755 "-" "Mozilla/5.0 (compatible; Bytespider; spider-feedback@bytedance.com) AppleWebKit/537.36 (KHTML, like Gecko) Chrome/70.0.0.0 Safari/537.36"
85.208.96.204 - - [05/Apr/2026:19:31:15 +0200] "GET /heres-how-trump-could-beat-the-rap-on-the-pandemic/ HTTP/1.1" 200 21081 "-" "Mozilla/5.0 (compatible; SemrushBot/7~bl; +http://www.semrush.com/bot.html)"
161.97.137.93 - - [05/Apr/2026:19:32:11 +0200] "POST /wp-cron.php?doing_wp_cron=1775410331.3048200607299804687500 HTTP/1.1" 404 9847 "https://news365.stream/wp-cron.php?doing_wp_cron=1775410331.3048200607299804687500" "WordPress/4.9.26; https://news365.stream"
185.191.171.19 - - [05/Apr/2026:19:32:12 +0200] "GET /in-italys-coronavirus-epicenter-life-is-on-hold/ HTTP/1.1" 200 20161 "-" "Mozilla/5.0 (compatible; SemrushBot/7~bl; +http://www.semrush.com/bot.html)"
150.109.230.210 - - [05/Apr/2026:19:32:55 +0200] "GET /wp-content/uploads/2018/01/?C=M;O=D HTTP/1.1" 200 3832 "-" "Mozilla/5.0 (iPhone; CPU iPhone OS 13_2_3 like Mac OS X) AppleWebKit/605.1.15 (KHTML, like Gecko) Version/13.0.3 Mobile/15E148 Safari/604.1"
161.97.137.93 - - [05/Apr/2026:19:33:34 +0200] "POST /wp-cron.php?doing_wp_cron=1775410414.0228710174560546875000 HTTP/1.1" 404 9580 "https://news365.stream/wp-cron.php?doing_wp_cron=1775410414.0228710174560546875000" "WordPress/4.9.26; https://news365.stream"
51.195.183.104 - - [05/Apr/2026:19:33:34 +0200] "GET /how-6-blocks-in-seattle-became-a-microcosm-of-the-culture-wars/ HTTP/1.1" 200 17347 "-" "Mozilla/5.0 (compatible; AhrefsBot/7.0; +http://ahrefs.com/robot/)"
85.208.96.197 - - [05/Apr/2026:19:34:33 +0200] "GET /tag/donald-trump-foreign-policy/page/16/ HTTP/1.1" 200 14256 "-" "Mozilla/5.0 (compatible; SemrushBot/7~bl; +http://www.semrush.com/bot.html)"
185.191.171.15 - - [05/Apr/2026:19:34:49 +0200] "GET /white-house-sidelines-azar-from-coronavirus-response/ HTTP/1.1" 403 285 "-" "Mozilla/5.0 (compatible; SemrushBot/7~bl; +http://www.semrush.com/bot.html)"
161.97.137.93 - - [05/Apr/2026:19:35:01 +0200] "POST /wp-cron.php?doing_wp_cron=1775410501.4002521038055419921875 HTTP/1.1" 502 150 "https://news365.stream/wp-cron.php?doing_wp_cron=1775410501.4002521038055419921875" "WordPress/4.9.26; https://news365.stream"
110.136.28.170 - - [05/Apr/2026:19:35:01 +0200] "GET /category/us-news/page/34/ HTTP/1.1" 502 552 "-" "Mozilla/5.0 (Macintosh; Intel Mac OS X 12_7_4) AppleWebKit/537.36 (KHTML, like Gecko) Chrome/133.0.6943.98 Safari/537.36"
47.128.40.250 - - [05/Apr/2026:19:35:04 +0200] "GET /?C=S%3BO=A%2Fpage%2F2%2F%2Fpage%2F3%2F%2Fpage%2F17%2F%2Fpage%2F17%2F%2Fpage%2F3%2F%2Fpage%2F3%2F%2Fpage%2F2%2F%2Fpage%2F17%2F%2Fpage%2F2%2F%2Fpage%2F3%2F%2Fpage%2F2%2F%2Fpage%2F17%2F%2Fpage%2F2%2F HTTP/1.1" 502 552 "-" "Mozilla/5.0 (compatible; Bytespider; spider-feedback@bytedance.com) AppleWebKit/537.36 (KHTML, like Gecko) Chrome/70.0.0.0 Safari/537.36"
185.170.167.18 - - [05/Apr/2026:19:35:11 +0200] "GET /white-house-sidelines-azar-from-coronavirus-response/ HTTP/1.1" 200 20296 "-" "Mozilla/5.0 (compatible; BacklinksExtendedBot)"
185.191.171.9 - - [05/Apr/2026:19:35:26 +0200] "GET /its-primary-day-in-new-jersey-here-are-5-things-to-watch/ HTTP/1.1" 200 20527 "-" "Mozilla/5.0 (compatible; SemrushBot/7~bl; +http://www.semrush.com/bot.html)"
161.97.137.93 - - [05/Apr/2026:19:36:09 +0200] "POST /wp-cron.php?doing_wp_cron=1775410568.8364510536193847656250 HTTP/1.1" 404 9755 "https://news365.stream/wp-cron.php?doing_wp_cron=1775410568.8364510536193847656250" "WordPress/4.9.26; https://news365.stream"
185.191.171.12 - - [05/Apr/2026:19:36:09 +0200] "GET /%D0%BA%D1%80%D0%B5%D0%B0%D1%82%D0%B8%D0%B2%D0%B5%D0%BD-%D1%81%D0%B5%D0%BA%D1%81-%D0%B5%D0%BB%D0%B8%D1%82%D0%B0/ HTTP/1.1" 200 31419 "-" "Mozilla/5.0 (compatible; SemrushBot/7~bl; +http://www.semrush.com/bot.html)"
51.195.244.35 - - [05/Apr/2026:19:36:19 +0200] "GET /wp-content/uploads/2020/06/how-6-blocks-in-seattle-became-a-microcosm-of-the-culture-wars.jpg HTTP/1.1" 200 344371 "-" "Mozilla/5.0 (compatible; AhrefsBot/7.0; +http://ahrefs.com/robot/)"
51.195.244.128 - - [05/Apr/2026:19:36:51 +0200] "GET /wp-content/uploads/2020/06/how-6-blocks-in-seattle-became-a-microcosm-of-the-culture-wars-300x200.jpg HTTP/1.1" 200 20027 "-" "Mozilla/5.0 (compatible; AhrefsBot/7.0; +http://ahrefs.com/robot/)"
51.195.183.35 - - [05/Apr/2026:19:37:22 +0200] "GET /wp-content/uploads/2020/06/the-unhappy-liberals-inside-trumps-favorite-network-375x195.jpg HTTP/1.1" 200 25718 "-" "Mozilla/5.0 (compatible; AhrefsBot/7.0; +http://ahrefs.com/robot/)"
161.97.137.93 - - [05/Apr/2026:19:38:36 +0200] "POST /wp-cron.php?doing_wp_cron=1775410715.8823509216308593750000 HTTP/1.1" 404 9816 "https://news365.stream/wp-cron.php?doing_wp_cron=1775410715.8823509216308593750000" "WordPress/4.9.26; https://news365.stream"
185.191.171.19 - - [05/Apr/2026:19:38:36 +0200] "GET /pelosi-losing-patience-aoc-squad-imply-shes-racist/ HTTP/1.1" 200 20305 "-" "Mozilla/5.0 (compatible; SemrushBot/7~bl; +http://www.semrush.com/bot.html)"
66.249.79.228 - - [05/Apr/2026:19:38:45 +0200] "GET /%D0%BB%D0%B5%D0%BB%D1%8F-%D0%B3%D0%B8%D0%BD%D0%BA%D0%B0-%D0%BF%D1%80%D0%B5%D0%B2%D0%B7%D0%B5-%D1%81%D0%BE%D1%86%D0%B8%D0%B0%D0%BB%D0%BD%D0%B8%D1%82%D0%B5-%D0%BC%D1%80%D0%B5%D0%B6%D0%B8/ HTTP/1.1" 200 17803 "-" "Mozilla/5.0 (Linux; Android 6.0.1; Nexus 5X Build/MMB29P) AppleWebKit/537.36 (KHTML, like Gecko) Chrome/146.0.7680.177 Mobile Safari/537.36 (compatible; Googlebot/2.1; +http://www.google.com/bot.html)"
47.128.40.236 - - [05/Apr/2026:19:39:14 +0200] "GET /?C=M%3BO=D%2Fpage%2F2%2F%2Fpage%2F3%2F%2Fpage%2F17%2F%2Fpage%2F3%2F%2Fpage%2F3%2F%2Fpage%2F3%2F%2Fpage%2F2%2F%2Fpage%2F17%2F%2Fpage%2F2%2F%2Fpage%2F3%2F%2Fpage%2F2%2F%2Fpage%2F2%2F%2Fpage%2F17%2F%2Fpage%2F2%2F%2Fpage%2F17%2F%2Fpage%2F3%2F%2Fpage%2F3%2F%2Fpage%2F17%2F%2Fpage%2F17%2F%2Fpage%2F17%2F%2Fpage%2F2%2F%2Fpage%2F3%2F%2Fpage%2F2%2F%2Fpage%2F2%2F%2Fpage%2F3%2F HTTP/1.1" 301 0 "-" "Mozilla/5.0 (Linux; Android 5.0) AppleWebKit/537.36 (KHTML, like Gecko) Mobile Safari/537.36 (compatible; Bytespider; spider-feedback@bytedance.com)"
47.128.40.236 - - [05/Apr/2026:19:39:17 +0200] "GET /?C=M%3BO%3DD%2Fpage%2F2%2F%2Fpage%2F3%2F%2Fpage%2F17%2F%2Fpage%2F3%2F%2Fpage%2F3%2F%2Fpage%2F3%2F%2Fpage%2F2%2F%2Fpage%2F17%2F%2Fpage%2F2%2F%2Fpage%2F3%2F%2Fpage%2F2%2F%2Fpage%2F2%2F%2Fpage%2F17%2F%2Fpage%2F2%2F%2Fpage%2F17%2F%2Fpage%2F3%2F%2Fpage%2F3%2F%2Fpage%2F17%2F%2Fpage%2F17%2F%2Fpage%2F17%2F%2Fpage%2F2%2F%2Fpage%2F3%2F%2Fpage%2F2%2F%2Fpage%2F2%2F%2Fpage%2F3%2F HTTP/1.1" 200 19541 "-" "Mozilla/5.0 (Linux; Android 5.0) AppleWebKit/537.36 (KHTML, like Gecko) Mobile Safari/537.36 (compatible; Bytespider; spider-feedback@bytedance.com)"
47.128.40.236 - - [05/Apr/2026:19:39:33 +0200] "GET /wp-content/uploads/2018/03/%D0%97%D0%B0%D1%81%D0%BD%D0%B5%D0%BC%D0%B0%D0%BD%D0%B5-145x100.jpg HTTP/1.1" 206 500 "https://news365.stream/?C=M%3BO%3DD%2Fpage%2F2%2F%2Fpage%2F3%2F%2Fpage%2F17%2F%2Fpage%2F3%2F%2Fpage%2F3%2F%2Fpage%2F3%2F%2Fpage%2F2%2F%2Fpage%2F17%2F%2Fpage%2F2%2F%2Fpage%2F3%2F%2Fpage%2F2%2F%2Fpage%2F2%2F%2Fpage%2F17%2F%2Fpage%2F2%2F%2Fpage%2F17%2F%2Fpage%2F3%2F%2Fpage%2F3%2F%2Fpage%2F17%2F%2Fpage%2F17%2F%2Fpage%2F17%2F%2Fpage%2F2%2F%2Fpage%2F3%2F%2Fpage%2F2%2F%2Fpage%2F2%2F%2Fpage%2F3%2F" "Mozilla/5.0 (Linux; Android 5.0) AppleWebKit/537.36 (KHTML, like Gecko) Mobile Safari/537.36 (compatible; Bytespider; spider-feedback@bytedance.com)"
47.128.40.236 - - [05/Apr/2026:19:39:35 +0200] "GET /wp-content/uploads/2018/01/lavrov_1439619102-145x100.jpg HTTP/1.1" 206 500 "https://news365.stream/?C=M%3BO%3DD%2Fpage%2F2%2F%2Fpage%2F3%2F%2Fpage%2F17%2F%2Fpage%2F3%2F%2Fpage%2F3%2F%2Fpage%2F3%2F%2Fpage%2F2%2F%2Fpage%2F17%2F%2Fpage%2F2%2F%2Fpage%2F3%2F%2Fpage%2F2%2F%2Fpage%2F2%2F%2Fpage%2F17%2F%2Fpage%2F2%2F%2Fpage%2F17%2F%2Fpage%2F3%2F%2Fpage%2F3%2F%2Fpage%2F17%2F%2Fpage%2F17%2F%2Fpage%2F17%2F%2Fpage%2F2%2F%2Fpage%2F3%2F%2Fpage%2F2%2F%2Fpage%2F2%2F%2Fpage%2F3%2F" "Mozilla/5.0 (Linux; Android 5.0) AppleWebKit/537.36 (KHTML, like Gecko) Mobile Safari/537.36 (compatible; Bytespider; spider-feedback@bytedance.com)"
161.97.137.93 - - [05/Apr/2026:19:39:46 +0200] "POST /wp-cron.php?doing_wp_cron=1775410785.6993908882141113281250 HTTP/1.1" 404 9771 "https://news365.stream/wp-cron.php?doing_wp_cron=1775410785.6993908882141113281250" "WordPress/4.9.26; https://news365.stream"
185.191.171.14 - - [05/Apr/2026:19:39:46 +0200] "GET /tag/american-news/page/11/ HTTP/1.1" 200 14412 "-" "Mozilla/5.0 (compatible; SemrushBot/7~bl; +http://www.semrush.com/bot.html)"
4.193.168.228 - - [05/Apr/2026:19:40:11 +0200] "GET /100.php HTTP/1.1" 404 9687 "-" "Mozilla/5.0 (Windows NT 10.0; Win64; x64) AppleWebKit/537.36 (KHTML, like Gecko) Chrome/120.0.0.0 Safari/537.36"
4.193.168.228 - - [05/Apr/2026:19:40:12 +0200] "GET /7.php HTTP/1.1" 404 9906 "-" "Mozilla/5.0 (Windows NT 10.0; Win64; x64) AppleWebKit/537.36 (KHTML, like Gecko) Chrome/120.0.0.0 Safari/537.36"
4.193.168.228 - - [05/Apr/2026:19:40:13 +0200] "GET /aa.php HTTP/1.1" 404 9769 "-" "Mozilla/5.0 (Windows NT 10.0; Win64; x64) AppleWebKit/537.36 (KHTML, like Gecko) Chrome/120.0.0.0 Safari/537.36"
4.193.168.228 - - [05/Apr/2026:19:40:13 +0200] "GET /wp.php HTTP/1.1" 404 9790 "-" "Mozilla/5.0 (Windows NT 10.0; Win64; x64) AppleWebKit/537.36 (KHTML, like Gecko) Chrome/120.0.0.0 Safari/537.36"
4.193.168.228 - - [05/Apr/2026:19:40:14 +0200] "GET /chosen.php HTTP/1.1" 404 9768 "-" "Mozilla/5.0 (Windows NT 10.0; Win64; x64) AppleWebKit/537.36 (KHTML, like Gecko) Chrome/120.0.0.0 Safari/537.36"
4.193.168.228 - - [05/Apr/2026:19:40:15 +0200] "GET /abcd.php HTTP/1.1" 404 9753 "-" "Mozilla/5.0 (Windows NT 10.0; Win64; x64) AppleWebKit/537.36 (KHTML, like Gecko) Chrome/120.0.0.0 Safari/537.36"
4.193.168.228 - - [05/Apr/2026:19:40:15 +0200] "GET /as.php HTTP/1.1" 404 9829 "-" "Mozilla/5.0 (Windows NT 10.0; Win64; x64) AppleWebKit/537.36 (KHTML, like Gecko) Chrome/120.0.0.0 Safari/537.36"
4.193.168.228 - - [05/Apr/2026:19:40:16 +0200] "GET /2.php HTTP/1.1" 404 9849 "-" "Mozilla/5.0 (Windows NT 10.0; Win64; x64) AppleWebKit/537.36 (KHTML, like Gecko) Chrome/120.0.0.0 Safari/537.36"
4.193.168.228 - - [05/Apr/2026:19:40:17 +0200] "GET /abc.php HTTP/1.1" 404 9753 "-" "Mozilla/5.0 (Windows NT 10.0; Win64; x64) AppleWebKit/537.36 (KHTML, like Gecko) Chrome/120.0.0.0 Safari/537.36"
4.193.168.228 - - [05/Apr/2026:19:40:18 +0200] "GET /about.php HTTP/1.1" 404 9807 "-" "Mozilla/5.0 (Windows NT 10.0; Win64; x64) AppleWebKit/537.36 (KHTML, like Gecko) Chrome/120.0.0.0 Safari/537.36"
4.193.168.228 - - [05/Apr/2026:19:40:18 +0200] "GET /0x.php HTTP/1.1" 404 9676 "-" "Mozilla/5.0 (Windows NT 10.0; Win64; x64) AppleWebKit/537.36 (KHTML, like Gecko) Chrome/120.0.0.0 Safari/537.36"
4.193.168.228 - - [05/Apr/2026:19:40:19 +0200] "GET /fff.php HTTP/1.1" 404 10446 "-" "Mozilla/5.0 (Windows NT 10.0; Win64; x64) AppleWebKit/537.36 (KHTML, like Gecko) Chrome/120.0.0.0 Safari/537.36"
4.193.168.228 - - [05/Apr/2026:19:40:19 +0200] "GET /ff1.php HTTP/1.1" 404 9882 "-" "Mozilla/5.0 (Windows NT 10.0; Win64; x64) AppleWebKit/537.36 (KHTML, like Gecko) Chrome/120.0.0.0 Safari/537.36"
4.193.168.228 - - [05/Apr/2026:19:40:20 +0200] "GET /wp-themes.php HTTP/1.1" 404 9681 "-" "Mozilla/5.0 (Windows NT 10.0; Win64; x64) AppleWebKit/537.36 (KHTML, like Gecko) Chrome/120.0.0.0 Safari/537.36"
4.193.168.228 - - [05/Apr/2026:19:40:20 +0200] "GET /adminfuns.php HTTP/1.1" 404 9737 "-" "Mozilla/5.0 (Windows NT 10.0; Win64; x64) AppleWebKit/537.36 (KHTML, like Gecko) Chrome/120.0.0.0 Safari/537.36"
4.193.168.228 - - [05/Apr/2026:19:40:21 +0200] "GET /class-t.api.php HTTP/1.1" 404 9591 "-" "Mozilla/5.0 (Windows NT 10.0; Win64; x64) AppleWebKit/537.36 (KHTML, like Gecko) Chrome/120.0.0.0 Safari/537.36"
4.193.168.228 - - [05/Apr/2026:19:40:22 +0200] "GET /content.php HTTP/1.1" 404 9804 "-" "Mozilla/5.0 (Windows NT 10.0; Win64; x64) AppleWebKit/537.36 (KHTML, like Gecko) Chrome/120.0.0.0 Safari/537.36"
4.193.168.228 - - [05/Apr/2026:19:40:22 +0200] "GET /r.php HTTP/1.1" 404 9732 "-" "Mozilla/5.0 (Windows NT 10.0; Win64; x64) AppleWebKit/537.36 (KHTML, like Gecko) Chrome/120.0.0.0 Safari/537.36"
4.193.168.228 - - [05/Apr/2026:19:40:23 +0200] "GET /w.php HTTP/1.1" 404 9628 "-" "Mozilla/5.0 (Windows NT 10.0; Win64; x64) AppleWebKit/537.36 (KHTML, like Gecko) Chrome/120.0.0.0 Safari/537.36"
4.193.168.228 - - [05/Apr/2026:19:40:24 +0200] "GET /classwithtostring.php HTTP/1.1" 404 10015 "-" "Mozilla/5.0 (Windows NT 10.0; Win64; x64) AppleWebKit/537.36 (KHTML, like Gecko) Chrome/120.0.0.0 Safari/537.36"
4.193.168.228 - - [05/Apr/2026:19:40:25 +0200] "GET /edit.php HTTP/1.1" 404 9901 "-" "Mozilla/5.0 (Windows NT 10.0; Win64; x64) AppleWebKit/537.36 (KHTML, like Gecko) Chrome/120.0.0.0 Safari/537.36"
4.193.168.228 - - [05/Apr/2026:19:40:25 +0200] "GET /wp-blog.php HTTP/1.1" 404 9829 "-" "Mozilla/5.0 (Windows NT 10.0; Win64; x64) AppleWebKit/537.36 (KHTML, like Gecko) Chrome/120.0.0.0 Safari/537.36"
4.193.168.228 - - [05/Apr/2026:19:40:26 +0200] "GET /php8.php HTTP/1.1" 404 9576 "-" "Mozilla/5.0 (Windows NT 10.0; Win64; x64) AppleWebKit/537.36 (KHTML, like Gecko) Chrome/120.0.0.0 Safari/537.36"
4.193.168.228 - - [05/Apr/2026:19:40:26 +0200] "GET /10.php HTTP/1.1" 404 9851 "-" "Mozilla/5.0 (Windows NT 10.0; Win64; x64) AppleWebKit/537.36 (KHTML, like Gecko) Chrome/120.0.0.0 Safari/537.36"
4.193.168.228 - - [05/Apr/2026:19:40:27 +0200] "GET /manager.php HTTP/1.1" 404 9751 "-" "Mozilla/5.0 (Windows NT 10.0; Win64; x64) AppleWebKit/537.36 (KHTML, like Gecko) Chrome/120.0.0.0 Safari/537.36"
4.193.168.228 - - [05/Apr/2026:19:40:28 +0200] "GET /p.php HTTP/1.1" 404 9857 "-" "Mozilla/5.0 (Windows NT 10.0; Win64; x64) AppleWebKit/537.36 (KHTML, like Gecko) Chrome/120.0.0.0 Safari/537.36"
4.193.168.228 - - [05/Apr/2026:19:40:28 +0200] "GET /hplfuns.php HTTP/1.1" 404 9457 "-" "Mozilla/5.0 (Windows NT 10.0; Win64; x64) AppleWebKit/537.36 (KHTML, like Gecko) Chrome/120.0.0.0 Safari/537.36"
4.193.168.228 - - [05/Apr/2026:19:40:29 +0200] "GET /bless.php HTTP/1.1" 404 9827 "-" "Mozilla/5.0 (Windows NT 10.0; Win64; x64) AppleWebKit/537.36 (KHTML, like Gecko) Chrome/120.0.0.0 Safari/537.36"
4.193.168.228 - - [05/Apr/2026:19:40:29 +0200] "GET /php.php HTTP/1.1" 404 9766 "-" "Mozilla/5.0 (Windows NT 10.0; Win64; x64) AppleWebKit/537.36 (KHTML, like Gecko) Chrome/120.0.0.0 Safari/537.36"
85.208.96.211 - - [05/Apr/2026:19:40:30 +0200] "GET /pelosi-has-not-been-tested-for-coronavirus/ HTTP/1.1" 200 18433 "-" "Mozilla/5.0 (compatible; SemrushBot/7~bl; +http://www.semrush.com/bot.html)"
4.193.168.228 - - [05/Apr/2026:19:40:30 +0200] "GET /chosen.php HTTP/1.1" 404 9705 "-" "Mozilla/5.0 (Windows NT 10.0; Win64; x64) AppleWebKit/537.36 (KHTML, like Gecko) Chrome/120.0.0.0 Safari/537.36"
4.193.168.228 - - [05/Apr/2026:19:40:31 +0200] "GET /ioxi-o.php HTTP/1.1" 404 9781 "-" "Mozilla/5.0 (Windows NT 10.0; Win64; x64) AppleWebKit/537.36 (KHTML, like Gecko) Chrome/120.0.0.0 Safari/537.36"
4.193.168.228 - - [05/Apr/2026:19:40:31 +0200] "GET /cache.php HTTP/1.1" 404 9927 "-" "Mozilla/5.0 (Windows NT 10.0; Win64; x64) AppleWebKit/537.36 (KHTML, like Gecko) Chrome/120.0.0.0 Safari/537.36"
4.193.168.228 - - [05/Apr/2026:19:40:32 +0200] "GET /jquery.php HTTP/1.1" 404 9497 "-" "Mozilla/5.0 (Windows NT 10.0; Win64; x64) AppleWebKit/537.36 (KHTML, like Gecko) Chrome/120.0.0.0 Safari/537.36"
4.193.168.228 - - [05/Apr/2026:19:40:33 +0200] "GET /av.php HTTP/1.1" 404 9759 "-" "Mozilla/5.0 (Windows NT 10.0; Win64; x64) AppleWebKit/537.36 (KHTML, like Gecko) Chrome/120.0.0.0 Safari/537.36"
4.193.168.228 - - [05/Apr/2026:19:40:33 +0200] "GET /doc.php HTTP/1.1" 404 10462 "-" "Mozilla/5.0 (Windows NT 10.0; Win64; x64) AppleWebKit/537.36 (KHTML, like Gecko) Chrome/120.0.0.0 Safari/537.36"
4.193.168.228 - - [05/Apr/2026:19:40:34 +0200] "GET /elp.php HTTP/1.1" 404 9776 "-" "Mozilla/5.0 (Windows NT 10.0; Win64; x64) AppleWebKit/537.36 (KHTML, like Gecko) Chrome/120.0.0.0 Safari/537.36"
4.193.168.228 - - [05/Apr/2026:19:40:34 +0200] "GET /wp-user.php HTTP/1.1" 404 9855 "-" "Mozilla/5.0 (Windows NT 10.0; Win64; x64) AppleWebKit/537.36 (KHTML, like Gecko) Chrome/120.0.0.0 Safari/537.36"
4.193.168.228 - - [05/Apr/2026:19:40:35 +0200] "GET /root.php HTTP/1.1" 404 9765 "-" "Mozilla/5.0 (Windows NT 10.0; Win64; x64) AppleWebKit/537.36 (KHTML, like Gecko) Chrome/120.0.0.0 Safari/537.36"
4.193.168.228 - - [05/Apr/2026:19:40:36 +0200] "GET /alfa.php HTTP/1.1" 404 10332 "-" "Mozilla/5.0 (Windows NT 10.0; Win64; x64) AppleWebKit/537.36 (KHTML, like Gecko) Chrome/120.0.0.0 Safari/537.36"
4.193.168.228 - - [05/Apr/2026:19:40:36 +0200] "GET /autoload_classmap.php HTTP/1.1" 404 9588 "-" "Mozilla/5.0 (Windows NT 10.0; Win64; x64) AppleWebKit/537.36 (KHTML, like Gecko) Chrome/120.0.0.0 Safari/537.36"
4.193.168.228 - - [05/Apr/2026:19:40:37 +0200] "GET /file.php HTTP/1.1" 404 9839 "-" "Mozilla/5.0 (Windows NT 10.0; Win64; x64) AppleWebKit/537.36 (KHTML, like Gecko) Chrome/120.0.0.0 Safari/537.36"
4.193.168.228 - - [05/Apr/2026:19:40:38 +0200] "GET /new.php HTTP/1.1" 404 9870 "-" "Mozilla/5.0 (Windows NT 10.0; Win64; x64) AppleWebKit/537.36 (KHTML, like Gecko) Chrome/120.0.0.0 Safari/537.36"
4.193.168.228 - - [05/Apr/2026:19:40:38 +0200] "GET /ioxi-o.php HTTP/1.1" 404 9712 "-" "Mozilla/5.0 (Windows NT 10.0; Win64; x64) AppleWebKit/537.36 (KHTML, like Gecko) Chrome/120.0.0.0 Safari/537.36"
4.193.168.228 - - [05/Apr/2026:19:40:39 +0200] "GET /mm.php HTTP/1.1" 404 9872 "-" "Mozilla/5.0 (Windows NT 10.0; Win64; x64) AppleWebKit/537.36 (KHTML, like Gecko) Chrome/120.0.0.0 Safari/537.36"
4.193.168.228 - - [05/Apr/2026:19:40:39 +0200] "GET /oxshell.php HTTP/1.1" 404 9748 "-" "Mozilla/5.0 (Windows NT 10.0; Win64; x64) AppleWebKit/537.36 (KHTML, like Gecko) Chrome/120.0.0.0 Safari/537.36"
4.193.168.228 - - [05/Apr/2026:19:40:40 +0200] "GET /load.php HTTP/1.1" 404 9878 "-" "Mozilla/5.0 (Windows NT 10.0; Win64; x64) AppleWebKit/537.36 (KHTML, like Gecko) Chrome/120.0.0.0 Safari/537.36"
4.193.168.228 - - [05/Apr/2026:19:40:40 +0200] "GET /k.php HTTP/1.1" 404 9860 "-" "Mozilla/5.0 (Windows NT 10.0; Win64; x64) AppleWebKit/537.36 (KHTML, like Gecko) Chrome/120.0.0.0 Safari/537.36"
4.193.168.228 - - [05/Apr/2026:19:40:41 +0200] "GET /atomlib.php HTTP/1.1" 404 9615 "-" "Mozilla/5.0 (Windows NT 10.0; Win64; x64) AppleWebKit/537.36 (KHTML, like Gecko) Chrome/120.0.0.0 Safari/537.36"
4.193.168.228 - - [05/Apr/2026:19:40:41 +0200] "GET /wp-links-opml HTTP/1.1" 404 9876 "-" "Mozilla/5.0 (Windows NT 10.0; Win64; x64) AppleWebKit/537.36 (KHTML, like Gecko) Chrome/120.0.0.0 Safari/537.36"
4.193.168.228 - - [05/Apr/2026:19:40:42 +0200] "GET /buy.php HTTP/1.1" 404 9844 "-" "Mozilla/5.0 (Windows NT 10.0; Win64; x64) AppleWebKit/537.36 (KHTML, like Gecko) Chrome/120.0.0.0 Safari/537.36"
4.193.168.228 - - [05/Apr/2026:19:40:42 +0200] "GET /info.php HTTP/1.1" 404 9711 "-" "Mozilla/5.0 (Windows NT 10.0; Win64; x64) AppleWebKit/537.36 (KHTML, like Gecko) Chrome/120.0.0.0 Safari/537.36"
4.193.168.228 - - [05/Apr/2026:19:40:43 +0200] "GET /goods.php HTTP/1.1" 404 9678 "-" "Mozilla/5.0 (Windows NT 10.0; Win64; x64) AppleWebKit/537.36 (KHTML, like Gecko) Chrome/120.0.0.0 Safari/537.36"
4.193.168.228 - - [05/Apr/2026:19:40:44 +0200] "GET /setup-config.php HTTP/1.1" 404 9608 "-" "Mozilla/5.0 (Windows NT 10.0; Win64; x64) AppleWebKit/537.36 (KHTML, like Gecko) Chrome/120.0.0.0 Safari/537.36"
4.193.168.228 - - [05/Apr/2026:19:40:45 +0200] "GET /ss.php HTTP/1.1" 404 9659 "-" "Mozilla/5.0 (Windows NT 10.0; Win64; x64) AppleWebKit/537.36 (KHTML, like Gecko) Chrome/120.0.0.0 Safari/537.36"
4.193.168.228 - - [05/Apr/2026:19:40:45 +0200] "GET /xmlrpc.php HTTP/1.1" 404 10006 "-" "Mozilla/5.0 (Windows NT 10.0; Win64; x64) AppleWebKit/537.36 (KHTML, like Gecko) Chrome/120.0.0.0 Safari/537.36"
161.97.137.93 - - [05/Apr/2026:19:40:46 +0200] "POST /wp-cron.php?doing_wp_cron=1775410846.2257080078125000000000 HTTP/1.1" 404 9830 "https://news365.stream/wp-cron.php?doing_wp_cron=1775410846.2257080078125000000000" "WordPress/4.9.26; https://news365.stream"
4.193.168.228 - - [05/Apr/2026:19:40:46 +0200] "GET /flower.php HTTP/1.1" 404 9740 "-" "Mozilla/5.0 (Windows NT 10.0; Win64; x64) AppleWebKit/537.36 (KHTML, like Gecko) Chrome/120.0.0.0 Safari/537.36"
4.193.168.228 - - [05/Apr/2026:19:40:47 +0200] "GET /al.php HTTP/1.1" 404 10432 "-" "Mozilla/5.0 (Windows NT 10.0; Win64; x64) AppleWebKit/537.36 (KHTML, like Gecko) Chrome/120.0.0.0 Safari/537.36"
4.193.168.228 - - [05/Apr/2026:19:40:48 +0200] "GET /vv.php HTTP/1.1" 404 9803 "-" "Mozilla/5.0 (Windows NT 10.0; Win64; x64) AppleWebKit/537.36 (KHTML, like Gecko) Chrome/120.0.0.0 Safari/537.36"
4.193.168.228 - - [05/Apr/2026:19:40:48 +0200] "GET /wp-signin.php HTTP/1.1" 404 9926 "-" "Mozilla/5.0 (Windows NT 10.0; Win64; x64) AppleWebKit/537.36 (KHTML, like Gecko) Chrome/120.0.0.0 Safari/537.36"
4.193.168.228 - - [05/Apr/2026:19:40:49 +0200] "GET /wsa.php HTTP/1.1" 404 9823 "-" "Mozilla/5.0 (Windows NT 10.0; Win64; x64) AppleWebKit/537.36 (KHTML, like Gecko) Chrome/120.0.0.0 Safari/537.36"
85.208.96.198 - - [05/Apr/2026:19:40:54 +0200] "GET /trump-slams-obama-biden-mess-created-china/ HTTP/1.1" 200 18469 "-" "Mozilla/5.0 (compatible; SemrushBot/7~bl; +http://www.semrush.com/bot.html)"
15.253.19.74 - - [05/Apr/2026:19:41:09 +0200] "POST /wp-login.php HTTP/1.1" 200 3521 "-" "Mozilla/5.0"
15.253.19.74 - - [05/Apr/2026:19:41:09 +0200] "POST /wp-login.php HTTP/1.1" 200 3460 "-" "Mozilla/5.0"
161.97.137.93 - - [05/Apr/2026:19:43:08 +0200] "POST /wp-cron.php?doing_wp_cron=1775410988.1227500438690185546875 HTTP/1.1" 404 9739 "https://news365.stream/wp-cron.php?doing_wp_cron=1775410988.1227500438690185546875" "WordPress/4.9.26; https://news365.stream"
85.208.96.202 - - [05/Apr/2026:19:43:08 +0200] "GET /watch-pelosi-just-gave-advice-illegals-evade-ice/ HTTP/1.1" 200 18057 "-" "Mozilla/5.0 (compatible; SemrushBot/7~bl; +http://www.semrush.com/bot.html)"
47.128.40.255 - - [05/Apr/2026:19:43:10 +0200] "GET /?C=S%3BO=A%2Fpage%2F17%2F%2Fpage%2F2%2F%2Fpage%2F3%2F%2Fpage%2F3%2F%2Fpage%2F17%2F%2Fpage%2F17%2F%2Fpage%2F17%2F%2Fpage%2F2%2F%2Fpage%2F17%2F%2Fpage%2F17%2F%2Fpage%2F2%2F%2Fpage%2F3%2F%2Fpage%2F2%2F%2Fpage%2F2%2F%2Fpage%2F3%2F%2Fpage%2F17%2F%2Fpage%2F2%2F%2Fpage%2F17%2F%2Fpage%2F3%2F%2Fpage%2F3%2F%2Fpage%2F17%2F%2Fpage%2F17%2F%2Fpage%2F2%2F%2Fpage%2F17%2F%2Fpage%2F17%2F%2Fpage%2F2%2F HTTP/1.1" 301 0 "-" "Mozilla/5.0 (compatible; Bytespider; spider-feedback@bytedance.com) AppleWebKit/537.36 (KHTML, like Gecko) Chrome/70.0.0.0 Safari/537.36"
47.128.40.255 - - [05/Apr/2026:19:43:14 +0200] "GET /?C=S%3BO%3DA%2Fpage%2F17%2F%2Fpage%2F2%2F%2Fpage%2F3%2F%2Fpage%2F3%2F%2Fpage%2F17%2F%2Fpage%2F17%2F%2Fpage%2F17%2F%2Fpage%2F2%2F%2Fpage%2F17%2F%2Fpage%2F17%2F%2Fpage%2F2%2F%2Fpage%2F3%2F%2Fpage%2F2%2F%2Fpage%2F2%2F%2Fpage%2F3%2F%2Fpage%2F17%2F%2Fpage%2F2%2F%2Fpage%2F17%2F%2Fpage%2F3%2F%2Fpage%2F3%2F%2Fpage%2F17%2F%2Fpage%2F17%2F%2Fpage%2F2%2F%2Fpage%2F17%2F%2Fpage%2F17%2F%2Fpage%2F2%2F HTTP/1.1" 200 19352 "-" "Mozilla/5.0 (compatible; Bytespider; spider-feedback@bytedance.com) AppleWebKit/537.36 (KHTML, like Gecko) Chrome/70.0.0.0 Safari/537.36"
47.128.40.255 - - [05/Apr/2026:19:43:26 +0200] "GET /wp-content/uploads/2019/01/sledite-ot-samoletite-kemtreils-1-375x195.jpg HTTP/1.1" 206 500 "https://news365.stream/?C=S%3BO%3DA%2Fpage%2F17%2F%2Fpage%2F2%2F%2Fpage%2F3%2F%2Fpage%2F3%2F%2Fpage%2F17%2F%2Fpage%2F17%2F%2Fpage%2F17%2F%2Fpage%2F2%2F%2Fpage%2F17%2F%2Fpage%2F17%2F%2Fpage%2F2%2F%2Fpage%2F3%2F%2Fpage%2F2%2F%2Fpage%2F2%2F%2Fpage%2F3%2F%2Fpage%2F17%2F%2Fpage%2F2%2F%2Fpage%2F17%2F%2Fpage%2F3%2F%2Fpage%2F3%2F%2Fpage%2F17%2F%2Fpage%2F17%2F%2Fpage%2F2%2F%2Fpage%2F17%2F%2Fpage%2F17%2F%2Fpage%2F2%2F" "Mozilla/5.0 (compatible; Bytespider; spider-feedback@bytedance.com) AppleWebKit/537.36 (KHTML, like Gecko) Chrome/70.0.0.0 Safari/537.36"
170.106.165.76 - - [05/Apr/2026:19:44:10 +0200] "GET /wp-content/uploads/2018/08/ HTTP/1.1" 200 879 "-" "Mozilla/5.0 (iPhone; CPU iPhone OS 13_2_3 like Mac OS X) AppleWebKit/605.1.15 (KHTML, like Gecko) Version/13.0.3 Mobile/15E148 Safari/604.1"
85.208.96.195 - - [05/Apr/2026:19:45:09 +0200] "GET /breaking-tom-arnold-says-its-bad-news-don-jr-has-not-been-robbed/ HTTP/1.1" 502 150 "-" "Mozilla/5.0 (compatible; SemrushBot/7~bl; +http://www.semrush.com/bot.html)"
161.97.137.93 - - [05/Apr/2026:19:46:55 +0200] "POST /wp-cron.php?doing_wp_cron=1775411214.9626550674438476562500 HTTP/1.1" 404 9636 "https://news365.stream/wp-cron.php?doing_wp_cron=1775411214.9626550674438476562500" "WordPress/4.9.26; https://news365.stream"
85.208.96.209 - - [05/Apr/2026:19:46:55 +0200] "GET /trumps-florida-sanctuary-becomes-a-gilded-petri-dish-for-a-global-disease/ HTTP/1.1" 200 19513 "-" "Mozilla/5.0 (compatible; SemrushBot/7~bl; +http://www.semrush.com/bot.html)"
47.128.40.247 - - [05/Apr/2026:19:47:06 +0200] "GET /?C=M%3BO=A%2Fpage%2F2%2F%2Fpage%2F2%2F%2Fpage%2F17%2F%2Fpage%2F3%2F%2Fpage%2F3%2F%2Fpage%2F2%2F%2Fpage%2F2%2F%2Fpage%2F2%2F%2Fpage%2F2%2F%2Fpage%2F3%2F%2Fpage%2F3%2F%2Fpage%2F3%2F%2Fpage%2F17%2F%2Fpage%2F17%2F%2Fpage%2F3%2F%2Fpage%2F17%2F%2Fpage%2F3%2F%2Fpage%2F2%2F%2Fpage%2F17%2F HTTP/1.1" 301 0 "-" "Mozilla/5.0 (compatible; Bytespider; spider-feedback@bytedance.com) AppleWebKit/537.36 (KHTML, like Gecko) Chrome/70.0.0.0 Safari/537.36"
47.128.40.247 - - [05/Apr/2026:19:47:07 +0200] "GET /?C=M%3BO%3DA%2Fpage%2F2%2F%2Fpage%2F2%2F%2Fpage%2F17%2F%2Fpage%2F3%2F%2Fpage%2F3%2F%2Fpage%2F2%2F%2Fpage%2F2%2F%2Fpage%2F2%2F%2Fpage%2F2%2F%2Fpage%2F3%2F%2Fpage%2F3%2F%2Fpage%2F3%2F%2Fpage%2F17%2F%2Fpage%2F17%2F%2Fpage%2F3%2F%2Fpage%2F17%2F%2Fpage%2F3%2F%2Fpage%2F2%2F%2Fpage%2F17%2F HTTP/1.1" 200 19111 "-" "Mozilla/5.0 (compatible; Bytespider; spider-feedback@bytedance.com) AppleWebKit/537.36 (KHTML, like Gecko) Chrome/70.0.0.0 Safari/537.36"
47.128.40.247 - - [05/Apr/2026:19:47:09 +0200] "GET /wp-content/uploads/2019/01/sledite-ot-samoletite-kemtreils-1-145x100.jpg HTTP/1.1" 206 500 "https://news365.stream/?C=M%3BO%3DA%2Fpage%2F2%2F%2Fpage%2F2%2F%2Fpage%2F17%2F%2Fpage%2F3%2F%2Fpage%2F3%2F%2Fpage%2F2%2F%2Fpage%2F2%2F%2Fpage%2F2%2F%2Fpage%2F2%2F%2Fpage%2F3%2F%2Fpage%2F3%2F%2Fpage%2F3%2F%2Fpage%2F17%2F%2Fpage%2F17%2F%2Fpage%2F3%2F%2Fpage%2F17%2F%2Fpage%2F3%2F%2Fpage%2F2%2F%2Fpage%2F17%2F" "Mozilla/5.0 (compatible; Bytespider; spider-feedback@bytedance.com) AppleWebKit/537.36 (KHTML, like Gecko) Chrome/70.0.0.0 Safari/537.36"
47.128.40.247 - - [05/Apr/2026:19:47:09 +0200] "GET /wp-content/uploads/2018/02/0000302241-article2-145x100.jpg HTTP/1.1" 206 500 "https://news365.stream/?C=M%3BO%3DA%2Fpage%2F2%2F%2Fpage%2F2%2F%2Fpage%2F17%2F%2Fpage%2F3%2F%2Fpage%2F3%2F%2Fpage%2F2%2F%2Fpage%2F2%2F%2Fpage%2F2%2F%2Fpage%2F2%2F%2Fpage%2F3%2F%2Fpage%2F3%2F%2Fpage%2F3%2F%2Fpage%2F17%2F%2Fpage%2F17%2F%2Fpage%2F3%2F%2Fpage%2F17%2F%2Fpage%2F3%2F%2Fpage%2F2%2F%2Fpage%2F17%2F" "Mozilla/5.0 (compatible; Bytespider; spider-feedback@bytedance.com) AppleWebKit/537.36 (KHTML, like Gecko) Chrome/70.0.0.0 Safari/537.36"
34.195.248.30 - - [05/Apr/2026:19:50:11 +0200] "GET /trumps-answer-to-bernies-youth-brigade-don-jr/ HTTP/1.1" 502 552 "-" "Mozilla/5.0 AppleWebKit/537.36 (KHTML, like Gecko; compatible; Amazonbot/0.1; +https://developer.amazon.com/support/amazonbot) Chrome/119.0.6045.214 Safari/537.36"
185.191.171.15 - - [05/Apr/2026:19:51:04 +0200] "GET /omar-claims-probably-loves-country-american-born-citizens/ HTTP/1.1" 502 150 "-" "Mozilla/5.0 (compatible; SemrushBot/7~bl; +http://www.semrush.com/bot.html)"
161.97.137.93 - - [05/Apr/2026:19:51:08 +0200] "POST /wp-cron.php?doing_wp_cron=1775411467.6983599662780761718750 HTTP/1.1" 404 10025 "https://news365.stream/wp-cron.php?doing_wp_cron=1775411467.6983599662780761718750" "WordPress/4.9.26; https://news365.stream"
47.128.40.88 - - [05/Apr/2026:19:51:08 +0200] "GET /?C=D%3BO=A%2Fpage%2F17%2F%2Fpage%2F17%2F%2Fpage%2F3%2F%2Fpage%2F3%2F%2Fpage%2F2%2F%2Fpage%2F3%2F%2Fpage%2F17%2F%2Fpage%2F17%2F HTTP/1.1" 301 0 "-" "Mozilla/5.0 (compatible; Bytespider; spider-feedback@bytedance.com) AppleWebKit/537.36 (KHTML, like Gecko) Chrome/70.0.0.0 Safari/537.36"
47.128.40.88 - - [05/Apr/2026:19:51:09 +0200] "GET /?C=D%3BO%3DA%2Fpage%2F17%2F%2Fpage%2F17%2F%2Fpage%2F3%2F%2Fpage%2F3%2F%2Fpage%2F2%2F%2Fpage%2F3%2F%2Fpage%2F17%2F%2Fpage%2F17%2F HTTP/1.1" 200 20518 "-" "Mozilla/5.0 (compatible; Bytespider; spider-feedback@bytedance.com) AppleWebKit/537.36 (KHTML, like Gecko) Chrome/70.0.0.0 Safari/537.36"
47.128.40.88 - - [05/Apr/2026:19:51:12 +0200] "GET /wp-content/uploads/2018/01/26234870_1580787058681572_42822968_n-145x100.jpg HTTP/1.1" 206 500 "https://news365.stream/?C=D%3BO%3DA%2Fpage%2F17%2F%2Fpage%2F17%2F%2Fpage%2F3%2F%2Fpage%2F3%2F%2Fpage%2F2%2F%2Fpage%2F3%2F%2Fpage%2F17%2F%2Fpage%2F17%2F" "Mozilla/5.0 (compatible; Bytespider; spider-feedback@bytedance.com) AppleWebKit/537.36 (KHTML, like Gecko) Chrome/70.0.0.0 Safari/537.36"
43.153.113.127 - - [05/Apr/2026:19:51:27 +0200] "GET /wp-content/uploads/2018/?C=N;O=D HTTP/1.1" 200 547 "-" "Mozilla/5.0 (iPhone; CPU iPhone OS 13_2_3 like Mac OS X) AppleWebKit/605.1.15 (KHTML, like Gecko) Version/13.0.3 Mobile/15E148 Safari/604.1"
23.101.8.77 - - [05/Apr/2026:19:51:32 +0200] "GET /adminfuns.php HTTP/1.1" 404 9841 "-" "Mozilla/5.0 (Windows NT 10.0; Win64; x64) AppleWebKit/537.36 (KHTML, like Gecko) Chrome/120.0.0.0 Safari/537.36"
23.101.8.77 - - [05/Apr/2026:19:51:33 +0200] "GET /about.php HTTP/1.1" 404 9680 "-" "Mozilla/5.0 (Windows NT 10.0; Win64; x64) AppleWebKit/537.36 (KHTML, like Gecko) Chrome/120.0.0.0 Safari/537.36"
23.101.8.77 - - [05/Apr/2026:19:51:33 +0200] "GET /php8.php HTTP/1.1" 404 9601 "-" "Mozilla/5.0 (Windows NT 10.0; Win64; x64) AppleWebKit/537.36 (KHTML, like Gecko) Chrome/120.0.0.0 Safari/537.36"
23.101.8.77 - - [05/Apr/2026:19:51:34 +0200] "GET /php.php HTTP/1.1" 404 9760 "-" "Mozilla/5.0 (Windows NT 10.0; Win64; x64) AppleWebKit/537.36 (KHTML, like Gecko) Chrome/120.0.0.0 Safari/537.36"
23.101.8.77 - - [05/Apr/2026:19:51:35 +0200] "GET /222.php HTTP/1.1" 404 9708 "-" "Mozilla/5.0 (Windows NT 10.0; Win64; x64) AppleWebKit/537.36 (KHTML, like Gecko) Chrome/120.0.0.0 Safari/537.36"
23.101.8.77 - - [05/Apr/2026:19:51:35 +0200] "GET /8.php HTTP/1.1" 404 9690 "-" "Mozilla/5.0 (Windows NT 10.0; Win64; x64) AppleWebKit/537.36 (KHTML, like Gecko) Chrome/120.0.0.0 Safari/537.36"
23.101.8.77 - - [05/Apr/2026:19:51:36 +0200] "GET /admin.php HTTP/1.1" 404 9747 "-" "Mozilla/5.0 (Windows NT 10.0; Win64; x64) AppleWebKit/537.36 (KHTML, like Gecko) Chrome/120.0.0.0 Safari/537.36"
23.101.8.77 - - [05/Apr/2026:19:51:36 +0200] "GET /wp-admin/user HTTP/1.1" 301 285 "-" "Mozilla/5.0 (Windows NT 10.0; Win64; x64) AppleWebKit/537.36 (KHTML, like Gecko) Chrome/120.0.0.0 Safari/537.36"
23.101.8.77 - - [05/Apr/2026:19:51:37 +0200] "GET /1.php HTTP/1.1" 404 9831 "-" "Mozilla/5.0 (Windows NT 10.0; Win64; x64) AppleWebKit/537.36 (KHTML, like Gecko) Chrome/120.0.0.0 Safari/537.36"
23.101.8.77 - - [05/Apr/2026:19:51:38 +0200] "GET /classwithtostring.php HTTP/1.1" 404 9794 "-" "Mozilla/5.0 (Windows NT 10.0; Win64; x64) AppleWebKit/537.36 (KHTML, like Gecko) Chrome/120.0.0.0 Safari/537.36"
23.101.8.77 - - [05/Apr/2026:19:51:38 +0200] "GET /7.php HTTP/1.1" 404 9689 "-" "Mozilla/5.0 (Windows NT 10.0; Win64; x64) AppleWebKit/537.36 (KHTML, like Gecko) Chrome/120.0.0.0 Safari/537.36"
23.101.8.77 - - [05/Apr/2026:19:51:39 +0200] "GET /jp.php HTTP/1.1" 404 9821 "-" "Mozilla/5.0 (Windows NT 10.0; Win64; x64) AppleWebKit/537.36 (KHTML, like Gecko) Chrome/120.0.0.0 Safari/537.36"
23.101.8.77 - - [05/Apr/2026:19:51:39 +0200] "GET /aa.php HTTP/1.1" 404 9943 "-" "Mozilla/5.0 (Windows NT 10.0; Win64; x64) AppleWebKit/537.36 (KHTML, like Gecko) Chrome/120.0.0.0 Safari/537.36"
23.101.8.77 - - [05/Apr/2026:19:51:40 +0200] "GET /.tmb HTTP/1.1" 404 9813 "-" "Mozilla/5.0 (Windows NT 10.0; Win64; x64) AppleWebKit/537.36 (KHTML, like Gecko) Chrome/120.0.0.0 Safari/537.36"
23.101.8.77 - - [05/Apr/2026:19:51:40 +0200] "GET /.well-known/acme-challenge HTTP/1.1" 301 298 "-" "Mozilla/5.0 (Windows NT 10.0; Win64; x64) AppleWebKit/537.36 (KHTML, like Gecko) Chrome/120.0.0.0 Safari/537.36"
23.101.8.77 - - [05/Apr/2026:19:51:41 +0200] "GET /a5.php HTTP/1.1" 404 9550 "-" "Mozilla/5.0 (Windows NT 10.0; Win64; x64) AppleWebKit/537.36 (KHTML, like Gecko) Chrome/120.0.0.0 Safari/537.36"
23.101.8.77 - - [05/Apr/2026:19:51:42 +0200] "GET /bless.php HTTP/1.1" 404 9842 "-" "Mozilla/5.0 (Windows NT 10.0; Win64; x64) AppleWebKit/537.36 (KHTML, like Gecko) Chrome/120.0.0.0 Safari/537.36"
23.101.8.77 - - [05/Apr/2026:19:51:42 +0200] "GET /edit.php HTTP/1.1" 404 9728 "-" "Mozilla/5.0 (Windows NT 10.0; Win64; x64) AppleWebKit/537.36 (KHTML, like Gecko) Chrome/120.0.0.0 Safari/537.36"
23.101.8.77 - - [05/Apr/2026:19:51:43 +0200] "GET /cgi-bin HTTP/1.1" 404 9959 "-" "Mozilla/5.0 (Windows NT 10.0; Win64; x64) AppleWebKit/537.36 (KHTML, like Gecko) Chrome/120.0.0.0 Safari/537.36"
23.101.8.77 - - [05/Apr/2026:19:51:43 +0200] "GET /.well-known HTTP/1.1" 301 283 "-" "Mozilla/5.0 (Windows NT 10.0; Win64; x64) AppleWebKit/537.36 (KHTML, like Gecko) Chrome/120.0.0.0 Safari/537.36"
23.101.8.77 - - [05/Apr/2026:19:51:44 +0200] "GET /aaa.php HTTP/1.1" 404 9724 "-" "Mozilla/5.0 (Windows NT 10.0; Win64; x64) AppleWebKit/537.36 (KHTML, like Gecko) Chrome/120.0.0.0 Safari/537.36"
23.101.8.77 - - [05/Apr/2026:19:51:44 +0200] "GET /about.php HTTP/1.1" 404 9771 "-" "Mozilla/5.0 (Windows NT 10.0; Win64; x64) AppleWebKit/537.36 (KHTML, like Gecko) Chrome/120.0.0.0 Safari/537.36"
23.101.8.77 - - [05/Apr/2026:19:51:45 +0200] "GET /admin/uploads HTTP/1.1" 404 9775 "-" "Mozilla/5.0 (Windows NT 10.0; Win64; x64) AppleWebKit/537.36 (KHTML, like Gecko) Chrome/120.0.0.0 Safari/537.36"
23.101.8.77 - - [05/Apr/2026:19:51:46 +0200] "GET /ahax.php HTTP/1.1" 404 9541 "-" "Mozilla/5.0 (Windows NT 10.0; Win64; x64) AppleWebKit/537.36 (KHTML, like Gecko) Chrome/120.0.0.0 Safari/537.36"
23.101.8.77 - - [05/Apr/2026:19:51:46 +0200] "GET /chosen.php HTTP/1.1" 404 9713 "-" "Mozilla/5.0 (Windows NT 10.0; Win64; x64) AppleWebKit/537.36 (KHTML, like Gecko) Chrome/120.0.0.0 Safari/537.36"
23.101.8.77 - - [05/Apr/2026:19:51:47 +0200] "GET /conf.php HTTP/1.1" 404 9636 "-" "Mozilla/5.0 (Windows NT 10.0; Win64; x64) AppleWebKit/537.36 (KHTML, like Gecko) Chrome/120.0.0.0 Safari/537.36"
23.101.8.77 - - [05/Apr/2026:19:51:48 +0200] "GET /inc.php HTTP/1.1" 404 9767 "-" "Mozilla/5.0 (Windows NT 10.0; Win64; x64) AppleWebKit/537.36 (KHTML, like Gecko) Chrome/120.0.0.0 Safari/537.36"
23.101.8.77 - - [05/Apr/2026:19:51:48 +0200] "GET /123.php HTTP/1.1" 404 9812 "-" "Mozilla/5.0 (Windows NT 10.0; Win64; x64) AppleWebKit/537.36 (KHTML, like Gecko) Chrome/120.0.0.0 Safari/537.36"
23.101.8.77 - - [05/Apr/2026:19:51:49 +0200] "GET /abcd.php HTTP/1.1" 404 9846 "-" "Mozilla/5.0 (Windows NT 10.0; Win64; x64) AppleWebKit/537.36 (KHTML, like Gecko) Chrome/120.0.0.0 Safari/537.36"
23.101.8.77 - - [05/Apr/2026:19:51:50 +0200] "GET /bolt.php HTTP/1.1" 404 9933 "-" "Mozilla/5.0 (Windows NT 10.0; Win64; x64) AppleWebKit/537.36 (KHTML, like Gecko) Chrome/120.0.0.0 Safari/537.36"
23.101.8.77 - - [05/Apr/2026:19:51:50 +0200] "GET /css/index.php HTTP/1.1" 301 0 "-" "Mozilla/5.0 (Windows NT 10.0; Win64; x64) AppleWebKit/537.36 (KHTML, like Gecko) Chrome/120.0.0.0 Safari/537.36"
23.101.8.77 - - [05/Apr/2026:19:51:51 +0200] "GET /fff.php HTTP/1.1" 404 9766 "-" "Mozilla/5.0 (Windows NT 10.0; Win64; x64) AppleWebKit/537.36 (KHTML, like Gecko) Chrome/120.0.0.0 Safari/537.36"
23.101.8.77 - - [05/Apr/2026:19:51:51 +0200] "GET /file.php HTTP/1.1" 404 9574 "-" "Mozilla/5.0 (Windows NT 10.0; Win64; x64) AppleWebKit/537.36 (KHTML, like Gecko) Chrome/120.0.0.0 Safari/537.36"
23.101.8.77 - - [05/Apr/2026:19:51:52 +0200] "GET /ms.php HTTP/1.1" 404 9752 "-" "Mozilla/5.0 (Windows NT 10.0; Win64; x64) AppleWebKit/537.36 (KHTML, like Gecko) Chrome/120.0.0.0 Safari/537.36"
23.101.8.77 - - [05/Apr/2026:19:51:53 +0200] "GET /66.php HTTP/1.1" 404 9790 "-" "Mozilla/5.0 (Windows NT 10.0; Win64; x64) AppleWebKit/537.36 (KHTML, like Gecko) Chrome/120.0.0.0 Safari/537.36"
23.101.8.77 - - [05/Apr/2026:19:51:54 +0200] "GET /saiga.php HTTP/1.1" 404 9698 "-" "Mozilla/5.0 (Windows NT 10.0; Win64; x64) AppleWebKit/537.36 (KHTML, like Gecko) Chrome/120.0.0.0 Safari/537.36"
198.244.240.7 - - [05/Apr/2026:19:52:18 +0200] "GET / HTTP/1.1" 200 19637 "-" "Mozilla/5.0 (compatible; AhrefsBot/7.0; +http://ahrefs.com/robot/)"
185.191.171.18 - - [05/Apr/2026:19:53:07 +0200] "GET /trump-threatens-to-unleash-gunfire-on-minnesota-protesters/ HTTP/1.1" 200 23584 "-" "Mozilla/5.0 (compatible; SemrushBot/7~bl; +http://www.semrush.com/bot.html)"
51.68.107.146 - - [05/Apr/2026:19:54:26 +0200] "GET / HTTP/1.1" 200 19637 "-" "Mozilla/5.0 (compatible; MJ12bot/v2.0.5; http://mj12bot.com/)"
51.195.215.11 - - [05/Apr/2026:19:54:38 +0200] "GET /wp-content/uploads/2018/08/orig_5bef20d19f106f90108d2634d7c8ca9d-380x260.jpg HTTP/1.1" 200 22747 "-" "Mozilla/5.0 (compatible; AhrefsBot/7.0; +http://ahrefs.com/robot/)"
198.244.242.101 - - [05/Apr/2026:19:54:39 +0200] "GET /wp-content/uploads/2021/03/768x432-145x100.jpg HTTP/1.1" 200 4673 "-" "Mozilla/5.0 (compatible; AhrefsBot/7.0; +http://ahrefs.com/robot/)"
198.244.168.149 - - [05/Apr/2026:19:54:40 +0200] "GET /wp-content/uploads/2022/01/angel-djambazki-news-stream-365-375x195.jpg HTTP/1.1" 200 27356 "-" "Mozilla/5.0 (compatible; AhrefsBot/7.0; +http://ahrefs.com/robot/)"
198.244.168.194 - - [05/Apr/2026:19:54:41 +0200] "GET /wp-content/uploads/2024/01/imoti-pensii-375x195.jpg HTTP/1.1" 200 19213 "-" "Mozilla/5.0 (compatible; AhrefsBot/7.0; +http://ahrefs.com/robot/)"
198.244.240.81 - - [05/Apr/2026:19:54:41 +0200] "GET /wp-content/uploads/2024/01/ayto-ghj-375x195.jpg HTTP/1.1" 200 19593 "-" "Mozilla/5.0 (compatible; AhrefsBot/7.0; +http://ahrefs.com/robot/)"
198.244.183.2 - - [05/Apr/2026:19:54:42 +0200] "GET /wp-includes/js/comment-reply.min.js?ver=4.9.26 HTTP/1.1" 200 499 "-" "Mozilla/5.0 (compatible; AhrefsBot/7.0; +http://ahrefs.com/robot/)"
161.97.137.93 - - [05/Apr/2026:19:55:08 +0200] "POST /wp-cron.php?doing_wp_cron=1775411707.8409309387207031250000 HTTP/1.1" 404 9830 "https://news365.stream/wp-cron.php?doing_wp_cron=1775411707.8409309387207031250000" "WordPress/4.9.26; https://news365.stream"
47.128.40.6 - - [05/Apr/2026:19:55:08 +0200] "GET /?C=M%3BO=A%2Fpage%2F2%2F%2Fpage%2F2%2F%2Fpage%2F2%2F%2Fpage%2F3%2F%2Fpage%2F17%2F%2Fpage%2F17%2F%2Fpage%2F3%2F%2Fpage%2F2%2F%2Fpage%2F2%2F%2Fpage%2F2%2F%2Fpage%2F3%2F%2Fpage%2F3%2F%2Fpage%2F17%2F%2Fpage%2F3%2F%2Fpage%2F3%2F%2Fpage%2F3%2F%2Fpage%2F17%2F HTTP/1.1" 301 0 "-" "Mozilla/5.0 (compatible; Bytespider; spider-feedback@bytedance.com) AppleWebKit/537.36 (KHTML, like Gecko) Chrome/70.0.0.0 Safari/537.36"
47.128.40.6 - - [05/Apr/2026:19:55:09 +0200] "GET /?C=M%3BO%3DA%2Fpage%2F2%2F%2Fpage%2F2%2F%2Fpage%2F2%2F%2Fpage%2F3%2F%2Fpage%2F17%2F%2Fpage%2F17%2F%2Fpage%2F3%2F%2Fpage%2F2%2F%2Fpage%2F2%2F%2Fpage%2F2%2F%2Fpage%2F3%2F%2Fpage%2F3%2F%2Fpage%2F17%2F%2Fpage%2F3%2F%2Fpage%2F3%2F%2Fpage%2F3%2F%2Fpage%2F17%2F HTTP/1.1" 200 18876 "-" "Mozilla/5.0 (compatible; Bytespider; spider-feedback@bytedance.com) AppleWebKit/537.36 (KHTML, like Gecko) Chrome/70.0.0.0 Safari/537.36"
47.128.40.6 - - [05/Apr/2026:19:55:10 +0200] "GET /wp-content/uploads/2018/04/31356194_1577873102325748_162205925334056960_n-375x195.jpg HTTP/1.1" 206 500 "https://news365.stream/?C=M%3BO%3DA%2Fpage%2F2%2F%2Fpage%2F2%2F%2Fpage%2F2%2F%2Fpage%2F3%2F%2Fpage%2F17%2F%2Fpage%2F17%2F%2Fpage%2F3%2F%2Fpage%2F2%2F%2Fpage%2F2%2F%2Fpage%2F2%2F%2Fpage%2F3%2F%2Fpage%2F3%2F%2Fpage%2F17%2F%2Fpage%2F3%2F%2Fpage%2F3%2F%2Fpage%2F3%2F%2Fpage%2F17%2F" "Mozilla/5.0 (compatible; Bytespider; spider-feedback@bytedance.com) AppleWebKit/537.36 (KHTML, like Gecko) Chrome/70.0.0.0 Safari/537.36"
47.128.40.6 - - [05/Apr/2026:19:55:11 +0200] "GET /wp-content/uploads/2018/02/%D0%B8%D0%BA%D0%BE%D0%BD%D0%BE%D0%BC%D0%B8%D1%81%D1%82-145x100.jpg HTTP/1.1" 206 500 "https://news365.stream/?C=M%3BO%3DA%2Fpage%2F2%2F%2Fpage%2F2%2F%2Fpage%2F2%2F%2Fpage%2F3%2F%2Fpage%2F17%2F%2Fpage%2F17%2F%2Fpage%2F3%2F%2Fpage%2F2%2F%2Fpage%2F2%2F%2Fpage%2F2%2F%2Fpage%2F3%2F%2Fpage%2F3%2F%2Fpage%2F17%2F%2Fpage%2F3%2F%2Fpage%2F3%2F%2Fpage%2F3%2F%2Fpage%2F17%2F" "Mozilla/5.0 (compatible; Bytespider; spider-feedback@bytedance.com) AppleWebKit/537.36 (KHTML, like Gecko) Chrome/70.0.0.0 Safari/537.36"
47.128.40.6 - - [05/Apr/2026:19:55:11 +0200] "GET /wp-content/uploads/2017/08/1463912066%D0%B9%D1%85%D0%B3%D1%81%D1%84-1.jpg HTTP/1.1" 206 500 "https://news365.stream/?C=M%3BO%3DA%2Fpage%2F2%2F%2Fpage%2F2%2F%2Fpage%2F2%2F%2Fpage%2F3%2F%2Fpage%2F17%2F%2Fpage%2F17%2F%2Fpage%2F3%2F%2Fpage%2F2%2F%2Fpage%2F2%2F%2Fpage%2F2%2F%2Fpage%2F3%2F%2Fpage%2F3%2F%2Fpage%2F17%2F%2Fpage%2F3%2F%2Fpage%2F3%2F%2Fpage%2F3%2F%2Fpage%2F17%2F" "Mozilla/5.0 (compatible; Bytespider; spider-feedback@bytedance.com) AppleWebKit/537.36 (KHTML, like Gecko) Chrome/70.0.0.0 Safari/537.36"
198.244.240.245 - - [05/Apr/2026:19:55:13 +0200] "GET /wp-content/uploads/2022/07/stefan-proynov-375x195.jpg HTTP/1.1" 200 21271 "-" "Mozilla/5.0 (compatible; AhrefsBot/7.0; +http://ahrefs.com/robot/)"
51.89.129.61 - - [05/Apr/2026:19:55:14 +0200] "GET /wp-content/uploads/2021/09/242283731_401477424744311_2560566008096065790_n-375x195.jpg HTTP/1.1" 200 30821 "-" "Mozilla/5.0 (compatible; AhrefsBot/7.0; +http://ahrefs.com/robot/)"
198.244.183.32 - - [05/Apr/2026:19:55:34 +0200] "GET /wp-content/uploads/2022/02/stefan-proynov-gold-coins-375x195.jpg HTTP/1.1" 200 24539 "-" "Mozilla/5.0 (compatible; AhrefsBot/7.0; +http://ahrefs.com/robot/)"
185.191.171.12 - - [05/Apr/2026:19:55:40 +0200] "GET /economists-urge-republicans-to-ignore-the-deficit/ HTTP/1.1" 200 20708 "-" "Mozilla/5.0 (compatible; SemrushBot/7~bl; +http://www.semrush.com/bot.html)"
198.244.183.167 - - [05/Apr/2026:19:56:05 +0200] "GET /wp-content/uploads/2021/09/241762954_2032196030276191_5695225449818148189_n-380x258.jpg HTTP/1.1" 200 57411 "-" "Mozilla/5.0 (compatible; AhrefsBot/7.0; +http://ahrefs.com/robot/)"
198.244.240.161 - - [05/Apr/2026:19:56:06 +0200] "GET /wp-content/uploads/2018/02/5e_lgrz05-145x100.jpg HTTP/1.1" 200 4942 "-" "Mozilla/5.0 (compatible; AhrefsBot/7.0; +http://ahrefs.com/robot/)"
51.195.183.111 - - [05/Apr/2026:19:56:07 +0200] "GET /wp-content/uploads/2022/05/stefan-Proynov-coins-1-375x195.jpg HTTP/1.1" 200 30752 "-" "Mozilla/5.0 (compatible; AhrefsBot/7.0; +http://ahrefs.com/robot/)"
198.244.183.99 - - [05/Apr/2026:19:56:08 +0200] "GET /wp-content/uploads/2021/07/212764913_502966570811979_1156796965380310739_n-380x260.png HTTP/1.1" 200 139047 "-" "Mozilla/5.0 (compatible; AhrefsBot/7.0; +http://ahrefs.com/robot/)"
51.89.129.91 - - [05/Apr/2026:19:56:09 +0200] "GET /wp-content/uploads/2018/07/sad-380x260.jpg HTTP/1.1" 200 23562 "-" "Mozilla/5.0 (compatible; AhrefsBot/7.0; +http://ahrefs.com/robot/)"
198.244.242.241 - - [05/Apr/2026:19:56:10 +0200] "GET /wp-content/uploads/2021/09/241762954_2032196030276191_5695225449818148189_n-375x195.jpg HTTP/1.1" 200 36902 "-" "Mozilla/5.0 (compatible; AhrefsBot/7.0; +http://ahrefs.com/robot/)"
51.195.244.250 - - [05/Apr/2026:19:56:41 +0200] "GET /wp-content/uploads/2021/10/ngc-bg-380x260.jpg HTTP/1.1" 200 15014 "-" "Mozilla/5.0 (compatible; AhrefsBot/7.0; +http://ahrefs.com/robot/)"
161.97.137.93 - - [05/Apr/2026:19:56:50 +0200] "POST /wp-cron.php?doing_wp_cron=1775411809.9664490222930908203125 HTTP/1.1" 404 9761 "https://news365.stream/wp-cron.php?doing_wp_cron=1775411809.9664490222930908203125" "WordPress/4.9.26; https://news365.stream"
185.191.171.16 - - [05/Apr/2026:19:56:50 +0200] "GET /california-cities-begin-embracing-cannabis-in-desperate-search-for-cash/ HTTP/1.1" 200 19591 "-" "Mozilla/5.0 (compatible; SemrushBot/7~bl; +http://www.semrush.com/bot.html)"
47.128.40.44 - - [05/Apr/2026:19:59:08 +0200] "GET /?C=M%3BO=A%2Fpage%2F3%2F%2Fpage%2F3%2F%2Fpage%2F3%2F%2Fpage%2F17%2F%2Fpage%2F2%2F%2Fpage%2F17%2F%2Fpage%2F17%2F%2Fpage%2F3%2F%2Fpage%2F2%2F%2Fpage%2F2%2F%2Fpage%2F2%2F%2Fpage%2F3%2F%2Fpage%2F3%2F%2Fpage%2F17%2F%2Fpage%2F17%2F%2Fpage%2F17%2F%2Fpage%2F17%2F%2Fpage%2F2%2F%2Fpage%2F17%2F%2Fpage%2F2%2F%2Fpage%2F2%2F HTTP/1.1" 301 0 "-" "Mozilla/5.0 (compatible; Bytespider; spider-feedback@bytedance.com) AppleWebKit/537.36 (KHTML, like Gecko) Chrome/70.0.0.0 Safari/537.36"
47.128.40.44 - - [05/Apr/2026:19:59:10 +0200] "GET /?C=M%3BO%3DA%2Fpage%2F3%2F%2Fpage%2F3%2F%2Fpage%2F3%2F%2Fpage%2F17%2F%2Fpage%2F2%2F%2Fpage%2F17%2F%2Fpage%2F17%2F%2Fpage%2F3%2F%2Fpage%2F2%2F%2Fpage%2F2%2F%2Fpage%2F2%2F%2Fpage%2F3%2F%2Fpage%2F3%2F%2Fpage%2F17%2F%2Fpage%2F17%2F%2Fpage%2F17%2F%2Fpage%2F17%2F%2Fpage%2F2%2F%2Fpage%2F17%2F%2Fpage%2F2%2F%2Fpage%2F2%2F HTTP/1.1" 200 19594 "-" "Mozilla/5.0 (compatible; Bytespider; spider-feedback@bytedance.com) AppleWebKit/537.36 (KHTML, like Gecko) Chrome/70.0.0.0 Safari/537.36"
161.97.137.93 - - [05/Apr/2026:20:00:50 +0200] "POST /wp-cron.php?doing_wp_cron=1775412049.7824978828430175781250 HTTP/1.1" 404 9624 "https://news365.stream/wp-cron.php?doing_wp_cron=1775412049.7824978828430175781250" "WordPress/4.9.26; https://news365.stream"
85.208.96.204 - - [05/Apr/2026:20:00:50 +0200] "GET /%D0%B8-%D1%81%D0%B0%D0%BC%D1%81%D1%83%D0%BD%D0%B3-%D0%BD%D0%B0%D0%BF%D1%83%D1%81%D0%BA%D0%B0%D1%82-%D1%81%D1%82%D1%80%D0%B0%D0%BD%D0%B0%D1%82%D0%B0/ HTTP/1.1" 200 17891 "-" "Mozilla/5.0 (compatible; SemrushBot/7~bl; +http://www.semrush.com/bot.html)"
85.208.96.204 - - [05/Apr/2026:20:00:55 +0200] "GET /10-races-that-could-totally-change-courts-cops-and-drug-law-in-2020/ HTTP/1.1" 200 30173 "-" "Mozilla/5.0 (compatible; SemrushBot/7~bl; +http://www.semrush.com/bot.html)"
52.71.218.25 - - [05/Apr/2026:20:01:14 +0200] "GET /wp-json/oembed/1.0/embed?format=xml&url=https://news365.stream/coronavirus-threat-gives-strapped-state-health-agencies-a-new-crisis/ HTTP/1.1" 200 1297 "-" "Mozilla/5.0 AppleWebKit/537.36 (KHTML, like Gecko; compatible; Amazonbot/0.1; +https://developer.amazon.com/support/amazonbot) Chrome/119.0.6045.214 Safari/537.36"
161.97.137.93 - - [05/Apr/2026:20:03:09 +0200] "POST /wp-cron.php?doing_wp_cron=1775412189.2682609558105468750000 HTTP/1.1" 404 9754 "https://news365.stream/wp-cron.php?doing_wp_cron=1775412189.2682609558105468750000" "WordPress/4.9.26; https://news365.stream"
47.128.40.228 - - [05/Apr/2026:20:03:09 +0200] "GET /?C=M%3BO=A%2Fpage%2F2%2F%2Fpage%2F2%2F%2Fpage%2F2%2F%2Fpage%2F3%2F%2Fpage%2F3%2F%2Fpage%2F2%2F%2Fpage%2F17%2F%2Fpage%2F2%2F%2Fpage%2F2%2F%2Fpage%2F3%2F%2Fpage%2F2%2F%2Fpage%2F17%2F%2Fpage%2F3%2F%2Fpage%2F2%2F%2Fpage%2F2%2F%2Fpage%2F2%2F%2Fpage%2F17%2F%2Fpage%2F3%2F%2Fpage%2F3%2F%2Fpage%2F3%2F%2Fpage%2F3%2F%2Fpage%2F2%2F HTTP/1.1" 301 0 "-" "Mozilla/5.0 (compatible; Bytespider; spider-feedback@bytedance.com) AppleWebKit/537.36 (KHTML, like Gecko) Chrome/70.0.0.0 Safari/537.36"
47.128.40.228 - - [05/Apr/2026:20:03:10 +0200] "GET /?C=M%3BO%3DA%2Fpage%2F2%2F%2Fpage%2F2%2F%2Fpage%2F2%2F%2Fpage%2F3%2F%2Fpage%2F3%2F%2Fpage%2F2%2F%2Fpage%2F17%2F%2Fpage%2F2%2F%2Fpage%2F2%2F%2Fpage%2F3%2F%2Fpage%2F2%2F%2Fpage%2F17%2F%2Fpage%2F3%2F%2Fpage%2F2%2F%2Fpage%2F2%2F%2Fpage%2F2%2F%2Fpage%2F17%2F%2Fpage%2F3%2F%2Fpage%2F3%2F%2Fpage%2F3%2F%2Fpage%2F3%2F%2Fpage%2F2%2F HTTP/1.1" 200 19235 "-" "Mozilla/5.0 (compatible; Bytespider; spider-feedback@bytedance.com) AppleWebKit/537.36 (KHTML, like Gecko) Chrome/70.0.0.0 Safari/537.36"
47.128.40.228 - - [05/Apr/2026:20:03:12 +0200] "GET /wp-content/uploads/2019/01/b584740eecbc433abd5eb2ca6e03c821-145x100.jpg HTTP/1.1" 206 500 "https://news365.stream/?C=M%3BO%3DA%2Fpage%2F2%2F%2Fpage%2F2%2F%2Fpage%2F2%2F%2Fpage%2F3%2F%2Fpage%2F3%2F%2Fpage%2F2%2F%2Fpage%2F17%2F%2Fpage%2F2%2F%2Fpage%2F2%2F%2Fpage%2F3%2F%2Fpage%2F2%2F%2Fpage%2F17%2F%2Fpage%2F3%2F%2Fpage%2F2%2F%2Fpage%2F2%2F%2Fpage%2F2%2F%2Fpage%2F17%2F%2Fpage%2F3%2F%2Fpage%2F3%2F%2Fpage%2F3%2F%2Fpage%2F3%2F%2Fpage%2F2%2F" "Mozilla/5.0 (compatible; Bytespider; spider-feedback@bytedance.com) AppleWebKit/537.36 (KHTML, like Gecko) Chrome/70.0.0.0 Safari/537.36"
