20.63.209.197 - - [06/Apr/2026:05:11:27 +0200] "GET /wp-content/themes/ HTTP/1.1" 200 0 "-" "Mozilla/5.0 (Windows NT 10.0; Win64; x64) AppleWebKit/537.36 (KHTML, like Gecko) Chrome/120.0.0.0 Safari/537.36"
20.63.209.197 - - [06/Apr/2026:05:11:28 +0200] "GET /wp-includes/phpmailer/phpmailer.php HTTP/1.1" 404 212 "-" "Mozilla/5.0 (Windows NT 10.0; Win64; x64) AppleWebKit/537.36 (KHTML, like Gecko) Chrome/120.0.0.0 Safari/537.36"
20.63.209.197 - - [06/Apr/2026:05:11:28 +0200] "GET /wp.php HTTP/1.1" 404 31 "-" "Mozilla/5.0 (Windows NT 10.0; Win64; x64) AppleWebKit/537.36 (KHTML, like Gecko) Chrome/120.0.0.0 Safari/537.36"
20.63.209.197 - - [06/Apr/2026:05:11:28 +0200] "GET /xmlrpc.php HTTP/1.1" 404 31 "-" "Mozilla/5.0 (Windows NT 10.0; Win64; x64) AppleWebKit/537.36 (KHTML, like Gecko) Chrome/120.0.0.0 Safari/537.36"
85.208.96.205 - - [06/Apr/2026:05:13:13 +0200] "GET /scientists-turn-on-boris-johnson-over-britains-coronavirus-response/ HTTP/1.1" 404 277 "-" "Mozilla/5.0 (compatible; SemrushBot/7~bl; +http://www.semrush.com/bot.html)"
85.208.96.202 - - [06/Apr/2026:05:13:27 +0200] "GET /trumps-absence-at-john-lewis-services-highlights-struggle-to-honor-prominent-critics/ HTTP/1.1" 404 277 "-" "Mozilla/5.0 (compatible; SemrushBot/7~bl; +http://www.semrush.com/bot.html)"
51.75.236.156 - - [06/Apr/2026:05:13:43 +0200] "GET /wp-content/uploads/2023/09/?C=N;O=D HTTP/1.1" 200 275 "-" "Mozilla/5.0 (compatible; AhrefsBot/7.0; +http://ahrefs.com/robot/)"
47.128.40.31 - - [06/Apr/2026:05:15:14 +0200] "GET /?C=D%3BO=A%2Fpage%2F17%2F%2Fpage%2F17%2F%2Fpage%2F2%2F%2Fpage%2F17%2F%2Fpage%2F3%2F%2Fpage%2F17%2F%2Fpage%2F2%2F%2Fpage%2F3%2F%2Fpage%2F2%2F HTTP/1.1" 301 0 "-" "Mozilla/5.0 (Linux; Android 5.0) AppleWebKit/537.36 (KHTML, like Gecko) Mobile Safari/537.36 (compatible; Bytespider; spider-feedback@bytedance.com)"
47.128.40.31 - - [06/Apr/2026:05:15:16 +0200] "GET /?C=D%3BO%3DA%2Fpage%2F17%2F%2Fpage%2F17%2F%2Fpage%2F2%2F%2Fpage%2F17%2F%2Fpage%2F3%2F%2Fpage%2F17%2F%2Fpage%2F2%2F%2Fpage%2F3%2F%2Fpage%2F2%2F HTTP/1.1" 200 19836 "-" "Mozilla/5.0 (Linux; Android 5.0) AppleWebKit/537.36 (KHTML, like Gecko) Mobile Safari/537.36 (compatible; Bytespider; spider-feedback@bytedance.com)"
161.97.137.93 - - [06/Apr/2026:05:19:18 +0200] "POST /wp-cron.php?doing_wp_cron=1775445558.3208189010620117187500 HTTP/1.1" 404 31 "https://news365.stream/wp-cron.php?doing_wp_cron=1775445558.3208189010620117187500" "WordPress/4.9.26; https://news365.stream"
47.128.40.238 - - [06/Apr/2026:05:19:18 +0200] "GET /?C=D%3BO=A%2Fpage%2F17%2F%2Fpage%2F3%2F%2Fpage%2F2%2F%2Fpage%2F17%2F%2Fpage%2F2%2F%2Fpage%2F3%2F%2Fpage%2F3%2F%2Fpage%2F17%2F%2Fpage%2F3%2F HTTP/1.1" 301 0 "-" "Mozilla/5.0 (compatible; Bytespider; spider-feedback@bytedance.com) AppleWebKit/537.36 (KHTML, like Gecko) Chrome/70.0.0.0 Safari/537.36"
47.128.40.238 - - [06/Apr/2026:05:19:22 +0200] "GET /?C=D%3BO%3DA%2Fpage%2F17%2F%2Fpage%2F3%2F%2Fpage%2F2%2F%2Fpage%2F17%2F%2Fpage%2F2%2F%2Fpage%2F3%2F%2Fpage%2F3%2F%2Fpage%2F17%2F%2Fpage%2F3%2F HTTP/1.1" 200 19620 "-" "Mozilla/5.0 (compatible; Bytespider; spider-feedback@bytedance.com) AppleWebKit/537.36 (KHTML, like Gecko) Chrome/70.0.0.0 Safari/537.36"
15.204.12.43 - - [06/Apr/2026:05:21:31 +0200] "GET /wp-json/wp/v3/ HTTP/1.1" 404 355 "-" "Mozilla/5.0 (Windows NT 10.0; Win64; x64) AppleWebKit/537.36 (KHTML, like Gecko) Chrome/127.0.0.0 Safari/537.36"
15.204.12.43 - - [06/Apr/2026:05:21:32 +0200] "GET /wp-json/wp/v3/ HTTP/1.1" 404 355 "-" "Mozilla/5.0 (Windows NT 10.0; Win64; x64) AppleWebKit/537.36 (KHTML, like Gecko) Chrome/127.0.0.0 Safari/537.36"
85.208.96.194 - - [06/Apr/2026:05:21:39 +0200] "GET /uss-theodore-roosevelt-sailors-still-showing-virus-symptoms-despite-month-of-isolation/ HTTP/1.1" 404 277 "-" "Mozilla/5.0 (compatible; SemrushBot/7~bl; +http://www.semrush.com/bot.html)"
161.97.137.93 - - [06/Apr/2026:05:23:11 +0200] "POST /wp-cron.php?doing_wp_cron=1775445791.7986888885498046875000 HTTP/1.1" 404 31 "https://news365.stream/wp-cron.php?doing_wp_cron=1775445791.7986888885498046875000" "WordPress/4.9.26; https://news365.stream"
47.128.40.35 - - [06/Apr/2026:05:23:11 +0200] "GET /?C=M%3BO=D%2Fpage%2F17%2F%2Fpage%2F2%2F%2Fpage%2F3%2F%2Fpage%2F3%2F%2Fpage%2F17%2F%2Fpage%2F3%2F%2Fpage%2F2%2F%2Fpage%2F2%2F%2Fpage%2F17%2F%2Fpage%2F3%2F%2Fpage%2F3%2F%2Fpage%2F3%2F%2Fpage%2F3%2F%2Fpage%2F17%2F%2Fpage%2F3%2F%2Fpage%2F3%2F%2Fpage%2F3%2F%2Fpage%2F2%2F%2Fpage%2F3%2F%2Fpage%2F3%2F%2Fpage%2F3%2F%2Fpage%2F17%2F%2Fpage%2F2%2F%2Fpage%2F3%2F%2Fpage%2F2%2F%2Fpage%2F3%2F%2Fpage%2F17%2F%2Fpage%2F3%2F%2Fpage%2F2%2F%2Fpage%2F3%2F HTTP/1.1" 301 0 "-" "Mozilla/5.0 (compatible; Bytespider; spider-feedback@bytedance.com) AppleWebKit/537.36 (KHTML, like Gecko) Chrome/70.0.0.0 Safari/537.36"
47.128.40.35 - - [06/Apr/2026:05:23:12 +0200] "GET /?C=M%3BO%3DD%2Fpage%2F17%2F%2Fpage%2F2%2F%2Fpage%2F3%2F%2Fpage%2F3%2F%2Fpage%2F17%2F%2Fpage%2F3%2F%2Fpage%2F2%2F%2Fpage%2F2%2F%2Fpage%2F17%2F%2Fpage%2F3%2F%2Fpage%2F3%2F%2Fpage%2F3%2F%2Fpage%2F3%2F%2Fpage%2F17%2F%2Fpage%2F3%2F%2Fpage%2F3%2F%2Fpage%2F3%2F%2Fpage%2F2%2F%2Fpage%2F3%2F%2Fpage%2F3%2F%2Fpage%2F3%2F%2Fpage%2F17%2F%2Fpage%2F2%2F%2Fpage%2F3%2F%2Fpage%2F2%2F%2Fpage%2F3%2F%2Fpage%2F17%2F%2Fpage%2F3%2F%2Fpage%2F2%2F%2Fpage%2F3%2F HTTP/1.1" 200 19335 "-" "Mozilla/5.0 (compatible; Bytespider; spider-feedback@bytedance.com) AppleWebKit/537.36 (KHTML, like Gecko) Chrome/70.0.0.0 Safari/537.36"
185.191.171.19 - - [06/Apr/2026:05:25:38 +0200] "GET /giving-money-to-residents-no-strings-attached/ HTTP/1.1" 404 277 "-" "Mozilla/5.0 (compatible; SemrushBot/7~bl; +http://www.semrush.com/bot.html)"
161.97.137.93 - - [06/Apr/2026:05:27:07 +0200] "POST /wp-cron.php?doing_wp_cron=1775446027.5947690010070800781250 HTTP/1.1" 404 31 "https://news365.stream/wp-cron.php?doing_wp_cron=1775446027.5947690010070800781250" "WordPress/4.9.26; https://news365.stream"
47.128.40.234 - - [06/Apr/2026:05:27:07 +0200] "GET /?C=M%3BO=D%2Fpage%2F2%2F%2Fpage%2F3%2F%2Fpage%2F17%2F%2Fpage%2F2%2F%2Fpage%2F3%2F%2Fpage%2F17%2F%2Fpage%2F3%2F%2Fpage%2F3%2F%2Fpage%2F17%2F%2Fpage%2F17%2F%2Fpage%2F17%2F%2Fpage%2F17%2F%2Fpage%2F3%2F%2Fpage%2F17%2F%2Fpage%2F3%2F%2Fpage%2F17%2F%2Fpage%2F2%2F%2Fpage%2F17%2F%2Fpage%2F2%2F%2Fpage%2F2%2F%2Fpage%2F2%2F%2Fpage%2F3%2F%2Fpage%2F17%2F HTTP/1.1" 301 0 "-" "Mozilla/5.0 (compatible; Bytespider; spider-feedback@bytedance.com) AppleWebKit/537.36 (KHTML, like Gecko) Chrome/70.0.0.0 Safari/537.36"
47.128.40.234 - - [06/Apr/2026:05:27:08 +0200] "GET /?C=M%3BO%3DD%2Fpage%2F2%2F%2Fpage%2F3%2F%2Fpage%2F17%2F%2Fpage%2F2%2F%2Fpage%2F3%2F%2Fpage%2F17%2F%2Fpage%2F3%2F%2Fpage%2F3%2F%2Fpage%2F17%2F%2Fpage%2F17%2F%2Fpage%2F17%2F%2Fpage%2F17%2F%2Fpage%2F3%2F%2Fpage%2F17%2F%2Fpage%2F3%2F%2Fpage%2F17%2F%2Fpage%2F2%2F%2Fpage%2F17%2F%2Fpage%2F2%2F%2Fpage%2F2%2F%2Fpage%2F2%2F%2Fpage%2F3%2F%2Fpage%2F17%2F HTTP/1.1" 200 20250 "-" "Mozilla/5.0 (compatible; Bytespider; spider-feedback@bytedance.com) AppleWebKit/537.36 (KHTML, like Gecko) Chrome/70.0.0.0 Safari/537.36"
47.128.40.234 - - [06/Apr/2026:05:27:09 +0200] "GET /wp-content/uploads/2018/04/zx620y348_2733938-375x195.jpg HTTP/1.1" 206 500 "https://news365.stream/?C=M%3BO%3DD%2Fpage%2F2%2F%2Fpage%2F3%2F%2Fpage%2F17%2F%2Fpage%2F2%2F%2Fpage%2F3%2F%2Fpage%2F17%2F%2Fpage%2F3%2F%2Fpage%2F3%2F%2Fpage%2F17%2F%2Fpage%2F17%2F%2Fpage%2F17%2F%2Fpage%2F17%2F%2Fpage%2F3%2F%2Fpage%2F17%2F%2Fpage%2F3%2F%2Fpage%2F17%2F%2Fpage%2F2%2F%2Fpage%2F17%2F%2Fpage%2F2%2F%2Fpage%2F2%2F%2Fpage%2F2%2F%2Fpage%2F3%2F%2Fpage%2F17%2F" "Mozilla/5.0 (compatible; Bytespider; spider-feedback@bytedance.com) AppleWebKit/537.36 (KHTML, like Gecko) Chrome/70.0.0.0 Safari/537.36"
47.128.40.234 - - [06/Apr/2026:05:27:10 +0200] "GET /wp-content/uploads/2018/03/hqdefault-145x100.jpg HTTP/1.1" 206 500 "https://news365.stream/?C=M%3BO%3DD%2Fpage%2F2%2F%2Fpage%2F3%2F%2Fpage%2F17%2F%2Fpage%2F2%2F%2Fpage%2F3%2F%2Fpage%2F17%2F%2Fpage%2F3%2F%2Fpage%2F3%2F%2Fpage%2F17%2F%2Fpage%2F17%2F%2Fpage%2F17%2F%2Fpage%2F17%2F%2Fpage%2F3%2F%2Fpage%2F17%2F%2Fpage%2F3%2F%2Fpage%2F17%2F%2Fpage%2F2%2F%2Fpage%2F17%2F%2Fpage%2F2%2F%2Fpage%2F2%2F%2Fpage%2F2%2F%2Fpage%2F3%2F%2Fpage%2F17%2F" "Mozilla/5.0 (compatible; Bytespider; spider-feedback@bytedance.com) AppleWebKit/537.36 (KHTML, like Gecko) Chrome/70.0.0.0 Safari/537.36"
51.75.236.150 - - [06/Apr/2026:05:27:48 +0200] "GET /trump-breaks-with-his-own-guidelines-to-back-conservative-anti-quarantine-protesters/ HTTP/1.1" 404 212 "-" "Mozilla/5.0 (compatible; AhrefsBot/7.0; +http://ahrefs.com/robot/)"
161.97.137.93 - - [06/Apr/2026:05:31:39 +0200] "POST /wp-cron.php?doing_wp_cron=1775446299.8268818855285644531250 HTTP/1.1" 404 31 "https://news365.stream/wp-cron.php?doing_wp_cron=1775446299.8268818855285644531250" "WordPress/4.9.26; https://news365.stream"
47.128.40.6 - - [06/Apr/2026:05:31:39 +0200] "GET /?C=S%3BO=A%2Fpage%2F2%2F%2Fpage%2F2%2F%2Fpage%2F3%2F%2Fpage%2F3%2F%2Fpage%2F3%2F%2Fpage%2F2%2F%2Fpage%2F2%2F%2Fpage%2F2%2F%2Fpage%2F17%2F%2Fpage%2F3%2F%2Fpage%2F17%2F%2Fpage%2F3%2F%2Fpage%2F2%2F%2Fpage%2F17%2F HTTP/1.1" 301 0 "-" "Mozilla/5.0 (compatible; Bytespider; spider-feedback@bytedance.com) AppleWebKit/537.36 (KHTML, like Gecko) Chrome/70.0.0.0 Safari/537.36"
47.128.40.6 - - [06/Apr/2026:05:31:42 +0200] "GET /?C=S%3BO%3DA%2Fpage%2F2%2F%2Fpage%2F2%2F%2Fpage%2F3%2F%2Fpage%2F3%2F%2Fpage%2F3%2F%2Fpage%2F2%2F%2Fpage%2F2%2F%2Fpage%2F2%2F%2Fpage%2F17%2F%2Fpage%2F3%2F%2Fpage%2F17%2F%2Fpage%2F3%2F%2Fpage%2F2%2F%2Fpage%2F17%2F HTTP/1.1" 200 19967 "-" "Mozilla/5.0 (compatible; Bytespider; spider-feedback@bytedance.com) AppleWebKit/537.36 (KHTML, like Gecko) Chrome/70.0.0.0 Safari/537.36"
15.204.12.43 - - [06/Apr/2026:05:31:43 +0200] "GET /?doors-test-article HTTP/1.1" 200 185616 "-" "Mozilla/5.0 (Windows NT 10.0; Win64; x64) AppleWebKit/537.36 (KHTML, like Gecko) Chrome/127.0.0.0 Safari/537.36"
15.204.12.43 - - [06/Apr/2026:05:31:46 +0200] "GET /?doors-test-article HTTP/1.1" 301 0 "-" "Mozilla/5.0 (Windows NT 10.0; Win64; x64) AppleWebKit/537.36 (KHTML, like Gecko) Chrome/127.0.0.0 Safari/537.36"
15.204.12.43 - - [06/Apr/2026:05:31:47 +0200] "GET /?doors-test-article HTTP/1.1" 200 185608 "-" "Mozilla/5.0 (Windows NT 10.0; Win64; x64) AppleWebKit/537.36 (KHTML, like Gecko) Chrome/127.0.0.0 Safari/537.36"
185.191.171.3 - - [06/Apr/2026:05:33:25 +0200] "GET /trump-is-turning-coronavirus-into-a-useful-enemy/ HTTP/1.1" 404 277 "-" "Mozilla/5.0 (compatible; SemrushBot/7~bl; +http://www.semrush.com/bot.html)"
14.231.175.121 - - [06/Apr/2026:05:34:18 +0200] "GET /steve-king-is-on-the-ropes/ HTTP/1.1" 404 277 "-" "Mozilla/5.0 (Windows NT 10.0; Win64; x64) AppleWebKit/537.36 (KHTML, like Gecko) Chrome/130.0.6723.116 Safari/537.36"
161.97.137.93 - - [06/Apr/2026:05:35:17 +0200] "POST /wp-cron.php?doing_wp_cron=1775446517.1203029155731201171875 HTTP/1.1" 404 31 "https://news365.stream/wp-cron.php?doing_wp_cron=1775446517.1203029155731201171875" "WordPress/4.9.26; https://news365.stream"
47.128.40.50 - - [06/Apr/2026:05:35:17 +0200] "GET /?C=M%3BO=A%2Fpage%2F2%2F%2Fpage%2F2%2F%2Fpage%2F2%2F%2Fpage%2F3%2F%2Fpage%2F2%2F%2Fpage%2F3%2F%2Fpage%2F2%2F%2Fpage%2F17%2F%2Fpage%2F17%2F%2Fpage%2F17%2F%2Fpage%2F3%2F%2Fpage%2F3%2F%2Fpage%2F3%2F%2Fpage%2F17%2F%2Fpage%2F17%2F%2Fpage%2F17%2F HTTP/1.1" 301 0 "-" "Mozilla/5.0 (Linux; Android 5.0) AppleWebKit/537.36 (KHTML, like Gecko) Mobile Safari/537.36 (compatible; Bytespider; spider-feedback@bytedance.com)"
47.128.40.50 - - [06/Apr/2026:05:35:19 +0200] "GET /?C=M%3BO%3DA%2Fpage%2F2%2F%2Fpage%2F2%2F%2Fpage%2F2%2F%2Fpage%2F3%2F%2Fpage%2F2%2F%2Fpage%2F3%2F%2Fpage%2F2%2F%2Fpage%2F17%2F%2Fpage%2F17%2F%2Fpage%2F17%2F%2Fpage%2F3%2F%2Fpage%2F3%2F%2Fpage%2F3%2F%2Fpage%2F17%2F%2Fpage%2F17%2F%2Fpage%2F17%2F HTTP/1.1" 200 19481 "-" "Mozilla/5.0 (Linux; Android 5.0) AppleWebKit/537.36 (KHTML, like Gecko) Mobile Safari/537.36 (compatible; Bytespider; spider-feedback@bytedance.com)"
51.38.104.194 - - [06/Apr/2026:05:35:36 +0200] "GET /wp-content/plugins/fancy-elementor-gallery-box/assets/js/fancy-elementor-flipbox.js HTTP/1.1" 404 355 "-" "Mozilla/5.0 (Windows NT 10.0; Win64; x64) AppleWebKit/537.36 (KHTML, like Gecko) Chrome/127.0.0.0 Safari/537.36"
51.38.104.194 - - [06/Apr/2026:05:35:37 +0200] "GET /wp-content/plugins/fancy-elementor-gallery-box/assets/js/fancy-elementor-flipbox.js HTTP/1.1" 404 355 "-" "Mozilla/5.0 (Windows NT 10.0; Win64; x64) AppleWebKit/537.36 (KHTML, like Gecko) Chrome/127.0.0.0 Safari/537.36"
51.38.104.194 - - [06/Apr/2026:05:36:09 +0200] "GET /blog-verify HTTP/1.1" 404 355 "-" "Mozilla/5.0 (Windows NT 10.0; Win64; x64) AppleWebKit/537.36 (KHTML, like Gecko) Chrome/127.0.0.0 Safari/537.36"
51.38.104.194 - - [06/Apr/2026:05:36:10 +0200] "GET /blog-verify HTTP/1.1" 404 355 "-" "Mozilla/5.0 (Windows NT 10.0; Win64; x64) AppleWebKit/537.36 (KHTML, like Gecko) Chrome/127.0.0.0 Safari/537.36"
80.94.95.202 - - [06/Apr/2026:05:37:16 +0200] "GET / HTTP/1.0" 200 183773 "https://news365.stream/" "Mozilla/5.0 (Windows NT 10.0; Win64; x64) AppleWebKit/537.36 (KHTML, like Gecko) Chrome/130.0.0.0 Safari/537.36"
161.97.137.93 - - [06/Apr/2026:05:39:11 +0200] "POST /wp-cron.php?doing_wp_cron=1775446751.9256811141967773437500 HTTP/1.1" 404 31 "https://news365.stream/wp-cron.php?doing_wp_cron=1775446751.9256811141967773437500" "WordPress/4.9.26; https://news365.stream"
47.128.40.8 - - [06/Apr/2026:05:39:12 +0200] "GET /?C=M%3BO=D%2Fpage%2F2%2F%2Fpage%2F2%2F%2Fpage%2F2%2F%2Fpage%2F2%2F%2Fpage%2F2%2F%2Fpage%2F3%2F%2Fpage%2F2%2F%2Fpage%2F3%2F%2Fpage%2F17%2F%2Fpage%2F17%2F%2Fpage%2F2%2F%2Fpage%2F3%2F%2Fpage%2F17%2F%2Fpage%2F2%2F%2Fpage%2F17%2F%2Fpage%2F17%2F%2Fpage%2F17%2F%2Fpage%2F3%2F%2Fpage%2F3%2F%2Fpage%2F2%2F%2Fpage%2F3%2F%2Fpage%2F2%2F%2Fpage%2F17%2F%2Fpage%2F2%2F%2Fpage%2F2%2F%2Fpage%2F17%2F HTTP/1.1" 301 0 "-" "Mozilla/5.0 (compatible; Bytespider; spider-feedback@bytedance.com) AppleWebKit/537.36 (KHTML, like Gecko) Chrome/70.0.0.0 Safari/537.36"
47.128.40.8 - - [06/Apr/2026:05:39:18 +0200] "GET /?C=M%3BO%3DD%2Fpage%2F2%2F%2Fpage%2F2%2F%2Fpage%2F2%2F%2Fpage%2F2%2F%2Fpage%2F2%2F%2Fpage%2F3%2F%2Fpage%2F2%2F%2Fpage%2F3%2F%2Fpage%2F17%2F%2Fpage%2F17%2F%2Fpage%2F2%2F%2Fpage%2F3%2F%2Fpage%2F17%2F%2Fpage%2F2%2F%2Fpage%2F17%2F%2Fpage%2F17%2F%2Fpage%2F17%2F%2Fpage%2F3%2F%2Fpage%2F3%2F%2Fpage%2F2%2F%2Fpage%2F3%2F%2Fpage%2F2%2F%2Fpage%2F17%2F%2Fpage%2F2%2F%2Fpage%2F2%2F%2Fpage%2F17%2F HTTP/1.1" 200 19451 "-" "Mozilla/5.0 (compatible; Bytespider; spider-feedback@bytedance.com) AppleWebKit/537.36 (KHTML, like Gecko) Chrome/70.0.0.0 Safari/537.36"
47.128.40.246 - - [06/Apr/2026:05:39:22 +0200] "GET /?C=S%3BO=A%2Fpage%2F2%2F%2Fpage%2F2%2F%2Fpage%2F3%2F%2Fpage%2F17%2F%2Fpage%2F17%2F%2Fpage%2F2%2F%2Fpage%2F3%2F%2Fpage%2F3%2F%2Fpage%2F2%2F%2Fpage%2F2%2F%2Fpage%2F17%2F%2Fpage%2F17%2F%2Fpage%2F3%2F%2Fpage%2F17%2F%2Fpage%2F2%2F%2Fpage%2F17%2F%2Fpage%2F2%2F%2Fpage%2F3%2F%2Fpage%2F2%2F%2Fpage%2F3%2F%2Fpage%2F17%2F%2Fpage%2F3%2F%2Fpage%2F2%2F%2Fpage%2F3%2F%2Fpage%2F17%2F HTTP/1.1" 301 0 "-" "Mozilla/5.0 (compatible; Bytespider; spider-feedback@bytedance.com) AppleWebKit/537.36 (KHTML, like Gecko) Chrome/70.0.0.0 Safari/537.36"
47.128.40.246 - - [06/Apr/2026:05:39:29 +0200] "GET /?C=S%3BO%3DA%2Fpage%2F2%2F%2Fpage%2F2%2F%2Fpage%2F3%2F%2Fpage%2F17%2F%2Fpage%2F17%2F%2Fpage%2F2%2F%2Fpage%2F3%2F%2Fpage%2F3%2F%2Fpage%2F2%2F%2Fpage%2F2%2F%2Fpage%2F17%2F%2Fpage%2F17%2F%2Fpage%2F3%2F%2Fpage%2F17%2F%2Fpage%2F2%2F%2Fpage%2F17%2F%2Fpage%2F2%2F%2Fpage%2F3%2F%2Fpage%2F2%2F%2Fpage%2F3%2F%2Fpage%2F17%2F%2Fpage%2F3%2F%2Fpage%2F2%2F%2Fpage%2F3%2F%2Fpage%2F17%2F HTTP/1.1" 200 19648 "-" "Mozilla/5.0 (compatible; Bytespider; spider-feedback@bytedance.com) AppleWebKit/537.36 (KHTML, like Gecko) Chrome/70.0.0.0 Safari/537.36"
47.128.40.8 - - [06/Apr/2026:05:39:34 +0200] "GET /wp-content/uploads/2019/01/b584740eecbc433abd5eb2ca6e03c821-375x195.jpg HTTP/1.1" 206 500 "https://news365.stream/?C=M%3BO%3DD%2Fpage%2F2%2F%2Fpage%2F2%2F%2Fpage%2F2%2F%2Fpage%2F2%2F%2Fpage%2F2%2F%2Fpage%2F3%2F%2Fpage%2F2%2F%2Fpage%2F3%2F%2Fpage%2F17%2F%2Fpage%2F17%2F%2Fpage%2F2%2F%2Fpage%2F3%2F%2Fpage%2F17%2F%2Fpage%2F2%2F%2Fpage%2F17%2F%2Fpage%2F17%2F%2Fpage%2F17%2F%2Fpage%2F3%2F%2Fpage%2F3%2F%2Fpage%2F2%2F%2Fpage%2F3%2F%2Fpage%2F2%2F%2Fpage%2F17%2F%2Fpage%2F2%2F%2Fpage%2F2%2F%2Fpage%2F17%2F" "Mozilla/5.0 (compatible; Bytespider; spider-feedback@bytedance.com) AppleWebKit/537.36 (KHTML, like Gecko) Chrome/70.0.0.0 Safari/537.36"
54.37.118.74 - - [06/Apr/2026:05:41:14 +0200] "GET /%D1%82%D0%B0%D0%BA%D0%B0-%D0%BD%D0%B0%D0%B9-%D1%87%D0%B5%D1%81%D1%82%D0%BE-%D0%BF%D1%80%D0%B8%D1%81%D0%B2%D0%BE%D1%8F%D0%B2%D0%B0%D1%82-%D0%B8%D0%BC%D0%BE%D1%82%D0%B8%D1%82%D0%B5-%D0%BF/ HTTP/1.1" 404 212 "-" "Mozilla/5.0 (compatible; AhrefsBot/7.0; +http://ahrefs.com/robot/)"
185.191.171.16 - - [06/Apr/2026:05:41:22 +0200] "GET /kemp-and-bottoms-hurl-insults-at-each-other-in-georgia-mask-feud/ HTTP/1.1" 404 277 "-" "Mozilla/5.0 (compatible; SemrushBot/7~bl; +http://www.semrush.com/bot.html)"
85.208.96.202 - - [06/Apr/2026:05:41:52 +0200] "GET /the-decaying-u-s-china-relationship-will-change-each-of-our-lives/ HTTP/1.1" 404 277 "-" "Mozilla/5.0 (compatible; SemrushBot/7~bl; +http://www.semrush.com/bot.html)"
161.97.137.93 - - [06/Apr/2026:05:43:00 +0200] "POST /wp-cron.php?doing_wp_cron=1775446980.3486769199371337890625 HTTP/1.1" 404 31 "https://news365.stream/wp-cron.php?doing_wp_cron=1775446980.3486769199371337890625" "WordPress/4.9.26; https://news365.stream"
47.128.40.247 - - [06/Apr/2026:05:43:00 +0200] "GET /?C=S%3BO=D%2Fpage%2F3%2F%2Fpage%2F2%2F%2Fpage%2F2%2F%2Fpage%2F2%2F%2Fpage%2F2%2F%2Fpage%2F3%2F%2Fpage%2F2%2F%2Fpage%2F2%2F%2Fpage%2F2%2F%2Fpage%2F2%2F%2Fpage%2F3%2F%2Fpage%2F17%2F%2Fpage%2F3%2F%2Fpage%2F17%2F%2Fpage%2F2%2F%2Fpage%2F2%2F%2Fpage%2F2%2F%2Fpage%2F2%2F%2Fpage%2F2%2F%2Fpage%2F3%2F%2Fpage%2F3%2F%2Fpage%2F17%2F%2Fpage%2F2%2F%2Fpage%2F2%2F%2Fpage%2F17%2F HTTP/1.1" 301 0 "-" "Mozilla/5.0 (Linux; Android 5.0) AppleWebKit/537.36 (KHTML, like Gecko) Mobile Safari/537.36 (compatible; Bytespider; spider-feedback@bytedance.com)"
47.128.40.247 - - [06/Apr/2026:05:43:01 +0200] "GET /?C=S%3BO%3DD%2Fpage%2F3%2F%2Fpage%2F2%2F%2Fpage%2F2%2F%2Fpage%2F2%2F%2Fpage%2F2%2F%2Fpage%2F3%2F%2Fpage%2F2%2F%2Fpage%2F2%2F%2Fpage%2F2%2F%2Fpage%2F2%2F%2Fpage%2F3%2F%2Fpage%2F17%2F%2Fpage%2F3%2F%2Fpage%2F17%2F%2Fpage%2F2%2F%2Fpage%2F2%2F%2Fpage%2F2%2F%2Fpage%2F2%2F%2Fpage%2F2%2F%2Fpage%2F3%2F%2Fpage%2F3%2F%2Fpage%2F17%2F%2Fpage%2F2%2F%2Fpage%2F2%2F%2Fpage%2F17%2F HTTP/1.1" 200 19508 "-" "Mozilla/5.0 (Linux; Android 5.0) AppleWebKit/537.36 (KHTML, like Gecko) Mobile Safari/537.36 (compatible; Bytespider; spider-feedback@bytedance.com)"
47.128.40.247 - - [06/Apr/2026:05:43:08 +0200] "GET /wp-content/uploads/2018/07/Hemp-oil-protocol-145x100.jpg HTTP/1.1" 206 500 "https://news365.stream/?C=S%3BO%3DD%2Fpage%2F3%2F%2Fpage%2F2%2F%2Fpage%2F2%2F%2Fpage%2F2%2F%2Fpage%2F2%2F%2Fpage%2F3%2F%2Fpage%2F2%2F%2Fpage%2F2%2F%2Fpage%2F2%2F%2Fpage%2F2%2F%2Fpage%2F3%2F%2Fpage%2F17%2F%2Fpage%2F3%2F%2Fpage%2F17%2F%2Fpage%2F2%2F%2Fpage%2F2%2F%2Fpage%2F2%2F%2Fpage%2F2%2F%2Fpage%2F2%2F%2Fpage%2F3%2F%2Fpage%2F3%2F%2Fpage%2F17%2F%2Fpage%2F2%2F%2Fpage%2F2%2F%2Fpage%2F17%2F" "Mozilla/5.0 (Linux; Android 5.0) AppleWebKit/537.36 (KHTML, like Gecko) Mobile Safari/537.36 (compatible; Bytespider; spider-feedback@bytedance.com)"
47.128.40.4 - - [06/Apr/2026:05:43:09 +0200] "GET /?C=D%3BO=A%2Fpage%2F17%2F%2Fpage%2F17%2F%2Fpage%2F17%2F%2Fpage%2F3%2F%2Fpage%2F2%2F%2Fpage%2F3%2F%2Fpage%2F17%2F%2Fpage%2F17%2F HTTP/1.1" 301 0 "-" "Mozilla/5.0 (Linux; Android 5.0) AppleWebKit/537.36 (KHTML, like Gecko) Mobile Safari/537.36 (compatible; Bytespider; spider-feedback@bytedance.com)"
47.128.40.4 - - [06/Apr/2026:05:43:10 +0200] "GET /?C=D%3BO%3DA%2Fpage%2F17%2F%2Fpage%2F17%2F%2Fpage%2F17%2F%2Fpage%2F3%2F%2Fpage%2F2%2F%2Fpage%2F3%2F%2Fpage%2F17%2F%2Fpage%2F17%2F HTTP/1.1" 200 19021 "-" "Mozilla/5.0 (Linux; Android 5.0) AppleWebKit/537.36 (KHTML, like Gecko) Mobile Safari/537.36 (compatible; Bytespider; spider-feedback@bytedance.com)"
47.128.40.4 - - [06/Apr/2026:05:43:12 +0200] "GET /wp-content/uploads/2018/05/pistolet_1515958685-e1515958709126-375x195.jpg HTTP/1.1" 206 500 "https://news365.stream/?C=D%3BO%3DA%2Fpage%2F17%2F%2Fpage%2F17%2F%2Fpage%2F17%2F%2Fpage%2F3%2F%2Fpage%2F2%2F%2Fpage%2F3%2F%2Fpage%2F17%2F%2Fpage%2F17%2F" "Mozilla/5.0 (Linux; Android 5.0) AppleWebKit/537.36 (KHTML, like Gecko) Mobile Safari/537.36 (compatible; Bytespider; spider-feedback@bytedance.com)"
161.97.137.93 - - [06/Apr/2026:05:44:08 +0200] "POST /wp-cron.php?doing_wp_cron=1775447048.1360421180725097656250 HTTP/1.1" 404 31 "https://news365.stream/wp-cron.php?doing_wp_cron=1775447048.1360421180725097656250" "WordPress/4.9.26; https://news365.stream"
51.38.104.194 - - [06/Apr/2026:05:44:08 +0200] "GET /?wpv_opt=ch1y4fm HTTP/1.1" 200 184711 "-" "Mozilla/5.0 (Windows NT 10.0; Win64; x64) AppleWebKit/537.36 (KHTML, like Gecko) Chrome/127.0.0.0 Safari/537.36"
51.38.104.194 - - [06/Apr/2026:05:44:09 +0200] "GET /?wpv_opt=ch1y4fm HTTP/1.1" 301 0 "-" "Mozilla/5.0 (Windows NT 10.0; Win64; x64) AppleWebKit/537.36 (KHTML, like Gecko) Chrome/127.0.0.0 Safari/537.36"
51.38.104.194 - - [06/Apr/2026:05:44:09 +0200] "GET /?wpv_opt=ch1y4fm HTTP/1.1" 200 184711 "-" "Mozilla/5.0 (Windows NT 10.0; Win64; x64) AppleWebKit/537.36 (KHTML, like Gecko) Chrome/127.0.0.0 Safari/537.36"
47.128.40.88 - - [06/Apr/2026:05:47:18 +0200] "GET /?C=M%3BO=A%2Fpage%2F2%2F%2Fpage%2F2%2F%2Fpage%2F17%2F%2Fpage%2F17%2F%2Fpage%2F17%2F%2Fpage%2F17%2F%2Fpage%2F17%2F%2Fpage%2F3%2F%2Fpage%2F2%2F%2Fpage%2F3%2F%2Fpage%2F2%2F%2Fpage%2F2%2F%2Fpage%2F2%2F%2Fpage%2F2%2F%2Fpage%2F3%2F%2Fpage%2F17%2F%2Fpage%2F17%2F%2Fpage%2F17%2F%2Fpage%2F3%2F HTTP/1.1" 301 0 "-" "Mozilla/5.0 (Linux; Android 5.0) AppleWebKit/537.36 (KHTML, like Gecko) Mobile Safari/537.36 (compatible; Bytespider; spider-feedback@bytedance.com)"
161.97.137.93 - - [06/Apr/2026:05:47:23 +0200] "POST /wp-cron.php?doing_wp_cron=1775447243.6929030418395996093750 HTTP/1.1" 404 31 "https://news365.stream/wp-cron.php?doing_wp_cron=1775447243.6929030418395996093750" "WordPress/4.9.26; https://news365.stream"
47.128.40.88 - - [06/Apr/2026:05:47:24 +0200] "GET /?C=M%3BO%3DA%2Fpage%2F2%2F%2Fpage%2F2%2F%2Fpage%2F17%2F%2Fpage%2F17%2F%2Fpage%2F17%2F%2Fpage%2F17%2F%2Fpage%2F17%2F%2Fpage%2F3%2F%2Fpage%2F2%2F%2Fpage%2F3%2F%2Fpage%2F2%2F%2Fpage%2F2%2F%2Fpage%2F2%2F%2Fpage%2F2%2F%2Fpage%2F3%2F%2Fpage%2F17%2F%2Fpage%2F17%2F%2Fpage%2F17%2F%2Fpage%2F3%2F HTTP/1.1" 200 20101 "-" "Mozilla/5.0 (Linux; Android 5.0) AppleWebKit/537.36 (KHTML, like Gecko) Mobile Safari/537.36 (compatible; Bytespider; spider-feedback@bytedance.com)"
47.128.40.88 - - [06/Apr/2026:05:47:49 +0200] "GET /wp-content/uploads/2017/12/1-375x195.jpg HTTP/1.1" 206 500 "https://news365.stream/?C=M%3BO%3DA%2Fpage%2F2%2F%2Fpage%2F2%2F%2Fpage%2F17%2F%2Fpage%2F17%2F%2Fpage%2F17%2F%2Fpage%2F17%2F%2Fpage%2F17%2F%2Fpage%2F3%2F%2Fpage%2F2%2F%2Fpage%2F3%2F%2Fpage%2F2%2F%2Fpage%2F2%2F%2Fpage%2F2%2F%2Fpage%2F2%2F%2Fpage%2F3%2F%2Fpage%2F17%2F%2Fpage%2F17%2F%2Fpage%2F17%2F%2Fpage%2F3%2F" "Mozilla/5.0 (Linux; Android 5.0) AppleWebKit/537.36 (KHTML, like Gecko) Mobile Safari/537.36 (compatible; Bytespider; spider-feedback@bytedance.com)"
47.128.40.88 - - [06/Apr/2026:05:47:54 +0200] "GET /wp-content/uploads/2018/09/phpmwxiw8_800x_-145x100.jpg HTTP/1.1" 206 500 "https://news365.stream/?C=M%3BO%3DA%2Fpage%2F2%2F%2Fpage%2F2%2F%2Fpage%2F17%2F%2Fpage%2F17%2F%2Fpage%2F17%2F%2Fpage%2F17%2F%2Fpage%2F17%2F%2Fpage%2F3%2F%2Fpage%2F2%2F%2Fpage%2F3%2F%2Fpage%2F2%2F%2Fpage%2F2%2F%2Fpage%2F2%2F%2Fpage%2F2%2F%2Fpage%2F3%2F%2Fpage%2F17%2F%2Fpage%2F17%2F%2Fpage%2F17%2F%2Fpage%2F3%2F" "Mozilla/5.0 (Linux; Android 5.0) AppleWebKit/537.36 (KHTML, like Gecko) Mobile Safari/537.36 (compatible; Bytespider; spider-feedback@bytedance.com)"
54.37.118.73 - - [06/Apr/2026:05:59:13 +0200] "GET /%D0%B0%D0%B2%D1%82%D0%BE%D0%B1%D1%83%D1%81-%D0%BA%D0%BE%D0%B9%D1%82%D0%BE-%D1%81%D0%B5-%D0%B4%D0%B2%D0%B8%D0%B6%D0%B8-%D0%BD%D0%B0%D0%B4-%D0%BA%D0%BE%D0%BB%D0%B8%D1%82%D0%B5-%D0%B2%D0%B8%D0%B4%D0%B5/ HTTP/1.1" 404 212 "-" "Mozilla/5.0 (compatible; AhrefsBot/7.0; +http://ahrefs.com/robot/)"
123.31.182.132 - - [06/Apr/2026:06:00:47 +0200] "GET /tag/epstein/ HTTP/1.1" 404 277 "-" "Mozilla/5.0 (Macintosh; Intel Mac OS X 14_5_0) AppleWebKit/537.36 (KHTML, like Gecko) Chrome/133.0.6943.98 Safari/537.36"
52.22.87.224 - - [06/Apr/2026:06:02:18 +0200] "GET /wp-json/oembed/1.0/embed?format=xml&url=https://news365.stream/trump-extends-national-guards-coronavirus-deployment-following-outcry/ HTTP/1.1" 404 277 "-" "Mozilla/5.0 AppleWebKit/537.36 (KHTML, like Gecko; compatible; Amazonbot/0.1; +https://developer.amazon.com/support/amazonbot) Chrome/119.0.6045.214 Safari/537.36"
185.191.171.1 - - [06/Apr/2026:06:03:05 +0200] "GET /doj-drops-probe-into-former-fbi-deputy-director-andrew-mccabe/ HTTP/1.1" 404 277 "-" "Mozilla/5.0 (compatible; SemrushBot/7~bl; +http://www.semrush.com/bot.html)"
161.97.137.93 - - [06/Apr/2026:06:03:18 +0200] "POST /wp-cron.php?doing_wp_cron=1775448198.8087999820709228515625 HTTP/1.1" 404 31 "https://news365.stream/wp-cron.php?doing_wp_cron=1775448198.8087999820709228515625" "WordPress/4.9.26; https://news365.stream"
47.128.40.27 - - [06/Apr/2026:06:03:18 +0200] "GET /?C=S%3BO=A%2Fpage%2F2%2F%2Fpage%2F2%2F%2Fpage%2F3%2F%2Fpage%2F3%2F%2Fpage%2F2%2F%2Fpage%2F2%2F%2Fpage%2F2%2F%2Fpage%2F3%2F%2Fpage%2F17%2F%2Fpage%2F2%2F%2Fpage%2F17%2F%2Fpage%2F3%2F%2Fpage%2F3%2F%2Fpage%2F3%2F%2Fpage%2F17%2F%2Fpage%2F3%2F HTTP/1.1" 301 0 "-" "Mozilla/5.0 (compatible; Bytespider; spider-feedback@bytedance.com) AppleWebKit/537.36 (KHTML, like Gecko) Chrome/70.0.0.0 Safari/537.36"
47.128.40.27 - - [06/Apr/2026:06:03:22 +0200] "GET /?C=S%3BO%3DA%2Fpage%2F2%2F%2Fpage%2F2%2F%2Fpage%2F3%2F%2Fpage%2F3%2F%2Fpage%2F2%2F%2Fpage%2F2%2F%2Fpage%2F2%2F%2Fpage%2F3%2F%2Fpage%2F17%2F%2Fpage%2F2%2F%2Fpage%2F17%2F%2Fpage%2F3%2F%2Fpage%2F3%2F%2Fpage%2F3%2F%2Fpage%2F17%2F%2Fpage%2F3%2F HTTP/1.1" 200 19654 "-" "Mozilla/5.0 (compatible; Bytespider; spider-feedback@bytedance.com) AppleWebKit/537.36 (KHTML, like Gecko) Chrome/70.0.0.0 Safari/537.36"
40.77.167.255 - - [06/Apr/2026:06:04:44 +0200] "GET /tag/%D0%BF%D1%80%D0%B5%D0%B4%D0%B0%D0%B2%D0%B0-%D1%82%D0%B0%D1%81%D1%81/ HTTP/1.1" 404 212 "-" "Mozilla/5.0 AppleWebKit/537.36 (KHTML, like Gecko; compatible; bingbot/2.0; +http://www.bing.com/bingbot.htm) Chrome/116.0.1938.76 Safari/537.36"
17.246.23.41 - - [06/Apr/2026:06:06:04 +0200] "GET /robots.txt HTTP/1.1" 404 277 "-" "Mozilla/5.0 (Macintosh; Intel Mac OS X 10_15_7) AppleWebKit/605.1.15 (KHTML, like Gecko) Version/17.4 Safari/605.1.15 (Applebot/0.1; +http://www.apple.com/go/applebot)"
17.246.23.41 - - [06/Apr/2026:06:06:04 +0200] "GET /comments/feed/ HTTP/1.1" 404 277 "-" "Mozilla/5.0 (Macintosh; Intel Mac OS X 10_15_7) AppleWebKit/605.1.15 (KHTML, like Gecko) Version/17.4 Safari/605.1.15 (Applebot/0.1; +http://www.apple.com/go/applebot)"
161.97.137.93 - - [06/Apr/2026:06:07:17 +0200] "POST /wp-cron.php?doing_wp_cron=1775448437.2243940830230712890625 HTTP/1.1" 404 31 "https://news365.stream/wp-cron.php?doing_wp_cron=1775448437.2243940830230712890625" "WordPress/4.9.26; https://news365.stream"
47.128.40.41 - - [06/Apr/2026:06:07:17 +0200] "GET /?C=S%3BO=A%2Fpage%2F17%2F%2Fpage%2F17%2F%2Fpage%2F2%2F%2Fpage%2F17%2F%2Fpage%2F2%2F%2Fpage%2F2%2F%2Fpage%2F2%2F%2Fpage%2F3%2F%2Fpage%2F2%2F%2Fpage%2F2%2F%2Fpage%2F2%2F%2Fpage%2F17%2F%2Fpage%2F2%2F%2Fpage%2F3%2F HTTP/1.1" 301 0 "-" "Mozilla/5.0 (compatible; Bytespider; spider-feedback@bytedance.com) AppleWebKit/537.36 (KHTML, like Gecko) Chrome/70.0.0.0 Safari/537.36"
47.128.40.41 - - [06/Apr/2026:06:07:19 +0200] "GET /?C=S%3BO%3DA%2Fpage%2F17%2F%2Fpage%2F17%2F%2Fpage%2F2%2F%2Fpage%2F17%2F%2Fpage%2F2%2F%2Fpage%2F2%2F%2Fpage%2F2%2F%2Fpage%2F3%2F%2Fpage%2F2%2F%2Fpage%2F2%2F%2Fpage%2F2%2F%2Fpage%2F17%2F%2Fpage%2F2%2F%2Fpage%2F3%2F HTTP/1.1" 200 19544 "-" "Mozilla/5.0 (compatible; Bytespider; spider-feedback@bytedance.com) AppleWebKit/537.36 (KHTML, like Gecko) Chrome/70.0.0.0 Safari/537.36"
47.128.40.41 - - [06/Apr/2026:06:07:33 +0200] "GET /wp-content/uploads/2017/09/800x-1-375x195.jpg HTTP/1.1" 206 500 "https://news365.stream/?C=S%3BO%3DA%2Fpage%2F17%2F%2Fpage%2F17%2F%2Fpage%2F2%2F%2Fpage%2F17%2F%2Fpage%2F2%2F%2Fpage%2F2%2F%2Fpage%2F2%2F%2Fpage%2F3%2F%2Fpage%2F2%2F%2Fpage%2F2%2F%2Fpage%2F2%2F%2Fpage%2F17%2F%2Fpage%2F2%2F%2Fpage%2F3%2F" "Mozilla/5.0 (compatible; Bytespider; spider-feedback@bytedance.com) AppleWebKit/537.36 (KHTML, like Gecko) Chrome/70.0.0.0 Safari/537.36"
47.128.40.41 - - [06/Apr/2026:06:07:37 +0200] "GET /wp-content/uploads/2018/01/v-iuta-smenqt-smyrtonosnata-injekciq-s-razstrel-290623-145x100.jpg HTTP/1.1" 206 500 "https://news365.stream/?C=S%3BO%3DA%2Fpage%2F17%2F%2Fpage%2F17%2F%2Fpage%2F2%2F%2Fpage%2F17%2F%2Fpage%2F2%2F%2Fpage%2F2%2F%2Fpage%2F2%2F%2Fpage%2F3%2F%2Fpage%2F2%2F%2Fpage%2F2%2F%2Fpage%2F2%2F%2Fpage%2F17%2F%2Fpage%2F2%2F%2Fpage%2F3%2F" "Mozilla/5.0 (compatible; Bytespider; spider-feedback@bytedance.com) AppleWebKit/537.36 (KHTML, like Gecko) Chrome/70.0.0.0 Safari/537.36"
176.31.139.12 - - [06/Apr/2026:06:07:51 +0200] "GET /wp-content/uploads/2019/11/?C=D;O=D HTTP/1.1" 200 274 "-" "Mozilla/5.0 (compatible; AhrefsBot/7.0; +http://ahrefs.com/robot/)"
161.97.137.93 - - [06/Apr/2026:06:11:10 +0200] "POST /wp-cron.php?doing_wp_cron=1775448670.6505689620971679687500 HTTP/1.1" 404 31 "https://news365.stream/wp-cron.php?doing_wp_cron=1775448670.6505689620971679687500" "WordPress/4.9.26; https://news365.stream"
47.128.40.64 - - [06/Apr/2026:06:11:10 +0200] "GET /?C=S%3BO=A%2Fpage%2F2%2F%2Fpage%2F2%2F%2Fpage%2F3%2F%2Fpage%2F17%2F%2Fpage%2F3%2F%2Fpage%2F17%2F%2Fpage%2F17%2F%2Fpage%2F3%2F%2Fpage%2F3%2F%2Fpage%2F2%2F%2Fpage%2F2%2F%2Fpage%2F3%2F%2Fpage%2F2%2F%2Fpage%2F2%2F%2Fpage%2F2%2F%2Fpage%2F3%2F%2Fpage%2F2%2F%2Fpage%2F3%2F%2Fpage%2F3%2F%2Fpage%2F3%2F%2Fpage%2F17%2F%2Fpage%2F3%2F%2Fpage%2F3%2F HTTP/1.1" 301 0 "-" "Mozilla/5.0 (compatible; Bytespider; spider-feedback@bytedance.com) AppleWebKit/537.36 (KHTML, like Gecko) Chrome/70.0.0.0 Safari/537.36"
47.128.40.64 - - [06/Apr/2026:06:11:15 +0200] "GET /?C=S%3BO%3DA%2Fpage%2F2%2F%2Fpage%2F2%2F%2Fpage%2F3%2F%2Fpage%2F17%2F%2Fpage%2F3%2F%2Fpage%2F17%2F%2Fpage%2F17%2F%2Fpage%2F3%2F%2Fpage%2F3%2F%2Fpage%2F2%2F%2Fpage%2F2%2F%2Fpage%2F3%2F%2Fpage%2F2%2F%2Fpage%2F2%2F%2Fpage%2F2%2F%2Fpage%2F3%2F%2Fpage%2F2%2F%2Fpage%2F3%2F%2Fpage%2F3%2F%2Fpage%2F3%2F%2Fpage%2F17%2F%2Fpage%2F3%2F%2Fpage%2F3%2F HTTP/1.1" 200 19674 "-" "Mozilla/5.0 (compatible; Bytespider; spider-feedback@bytedance.com) AppleWebKit/537.36 (KHTML, like Gecko) Chrome/70.0.0.0 Safari/537.36"
47.128.40.32 - - [06/Apr/2026:06:15:03 +0200] "GET /?C=S%3BO=A%2Fpage%2F2%2F%2Fpage%2F2%2F%2Fpage%2F3%2F%2Fpage%2F17%2F%2Fpage%2F17%2F%2Fpage%2F2%2F%2Fpage%2F3%2F%2Fpage%2F3%2F%2Fpage%2F2%2F%2Fpage%2F2%2F%2Fpage%2F17%2F%2Fpage%2F17%2F%2Fpage%2F3%2F%2Fpage%2F17%2F%2Fpage%2F2%2F%2Fpage%2F17%2F%2Fpage%2F2%2F%2Fpage%2F3%2F%2Fpage%2F2%2F%2Fpage%2F3%2F%2Fpage%2F17%2F%2Fpage%2F3%2F%2Fpage%2F2%2F%2Fpage%2F3%2F%2Fpage%2F17%2F HTTP/1.1" 301 0 "-" "Mozilla/5.0 (Linux; Android 5.0) AppleWebKit/537.36 (KHTML, like Gecko) Mobile Safari/537.36 (compatible; Bytespider; spider-feedback@bytedance.com)"
47.128.40.32 - - [06/Apr/2026:06:15:03 +0200] "GET /?C=S%3BO%3DA%2Fpage%2F2%2F%2Fpage%2F2%2F%2Fpage%2F3%2F%2Fpage%2F17%2F%2Fpage%2F17%2F%2Fpage%2F2%2F%2Fpage%2F3%2F%2Fpage%2F3%2F%2Fpage%2F2%2F%2Fpage%2F2%2F%2Fpage%2F17%2F%2Fpage%2F17%2F%2Fpage%2F3%2F%2Fpage%2F17%2F%2Fpage%2F2%2F%2Fpage%2F17%2F%2Fpage%2F2%2F%2Fpage%2F3%2F%2Fpage%2F2%2F%2Fpage%2F3%2F%2Fpage%2F17%2F%2Fpage%2F3%2F%2Fpage%2F2%2F%2Fpage%2F3%2F%2Fpage%2F17%2F HTTP/1.1" 200 19648 "-" "Mozilla/5.0 (Linux; Android 5.0) AppleWebKit/537.36 (KHTML, like Gecko) Mobile Safari/537.36 (compatible; Bytespider; spider-feedback@bytedance.com)"
47.128.40.32 - - [06/Apr/2026:06:15:06 +0200] "GET /wp-content/uploads/2018/12/php6thauu_800x_-375x195.jpg HTTP/1.1" 206 500 "https://news365.stream/?C=S%3BO%3DA%2Fpage%2F2%2F%2Fpage%2F2%2F%2Fpage%2F3%2F%2Fpage%2F17%2F%2Fpage%2F17%2F%2Fpage%2F2%2F%2Fpage%2F3%2F%2Fpage%2F3%2F%2Fpage%2F2%2F%2Fpage%2F2%2F%2Fpage%2F17%2F%2Fpage%2F17%2F%2Fpage%2F3%2F%2Fpage%2F17%2F%2Fpage%2F2%2F%2Fpage%2F17%2F%2Fpage%2F2%2F%2Fpage%2F3%2F%2Fpage%2F2%2F%2Fpage%2F3%2F%2Fpage%2F17%2F%2Fpage%2F3%2F%2Fpage%2F2%2F%2Fpage%2F3%2F%2Fpage%2F17%2F" "Mozilla/5.0 (Linux; Android 5.0) AppleWebKit/537.36 (KHTML, like Gecko) Mobile Safari/537.36 (compatible; Bytespider; spider-feedback@bytedance.com)"
165.22.111.173 - - [06/Apr/2026:06:15:12 +0200] "GET /wp-content/uploads/2020/07/trump-law-enforcement-officials-brush-off-pleas-to-butt-out-of-portland-375x195.jpg HTTP/1.1" 200 10951 "https://news365.stream/" "Mozilla/5.0 (Windows NT 10.0; Win64; x64) AppleWebKit/537.36 (KHTML, like Gecko) Chrome/105.0.0.0 Safari/537.3"
85.208.96.200 - - [06/Apr/2026:06:15:22 +0200] "GET /breaking-don-lemon-sued-alleged-sexual-assault/ HTTP/1.1" 404 277 "-" "Mozilla/5.0 (compatible; SemrushBot/7~bl; +http://www.semrush.com/bot.html)"
92.222.108.119 - - [06/Apr/2026:06:16:10 +0200] "GET /%D1%80%D1%83%D1%81%D0%B8%D1%8F-%D0%BE%D0%B1%D0%BC%D0%B8%D1%81%D0%BB%D1%8F-%D1%81%D1%8A%D0%B7%D0%B4%D0%B0%D0%B2%D0%B0%D0%BD%D0%B5%D1%82%D0%BE-%D0%BD%D0%B0-%D1%81%D0%BE%D0%B1%D1%81%D1%82%D0%B2%D0%B5/ HTTP/1.1" 404 212 "-" "Mozilla/5.0 (compatible; AhrefsBot/7.0; +http://ahrefs.com/robot/)"
20.63.209.197 - - [06/Apr/2026:06:16:33 +0200] "GET /file.php HTTP/1.1" 404 31 "-" "Mozilla/5.0 (Windows NT 10.0; Win64; x64) AppleWebKit/537.36 (KHTML, like Gecko) Chrome/120.0.0.0 Safari/537.36"
20.63.209.197 - - [06/Apr/2026:06:16:33 +0200] "GET /gettest.php HTTP/1.1" 404 31 "-" "Mozilla/5.0 (Windows NT 10.0; Win64; x64) AppleWebKit/537.36 (KHTML, like Gecko) Chrome/120.0.0.0 Safari/537.36"
20.63.209.197 - - [06/Apr/2026:06:16:33 +0200] "GET /gg.php HTTP/1.1" 404 31 "-" "Mozilla/5.0 (Windows NT 10.0; Win64; x64) AppleWebKit/537.36 (KHTML, like Gecko) Chrome/120.0.0.0 Safari/537.36"
20.63.209.197 - - [06/Apr/2026:06:16:33 +0200] "GET /goods.php HTTP/1.1" 404 31 "-" "Mozilla/5.0 (Windows NT 10.0; Win64; x64) AppleWebKit/537.36 (KHTML, like Gecko) Chrome/120.0.0.0 Safari/537.36"
20.63.209.197 - - [06/Apr/2026:06:16:34 +0200] "GET /info.php HTTP/1.1" 404 31 "-" "Mozilla/5.0 (Windows NT 10.0; Win64; x64) AppleWebKit/537.36 (KHTML, like Gecko) Chrome/120.0.0.0 Safari/537.36"
20.63.209.197 - - [06/Apr/2026:06:16:34 +0200] "GET /install.php HTTP/1.1" 404 31 "-" "Mozilla/5.0 (Windows NT 10.0; Win64; x64) AppleWebKit/537.36 (KHTML, like Gecko) Chrome/120.0.0.0 Safari/537.36"
20.63.209.197 - - [06/Apr/2026:06:16:34 +0200] "GET /item.php HTTP/1.1" 404 31 "-" "Mozilla/5.0 (Windows NT 10.0; Win64; x64) AppleWebKit/537.36 (KHTML, like Gecko) Chrome/120.0.0.0 Safari/537.36"
20.63.209.197 - - [06/Apr/2026:06:16:34 +0200] "GET /jga.php HTTP/1.1" 404 31 "-" "Mozilla/5.0 (Windows NT 10.0; Win64; x64) AppleWebKit/537.36 (KHTML, like Gecko) Chrome/120.0.0.0 Safari/537.36"
20.63.209.197 - - [06/Apr/2026:06:16:35 +0200] "GET /leaf.php HTTP/1.1" 404 31 "-" "Mozilla/5.0 (Windows NT 10.0; Win64; x64) AppleWebKit/537.36 (KHTML, like Gecko) Chrome/120.0.0.0 Safari/537.36"
20.63.209.197 - - [06/Apr/2026:06:16:35 +0200] "GET /load.php HTTP/1.1" 404 31 "-" "Mozilla/5.0 (Windows NT 10.0; Win64; x64) AppleWebKit/537.36 (KHTML, like Gecko) Chrome/120.0.0.0 Safari/537.36"
20.63.209.197 - - [06/Apr/2026:06:16:35 +0200] "GET /lock.php HTTP/1.1" 404 31 "-" "Mozilla/5.0 (Windows NT 10.0; Win64; x64) AppleWebKit/537.36 (KHTML, like Gecko) Chrome/120.0.0.0 Safari/537.36"
20.63.209.197 - - [06/Apr/2026:06:16:35 +0200] "GET /lock360.php HTTP/1.1" 404 31 "-" "Mozilla/5.0 (Windows NT 10.0; Win64; x64) AppleWebKit/537.36 (KHTML, like Gecko) Chrome/120.0.0.0 Safari/537.36"
20.63.209.197 - - [06/Apr/2026:06:16:35 +0200] "GET /log.php HTTP/1.1" 404 31 "-" "Mozilla/5.0 (Windows NT 10.0; Win64; x64) AppleWebKit/537.36 (KHTML, like Gecko) Chrome/120.0.0.0 Safari/537.36"
20.63.209.197 - - [06/Apr/2026:06:16:36 +0200] "GET /manager.php HTTP/1.1" 404 31 "-" "Mozilla/5.0 (Windows NT 10.0; Win64; x64) AppleWebKit/537.36 (KHTML, like Gecko) Chrome/120.0.0.0 Safari/537.36"
20.63.209.197 - - [06/Apr/2026:06:16:36 +0200] "GET /meta.php HTTP/1.1" 404 31 "-" "Mozilla/5.0 (Windows NT 10.0; Win64; x64) AppleWebKit/537.36 (KHTML, like Gecko) Chrome/120.0.0.0 Safari/537.36"
20.63.209.197 - - [06/Apr/2026:06:16:36 +0200] "GET /mini.php HTTP/1.1" 404 31 "-" "Mozilla/5.0 (Windows NT 10.0; Win64; x64) AppleWebKit/537.36 (KHTML, like Gecko) Chrome/120.0.0.0 Safari/537.36"
20.63.209.197 - - [06/Apr/2026:06:16:36 +0200] "GET /mjq.php HTTP/1.1" 404 31 "-" "Mozilla/5.0 (Windows NT 10.0; Win64; x64) AppleWebKit/537.36 (KHTML, like Gecko) Chrome/120.0.0.0 Safari/537.36"
20.63.209.197 - - [06/Apr/2026:06:16:37 +0200] "GET /new.php HTTP/1.1" 404 31 "-" "Mozilla/5.0 (Windows NT 10.0; Win64; x64) AppleWebKit/537.36 (KHTML, like Gecko) Chrome/120.0.0.0 Safari/537.36"
20.63.209.197 - - [06/Apr/2026:06:16:37 +0200] "GET /onclickfuns.php HTTP/1.1" 404 31 "-" "Mozilla/5.0 (Windows NT 10.0; Win64; x64) AppleWebKit/537.36 (KHTML, like Gecko) Chrome/120.0.0.0 Safari/537.36"
20.63.209.197 - - [06/Apr/2026:06:16:37 +0200] "GET /option.php HTTP/1.1" 404 31 "-" "Mozilla/5.0 (Windows NT 10.0; Win64; x64) AppleWebKit/537.36 (KHTML, like Gecko) Chrome/120.0.0.0 Safari/537.36"
20.63.209.197 - - [06/Apr/2026:06:16:37 +0200] "GET /plugin-editor.php HTTP/1.1" 404 31 "-" "Mozilla/5.0 (Windows NT 10.0; Win64; x64) AppleWebKit/537.36 (KHTML, like Gecko) Chrome/120.0.0.0 Safari/537.36"
20.63.209.197 - - [06/Apr/2026:06:16:38 +0200] "GET /profile.php HTTP/1.1" 404 31 "-" "Mozilla/5.0 (Windows NT 10.0; Win64; x64) AppleWebKit/537.36 (KHTML, like Gecko) Chrome/120.0.0.0 Safari/537.36"
20.63.209.197 - - [06/Apr/2026:06:16:38 +0200] "GET /qw_03b4ad31.php HTTP/1.1" 404 31 "-" "Mozilla/5.0 (Windows NT 10.0; Win64; x64) AppleWebKit/537.36 (KHTML, like Gecko) Chrome/120.0.0.0 Safari/537.36"
20.63.209.197 - - [06/Apr/2026:06:16:38 +0200] "GET /radio.php HTTP/1.1" 404 31 "-" "Mozilla/5.0 (Windows NT 10.0; Win64; x64) AppleWebKit/537.36 (KHTML, like Gecko) Chrome/120.0.0.0 Safari/537.36"
20.63.209.197 - - [06/Apr/2026:06:16:38 +0200] "GET /sf.php HTTP/1.1" 404 31 "-" "Mozilla/5.0 (Windows NT 10.0; Win64; x64) AppleWebKit/537.36 (KHTML, like Gecko) Chrome/120.0.0.0 Safari/537.36"
20.63.209.197 - - [06/Apr/2026:06:16:39 +0200] "GET /simple.php HTTP/1.1" 404 31 "-" "Mozilla/5.0 (Windows NT 10.0; Win64; x64) AppleWebKit/537.36 (KHTML, like Gecko) Chrome/120.0.0.0 Safari/537.36"
20.63.209.197 - - [06/Apr/2026:06:16:39 +0200] "GET /sql.php HTTP/1.1" 404 31 "-" "Mozilla/5.0 (Windows NT 10.0; Win64; x64) AppleWebKit/537.36 (KHTML, like Gecko) Chrome/120.0.0.0 Safari/537.36"
20.63.209.197 - - [06/Apr/2026:06:16:39 +0200] "GET /test.php HTTP/1.1" 404 31 "-" "Mozilla/5.0 (Windows NT 10.0; Win64; x64) AppleWebKit/537.36 (KHTML, like Gecko) Chrome/120.0.0.0 Safari/537.36"
20.63.209.197 - - [06/Apr/2026:06:16:39 +0200] "GET /test1.php HTTP/1.1" 404 31 "-" "Mozilla/5.0 (Windows NT 10.0; Win64; x64) AppleWebKit/537.36 (KHTML, like Gecko) Chrome/120.0.0.0 Safari/537.36"
20.63.209.197 - - [06/Apr/2026:06:16:40 +0200] "GET /themes.php HTTP/1.1" 404 31 "-" "Mozilla/5.0 (Windows NT 10.0; Win64; x64) AppleWebKit/537.36 (KHTML, like Gecko) Chrome/120.0.0.0 Safari/537.36"
20.63.209.197 - - [06/Apr/2026:06:16:40 +0200] "GET /upload/medialibrary HTTP/1.1" 404 212 "-" "Mozilla/5.0 (Windows NT 10.0; Win64; x64) AppleWebKit/537.36 (KHTML, like Gecko) Chrome/120.0.0.0 Safari/537.36"
20.63.209.197 - - [06/Apr/2026:06:16:40 +0200] "GET /wp-admin.php HTTP/1.1" 404 31 "-" "Mozilla/5.0 (Windows NT 10.0; Win64; x64) AppleWebKit/537.36 (KHTML, like Gecko) Chrome/120.0.0.0 Safari/537.36"
161.97.137.93 - - [06/Apr/2026:06:16:41 +0200] "POST /wp-cron.php?doing_wp_cron=1775449001.5477640628814697265625 HTTP/1.1" 404 31 "https://news365.stream/wp-cron.php?doing_wp_cron=1775449001.5477640628814697265625" "WordPress/4.9.26; https://news365.stream"
20.63.209.197 - - [06/Apr/2026:06:16:41 +0200] "GET /wp-admin/ HTTP/1.1" 302 0 "-" "Mozilla/5.0 (Windows NT 10.0; Win64; x64) AppleWebKit/537.36 (KHTML, like Gecko) Chrome/120.0.0.0 Safari/537.36"
20.63.209.197 - - [06/Apr/2026:06:16:42 +0200] "GET /wp-blog-header.php HTTP/1.1" 404 0 "-" "Mozilla/5.0 (Windows NT 10.0; Win64; x64) AppleWebKit/537.36 (KHTML, like Gecko) Chrome/120.0.0.0 Safari/537.36"
20.63.209.197 - - [06/Apr/2026:06:16:42 +0200] "GET /wp-config-sample.php HTTP/1.1" 404 31 "-" "Mozilla/5.0 (Windows NT 10.0; Win64; x64) AppleWebKit/537.36 (KHTML, like Gecko) Chrome/120.0.0.0 Safari/537.36"
20.63.209.197 - - [06/Apr/2026:06:16:42 +0200] "GET /wp-content/languages/ HTTP/1.1" 200 445 "-" "Mozilla/5.0 (Windows NT 10.0; Win64; x64) AppleWebKit/537.36 (KHTML, like Gecko) Chrome/120.0.0.0 Safari/537.36"
20.63.209.197 - - [06/Apr/2026:06:16:43 +0200] "GET /wp-content/plugins/ HTTP/1.1" 200 0 "-" "Mozilla/5.0 (Windows NT 10.0; Win64; x64) AppleWebKit/537.36 (KHTML, like Gecko) Chrome/120.0.0.0 Safari/537.36"
20.63.209.197 - - [06/Apr/2026:06:16:43 +0200] "GET /wp-content/themes/ HTTP/1.1" 200 0 "-" "Mozilla/5.0 (Windows NT 10.0; Win64; x64) AppleWebKit/537.36 (KHTML, like Gecko) Chrome/120.0.0.0 Safari/537.36"
20.63.209.197 - - [06/Apr/2026:06:16:43 +0200] "GET /wp-includes/phpmailer/phpmailer.php HTTP/1.1" 404 212 "-" "Mozilla/5.0 (Windows NT 10.0; Win64; x64) AppleWebKit/537.36 (KHTML, like Gecko) Chrome/120.0.0.0 Safari/537.36"
20.63.209.197 - - [06/Apr/2026:06:16:43 +0200] "GET /wp.php HTTP/1.1" 404 31 "-" "Mozilla/5.0 (Windows NT 10.0; Win64; x64) AppleWebKit/537.36 (KHTML, like Gecko) Chrome/120.0.0.0 Safari/537.36"
20.63.209.197 - - [06/Apr/2026:06:16:44 +0200] "GET /xmlrpc.php HTTP/1.1" 404 31 "-" "Mozilla/5.0 (Windows NT 10.0; Win64; x64) AppleWebKit/537.36 (KHTML, like Gecko) Chrome/120.0.0.0 Safari/537.36"
185.191.171.10 - - [06/Apr/2026:06:17:11 +0200] "GET /can-the-media-manage-the-iran-narrative/ HTTP/1.1" 404 277 "-" "Mozilla/5.0 (compatible; SemrushBot/7~bl; +http://www.semrush.com/bot.html)"
185.191.171.4 - - [06/Apr/2026:06:18:34 +0200] "GET /imf-chief-predicts-three-year-economic-hit-from-coronavirus/ HTTP/1.1" 404 277 "-" "Mozilla/5.0 (compatible; SemrushBot/7~bl; +http://www.semrush.com/bot.html)"
161.97.137.93 - - [06/Apr/2026:06:19:07 +0200] "POST /wp-cron.php?doing_wp_cron=1775449147.9146320819854736328125 HTTP/1.1" 404 31 "https://news365.stream/wp-cron.php?doing_wp_cron=1775449147.9146320819854736328125" "WordPress/4.9.26; https://news365.stream"
47.128.40.25 - - [06/Apr/2026:06:19:08 +0200] "GET /?C=N%3BO=D%2Fpage%2F3%2F%2Fpage%2F2%2F%2Fpage%2F17%2F%2Fpage%2F17%2F%2Fpage%2F3%2F%2Fpage%2F2%2F%2Fpage%2F17%2F%2Fpage%2F2%2F%2Fpage%2F17%2F%2Fpage%2F2%2F%2Fpage%2F2%2F%2Fpage%2F17%2F%2Fpage%2F2%2F%2Fpage%2F17%2F%2Fpage%2F17%2F%2Fpage%2F17%2F%2Fpage%2F2%2F%2Fpage%2F2%2F%2Fpage%2F2%2F%2Fpage%2F3%2F%2Fpage%2F17%2F%2Fpage%2F17%2F%2Fpage%2F2%2F%2Fpage%2F2%2F%2Fpage%2F3%2F%2Fpage%2F3%2F%2Fpage%2F17%2F%2Fpage%2F2%2F%2Fpage%2F17%2F%2Fpage%2F2%2F HTTP/1.1" 301 0 "-" "Mozilla/5.0 (compatible; Bytespider; spider-feedback@bytedance.com) AppleWebKit/537.36 (KHTML, like Gecko) Chrome/70.0.0.0 Safari/537.36"
47.128.40.25 - - [06/Apr/2026:06:19:09 +0200] "GET /?C=N%3BO%3DD%2Fpage%2F3%2F%2Fpage%2F2%2F%2Fpage%2F17%2F%2Fpage%2F17%2F%2Fpage%2F3%2F%2Fpage%2F2%2F%2Fpage%2F17%2F%2Fpage%2F2%2F%2Fpage%2F17%2F%2Fpage%2F2%2F%2Fpage%2F2%2F%2Fpage%2F17%2F%2Fpage%2F2%2F%2Fpage%2F17%2F%2Fpage%2F17%2F%2Fpage%2F17%2F%2Fpage%2F2%2F%2Fpage%2F2%2F%2Fpage%2F2%2F%2Fpage%2F3%2F%2Fpage%2F17%2F%2Fpage%2F17%2F%2Fpage%2F2%2F%2Fpage%2F2%2F%2Fpage%2F3%2F%2Fpage%2F3%2F%2Fpage%2F17%2F%2Fpage%2F2%2F%2Fpage%2F17%2F%2Fpage%2F2%2F HTTP/1.1" 200 19480 "-" "Mozilla/5.0 (compatible; Bytespider; spider-feedback@bytedance.com) AppleWebKit/537.36 (KHTML, like Gecko) Chrome/70.0.0.0 Safari/537.36"
47.128.40.25 - - [06/Apr/2026:06:19:20 +0200] "GET /wp-content/uploads/2018/01/%D1%81%D0%B2%D0%B0%D0%BB%D0%B8-375x195.jpg HTTP/1.1" 206 500 "https://news365.stream/?C=N%3BO%3DD%2Fpage%2F3%2F%2Fpage%2F2%2F%2Fpage%2F17%2F%2Fpage%2F17%2F%2Fpage%2F3%2F%2Fpage%2F2%2F%2Fpage%2F17%2F%2Fpage%2F2%2F%2Fpage%2F17%2F%2Fpage%2F2%2F%2Fpage%2F2%2F%2Fpage%2F17%2F%2Fpage%2F2%2F%2Fpage%2F17%2F%2Fpage%2F17%2F%2Fpage%2F17%2F%2Fpage%2F2%2F%2Fpage%2F2%2F%2Fpage%2F2%2F%2Fpage%2F3%2F%2Fpage%2F17%2F%2Fpage%2F17%2F%2Fpage%2F2%2F%2Fpage%2F2%2F%2Fpage%2F3%2F%2Fpage%2F3%2F%2Fpage%2F17%2F%2Fpage%2F2%2F%2Fpage%2F17%2F%2Fpage%2F2%2F" "Mozilla/5.0 (compatible; Bytespider; spider-feedback@bytedance.com) AppleWebKit/537.36 (KHTML, like Gecko) Chrome/70.0.0.0 Safari/537.36"
66.249.79.229 - - [06/Apr/2026:06:23:07 +0200] "GET /tag/ivana-trump/page/78/ HTTP/1.1" 404 212 "-" "Mozilla/5.0 (Linux; Android 6.0.1; Nexus 5X Build/MMB29P) AppleWebKit/537.36 (KHTML, like Gecko) Chrome/146.0.7680.177 Mobile Safari/537.36 (compatible; Googlebot/2.1; +http://www.google.com/bot.html)"
161.97.137.93 - - [06/Apr/2026:06:23:23 +0200] "POST /wp-cron.php?doing_wp_cron=1775449403.4226291179656982421875 HTTP/1.1" 404 31 "https://news365.stream/wp-cron.php?doing_wp_cron=1775449403.4226291179656982421875" "WordPress/4.9.26; https://news365.stream"
47.128.40.234 - - [06/Apr/2026:06:23:23 +0200] "GET /?C=N%3BO=D%2Fpage%2F17%2F%2Fpage%2F2%2F%2Fpage%2F3%2F%2Fpage%2F3%2F%2Fpage%2F3%2F%2Fpage%2F3%2F%2Fpage%2F3%2F%2Fpage%2F2%2F%2Fpage%2F3%2F%2Fpage%2F2%2F%2Fpage%2F17%2F%2Fpage%2F2%2F%2Fpage%2F3%2F%2Fpage%2F2%2F%2Fpage%2F17%2F%2Fpage%2F3%2F%2Fpage%2F2%2F%2Fpage%2F3%2F%2Fpage%2F17%2F%2Fpage%2F3%2F%2Fpage%2F2%2F%2Fpage%2F2%2F%2Fpage%2F3%2F%2Fpage%2F17%2F%2Fpage%2F2%2F HTTP/1.1" 301 0 "-" "Mozilla/5.0 (compatible; Bytespider; spider-feedback@bytedance.com) AppleWebKit/537.36 (KHTML, like Gecko) Chrome/70.0.0.0 Safari/537.36"
47.128.40.234 - - [06/Apr/2026:06:23:26 +0200] "GET /?C=N%3BO%3DD%2Fpage%2F17%2F%2Fpage%2F2%2F%2Fpage%2F3%2F%2Fpage%2F3%2F%2Fpage%2F3%2F%2Fpage%2F3%2F%2Fpage%2F3%2F%2Fpage%2F2%2F%2Fpage%2F3%2F%2Fpage%2F2%2F%2Fpage%2F17%2F%2Fpage%2F2%2F%2Fpage%2F3%2F%2Fpage%2F2%2F%2Fpage%2F17%2F%2Fpage%2F3%2F%2Fpage%2F2%2F%2Fpage%2F3%2F%2Fpage%2F17%2F%2Fpage%2F3%2F%2Fpage%2F2%2F%2Fpage%2F2%2F%2Fpage%2F3%2F%2Fpage%2F17%2F%2Fpage%2F2%2F HTTP/1.1" 200 19306 "-" "Mozilla/5.0 (compatible; Bytespider; spider-feedback@bytedance.com) AppleWebKit/537.36 (KHTML, like Gecko) Chrome/70.0.0.0 Safari/537.36"
43.173.182.34 - - [06/Apr/2026:06:23:31 +0200] "GET /new-evidence-surfaces-in-tara-reade-allegation-against-biden/ HTTP/1.1" 404 277 "-" "Mozilla/5.0 (Windows NT 10.0; Win64; x64) AppleWebKit/537.36 (KHTML, like Gecko) Chrome/117.0.0.0 Safari/537.36"
47.128.40.234 - - [06/Apr/2026:06:23:42 +0200] "GET /wp-content/uploads/2018/07/phpu8rraj_800x_-375x195.jpg HTTP/1.1" 206 500 "https://news365.stream/?C=N%3BO%3DD%2Fpage%2F17%2F%2Fpage%2F2%2F%2Fpage%2F3%2F%2Fpage%2F3%2F%2Fpage%2F3%2F%2Fpage%2F3%2F%2Fpage%2F3%2F%2Fpage%2F2%2F%2Fpage%2F3%2F%2Fpage%2F2%2F%2Fpage%2F17%2F%2Fpage%2F2%2F%2Fpage%2F3%2F%2Fpage%2F2%2F%2Fpage%2F17%2F%2Fpage%2F3%2F%2Fpage%2F2%2F%2Fpage%2F3%2F%2Fpage%2F17%2F%2Fpage%2F3%2F%2Fpage%2F2%2F%2Fpage%2F2%2F%2Fpage%2F3%2F%2Fpage%2F17%2F%2Fpage%2F2%2F" "Mozilla/5.0 (compatible; Bytespider; spider-feedback@bytedance.com) AppleWebKit/537.36 (KHTML, like Gecko) Chrome/70.0.0.0 Safari/537.36"
47.128.40.234 - - [06/Apr/2026:06:23:42 +0200] "GET /wp-content/uploads/2017/12/bolna_hrema-375x195.jpg HTTP/1.1" 206 500 "https://news365.stream/?C=N%3BO%3DD%2Fpage%2F17%2F%2Fpage%2F2%2F%2Fpage%2F3%2F%2Fpage%2F3%2F%2Fpage%2F3%2F%2Fpage%2F3%2F%2Fpage%2F3%2F%2Fpage%2F2%2F%2Fpage%2F3%2F%2Fpage%2F2%2F%2Fpage%2F17%2F%2Fpage%2F2%2F%2Fpage%2F3%2F%2Fpage%2F2%2F%2Fpage%2F17%2F%2Fpage%2F3%2F%2Fpage%2F2%2F%2Fpage%2F3%2F%2Fpage%2F17%2F%2Fpage%2F3%2F%2Fpage%2F2%2F%2Fpage%2F2%2F%2Fpage%2F3%2F%2Fpage%2F17%2F%2Fpage%2F2%2F" "Mozilla/5.0 (compatible; Bytespider; spider-feedback@bytedance.com) AppleWebKit/537.36 (KHTML, like Gecko) Chrome/70.0.0.0 Safari/537.36"
185.191.171.1 - - [06/Apr/2026:06:23:45 +0200] "GET /what-kind-of-man-gets-impeached/ HTTP/1.1" 404 277 "-" "Mozilla/5.0 (compatible; SemrushBot/7~bl; +http://www.semrush.com/bot.html)"
134.209.73.209 - - [06/Apr/2026:06:24:27 +0200] "GET /wp-content/uploads/2020/07/trump-campaign-shakeup-continues-with-3-senior-staff-hires.jpg HTTP/1.1" 200 94198 "https://news365.stream/" "Mozilla/5.0 (Windows NT 10.0; Win64; x64) AppleWebKit/537.36 (KHTML, like Gecko) Chrome/107.0.0.0 Safari/537.36"
51.75.236.136 - - [06/Apr/2026:06:24:30 +0200] "GET /the-city-that-actually-got-rid-of-the-police/ HTTP/1.1" 404 212 "-" "Mozilla/5.0 (compatible; AhrefsBot/7.0; +http://ahrefs.com/robot/)"
14.160.213.196 - - [06/Apr/2026:06:24:47 +0200] "GET /new-evidence-surfaces-in-tara-reade-allegation-against-biden/ HTTP/1.1" 404 212 "-" "Mozilla/5.0 (Windows NT 10.0; Win64; x64) AppleWebKit/537.36 (KHTML, like Gecko) Chrome/105.0.0.0 Safari/537.3"
43.175.127.36 - - [06/Apr/2026:06:24:51 +0200] "HEAD /new-evidence-surfaces-in-tara-reade-allegation-against-biden/ HTTP/1.1" 404 0 "-" "Mozilla/5.0 (Windows NT 10.0; Win64; x64) AppleWebKit/537.36 (KHTML, like Gecko) Chrome/142.0.0.0 Safari/537.36"
43.174.24.37 - - [06/Apr/2026:06:24:52 +0200] "HEAD /new-evidence-surfaces-in-tara-reade-allegation-against-biden/ HTTP/1.1" 404 0 "-" "Mozilla/5.0 (Windows NT 10.0; Win64; x64) AppleWebKit/537.36 (KHTML, like Gecko) Chrome/142.0.0.0 Safari/537.36"
161.97.137.93 - - [06/Apr/2026:06:27:03 +0200] "POST /wp-cron.php?doing_wp_cron=1775449623.9289169311523437500000 HTTP/1.1" 404 31 "https://news365.stream/wp-cron.php?doing_wp_cron=1775449623.9289169311523437500000" "WordPress/4.9.26; https://news365.stream"
47.128.40.250 - - [06/Apr/2026:06:27:04 +0200] "GET /?C=D%3BO=A%2Fpage%2F17%2F%2Fpage%2F17%2F%2Fpage%2F17%2F%2Fpage%2F2%2F%2Fpage%2F2%2F%2Fpage%2F17%2F%2Fpage%2F17%2F%2Fpage%2F17%2F%2Fpage%2F17%2F%2Fpage%2F2%2F%2Fpage%2F3%2F%2Fpage%2F2%2F%2Fpage%2F17%2F%2Fpage%2F3%2F%2Fpage%2F2%2F%2Fpage%2F2%2F%2Fpage%2F3%2F HTTP/1.1" 301 0 "-" "Mozilla/5.0 (compatible; Bytespider; spider-feedback@bytedance.com) AppleWebKit/537.36 (KHTML, like Gecko) Chrome/70.0.0.0 Safari/537.36"
