23.101.4.52 - - [05/Apr/2026:23:50:20 +0200] "GET /wp-includes/fonts/ HTTP/1.1" 200 362 "-" "Mozilla/5.0 (Windows NT 10.0; Win64; x64) AppleWebKit/537.36 (KHTML, like Gecko) Chrome/120.0.0.0 Safari/537.36"
23.101.4.52 - - [05/Apr/2026:23:50:20 +0200] "GET /wordpress/wp-admin/maint/ HTTP/1.1" 404 10247 "-" "Mozilla/5.0 (Windows NT 10.0; Win64; x64) AppleWebKit/537.36 (KHTML, like Gecko) Chrome/120.0.0.0 Safari/537.36"
161.97.137.93 - - [05/Apr/2026:23:50:21 +0200] "POST /wp-cron.php?doing_wp_cron=1775425821.3147459030151367187500 HTTP/1.1" 404 9857 "https://news365.stream/wp-cron.php?doing_wp_cron=1775425821.3147459030151367187500" "WordPress/4.9.26; https://news365.stream"
23.101.4.52 - - [05/Apr/2026:23:50:21 +0200] "GET /cgi-bin/ HTTP/1.1" 404 10334 "-" "Mozilla/5.0 (Windows NT 10.0; Win64; x64) AppleWebKit/537.36 (KHTML, like Gecko) Chrome/120.0.0.0 Safari/537.36"
15.253.19.74 - - [05/Apr/2026:23:50:42 +0200] "POST /wp-login.php HTTP/1.1" 200 3460 "-" "Mozilla/5.0"
15.253.19.74 - - [05/Apr/2026:23:50:42 +0200] "POST /wp-login.php HTTP/1.1" 200 3521 "-" "Mozilla/5.0"
185.191.171.17 - - [05/Apr/2026:23:50:57 +0200] "GET /trumps-coronavirus-conflict-science-vs-politics/ HTTP/1.1" 200 18735 "-" "Mozilla/5.0 (compatible; SemrushBot/7~bl; +http://www.semrush.com/bot.html)"
47.128.40.25 - - [05/Apr/2026:23:51:08 +0200] "GET /?C=M%3BO=A%2Fpage%2F2%2F%2Fpage%2F2%2F%2Fpage%2F2%2F%2Fpage%2F3%2F%2Fpage%2F3%2F%2Fpage%2F2%2F%2Fpage%2F2%2F%2Fpage%2F17%2F%2Fpage%2F17%2F%2Fpage%2F2%2F%2Fpage%2F17%2F%2Fpage%2F2%2F%2Fpage%2F3%2F%2Fpage%2F3%2F%2Fpage%2F17%2F%2Fpage%2F2%2F%2Fpage%2F2%2F%2Fpage%2F3%2F%2Fpage%2F2%2F%2Fpage%2F3%2F%2Fpage%2F17%2F%2Fpage%2F3%2F%2Fpage%2F2%2F%2Fpage%2F17%2F HTTP/1.1" 301 0 "-" "Mozilla/5.0 (compatible; Bytespider; spider-feedback@bytedance.com) AppleWebKit/537.36 (KHTML, like Gecko) Chrome/70.0.0.0 Safari/537.36"
47.128.40.25 - - [05/Apr/2026:23:51:10 +0200] "GET /?C=M%3BO%3DA%2Fpage%2F2%2F%2Fpage%2F2%2F%2Fpage%2F2%2F%2Fpage%2F3%2F%2Fpage%2F3%2F%2Fpage%2F2%2F%2Fpage%2F2%2F%2Fpage%2F17%2F%2Fpage%2F17%2F%2Fpage%2F2%2F%2Fpage%2F17%2F%2Fpage%2F2%2F%2Fpage%2F3%2F%2Fpage%2F3%2F%2Fpage%2F17%2F%2Fpage%2F2%2F%2Fpage%2F2%2F%2Fpage%2F3%2F%2Fpage%2F2%2F%2Fpage%2F3%2F%2Fpage%2F17%2F%2Fpage%2F3%2F%2Fpage%2F2%2F%2Fpage%2F17%2F HTTP/1.1" 200 19536 "-" "Mozilla/5.0 (compatible; Bytespider; spider-feedback@bytedance.com) AppleWebKit/537.36 (KHTML, like Gecko) Chrome/70.0.0.0 Safari/537.36"
161.97.137.93 - - [05/Apr/2026:23:51:50 +0200] "POST /wp-cron.php?doing_wp_cron=1775425910.3771960735321044921875 HTTP/1.1" 404 9877 "https://news365.stream/wp-cron.php?doing_wp_cron=1775425910.3771960735321044921875" "WordPress/4.9.26; https://news365.stream"
85.208.96.210 - - [05/Apr/2026:23:51:50 +0200] "GET /tag/stream-news/page/11/ HTTP/1.1" 200 15364 "-" "Mozilla/5.0 (compatible; SemrushBot/7~bl; +http://www.semrush.com/bot.html)"
185.191.171.4 - - [05/Apr/2026:23:54:43 +0200] "GET /sarnoff-busts-bill-clinton-says-underage-girls-many-epstein-plane-rides/ HTTP/1.1" 200 19095 "-" "Mozilla/5.0 (compatible; SemrushBot/7~bl; +http://www.semrush.com/bot.html)"
47.128.40.24 - - [05/Apr/2026:23:55:07 +0200] "GET /?C=D%3BO=A%2Fpage%2F17%2F%2Fpage%2F17%2F%2Fpage%2F17%2F%2Fpage%2F3%2F%2Fpage%2F17%2F%2Fpage%2F3%2F%2Fpage%2F17%2F%2Fpage%2F3%2F%2Fpage%2F2%2F%2Fpage%2F2%2F%2Fpage%2F3%2F%2Fpage%2F3%2F%2Fpage%2F2%2F%2Fpage%2F2%2F%2Fpage%2F2%2F%2Fpage%2F2%2F%2Fpage%2F17%2F%2Fpage%2F3%2F HTTP/1.1" 301 0 "-" "Mozilla/5.0 (compatible; Bytespider; spider-feedback@bytedance.com) AppleWebKit/537.36 (KHTML, like Gecko) Chrome/70.0.0.0 Safari/537.36"
47.128.40.24 - - [05/Apr/2026:23:55:08 +0200] "GET /?C=D%3BO%3DA%2Fpage%2F17%2F%2Fpage%2F17%2F%2Fpage%2F17%2F%2Fpage%2F3%2F%2Fpage%2F17%2F%2Fpage%2F3%2F%2Fpage%2F17%2F%2Fpage%2F3%2F%2Fpage%2F2%2F%2Fpage%2F2%2F%2Fpage%2F3%2F%2Fpage%2F3%2F%2Fpage%2F2%2F%2Fpage%2F2%2F%2Fpage%2F2%2F%2Fpage%2F2%2F%2Fpage%2F17%2F%2Fpage%2F3%2F HTTP/1.1" 200 19486 "-" "Mozilla/5.0 (compatible; Bytespider; spider-feedback@bytedance.com) AppleWebKit/537.36 (KHTML, like Gecko) Chrome/70.0.0.0 Safari/537.36"
47.128.40.24 - - [05/Apr/2026:23:55:09 +0200] "GET /wp-content/uploads/2018/04/Image_5679674_308_0-375x195.jpg HTTP/1.1" 206 500 "https://news365.stream/?C=D%3BO%3DA%2Fpage%2F17%2F%2Fpage%2F17%2F%2Fpage%2F17%2F%2Fpage%2F3%2F%2Fpage%2F17%2F%2Fpage%2F3%2F%2Fpage%2F17%2F%2Fpage%2F3%2F%2Fpage%2F2%2F%2Fpage%2F2%2F%2Fpage%2F3%2F%2Fpage%2F3%2F%2Fpage%2F2%2F%2Fpage%2F2%2F%2Fpage%2F2%2F%2Fpage%2F2%2F%2Fpage%2F17%2F%2Fpage%2F3%2F" "Mozilla/5.0 (compatible; Bytespider; spider-feedback@bytedance.com) AppleWebKit/537.36 (KHTML, like Gecko) Chrome/70.0.0.0 Safari/537.36"
47.128.40.24 - - [05/Apr/2026:23:55:09 +0200] "GET /wp-content/uploads/2018/01/26612885_1580917132001898_927254810_o-375x195.jpg HTTP/1.1" 206 500 "https://news365.stream/?C=D%3BO%3DA%2Fpage%2F17%2F%2Fpage%2F17%2F%2Fpage%2F17%2F%2Fpage%2F3%2F%2Fpage%2F17%2F%2Fpage%2F3%2F%2Fpage%2F17%2F%2Fpage%2F3%2F%2Fpage%2F2%2F%2Fpage%2F2%2F%2Fpage%2F3%2F%2Fpage%2F3%2F%2Fpage%2F2%2F%2Fpage%2F2%2F%2Fpage%2F2%2F%2Fpage%2F2%2F%2Fpage%2F17%2F%2Fpage%2F3%2F" "Mozilla/5.0 (compatible; Bytespider; spider-feedback@bytedance.com) AppleWebKit/537.36 (KHTML, like Gecko) Chrome/70.0.0.0 Safari/537.36"
185.191.171.3 - - [05/Apr/2026:23:55:15 +0200] "GET /inside-americas-unending-testing-snafu/ HTTP/1.1" 200 17962 "-" "Mozilla/5.0 (compatible; SemrushBot/7~bl; +http://www.semrush.com/bot.html)"
161.97.137.93 - - [05/Apr/2026:23:58:44 +0200] "POST /wp-cron.php?doing_wp_cron=1775426324.2991209030151367187500 HTTP/1.1" 404 9944 "https://news365.stream/wp-cron.php?doing_wp_cron=1775426324.2991209030151367187500" "WordPress/4.9.26; https://news365.stream"
185.191.171.14 - - [05/Apr/2026:23:58:45 +0200] "GET /antifa-big-tech-and-abortion-republicans-bring-culture-war-to-police-brutality-debate/ HTTP/1.1" 200 21073 "-" "Mozilla/5.0 (compatible; SemrushBot/7~bl; +http://www.semrush.com/bot.html)"
185.191.171.13 - - [05/Apr/2026:23:59:10 +0200] "GET /fda-warns-alex-jones-over-false-coronavirus-claims/ HTTP/1.1" 200 18175 "-" "Mozilla/5.0 (compatible; SemrushBot/7~bl; +http://www.semrush.com/bot.html)"
47.128.40.54 - - [05/Apr/2026:23:59:16 +0200] "GET /?C=S%3BO=D%2Fpage%2F2%2F%2Fpage%2F17%2F%2Fpage%2F2%2F%2Fpage%2F17%2F%2Fpage%2F2%2F%2Fpage%2F2%2F%2Fpage%2F3%2F%2Fpage%2F3%2F%2Fpage%2F2%2F%2Fpage%2F17%2F%2Fpage%2F2%2F%2Fpage%2F2%2F%2Fpage%2F3%2F%2Fpage%2F17%2F%2Fpage%2F3%2F%2Fpage%2F3%2F%2Fpage%2F3%2F%2Fpage%2F17%2F%2Fpage%2F3%2F%2Fpage%2F3%2F%2Fpage%2F2%2F%2Fpage%2F2%2F%2Fpage%2F3%2F%2Fpage%2F17%2F%2Fpage%2F17%2F%2Fpage%2F2%2F%2Fpage%2F17%2F%2Fpage%2F3%2F%2Fpage%2F3%2F%2Fpage%2F3%2F%2Fpage%2F2%2F%2Fpage%2F2%2F HTTP/1.1" 301 0 "-" "Mozilla/5.0 (Linux; Android 5.0) AppleWebKit/537.36 (KHTML, like Gecko) Mobile Safari/537.36 (compatible; Bytespider; spider-feedback@bytedance.com)"
47.128.40.54 - - [05/Apr/2026:23:59:17 +0200] "GET /?C=S%3BO%3DD%2Fpage%2F2%2F%2Fpage%2F17%2F%2Fpage%2F2%2F%2Fpage%2F17%2F%2Fpage%2F2%2F%2Fpage%2F2%2F%2Fpage%2F3%2F%2Fpage%2F3%2F%2Fpage%2F2%2F%2Fpage%2F17%2F%2Fpage%2F2%2F%2Fpage%2F2%2F%2Fpage%2F3%2F%2Fpage%2F17%2F%2Fpage%2F3%2F%2Fpage%2F3%2F%2Fpage%2F3%2F%2Fpage%2F17%2F%2Fpage%2F3%2F%2Fpage%2F3%2F%2Fpage%2F2%2F%2Fpage%2F2%2F%2Fpage%2F3%2F%2Fpage%2F17%2F%2Fpage%2F17%2F%2Fpage%2F2%2F%2Fpage%2F17%2F%2Fpage%2F3%2F%2Fpage%2F3%2F%2Fpage%2F3%2F%2Fpage%2F2%2F%2Fpage%2F2%2F HTTP/1.1" 200 19214 "-" "Mozilla/5.0 (Linux; Android 5.0) AppleWebKit/537.36 (KHTML, like Gecko) Mobile Safari/537.36 (compatible; Bytespider; spider-feedback@bytedance.com)"
161.97.137.93 - - [06/Apr/2026:00:03:09 +0200] "POST /wp-cron.php?doing_wp_cron=1775426589.3094110488891601562500 HTTP/1.1" 404 9565 "https://news365.stream/wp-cron.php?doing_wp_cron=1775426589.3094110488891601562500" "WordPress/4.9.26; https://news365.stream"
47.128.40.88 - - [06/Apr/2026:00:03:09 +0200] "GET /?C=D%3BO=A%2Fpage%2F2%2F%2Fpage%2F3%2F%2Fpage%2F17%2F%2Fpage%2F3%2F%2Fpage%2F2%2F%2Fpage%2F3%2F%2Fpage%2F2%2F%2Fpage%2F3%2F%2Fpage%2F2%2F%2Fpage%2F17%2F%2Fpage%2F17%2F%2Fpage%2F17%2F%2Fpage%2F17%2F%2Fpage%2F17%2F%2Fpage%2F3%2F%2Fpage%2F2%2F%2Fpage%2F2%2F HTTP/1.1" 301 0 "-" "Mozilla/5.0 (compatible; Bytespider; spider-feedback@bytedance.com) AppleWebKit/537.36 (KHTML, like Gecko) Chrome/70.0.0.0 Safari/537.36"
47.128.40.88 - - [06/Apr/2026:00:03:11 +0200] "GET /?C=D%3BO%3DA%2Fpage%2F2%2F%2Fpage%2F3%2F%2Fpage%2F17%2F%2Fpage%2F3%2F%2Fpage%2F2%2F%2Fpage%2F3%2F%2Fpage%2F2%2F%2Fpage%2F3%2F%2Fpage%2F2%2F%2Fpage%2F17%2F%2Fpage%2F17%2F%2Fpage%2F17%2F%2Fpage%2F17%2F%2Fpage%2F17%2F%2Fpage%2F3%2F%2Fpage%2F2%2F%2Fpage%2F2%2F HTTP/1.1" 200 19587 "-" "Mozilla/5.0 (compatible; Bytespider; spider-feedback@bytedance.com) AppleWebKit/537.36 (KHTML, like Gecko) Chrome/70.0.0.0 Safari/537.36"
185.191.171.19 - - [06/Apr/2026:00:03:12 +0200] "GET /prominent-democrat-official-resigns-lack-diversity-within-dccc/ HTTP/1.1" 200 18504 "-" "Mozilla/5.0 (compatible; SemrushBot/7~bl; +http://www.semrush.com/bot.html)"
47.128.40.88 - - [06/Apr/2026:00:03:16 +0200] "GET /wp-content/uploads/2018/01/zx860y484_2964637-145x100.jpg HTTP/1.1" 206 500 "https://news365.stream/?C=D%3BO%3DA%2Fpage%2F2%2F%2Fpage%2F3%2F%2Fpage%2F17%2F%2Fpage%2F3%2F%2Fpage%2F2%2F%2Fpage%2F3%2F%2Fpage%2F2%2F%2Fpage%2F3%2F%2Fpage%2F2%2F%2Fpage%2F17%2F%2Fpage%2F17%2F%2Fpage%2F17%2F%2Fpage%2F17%2F%2Fpage%2F17%2F%2Fpage%2F3%2F%2Fpage%2F2%2F%2Fpage%2F2%2F" "Mozilla/5.0 (compatible; Bytespider; spider-feedback@bytedance.com) AppleWebKit/537.36 (KHTML, like Gecko) Chrome/70.0.0.0 Safari/537.36"
85.208.96.210 - - [06/Apr/2026:00:03:20 +0200] "GET /sophia-nelson-black-woman-know-flag-sneakers-isnt-racist/ HTTP/1.1" 200 18705 "-" "Mozilla/5.0 (compatible; SemrushBot/7~bl; +http://www.semrush.com/bot.html)"
161.97.137.93 - - [06/Apr/2026:00:04:29 +0200] "POST /wp-cron.php?doing_wp_cron=1775426668.7978858947753906250000 HTTP/1.1" 404 9373 "https://news365.stream/wp-cron.php?doing_wp_cron=1775426668.7978858947753906250000" "WordPress/4.9.26; https://news365.stream"
103.252.200.149 - - [06/Apr/2026:00:04:29 +0200] "GET /watch-mcdaniel-says-dem-debate-unveiled-total-socialist-plan-2/ HTTP/1.1" 200 20120 "-" "Mozilla/5.0 (Macintosh; Intel Mac OS X 12_3_1) AppleWebKit/537.36 (KHTML, like Gecko) Chrome/130.0.6723.191 Safari/537.36"
52.0.105.244 - - [06/Apr/2026:00:04:34 +0200] "GET /wp-json/oembed/1.0/embed?url=https://news365.stream/dershowitzs-power-play-and-a-trump-team-stumble-the-moments-that-mattered-in-the-senate-qa/ HTTP/1.1" 200 1306 "-" "Mozilla/5.0 AppleWebKit/537.36 (KHTML, like Gecko; compatible; Amazonbot/0.1; +https://developer.amazon.com/support/amazonbot) Chrome/119.0.6045.214 Safari/537.36"
100.24.167.60 - - [06/Apr/2026:00:04:39 +0200] "GET /wp-json/oembed/1.0/embed?format=xml&url=https://news365.stream/trump-seeks-to-claim-the-mantle-of-history-in-fiery-mount-rushmore-address/ HTTP/1.1" 200 1316 "-" "Mozilla/5.0 AppleWebKit/537.36 (KHTML, like Gecko; compatible; Amazonbot/0.1; +https://developer.amazon.com/support/amazonbot) Chrome/119.0.6045.214 Safari/537.36"
85.208.96.208 - - [06/Apr/2026:00:05:08 +0200] "GET /local-officials-alarmed-by-dearth-of-ventilators-hospital-beds/ HTTP/1.1" 403 285 "-" "Mozilla/5.0 (compatible; SemrushBot/7~bl; +http://www.semrush.com/bot.html)"
54.37.118.89 - - [06/Apr/2026:00:05:28 +0200] "GET /%D0%BF%D0%B5%D1%82%D1%8A%D1%80-%D1%81%D1%82%D0%BE%D1%8F%D0%BD%D0%BE%D0%B2-%D0%B8%D0%BC%D0%B0-%D1%80%D0%BE%D0%B6%D0%B4%D0%B5%D0%BD-%D0%B4%D0%B5%D0%BD/ HTTP/1.1" 200 17294 "-" "Mozilla/5.0 (compatible; AhrefsBot/7.0; +http://ahrefs.com/robot/)"
161.97.137.93 - - [06/Apr/2026:00:06:14 +0200] "POST /wp-cron.php?doing_wp_cron=1775426774.3096139430999755859375 HTTP/1.1" 404 9830 "https://news365.stream/wp-cron.php?doing_wp_cron=1775426774.3096139430999755859375" "WordPress/4.9.26; https://news365.stream"
85.208.96.197 - - [06/Apr/2026:00:06:15 +0200] "GET /tag/news-365-stream/page/11/ HTTP/1.1" 200 15753 "-" "Mozilla/5.0 (compatible; SemrushBot/7~bl; +http://www.semrush.com/bot.html)"
47.128.40.62 - - [06/Apr/2026:00:07:11 +0200] "GET /?C=S%3BO=A%2Fpage%2F2%2F%2Fpage%2F2%2F%2Fpage%2F3%2F%2Fpage%2F17%2F%2Fpage%2F3%2F%2Fpage%2F17%2F%2Fpage%2F17%2F%2Fpage%2F17%2F%2Fpage%2F17%2F%2Fpage%2F3%2F%2Fpage%2F3%2F%2Fpage%2F2%2F%2Fpage%2F2%2F%2Fpage%2F3%2F%2Fpage%2F3%2F%2Fpage%2F17%2F%2Fpage%2F17%2F%2Fpage%2F17%2F%2Fpage%2F3%2F%2Fpage%2F2%2F%2Fpage%2F17%2F%2Fpage%2F2%2F%2Fpage%2F2%2F%2Fpage%2F2%2F%2Fpage%2F3%2F%2Fpage%2F17%2F%2Fpage%2F17%2F%2Fpage%2F3%2F%2Fpage%2F2%2F%2Fpage%2F3%2F%2Fpage%2F2%2F HTTP/1.1" 301 0 "-" "Mozilla/5.0 (compatible; Bytespider; spider-feedback@bytedance.com) AppleWebKit/537.36 (KHTML, like Gecko) Chrome/70.0.0.0 Safari/537.36"
47.128.40.62 - - [06/Apr/2026:00:07:12 +0200] "GET /?C=S%3BO%3DA%2Fpage%2F2%2F%2Fpage%2F2%2F%2Fpage%2F3%2F%2Fpage%2F17%2F%2Fpage%2F3%2F%2Fpage%2F17%2F%2Fpage%2F17%2F%2Fpage%2F17%2F%2Fpage%2F17%2F%2Fpage%2F3%2F%2Fpage%2F3%2F%2Fpage%2F2%2F%2Fpage%2F2%2F%2Fpage%2F3%2F%2Fpage%2F3%2F%2Fpage%2F17%2F%2Fpage%2F17%2F%2Fpage%2F17%2F%2Fpage%2F3%2F%2Fpage%2F2%2F%2Fpage%2F17%2F%2Fpage%2F2%2F%2Fpage%2F2%2F%2Fpage%2F2%2F%2Fpage%2F3%2F%2Fpage%2F17%2F%2Fpage%2F17%2F%2Fpage%2F3%2F%2Fpage%2F2%2F%2Fpage%2F3%2F%2Fpage%2F2%2F HTTP/1.1" 200 20038 "-" "Mozilla/5.0 (compatible; Bytespider; spider-feedback@bytedance.com) AppleWebKit/537.36 (KHTML, like Gecko) Chrome/70.0.0.0 Safari/537.36"
47.128.40.62 - - [06/Apr/2026:00:07:20 +0200] "GET /wp-content/uploads/2018/07/36516780_2121875867841486_8231559355430862848_n-145x100.jpg HTTP/1.1" 206 500 "https://news365.stream/?C=S%3BO%3DA%2Fpage%2F2%2F%2Fpage%2F2%2F%2Fpage%2F3%2F%2Fpage%2F17%2F%2Fpage%2F3%2F%2Fpage%2F17%2F%2Fpage%2F17%2F%2Fpage%2F17%2F%2Fpage%2F17%2F%2Fpage%2F3%2F%2Fpage%2F3%2F%2Fpage%2F2%2F%2Fpage%2F2%2F%2Fpage%2F3%2F%2Fpage%2F3%2F%2Fpage%2F17%2F%2Fpage%2F17%2F%2Fpage%2F17%2F%2Fpage%2F3%2F%2Fpage%2F2%2F%2Fpage%2F17%2F%2Fpage%2F2%2F%2Fpage%2F2%2F%2Fpage%2F2%2F%2Fpage%2F3%2F%2Fpage%2F17%2F%2Fpage%2F17%2F%2Fpage%2F3%2F%2Fpage%2F2%2F%2Fpage%2F3%2F%2Fpage%2F2%2F" "Mozilla/5.0 (compatible; Bytespider; spider-feedback@bytedance.com) AppleWebKit/537.36 (KHTML, like Gecko) Chrome/70.0.0.0 Safari/537.36"
85.208.96.199 - - [06/Apr/2026:00:09:10 +0200] "GET /%D0%B5%D0%BA%D0%B2%D0%B0%D0%B4%D0%BE%D1%80-%D0%B3%D0%BE%D0%BD%D0%B8-%D0%B0%D1%81%D0%B0%D0%BD%D0%B6-%D0%BF%D0%BE%D1%81%D0%BE%D0%BB%D1%81%D1%82%D0%B2%D0%BE%D1%82%D0%BE/ HTTP/1.1" 200 18582 "-" "Mozilla/5.0 (compatible; SemrushBot/7~bl; +http://www.semrush.com/bot.html)"
108.165.129.148 - - [06/Apr/2026:00:09:18 +0200] "GET /wp-content/uploads/2020/07/trumps-mount-rushmore-fireworks-shed-light-on-his-history-with-native-americans-375x195.jpg HTTP/1.1" 200 20765 "-" "Mozilla/5.0 (compatible; crawler)"
161.97.137.93 - - [06/Apr/2026:00:09:57 +0200] "POST /wp-cron.php?doing_wp_cron=1775426997.1466310024261474609375 HTTP/1.1" 404 9552 "https://news365.stream/wp-cron.php?doing_wp_cron=1775426997.1466310024261474609375" "WordPress/4.9.26; https://news365.stream"
66.249.79.229 - - [06/Apr/2026:00:09:58 +0200] "GET /tag/ivana-trump/page/92/ HTTP/1.1" 200 12984 "-" "Mozilla/5.0 (Linux; Android 6.0.1; Nexus 5X Build/MMB29P) AppleWebKit/537.36 (KHTML, like Gecko) Chrome/146.0.7680.177 Mobile Safari/537.36 (compatible; Googlebot/2.1; +http://www.google.com/bot.html)"
161.97.137.93 - - [06/Apr/2026:00:11:21 +0200] "POST /wp-cron.php?doing_wp_cron=1775427080.8644039630889892578125 HTTP/1.1" 404 9860 "https://news365.stream/wp-cron.php?doing_wp_cron=1775427080.8644039630889892578125" "WordPress/4.9.26; https://news365.stream"
47.128.40.44 - - [06/Apr/2026:00:11:21 +0200] "GET /?C=M%3BO=A%2Fpage%2F2%2F%2Fpage%2F2%2F%2Fpage%2F17%2F%2Fpage%2F17%2F%2Fpage%2F3%2F%2Fpage%2F17%2F%2Fpage%2F3%2F%2Fpage%2F2%2F%2Fpage%2F17%2F%2Fpage%2F17%2F%2Fpage%2F17%2F%2Fpage%2F2%2F%2Fpage%2F2%2F HTTP/1.1" 301 0 "-" "Mozilla/5.0 (compatible; Bytespider; spider-feedback@bytedance.com) AppleWebKit/537.36 (KHTML, like Gecko) Chrome/70.0.0.0 Safari/537.36"
47.128.40.44 - - [06/Apr/2026:00:11:26 +0200] "GET /?C=M%3BO%3DA%2Fpage%2F2%2F%2Fpage%2F2%2F%2Fpage%2F17%2F%2Fpage%2F17%2F%2Fpage%2F3%2F%2Fpage%2F17%2F%2Fpage%2F3%2F%2Fpage%2F2%2F%2Fpage%2F17%2F%2Fpage%2F17%2F%2Fpage%2F17%2F%2Fpage%2F2%2F%2Fpage%2F2%2F HTTP/1.1" 200 19764 "-" "Mozilla/5.0 (compatible; Bytespider; spider-feedback@bytedance.com) AppleWebKit/537.36 (KHTML, like Gecko) Chrome/70.0.0.0 Safari/537.36"
47.128.40.44 - - [06/Apr/2026:00:11:37 +0200] "GET /wp-content/uploads/2019/01/1548061952_0_xm-375x195.jpg HTTP/1.1" 206 500 "https://news365.stream/?C=M%3BO%3DA%2Fpage%2F2%2F%2Fpage%2F2%2F%2Fpage%2F17%2F%2Fpage%2F17%2F%2Fpage%2F3%2F%2Fpage%2F17%2F%2Fpage%2F3%2F%2Fpage%2F2%2F%2Fpage%2F17%2F%2Fpage%2F17%2F%2Fpage%2F17%2F%2Fpage%2F2%2F%2Fpage%2F2%2F" "Mozilla/5.0 (compatible; Bytespider; spider-feedback@bytedance.com) AppleWebKit/537.36 (KHTML, like Gecko) Chrome/70.0.0.0 Safari/537.36"
47.128.40.44 - - [06/Apr/2026:00:11:37 +0200] "GET /wp-content/uploads/2018/03/768x432-2-375x195.jpg HTTP/1.1" 206 500 "https://news365.stream/?C=M%3BO%3DA%2Fpage%2F2%2F%2Fpage%2F2%2F%2Fpage%2F17%2F%2Fpage%2F17%2F%2Fpage%2F3%2F%2Fpage%2F17%2F%2Fpage%2F3%2F%2Fpage%2F2%2F%2Fpage%2F17%2F%2Fpage%2F17%2F%2Fpage%2F17%2F%2Fpage%2F2%2F%2Fpage%2F2%2F" "Mozilla/5.0 (compatible; Bytespider; spider-feedback@bytedance.com) AppleWebKit/537.36 (KHTML, like Gecko) Chrome/70.0.0.0 Safari/537.36"
47.128.40.44 - - [06/Apr/2026:00:11:39 +0200] "GET /wp-content/uploads/2017/09/image-6-145x100.jpg HTTP/1.1" 206 500 "https://news365.stream/?C=M%3BO%3DA%2Fpage%2F2%2F%2Fpage%2F2%2F%2Fpage%2F17%2F%2Fpage%2F17%2F%2Fpage%2F3%2F%2Fpage%2F17%2F%2Fpage%2F3%2F%2Fpage%2F2%2F%2Fpage%2F17%2F%2Fpage%2F17%2F%2Fpage%2F17%2F%2Fpage%2F2%2F%2Fpage%2F2%2F" "Mozilla/5.0 (compatible; Bytespider; spider-feedback@bytedance.com) AppleWebKit/537.36 (KHTML, like Gecko) Chrome/70.0.0.0 Safari/537.36"
47.128.40.44 - - [06/Apr/2026:00:11:39 +0200] "GET /wp-content/uploads/2018/04/zx620y348_2733938-145x100.jpg HTTP/1.1" 206 500 "https://news365.stream/?C=M%3BO%3DA%2Fpage%2F2%2F%2Fpage%2F2%2F%2Fpage%2F17%2F%2Fpage%2F17%2F%2Fpage%2F3%2F%2Fpage%2F17%2F%2Fpage%2F3%2F%2Fpage%2F2%2F%2Fpage%2F17%2F%2Fpage%2F17%2F%2Fpage%2F17%2F%2Fpage%2F2%2F%2Fpage%2F2%2F" "Mozilla/5.0 (compatible; Bytespider; spider-feedback@bytedance.com) AppleWebKit/537.36 (KHTML, like Gecko) Chrome/70.0.0.0 Safari/537.36"
161.97.137.93 - - [06/Apr/2026:00:14:48 +0200] "POST /wp-cron.php?doing_wp_cron=1775427287.6855900287628173828125 HTTP/1.1" 404 9604 "https://news365.stream/wp-cron.php?doing_wp_cron=1775427287.6855900287628173828125" "WordPress/4.9.26; https://news365.stream"
85.208.96.202 - - [06/Apr/2026:00:14:48 +0200] "GET /a-noun-a-verb-and-south-carolina-bidens-last-ditch-primary-strategy/ HTTP/1.1" 200 19191 "-" "Mozilla/5.0 (compatible; SemrushBot/7~bl; +http://www.semrush.com/bot.html)"
47.128.40.4 - - [06/Apr/2026:00:15:18 +0200] "GET /?C=S%3BO=D%2Fpage%2F3%2F%2Fpage%2F2%2F%2Fpage%2F2%2F%2Fpage%2F3%2F%2Fpage%2F2%2F%2Fpage%2F17%2F%2Fpage%2F2%2F%2Fpage%2F3%2F%2Fpage%2F3%2F%2Fpage%2F17%2F%2Fpage%2F17%2F%2Fpage%2F2%2F%2Fpage%2F3%2F%2Fpage%2F3%2F%2Fpage%2F2%2F%2Fpage%2F3%2F%2Fpage%2F3%2F%2Fpage%2F2%2F%2Fpage%2F17%2F HTTP/1.1" 301 0 "-" "Mozilla/5.0 (compatible; Bytespider; spider-feedback@bytedance.com) AppleWebKit/537.36 (KHTML, like Gecko) Chrome/70.0.0.0 Safari/537.36"
47.128.40.4 - - [06/Apr/2026:00:15:25 +0200] "GET /?C=S%3BO%3DD%2Fpage%2F3%2F%2Fpage%2F2%2F%2Fpage%2F2%2F%2Fpage%2F3%2F%2Fpage%2F2%2F%2Fpage%2F17%2F%2Fpage%2F2%2F%2Fpage%2F3%2F%2Fpage%2F3%2F%2Fpage%2F17%2F%2Fpage%2F17%2F%2Fpage%2F2%2F%2Fpage%2F3%2F%2Fpage%2F3%2F%2Fpage%2F2%2F%2Fpage%2F3%2F%2Fpage%2F3%2F%2Fpage%2F2%2F%2Fpage%2F17%2F HTTP/1.1" 200 18718 "-" "Mozilla/5.0 (compatible; Bytespider; spider-feedback@bytedance.com) AppleWebKit/537.36 (KHTML, like Gecko) Chrome/70.0.0.0 Safari/537.36"
185.191.171.16 - - [06/Apr/2026:00:15:41 +0200] "GET /consumer-bureau-draws-fire-for-pro-business-tilt-during-crisis/ HTTP/1.1" 200 19783 "-" "Mozilla/5.0 (compatible; SemrushBot/7~bl; +http://www.semrush.com/bot.html)"
47.128.40.4 - - [06/Apr/2026:00:15:46 +0200] "GET /wp-content/uploads/2018/07/dedede-375x195.jpg HTTP/1.1" 206 500 "https://news365.stream/?C=S%3BO%3DD%2Fpage%2F3%2F%2Fpage%2F2%2F%2Fpage%2F2%2F%2Fpage%2F3%2F%2Fpage%2F2%2F%2Fpage%2F17%2F%2Fpage%2F2%2F%2Fpage%2F3%2F%2Fpage%2F3%2F%2Fpage%2F17%2F%2Fpage%2F17%2F%2Fpage%2F2%2F%2Fpage%2F3%2F%2Fpage%2F3%2F%2Fpage%2F2%2F%2Fpage%2F3%2F%2Fpage%2F3%2F%2Fpage%2F2%2F%2Fpage%2F17%2F" "Mozilla/5.0 (compatible; Bytespider; spider-feedback@bytedance.com) AppleWebKit/537.36 (KHTML, like Gecko) Chrome/70.0.0.0 Safari/537.36"
47.128.40.4 - - [06/Apr/2026:00:15:48 +0200] "GET /wp-content/uploads/2018/10/thumb_910x0_931410-2-145x100.jpg HTTP/1.1" 206 500 "https://news365.stream/?C=S%3BO%3DD%2Fpage%2F3%2F%2Fpage%2F2%2F%2Fpage%2F2%2F%2Fpage%2F3%2F%2Fpage%2F2%2F%2Fpage%2F17%2F%2Fpage%2F2%2F%2Fpage%2F3%2F%2Fpage%2F3%2F%2Fpage%2F17%2F%2Fpage%2F17%2F%2Fpage%2F2%2F%2Fpage%2F3%2F%2Fpage%2F3%2F%2Fpage%2F2%2F%2Fpage%2F3%2F%2Fpage%2F3%2F%2Fpage%2F2%2F%2Fpage%2F17%2F" "Mozilla/5.0 (compatible; Bytespider; spider-feedback@bytedance.com) AppleWebKit/537.36 (KHTML, like Gecko) Chrome/70.0.0.0 Safari/537.36"
161.97.137.93 - - [06/Apr/2026:00:17:50 +0200] "POST /wp-cron.php?doing_wp_cron=1775427470.2114880084991455078125 HTTP/1.1" 404 10056 "https://news365.stream/wp-cron.php?doing_wp_cron=1775427470.2114880084991455078125" "WordPress/4.9.26; https://news365.stream"
85.208.96.197 - - [06/Apr/2026:00:17:50 +0200] "GET /%D0%B5%D1%81-%D1%89%D0%B5-%D0%BE%D1%82%D0%B7%D0%BE%D0%B2%D0%B5-%D0%BF%D0%BE%D1%81%D0%BB%D0%B0%D0%BD%D0%B8%D0%BA%D0%B0-%D1%80%D1%83%D1%81%D0%B8%D1%8F/ HTTP/1.1" 200 18139 "-" "Mozilla/5.0 (compatible; SemrushBot/7~bl; +http://www.semrush.com/bot.html)"
222.86.11.53 - - [06/Apr/2026:00:17:57 +0200] "GET /%D0%B8%D0%BC%D0%B0-%D0%BD%D0%B5%D1%89%D0%BE-%D1%81%D0%B1%D1%8A%D1%80%D0%BA%D0%B0%D0%BD%D0%BE-%D1%81%D0%B8%D1%81%D1%82%D0%B5%D0%BC%D0%B0%D1%82%D0%B0/ HTTP/1.1" 200 16161 "-" "Mozilla/5.0 (Macintosh; Intel Mac OS X 10_15_7) AppleWebKit/537.36 (KHTML, like Gecko) Chrome/140.0.0.0 Safari/537.36"
85.208.96.205 - - [06/Apr/2026:00:19:03 +0200] "GET /u-s-sticks-it-to-world-health-organization-as-xi-offers-vaccine-hope/ HTTP/1.1" 502 150 "-" "Mozilla/5.0 (compatible; SemrushBot/7~bl; +http://www.semrush.com/bot.html)"
47.128.40.54 - - [06/Apr/2026:00:19:10 +0200] "GET /?C=N%3BO=D%2Fpage%2F3%2F%2Fpage%2F3%2F%2Fpage%2F17%2F%2Fpage%2F2%2F%2Fpage%2F2%2F%2Fpage%2F2%2F%2Fpage%2F2%2F%2Fpage%2F17%2F%2Fpage%2F17%2F%2Fpage%2F2%2F%2Fpage%2F3%2F%2Fpage%2F17%2F%2Fpage%2F3%2F%2Fpage%2F17%2F%2Fpage%2F17%2F%2Fpage%2F3%2F%2Fpage%2F2%2F%2Fpage%2F17%2F%2Fpage%2F17%2F%2Fpage%2F3%2F%2Fpage%2F3%2F%2Fpage%2F2%2F%2Fpage%2F17%2F%2Fpage%2F2%2F HTTP/1.1" 301 0 "-" "Mozilla/5.0 (compatible; Bytespider; spider-feedback@bytedance.com) AppleWebKit/537.36 (KHTML, like Gecko) Chrome/70.0.0.0 Safari/537.36"
47.128.40.54 - - [06/Apr/2026:00:19:12 +0200] "GET /?C=N%3BO%3DD%2Fpage%2F3%2F%2Fpage%2F3%2F%2Fpage%2F17%2F%2Fpage%2F2%2F%2Fpage%2F2%2F%2Fpage%2F2%2F%2Fpage%2F2%2F%2Fpage%2F17%2F%2Fpage%2F17%2F%2Fpage%2F2%2F%2Fpage%2F3%2F%2Fpage%2F17%2F%2Fpage%2F3%2F%2Fpage%2F17%2F%2Fpage%2F17%2F%2Fpage%2F3%2F%2Fpage%2F2%2F%2Fpage%2F17%2F%2Fpage%2F17%2F%2Fpage%2F3%2F%2Fpage%2F3%2F%2Fpage%2F2%2F%2Fpage%2F17%2F%2Fpage%2F2%2F HTTP/1.1" 200 19691 "-" "Mozilla/5.0 (compatible; Bytespider; spider-feedback@bytedance.com) AppleWebKit/537.36 (KHTML, like Gecko) Chrome/70.0.0.0 Safari/537.36"
47.128.40.54 - - [06/Apr/2026:00:19:14 +0200] "GET /wp-content/uploads/2017/12/drsht1-375x195.jpg HTTP/1.1" 206 500 "https://news365.stream/?C=N%3BO%3DD%2Fpage%2F3%2F%2Fpage%2F3%2F%2Fpage%2F17%2F%2Fpage%2F2%2F%2Fpage%2F2%2F%2Fpage%2F2%2F%2Fpage%2F2%2F%2Fpage%2F17%2F%2Fpage%2F17%2F%2Fpage%2F2%2F%2Fpage%2F3%2F%2Fpage%2F17%2F%2Fpage%2F3%2F%2Fpage%2F17%2F%2Fpage%2F17%2F%2Fpage%2F3%2F%2Fpage%2F2%2F%2Fpage%2F17%2F%2Fpage%2F17%2F%2Fpage%2F3%2F%2Fpage%2F3%2F%2Fpage%2F2%2F%2Fpage%2F17%2F%2Fpage%2F2%2F" "Mozilla/5.0 (compatible; Bytespider; spider-feedback@bytedance.com) AppleWebKit/537.36 (KHTML, like Gecko) Chrome/70.0.0.0 Safari/537.36"
85.208.96.198 - - [06/Apr/2026:00:19:48 +0200] "GET /house-gop-is-unified-behind-trumps-actions-on-iran/ HTTP/1.1" 200 17739 "-" "Mozilla/5.0 (compatible; SemrushBot/7~bl; +http://www.semrush.com/bot.html)"
74.7.228.46 - - [06/Apr/2026:00:21:45 +0200] "GET /robots.txt HTTP/1.1" 200 66 "-" "Mozilla/5.0 (Macintosh; Intel Mac OS X 10_15_7) AppleWebKit/537.36 (KHTML, like Gecko) Chrome/131.0.0.0 Safari/537.36; compatible; OAI-SearchBot/1.3; robots.txt; +https://openai.com/searchbot"
161.97.137.93 - - [06/Apr/2026:00:23:05 +0200] "POST /wp-cron.php?doing_wp_cron=1775427785.4618649482727050781250 HTTP/1.1" 404 9656 "https://news365.stream/wp-cron.php?doing_wp_cron=1775427785.4618649482727050781250" "WordPress/4.9.26; https://news365.stream"
47.128.40.6 - - [06/Apr/2026:00:23:06 +0200] "GET /?C=M%3BO=A%2Fpage%2F3%2F%2Fpage%2F2%2F%2Fpage%2F3%2F%2Fpage%2F2%2F%2Fpage%2F2%2F%2Fpage%2F2%2F%2Fpage%2F3%2F%2Fpage%2F3%2F%2Fpage%2F2%2F%2Fpage%2F17%2F%2Fpage%2F3%2F%2Fpage%2F17%2F%2Fpage%2F17%2F%2Fpage%2F3%2F%2Fpage%2F17%2F%2Fpage%2F3%2F%2Fpage%2F2%2F%2Fpage%2F3%2F%2Fpage%2F17%2F%2Fpage%2F17%2F%2Fpage%2F3%2F%2Fpage%2F3%2F%2Fpage%2F2%2F%2Fpage%2F17%2F%2Fpage%2F3%2F HTTP/1.1" 301 0 "-" "Mozilla/5.0 (Linux; Android 5.0) AppleWebKit/537.36 (KHTML, like Gecko) Mobile Safari/537.36 (compatible; Bytespider; spider-feedback@bytedance.com)"
47.128.40.6 - - [06/Apr/2026:00:23:09 +0200] "GET /?C=M%3BO%3DA%2Fpage%2F3%2F%2Fpage%2F2%2F%2Fpage%2F3%2F%2Fpage%2F2%2F%2Fpage%2F2%2F%2Fpage%2F2%2F%2Fpage%2F3%2F%2Fpage%2F3%2F%2Fpage%2F2%2F%2Fpage%2F17%2F%2Fpage%2F3%2F%2Fpage%2F17%2F%2Fpage%2F17%2F%2Fpage%2F3%2F%2Fpage%2F17%2F%2Fpage%2F3%2F%2Fpage%2F2%2F%2Fpage%2F3%2F%2Fpage%2F17%2F%2Fpage%2F17%2F%2Fpage%2F3%2F%2Fpage%2F3%2F%2Fpage%2F2%2F%2Fpage%2F17%2F%2Fpage%2F3%2F HTTP/1.1" 200 19815 "-" "Mozilla/5.0 (Linux; Android 5.0) AppleWebKit/537.36 (KHTML, like Gecko) Mobile Safari/537.36 (compatible; Bytespider; spider-feedback@bytedance.com)"
185.191.171.19 - - [06/Apr/2026:00:23:22 +0200] "GET /nadler-trumps-alleged-misconduct-puts-even-president-nixon-to-shame/ HTTP/1.1" 200 17006 "-" "Mozilla/5.0 (compatible; SemrushBot/7~bl; +http://www.semrush.com/bot.html)"
47.128.40.79 - - [06/Apr/2026:00:23:25 +0200] "GET /?C=S%3BO=A%2Fpage%2F2%2F%2Fpage%2F2%2F%2Fpage%2F3%2F%2Fpage%2F17%2F%2Fpage%2F17%2F%2Fpage%2F17%2F%2Fpage%2F2%2F%2Fpage%2F17%2F%2Fpage%2F17%2F%2Fpage%2F2%2F%2Fpage%2F17%2F%2Fpage%2F3%2F%2Fpage%2F2%2F%2Fpage%2F17%2F%2Fpage%2F17%2F%2Fpage%2F2%2F%2Fpage%2F3%2F%2Fpage%2F17%2F%2Fpage%2F2%2F%2Fpage%2F17%2F%2Fpage%2F3%2F%2Fpage%2F17%2F%2Fpage%2F2%2F%2Fpage%2F17%2F%2Fpage%2F3%2F%2Fpage%2F3%2F%2Fpage%2F3%2F%2Fpage%2F2%2F HTTP/1.1" 301 0 "-" "Mozilla/5.0 (Linux; Android 5.0) AppleWebKit/537.36 (KHTML, like Gecko) Mobile Safari/537.36 (compatible; Bytespider; spider-feedback@bytedance.com)"
47.128.40.79 - - [06/Apr/2026:00:23:34 +0200] "GET /?C=S%3BO%3DA%2Fpage%2F2%2F%2Fpage%2F2%2F%2Fpage%2F3%2F%2Fpage%2F17%2F%2Fpage%2F17%2F%2Fpage%2F17%2F%2Fpage%2F2%2F%2Fpage%2F17%2F%2Fpage%2F17%2F%2Fpage%2F2%2F%2Fpage%2F17%2F%2Fpage%2F3%2F%2Fpage%2F2%2F%2Fpage%2F17%2F%2Fpage%2F17%2F%2Fpage%2F2%2F%2Fpage%2F3%2F%2Fpage%2F17%2F%2Fpage%2F2%2F%2Fpage%2F17%2F%2Fpage%2F3%2F%2Fpage%2F17%2F%2Fpage%2F2%2F%2Fpage%2F17%2F%2Fpage%2F3%2F%2Fpage%2F3%2F%2Fpage%2F3%2F%2Fpage%2F2%2F HTTP/1.1" 200 19378 "-" "Mozilla/5.0 (Linux; Android 5.0) AppleWebKit/537.36 (KHTML, like Gecko) Mobile Safari/537.36 (compatible; Bytespider; spider-feedback@bytedance.com)"
47.128.40.6 - - [06/Apr/2026:00:23:41 +0200] "GET /wp-content/uploads/2018/11/4-1-375x195.jpg HTTP/1.1" 206 500 "https://news365.stream/?C=M%3BO%3DA%2Fpage%2F3%2F%2Fpage%2F2%2F%2Fpage%2F3%2F%2Fpage%2F2%2F%2Fpage%2F2%2F%2Fpage%2F2%2F%2Fpage%2F3%2F%2Fpage%2F3%2F%2Fpage%2F2%2F%2Fpage%2F17%2F%2Fpage%2F3%2F%2Fpage%2F17%2F%2Fpage%2F17%2F%2Fpage%2F3%2F%2Fpage%2F17%2F%2Fpage%2F3%2F%2Fpage%2F2%2F%2Fpage%2F3%2F%2Fpage%2F17%2F%2Fpage%2F17%2F%2Fpage%2F3%2F%2Fpage%2F3%2F%2Fpage%2F2%2F%2Fpage%2F17%2F%2Fpage%2F3%2F" "Mozilla/5.0 (Linux; Android 5.0) AppleWebKit/537.36 (KHTML, like Gecko) Mobile Safari/537.36 (compatible; Bytespider; spider-feedback@bytedance.com)"
47.128.40.6 - - [06/Apr/2026:00:23:42 +0200] "GET /wp-content/uploads/2018/04/903127-375x195.jpg HTTP/1.1" 206 500 "https://news365.stream/?C=M%3BO%3DA%2Fpage%2F3%2F%2Fpage%2F2%2F%2Fpage%2F3%2F%2Fpage%2F2%2F%2Fpage%2F2%2F%2Fpage%2F2%2F%2Fpage%2F3%2F%2Fpage%2F3%2F%2Fpage%2F2%2F%2Fpage%2F17%2F%2Fpage%2F3%2F%2Fpage%2F17%2F%2Fpage%2F17%2F%2Fpage%2F3%2F%2Fpage%2F17%2F%2Fpage%2F3%2F%2Fpage%2F2%2F%2Fpage%2F3%2F%2Fpage%2F17%2F%2Fpage%2F17%2F%2Fpage%2F3%2F%2Fpage%2F3%2F%2Fpage%2F2%2F%2Fpage%2F17%2F%2Fpage%2F3%2F" "Mozilla/5.0 (Linux; Android 5.0) AppleWebKit/537.36 (KHTML, like Gecko) Mobile Safari/537.36 (compatible; Bytespider; spider-feedback@bytedance.com)"
47.128.40.79 - - [06/Apr/2026:00:24:04 +0200] "GET /wp-content/uploads/2018/01/151540801224836-375x195.jpg HTTP/1.1" 206 500 "https://news365.stream/?C=S%3BO%3DA%2Fpage%2F2%2F%2Fpage%2F2%2F%2Fpage%2F3%2F%2Fpage%2F17%2F%2Fpage%2F17%2F%2Fpage%2F17%2F%2Fpage%2F2%2F%2Fpage%2F17%2F%2Fpage%2F17%2F%2Fpage%2F2%2F%2Fpage%2F17%2F%2Fpage%2F3%2F%2Fpage%2F2%2F%2Fpage%2F17%2F%2Fpage%2F17%2F%2Fpage%2F2%2F%2Fpage%2F3%2F%2Fpage%2F17%2F%2Fpage%2F2%2F%2Fpage%2F17%2F%2Fpage%2F3%2F%2Fpage%2F17%2F%2Fpage%2F2%2F%2Fpage%2F17%2F%2Fpage%2F3%2F%2Fpage%2F3%2F%2Fpage%2F3%2F%2Fpage%2F2%2F" "Mozilla/5.0 (Linux; Android 5.0) AppleWebKit/537.36 (KHTML, like Gecko) Mobile Safari/537.36 (compatible; Bytespider; spider-feedback@bytedance.com)"
161.97.137.93 - - [06/Apr/2026:00:24:31 +0200] "POST /wp-cron.php?doing_wp_cron=1775427870.7708659172058105468750 HTTP/1.1" 404 9827 "https://news365.stream/wp-cron.php?doing_wp_cron=1775427870.7708659172058105468750" "WordPress/4.9.26; https://news365.stream"
14.191.231.44 - - [06/Apr/2026:00:24:31 +0200] "GET /tag/america-first/ HTTP/1.1" 200 14904 "-" "Mozilla/5.0 (Macintosh; Intel Mac OS X 13.4; rv:132.0) Gecko/20100101 Firefox/132.0"
185.184.197.236 - - [06/Apr/2026:00:24:55 +0200] "GET /supreme-court-could-force-congress-into-battle-over-dreamers/ HTTP/1.1" 200 17187 "-" "Mozilla/5.0 (compatible; MSIE 5.0; Windows NT 4.0; Trident/5.0)"
72.14.199.229 - - [06/Apr/2026:00:25:19 +0200] "GET /opinion-why-president-trump-cant-pardon-roger-stone/ HTTP/1.1" 200 19024 "-" "Mozilla/5.0 (Macintosh; Intel Mac OS X 10_7_3) AppleWebKit/537.36 (KHTML, like Gecko, Mediapartners-Google) Chrome/146.0.7680.164 Safari/537.36"
72.14.199.229 - - [06/Apr/2026:00:25:19 +0200] "GET /opinion-why-president-trump-cant-pardon-roger-stone/ HTTP/1.1" 200 18765 "-" "Mozilla/5.0 (Linux; Android 4.0.4; Galaxy Nexus Build/IMM76B) AppleWebKit/537.36 (KHTML, like Gecko; Mediapartners-Google) Chrome/146.0.7680.164 Mobile Safari/537.36"
72.14.199.229 - - [06/Apr/2026:00:25:19 +0200] "GET / HTTP/1.1" 200 19241 "-" "Mozilla/5.0 (Macintosh; Intel Mac OS X 10_7_3) AppleWebKit/[WEBKIT_VERSION] (KHTML, like Gecko, Mediapartners-Google) Chrome/[CHROME_VERSION] Safari/[WEBKIT_VERSION]"
72.14.199.229 - - [06/Apr/2026:00:25:20 +0200] "GET /wp-content/uploads/2017/12/news-stream.png HTTP/1.1" 200 3365 "https://news365.stream/opinion-why-president-trump-cant-pardon-roger-stone/" "Mozilla/5.0 (Macintosh; Intel Mac OS X 10_7_3) AppleWebKit/537.36 (KHTML, like Gecko, Mediapartners-Google) Chrome/146.0.7680.164 Safari/537.36"
72.14.199.229 - - [06/Apr/2026:00:25:20 +0200] "GET /wp-content/plugins/quick-adsense-reloaded/assets/js/ads.js HTTP/1.1" 200 76 "https://news365.stream/opinion-why-president-trump-cant-pardon-roger-stone/" "Mozilla/5.0 (Macintosh; Intel Mac OS X 10_7_3) AppleWebKit/537.36 (KHTML, like Gecko, Mediapartners-Google) Chrome/146.0.7680.164 Safari/537.36"
72.14.199.228 - - [06/Apr/2026:00:25:20 +0200] "GET / HTTP/1.1" 200 19241 "-" "Mozilla/5.0 (Linux; Android 4.0.4; Galaxy Nexus Build/IMM76B) AppleWebKit/[WEBKIT_VERSION] (KHTML, like Gecko; Mediapartners-Google) Chrome/[CHROME_VERSION] Mobile Safari/[WEBKIT_VERSION]"
72.14.199.228 - - [06/Apr/2026:00:25:20 +0200] "GET /opinion-why-president-trump-cant-pardon-roger-stone/ HTTP/1.1" 200 18765 "-" "Mozilla/5.0 (Macintosh; Intel Mac OS X 10_7_3) AppleWebKit/[WEBKIT_VERSION] (KHTML, like Gecko, Mediapartners-Google) Chrome/[CHROME_VERSION] Safari/[WEBKIT_VERSION]"
72.14.199.230 - - [06/Apr/2026:00:25:20 +0200] "GET /wp-content/plugins/facebook-button-plugin/css/style.css?ver=4.9.26 HTTP/1.1" 200 268 "https://news365.stream/opinion-why-president-trump-cant-pardon-roger-stone/" "Mozilla/5.0 (Macintosh; Intel Mac OS X 10_7_3) AppleWebKit/537.36 (KHTML, like Gecko, Mediapartners-Google) Chrome/146.0.7680.164 Safari/537.36"
72.14.199.228 - - [06/Apr/2026:00:25:20 +0200] "GET /wp-content/plugins/mashsharer/assets/css/mashsb.min.css?ver=3.7.9 HTTP/1.1" 200 27496 "https://news365.stream/opinion-why-president-trump-cant-pardon-roger-stone/" "Mozilla/5.0 (Macintosh; Intel Mac OS X 10_7_3) AppleWebKit/537.36 (KHTML, like Gecko, Mediapartners-Google) Chrome/146.0.7680.164 Safari/537.36"
72.14.199.228 - - [06/Apr/2026:00:25:20 +0200] "GET /wp-includes/js/jquery/jquery.js?ver=1.12.4 HTTP/1.1" 200 32878 "https://news365.stream/opinion-why-president-trump-cant-pardon-roger-stone/" "Mozilla/5.0 (Macintosh; Intel Mac OS X 10_7_3) AppleWebKit/537.36 (KHTML, like Gecko, Mediapartners-Google) Chrome/146.0.7680.164 Safari/537.36"
72.14.199.230 - - [06/Apr/2026:00:25:20 +0200] "GET /wp-content/plugins/mashsharer/assets/js/mashsb.min.js?ver=3.7.9 HTTP/1.1" 200 1384 "https://news365.stream/opinion-why-president-trump-cant-pardon-roger-stone/" "Mozilla/5.0 (Macintosh; Intel Mac OS X 10_7_3) AppleWebKit/537.36 (KHTML, like Gecko, Mediapartners-Google) Chrome/146.0.7680.164 Safari/537.36"
72.14.199.230 - - [06/Apr/2026:00:25:20 +0200] "GET /wp-includes/js/jquery/jquery-migrate.min.js?ver=1.4.1 HTTP/1.1" 200 3836 "https://news365.stream/opinion-why-president-trump-cant-pardon-roger-stone/" "Mozilla/5.0 (Macintosh; Intel Mac OS X 10_7_3) AppleWebKit/537.36 (KHTML, like Gecko, Mediapartners-Google) Chrome/146.0.7680.164 Safari/537.36"
72.14.199.228 - - [06/Apr/2026:00:25:20 +0200] "GET /wp-content/themes/voice/css/min.css?ver=2.4.1 HTTP/1.1" 200 27607 "https://news365.stream/opinion-why-president-trump-cant-pardon-roger-stone/" "Mozilla/5.0 (Macintosh; Intel Mac OS X 10_7_3) AppleWebKit/537.36 (KHTML, like Gecko, Mediapartners-Google) Chrome/146.0.7680.164 Safari/537.36"
72.14.199.229 - - [06/Apr/2026:00:25:20 +0200] "GET /wp-content/plugins/facebook-button-plugin/css/style.css?ver=4.9.26 HTTP/1.1" 200 268 "https://news365.stream/opinion-why-president-trump-cant-pardon-roger-stone/" "Mozilla/5.0 (Linux; Android 4.0.4; Galaxy Nexus Build/IMM76B) AppleWebKit/537.36 (KHTML, like Gecko; Mediapartners-Google) Chrome/146.0.7680.164 Mobile Safari/537.36"
72.14.199.228 - - [06/Apr/2026:00:25:20 +0200] "GET /wp-includes/js/jquery/jquery-migrate.min.js?ver=1.4.1 HTTP/1.1" 200 3836 "https://news365.stream/opinion-why-president-trump-cant-pardon-roger-stone/" "Mozilla/5.0 (Linux; Android 4.0.4; Galaxy Nexus Build/IMM76B) AppleWebKit/537.36 (KHTML, like Gecko; Mediapartners-Google) Chrome/146.0.7680.164 Mobile Safari/537.36"
72.14.199.229 - - [06/Apr/2026:00:25:20 +0200] "GET /wp-includes/js/jquery/jquery.js?ver=1.12.4 HTTP/1.1" 200 32878 "https://news365.stream/opinion-why-president-trump-cant-pardon-roger-stone/" "Mozilla/5.0 (Linux; Android 4.0.4; Galaxy Nexus Build/IMM76B) AppleWebKit/537.36 (KHTML, like Gecko; Mediapartners-Google) Chrome/146.0.7680.164 Mobile Safari/537.36"
72.14.199.230 - - [06/Apr/2026:00:25:20 +0200] "GET /wp-content/themes/voice/css/min.css?ver=2.4.1 HTTP/1.1" 200 27607 "https://news365.stream/opinion-why-president-trump-cant-pardon-roger-stone/" "Mozilla/5.0 (Linux; Android 4.0.4; Galaxy Nexus Build/IMM76B) AppleWebKit/537.36 (KHTML, like Gecko; Mediapartners-Google) Chrome/146.0.7680.164 Mobile Safari/537.36"
72.14.199.230 - - [06/Apr/2026:00:25:20 +0200] "GET /wp-content/plugins/quick-adsense-reloaded/assets/js/ads.js HTTP/1.1" 200 76 "https://news365.stream/opinion-why-president-trump-cant-pardon-roger-stone/" "Mozilla/5.0 (Linux; Android 4.0.4; Galaxy Nexus Build/IMM76B) AppleWebKit/537.36 (KHTML, like Gecko; Mediapartners-Google) Chrome/146.0.7680.164 Mobile Safari/537.36"
72.14.199.230 - - [06/Apr/2026:00:25:20 +0200] "GET /wp-content/plugins/mashsharer/assets/css/mashsb.min.css?ver=3.7.9 HTTP/1.1" 200 27496 "https://news365.stream/opinion-why-president-trump-cant-pardon-roger-stone/" "Mozilla/5.0 (Linux; Android 4.0.4; Galaxy Nexus Build/IMM76B) AppleWebKit/537.36 (KHTML, like Gecko; Mediapartners-Google) Chrome/146.0.7680.164 Mobile Safari/537.36"
72.14.199.228 - - [06/Apr/2026:00:25:20 +0200] "GET /wp-content/uploads/2017/12/news-stream.png HTTP/1.1" 200 3365 "https://news365.stream/opinion-why-president-trump-cant-pardon-roger-stone/" "Mozilla/5.0 (Linux; Android 4.0.4; Galaxy Nexus Build/IMM76B) AppleWebKit/537.36 (KHTML, like Gecko; Mediapartners-Google) Chrome/146.0.7680.164 Mobile Safari/537.36"
72.14.199.230 - - [06/Apr/2026:00:25:20 +0200] "GET /wp-content/plugins/mashsharer/assets/js/mashsb.min.js?ver=3.7.9 HTTP/1.1" 200 1384 "https://news365.stream/opinion-why-president-trump-cant-pardon-roger-stone/" "Mozilla/5.0 (Linux; Android 4.0.4; Galaxy Nexus Build/IMM76B) AppleWebKit/537.36 (KHTML, like Gecko; Mediapartners-Google) Chrome/146.0.7680.164 Mobile Safari/537.36"
72.14.199.228 - - [06/Apr/2026:00:25:20 +0200] "GET /opinion-why-president-trump-cant-pardon-roger-stone/ HTTP/1.1" 200 18765 "-" "Mozilla/5.0 (Linux; Android 4.0.4; Galaxy Nexus Build/IMM76B) AppleWebKit/[WEBKIT_VERSION] (KHTML, like Gecko; Mediapartners-Google) Chrome/[CHROME_VERSION] Mobile Safari/[WEBKIT_VERSION]"
72.14.199.229 - - [06/Apr/2026:00:25:20 +0200] "GET /wp-content/uploads/2020/02/bernie-and-dems-brace-for-superdelegate-showdown-375x195.jpg HTTP/1.1" 200 16407 "https://news365.stream/opinion-why-president-trump-cant-pardon-roger-stone/" "Mozilla/5.0 (Macintosh; Intel Mac OS X 10_7_3) AppleWebKit/537.36 (KHTML, like Gecko, Mediapartners-Google) Chrome/146.0.7680.164 Safari/537.36"
72.14.199.230 - - [06/Apr/2026:00:25:20 +0200] "GET /wp-content/uploads/2020/02/opinion-why-president-trump-cant-pardon-roger-stone.jpg HTTP/1.1" 200 188428 "https://news365.stream/opinion-why-president-trump-cant-pardon-roger-stone/" "Mozilla/5.0 (Macintosh; Intel Mac OS X 10_7_3) AppleWebKit/537.36 (KHTML, like Gecko, Mediapartners-Google) Chrome/146.0.7680.164 Safari/537.36"
72.14.199.229 - - [06/Apr/2026:00:25:20 +0200] "GET /wp-content/uploads/2020/02/opinion-why-president-trump-cant-pardon-roger-stone.jpg HTTP/1.1" 200 188428 "https://news365.stream/opinion-why-president-trump-cant-pardon-roger-stone/" "Mozilla/5.0 (Linux; Android 4.0.4; Galaxy Nexus Build/IMM76B) AppleWebKit/537.36 (KHTML, like Gecko; Mediapartners-Google) Chrome/146.0.7680.164 Mobile Safari/537.36"
72.14.199.228 - - [06/Apr/2026:00:25:20 +0200] "GET /wp-content/uploads/2020/02/bernie-and-dems-brace-for-superdelegate-showdown-375x195.jpg HTTP/1.1" 200 16407 "https://news365.stream/opinion-why-president-trump-cant-pardon-roger-stone/" "Mozilla/5.0 (Linux; Android 4.0.4; Galaxy Nexus Build/IMM76B) AppleWebKit/537.36 (KHTML, like Gecko; Mediapartners-Google) Chrome/146.0.7680.164 Mobile Safari/537.36"
72.14.199.229 - - [06/Apr/2026:00:25:20 +0200] "GET /wp-content/themes/voice/js/min.js?ver=2.4.1 HTTP/1.1" 200 27019 "https://news365.stream/opinion-why-president-trump-cant-pardon-roger-stone/" "Mozilla/5.0 (Macintosh; Intel Mac OS X 10_7_3) AppleWebKit/537.36 (KHTML, like Gecko, Mediapartners-Google) Chrome/146.0.7680.164 Safari/537.36"
72.14.199.230 - - [06/Apr/2026:00:25:20 +0200] "GET /wp-includes/js/wp-embed.min.js?ver=4.9.26 HTTP/1.1" 200 690 "https://news365.stream/opinion-why-president-trump-cant-pardon-roger-stone/" "Mozilla/5.0 (Macintosh; Intel Mac OS X 10_7_3) AppleWebKit/537.36 (KHTML, like Gecko, Mediapartners-Google) Chrome/146.0.7680.164 Safari/537.36"
72.14.199.228 - - [06/Apr/2026:00:25:20 +0200] "GET /wp-content/uploads/2018/06/main_1427543597-145x100.jpg HTTP/1.1" 200 6043 "https://news365.stream/opinion-why-president-trump-cant-pardon-roger-stone/" "Mozilla/5.0 (Macintosh; Intel Mac OS X 10_7_3) AppleWebKit/537.36 (KHTML, like Gecko, Mediapartners-Google) Chrome/146.0.7680.164 Safari/537.36"
72.14.199.229 - - [06/Apr/2026:00:25:20 +0200] "GET /wp-content/uploads/2018/03/sss-145x100.jpg HTTP/1.1" 200 5124 "https://news365.stream/opinion-why-president-trump-cant-pardon-roger-stone/" "Mozilla/5.0 (Macintosh; Intel Mac OS X 10_7_3) AppleWebKit/537.36 (KHTML, like Gecko, Mediapartners-Google) Chrome/146.0.7680.164 Safari/537.36"
72.14.199.229 - - [06/Apr/2026:00:25:20 +0200] "GET /wp-content/uploads/2018/12/php6thauu_800x_-145x100.jpg HTTP/1.1" 200 4775 "https://news365.stream/opinion-why-president-trump-cant-pardon-roger-stone/" "Mozilla/5.0 (Macintosh; Intel Mac OS X 10_7_3) AppleWebKit/537.36 (KHTML, like Gecko, Mediapartners-Google) Chrome/146.0.7680.164 Safari/537.36"
72.14.199.230 - - [06/Apr/2026:00:25:20 +0200] "GET /wp-content/uploads/2018/01/660_a76d6178b81af8b2a2c2ce72072b3089-145x100.jpg HTTP/1.1" 200 4727 "https://news365.stream/opinion-why-president-trump-cant-pardon-roger-stone/" "Mozilla/5.0 (Macintosh; Intel Mac OS X 10_7_3) AppleWebKit/537.36 (KHTML, like Gecko, Mediapartners-Google) Chrome/146.0.7680.164 Safari/537.36"
72.14.199.228 - - [06/Apr/2026:00:25:20 +0200] "GET /wp-content/uploads/2018/09/31384213_1904536489581222_9149634509130000938_n-145x100.jpg HTTP/1.1" 200 7189 "https://news365.stream/opinion-why-president-trump-cant-pardon-roger-stone/" "Mozilla/5.0 (Macintosh; Intel Mac OS X 10_7_3) AppleWebKit/537.36 (KHTML, like Gecko, Mediapartners-Google) Chrome/146.0.7680.164 Safari/537.36"
72.14.199.228 - - [06/Apr/2026:00:25:20 +0200] "GET /wp-includes/js/wp-emoji-release.min.js?ver=4.9.26 HTTP/1.1" 200 4066 "https://news365.stream/opinion-why-president-trump-cant-pardon-roger-stone/" "Mozilla/5.0 (Macintosh; Intel Mac OS X 10_7_3) AppleWebKit/537.36 (KHTML, like Gecko, Mediapartners-Google) Chrome/146.0.7680.164 Safari/537.36"
72.14.199.230 - - [06/Apr/2026:00:25:20 +0200] "GET /wp-content/uploads/2020/09/inside-the-nearly-audience-free-presidential-debate-145x100.jpg HTTP/1.1" 200 5171 "https://news365.stream/opinion-why-president-trump-cant-pardon-roger-stone/" "Mozilla/5.0 (Macintosh; Intel Mac OS X 10_7_3) AppleWebKit/537.36 (KHTML, like Gecko, Mediapartners-Google) Chrome/146.0.7680.164 Safari/537.36"
72.14.199.230 - - [06/Apr/2026:00:25:20 +0200] "GET /grenell-moving-to-declassify-flynn-kislyak-transcripts/ HTTP/1.1" 200 17749 "-" "Mozilla/5.0 (Linux; Android 4.0.4; Galaxy Nexus Build/IMM76B) AppleWebKit/[WEBKIT_VERSION] (KHTML, like Gecko; Mediapartners-Google) Chrome/[CHROME_VERSION] Mobile Safari/[WEBKIT_VERSION]"
72.14.199.228 - - [06/Apr/2026:00:25:20 +0200] "GET /wp-content/uploads/2018/09/phpmwxiw8_800x_-145x100.jpg HTTP/1.1" 200 5505 "https://news365.stream/opinion-why-president-trump-cant-pardon-roger-stone/" "Mozilla/5.0 (Macintosh; Intel Mac OS X 10_7_3) AppleWebKit/537.36 (KHTML, like Gecko, Mediapartners-Google) Chrome/146.0.7680.164 Safari/537.36"
72.14.199.229 - - [06/Apr/2026:00:25:20 +0200] "GET /fears-of-canadian-condom-shortage-mask-covid-19s-real-sexual-health-crisis/ HTTP/1.1" 200 17837 "-" "Mozilla/5.0 (Macintosh; Intel Mac OS X 10_7_3) AppleWebKit/[WEBKIT_VERSION] (KHTML, like Gecko, Mediapartners-Google) Chrome/[CHROME_VERSION] Safari/[WEBKIT_VERSION]"
72.14.199.228 - - [06/Apr/2026:00:25:20 +0200] "GET /wp-content/uploads/2022/01/angel-djambazki-news-stream-365-380x260.jpg HTTP/1.1" 200 32957 "https://news365.stream/opinion-why-president-trump-cant-pardon-roger-stone/" "Mozilla/5.0 (Macintosh; Intel Mac OS X 10_7_3) AppleWebKit/537.36 (KHTML, like Gecko, Mediapartners-Google) Chrome/146.0.7680.164 Safari/537.36"
72.14.199.228 - - [06/Apr/2026:00:25:20 +0200] "GET /wp-content/uploads/2024/01/imoti-pensii-145x100.jpg HTTP/1.1" 200 5979 "https://news365.stream/opinion-why-president-trump-cant-pardon-roger-stone/" "Mozilla/5.0 (Macintosh; Intel Mac OS X 10_7_3) AppleWebKit/537.36 (KHTML, like Gecko, Mediapartners-Google) Chrome/146.0.7680.164 Safari/537.36"
72.14.199.229 - - [06/Apr/2026:00:25:20 +0200] "GET /wp-content/uploads/2024/01/imoti-pensii-380x260.jpg HTTP/1.1" 200 24061 "https://news365.stream/opinion-why-president-trump-cant-pardon-roger-stone/" "Mozilla/5.0 (Macintosh; Intel Mac OS X 10_7_3) AppleWebKit/537.36 (KHTML, like Gecko, Mediapartners-Google) Chrome/146.0.7680.164 Safari/537.36"
72.14.199.228 - - [06/Apr/2026:00:25:20 +0200] "GET /wp-content/uploads/2021/10/ngc-bg-145x100.jpg HTTP/1.1" 200 4230 "https://news365.stream/opinion-why-president-trump-cant-pardon-roger-stone/" "Mozilla/5.0 (Macintosh; Intel Mac OS X 10_7_3) AppleWebKit/537.36 (KHTML, like Gecko, Mediapartners-Google) Chrome/146.0.7680.164 Safari/537.36"
72.14.199.228 - - [06/Apr/2026:00:25:20 +0200] "GET /wp-content/uploads/2024/01/imoti-pensii-380x260.jpg HTTP/1.1" 200 24061 "https://news365.stream/opinion-why-president-trump-cant-pardon-roger-stone/" "Mozilla/5.0 (Linux; Android 4.0.4; Galaxy Nexus Build/IMM76B) AppleWebKit/537.36 (KHTML, like Gecko; Mediapartners-Google) Chrome/146.0.7680.164 Mobile Safari/537.36"
72.14.199.230 - - [06/Apr/2026:00:25:20 +0200] "GET /wp-content/uploads/2021/09/242283731_401477424744311_2560566008096065790_n-145x100.jpg HTTP/1.1" 200 8046 "https://news365.stream/opinion-why-president-trump-cant-pardon-roger-stone/" "Mozilla/5.0 (Macintosh; Intel Mac OS X 10_7_3) AppleWebKit/537.36 (KHTML, like Gecko, Mediapartners-Google) Chrome/146.0.7680.164 Safari/537.36"
72.14.199.230 - - [06/Apr/2026:00:25:20 +0200] "GET /wp-content/uploads/2018/04/%D1%81%D0%B2%D0%B0%D0%BB%D0%B8-145x100.jpg HTTP/1.1" 200 5689 "https://news365.stream/opinion-why-president-trump-cant-pardon-roger-stone/" "Mozilla/5.0 (Macintosh; Intel Mac OS X 10_7_3) AppleWebKit/537.36 (KHTML, like Gecko, Mediapartners-Google) Chrome/146.0.7680.164 Safari/537.36"
72.14.199.228 - - [06/Apr/2026:00:25:20 +0200] "GET /pandemic-scrambles-house-democrats-election-year-agenda/ HTTP/1.1" 200 16833 "-" "Mozilla/5.0 (Linux; Android 4.0.4; Galaxy Nexus Build/IMM76B) AppleWebKit/[WEBKIT_VERSION] (KHTML, like Gecko; Mediapartners-Google) Chrome/[CHROME_VERSION] Mobile Safari/[WEBKIT_VERSION]"
72.14.199.230 - - [06/Apr/2026:00:25:20 +0200] "GET /wp-content/uploads/2019/01/64259AB2-6462-49AF-9537-508CE941C692-750x430-145x100.jpeg HTTP/1.1" 200 7781 "https://news365.stream/opinion-why-president-trump-cant-pardon-roger-stone/" "Mozilla/5.0 (Macintosh; Intel Mac OS X 10_7_3) AppleWebKit/537.36 (KHTML, like Gecko, Mediapartners-Google) Chrome/146.0.7680.164 Safari/537.36"
72.14.199.229 - - [06/Apr/2026:00:25:21 +0200] "GET /wp-content/uploads/2022/07/stefan-proynov-380x260.jpg HTTP/1.1" 200 25550 "https://news365.stream/opinion-why-president-trump-cant-pardon-roger-stone/" "Mozilla/5.0 (Linux; Android 4.0.4; Galaxy Nexus Build/IMM76B) AppleWebKit/537.36 (KHTML, like Gecko; Mediapartners-Google) Chrome/146.0.7680.164 Mobile Safari/537.36"
72.14.199.230 - - [06/Apr/2026:00:25:21 +0200] "GET /grenell-moving-to-declassify-flynn-kislyak-transcripts/ HTTP/1.1" 200 17749 "-" "Mozilla/5.0 (Macintosh; Intel Mac OS X 10_7_3) AppleWebKit/[WEBKIT_VERSION] (KHTML, like Gecko, Mediapartners-Google) Chrome/[CHROME_VERSION] Safari/[WEBKIT_VERSION]"
72.14.199.230 - - [06/Apr/2026:00:25:21 +0200] "GET /pandemic-scrambles-house-democrats-election-year-agenda/ HTTP/1.1" 200 16882 "-" "Mozilla/5.0 (Macintosh; Intel Mac OS X 10_7_3) AppleWebKit/[WEBKIT_VERSION] (KHTML, like Gecko, Mediapartners-Google) Chrome/[CHROME_VERSION] Safari/[WEBKIT_VERSION]"
72.14.199.230 - - [06/Apr/2026:00:25:21 +0200] "GET /wp-content/uploads/2018/01/5503026-380x260.jpg HTTP/1.1" 200 17956 "https://news365.stream/opinion-why-president-trump-cant-pardon-roger-stone/" "Mozilla/5.0 (Linux; Android 4.0.4; Galaxy Nexus Build/IMM76B) AppleWebKit/537.36 (KHTML, like Gecko; Mediapartners-Google) Chrome/146.0.7680.164 Mobile Safari/537.36"
72.14.199.230 - - [06/Apr/2026:00:25:21 +0200] "GET /wp-content/uploads/2018/03/0000257918-article3-380x260.jpg HTTP/1.1" 200 22714 "https://news365.stream/opinion-why-president-trump-cant-pardon-roger-stone/" "Mozilla/5.0 (Linux; Android 4.0.4; Galaxy Nexus Build/IMM76B) AppleWebKit/537.36 (KHTML, like Gecko; Mediapartners-Google) Chrome/146.0.7680.164 Mobile Safari/537.36"
72.14.199.228 - - [06/Apr/2026:00:25:21 +0200] "GET /wp-content/themes/voice/css/fonts/fontawesome-webfont.woff2?v=4.6.3 HTTP/1.1" 200 71896 "https://news365.stream/wp-content/themes/voice/css/min.css?ver=2.4.1" "Mozilla/5.0 (Linux; Android 4.0.4; Galaxy Nexus Build/IMM76B) AppleWebKit/537.36 (KHTML, like Gecko; Mediapartners-Google) Chrome/146.0.7680.164 Mobile Safari/537.36"
72.14.199.229 - - [06/Apr/2026:00:25:21 +0200] "GET /wp-content/uploads/2022/07/stefan-proynov-145x100.jpg HTTP/1.1" 200 5727 "https://news365.stream/opinion-why-president-trump-cant-pardon-roger-stone/" "Mozilla/5.0 (Macintosh; Intel Mac OS X 10_7_3) AppleWebKit/537.36 (KHTML, like Gecko, Mediapartners-Google) Chrome/146.0.7680.164 Safari/537.36"
72.14.199.229 - - [06/Apr/2026:00:25:21 +0200] "GET /wp-content/uploads/2024/01/ayto-ghj-380x260.jpg HTTP/1.1" 200 26097 "https://news365.stream/opinion-why-president-trump-cant-pardon-roger-stone/" "Mozilla/5.0 (Macintosh; Intel Mac OS X 10_7_3) AppleWebKit/537.36 (KHTML, like Gecko, Mediapartners-Google) Chrome/146.0.7680.164 Safari/537.36"
72.14.199.229 - - [06/Apr/2026:00:25:21 +0200] "GET /wp-content/uploads/2022/02/stefan-proynov-gold-coins-380x260.jpg HTTP/1.1" 200 29025 "https://news365.stream/opinion-why-president-trump-cant-pardon-roger-stone/" "Mozilla/5.0 (Macintosh; Intel Mac OS X 10_7_3) AppleWebKit/537.36 (KHTML, like Gecko, Mediapartners-Google) Chrome/146.0.7680.164 Safari/537.36"
