47.128.40.79 - - [05/Apr/2026:17:19:32 +0200] "GET /?C=M%3BO%3DA%2Fpage%2F2%2F%2Fpage%2F2%2F%2Fpage%2F17%2F%2Fpage%2F17%2F%2Fpage%2F17%2F%2Fpage%2F17%2F%2Fpage%2F3%2F%2Fpage%2F3%2F%2Fpage%2F2%2F%2Fpage%2F3%2F%2Fpage%2F17%2F%2Fpage%2F3%2F%2Fpage%2F2%2F%2Fpage%2F3%2F%2Fpage%2F17%2F%2Fpage%2F3%2F%2Fpage%2F17%2F%2Fpage%2F17%2F%2Fpage%2F2%2F%2Fpage%2F2%2F HTTP/1.1" 200 19660 "-" "Mozilla/5.0 (Linux; Android 5.0) AppleWebKit/537.36 (KHTML, like Gecko) Mobile Safari/537.36 (compatible; Bytespider; spider-feedback@bytedance.com)"
47.128.40.79 - - [05/Apr/2026:17:19:44 +0200] "GET /wp-content/uploads/2019/01/64259AB2-6462-49AF-9537-508CE941C692-750x430-375x195.jpeg HTTP/1.1" 206 500 "https://news365.stream/?C=M%3BO%3DA%2Fpage%2F2%2F%2Fpage%2F2%2F%2Fpage%2F17%2F%2Fpage%2F17%2F%2Fpage%2F17%2F%2Fpage%2F17%2F%2Fpage%2F3%2F%2Fpage%2F3%2F%2Fpage%2F2%2F%2Fpage%2F3%2F%2Fpage%2F17%2F%2Fpage%2F3%2F%2Fpage%2F2%2F%2Fpage%2F3%2F%2Fpage%2F17%2F%2Fpage%2F3%2F%2Fpage%2F17%2F%2Fpage%2F17%2F%2Fpage%2F2%2F%2Fpage%2F2%2F" "Mozilla/5.0 (Linux; Android 5.0) AppleWebKit/537.36 (KHTML, like Gecko) Mobile Safari/537.36 (compatible; Bytespider; spider-feedback@bytedance.com)"
47.128.40.79 - - [05/Apr/2026:17:19:49 +0200] "GET /wp-content/uploads/2018/06/655-402-bylgariia-karta-145x100.jpg HTTP/1.1" 206 500 "https://news365.stream/?C=M%3BO%3DA%2Fpage%2F2%2F%2Fpage%2F2%2F%2Fpage%2F17%2F%2Fpage%2F17%2F%2Fpage%2F17%2F%2Fpage%2F17%2F%2Fpage%2F3%2F%2Fpage%2F3%2F%2Fpage%2F2%2F%2Fpage%2F3%2F%2Fpage%2F17%2F%2Fpage%2F3%2F%2Fpage%2F2%2F%2Fpage%2F3%2F%2Fpage%2F17%2F%2Fpage%2F3%2F%2Fpage%2F17%2F%2Fpage%2F17%2F%2Fpage%2F2%2F%2Fpage%2F2%2F" "Mozilla/5.0 (Linux; Android 5.0) AppleWebKit/537.36 (KHTML, like Gecko) Mobile Safari/537.36 (compatible; Bytespider; spider-feedback@bytedance.com)"
47.128.40.79 - - [05/Apr/2026:17:19:50 +0200] "GET /wp-content/uploads/2018/06/liberty_statue-145x100.jpg HTTP/1.1" 206 500 "https://news365.stream/?C=M%3BO%3DA%2Fpage%2F2%2F%2Fpage%2F2%2F%2Fpage%2F17%2F%2Fpage%2F17%2F%2Fpage%2F17%2F%2Fpage%2F17%2F%2Fpage%2F3%2F%2Fpage%2F3%2F%2Fpage%2F2%2F%2Fpage%2F3%2F%2Fpage%2F17%2F%2Fpage%2F3%2F%2Fpage%2F2%2F%2Fpage%2F3%2F%2Fpage%2F17%2F%2Fpage%2F3%2F%2Fpage%2F17%2F%2Fpage%2F17%2F%2Fpage%2F2%2F%2Fpage%2F2%2F" "Mozilla/5.0 (Linux; Android 5.0) AppleWebKit/537.36 (KHTML, like Gecko) Mobile Safari/537.36 (compatible; Bytespider; spider-feedback@bytedance.com)"
47.128.40.79 - - [05/Apr/2026:17:19:50 +0200] "GET /wp-content/uploads/2018/06/krasimir-new1-145x100.jpg HTTP/1.1" 206 500 "https://news365.stream/?C=M%3BO%3DA%2Fpage%2F2%2F%2Fpage%2F2%2F%2Fpage%2F17%2F%2Fpage%2F17%2F%2Fpage%2F17%2F%2Fpage%2F17%2F%2Fpage%2F3%2F%2Fpage%2F3%2F%2Fpage%2F2%2F%2Fpage%2F3%2F%2Fpage%2F17%2F%2Fpage%2F3%2F%2Fpage%2F2%2F%2Fpage%2F3%2F%2Fpage%2F17%2F%2Fpage%2F3%2F%2Fpage%2F17%2F%2Fpage%2F17%2F%2Fpage%2F2%2F%2Fpage%2F2%2F" "Mozilla/5.0 (Linux; Android 5.0) AppleWebKit/537.36 (KHTML, like Gecko) Mobile Safari/537.36 (compatible; Bytespider; spider-feedback@bytedance.com)"
198.244.183.106 - - [05/Apr/2026:17:20:16 +0200] "GET /category/us-news/ HTTP/1.1" 200 13197 "-" "Mozilla/5.0 (compatible; AhrefsBot/7.0; +http://ahrefs.com/robot/)"
161.97.137.93 - - [05/Apr/2026:17:21:12 +0200] "POST /wp-cron.php?doing_wp_cron=1775402471.5968840122222900390625 HTTP/1.1" 404 9919 "https://news365.stream/wp-cron.php?doing_wp_cron=1775402471.5968840122222900390625" "WordPress/4.9.26; https://news365.stream"
185.191.171.14 - - [05/Apr/2026:17:21:12 +0200] "GET /can-america-benefit-from-covid-ask-14th-century-florence/ HTTP/1.1" 200 22052 "-" "Mozilla/5.0 (compatible; SemrushBot/7~bl; +http://www.semrush.com/bot.html)"
198.244.240.173 - - [05/Apr/2026:17:22:35 +0200] "GET /wp-content/uploads/2018/07/Hemp-oil-protocol-145x100.jpg HTTP/1.1" 200 3855 "-" "Mozilla/5.0 (compatible; AhrefsBot/7.0; +http://ahrefs.com/robot/)"
47.128.40.82 - - [05/Apr/2026:17:23:22 +0200] "GET /?C=S%3BO=A%2Fpage%2F17%2F%2Fpage%2F2%2F%2Fpage%2F3%2F%2Fpage%2F17%2F%2Fpage%2F17%2F%2Fpage%2F2%2F%2Fpage%2F17%2F%2Fpage%2F17%2F%2Fpage%2F2%2F%2Fpage%2F3%2F%2Fpage%2F17%2F%2Fpage%2F3%2F%2Fpage%2F3%2F%2Fpage%2F2%2F%2Fpage%2F2%2F%2Fpage%2F3%2F%2Fpage%2F3%2F%2Fpage%2F17%2F%2Fpage%2F2%2F%2Fpage%2F3%2F%2Fpage%2F3%2F HTTP/1.1" 301 0 "-" "Mozilla/5.0 (compatible; Bytespider; spider-feedback@bytedance.com) AppleWebKit/537.36 (KHTML, like Gecko) Chrome/70.0.0.0 Safari/537.36"
47.128.40.82 - - [05/Apr/2026:17:23:25 +0200] "GET /?C=S%3BO%3DA%2Fpage%2F17%2F%2Fpage%2F2%2F%2Fpage%2F3%2F%2Fpage%2F17%2F%2Fpage%2F17%2F%2Fpage%2F2%2F%2Fpage%2F17%2F%2Fpage%2F17%2F%2Fpage%2F2%2F%2Fpage%2F3%2F%2Fpage%2F17%2F%2Fpage%2F3%2F%2Fpage%2F3%2F%2Fpage%2F2%2F%2Fpage%2F2%2F%2Fpage%2F3%2F%2Fpage%2F3%2F%2Fpage%2F17%2F%2Fpage%2F2%2F%2Fpage%2F3%2F%2Fpage%2F3%2F HTTP/1.1" 200 19100 "-" "Mozilla/5.0 (compatible; Bytespider; spider-feedback@bytedance.com) AppleWebKit/537.36 (KHTML, like Gecko) Chrome/70.0.0.0 Safari/537.36"
47.128.40.82 - - [05/Apr/2026:17:23:41 +0200] "GET /wp-content/uploads/2018/02/fd2de3fdd2ea94724dca9276a9df434d-145x100.jpg HTTP/1.1" 206 500 "https://news365.stream/?C=S%3BO%3DA%2Fpage%2F17%2F%2Fpage%2F2%2F%2Fpage%2F3%2F%2Fpage%2F17%2F%2Fpage%2F17%2F%2Fpage%2F2%2F%2Fpage%2F17%2F%2Fpage%2F17%2F%2Fpage%2F2%2F%2Fpage%2F3%2F%2Fpage%2F17%2F%2Fpage%2F3%2F%2Fpage%2F3%2F%2Fpage%2F2%2F%2Fpage%2F2%2F%2Fpage%2F3%2F%2Fpage%2F3%2F%2Fpage%2F17%2F%2Fpage%2F2%2F%2Fpage%2F3%2F%2Fpage%2F3%2F" "Mozilla/5.0 (compatible; Bytespider; spider-feedback@bytedance.com) AppleWebKit/537.36 (KHTML, like Gecko) Chrome/70.0.0.0 Safari/537.36"
85.208.96.204 - - [05/Apr/2026:17:24:08 +0200] "GET /british-trade-talks-with-u-s-begin-tuesday/ HTTP/1.1" 200 17615 "-" "Mozilla/5.0 (compatible; SemrushBot/7~bl; +http://www.semrush.com/bot.html)"
161.97.137.93 - - [05/Apr/2026:17:25:40 +0200] "POST /wp-cron.php?doing_wp_cron=1775402739.4966299533843994140625 HTTP/1.1" 404 9814 "https://news365.stream/wp-cron.php?doing_wp_cron=1775402739.4966299533843994140625" "WordPress/4.9.26; https://news365.stream"
85.208.96.206 - - [05/Apr/2026:17:25:40 +0200] "GET /tina-smith-calls-trump-admins-abortion-rules-creepy-flat-wrong/ HTTP/1.1" 200 18755 "-" "Mozilla/5.0 (compatible; SemrushBot/7~bl; +http://www.semrush.com/bot.html)"
161.97.137.93 - - [05/Apr/2026:17:27:07 +0200] "POST /wp-cron.php?doing_wp_cron=1775402826.5895829200744628906250 HTTP/1.1" 404 9882 "https://news365.stream/wp-cron.php?doing_wp_cron=1775402826.5895829200744628906250" "WordPress/4.9.26; https://news365.stream"
185.191.171.3 - - [05/Apr/2026:17:27:07 +0200] "GET /video-kamala-harris-says-trumps-twitter-account-suspended/ HTTP/1.1" 200 18487 "-" "Mozilla/5.0 (compatible; SemrushBot/7~bl; +http://www.semrush.com/bot.html)"
47.128.40.235 - - [05/Apr/2026:17:27:17 +0200] "GET /?C=M%3BO=A%2Fpage%2F2%2F%2Fpage%2F2%2F%2Fpage%2F2%2F%2Fpage%2F3%2F%2Fpage%2F2%2F%2Fpage%2F3%2F%2Fpage%2F17%2F%2Fpage%2F3%2F%2Fpage%2F3%2F%2Fpage%2F3%2F%2Fpage%2F3%2F%2Fpage%2F17%2F%2Fpage%2F3%2F%2Fpage%2F2%2F%2Fpage%2F2%2F%2Fpage%2F2%2F%2Fpage%2F2%2F%2Fpage%2F2%2F%2Fpage%2F2%2F%2Fpage%2F17%2F%2Fpage%2F2%2F%2Fpage%2F17%2F%2Fpage%2F2%2F%2Fpage%2F2%2F%2Fpage%2F17%2F%2Fpage%2F2%2F%2Fpage%2F3%2F%2Fpage%2F3%2F HTTP/1.1" 301 0 "-" "Mozilla/5.0 (compatible; Bytespider; spider-feedback@bytedance.com) AppleWebKit/537.36 (KHTML, like Gecko) Chrome/70.0.0.0 Safari/537.36"
47.128.40.235 - - [05/Apr/2026:17:27:20 +0200] "GET /?C=M%3BO%3DA%2Fpage%2F2%2F%2Fpage%2F2%2F%2Fpage%2F2%2F%2Fpage%2F3%2F%2Fpage%2F2%2F%2Fpage%2F3%2F%2Fpage%2F17%2F%2Fpage%2F3%2F%2Fpage%2F3%2F%2Fpage%2F3%2F%2Fpage%2F3%2F%2Fpage%2F17%2F%2Fpage%2F3%2F%2Fpage%2F2%2F%2Fpage%2F2%2F%2Fpage%2F2%2F%2Fpage%2F2%2F%2Fpage%2F2%2F%2Fpage%2F2%2F%2Fpage%2F17%2F%2Fpage%2F2%2F%2Fpage%2F17%2F%2Fpage%2F2%2F%2Fpage%2F2%2F%2Fpage%2F17%2F%2Fpage%2F2%2F%2Fpage%2F3%2F%2Fpage%2F3%2F HTTP/1.1" 200 19342 "-" "Mozilla/5.0 (compatible; Bytespider; spider-feedback@bytedance.com) AppleWebKit/537.36 (KHTML, like Gecko) Chrome/70.0.0.0 Safari/537.36"
85.208.96.202 - - [05/Apr/2026:17:27:35 +0200] "GET /anti-trump-demonstrator-found-guilty-battery-sentenced/ HTTP/1.1" 200 18075 "-" "Mozilla/5.0 (compatible; SemrushBot/7~bl; +http://www.semrush.com/bot.html)"
47.128.40.235 - - [05/Apr/2026:17:27:39 +0200] "GET /wp-content/uploads/2018/07/phppb4uvn_800x_-375x195.jpg HTTP/1.1" 206 500 "https://news365.stream/?C=M%3BO%3DA%2Fpage%2F2%2F%2Fpage%2F2%2F%2Fpage%2F2%2F%2Fpage%2F3%2F%2Fpage%2F2%2F%2Fpage%2F3%2F%2Fpage%2F17%2F%2Fpage%2F3%2F%2Fpage%2F3%2F%2Fpage%2F3%2F%2Fpage%2F3%2F%2Fpage%2F17%2F%2Fpage%2F3%2F%2Fpage%2F2%2F%2Fpage%2F2%2F%2Fpage%2F2%2F%2Fpage%2F2%2F%2Fpage%2F2%2F%2Fpage%2F2%2F%2Fpage%2F17%2F%2Fpage%2F2%2F%2Fpage%2F17%2F%2Fpage%2F2%2F%2Fpage%2F2%2F%2Fpage%2F17%2F%2Fpage%2F2%2F%2Fpage%2F3%2F%2Fpage%2F3%2F" "Mozilla/5.0 (compatible; Bytespider; spider-feedback@bytedance.com) AppleWebKit/537.36 (KHTML, like Gecko) Chrome/70.0.0.0 Safari/537.36"
47.128.40.235 - - [05/Apr/2026:17:27:43 +0200] "GET /wp-content/uploads/2018/06/768x432-145x100.jpg HTTP/1.1" 206 500 "https://news365.stream/?C=M%3BO%3DA%2Fpage%2F2%2F%2Fpage%2F2%2F%2Fpage%2F2%2F%2Fpage%2F3%2F%2Fpage%2F2%2F%2Fpage%2F3%2F%2Fpage%2F17%2F%2Fpage%2F3%2F%2Fpage%2F3%2F%2Fpage%2F3%2F%2Fpage%2F3%2F%2Fpage%2F17%2F%2Fpage%2F3%2F%2Fpage%2F2%2F%2Fpage%2F2%2F%2Fpage%2F2%2F%2Fpage%2F2%2F%2Fpage%2F2%2F%2Fpage%2F2%2F%2Fpage%2F17%2F%2Fpage%2F2%2F%2Fpage%2F17%2F%2Fpage%2F2%2F%2Fpage%2F2%2F%2Fpage%2F17%2F%2Fpage%2F2%2F%2Fpage%2F3%2F%2Fpage%2F3%2F" "Mozilla/5.0 (compatible; Bytespider; spider-feedback@bytedance.com) AppleWebKit/537.36 (KHTML, like Gecko) Chrome/70.0.0.0 Safari/537.36"
161.97.137.93 - - [05/Apr/2026:17:31:10 +0200] "POST /wp-cron.php?doing_wp_cron=1775403070.0627810955047607421875 HTTP/1.1" 404 9518 "https://news365.stream/wp-cron.php?doing_wp_cron=1775403070.0627810955047607421875" "WordPress/4.9.26; https://news365.stream"
47.128.40.235 - - [05/Apr/2026:17:31:10 +0200] "GET /?C=M%3BO=A%2Fpage%2F2%2F%2Fpage%2F2%2F%2Fpage%2F17%2F%2Fpage%2F2%2F%2Fpage%2F2%2F%2Fpage%2F3%2F%2Fpage%2F3%2F%2Fpage%2F17%2F%2Fpage%2F17%2F%2Fpage%2F17%2F%2Fpage%2F2%2F%2Fpage%2F2%2F%2Fpage%2F3%2F%2Fpage%2F3%2F%2Fpage%2F17%2F%2Fpage%2F17%2F%2Fpage%2F17%2F%2Fpage%2F17%2F%2Fpage%2F17%2F%2Fpage%2F17%2F%2Fpage%2F2%2F%2Fpage%2F3%2F%2Fpage%2F2%2F%2Fpage%2F17%2F%2Fpage%2F2%2F%2Fpage%2F3%2F%2Fpage%2F17%2F%2Fpage%2F17%2F%2Fpage%2F2%2F%2Fpage%2F3%2F%2Fpage%2F2%2F%2Fpage%2F17%2F HTTP/1.1" 301 0 "-" "Mozilla/5.0 (compatible; Bytespider; spider-feedback@bytedance.com) AppleWebKit/537.36 (KHTML, like Gecko) Chrome/70.0.0.0 Safari/537.36"
47.128.40.235 - - [05/Apr/2026:17:31:11 +0200] "GET /?C=M%3BO%3DA%2Fpage%2F2%2F%2Fpage%2F2%2F%2Fpage%2F17%2F%2Fpage%2F2%2F%2Fpage%2F2%2F%2Fpage%2F3%2F%2Fpage%2F3%2F%2Fpage%2F17%2F%2Fpage%2F17%2F%2Fpage%2F17%2F%2Fpage%2F2%2F%2Fpage%2F2%2F%2Fpage%2F3%2F%2Fpage%2F3%2F%2Fpage%2F17%2F%2Fpage%2F17%2F%2Fpage%2F17%2F%2Fpage%2F17%2F%2Fpage%2F17%2F%2Fpage%2F17%2F%2Fpage%2F2%2F%2Fpage%2F3%2F%2Fpage%2F2%2F%2Fpage%2F17%2F%2Fpage%2F2%2F%2Fpage%2F3%2F%2Fpage%2F17%2F%2Fpage%2F17%2F%2Fpage%2F2%2F%2Fpage%2F3%2F%2Fpage%2F2%2F%2Fpage%2F17%2F HTTP/1.1" 200 19443 "-" "Mozilla/5.0 (compatible; Bytespider; spider-feedback@bytedance.com) AppleWebKit/537.36 (KHTML, like Gecko) Chrome/70.0.0.0 Safari/537.36"
47.128.40.235 - - [05/Apr/2026:17:31:13 +0200] "GET /wp-content/uploads/2021/10/ngc-bg-375x195.jpg HTTP/1.1" 206 500 "https://news365.stream/?C=M%3BO%3DA%2Fpage%2F2%2F%2Fpage%2F2%2F%2Fpage%2F17%2F%2Fpage%2F2%2F%2Fpage%2F2%2F%2Fpage%2F3%2F%2Fpage%2F3%2F%2Fpage%2F17%2F%2Fpage%2F17%2F%2Fpage%2F17%2F%2Fpage%2F2%2F%2Fpage%2F2%2F%2Fpage%2F3%2F%2Fpage%2F3%2F%2Fpage%2F17%2F%2Fpage%2F17%2F%2Fpage%2F17%2F%2Fpage%2F17%2F%2Fpage%2F17%2F%2Fpage%2F17%2F%2Fpage%2F2%2F%2Fpage%2F3%2F%2Fpage%2F2%2F%2Fpage%2F17%2F%2Fpage%2F2%2F%2Fpage%2F3%2F%2Fpage%2F17%2F%2Fpage%2F17%2F%2Fpage%2F2%2F%2Fpage%2F3%2F%2Fpage%2F2%2F%2Fpage%2F17%2F" "Mozilla/5.0 (compatible; Bytespider; spider-feedback@bytedance.com) AppleWebKit/537.36 (KHTML, like Gecko) Chrome/70.0.0.0 Safari/537.36"
47.128.40.235 - - [05/Apr/2026:17:31:14 +0200] "GET /wp-content/uploads/2018/04/j2fipeug.ity_-375x195.jpg HTTP/1.1" 206 500 "https://news365.stream/?C=M%3BO%3DA%2Fpage%2F2%2F%2Fpage%2F2%2F%2Fpage%2F17%2F%2Fpage%2F2%2F%2Fpage%2F2%2F%2Fpage%2F3%2F%2Fpage%2F3%2F%2Fpage%2F17%2F%2Fpage%2F17%2F%2Fpage%2F17%2F%2Fpage%2F2%2F%2Fpage%2F2%2F%2Fpage%2F3%2F%2Fpage%2F3%2F%2Fpage%2F17%2F%2Fpage%2F17%2F%2Fpage%2F17%2F%2Fpage%2F17%2F%2Fpage%2F17%2F%2Fpage%2F17%2F%2Fpage%2F2%2F%2Fpage%2F3%2F%2Fpage%2F2%2F%2Fpage%2F17%2F%2Fpage%2F2%2F%2Fpage%2F3%2F%2Fpage%2F17%2F%2Fpage%2F17%2F%2Fpage%2F2%2F%2Fpage%2F3%2F%2Fpage%2F2%2F%2Fpage%2F17%2F" "Mozilla/5.0 (compatible; Bytespider; spider-feedback@bytedance.com) AppleWebKit/537.36 (KHTML, like Gecko) Chrome/70.0.0.0 Safari/537.36"
47.128.40.235 - - [05/Apr/2026:17:31:14 +0200] "GET /wp-content/uploads/2018/07/psihotronni-wepons-375x195.jpg HTTP/1.1" 206 500 "https://news365.stream/?C=M%3BO%3DA%2Fpage%2F2%2F%2Fpage%2F2%2F%2Fpage%2F17%2F%2Fpage%2F2%2F%2Fpage%2F2%2F%2Fpage%2F3%2F%2Fpage%2F3%2F%2Fpage%2F17%2F%2Fpage%2F17%2F%2Fpage%2F17%2F%2Fpage%2F2%2F%2Fpage%2F2%2F%2Fpage%2F3%2F%2Fpage%2F3%2F%2Fpage%2F17%2F%2Fpage%2F17%2F%2Fpage%2F17%2F%2Fpage%2F17%2F%2Fpage%2F17%2F%2Fpage%2F17%2F%2Fpage%2F2%2F%2Fpage%2F3%2F%2Fpage%2F2%2F%2Fpage%2F17%2F%2Fpage%2F2%2F%2Fpage%2F3%2F%2Fpage%2F17%2F%2Fpage%2F17%2F%2Fpage%2F2%2F%2Fpage%2F3%2F%2Fpage%2F2%2F%2Fpage%2F17%2F" "Mozilla/5.0 (compatible; Bytespider; spider-feedback@bytedance.com) AppleWebKit/537.36 (KHTML, like Gecko) Chrome/70.0.0.0 Safari/537.36"
47.128.40.235 - - [05/Apr/2026:17:31:15 +0200] "GET /wp-content/uploads/2018/07/15-1-9-360x240-375x195.jpg HTTP/1.1" 206 500 "https://news365.stream/?C=M%3BO%3DA%2Fpage%2F2%2F%2Fpage%2F2%2F%2Fpage%2F17%2F%2Fpage%2F2%2F%2Fpage%2F2%2F%2Fpage%2F3%2F%2Fpage%2F3%2F%2Fpage%2F17%2F%2Fpage%2F17%2F%2Fpage%2F17%2F%2Fpage%2F2%2F%2Fpage%2F2%2F%2Fpage%2F3%2F%2Fpage%2F3%2F%2Fpage%2F17%2F%2Fpage%2F17%2F%2Fpage%2F17%2F%2Fpage%2F17%2F%2Fpage%2F17%2F%2Fpage%2F17%2F%2Fpage%2F2%2F%2Fpage%2F3%2F%2Fpage%2F2%2F%2Fpage%2F17%2F%2Fpage%2F2%2F%2Fpage%2F3%2F%2Fpage%2F17%2F%2Fpage%2F17%2F%2Fpage%2F2%2F%2Fpage%2F3%2F%2Fpage%2F2%2F%2Fpage%2F17%2F" "Mozilla/5.0 (compatible; Bytespider; spider-feedback@bytedance.com) AppleWebKit/537.36 (KHTML, like Gecko) Chrome/70.0.0.0 Safari/537.36"
47.128.40.235 - - [05/Apr/2026:17:31:15 +0200] "GET /wp-content/uploads/2024/01/imoti-pensii-145x100.jpg HTTP/1.1" 206 500 "https://news365.stream/?C=M%3BO%3DA%2Fpage%2F2%2F%2Fpage%2F2%2F%2Fpage%2F17%2F%2Fpage%2F2%2F%2Fpage%2F2%2F%2Fpage%2F3%2F%2Fpage%2F3%2F%2Fpage%2F17%2F%2Fpage%2F17%2F%2Fpage%2F17%2F%2Fpage%2F2%2F%2Fpage%2F2%2F%2Fpage%2F3%2F%2Fpage%2F3%2F%2Fpage%2F17%2F%2Fpage%2F17%2F%2Fpage%2F17%2F%2Fpage%2F17%2F%2Fpage%2F17%2F%2Fpage%2F17%2F%2Fpage%2F2%2F%2Fpage%2F3%2F%2Fpage%2F2%2F%2Fpage%2F17%2F%2Fpage%2F2%2F%2Fpage%2F3%2F%2Fpage%2F17%2F%2Fpage%2F17%2F%2Fpage%2F2%2F%2Fpage%2F3%2F%2Fpage%2F2%2F%2Fpage%2F17%2F" "Mozilla/5.0 (compatible; Bytespider; spider-feedback@bytedance.com) AppleWebKit/537.36 (KHTML, like Gecko) Chrome/70.0.0.0 Safari/537.36"
47.128.40.235 - - [05/Apr/2026:17:31:15 +0200] "GET /wp-content/uploads/2018/12/news__f67d311a8b991be77611875738199025-145x100.jpg HTTP/1.1" 206 500 "https://news365.stream/?C=M%3BO%3DA%2Fpage%2F2%2F%2Fpage%2F2%2F%2Fpage%2F17%2F%2Fpage%2F2%2F%2Fpage%2F2%2F%2Fpage%2F3%2F%2Fpage%2F3%2F%2Fpage%2F17%2F%2Fpage%2F17%2F%2Fpage%2F17%2F%2Fpage%2F2%2F%2Fpage%2F2%2F%2Fpage%2F3%2F%2Fpage%2F3%2F%2Fpage%2F17%2F%2Fpage%2F17%2F%2Fpage%2F17%2F%2Fpage%2F17%2F%2Fpage%2F17%2F%2Fpage%2F17%2F%2Fpage%2F2%2F%2Fpage%2F3%2F%2Fpage%2F2%2F%2Fpage%2F17%2F%2Fpage%2F2%2F%2Fpage%2F3%2F%2Fpage%2F17%2F%2Fpage%2F17%2F%2Fpage%2F2%2F%2Fpage%2F3%2F%2Fpage%2F2%2F%2Fpage%2F17%2F" "Mozilla/5.0 (compatible; Bytespider; spider-feedback@bytedance.com) AppleWebKit/537.36 (KHTML, like Gecko) Chrome/70.0.0.0 Safari/537.36"
47.128.40.235 - - [05/Apr/2026:17:31:15 +0200] "GET /wp-content/uploads/2022/02/stefan-proynov-gold-coins-145x100.jpg HTTP/1.1" 206 500 "https://news365.stream/?C=M%3BO%3DA%2Fpage%2F2%2F%2Fpage%2F2%2F%2Fpage%2F17%2F%2Fpage%2F2%2F%2Fpage%2F2%2F%2Fpage%2F3%2F%2Fpage%2F3%2F%2Fpage%2F17%2F%2Fpage%2F17%2F%2Fpage%2F17%2F%2Fpage%2F2%2F%2Fpage%2F2%2F%2Fpage%2F3%2F%2Fpage%2F3%2F%2Fpage%2F17%2F%2Fpage%2F17%2F%2Fpage%2F17%2F%2Fpage%2F17%2F%2Fpage%2F17%2F%2Fpage%2F17%2F%2Fpage%2F2%2F%2Fpage%2F3%2F%2Fpage%2F2%2F%2Fpage%2F17%2F%2Fpage%2F2%2F%2Fpage%2F3%2F%2Fpage%2F17%2F%2Fpage%2F17%2F%2Fpage%2F2%2F%2Fpage%2F3%2F%2Fpage%2F2%2F%2Fpage%2F17%2F" "Mozilla/5.0 (compatible; Bytespider; spider-feedback@bytedance.com) AppleWebKit/537.36 (KHTML, like Gecko) Chrome/70.0.0.0 Safari/537.36"
161.97.137.93 - - [05/Apr/2026:17:33:26 +0200] "POST /wp-cron.php?doing_wp_cron=1775403206.1208319664001464843750 HTTP/1.1" 404 9749 "https://news365.stream/wp-cron.php?doing_wp_cron=1775403206.1208319664001464843750" "WordPress/4.9.26; https://news365.stream"
185.191.171.4 - - [05/Apr/2026:17:33:26 +0200] "GET /trump-meeting-washington-dc-qatar-officially/ HTTP/1.1" 200 17473 "-" "Mozilla/5.0 (compatible; SemrushBot/7~bl; +http://www.semrush.com/bot.html)"
85.208.96.196 - - [05/Apr/2026:17:34:15 +0200] "GET /how-the-u-s-economic-response-could-change-as-people-go-back-to-work/ HTTP/1.1" 200 18362 "-" "Mozilla/5.0 (compatible; SemrushBot/7~bl; +http://www.semrush.com/bot.html)"
161.97.137.93 - - [05/Apr/2026:17:34:39 +0200] "POST /wp-cron.php?doing_wp_cron=1775403279.4571208953857421875000 HTTP/1.1" 404 9590 "https://news365.stream/wp-cron.php?doing_wp_cron=1775403279.4571208953857421875000" "WordPress/4.9.26; https://news365.stream"
51.195.215.11 - - [05/Apr/2026:17:34:40 +0200] "GET /%D0%B4%D0%BF%D1%81-%D0%B7%D0%B0%D0%BF%D0%BE%D1%87%D0%B2%D0%B0-%D0%BF%D0%BE%D0%B4%D0%B3%D0%BE%D1%82%D0%BE%D0%B2%D0%BA%D0%B0-%D1%83%D0%BF%D1%80%D0%B0%D0%B2%D0%BB%D0%B5%D0%BD%D0%B8%D0%B5/ HTTP/1.1" 200 16734 "-" "Mozilla/5.0 (compatible; AhrefsBot/7.0; +http://ahrefs.com/robot/)"
113.182.140.27 - - [05/Apr/2026:17:34:48 +0200] "GET /tag/as-far-as-im-concerned/ HTTP/1.1" 200 13298 "-" "Mozilla/5.0 (Macintosh; Intel Mac OS X 15_3_0) AppleWebKit/537.36 (KHTML, like Gecko) Chrome/133.0.6943.141 Safari/537.36"
40.77.167.6 - - [05/Apr/2026:17:35:04 +0200] "GET /wp-content/uploads/2022/01/angel-djambazki-news-stream-365-380x260.jpg HTTP/1.1" 200 32957 "-" "Mozilla/5.0 AppleWebKit/537.36 (KHTML, like Gecko; compatible; bingbot/2.0; +http://www.bing.com/bingbot.htm) Chrome/116.0.1938.76 Safari/537.36"
47.128.40.66 - - [05/Apr/2026:17:35:12 +0200] "GET /?C=M%3BO=D%2Fpage%2F2%2F%2Fpage%2F3%2F%2Fpage%2F17%2F%2Fpage%2F3%2F%2Fpage%2F3%2F%2Fpage%2F17%2F%2Fpage%2F17%2F%2Fpage%2F2%2F%2Fpage%2F3%2F%2Fpage%2F17%2F%2Fpage%2F17%2F%2Fpage%2F3%2F%2Fpage%2F2%2F%2Fpage%2F17%2F%2Fpage%2F2%2F%2Fpage%2F2%2F%2Fpage%2F17%2F%2Fpage%2F2%2F%2Fpage%2F3%2F%2Fpage%2F2%2F%2Fpage%2F2%2F%2Fpage%2F2%2F%2Fpage%2F2%2F%2Fpage%2F3%2F%2Fpage%2F3%2F%2Fpage%2F17%2F%2Fpage%2F3%2F%2Fpage%2F17%2F%2Fpage%2F3%2F%2Fpage%2F17%2F%2Fpage%2F17%2F%2Fpage%2F2%2F HTTP/1.1" 301 0 "-" "Mozilla/5.0 (compatible; Bytespider; spider-feedback@bytedance.com) AppleWebKit/537.36 (KHTML, like Gecko) Chrome/70.0.0.0 Safari/537.36"
47.128.40.66 - - [05/Apr/2026:17:35:14 +0200] "GET /?C=M%3BO%3DD%2Fpage%2F2%2F%2Fpage%2F3%2F%2Fpage%2F17%2F%2Fpage%2F3%2F%2Fpage%2F3%2F%2Fpage%2F17%2F%2Fpage%2F17%2F%2Fpage%2F2%2F%2Fpage%2F3%2F%2Fpage%2F17%2F%2Fpage%2F17%2F%2Fpage%2F3%2F%2Fpage%2F2%2F%2Fpage%2F17%2F%2Fpage%2F2%2F%2Fpage%2F2%2F%2Fpage%2F17%2F%2Fpage%2F2%2F%2Fpage%2F3%2F%2Fpage%2F2%2F%2Fpage%2F2%2F%2Fpage%2F2%2F%2Fpage%2F2%2F%2Fpage%2F3%2F%2Fpage%2F3%2F%2Fpage%2F17%2F%2Fpage%2F3%2F%2Fpage%2F17%2F%2Fpage%2F3%2F%2Fpage%2F17%2F%2Fpage%2F17%2F%2Fpage%2F2%2F HTTP/1.1" 200 18737 "-" "Mozilla/5.0 (compatible; Bytespider; spider-feedback@bytedance.com) AppleWebKit/537.36 (KHTML, like Gecko) Chrome/70.0.0.0 Safari/537.36"
47.128.40.66 - - [05/Apr/2026:17:35:30 +0200] "GET /wp-content/uploads/2017/09/otec-375x195.jpg HTTP/1.1" 206 500 "https://news365.stream/?C=M%3BO%3DD%2Fpage%2F2%2F%2Fpage%2F3%2F%2Fpage%2F17%2F%2Fpage%2F3%2F%2Fpage%2F3%2F%2Fpage%2F17%2F%2Fpage%2F17%2F%2Fpage%2F2%2F%2Fpage%2F3%2F%2Fpage%2F17%2F%2Fpage%2F17%2F%2Fpage%2F3%2F%2Fpage%2F2%2F%2Fpage%2F17%2F%2Fpage%2F2%2F%2Fpage%2F2%2F%2Fpage%2F17%2F%2Fpage%2F2%2F%2Fpage%2F3%2F%2Fpage%2F2%2F%2Fpage%2F2%2F%2Fpage%2F2%2F%2Fpage%2F2%2F%2Fpage%2F3%2F%2Fpage%2F3%2F%2Fpage%2F17%2F%2Fpage%2F3%2F%2Fpage%2F17%2F%2Fpage%2F3%2F%2Fpage%2F17%2F%2Fpage%2F17%2F%2Fpage%2F2%2F" "Mozilla/5.0 (compatible; Bytespider; spider-feedback@bytedance.com) AppleWebKit/537.36 (KHTML, like Gecko) Chrome/70.0.0.0 Safari/537.36"
47.128.40.66 - - [05/Apr/2026:17:35:32 +0200] "GET /wp-content/uploads/2022/07/stefan-proynov-380x260.jpg HTTP/1.1" 206 500 "https://news365.stream/?C=M%3BO%3DD%2Fpage%2F2%2F%2Fpage%2F3%2F%2Fpage%2F17%2F%2Fpage%2F3%2F%2Fpage%2F3%2F%2Fpage%2F17%2F%2Fpage%2F17%2F%2Fpage%2F2%2F%2Fpage%2F3%2F%2Fpage%2F17%2F%2Fpage%2F17%2F%2Fpage%2F3%2F%2Fpage%2F2%2F%2Fpage%2F17%2F%2Fpage%2F2%2F%2Fpage%2F2%2F%2Fpage%2F17%2F%2Fpage%2F2%2F%2Fpage%2F3%2F%2Fpage%2F2%2F%2Fpage%2F2%2F%2Fpage%2F2%2F%2Fpage%2F2%2F%2Fpage%2F3%2F%2Fpage%2F3%2F%2Fpage%2F17%2F%2Fpage%2F3%2F%2Fpage%2F17%2F%2Fpage%2F3%2F%2Fpage%2F17%2F%2Fpage%2F17%2F%2Fpage%2F2%2F" "Mozilla/5.0 (compatible; Bytespider; spider-feedback@bytedance.com) AppleWebKit/537.36 (KHTML, like Gecko) Chrome/70.0.0.0 Safari/537.36"
47.128.40.66 - - [05/Apr/2026:17:35:36 +0200] "GET /wp-content/uploads/2018/01/660_d3e599e12407136d6310ff7579567e47-145x100.jpg HTTP/1.1" 206 500 "https://news365.stream/?C=M%3BO%3DD%2Fpage%2F2%2F%2Fpage%2F3%2F%2Fpage%2F17%2F%2Fpage%2F3%2F%2Fpage%2F3%2F%2Fpage%2F17%2F%2Fpage%2F17%2F%2Fpage%2F2%2F%2Fpage%2F3%2F%2Fpage%2F17%2F%2Fpage%2F17%2F%2Fpage%2F3%2F%2Fpage%2F2%2F%2Fpage%2F17%2F%2Fpage%2F2%2F%2Fpage%2F2%2F%2Fpage%2F17%2F%2Fpage%2F2%2F%2Fpage%2F3%2F%2Fpage%2F2%2F%2Fpage%2F2%2F%2Fpage%2F2%2F%2Fpage%2F2%2F%2Fpage%2F3%2F%2Fpage%2F3%2F%2Fpage%2F17%2F%2Fpage%2F3%2F%2Fpage%2F17%2F%2Fpage%2F3%2F%2Fpage%2F17%2F%2Fpage%2F17%2F%2Fpage%2F2%2F" "Mozilla/5.0 (compatible; Bytespider; spider-feedback@bytedance.com) AppleWebKit/537.36 (KHTML, like Gecko) Chrome/70.0.0.0 Safari/537.36"
47.128.40.66 - - [05/Apr/2026:17:35:36 +0200] "GET /wp-content/uploads/2018/02/Image_5749468_500_0-145x100.jpg HTTP/1.1" 206 500 "https://news365.stream/?C=M%3BO%3DD%2Fpage%2F2%2F%2Fpage%2F3%2F%2Fpage%2F17%2F%2Fpage%2F3%2F%2Fpage%2F3%2F%2Fpage%2F17%2F%2Fpage%2F17%2F%2Fpage%2F2%2F%2Fpage%2F3%2F%2Fpage%2F17%2F%2Fpage%2F17%2F%2Fpage%2F3%2F%2Fpage%2F2%2F%2Fpage%2F17%2F%2Fpage%2F2%2F%2Fpage%2F2%2F%2Fpage%2F17%2F%2Fpage%2F2%2F%2Fpage%2F3%2F%2Fpage%2F2%2F%2Fpage%2F2%2F%2Fpage%2F2%2F%2Fpage%2F2%2F%2Fpage%2F3%2F%2Fpage%2F3%2F%2Fpage%2F17%2F%2Fpage%2F3%2F%2Fpage%2F17%2F%2Fpage%2F3%2F%2Fpage%2F17%2F%2Fpage%2F17%2F%2Fpage%2F2%2F" "Mozilla/5.0 (compatible; Bytespider; spider-feedback@bytedance.com) AppleWebKit/537.36 (KHTML, like Gecko) Chrome/70.0.0.0 Safari/537.36"
47.128.40.66 - - [05/Apr/2026:17:35:41 +0200] "GET /wp-content/uploads/2017/12/395897a485eaabb9564080cab6513070f066c1d6-145x100.jpeg HTTP/1.1" 206 500 "https://news365.stream/?C=M%3BO%3DD%2Fpage%2F2%2F%2Fpage%2F3%2F%2Fpage%2F17%2F%2Fpage%2F3%2F%2Fpage%2F3%2F%2Fpage%2F17%2F%2Fpage%2F17%2F%2Fpage%2F2%2F%2Fpage%2F3%2F%2Fpage%2F17%2F%2Fpage%2F17%2F%2Fpage%2F3%2F%2Fpage%2F2%2F%2Fpage%2F17%2F%2Fpage%2F2%2F%2Fpage%2F2%2F%2Fpage%2F17%2F%2Fpage%2F2%2F%2Fpage%2F3%2F%2Fpage%2F2%2F%2Fpage%2F2%2F%2Fpage%2F2%2F%2Fpage%2F2%2F%2Fpage%2F3%2F%2Fpage%2F3%2F%2Fpage%2F17%2F%2Fpage%2F3%2F%2Fpage%2F17%2F%2Fpage%2F3%2F%2Fpage%2F17%2F%2Fpage%2F17%2F%2Fpage%2F2%2F" "Mozilla/5.0 (compatible; Bytespider; spider-feedback@bytedance.com) AppleWebKit/537.36 (KHTML, like Gecko) Chrome/70.0.0.0 Safari/537.36"
161.97.137.93 - - [05/Apr/2026:17:36:45 +0200] "POST /wp-cron.php?doing_wp_cron=1775403404.9643540382385253906250 HTTP/1.1" 404 9949 "https://news365.stream/wp-cron.php?doing_wp_cron=1775403404.9643540382385253906250" "WordPress/4.9.26; https://news365.stream"
185.191.171.10 - - [05/Apr/2026:17:36:45 +0200] "GET /sen-murkowski-disturbed-by-mcconnells-approach-on-impeachment/ HTTP/1.1" 200 18385 "-" "Mozilla/5.0 (compatible; SemrushBot/7~bl; +http://www.semrush.com/bot.html)"
161.97.137.93 - - [05/Apr/2026:17:38:12 +0200] "POST /wp-cron.php?doing_wp_cron=1775403492.2226569652557373046875 HTTP/1.1" 404 9384 "https://news365.stream/wp-cron.php?doing_wp_cron=1775403492.2226569652557373046875" "WordPress/4.9.26; https://news365.stream"
85.208.96.198 - - [05/Apr/2026:17:38:13 +0200] "GET /republicans-defeat-democratic-bids-to-hear-witnesses-in-trump-trial/ HTTP/1.1" 200 18656 "-" "Mozilla/5.0 (compatible; SemrushBot/7~bl; +http://www.semrush.com/bot.html)"
40.77.167.35 - - [05/Apr/2026:17:38:26 +0200] "GET /bette-midler-attacks-melania-with-obscene-poem-about-trumps-private-parts/ HTTP/1.1" 200 16579 "-" "Mozilla/5.0 AppleWebKit/537.36 (KHTML, like Gecko; compatible; bingbot/2.0; +http://www.bing.com/bingbot.htm) Chrome/116.0.1938.76 Safari/537.36"
161.97.137.93 - - [05/Apr/2026:17:39:20 +0200] "POST /wp-cron.php?doing_wp_cron=1775403559.6697061061859130859375 HTTP/1.1" 404 9777 "https://news365.stream/wp-cron.php?doing_wp_cron=1775403559.6697061061859130859375" "WordPress/4.9.26; https://news365.stream"
47.128.40.250 - - [05/Apr/2026:17:39:20 +0200] "GET /?C=N%3BO=D%2Fpage%2F3%2F%2Fpage%2F2%2F%2Fpage%2F2%2F%2Fpage%2F2%2F%2Fpage%2F17%2F%2Fpage%2F17%2F%2Fpage%2F2%2F%2Fpage%2F17%2F%2Fpage%2F2%2F%2Fpage%2F2%2F%2Fpage%2F3%2F%2Fpage%2F17%2F%2Fpage%2F3%2F%2Fpage%2F2%2F%2Fpage%2F17%2F%2Fpage%2F17%2F%2Fpage%2F2%2F%2Fpage%2F17%2F HTTP/1.1" 301 0 "-" "Mozilla/5.0 (compatible; Bytespider; spider-feedback@bytedance.com) AppleWebKit/537.36 (KHTML, like Gecko) Chrome/70.0.0.0 Safari/537.36"
47.128.40.250 - - [05/Apr/2026:17:39:22 +0200] "GET /?C=N%3BO%3DD%2Fpage%2F3%2F%2Fpage%2F2%2F%2Fpage%2F2%2F%2Fpage%2F2%2F%2Fpage%2F17%2F%2Fpage%2F17%2F%2Fpage%2F2%2F%2Fpage%2F17%2F%2Fpage%2F2%2F%2Fpage%2F2%2F%2Fpage%2F3%2F%2Fpage%2F17%2F%2Fpage%2F3%2F%2Fpage%2F2%2F%2Fpage%2F17%2F%2Fpage%2F17%2F%2Fpage%2F2%2F%2Fpage%2F17%2F HTTP/1.1" 200 20203 "-" "Mozilla/5.0 (compatible; Bytespider; spider-feedback@bytedance.com) AppleWebKit/537.36 (KHTML, like Gecko) Chrome/70.0.0.0 Safari/537.36"
47.128.40.250 - - [05/Apr/2026:17:39:34 +0200] "GET /wp-content/uploads/2021/08/katalog-kostadin-vezyv-stefan-proynov-375x195.jpg HTTP/1.1" 206 500 "https://news365.stream/?C=N%3BO%3DD%2Fpage%2F3%2F%2Fpage%2F2%2F%2Fpage%2F2%2F%2Fpage%2F2%2F%2Fpage%2F17%2F%2Fpage%2F17%2F%2Fpage%2F2%2F%2Fpage%2F17%2F%2Fpage%2F2%2F%2Fpage%2F2%2F%2Fpage%2F3%2F%2Fpage%2F17%2F%2Fpage%2F3%2F%2Fpage%2F2%2F%2Fpage%2F17%2F%2Fpage%2F17%2F%2Fpage%2F2%2F%2Fpage%2F17%2F" "Mozilla/5.0 (compatible; Bytespider; spider-feedback@bytedance.com) AppleWebKit/537.36 (KHTML, like Gecko) Chrome/70.0.0.0 Safari/537.36"
47.128.40.250 - - [05/Apr/2026:17:39:35 +0200] "GET /wp-content/uploads/2024/01/imoti-pensii-380x260.jpg HTTP/1.1" 206 500 "https://news365.stream/?C=N%3BO%3DD%2Fpage%2F3%2F%2Fpage%2F2%2F%2Fpage%2F2%2F%2Fpage%2F2%2F%2Fpage%2F17%2F%2Fpage%2F17%2F%2Fpage%2F2%2F%2Fpage%2F17%2F%2Fpage%2F2%2F%2Fpage%2F2%2F%2Fpage%2F3%2F%2Fpage%2F17%2F%2Fpage%2F3%2F%2Fpage%2F2%2F%2Fpage%2F17%2F%2Fpage%2F17%2F%2Fpage%2F2%2F%2Fpage%2F17%2F" "Mozilla/5.0 (compatible; Bytespider; spider-feedback@bytedance.com) AppleWebKit/537.36 (KHTML, like Gecko) Chrome/70.0.0.0 Safari/537.36"
47.128.40.250 - - [05/Apr/2026:17:39:39 +0200] "GET /wp-content/uploads/2018/01/resize_on_the_fly-1-145x100.jpg HTTP/1.1" 206 500 "https://news365.stream/?C=N%3BO%3DD%2Fpage%2F3%2F%2Fpage%2F2%2F%2Fpage%2F2%2F%2Fpage%2F2%2F%2Fpage%2F17%2F%2Fpage%2F17%2F%2Fpage%2F2%2F%2Fpage%2F17%2F%2Fpage%2F2%2F%2Fpage%2F2%2F%2Fpage%2F3%2F%2Fpage%2F17%2F%2Fpage%2F3%2F%2Fpage%2F2%2F%2Fpage%2F17%2F%2Fpage%2F17%2F%2Fpage%2F2%2F%2Fpage%2F17%2F" "Mozilla/5.0 (compatible; Bytespider; spider-feedback@bytedance.com) AppleWebKit/537.36 (KHTML, like Gecko) Chrome/70.0.0.0 Safari/537.36"
47.128.40.250 - - [05/Apr/2026:17:39:41 +0200] "GET /wp-content/uploads/2017/09/800x-1-145x100.jpg HTTP/1.1" 206 500 "https://news365.stream/?C=N%3BO%3DD%2Fpage%2F3%2F%2Fpage%2F2%2F%2Fpage%2F2%2F%2Fpage%2F2%2F%2Fpage%2F17%2F%2Fpage%2F17%2F%2Fpage%2F2%2F%2Fpage%2F17%2F%2Fpage%2F2%2F%2Fpage%2F2%2F%2Fpage%2F3%2F%2Fpage%2F17%2F%2Fpage%2F3%2F%2Fpage%2F2%2F%2Fpage%2F17%2F%2Fpage%2F17%2F%2Fpage%2F2%2F%2Fpage%2F17%2F" "Mozilla/5.0 (compatible; Bytespider; spider-feedback@bytedance.com) AppleWebKit/537.36 (KHTML, like Gecko) Chrome/70.0.0.0 Safari/537.36"
47.128.40.250 - - [05/Apr/2026:17:39:42 +0200] "GET /wp-content/uploads/2022/05/stefan-Proynov-coins-1-145x100.jpg HTTP/1.1" 206 500 "https://news365.stream/?C=N%3BO%3DD%2Fpage%2F3%2F%2Fpage%2F2%2F%2Fpage%2F2%2F%2Fpage%2F2%2F%2Fpage%2F17%2F%2Fpage%2F17%2F%2Fpage%2F2%2F%2Fpage%2F17%2F%2Fpage%2F2%2F%2Fpage%2F2%2F%2Fpage%2F3%2F%2Fpage%2F17%2F%2Fpage%2F3%2F%2Fpage%2F2%2F%2Fpage%2F17%2F%2Fpage%2F17%2F%2Fpage%2F2%2F%2Fpage%2F17%2F" "Mozilla/5.0 (compatible; Bytespider; spider-feedback@bytedance.com) AppleWebKit/537.36 (KHTML, like Gecko) Chrome/70.0.0.0 Safari/537.36"
102.52.184.45 - - [05/Apr/2026:17:39:57 +0200] "GET / HTTP/1.1" 200 19297 "-" "Mozilla/5.0 (Windows NT 11.0; ast-ES; rv:1.9.0.20) Gecko/7560-08-10 22:34:35.707092 Firefox/3.6.6"
123.24.196.25 - - [05/Apr/2026:17:40:09 +0200] "GET /category/%D0%B7%D0%B4%D1%80%D0%B0%D0%B2%D0%B5/ HTTP/1.1" 200 13530 "-" "Mozilla/5.0 (Windows NT 10.0; lzh-TW; rv:1.9.0.20) Gecko/4673-07-01 05:17:56.960342 Firefox/3.8"
161.97.137.93 - - [05/Apr/2026:17:41:26 +0200] "POST /wp-cron.php?doing_wp_cron=1775403686.3387000560760498046875 HTTP/1.1" 404 10053 "https://news365.stream/wp-cron.php?doing_wp_cron=1775403686.3387000560760498046875" "WordPress/4.9.26; https://news365.stream"
185.191.171.10 - - [05/Apr/2026:17:41:27 +0200] "GET /trumps-pandemic-watchdog-pick-pledges-independence/ HTTP/1.1" 200 18140 "-" "Mozilla/5.0 (compatible; SemrushBot/7~bl; +http://www.semrush.com/bot.html)"
185.191.171.16 - - [05/Apr/2026:17:41:37 +0200] "GET /%D0%B5%D1%81-%D0%BD%D0%B5-%D0%B5-%D0%B7%D0%B0-%D0%BD%D0%B0%D1%81/ HTTP/1.1" 200 18379 "-" "Mozilla/5.0 (compatible; SemrushBot/7~bl; +http://www.semrush.com/bot.html)"
161.97.137.93 - - [05/Apr/2026:17:42:33 +0200] "POST /wp-cron.php?doing_wp_cron=1775403752.8554949760437011718750 HTTP/1.1" 404 9649 "https://news365.stream/wp-cron.php?doing_wp_cron=1775403752.8554949760437011718750" "WordPress/4.9.26; https://news365.stream"
85.208.96.199 - - [05/Apr/2026:17:42:33 +0200] "GET /gridlocked-israel-nears-4th-consecutive-election/ HTTP/1.1" 200 18395 "-" "Mozilla/5.0 (compatible; SemrushBot/7~bl; +http://www.semrush.com/bot.html)"
47.128.40.3 - - [05/Apr/2026:17:43:05 +0200] "GET /?C=S%3BO=A%2Fpage%2F17%2F%2Fpage%2F2%2F%2Fpage%2F3%2F%2Fpage%2F17%2F%2Fpage%2F17%2F%2Fpage%2F2%2F%2Fpage%2F17%2F%2Fpage%2F17%2F%2Fpage%2F2%2F%2Fpage%2F3%2F%2Fpage%2F17%2F%2Fpage%2F3%2F%2Fpage%2F3%2F%2Fpage%2F2%2F%2Fpage%2F2%2F%2Fpage%2F3%2F%2Fpage%2F3%2F%2Fpage%2F17%2F%2Fpage%2F2%2F%2Fpage%2F3%2F%2Fpage%2F3%2F HTTP/1.1" 301 0 "-" "Mozilla/5.0 (Linux; Android 5.0) AppleWebKit/537.36 (KHTML, like Gecko) Mobile Safari/537.36 (compatible; Bytespider; spider-feedback@bytedance.com)"
47.128.40.3 - - [05/Apr/2026:17:43:06 +0200] "GET /?C=S%3BO%3DA%2Fpage%2F17%2F%2Fpage%2F2%2F%2Fpage%2F3%2F%2Fpage%2F17%2F%2Fpage%2F17%2F%2Fpage%2F2%2F%2Fpage%2F17%2F%2Fpage%2F17%2F%2Fpage%2F2%2F%2Fpage%2F3%2F%2Fpage%2F17%2F%2Fpage%2F3%2F%2Fpage%2F3%2F%2Fpage%2F2%2F%2Fpage%2F2%2F%2Fpage%2F3%2F%2Fpage%2F3%2F%2Fpage%2F17%2F%2Fpage%2F2%2F%2Fpage%2F3%2F%2Fpage%2F3%2F HTTP/1.1" 200 19100 "-" "Mozilla/5.0 (Linux; Android 5.0) AppleWebKit/537.36 (KHTML, like Gecko) Mobile Safari/537.36 (compatible; Bytespider; spider-feedback@bytedance.com)"
47.128.40.3 - - [05/Apr/2026:17:43:14 +0200] "GET /wp-content/uploads/2021/09/241762954_2032196030276191_5695225449818148189_n-375x195.jpg HTTP/1.1" 206 500 "https://news365.stream/?C=S%3BO%3DA%2Fpage%2F17%2F%2Fpage%2F2%2F%2Fpage%2F3%2F%2Fpage%2F17%2F%2Fpage%2F17%2F%2Fpage%2F2%2F%2Fpage%2F17%2F%2Fpage%2F17%2F%2Fpage%2F2%2F%2Fpage%2F3%2F%2Fpage%2F17%2F%2Fpage%2F3%2F%2Fpage%2F3%2F%2Fpage%2F2%2F%2Fpage%2F2%2F%2Fpage%2F3%2F%2Fpage%2F3%2F%2Fpage%2F17%2F%2Fpage%2F2%2F%2Fpage%2F3%2F%2Fpage%2F3%2F" "Mozilla/5.0 (Linux; Android 5.0) AppleWebKit/537.36 (KHTML, like Gecko) Mobile Safari/537.36 (compatible; Bytespider; spider-feedback@bytedance.com)"
47.128.40.3 - - [05/Apr/2026:17:43:16 +0200] "GET /wp-content/uploads/2017/11/kkok-1-375x195.jpg HTTP/1.1" 206 500 "https://news365.stream/?C=S%3BO%3DA%2Fpage%2F17%2F%2Fpage%2F2%2F%2Fpage%2F3%2F%2Fpage%2F17%2F%2Fpage%2F17%2F%2Fpage%2F2%2F%2Fpage%2F17%2F%2Fpage%2F17%2F%2Fpage%2F2%2F%2Fpage%2F3%2F%2Fpage%2F17%2F%2Fpage%2F3%2F%2Fpage%2F3%2F%2Fpage%2F2%2F%2Fpage%2F2%2F%2Fpage%2F3%2F%2Fpage%2F3%2F%2Fpage%2F17%2F%2Fpage%2F2%2F%2Fpage%2F3%2F%2Fpage%2F3%2F" "Mozilla/5.0 (Linux; Android 5.0) AppleWebKit/537.36 (KHTML, like Gecko) Mobile Safari/537.36 (compatible; Bytespider; spider-feedback@bytedance.com)"
47.128.40.3 - - [05/Apr/2026:17:43:16 +0200] "GET /wp-content/uploads/2018/01/660_d3e599e12407136d6310ff7579567e47-375x195.jpg HTTP/1.1" 206 500 "https://news365.stream/?C=S%3BO%3DA%2Fpage%2F17%2F%2Fpage%2F2%2F%2Fpage%2F3%2F%2Fpage%2F17%2F%2Fpage%2F17%2F%2Fpage%2F2%2F%2Fpage%2F17%2F%2Fpage%2F17%2F%2Fpage%2F2%2F%2Fpage%2F3%2F%2Fpage%2F17%2F%2Fpage%2F3%2F%2Fpage%2F3%2F%2Fpage%2F2%2F%2Fpage%2F2%2F%2Fpage%2F3%2F%2Fpage%2F3%2F%2Fpage%2F17%2F%2Fpage%2F2%2F%2Fpage%2F3%2F%2Fpage%2F3%2F" "Mozilla/5.0 (Linux; Android 5.0) AppleWebKit/537.36 (KHTML, like Gecko) Mobile Safari/537.36 (compatible; Bytespider; spider-feedback@bytedance.com)"
47.128.40.3 - - [05/Apr/2026:17:43:16 +0200] "GET /wp-content/uploads/2024/01/imoti-pensii-380x260.jpg HTTP/1.1" 206 500 "https://news365.stream/?C=S%3BO%3DA%2Fpage%2F17%2F%2Fpage%2F2%2F%2Fpage%2F3%2F%2Fpage%2F17%2F%2Fpage%2F17%2F%2Fpage%2F2%2F%2Fpage%2F17%2F%2Fpage%2F17%2F%2Fpage%2F2%2F%2Fpage%2F3%2F%2Fpage%2F17%2F%2Fpage%2F3%2F%2Fpage%2F3%2F%2Fpage%2F2%2F%2Fpage%2F2%2F%2Fpage%2F3%2F%2Fpage%2F3%2F%2Fpage%2F17%2F%2Fpage%2F2%2F%2Fpage%2F3%2F%2Fpage%2F3%2F" "Mozilla/5.0 (Linux; Android 5.0) AppleWebKit/537.36 (KHTML, like Gecko) Mobile Safari/537.36 (compatible; Bytespider; spider-feedback@bytedance.com)"
47.128.40.3 - - [05/Apr/2026:17:43:16 +0200] "GET /wp-content/uploads/2022/02/stefan-proynov-gold-coins-380x260.jpg HTTP/1.1" 206 500 "https://news365.stream/?C=S%3BO%3DA%2Fpage%2F17%2F%2Fpage%2F2%2F%2Fpage%2F3%2F%2Fpage%2F17%2F%2Fpage%2F17%2F%2Fpage%2F2%2F%2Fpage%2F17%2F%2Fpage%2F17%2F%2Fpage%2F2%2F%2Fpage%2F3%2F%2Fpage%2F17%2F%2Fpage%2F3%2F%2Fpage%2F3%2F%2Fpage%2F2%2F%2Fpage%2F2%2F%2Fpage%2F3%2F%2Fpage%2F3%2F%2Fpage%2F17%2F%2Fpage%2F2%2F%2Fpage%2F3%2F%2Fpage%2F3%2F" "Mozilla/5.0 (Linux; Android 5.0) AppleWebKit/537.36 (KHTML, like Gecko) Mobile Safari/537.36 (compatible; Bytespider; spider-feedback@bytedance.com)"
47.128.40.3 - - [05/Apr/2026:17:43:17 +0200] "GET /wp-content/uploads/2021/10/ngc-bg-380x260.jpg HTTP/1.1" 206 500 "https://news365.stream/?C=S%3BO%3DA%2Fpage%2F17%2F%2Fpage%2F2%2F%2Fpage%2F3%2F%2Fpage%2F17%2F%2Fpage%2F17%2F%2Fpage%2F2%2F%2Fpage%2F17%2F%2Fpage%2F17%2F%2Fpage%2F2%2F%2Fpage%2F3%2F%2Fpage%2F17%2F%2Fpage%2F3%2F%2Fpage%2F3%2F%2Fpage%2F2%2F%2Fpage%2F2%2F%2Fpage%2F3%2F%2Fpage%2F3%2F%2Fpage%2F17%2F%2Fpage%2F2%2F%2Fpage%2F3%2F%2Fpage%2F3%2F" "Mozilla/5.0 (Linux; Android 5.0) AppleWebKit/537.36 (KHTML, like Gecko) Mobile Safari/537.36 (compatible; Bytespider; spider-feedback@bytedance.com)"
47.128.40.3 - - [05/Apr/2026:17:43:17 +0200] "GET /wp-content/uploads/2017/12/154ce8e83534b7c9afb1eb3c13563039Cr40db696c2d4d365376f3e567445d5fb8-145x100.jpg HTTP/1.1" 206 500 "https://news365.stream/?C=S%3BO%3DA%2Fpage%2F17%2F%2Fpage%2F2%2F%2Fpage%2F3%2F%2Fpage%2F17%2F%2Fpage%2F17%2F%2Fpage%2F2%2F%2Fpage%2F17%2F%2Fpage%2F17%2F%2Fpage%2F2%2F%2Fpage%2F3%2F%2Fpage%2F17%2F%2Fpage%2F3%2F%2Fpage%2F3%2F%2Fpage%2F2%2F%2Fpage%2F2%2F%2Fpage%2F3%2F%2Fpage%2F3%2F%2Fpage%2F17%2F%2Fpage%2F2%2F%2Fpage%2F3%2F%2Fpage%2F3%2F" "Mozilla/5.0 (Linux; Android 5.0) AppleWebKit/537.36 (KHTML, like Gecko) Mobile Safari/537.36 (compatible; Bytespider; spider-feedback@bytedance.com)"
47.128.40.3 - - [05/Apr/2026:17:43:17 +0200] "GET /wp-content/uploads/2018/09/dededddd-145x100.jpg HTTP/1.1" 206 500 "https://news365.stream/?C=S%3BO%3DA%2Fpage%2F17%2F%2Fpage%2F2%2F%2Fpage%2F3%2F%2Fpage%2F17%2F%2Fpage%2F17%2F%2Fpage%2F2%2F%2Fpage%2F17%2F%2Fpage%2F17%2F%2Fpage%2F2%2F%2Fpage%2F3%2F%2Fpage%2F17%2F%2Fpage%2F3%2F%2Fpage%2F3%2F%2Fpage%2F2%2F%2Fpage%2F2%2F%2Fpage%2F3%2F%2Fpage%2F3%2F%2Fpage%2F17%2F%2Fpage%2F2%2F%2Fpage%2F3%2F%2Fpage%2F3%2F" "Mozilla/5.0 (Linux; Android 5.0) AppleWebKit/537.36 (KHTML, like Gecko) Mobile Safari/537.36 (compatible; Bytespider; spider-feedback@bytedance.com)"
47.128.40.3 - - [05/Apr/2026:17:43:17 +0200] "GET /wp-content/uploads/2018/01/Ekaterina-Zaharieva-1-1-145x100.jpg HTTP/1.1" 206 500 "https://news365.stream/?C=S%3BO%3DA%2Fpage%2F17%2F%2Fpage%2F2%2F%2Fpage%2F3%2F%2Fpage%2F17%2F%2Fpage%2F17%2F%2Fpage%2F2%2F%2Fpage%2F17%2F%2Fpage%2F17%2F%2Fpage%2F2%2F%2Fpage%2F3%2F%2Fpage%2F17%2F%2Fpage%2F3%2F%2Fpage%2F3%2F%2Fpage%2F2%2F%2Fpage%2F2%2F%2Fpage%2F3%2F%2Fpage%2F3%2F%2Fpage%2F17%2F%2Fpage%2F2%2F%2Fpage%2F3%2F%2Fpage%2F3%2F" "Mozilla/5.0 (Linux; Android 5.0) AppleWebKit/537.36 (KHTML, like Gecko) Mobile Safari/537.36 (compatible; Bytespider; spider-feedback@bytedance.com)"
47.128.40.3 - - [05/Apr/2026:17:43:17 +0200] "GET /wp-content/uploads/2018/07/sad-380x260.jpg HTTP/1.1" 206 500 "https://news365.stream/?C=S%3BO%3DA%2Fpage%2F17%2F%2Fpage%2F2%2F%2Fpage%2F3%2F%2Fpage%2F17%2F%2Fpage%2F17%2F%2Fpage%2F2%2F%2Fpage%2F17%2F%2Fpage%2F17%2F%2Fpage%2F2%2F%2Fpage%2F3%2F%2Fpage%2F17%2F%2Fpage%2F3%2F%2Fpage%2F3%2F%2Fpage%2F2%2F%2Fpage%2F2%2F%2Fpage%2F3%2F%2Fpage%2F3%2F%2Fpage%2F17%2F%2Fpage%2F2%2F%2Fpage%2F3%2F%2Fpage%2F3%2F" "Mozilla/5.0 (Linux; Android 5.0) AppleWebKit/537.36 (KHTML, like Gecko) Mobile Safari/537.36 (compatible; Bytespider; spider-feedback@bytedance.com)"
47.128.40.3 - - [05/Apr/2026:17:43:17 +0200] "GET /wp-content/uploads/2018/01/26234870_1580787058681572_42822968_n-145x100.jpg HTTP/1.1" 206 500 "https://news365.stream/?C=S%3BO%3DA%2Fpage%2F17%2F%2Fpage%2F2%2F%2Fpage%2F3%2F%2Fpage%2F17%2F%2Fpage%2F17%2F%2Fpage%2F2%2F%2Fpage%2F17%2F%2Fpage%2F17%2F%2Fpage%2F2%2F%2Fpage%2F3%2F%2Fpage%2F17%2F%2Fpage%2F3%2F%2Fpage%2F3%2F%2Fpage%2F2%2F%2Fpage%2F2%2F%2Fpage%2F3%2F%2Fpage%2F3%2F%2Fpage%2F17%2F%2Fpage%2F2%2F%2Fpage%2F3%2F%2Fpage%2F3%2F" "Mozilla/5.0 (Linux; Android 5.0) AppleWebKit/537.36 (KHTML, like Gecko) Mobile Safari/537.36 (compatible; Bytespider; spider-feedback@bytedance.com)"
47.128.40.3 - - [05/Apr/2026:17:43:17 +0200] "GET /wp-content/uploads/2018/03/%D0%BA%D0%B0%D0%BB%D0%B8%D0%B5%D0%B2-%D0%BF%D0%B5%D1%80%D0%BC%D0%B0%D0%BD%D0%B3%D0%B0%D0%BD%D0%B0%D1%82-145x100.jpg HTTP/1.1" 206 500 "https://news365.stream/?C=S%3BO%3DA%2Fpage%2F17%2F%2Fpage%2F2%2F%2Fpage%2F3%2F%2Fpage%2F17%2F%2Fpage%2F17%2F%2Fpage%2F2%2F%2Fpage%2F17%2F%2Fpage%2F17%2F%2Fpage%2F2%2F%2Fpage%2F3%2F%2Fpage%2F17%2F%2Fpage%2F3%2F%2Fpage%2F3%2F%2Fpage%2F2%2F%2Fpage%2F2%2F%2Fpage%2F3%2F%2Fpage%2F3%2F%2Fpage%2F17%2F%2Fpage%2F2%2F%2Fpage%2F3%2F%2Fpage%2F3%2F" "Mozilla/5.0 (Linux; Android 5.0) AppleWebKit/537.36 (KHTML, like Gecko) Mobile Safari/537.36 (compatible; Bytespider; spider-feedback@bytedance.com)"
47.128.40.3 - - [05/Apr/2026:17:43:17 +0200] "GET /wp-content/uploads/2018/06/655-402-bylgariia-karta-145x100.jpg HTTP/1.1" 206 500 "https://news365.stream/?C=S%3BO%3DA%2Fpage%2F17%2F%2Fpage%2F2%2F%2Fpage%2F3%2F%2Fpage%2F17%2F%2Fpage%2F17%2F%2Fpage%2F2%2F%2Fpage%2F17%2F%2Fpage%2F17%2F%2Fpage%2F2%2F%2Fpage%2F3%2F%2Fpage%2F17%2F%2Fpage%2F3%2F%2Fpage%2F3%2F%2Fpage%2F2%2F%2Fpage%2F2%2F%2Fpage%2F3%2F%2Fpage%2F3%2F%2Fpage%2F17%2F%2Fpage%2F2%2F%2Fpage%2F3%2F%2Fpage%2F3%2F" "Mozilla/5.0 (Linux; Android 5.0) AppleWebKit/537.36 (KHTML, like Gecko) Mobile Safari/537.36 (compatible; Bytespider; spider-feedback@bytedance.com)"
47.128.40.3 - - [05/Apr/2026:17:43:17 +0200] "GET /wp-content/uploads/2022/02/stefan-proynov-gold-coins-145x100.jpg HTTP/1.1" 206 500 "https://news365.stream/?C=S%3BO%3DA%2Fpage%2F17%2F%2Fpage%2F2%2F%2Fpage%2F3%2F%2Fpage%2F17%2F%2Fpage%2F17%2F%2Fpage%2F2%2F%2Fpage%2F17%2F%2Fpage%2F17%2F%2Fpage%2F2%2F%2Fpage%2F3%2F%2Fpage%2F17%2F%2Fpage%2F3%2F%2Fpage%2F3%2F%2Fpage%2F2%2F%2Fpage%2F2%2F%2Fpage%2F3%2F%2Fpage%2F3%2F%2Fpage%2F17%2F%2Fpage%2F2%2F%2Fpage%2F3%2F%2Fpage%2F3%2F" "Mozilla/5.0 (Linux; Android 5.0) AppleWebKit/537.36 (KHTML, like Gecko) Mobile Safari/537.36 (compatible; Bytespider; spider-feedback@bytedance.com)"
47.128.40.3 - - [05/Apr/2026:17:43:17 +0200] "GET /wp-content/uploads/2018/02/phpgqqyyw_800x_-145x100.jpg HTTP/1.1" 206 500 "https://news365.stream/?C=S%3BO%3DA%2Fpage%2F17%2F%2Fpage%2F2%2F%2Fpage%2F3%2F%2Fpage%2F17%2F%2Fpage%2F17%2F%2Fpage%2F2%2F%2Fpage%2F17%2F%2Fpage%2F17%2F%2Fpage%2F2%2F%2Fpage%2F3%2F%2Fpage%2F17%2F%2Fpage%2F3%2F%2Fpage%2F3%2F%2Fpage%2F2%2F%2Fpage%2F2%2F%2Fpage%2F3%2F%2Fpage%2F3%2F%2Fpage%2F17%2F%2Fpage%2F2%2F%2Fpage%2F3%2F%2Fpage%2F3%2F" "Mozilla/5.0 (Linux; Android 5.0) AppleWebKit/537.36 (KHTML, like Gecko) Mobile Safari/537.36 (compatible; Bytespider; spider-feedback@bytedance.com)"
161.97.137.93 - - [05/Apr/2026:17:43:38 +0200] "POST /wp-cron.php?doing_wp_cron=1775403818.1484129428863525390625 HTTP/1.1" 404 9757 "https://news365.stream/wp-cron.php?doing_wp_cron=1775403818.1484129428863525390625" "WordPress/4.9.26; https://news365.stream"
47.128.40.246 - - [05/Apr/2026:17:43:38 +0200] "GET /?C=S%3BO=A%2Fpage%2F2%2F%2Fpage%2F2%2F%2Fpage%2F3%2F%2Fpage%2F3%2F%2Fpage%2F17%2F%2Fpage%2F3%2F%2Fpage%2F3%2F%2Fpage%2F3%2F%2Fpage%2F2%2F%2Fpage%2F17%2F%2Fpage%2F2%2F%2Fpage%2F3%2F%2Fpage%2F3%2F%2Fpage%2F3%2F%2Fpage%2F2%2F%2Fpage%2F17%2F%2Fpage%2F3%2F%2Fpage%2F2%2F%2Fpage%2F3%2F%2Fpage%2F17%2F%2Fpage%2F2%2F%2Fpage%2F2%2F%2Fpage%2F3%2F%2Fpage%2F17%2F%2Fpage%2F3%2F%2Fpage%2F17%2F%2Fpage%2F3%2F%2Fpage%2F3%2F%2Fpage%2F2%2F%2Fpage%2F2%2F HTTP/1.1" 301 0 "-" "Mozilla/5.0 (Linux; Android 5.0) AppleWebKit/537.36 (KHTML, like Gecko) Mobile Safari/537.36 (compatible; Bytespider; spider-feedback@bytedance.com)"
47.128.40.246 - - [05/Apr/2026:17:43:42 +0200] "GET /?C=S%3BO%3DA%2Fpage%2F2%2F%2Fpage%2F2%2F%2Fpage%2F3%2F%2Fpage%2F3%2F%2Fpage%2F17%2F%2Fpage%2F3%2F%2Fpage%2F3%2F%2Fpage%2F3%2F%2Fpage%2F2%2F%2Fpage%2F17%2F%2Fpage%2F2%2F%2Fpage%2F3%2F%2Fpage%2F3%2F%2Fpage%2F3%2F%2Fpage%2F2%2F%2Fpage%2F17%2F%2Fpage%2F3%2F%2Fpage%2F2%2F%2Fpage%2F3%2F%2Fpage%2F17%2F%2Fpage%2F2%2F%2Fpage%2F2%2F%2Fpage%2F3%2F%2Fpage%2F17%2F%2Fpage%2F3%2F%2Fpage%2F17%2F%2Fpage%2F3%2F%2Fpage%2F3%2F%2Fpage%2F2%2F%2Fpage%2F2%2F HTTP/1.1" 200 19061 "-" "Mozilla/5.0 (Linux; Android 5.0) AppleWebKit/537.36 (KHTML, like Gecko) Mobile Safari/537.36 (compatible; Bytespider; spider-feedback@bytedance.com)"
47.128.40.246 - - [05/Apr/2026:17:43:48 +0200] "GET /wp-content/plugins/mashsharer/assets/css/mashsb.min.css?ver=3.7.9 HTTP/1.1" 200 27496 "https://news365.stream/?C=S%3BO%3DA%2Fpage%2F2%2F%2Fpage%2F2%2F%2Fpage%2F3%2F%2Fpage%2F3%2F%2Fpage%2F17%2F%2Fpage%2F3%2F%2Fpage%2F3%2F%2Fpage%2F3%2F%2Fpage%2F2%2F%2Fpage%2F17%2F%2Fpage%2F2%2F%2Fpage%2F3%2F%2Fpage%2F3%2F%2Fpage%2F3%2F%2Fpage%2F2%2F%2Fpage%2F17%2F%2Fpage%2F3%2F%2Fpage%2F2%2F%2Fpage%2F3%2F%2Fpage%2F17%2F%2Fpage%2F2%2F%2Fpage%2F2%2F%2Fpage%2F3%2F%2Fpage%2F17%2F%2Fpage%2F3%2F%2Fpage%2F17%2F%2Fpage%2F3%2F%2Fpage%2F3%2F%2Fpage%2F2%2F%2Fpage%2F2%2F" "Mozilla/5.0 (Linux; Android 5.0) AppleWebKit/537.36 (KHTML, like Gecko) Mobile Safari/537.36 (compatible; Bytespider; spider-feedback@bytedance.com)"
43.165.70.220 - - [05/Apr/2026:17:43:56 +0200] "GET / HTTP/1.1" 200 24774 "http://www.news365.stream" "Mozilla/5.0 (iPhone; CPU iPhone OS 13_2_3 like Mac OS X) AppleWebKit/605.1.15 (KHTML, like Gecko) Version/13.0.3 Mobile/15E148 Safari/604.1"
38.25.62.176 - - [05/Apr/2026:17:44:33 +0200] "GET /category/word/ HTTP/1.1" 200 14118 "-" "Mozilla/5.0 (X11; Linux x86_64) AppleWebKit/531.0 (KHTML, like Gecko) Chrome/39.0.842.0 Safari/531.0"
161.97.137.93 - - [05/Apr/2026:17:45:34 +0200] "POST /wp-cron.php?doing_wp_cron=1775403934.1665771007537841796875 HTTP/1.1" 404 9751 "https://news365.stream/wp-cron.php?doing_wp_cron=1775403934.1665771007537841796875" "WordPress/4.9.26; https://news365.stream"
185.191.171.9 - - [05/Apr/2026:17:45:35 +0200] "GET /aoc-just-society-proposal-includes-welfare-illegals-national-rent-control/ HTTP/1.1" 200 19042 "-" "Mozilla/5.0 (compatible; SemrushBot/7~bl; +http://www.semrush.com/bot.html)"
47.128.40.252 - - [05/Apr/2026:17:47:20 +0200] "GET /?C=M%3BO=A%2Fpage%2F2%2F%2Fpage%2F2%2F%2Fpage%2F2%2F%2Fpage%2F3%2F%2Fpage%2F2%2F%2Fpage%2F17%2F%2Fpage%2F3%2F%2Fpage%2F2%2F%2Fpage%2F3%2F%2Fpage%2F2%2F%2Fpage%2F3%2F%2Fpage%2F2%2F%2Fpage%2F3%2F%2Fpage%2F17%2F%2Fpage%2F3%2F%2Fpage%2F17%2F%2Fpage%2F2%2F%2Fpage%2F17%2F%2Fpage%2F2%2F%2Fpage%2F3%2F%2Fpage%2F3%2F%2Fpage%2F2%2F HTTP/1.1" 301 0 "-" "Mozilla/5.0 (Linux; Android 5.0) AppleWebKit/537.36 (KHTML, like Gecko) Mobile Safari/537.36 (compatible; Bytespider; spider-feedback@bytedance.com)"
47.128.40.252 - - [05/Apr/2026:17:47:20 +0200] "GET /?C=M%3BO%3DA%2Fpage%2F2%2F%2Fpage%2F2%2F%2Fpage%2F2%2F%2Fpage%2F3%2F%2Fpage%2F2%2F%2Fpage%2F17%2F%2Fpage%2F3%2F%2Fpage%2F2%2F%2Fpage%2F3%2F%2Fpage%2F2%2F%2Fpage%2F3%2F%2Fpage%2F2%2F%2Fpage%2F3%2F%2Fpage%2F17%2F%2Fpage%2F3%2F%2Fpage%2F17%2F%2Fpage%2F2%2F%2Fpage%2F17%2F%2Fpage%2F2%2F%2Fpage%2F3%2F%2Fpage%2F3%2F%2Fpage%2F2%2F HTTP/1.1" 200 20040 "-" "Mozilla/5.0 (Linux; Android 5.0) AppleWebKit/537.36 (KHTML, like Gecko) Mobile Safari/537.36 (compatible; Bytespider; spider-feedback@bytedance.com)"
161.97.137.93 - - [05/Apr/2026:17:47:26 +0200] "POST /wp-cron.php?doing_wp_cron=1775404046.4371199607849121093750 HTTP/1.1" 404 9906 "https://news365.stream/wp-cron.php?doing_wp_cron=1775404046.4371199607849121093750" "WordPress/4.9.26; https://news365.stream"
47.128.40.255 - - [05/Apr/2026:17:47:26 +0200] "GET /?C=N%3BO=D%2Fpage%2F3%2F%2Fpage%2F2%2F%2Fpage%2F2%2F%2Fpage%2F17%2F%2Fpage%2F2%2F%2Fpage%2F3%2F%2Fpage%2F3%2F%2Fpage%2F17%2F%2Fpage%2F17%2F%2Fpage%2F3%2F%2Fpage%2F2%2F%2Fpage%2F17%2F%2Fpage%2F3%2F%2Fpage%2F2%2F%2Fpage%2F3%2F HTTP/1.1" 301 0 "-" "Mozilla/5.0 (Linux; Android 5.0) AppleWebKit/537.36 (KHTML, like Gecko) Mobile Safari/537.36 (compatible; Bytespider; spider-feedback@bytedance.com)"
47.128.40.255 - - [05/Apr/2026:17:47:43 +0200] "GET /?C=N%3BO%3DD%2Fpage%2F3%2F%2Fpage%2F2%2F%2Fpage%2F2%2F%2Fpage%2F17%2F%2Fpage%2F2%2F%2Fpage%2F3%2F%2Fpage%2F3%2F%2Fpage%2F17%2F%2Fpage%2F17%2F%2Fpage%2F3%2F%2Fpage%2F2%2F%2Fpage%2F17%2F%2Fpage%2F3%2F%2Fpage%2F2%2F%2Fpage%2F3%2F HTTP/1.1" 200 19154 "-" "Mozilla/5.0 (Linux; Android 5.0) AppleWebKit/537.36 (KHTML, like Gecko) Mobile Safari/537.36 (compatible; Bytespider; spider-feedback@bytedance.com)"
47.128.40.252 - - [05/Apr/2026:17:47:43 +0200] "GET /wp-content/uploads/2018/08/1939775999-375x195.jpg HTTP/1.1" 206 500 "https://news365.stream/?C=M%3BO%3DA%2Fpage%2F2%2F%2Fpage%2F2%2F%2Fpage%2F2%2F%2Fpage%2F3%2F%2Fpage%2F2%2F%2Fpage%2F17%2F%2Fpage%2F3%2F%2Fpage%2F2%2F%2Fpage%2F3%2F%2Fpage%2F2%2F%2Fpage%2F3%2F%2Fpage%2F2%2F%2Fpage%2F3%2F%2Fpage%2F17%2F%2Fpage%2F3%2F%2Fpage%2F17%2F%2Fpage%2F2%2F%2Fpage%2F17%2F%2Fpage%2F2%2F%2Fpage%2F3%2F%2Fpage%2F3%2F%2Fpage%2F2%2F" "Mozilla/5.0 (Linux; Android 5.0) AppleWebKit/537.36 (KHTML, like Gecko) Mobile Safari/537.36 (compatible; Bytespider; spider-feedback@bytedance.com)"
47.128.40.252 - - [05/Apr/2026:17:47:46 +0200] "GET /wp-content/uploads/2018/01/85581_660_370-145x100.jpg HTTP/1.1" 206 500 "https://news365.stream/?C=M%3BO%3DA%2Fpage%2F2%2F%2Fpage%2F2%2F%2Fpage%2F2%2F%2Fpage%2F3%2F%2Fpage%2F2%2F%2Fpage%2F17%2F%2Fpage%2F3%2F%2Fpage%2F2%2F%2Fpage%2F3%2F%2Fpage%2F2%2F%2Fpage%2F3%2F%2Fpage%2F2%2F%2Fpage%2F3%2F%2Fpage%2F17%2F%2Fpage%2F3%2F%2Fpage%2F17%2F%2Fpage%2F2%2F%2Fpage%2F17%2F%2Fpage%2F2%2F%2Fpage%2F3%2F%2Fpage%2F3%2F%2Fpage%2F2%2F" "Mozilla/5.0 (Linux; Android 5.0) AppleWebKit/537.36 (KHTML, like Gecko) Mobile Safari/537.36 (compatible; Bytespider; spider-feedback@bytedance.com)"
18.204.152.114 - - [05/Apr/2026:17:47:47 +0200] "GET /global-britain-is-missing-in-action/ HTTP/1.1" 200 20777 "-" "Mozilla/5.0 AppleWebKit/537.36 (KHTML, like Gecko; compatible; Amazonbot/0.1; +https://developer.amazon.com/support/amazonbot) Chrome/119.0.6045.214 Safari/537.36"
47.128.40.252 - - [05/Apr/2026:17:47:47 +0200] "GET /wp-content/uploads/2018/02/f671d98f35e69df8c2a823824365b362-145x100.jpg HTTP/1.1" 206 500 "https://news365.stream/?C=M%3BO%3DA%2Fpage%2F2%2F%2Fpage%2F2%2F%2Fpage%2F2%2F%2Fpage%2F3%2F%2Fpage%2F2%2F%2Fpage%2F17%2F%2Fpage%2F3%2F%2Fpage%2F2%2F%2Fpage%2F3%2F%2Fpage%2F2%2F%2Fpage%2F3%2F%2Fpage%2F2%2F%2Fpage%2F3%2F%2Fpage%2F17%2F%2Fpage%2F3%2F%2Fpage%2F17%2F%2Fpage%2F2%2F%2Fpage%2F17%2F%2Fpage%2F2%2F%2Fpage%2F3%2F%2Fpage%2F3%2F%2Fpage%2F2%2F" "Mozilla/5.0 (Linux; Android 5.0) AppleWebKit/537.36 (KHTML, like Gecko) Mobile Safari/537.36 (compatible; Bytespider; spider-feedback@bytedance.com)"
47.128.40.255 - - [05/Apr/2026:17:47:50 +0200] "GET /wp-content/plugins/facebook-button-plugin/css/style.css?ver=4.9.26 HTTP/1.1" 200 268 "https://news365.stream/?C=N%3BO%3DD%2Fpage%2F3%2F%2Fpage%2F2%2F%2Fpage%2F2%2F%2Fpage%2F17%2F%2Fpage%2F2%2F%2Fpage%2F3%2F%2Fpage%2F3%2F%2Fpage%2F17%2F%2Fpage%2F17%2F%2Fpage%2F3%2F%2Fpage%2F2%2F%2Fpage%2F17%2F%2Fpage%2F3%2F%2Fpage%2F2%2F%2Fpage%2F3%2F" "Mozilla/5.0 (Linux; Android 5.0) AppleWebKit/537.36 (KHTML, like Gecko) Mobile Safari/537.36 (compatible; Bytespider; spider-feedback@bytedance.com)"
47.128.40.255 - - [05/Apr/2026:17:47:52 +0200] "GET /wp-content/uploads/2022/07/stefan-proynov-375x195.jpg HTTP/1.1" 206 500 "https://news365.stream/?C=N%3BO%3DD%2Fpage%2F3%2F%2Fpage%2F2%2F%2Fpage%2F2%2F%2Fpage%2F17%2F%2Fpage%2F2%2F%2Fpage%2F3%2F%2Fpage%2F3%2F%2Fpage%2F17%2F%2Fpage%2F17%2F%2Fpage%2F3%2F%2Fpage%2F2%2F%2Fpage%2F17%2F%2Fpage%2F3%2F%2Fpage%2F2%2F%2Fpage%2F3%2F" "Mozilla/5.0 (Linux; Android 5.0) AppleWebKit/537.36 (KHTML, like Gecko) Mobile Safari/537.36 (compatible; Bytespider; spider-feedback@bytedance.com)"
