216.73.216.22 - - [06/Apr/2026:00:24:02 +0200] "GET /sitemap.xml HTTP/1.1" 502 150 "-" "Mozilla/5.0 AppleWebKit/537.36 (KHTML, like Gecko; compatible; ClaudeBot/1.0; +claudebot@anthropic.com)"
216.73.216.22 - - [06/Apr/2026:00:24:02 +0200] "GET /sitemap.xml HTTP/1.1" 502 150 "-" "Mozilla/5.0 AppleWebKit/537.36 (KHTML, like Gecko; compatible; ClaudeBot/1.0; +claudebot@anthropic.com)"
42.236.210.249 - - [06/Apr/2026:00:25:06 +0200] "GET / HTTP/1.1" 301 0 "http://patrioti.net/" "User-Agent:Mozilla/5.0 (Windows NT 6.1; WOW64) AppleWebKit/537.36 (KHTML, like Gecko) Chrome/50.0.2661.102 Safari/537.36"
94.74.103.125 - - [06/Apr/2026:00:26:55 +0200] "GET /category/%d0%b2%d1%8f%d1%80%d0%b0/page/2/?filter_by=random_posts HTTP/1.1" 200 21521 "-" "Mozilla/5.0 (Macintosh; Intel Mac OS X 10_15_7) AppleWebKit/537.36 (KHTML, like Gecko) Chrome/145.0.0.0 Safari/537.36"
161.97.137.93 - - [06/Apr/2026:00:30:38 +0200] "POST /wp-cron.php?doing_wp_cron=1775428237.6597468852996826171875 HTTP/1.1" 404 16593 "http://patrioti.net/wp-cron.php?doing_wp_cron=1775428237.6597468852996826171875" "WordPress/4.9.26; https://patrioti.net"
185.191.171.2 - - [06/Apr/2026:00:30:38 +0200] "GET /%D0%BB%D0%B5%D0%B3%D0%B5%D0%BD%D0%B4%D0%B0-%D0%B7%D0%B0-%D1%88%D0%B8%D1%88%D0%BC%D0%B0%D0%BD%D0%BE%D0%B2%D0%BE%D1%82%D0%BE-%D0%B4%D1%8A%D1%80%D0%B2%D0%BE/ HTTP/1.1" 200 23252 "-" "Mozilla/5.0 (compatible; SemrushBot/7~bl; +http://www.semrush.com/bot.html)"
85.208.96.210 - - [06/Apr/2026:00:33:56 +0200] "GET /%D0%BD%D0%B0-1-%D0%BC%D0%B0%D0%B9-1942-%D0%B3-%D0%B5-%D1%80%D0%BE%D0%B4%D0%B5%D0%BD-%D1%84%D1%83%D1%82%D0%B1%D0%BE%D0%BB%D0%B8%D1%81%D1%82%D1%8A%D1%82-%D1%81%D1%82%D0%B0%D0%BD%D1%87%D0%BE-%D0%B1/ HTTP/1.1" 200 23301 "-" "Mozilla/5.0 (compatible; SemrushBot/7~bl; +http://www.semrush.com/bot.html)"
85.208.96.207 - - [06/Apr/2026:00:39:06 +0200] "GET /%D0%B2-%D1%87%D0%B5%D1%82%D0%B0%D1%82%D0%B0-%D0%BD%D0%B0-%D1%85%D0%B0%D0%B4%D0%B6%D0%B8-%D0%B4%D0%B8%D0%BC%D0%B8%D1%82%D1%8A%D1%80-%D0%B8-%D1%81%D1%82%D0%B5%D1%84%D0%B0%D0%BD-%D0%BA%D0%B0%D1%80%D0%B0/ HTTP/1.1" 200 24265 "-" "Mozilla/5.0 (compatible; SemrushBot/7~bl; +http://www.semrush.com/bot.html)"
85.208.96.206 - - [06/Apr/2026:00:42:07 +0200] "GET /%D0%BD%D0%B0-12-%D1%8F%D0%BD%D1%83%D0%B0%D1%80%D0%B8-1877-%D0%B3-%D0%B5-%D1%80%D0%BE%D0%B4%D0%B5%D0%BD-%D0%B4-%D1%80-%D0%B8%D0%B2%D0%B0%D0%BD-%D0%BA%D0%B8%D0%BF%D1%80%D0%BE%D0%B2/ HTTP/1.1" 200 22709 "-" "Mozilla/5.0 (compatible; SemrushBot/7~bl; +http://www.semrush.com/bot.html)"
216.244.66.194 - - [06/Apr/2026:00:44:26 +0200] "GET /robots.txt HTTP/1.1" 200 80 "-" "Mozilla/5.0 (compatible; DotBot/1.2; +https://opensiteexplorer.org/dotbot; help@moz.com)"
85.208.96.200 - - [06/Apr/2026:00:45:54 +0200] "GET /26-%D0%BE%D0%BA%D1%82%D0%BE%D0%BC%D0%B2%D1%80%D0%B8-1954-%D0%B3-%D0%B4%D1%8A%D1%80%D0%B6%D0%B0%D0%B2%D0%BD%D0%B0%D1%82%D0%B0-%D0%BC%D1%83%D0%B7%D0%B8%D0%BA%D0%B0%D0%BB%D0%BD%D0%B0-%D0%B0%D0%BA%D0%B0/ HTTP/1.1" 200 23725 "-" "Mozilla/5.0 (compatible; SemrushBot/7~bl; +http://www.semrush.com/bot.html)"
85.208.96.205 - - [06/Apr/2026:00:48:11 +0200] "GET /%D0%BD%D0%B0-18-%D0%B0%D0%BF%D1%80%D0%B8%D0%BB-1880-%D0%B3-%D0%B5-%D1%80%D0%BE%D0%B4%D0%B5%D0%BD-%D0%B1%D1%8A%D0%BB%D0%B3%D0%B0%D1%80%D1%81%D0%BA%D0%B8%D1%8F%D1%82-%D0%BF%D0%BE%D0%BB%D0%B8%D1%82/ HTTP/1.1" 200 23395 "-" "Mozilla/5.0 (compatible; SemrushBot/7~bl; +http://www.semrush.com/bot.html)"
161.97.137.93 - - [06/Apr/2026:00:48:32 +0200] "POST /wp-cron.php?doing_wp_cron=1775429312.1416189670562744140625 HTTP/1.1" 404 16595 "http://patrioti.net/wp-cron.php?doing_wp_cron=1775429312.1416189670562744140625" "WordPress/4.9.26; https://patrioti.net"
85.208.96.197 - - [06/Apr/2026:00:48:32 +0200] "GET /tag/%D0%B1%D1%8A%D0%B4%D0%B5%D1%82%D0%B5-%D0%B3%D0%BE%D1%80%D0%B4%D0%B8-%D0%B1%D1%8A%D0%BB%D0%B3%D0%B0%D1%80%D0%B8/page/103/ HTTP/1.1" 200 18554 "-" "Mozilla/5.0 (compatible; SemrushBot/7~bl; +http://www.semrush.com/bot.html)"
216.244.66.194 - - [06/Apr/2026:00:48:42 +0200] "GET /author/petya-petkova/ HTTP/1.1" 200 18817 "-" "Mozilla/5.0 (compatible; DotBot/1.2; +https://opensiteexplorer.org/dotbot; help@moz.com)"
85.208.96.207 - - [06/Apr/2026:00:54:55 +0200] "GET /%D0%B1%D0%B0%D1%89%D0%B0%D1%82%D0%B0-%D0%BD%D0%B0-%D0%BA%D0%B8%D1%81%D0%B5%D0%BB%D0%BE%D1%82%D0%BE-%D0%BC%D0%BB%D1%8F%D0%BA%D0%BE-%D0%B4-%D1%80-%D1%81%D1%82%D0%B0%D0%BC%D0%B5%D0%BD-%D0%B3/ HTTP/1.1" 200 24107 "-" "Mozilla/5.0 (compatible; SemrushBot/7~bl; +http://www.semrush.com/bot.html)"
161.97.137.93 - - [06/Apr/2026:00:56:00 +0200] "POST /wp-cron.php?doing_wp_cron=1775429759.7065999507904052734375 HTTP/1.1" 404 16595 "http://patrioti.net/wp-cron.php?doing_wp_cron=1775429759.7065999507904052734375" "WordPress/4.9.26; https://patrioti.net"
185.191.171.1 - - [06/Apr/2026:00:56:00 +0200] "GET /%D0%B1%D0%B5%D0%B7%D1%81%D1%82%D1%80%D0%B0%D1%88%D0%BD%D0%B8%D1%8F%D1%82-%D0%BA%D0%BE%D0%B2%D1%87%D0%B5%D0%B6%D0%BD%D0%B8%D0%BA-%D1%85%D0%B0%D0%B4%D0%B6%D0%B8-%D0%BC%D0%B8%D0%BD%D1%87%D0%BE-%D0%BA/ HTTP/1.1" 200 25146 "-" "Mozilla/5.0 (compatible; SemrushBot/7~bl; +http://www.semrush.com/bot.html)"
85.208.96.194 - - [06/Apr/2026:00:56:09 +0200] "GET /%D1%85%D1%80%D0%B0%D0%BC%D1%8A%D1%82-%D1%80%D0%BE%D0%B6%D0%B4%D0%B5%D1%81%D1%82%D0%B2%D0%BE-%D0%B1%D0%BE%D0%B3%D0%BE%D1%80%D0%BE%D0%B4%D0%B8%D1%87%D0%BD%D0%BE-%D0%B2-%D1%81%D0%B5/ HTTP/1.1" 200 23438 "-" "Mozilla/5.0 (compatible; SemrushBot/7~bl; +http://www.semrush.com/bot.html)"
161.97.137.93 - - [06/Apr/2026:00:59:19 +0200] "POST /wp-cron.php?doing_wp_cron=1775429959.2673099040985107421875 HTTP/1.1" 404 16597 "http://patrioti.net/wp-cron.php?doing_wp_cron=1775429959.2673099040985107421875" "WordPress/4.9.26; https://patrioti.net"
185.191.171.12 - - [06/Apr/2026:00:59:19 +0200] "GET /category/%D0%BD%D0%B0-%D1%82%D0%BE%D0%B7%D0%B8-%D0%B4%D0%B5%D0%BD/page/325/ HTTP/1.1" 200 21551 "-" "Mozilla/5.0 (compatible; SemrushBot/7~bl; +http://www.semrush.com/bot.html)"
216.73.216.22 - - [06/Apr/2026:00:59:48 +0200] "GET /%D0%BD%D0%B0-23-%D1%84%D0%B5%D0%B2%D1%80%D1%83%D0%B0%D1%80%D0%B8-1871-%D0%B3-%D0%B2-%D1%86%D0%B0%D1%80%D0%B8%D0%B3%D1%80%D0%B0%D0%B4-%D0%B5-%D1%81%D0%B2%D0%B8%D0%BA%D0%B0%D0%BD-%D0%BF%D1%8A%D1%80/whatsapp:/send HTTP/1.1" 404 16595 "-" "Mozilla/5.0 AppleWebKit/537.36 (KHTML, like Gecko; compatible; ClaudeBot/1.0; +claudebot@anthropic.com)"
216.73.216.22 - - [06/Apr/2026:01:00:11 +0200] "GET /%D0%BA%D1%83%D0%BB%D0%B0%D1%82%D0%B0-%D1%81-%D1%87%D0%B5%D1%80%D0%B5%D0%BF%D0%B8%D1%82%D0%B5-%D0%BC%D0%BE%D0%BD%D1%83%D0%BC%D0%B5%D0%BD%D1%82%D1%8A%D1%82-%D0%BD%D0%B0-%D0%BE%D1%81%D0%BC HTTP/1.1" 301 0 "-" "Mozilla/5.0 AppleWebKit/537.36 (KHTML, like Gecko; compatible; ClaudeBot/1.0; +claudebot@anthropic.com)"
216.73.216.22 - - [06/Apr/2026:01:00:12 +0200] "GET /%D0%BA%D1%83%D0%BB%D0%B0%D1%82%D0%B0-%D1%81-%D1%87%D0%B5%D1%80%D0%B5%D0%BF%D0%B8%D1%82%D0%B5-%D0%BC%D0%BE%D0%BD%D1%83%D0%BC%D0%B5%D0%BD%D1%82%D1%8A%D1%82-%D0%BD%D0%B0-%D0%BE%D1%81%D0%BC/ HTTP/1.1" 200 27048 "http://patrioti.net/%D0%BA%D1%83%D0%BB%D0%B0%D1%82%D0%B0-%D1%81-%D1%87%D0%B5%D1%80%D0%B5%D0%BF%D0%B8%D1%82%D0%B5-%D0%BC%D0%BE%D0%BD%D1%83%D0%BC%D0%B5%D0%BD%D1%82%D1%8A%D1%82-%D0%BD%D0%B0-%D0%BE%D1%81%D0%BC" "Mozilla/5.0 AppleWebKit/537.36 (KHTML, like Gecko; compatible; ClaudeBot/1.0; +claudebot@anthropic.com)"
85.208.96.198 - - [06/Apr/2026:01:00:29 +0200] "GET /tag/%D0%BF%D0%B0%D1%82%D1%80%D0%B8%D0%BE%D1%82%D0%B8%D1%87%D0%BD%D0%B8-%D0%B4%D0%B5%D0%BB%D0%B0/page/373/ HTTP/1.1" 200 18965 "-" "Mozilla/5.0 (compatible; SemrushBot/7~bl; +http://www.semrush.com/bot.html)"
216.244.66.194 - - [06/Apr/2026:01:00:58 +0200] "GET /%D0%BD%D0%B0-%D1%82%D0%B0%D0%B7%D0%B8-%D0%B4%D0%B0%D1%82%D0%B0-21-4-753-%D0%BF%D1%80-%D0%BD-%D0%B5-%D0%B1%D1%80%D0%B0%D1%82%D1%8F%D1%82%D0%B0-%D1%80%D0%BE%D0%BC%D1%83%D0%BB-%D0%B8-%D1%80%D0%B5%D0%BC/ HTTP/1.1" 200 26148 "-" "Mozilla/5.0 (compatible; DotBot/1.2; +https://opensiteexplorer.org/dotbot; help@moz.com)"
185.191.171.13 - - [06/Apr/2026:01:01:46 +0200] "GET /%D0%B4%D0%BD%D0%B5%D1%81-%D1%81%D0%B8-%D1%81%D0%BF%D0%BE%D0%BC%D0%BD%D1%8F%D0%BC%D0%B5-%D0%B7%D0%B0-%D0%BF%D1%80%D0%BE%D1%84-%D0%B0%D1%81%D0%B5%D0%BD-%D0%B7%D0%BB%D0%B0%D1%82%D0%B0%D1%80%D0%BE%D0%B2/ HTTP/1.1" 200 23361 "-" "Mozilla/5.0 (compatible; SemrushBot/7~bl; +http://www.semrush.com/bot.html)"
185.191.171.15 - - [06/Apr/2026:01:06:21 +0200] "GET /%D0%BD%D0%B0-%D0%B4%D0%BD%D0%B5%D1%88%D0%BD%D0%B8%D1%8F-%D0%B4%D0%B5%D0%BD-%D1%81%D0%B5-%D1%80%D0%B0%D0%B6%D0%B4%D0%B0-%D0%B0%D0%BA%D1%82%D1%8C%D0%BE%D1%80%D1%8A%D1%82-%D0%B8%D0%BB%D0%B8%D1%8F-%D1%80/ HTTP/1.1" 403 285 "-" "Mozilla/5.0 (compatible; SemrushBot/7~bl; +http://www.semrush.com/bot.html)"
66.249.69.128 - - [06/Apr/2026:01:09:22 +0200] "GET /robots.txt HTTP/1.1" 200 80 "-" "Mozilla/5.0 (compatible; Googlebot/2.1; +http://www.google.com/bot.html)"
66.249.69.128 - - [06/Apr/2026:01:09:24 +0200] "GET /%D0%BD%D0%B0-22-%D1%8F%D0%BD%D1%83%D0%B0%D1%80%D0%B8-1873-%D0%B3-%D1%81%D1%83%D0%BB%D1%82%D0%B0%D0%BD-%D0%B0%D0%B1%D0%B4%D1%83%D0%BB-%D0%B0%D0%B7%D0%B8%D1%81-%D0%BF%D0%BE%D1%82%D0%B2%D1%8A%D1%80/555305_549108301779459_354419369_n-2/feed/ HTTP/1.1" 200 749 "-" "Mozilla/5.0 (Linux; Android 6.0.1; Nexus 5X Build/MMB29P) AppleWebKit/537.36 (KHTML, like Gecko) Chrome/146.0.7680.177 Mobile Safari/537.36 (compatible; Googlebot/2.1; +http://www.google.com/bot.html)"
216.244.66.194 - - [06/Apr/2026:01:10:14 +0200] "GET /%D1%82%D1%80%D0%B5%D1%82%D0%B8-%D0%BC%D0%B0%D1%80%D1%82-%D0%B4%D0%B5%D0%BD%D1%8F%D1%82-%D0%BD%D0%B0-%D1%81%D0%B2%D0%BE%D0%B1%D0%BE%D0%B4%D0%B0%D1%82%D0%B0/ HTTP/1.1" 200 25075 "-" "Mozilla/5.0 (compatible; DotBot/1.2; +https://opensiteexplorer.org/dotbot; help@moz.com)"
216.244.66.194 - - [06/Apr/2026:01:10:31 +0200] "GET /%D0%B1%D1%8A%D0%BB%D0%B3%D0%B0%D1%80%D1%81%D0%BA%D0%B8%D1%8F%D1%82-%D0%BB%D1%8A%D0%B2-%D1%82%D1%8A%D0%BF%D1%87%D0%B5-%D0%BF%D0%BE%D0%BB%D1%83%D0%BC%D0%B5%D1%81%D0%B5%D1%86%D0%B0-%D0%B2-%D0%B7%D0%BD/ HTTP/1.1" 200 27401 "-" "Mozilla/5.0 (compatible; DotBot/1.2; +https://opensiteexplorer.org/dotbot; help@moz.com)"
216.244.66.194 - - [06/Apr/2026:01:10:35 +0200] "GET /%D0%BD%D0%B0-%D0%B4%D0%BD%D0%B5%D1%88%D0%BD%D0%B0%D1%82%D0%B0-%D0%B4%D0%B0%D1%82%D0%B0-%D0%B5-%D1%80%D0%BE%D0%B4%D0%B5%D0%BD%D0%B0-%D0%B1%D1%8A%D0%BB%D0%B3%D0%B0%D1%80%D1%81%D0%BA%D0%B0%D1%82%D0%B0-18/ HTTP/1.1" 200 24130 "-" "Mozilla/5.0 (compatible; DotBot/1.2; +https://opensiteexplorer.org/dotbot; help@moz.com)"
216.244.66.194 - - [06/Apr/2026:01:10:39 +0200] "GET /%D0%BD%D0%B0-4-%D0%B0%D0%B2%D0%B3%D1%83%D1%81%D1%82-%D1%83%D0%BC%D0%B8%D1%80%D0%B0-%D0%B1%D1%8A%D0%BB%D0%B3%D0%B0%D1%80%D1%81%D0%BA%D0%B8%D1%8F%D1%82-%D0%B0%D0%BA%D1%82%D1%8C%D0%BE%D1%80-%D0%BA%D0%BE/ HTTP/1.1" 200 23637 "-" "Mozilla/5.0 (compatible; DotBot/1.2; +https://opensiteexplorer.org/dotbot; help@moz.com)"
216.244.66.194 - - [06/Apr/2026:01:10:43 +0200] "GET /%D1%86%D1%8A%D1%80%D0%BA%D0%B2%D0%B0%D1%82%D0%B0-%D1%81%D0%B2-%D0%BD%D0%B8%D0%BA%D0%BE%D0%BB%D0%B0-%D0%B2-%D1%87%D0%B5%D1%80%D0%BD%D0%BE%D0%BC%D0%BE%D1%80%D0%B5%D1%86/ HTTP/1.1" 200 23970 "-" "Mozilla/5.0 (compatible; DotBot/1.2; +https://opensiteexplorer.org/dotbot; help@moz.com)"
216.244.66.194 - - [06/Apr/2026:01:10:48 +0200] "GET /%D0%BD%D0%B0-%D0%B4%D0%BD%D0%B5%D1%88%D0%BD%D0%B0%D1%82%D0%B0-%D0%B4%D0%B0%D1%82%D0%B0-%D1%83%D0%BC%D0%B8%D1%80%D0%B0-%D0%B1%D1%8A%D0%BB%D0%B3%D0%B0%D1%80%D1%81%D0%BA%D0%B8%D1%8F%D1%82-%D1%80%D0%B5-5/ HTTP/1.1" 200 23053 "-" "Mozilla/5.0 (compatible; DotBot/1.2; +https://opensiteexplorer.org/dotbot; help@moz.com)"
216.244.66.194 - - [06/Apr/2026:01:10:51 +0200] "GET /%D0%BD%D0%B0-%D0%B4%D0%BD%D0%B5%D1%88%D0%BD%D0%B8%D1%8F-%D0%B4%D0%B5%D0%BD-%D0%BF%D1%80%D0%B5%D0%B7-1939-%D0%B3-%D0%B5-%D1%80%D0%BE%D0%B4%D0%B5%D0%BD-%D0%B1%D1%8A%D0%BB%D0%B3%D0%B0%D1%80%D1%81%D0%BA/ HTTP/1.1" 200 23466 "-" "Mozilla/5.0 (compatible; DotBot/1.2; +https://opensiteexplorer.org/dotbot; help@moz.com)"
216.244.66.194 - - [06/Apr/2026:01:10:53 +0200] "GET /%D0%BD%D0%B0-2-%D0%BE%D0%BA%D1%82%D0%BE%D0%BC%D0%B2%D1%80%D0%B8-%D1%86%D1%8A%D1%80%D0%BA%D0%B2%D0%B0%D1%82%D0%B0-%D0%BF%D0%BE%D1%87%D0%B8%D1%82%D0%B0-%D1%81%D0%B2-%D0%B0%D0%BD%D0%B4%D1%80%D0%B5%D0%B9/ HTTP/1.1" 200 27132 "-" "Mozilla/5.0 (compatible; DotBot/1.2; +https://opensiteexplorer.org/dotbot; help@moz.com)"
216.244.66.194 - - [06/Apr/2026:01:10:56 +0200] "GET /%D0%BD%D0%B0-21-%D1%81%D0%B5%D0%BF%D1%82%D0%B5%D0%BC%D0%B2%D1%80%D0%B8-1881-%D0%B3-%D1%83%D0%BC%D0%B8%D1%80%D0%B0-%D0%BF%D0%BE%D0%BF-%D0%BA%D1%80%D1%8A%D1%81%D1%82%D1%8E-%D0%BD%D0%B8%D0%BA%D0%B8/ HTTP/1.1" 200 25265 "-" "Mozilla/5.0 (compatible; DotBot/1.2; +https://opensiteexplorer.org/dotbot; help@moz.com)"
161.97.137.93 - - [06/Apr/2026:01:11:07 +0200] "POST /wp-cron.php?doing_wp_cron=1775430667.1090440750122070312500 HTTP/1.1" 404 16596 "http://patrioti.net/wp-cron.php?doing_wp_cron=1775430667.1090440750122070312500" "WordPress/4.9.26; https://patrioti.net"
216.244.66.194 - - [06/Apr/2026:01:11:07 +0200] "GET /%D0%B4%D0%BD%D0%B5%D1%81-%D0%B5-%D1%80%D0%BE%D0%B4%D0%B5%D0%BD-%D0%B1%D1%8A%D0%BB%D0%B3%D0%B0%D1%80%D1%81%D0%BA%D0%B8%D1%8F%D1%82-%D0%BA%D0%B8%D0%BD%D0%BE%D1%80%D0%B5%D0%B6%D0%B8%D1%81%D1%8C%D0%BE/ HTTP/1.1" 200 23650 "-" "Mozilla/5.0 (compatible; DotBot/1.2; +https://opensiteexplorer.org/dotbot; help@moz.com)"
216.244.66.194 - - [06/Apr/2026:01:11:09 +0200] "GET /%D0%BD%D0%B0-10-%D0%BE%D0%BA%D1%82%D0%BE%D0%BC%D0%B2%D1%80%D0%B8-1996-%D0%B3-%D1%83%D0%BC%D0%B8%D1%80%D0%B0-%D0%BA%D0%BE%D1%81%D1%82%D0%B0-%D1%86%D1%8A%D1%80%D0%BD%D1%83%D1%88%D0%B0%D0%BD%D0%BE%D0%B2/ HTTP/1.1" 200 24170 "-" "Mozilla/5.0 (compatible; DotBot/1.2; +https://opensiteexplorer.org/dotbot; help@moz.com)"
216.244.66.194 - - [06/Apr/2026:01:11:10 +0200] "GET /%D0%BD%D0%B0-31-%D0%B4%D0%B5%D0%BA%D0%B5%D0%BC%D0%B2%D1%80%D0%B8-1901-%D0%B3-%D0%B5-%D1%80%D0%BE%D0%B4%D0%B5%D0%BD%D0%B0-%D0%B1%D1%8A%D0%BB%D0%B3%D0%B0%D1%80%D1%81%D0%BA%D0%B0%D1%82%D0%B0-%D0%BF/ HTTP/1.1" 200 23094 "-" "Mozilla/5.0 (compatible; DotBot/1.2; +https://opensiteexplorer.org/dotbot; help@moz.com)"
85.208.96.204 - - [06/Apr/2026:01:13:26 +0200] "GET /%D0%BD%D0%B0-22-%D0%B4%D0%B5%D0%BA%D0%B5%D0%BC%D0%B2%D1%80%D0%B8-1919-%D0%B3-%D0%B5-%D1%80%D0%BE%D0%B4%D0%B5%D0%BD%D0%B0-%D0%B1%D1%8A%D0%BB%D0%B3%D0%B0%D1%80%D1%81%D0%BA%D0%B0%D1%82%D0%B0-%D0%BF/ HTTP/1.1" 200 23415 "-" "Mozilla/5.0 (compatible; SemrushBot/7~bl; +http://www.semrush.com/bot.html)"
161.97.137.93 - - [06/Apr/2026:01:14:34 +0200] "POST /wp-cron.php?doing_wp_cron=1775430873.7967538833618164062500 HTTP/1.1" 404 16595 "http://patrioti.net/wp-cron.php?doing_wp_cron=1775430873.7967538833618164062500" "WordPress/4.9.26; https://patrioti.net"
66.249.69.128 - - [06/Apr/2026:01:14:34 +0200] "GET /%D0%BD%D0%B0-17-%D1%8F%D0%BD%D1%83%D0%B0%D1%80%D0%B8-1765-%D0%B3-%D0%B1%D0%B0%D1%89%D0%B8%D0%BD%D0%B0%D1%82%D0%B0-%D0%BA%D1%8A%D1%89%D0%B0-%D0%BD%D0%B0-%D0%BF%D0%B0%D0%B8%D1%81%D0%B8%D0%B9-%D1%85/ HTTP/1.1" 200 23516 "-" "Mozilla/5.0 (Linux; Android 6.0.1; Nexus 5X Build/MMB29P) AppleWebKit/537.36 (KHTML, like Gecko) Chrome/146.0.7680.177 Mobile Safari/537.36 (compatible; Googlebot/2.1; +http://www.google.com/bot.html)"
85.208.96.198 - - [06/Apr/2026:01:16:27 +0200] "GET /%D0%BF%D1%8A%D1%82%D0%B8%D1%89%D0%B0%D1%82%D0%B0-%D0%BD%D0%B0-%D0%B1%D1%8A%D0%BB%D0%B3%D0%B0%D1%80%D0%B8%D1%82%D0%B5-%D0%B8-%D0%BE%D1%82%D0%BD%D0%BE%D1%88%D0%B5%D0%BD%D0%B8%D1%8F%D1%82%D0%B0-%D1%81/ HTTP/1.1" 200 24571 "-" "Mozilla/5.0 (compatible; SemrushBot/7~bl; +http://www.semrush.com/bot.html)"
85.208.96.206 - - [06/Apr/2026:01:17:20 +0200] "GET /15-%D0%BC%D0%B0%D1%80%D1%82-%D0%B5-%D1%81%D0%B2%D0%B5%D1%82%D0%BE%D0%B2%D0%B5%D0%BD-%D0%B4%D0%B5%D0%BD-%D0%BD%D0%B0-%D0%BF%D0%BE%D1%82%D1%80%D0%B5%D0%B1%D0%B8%D1%82%D0%B5%D0%BB%D1%8F/ HTTP/1.1" 200 22763 "-" "Mozilla/5.0 (compatible; SemrushBot/7~bl; +http://www.semrush.com/bot.html)"
66.249.69.128 - - [06/Apr/2026:01:19:01 +0200] "GET /%D0%BD%D0%B0-17-%D1%8F%D0%BD%D1%83%D0%B0%D1%80%D0%B8-1765-%D0%B3-%D0%B1%D0%B0%D1%89%D0%B8%D0%BD%D0%B0%D1%82%D0%B0-%D0%BA%D1%8A%D1%89%D0%B0-%D0%BD%D0%B0-%D0%BF%D0%B0%D0%B8%D1%81%D0%B8%D0%B9-%D1%85/ HTTP/1.1" 200 23516 "-" "Mozilla/5.0 (Linux; Android 6.0.1; Nexus 5X Build/MMB29P) AppleWebKit/537.36 (KHTML, like Gecko) Chrome/146.0.7680.177 Mobile Safari/537.36 (compatible; GoogleOther)"
43.156.12.51 - - [06/Apr/2026:01:19:50 +0200] "GET /category/%d0%bc%d0%b0%d0%bd%d0%b0%d1%81%d1%82%d0%b8%d1%80%d0%b8/page/22/?filter_by=popular HTTP/1.1" 200 21598 "-" "Mozilla/5.0 (Windows NT 10.0; Win64; x64) AppleWebKit/537.36 (KHTML, like Gecko) Chrome/144.0.0.0 Safari/537.36"
185.191.171.4 - - [06/Apr/2026:01:20:27 +0200] "GET /%D0%BD%D0%B0-%D0%B4%D0%BD%D0%B5%D1%88%D0%BD%D0%B0%D1%82%D0%B0-%D0%B4%D0%B0%D1%82%D0%B0-%D0%B5-%D1%80%D0%BE%D0%B4%D0%B5%D0%BD-%D0%B1%D1%8A%D0%BB%D0%B3%D0%B0%D1%80%D1%81%D0%BA%D0%B8%D1%8F%D1%82-%D0%B8-4/ HTTP/1.1" 200 23929 "-" "Mozilla/5.0 (compatible; SemrushBot/7~bl; +http://www.semrush.com/bot.html)"
161.97.137.93 - - [06/Apr/2026:01:22:16 +0200] "POST /wp-cron.php?doing_wp_cron=1775431336.3347959518432617187500 HTTP/1.1" 404 16596 "http://patrioti.net/wp-cron.php?doing_wp_cron=1775431336.3347959518432617187500" "WordPress/4.9.26; https://patrioti.net"
185.191.171.13 - - [06/Apr/2026:01:22:16 +0200] "GET /%D0%BD%D0%B0-%D0%B4%D0%BD%D0%B5%D1%88%D0%BD%D0%B0%D1%82%D0%B0-%D0%B4%D0%B0%D1%82%D0%B0-%D0%B5-%D1%80%D0%BE%D0%B4%D0%B5%D0%BD-%D0%B1%D1%8A%D0%BB%D0%B3%D0%B0%D1%80%D1%81%D0%BA%D0%B8%D1%8F%D1%82-%D0%BA-7/ HTTP/1.1" 200 23976 "-" "Mozilla/5.0 (compatible; SemrushBot/7~bl; +http://www.semrush.com/bot.html)"
66.249.69.129 - - [06/Apr/2026:01:23:14 +0200] "GET /tag/%D0%B2%D1%8A%D1%82%D1%8C%D0%BE-%D1%80%D0%B0%D0%BA%D0%BE%D0%B2%D1%81%D0%BA%D0%B8/feed/ HTTP/1.1" 200 4040 "-" "Mozilla/5.0 (Linux; Android 6.0.1; Nexus 5X Build/MMB29P) AppleWebKit/537.36 (KHTML, like Gecko) Chrome/146.0.7680.177 Mobile Safari/537.36 (compatible; Googlebot/2.1; +http://www.google.com/bot.html)"
161.97.137.93 - - [06/Apr/2026:01:23:29 +0200] "POST /wp-cron.php?doing_wp_cron=1775431409.1436429023742675781250 HTTP/1.1" 404 16595 "http://patrioti.net/wp-cron.php?doing_wp_cron=1775431409.1436429023742675781250" "WordPress/4.9.26; https://patrioti.net"
66.249.69.128 - - [06/Apr/2026:01:23:29 +0200] "GET /%D0%B4%D0%BD%D0%B5%D1%81-%D0%B5-%D1%80%D0%BE%D0%B4%D0%B5%D0%BD-%D0%B1%D1%8A%D0%BB%D0%B3%D0%B0%D1%80%D1%81%D0%BA%D0%B8%D1%8F%D1%82-%D0%BE%D1%84%D0%B8%D1%86%D0%B5%D1%80-%D1%81%D0%BB%D0%B0%D0%B2%D1%87/ HTTP/1.1" 200 23332 "-" "Mozilla/5.0 (Linux; Android 6.0.1; Nexus 5X Build/MMB29P) AppleWebKit/537.36 (KHTML, like Gecko) Chrome/146.0.7680.177 Mobile Safari/537.36 (compatible; Googlebot/2.1; +http://www.google.com/bot.html)"
66.249.69.141 - - [06/Apr/2026:01:23:43 +0200] "GET /post-sitemap1.xml HTTP/1.1" 200 101702 "-" "Mozilla/5.0 (compatible; Googlebot/2.1; +http://www.google.com/bot.html)"
66.249.69.141 - - [06/Apr/2026:01:27:56 +0200] "GET /%D0%B4%D0%BD%D0%B5%D1%81-%D0%B5-%D1%80%D0%BE%D0%B4%D0%B5%D0%BD-%D0%B1%D1%8A%D0%BB%D0%B3%D0%B0%D1%80%D1%81%D0%BA%D0%B8%D1%8F%D1%82-%D0%BE%D1%84%D0%B8%D1%86%D0%B5%D1%80-%D1%81%D0%BB%D0%B0%D0%B2%D1%87/ HTTP/1.1" 200 23332 "-" "Mozilla/5.0 (Linux; Android 6.0.1; Nexus 5X Build/MMB29P) AppleWebKit/537.36 (KHTML, like Gecko) Chrome/146.0.7680.177 Mobile Safari/537.36 (compatible; GoogleOther)"
216.244.66.194 - - [06/Apr/2026:01:31:14 +0200] "GET /robots.txt HTTP/1.1" 200 80 "-" "Mozilla/5.0 (compatible; DotBot/1.2; +https://opensiteexplorer.org/dotbot; help@moz.com)"
51.83.236.11 - - [06/Apr/2026:01:31:23 +0200] "GET /%d1%82%d0%b0%d0%b7%d0%b8-%d0%b4%d0%b0%d1%82%d0%b0-28-%d0%bd%d0%be%d0%b5%d0%bc%d0%b2%d1%80%d0%b8-%d0%bf%d1%80%d0%b5%d0%b7-2007%d0%b3-%d1%83%d0%bc%d0%b8%d1%80%d0%b0-%d0%b4/ HTTP/1.1" 200 23830 "-" "Mozilla/5.0 (compatible; Googlebot/2.1; +http://www.google.com/bot.html)"
66.249.69.129 - - [06/Apr/2026:01:36:52 +0200] "GET /%D0%B4%D0%BD%D0%B5%D1%81-%D0%BE%D1%82%D0%B1%D0%B5%D0%BB%D1%8F%D0%B7%D0%B2%D0%B0%D0%BC%D0%B5-%D1%80%D0%BE%D0%B6%D0%B4%D0%B5%D0%BD%D0%B8%D0%B5%D1%82%D0%BE-%D0%BD%D0%B0-%D0%B1%D1%8A%D0%BB%D0%B3%D0%B0-22/donka_ushlinova/ HTTP/1.1" 301 0 "-" "Mozilla/5.0 (Linux; Android 6.0.1; Nexus 5X Build/MMB29P) AppleWebKit/537.36 (KHTML, like Gecko) Chrome/146.0.7680.177 Mobile Safari/537.36 (compatible; Googlebot/2.1; +http://www.google.com/bot.html)"
66.249.69.128 - - [06/Apr/2026:01:37:05 +0200] "GET /%D1%81%D0%B0%D0%BC%D0%BE%D0%BA%D0%BE%D0%B2%D1%81%D0%BA%D0%B0%D1%82%D0%B0-%D0%B8%D0%BA%D0%BE%D0%BD%D0%BE%D0%BF%D0%B8%D1%81%D0%BD%D0%B0-%D1%88%D0%BA%D0%BE%D0%BB%D0%B0-%D0%B5-%D0%B2%D1%82%D0%BE%D1%80/feed/ HTTP/1.1" 200 677 "-" "Mozilla/5.0 (Linux; Android 6.0.1; Nexus 5X Build/MMB29P) AppleWebKit/537.36 (KHTML, like Gecko) Chrome/146.0.7680.177 Mobile Safari/537.36 (compatible; Googlebot/2.1; +http://www.google.com/bot.html)"
185.191.171.18 - - [06/Apr/2026:01:41:11 +0200] "GET /%D1%87%D0%B5%D1%81%D1%82%D0%B8%D1%82-%D1%80%D0%BE%D0%B6%D0%B4%D0%B5%D0%BD-%D0%B4%D0%B5%D0%BD-%D0%BD%D0%B0-%D0%BA%D1%80%D0%B0%D1%81%D0%B8%D0%BC%D0%B8%D1%80-%D0%BA%D0%BE%D0%B5%D0%B2/ HTTP/1.1" 200 23241 "-" "Mozilla/5.0 (compatible; SemrushBot/7~bl; +http://www.semrush.com/bot.html)"
85.208.96.208 - - [06/Apr/2026:01:42:14 +0200] "GET /%D0%BD%D0%B0-19-%D0%BE%D0%BA%D1%82%D0%BE%D0%BC%D0%B2%D1%80%D0%B8-%D0%B5-%D1%80%D0%BE%D0%B4%D0%B5%D0%BD-%D0%B1%D1%8A%D0%BB%D0%B3%D0%B0%D1%80%D1%81%D0%BA%D0%B8%D1%8F%D1%82-%D0%BF%D1%80%D0%BE%D1%81%D0%B2/ HTTP/1.1" 403 285 "-" "Mozilla/5.0 (compatible; SemrushBot/7~bl; +http://www.semrush.com/bot.html)"
52.167.144.235 - - [06/Apr/2026:01:44:12 +0200] "GET /wp-content/uploads/2019/05/InSpiro-4-2010_img_101.jpg HTTP/1.1" 200 72746 "-" "Mozilla/5.0 AppleWebKit/537.36 (KHTML, like Gecko; compatible; bingbot/2.0; +http://www.bing.com/bingbot.htm) Chrome/116.0.1938.76 Safari/537.36"
66.249.69.128 - - [06/Apr/2026:01:45:47 +0200] "GET /%D0%BC%D1%83%D0%B7%D0%B5%D1%8F%D1%82-%D0%BF%D0%BE-%D0%BF%D0%B0%D0%BB%D0%B5%D0%BE%D0%BD%D1%82%D0%BE%D0%BB%D0%BE%D0%B3%D0%B8%D1%8F-%D0%B2-%D0%B3%D1%80%D0%B0%D0%B4-%D0%B5%D0%BB%D0%B5%D0%BD%D0%B0-%D1%81/ HTTP/1.1" 200 23141 "-" "Mozilla/5.0 (Linux; Android 6.0.1; Nexus 5X Build/MMB29P) AppleWebKit/537.36 (KHTML, like Gecko) Chrome/146.0.7680.177 Mobile Safari/537.36 (compatible; GoogleOther)"
52.167.144.25 - - [06/Apr/2026:01:46:05 +0200] "GET /tag/20-%D1%84%D0%B5%D0%B2%D1%80%D1%83%D0%B0%D1%80%D0%B8-%D1%86%D1%8A%D1%80%D0%BA%D0%B2%D0%B0%D1%82%D0%B0-%D0%BF%D0%BE%D1%87%D0%B8%D1%82%D0%B0-%D1%81%D0%B2-%D0%B0%D0%B3%D0%B0%D1%82%D0%BE%D0%BD/ HTTP/1.1" 200 16901 "-" "Mozilla/5.0 AppleWebKit/537.36 (KHTML, like Gecko; compatible; bingbot/2.0; +http://www.bing.com/bingbot.htm) Chrome/116.0.1938.76 Safari/537.36"
161.97.137.93 - - [06/Apr/2026:01:47:27 +0200] "POST /wp-cron.php?doing_wp_cron=1775432847.6051208972930908203125 HTTP/1.1" 404 16593 "http://patrioti.net/wp-cron.php?doing_wp_cron=1775432847.6051208972930908203125" "WordPress/4.9.26; https://patrioti.net"
85.208.96.205 - - [06/Apr/2026:01:47:28 +0200] "GET /%D0%B7%D0%BE%D0%B3%D1%80%D0%B0%D1%84%D1%81%D0%BA%D0%B8%D1%8F%D1%82-%D0%BC%D0%B0%D0%BD%D0%B0%D1%81%D1%82%D0%B8%D1%80-%D1%81%D0%B2%D0%B5%D1%82%D0%B8%D0%BB%D0%B8%D1%89%D0%B5-%D0%BD%D0%B0-%D0%B1%D1%8A/ HTTP/1.1" 200 25303 "-" "Mozilla/5.0 (compatible; SemrushBot/7~bl; +http://www.semrush.com/bot.html)"
2a03:2880:18ff:54:: - - [06/Apr/2026:01:50:15 +0200] "GET /wp-content/uploads/2019/04/p_28600.jpg HTTP/1.1" 200 66092 "-" "facebookexternalhit/1.1 (+http://www.facebook.com/externalhit_uatext.php)"
43.129.236.73 - - [06/Apr/2026:01:50:52 +0200] "GET /category/%D0%B3%D0%BE%D1%80%D0%B4%D0%B5%D0%B9-%D1%81%D0%B5-%D0%B1%D1%8A%D0%BB%D0%B3%D0%B0%D1%80%D0%B8%D0%BD%D0%BE/page/5/ HTTP/1.1" 200 21965 "-" "Mozilla/5.0 (Macintosh; Intel Mac OS X 10_15_7) AppleWebKit/537.36 (KHTML, like Gecko) Chrome/141.0.0.0 Safari/537.36"
66.249.69.128 - - [06/Apr/2026:01:50:56 +0200] "GET /tag/%D0%B1%D0%B8%D0%BE%D0%B3%D1%80%D0%B0%D1%84%D0%B8%D1%8F-%D0%BD%D0%B0-%D0%B4%D0%B8%D0%BC%D0%B8%D1%82%D1%8A%D1%80-%D0%B1%D1%83%D1%87%D0%BA%D0%BE%D0%B2/feed/ HTTP/1.1" 200 3162 "-" "Mozilla/5.0 (Linux; Android 6.0.1; Nexus 5X Build/MMB29P) AppleWebKit/537.36 (KHTML, like Gecko) Chrome/146.0.7680.177 Mobile Safari/537.36 (compatible; Googlebot/2.1; +http://www.google.com/bot.html)"
66.249.69.128 - - [06/Apr/2026:01:54:42 +0200] "GET /%D0%BC%D1%83%D0%B7%D0%B5%D1%8F%D1%82-%D0%BF%D0%BE-%D0%BF%D0%B0%D0%BB%D0%B5%D0%BE%D0%BD%D1%82%D0%BE%D0%BB%D0%BE%D0%B3%D0%B8%D1%8F-%D0%B2-%D0%B3%D1%80%D0%B0%D0%B4-%D0%B5%D0%BB%D0%B5%D0%BD%D0%B0-%D1%81/ HTTP/1.1" 200 23141 "-" "Mozilla/5.0 (Linux; Android 6.0.1; Nexus 5X Build/MMB29P) AppleWebKit/537.36 (KHTML, like Gecko) Chrome/146.0.7680.177 Mobile Safari/537.36 (compatible; Googlebot/2.1; +http://www.google.com/bot.html)"
216.244.66.194 - - [06/Apr/2026:01:56:33 +0200] "GET /%D0%B1%D0%BE%D0%B1%D0%BE%D1%88%D0%B5%D0%B2%D1%81%D0%BA%D0%B8%D1%8F%D1%82-%D0%BC%D0%B0%D0%BD%D0%B0%D1%81%D1%82%D0%B8%D1%80-%D1%81%D0%B2-%D0%B4%D0%B8%D0%BC%D0%B8%D1%82%D1%8A%D1%80-%D0%BA%D1%80%D0%B0/ HTTP/1.1" 200 23960 "-" "Mozilla/5.0 (compatible; DotBot/1.2; +https://opensiteexplorer.org/dotbot; help@moz.com)"
161.97.137.93 - - [06/Apr/2026:01:57:06 +0200] "POST /wp-cron.php?doing_wp_cron=1775433426.2500500679016113281250 HTTP/1.1" 404 16596 "http://patrioti.net/wp-cron.php?doing_wp_cron=1775433426.2500500679016113281250" "WordPress/4.9.26; https://patrioti.net"
216.244.66.194 - - [06/Apr/2026:01:57:06 +0200] "GET /%D0%BD%D0%B0-10-%D0%B0%D0%B2%D0%B3%D1%83%D1%81%D1%82-1943-%D0%B3%D0%BE%D0%B4%D0%B8%D0%BD%D0%B0-%D0%B2-%D0%B1%D1%8A%D0%BB%D0%B3%D0%B0%D1%80%D0%B8%D1%8F-%D0%B5-%D1%81%D1%8A%D0%B7%D0%B4%D0%B0%D0%B4%D0%B5/ HTTP/1.1" 200 23960 "-" "Mozilla/5.0 (compatible; DotBot/1.2; +https://opensiteexplorer.org/dotbot; help@moz.com)"
216.244.66.194 - - [06/Apr/2026:01:57:21 +0200] "GET /%D0%B4%D0%BD%D0%B5%D1%81-%D0%B5-%D0%B1%D0%BE%D0%B3%D0%BE%D1%8F%D0%B2%D0%BB%D0%B5%D0%BD%D0%B8%D0%B5/ HTTP/1.1" 200 24656 "-" "Mozilla/5.0 (compatible; DotBot/1.2; +https://opensiteexplorer.org/dotbot; help@moz.com)"
216.244.66.194 - - [06/Apr/2026:01:57:25 +0200] "GET /%D1%81%D0%BF%D0%BE%D1%80%D0%B5%D0%B4-%D0%BB%D0%B5%D0%B3%D0%B5%D0%BD%D0%B4%D0%B0%D1%82%D0%B0-%D0%B2-%D0%BC%D0%B0%D0%BD%D0%B0%D1%81%D1%82%D0%B8%D1%80%D0%B0-%D1%81%D0%B5%D0%B4%D0%B5%D0%BC%D1%82%D0%B5/ HTTP/1.1" 200 24618 "-" "Mozilla/5.0 (compatible; DotBot/1.2; +https://opensiteexplorer.org/dotbot; help@moz.com)"
216.244.66.194 - - [06/Apr/2026:01:57:37 +0200] "GET /%D0%B2%D0%B0%D1%82%D0%BE%D0%BF%D0%B5%D0%B4%D1%81%D0%BA%D0%B0%D1%82%D0%B0-%D0%B3%D1%80%D0%B0%D0%BC%D0%BE%D1%82%D0%B0-%D0%BD%D0%B0-%D1%86%D0%B0%D1%80-%D0%B8%D0%B2%D0%B0%D0%BD-%D0%B0%D1%81%D0%B5%D0%BD-ii/ HTTP/1.1" 200 24193 "-" "Mozilla/5.0 (compatible; DotBot/1.2; +https://opensiteexplorer.org/dotbot; help@moz.com)"
216.244.66.194 - - [06/Apr/2026:01:57:41 +0200] "GET /%D0%B4%D0%BD%D0%B5%D1%81-%D0%B5-15-%D0%B0%D0%B2%D0%B3%D1%83%D1%81%D1%82-%D0%B3%D0%BE%D0%BB%D1%8F%D0%BC%D0%B0-%D0%B1%D0%BE%D0%B3%D0%BE%D1%80%D0%BE%D0%B4%D0%B8%D1%86%D0%B0-%D0%B8-%D0%BF%D1%80%D0%B0/ HTTP/1.1" 200 24167 "-" "Mozilla/5.0 (compatible; DotBot/1.2; +https://opensiteexplorer.org/dotbot; help@moz.com)"
216.244.66.194 - - [06/Apr/2026:01:57:44 +0200] "GET /3-%D0%BC%D0%B0%D0%B9-%D0%B5-%D1%81%D0%B2%D0%B5%D1%82%D0%BE%D0%B2%D0%B5%D0%BD-%D0%B4%D0%B5%D0%BD-%D0%BD%D0%B0-%D1%81%D0%B2%D0%BE%D0%B1%D0%BE%D0%B4%D0%B0%D1%82%D0%B0-%D0%BD%D0%B0-%D0%BF%D1%80%D0%B5/ HTTP/1.1" 200 23260 "-" "Mozilla/5.0 (compatible; DotBot/1.2; +https://opensiteexplorer.org/dotbot; help@moz.com)"
216.244.66.194 - - [06/Apr/2026:01:57:58 +0200] "GET /%D0%B4%D0%B8%D0%BC%D0%B8%D1%82%D1%8A%D1%80-%D0%BA%D1%83%D0%B4%D0%BE%D0%B3%D0%BB%D1%83-%D0%B4%D0%B0%D1%80%D0%B8%D0%BB-%D0%B4%D0%BE%D0%BC-%D0%BD%D0%B0-%D0%B7%D0%B4%D1%80%D0%B0%D0%B2%D0%B5%D1%82%D0%BE/ HTTP/1.1" 200 27920 "-" "Mozilla/5.0 (compatible; DotBot/1.2; +https://opensiteexplorer.org/dotbot; help@moz.com)"
216.244.66.194 - - [06/Apr/2026:01:58:02 +0200] "GET /%D0%BD%D0%B0-11-%D0%BE%D0%BA%D1%82%D0%BE%D0%BC%D0%B2%D1%80%D0%B8-1859-%D0%B3-%D1%81%D0%B5-%D1%80%D0%B0%D0%B6%D0%B4%D0%B0-%D0%B8%D0%B2%D0%B0%D0%BD-%D0%B1%D0%B5%D0%BB%D0%B8%D0%BD%D0%BE%D0%B2/ HTTP/1.1" 502 150 "-" "Mozilla/5.0 (compatible; DotBot/1.2; +https://opensiteexplorer.org/dotbot; help@moz.com)"
216.244.66.194 - - [06/Apr/2026:01:58:15 +0200] "GET /%D0%B4%D0%BD%D0%B5%D1%81-%D0%B5-%D1%80%D0%BE%D0%B4%D0%B5%D0%BD-%D0%B1%D1%8A%D0%BB%D0%B3%D0%B0%D1%80%D1%81%D0%BA%D0%B8%D1%8F%D1%82-%D0%BF%D0%BE%D0%BB%D0%B8%D1%82%D0%B8%D0%BA-%D0%B4%D0%B8%D0%BC%D0%B8/ HTTP/1.1" 200 23469 "-" "Mozilla/5.0 (compatible; DotBot/1.2; +https://opensiteexplorer.org/dotbot; help@moz.com)"
216.244.66.194 - - [06/Apr/2026:01:58:21 +0200] "GET /%D0%BD%D0%B0-%D0%B4%D0%BD%D0%B5%D1%88%D0%BD%D0%B8%D1%8F-%D0%B4%D0%B5%D0%BD-%D0%B5-%D1%80%D0%BE%D0%B4%D0%B5%D0%BD%D0%B0-%D0%B0%D0%BA%D1%82%D1%80%D0%B8%D1%81%D0%B0%D1%82%D0%B0-%D0%BC%D0%B0%D1%80%D0%B8-3/ HTTP/1.1" 200 24113 "-" "Mozilla/5.0 (compatible; DotBot/1.2; +https://opensiteexplorer.org/dotbot; help@moz.com)"
216.244.66.194 - - [06/Apr/2026:01:58:25 +0200] "GET /%D0%BD%D0%B0-%D0%B4%D0%BD%D0%B5%D1%88%D0%BD%D0%B8%D1%8F-%D0%B4%D0%B5%D0%BD-%D0%B5-%D1%80%D0%BE%D0%B4%D0%B5%D0%BD-%D0%B1%D1%8A%D0%BB%D0%B3%D0%B0%D1%80%D1%81%D0%BA%D0%B8%D1%8F%D1%82-%D0%BA%D0%BE%D0%BC-2/ HTTP/1.1" 200 23350 "-" "Mozilla/5.0 (compatible; DotBot/1.2; +https://opensiteexplorer.org/dotbot; help@moz.com)"
216.244.66.194 - - [06/Apr/2026:01:58:30 +0200] "GET /%D0%BD%D0%B0-%D1%82%D0%B0%D0%B7%D0%B8-%D0%B4%D0%B0%D1%82%D0%B0-%D0%B5-%D1%80%D0%BE%D0%B4%D0%B5%D0%BD%D0%B0-%D0%B1%D1%8A%D0%BB%D0%B3%D0%B0%D1%80%D1%81%D0%BA%D0%B0%D1%82%D0%B0-%D0%BF%D0%BE%D0%B5%D1%82/ HTTP/1.1" 200 23725 "-" "Mozilla/5.0 (compatible; DotBot/1.2; +https://opensiteexplorer.org/dotbot; help@moz.com)"
216.244.66.194 - - [06/Apr/2026:01:58:33 +0200] "GET /%D0%BD%D0%B0-%D1%82%D0%BE%D0%B7%D0%B8-%D0%B4%D0%B5%D0%BD-%D0%BF%D1%80%D0%B5%D0%B7-1960-%D0%B3-%D1%83%D0%BC%D0%B8%D1%80%D0%B0-%D0%B1%D1%8A%D0%BB%D0%B3%D0%B0%D1%80%D1%81%D0%BA%D0%B8%D1%8F%D1%82-%D1%82/ HTTP/1.1" 200 26358 "-" "Mozilla/5.0 (compatible; DotBot/1.2; +https://opensiteexplorer.org/dotbot; help@moz.com)"
216.244.66.194 - - [06/Apr/2026:01:58:36 +0200] "GET /%D0%BD%D0%B0-22-%D1%81%D0%B5%D0%BF%D1%82%D0%B5%D0%BC%D0%B2%D1%80%D0%B8-%D1%86%D1%8A%D1%80%D0%BA%D0%B2%D0%B0%D1%82%D0%B0-%D0%BF%D0%BE%D1%87%D0%B8%D1%82%D0%B0-%D1%81%D0%B2-%D1%84%D0%BE%D0%BA%D0%B0/ HTTP/1.1" 200 24993 "-" "Mozilla/5.0 (compatible; DotBot/1.2; +https://opensiteexplorer.org/dotbot; help@moz.com)"
216.244.66.194 - - [06/Apr/2026:01:58:41 +0200] "GET /%D0%BD%D0%B0-26-%D0%B4%D0%B5%D0%BA%D0%B5%D0%BC%D0%B2%D1%80%D0%B8-%D0%BF%D1%80%D0%B0%D0%B2%D0%BE%D1%81%D0%BB%D0%B0%D0%B2%D0%BD%D0%B0%D1%82%D0%B0-%D1%86%D1%8A%D1%80%D0%BA%D0%B2%D0%B0-%D1%87%D0%B5%D1%81/ HTTP/1.1" 200 23184 "-" "Mozilla/5.0 (compatible; DotBot/1.2; +https://opensiteexplorer.org/dotbot; help@moz.com)"
216.244.66.194 - - [06/Apr/2026:01:58:47 +0200] "GET /%D0%BD%D0%B0-5-%D0%BC%D0%B0%D0%B9-%D1%86%D1%8A%D1%80%D0%BA%D0%B2%D0%B0%D1%82%D0%B0-%D0%BF%D0%BE%D1%87%D0%B8%D1%82%D0%B0-%D1%81%D0%B2-%D0%BC%D1%8A%D1%87%D0%B5%D0%BD%D0%B8%D1%86%D0%B0-%D0%B8%D1%80/ HTTP/1.1" 200 23671 "-" "Mozilla/5.0 (compatible; DotBot/1.2; +https://opensiteexplorer.org/dotbot; help@moz.com)"
216.244.66.194 - - [06/Apr/2026:01:58:52 +0200] "GET /%D0%BD%D0%B0-5-%D1%8F%D0%BD%D1%83%D0%B0%D1%80%D0%B8-1952-%D0%B3-%D0%B5-%D0%BF%D0%BE%D1%87%D0%B8%D0%BD%D0%B0%D0%BB-%D1%85%D1%80%D0%B8%D1%81%D1%82%D0%BE-%D1%82%D0%B0%D1%82%D0%B0%D1%80%D1%87%D0%B5%D0%B2/ HTTP/1.1" 200 26312 "-" "Mozilla/5.0 (compatible; DotBot/1.2; +https://opensiteexplorer.org/dotbot; help@moz.com)"
216.244.66.194 - - [06/Apr/2026:01:58:56 +0200] "GET /%D0%B4%D0%B0-%D1%81%D0%B8-%D1%81%D0%BF%D0%BE%D0%BC%D0%BD%D0%B8%D0%BC-%D0%B7%D0%B0-%D0%B1%D1%8A%D0%BB%D0%B3%D0%B0%D1%80%D1%81%D0%BA%D0%B8%D1%8F%D1%82-%D0%BF%D0%B8%D1%81%D0%B0%D1%82%D0%B5%D0%BB-%D0%B4/ HTTP/1.1" 200 23768 "-" "Mozilla/5.0 (compatible; DotBot/1.2; +https://opensiteexplorer.org/dotbot; help@moz.com)"
216.244.66.194 - - [06/Apr/2026:01:59:00 +0200] "GET /%D0%B4%D0%BD%D0%B5%D1%81-%D0%B5-%D0%B8%D0%B3%D0%BD%D0%B0%D0%B6%D0%B4%D0%B5%D0%BD-%D1%86%D1%8A%D1%80%D0%BA%D0%B2%D0%B0%D1%82%D0%B0-%D0%BF%D0%BE%D1%87%D0%B8%D1%82%D0%B0-%D1%81%D0%B2-%D0%B8%D0%B3%D0%BD/ HTTP/1.1" 200 24822 "-" "Mozilla/5.0 (compatible; DotBot/1.2; +https://opensiteexplorer.org/dotbot; help@moz.com)"
216.244.66.194 - - [06/Apr/2026:01:59:05 +0200] "GET /%D0%B4%D0%BD%D0%B5%D1%81-%D0%B5-%D1%80%D0%BE%D0%B4%D0%B5%D0%BD-%D0%B1%D1%8A%D0%BB%D0%B3%D0%B0%D1%80%D1%81%D0%BA%D0%B8%D1%8F%D1%82-%D0%BA%D0%B8%D0%BD%D0%BE%D1%80%D0%B5%D0%B6%D0%B8%D1%81%D1%8C%D0%BE-2/ HTTP/1.1" 200 24257 "-" "Mozilla/5.0 (compatible; DotBot/1.2; +https://opensiteexplorer.org/dotbot; help@moz.com)"
216.244.66.194 - - [06/Apr/2026:01:59:07 +0200] "GET /%D0%B4%D0%BD%D0%B5%D1%81-%D0%BE%D1%82%D0%B1%D0%B5%D0%BB%D1%8F%D0%B7%D0%B2%D0%B0%D0%BC%D0%B5-%D1%80%D0%BE%D0%B6%D0%B4%D0%B5%D0%BD%D0%B8%D0%B5%D1%82%D0%BE-%D0%BD%D0%B0-%D0%B2%D0%B0%D1%81%D0%B8%D0%BB-2/ HTTP/1.1" 200 24960 "-" "Mozilla/5.0 (compatible; DotBot/1.2; +https://opensiteexplorer.org/dotbot; help@moz.com)"
216.244.66.194 - - [06/Apr/2026:01:59:10 +0200] "GET /%D0%BD%D0%B0-%D0%B4%D0%BD%D0%B5%D1%88%D0%BD%D0%B0%D1%82%D0%B0-%D0%B4%D0%B0%D1%82%D0%B0-%D1%83%D0%BC%D0%B8%D1%80%D0%B0-%D0%B1%D1%8A%D0%BB%D0%B3%D0%B0%D1%80%D1%81%D0%BA%D0%B8%D1%8F%D1%82-%D1%80%D0%B5-10/ HTTP/1.1" 200 23354 "-" "Mozilla/5.0 (compatible; DotBot/1.2; +https://opensiteexplorer.org/dotbot; help@moz.com)"
216.244.66.194 - - [06/Apr/2026:01:59:12 +0200] "GET /%D0%BD%D0%B0-14-%D1%81%D0%B5%D0%BF%D1%82%D0%B5%D0%BC%D0%B2%D1%80%D0%B8-1860-%D0%B3-%D0%B5-%D1%80%D0%BE%D0%B4%D0%B5%D0%BD-%D0%B1%D1%8A%D0%BB%D0%B3%D0%B0%D1%80%D1%81%D0%BA%D0%B8%D1%8F%D1%82-%D0%BF/ HTTP/1.1" 200 24447 "-" "Mozilla/5.0 (compatible; DotBot/1.2; +https://opensiteexplorer.org/dotbot; help@moz.com)"
216.244.66.194 - - [06/Apr/2026:01:59:14 +0200] "GET /%D0%BD%D0%B0-20-%D0%B0%D0%BF%D1%80%D0%B8%D0%BB-%D0%BE%D1%82%D0%B1%D0%B5%D0%BB%D1%8F%D0%B7%D0%B2%D0%B0%D0%BC%D0%B5-%D1%80%D0%BE%D0%B6%D0%B4%D0%B5%D0%BD%D0%B8%D0%B5%D1%82%D0%BE-%D0%BD%D0%B0-%D0%BF%D0%BE/ HTTP/1.1" 200 23858 "-" "Mozilla/5.0 (compatible; DotBot/1.2; +https://opensiteexplorer.org/dotbot; help@moz.com)"
161.97.137.93 - - [06/Apr/2026:01:59:16 +0200] "POST /wp-cron.php?doing_wp_cron=1775433555.9641671180725097656250 HTTP/1.1" 404 16596 "http://patrioti.net/wp-cron.php?doing_wp_cron=1775433555.9641671180725097656250" "WordPress/4.9.26; https://patrioti.net"
216.244.66.194 - - [06/Apr/2026:01:59:16 +0200] "GET /%D0%BD%D0%B0-22-%D0%B0%D0%BF%D1%80%D0%B8%D0%BB-1910-%D0%B3-%D0%B2-%D1%81%D0%BE%D0%BB%D1%83%D0%BD-%D1%81%D0%B5-%D0%BF%D1%80%D0%BE%D0%B2%D0%B5%D0%B6%D0%B4%D0%B0-%D0%BF%D1%8A%D1%80%D0%B2%D0%B8%D1%8F/ HTTP/1.1" 200 23595 "-" "Mozilla/5.0 (compatible; DotBot/1.2; +https://opensiteexplorer.org/dotbot; help@moz.com)"
216.244.66.194 - - [06/Apr/2026:01:59:18 +0200] "GET /%D0%BD%D0%B0-23-%D1%8F%D0%BD%D1%83%D0%B0%D1%80%D0%B8-%D1%81%D0%B8-%D1%81%D0%BF%D0%BE%D0%BC%D0%BD%D1%8F%D0%BC%D0%B5-%D0%B7%D0%B0-%D0%B1%D1%8A%D0%BB%D0%B3%D0%B0%D1%80%D1%81%D0%BA%D0%B8%D1%8F-%D0%BF/ HTTP/1.1" 200 24662 "-" "Mozilla/5.0 (compatible; DotBot/1.2; +https://opensiteexplorer.org/dotbot; help@moz.com)"
216.244.66.194 - - [06/Apr/2026:01:59:20 +0200] "GET /%D1%80%D0%BE%D0%B4%D0%BE%D0%BF%D1%81%D0%BA%D0%B0%D1%82%D0%B0-%D1%88%D0%B8%D0%BF%D0%BA%D0%B0-%D0%B2%D1%80%D1%8A%D1%85-%D1%81%D1%80%D0%B5%D0%B4%D0%BD%D0%BE%D0%B3%D0%BE%D1%80%D0%B5%D1%86/ HTTP/1.1" 200 23315 "-" "Mozilla/5.0 (compatible; DotBot/1.2; +https://opensiteexplorer.org/dotbot; help@moz.com)"
216.244.66.194 - - [06/Apr/2026:01:59:23 +0200] "GET /%D0%BD%D0%B0-14-%D0%BE%D0%BA%D1%82%D0%BE%D0%BC%D0%B2%D1%80%D0%B8-1859-%D0%B3-%D0%B5-%D1%80%D0%BE%D0%B4%D0%B5%D0%BD-%D0%B3%D0%B5%D0%BD%D0%B5%D1%80%D0%B0%D0%BB-%D0%BC%D0%B0%D0%B9%D0%BE%D1%80-%D0%B4/ HTTP/1.1" 200 23050 "-" "Mozilla/5.0 (compatible; DotBot/1.2; +https://opensiteexplorer.org/dotbot; help@moz.com)"
216.244.66.194 - - [06/Apr/2026:01:59:25 +0200] "GET /%D0%BD%D0%B0-31-%D1%8F%D0%BD%D1%83%D0%B0%D1%80%D0%B8-%D1%86%D1%8A%D1%80%D0%BA%D0%B2%D0%B0%D1%82%D0%B0-%D0%BF%D0%BE%D1%87%D0%B8%D1%82%D0%B0-%D1%81%D0%B2-%D0%B1%D0%B5%D0%B7%D1%81%D1%80%D0%B5%D0%B1/ HTTP/1.1" 200 28296 "-" "Mozilla/5.0 (compatible; DotBot/1.2; +https://opensiteexplorer.org/dotbot; help@moz.com)"
216.244.66.194 - - [06/Apr/2026:01:59:27 +0200] "GET /%D0%BD%D0%B0-12-%D0%B4%D0%B5%D0%BA%D0%B5%D0%BC%D0%B2%D1%80%D0%B8-1941-%D0%B3-%D0%B1%D1%8A%D0%BB%D0%B3%D0%B0%D1%80%D0%B8%D1%8F-%D0%BE%D0%B1%D1%8F%D0%B2%D1%8F%D0%B2%D0%B0-%D0%B2%D0%BE%D0%B9/ HTTP/1.1" 200 23280 "-" "Mozilla/5.0 (compatible; DotBot/1.2; +https://opensiteexplorer.org/dotbot; help@moz.com)"
216.244.66.194 - - [06/Apr/2026:01:59:29 +0200] "GET /%D0%BD%D0%B0-15-%D1%81%D0%B5%D0%BF%D1%82%D0%B5%D0%BC%D0%B2%D1%80%D0%B8-1919-%D0%B3-%D0%B8%D0%B7%D0%BB%D0%B8%D0%B7%D0%B0-%D0%BF%D1%8A%D1%80%D0%B2%D0%B8%D1%8F%D1%82-%D0%B1%D1%80%D0%BE%D0%B9-%D0%BD/ HTTP/1.1" 200 24071 "-" "Mozilla/5.0 (compatible; DotBot/1.2; +https://opensiteexplorer.org/dotbot; help@moz.com)"
216.244.66.194 - - [06/Apr/2026:01:59:32 +0200] "GET /%D0%BD%D0%B0-%D0%B4%D0%BD%D0%B5%D1%88%D0%BD%D0%B0%D1%82%D0%B0-%D0%B4%D0%B0%D1%82%D0%B0-%D1%81%D0%B5-%D1%80%D0%B0%D0%B6%D0%B4%D0%B0-%D0%BF%D1%80%D0%BE%D1%84-%D1%81%D0%BF%D0%B0%D1%81-%D1%80%D0%B0%D0%B9/ HTTP/1.1" 200 23674 "-" "Mozilla/5.0 (compatible; DotBot/1.2; +https://opensiteexplorer.org/dotbot; help@moz.com)"
216.244.66.194 - - [06/Apr/2026:01:59:33 +0200] "GET /%D0%BF%D1%8A%D1%82%D1%8F%D1%82-%D0%BA%D1%8A%D0%BC-%D0%B1%D0%B5%D0%B7%D1%81%D0%BC%D1%8A%D1%80%D1%82%D0%B8%D0%B5%D1%82%D0%BE-%D0%BD%D0%B0-%D0%B1%D0%BE%D1%82%D0%B5%D0%B2/ HTTP/1.1" 200 27069 "-" "Mozilla/5.0 (compatible; DotBot/1.2; +https://opensiteexplorer.org/dotbot; help@moz.com)"
16.62.103.31 - - [06/Apr/2026:01:59:56 +0200] "GET /.env HTTP/1.1" 404 16597 "-" "Mozilla/5.0 (X11; Linux x86_64) AppleWebKit/537.36 (KHTML, like Gecko) Chrome/81.0.4044.129 Safari/537.36"
16.62.103.31 - - [06/Apr/2026:01:59:57 +0200] "POST / HTTP/1.1" 200 31855 "-" "Mozilla/5.0 (X11; Linux x86_64) AppleWebKit/537.36 (KHTML, like Gecko) Chrome/81.0.4044.129 Safari/537.36"
16.62.103.31 - - [06/Apr/2026:01:59:57 +0200] "GET /sendgrid/.env HTTP/1.1" 404 16593 "-" "Mozilla/5.0 (X11; Linux x86_64) AppleWebKit/537.36 (KHTML, like Gecko) Chrome/81.0.4044.129 Safari/537.36"
16.62.103.31 - - [06/Apr/2026:01:59:58 +0200] "POST / HTTP/1.1" 200 31853 "-" "Mozilla/5.0 (X11; Linux x86_64) AppleWebKit/537.36 (KHTML, like Gecko) Chrome/81.0.4044.129 Safari/537.36"
146.103.111.52 - - [06/Apr/2026:02:05:22 +0200] "GET /13-%d0%b3%d0%be%d0%b4%d0%b8%d1%88%d0%bd%d0%b0-%d0%bf%d0%bb%d1%83%d0%b2%d0%ba%d0%b8%d0%bd%d1%8f-%d1%81%d0%bf%d0%b5%d1%87%d0%b5%d0%bb%d0%b8-42-%d0%bc%d0%b5%d0%b4%d0%b0%d0%bb%d0%b0-%d1%86%d1%8f/ HTTP/1.1" 200 24961 "http://patrioti.net/13-%d0%b3%d0%be%d0%b4%d0%b8%d1%88%d0%bd%d0%b0-%d0%bf%d0%bb%d1%83%d0%b2%d0%ba%d0%b8%d0%bd%d1%8f-%d1%81%d0%bf%d0%b5%d1%87%d0%b5%d0%bb%d0%b8-42-%d0%bc%d0%b5%d0%b4%d0%b0%d0%bb%d0%b0-%d1%86%d1%8f/" "Mozilla/5.0 (Windows NT 10.0; Win64; x64) AppleWebKit/537.36 (KHTML, like Gecko) Chrome/129.0.0.0 Safari/537.36"
146.103.111.52 - - [06/Apr/2026:02:05:22 +0200] "GET /13-%d0%b3%d0%be%d0%b4%d0%b8%d1%88%d0%bd%d0%b0-%d0%bf%d0%bb%d1%83%d0%b2%d0%ba%d0%b8%d0%bd%d1%8f-%d1%81%d0%bf%d0%b5%d1%87%d0%b5%d0%bb%d0%b8-42-%d0%bc%d0%b5%d0%b4%d0%b0%d0%bb%d0%b0-%d1%86%d1%8f/ HTTP/1.1" 200 24961 "http://patrioti.net/13-%d0%b3%d0%be%d0%b4%d0%b8%d1%88%d0%bd%d0%b0-%d0%bf%d0%bb%d1%83%d0%b2%d0%ba%d0%b8%d0%bd%d1%8f-%d1%81%d0%bf%d0%b5%d1%87%d0%b5%d0%bb%d0%b8-42-%d0%bc%d0%b5%d0%b4%d0%b0%d0%bb%d0%b0-%d1%86%d1%8f/" "Mozilla/5.0 (Windows NT 10.0; Win64; x64) AppleWebKit/537.36 (KHTML, like Gecko) Chrome/129.0.0.0 Safari/537.36"
66.249.69.128 - - [06/Apr/2026:02:05:25 +0200] "GET /%D0%BD%D0%B0-7-%D0%BD%D0%BE%D0%B5%D0%BC%D0%B2%D1%80%D0%B8-%D1%86%D1%8A%D1%80%D0%BA%D0%B2%D0%B0%D1%82%D0%B0-%D0%BF%D0%BE%D1%87%D0%B8%D1%82%D0%B0-%D1%81%D0%B2-%D0%BF%D1%80%D0%B5%D0%BF%D0%BE%D0%B4%D0%BE/feed/ HTTP/1.1" 200 708 "-" "Mozilla/5.0 (Linux; Android 6.0.1; Nexus 5X Build/MMB29P) AppleWebKit/537.36 (KHTML, like Gecko) Chrome/146.0.7680.177 Mobile Safari/537.36 (compatible; Googlebot/2.1; +http://www.google.com/bot.html)"
85.208.96.207 - - [06/Apr/2026:02:11:51 +0200] "GET /tag/%D0%BD%D0%B0%D1%86%D0%B8%D0%BE%D0%BD%D0%B0%D0%BB%D0%BD%D0%BE-%D0%BF%D0%B0%D1%82%D1%80%D0%B8%D0%BE%D1%82%D0%B8%D1%87%D0%BD%D0%BE-%D0%BE%D0%B1%D0%B5%D0%B4%D0%B8%D0%BD%D0%B5%D0%BD%D0%B8%D0%B5/page/66/ HTTP/1.1" 200 19035 "-" "Mozilla/5.0 (compatible; SemrushBot/7~bl; +http://www.semrush.com/bot.html)"
161.97.137.93 - - [06/Apr/2026:02:12:10 +0200] "POST /wp-cron.php?doing_wp_cron=1775434329.8545739650726318359375 HTTP/1.1" 404 16597 "http://patrioti.net/wp-cron.php?doing_wp_cron=1775434329.8545739650726318359375" "WordPress/4.9.26; https://patrioti.net"
85.208.96.198 - - [06/Apr/2026:02:12:10 +0200] "GET /%D0%BD%D0%B0-25-%D1%8E%D0%BD%D0%B8-1923-%D0%B3-%D1%83%D0%BC%D0%B8%D1%80%D0%B0-%D0%B1%D1%8A%D0%BB%D0%B3%D0%B0%D1%80%D1%81%D0%BA%D0%B8%D1%8F%D1%82-%D0%B0%D1%80%D1%85%D0%B5%D0%BE%D0%BB%D0%BE%D0%B3/ HTTP/1.1" 200 23332 "-" "Mozilla/5.0 (compatible; SemrushBot/7~bl; +http://www.semrush.com/bot.html)"
45.78.221.213 - - [06/Apr/2026:02:14:29 +0200] "GET /%D0%B4%D0%BD%D0%B5%D1%81-%D0%BE%D1%82%D0%B1%D0%B5%D0%BB%D1%8F%D0%B7%D0%B2%D0%B0%D0%BC%D0%B5-%D1%80%D0%BE%D0%B6%D0%B4%D0%B5%D0%BD%D0%B8%D0%B5%D1%82%D0%BE-%D0%BD%D0%B0-%D0%BF%D0%BE%D0%B5%D1%82%D0%B0-3/ HTTP/1.1" 200 23389 "-" "Mozilla/5.0 (Macintosh; Intel Mac OS X 10_15_7) AppleWebKit/537.36 (KHTML, like Gecko) Chrome/120.0.0.0 Safari/537.36"
85.208.96.199 - - [06/Apr/2026:02:17:04 +0200] "GET /%D0%BD%D0%B0-24-%D1%8E%D0%BB%D0%B8-1948-%D0%B3-%D1%83%D0%BC%D0%B8%D1%80%D0%B0-%D0%B3%D0%B5%D0%BD%D0%B5%D1%80%D0%B0%D0%BB-%D0%BB%D0%B5%D0%B9%D1%82%D0%B5%D0%BD%D0%B0%D0%BD%D1%82-%D0%BF%D0%B5%D0%BD/ HTTP/1.1" 200 23686 "-" "Mozilla/5.0 (compatible; SemrushBot/7~bl; +http://www.semrush.com/bot.html)"
216.244.66.194 - - [06/Apr/2026:02:17:53 +0200] "GET /robots.txt HTTP/1.1" 200 80 "-" "Mozilla/5.0 (compatible; DotBot/1.2; +https://opensiteexplorer.org/dotbot; help@moz.com)"
161.97.137.93 - - [06/Apr/2026:02:19:54 +0200] "POST /wp-cron.php?doing_wp_cron=1775434793.9553730487823486328125 HTTP/1.1" 404 16596 "http://patrioti.net/wp-cron.php?doing_wp_cron=1775434793.9553730487823486328125" "WordPress/4.9.26; https://patrioti.net"
66.249.69.128 - - [06/Apr/2026:02:19:54 +0200] "GET /tag/%D0%BF%D0%B5%D1%82%D0%BA%D0%BE-%D0%BD%D0%B5%D0%B4%D0%B5%D0%BB%D1%87%D0%B5%D0%B2-%D0%B4%D1%80%D0%B0%D0%B3%D0%B0%D0%BD%D0%BE%D0%B2/feed/ HTTP/1.1" 200 2559 "-" "Mozilla/5.0 (Linux; Android 6.0.1; Nexus 5X Build/MMB29P) AppleWebKit/537.36 (KHTML, like Gecko) Chrome/146.0.7680.177 Mobile Safari/537.36 (compatible; Googlebot/2.1; +http://www.google.com/bot.html)"
85.208.96.199 - - [06/Apr/2026:02:20:01 +0200] "GET /%D0%BD%D0%B0-10-%D1%8E%D0%BB%D0%B8-1949-%D0%B3-%D0%B5-%D0%B7%D0%B0%D0%B2%D1%8A%D1%80%D1%88%D0%B5%D0%BD-%D1%81%D1%82%D1%80%D0%BE%D0%B5%D0%B6%D0%B0-%D0%BD%D0%B0-%D0%BC%D0%B0%D0%B2%D0%B7%D0%BE%D0%BB/ HTTP/1.1" 200 23896 "-" "Mozilla/5.0 (compatible; SemrushBot/7~bl; +http://www.semrush.com/bot.html)"
161.97.137.93 - - [06/Apr/2026:02:21:07 +0200] "POST /wp-cron.php?doing_wp_cron=1775434867.3033089637756347656250 HTTP/1.1" 404 16596 "http://patrioti.net/wp-cron.php?doing_wp_cron=1775434867.3033089637756347656250" "WordPress/4.9.26; https://patrioti.net"
216.244.66.194 - - [06/Apr/2026:02:21:07 +0200] "GET /23-%D0%B0%D0%B2%D0%B3%D1%83%D1%81%D1%82-%D0%BF%D1%80%D0%B5%D0%B7-1877%D0%B3-%D0%B5-%D1%88%D0%B8%D0%BF%D1%87%D0%B5%D0%BD%D1%81%D0%BA%D0%B0%D1%82%D0%B0-%D0%B1%D0%B8%D1%82%D0%BA%D0%B0/ HTTP/1.1" 200 27715 "-" "Mozilla/5.0 (compatible; DotBot/1.2; +https://opensiteexplorer.org/dotbot; help@moz.com)"
216.244.66.194 - - [06/Apr/2026:02:21:12 +0200] "GET /9-%D0%BC%D0%B0%D1%80%D1%82-%D0%B4%D0%B5%D0%BD-%D0%BD%D0%B0-%D0%B6%D0%B5%D1%80%D1%82%D0%B2%D0%B8%D1%82%D0%B5-%D0%BD%D0%B0-%D1%82%D1%83%D1%80%D1%81%D0%BA%D0%B8%D1%8F-%D1%82%D0%B5%D1%80%D0%BE%D1%80%D0%B8/ HTTP/1.1" 200 24474 "-" "Mozilla/5.0 (compatible; DotBot/1.2; +https://opensiteexplorer.org/dotbot; help@moz.com)"
116.179.32.34 - - [06/Apr/2026:02:25:18 +0200] "GET /?p=38315 HTTP/1.1" 301 0 "-" "Mozilla/5.0 (compatible; Baiduspider/2.0; +http://www.baidu.com/search/spider.html)"
185.191.171.6 - - [06/Apr/2026:02:25:34 +0200] "GET /%D0%B4%D0%BD%D0%B5%D1%81-%D0%B5-%D1%80%D0%BE%D0%B4%D0%B5%D0%BD-%D0%B1%D1%8A%D0%BB%D0%B3%D0%B0%D1%80%D1%81%D0%BA%D0%B8%D1%8F%D1%82-%D0%BA%D0%B8%D0%BD%D0%BE%D1%80%D0%B5%D0%B6%D0%B8%D1%81%D1%8C%D0%BE-5/ HTTP/1.1" 200 22531 "-" "Mozilla/5.0 (compatible; SemrushBot/7~bl; +http://www.semrush.com/bot.html)"
161.97.137.93 - - [06/Apr/2026:02:26:20 +0200] "POST /wp-cron.php?doing_wp_cron=1775435180.4853630065917968750000 HTTP/1.1" 404 16596 "http://patrioti.net/wp-cron.php?doing_wp_cron=1775435180.4853630065917968750000" "WordPress/4.9.26; https://patrioti.net"
85.208.96.193 - - [06/Apr/2026:02:26:20 +0200] "GET /%D0%B6%D0%B5%D0%BD%D0%B8%D1%82%D0%B5-%D0%BA%D0%BE%D0%B8%D1%82%D0%BE-%D0%BE%D0%B1%D0%B8%D1%87%D0%B0%D1%85%D0%B0-%D0%B1%D0%B5%D0%B7%D1%80%D0%B5%D0%B7%D0%B5%D1%80%D0%B2%D0%BD%D0%BE-%D0%B0%D0%BF%D0%BE/ HTTP/1.1" 200 24325 "-" "Mozilla/5.0 (compatible; SemrushBot/7~bl; +http://www.semrush.com/bot.html)"
182.42.111.213 - - [06/Apr/2026:02:27:52 +0200] "GET / HTTP/1.1" 301 0 "-" "Mozilla/5.0 (iPhone; CPU iPhone OS 13_2_3 like Mac OS X) AppleWebKit/605.1.15 (KHTML, like Gecko) Version/13.0.3 Mobile/15E148 Safari/604.1"
161.97.137.93 - - [06/Apr/2026:02:28:28 +0200] "POST /wp-cron.php?doing_wp_cron=1775435307.9663980007171630859375 HTTP/1.1" 404 16594 "http://patrioti.net/wp-cron.php?doing_wp_cron=1775435307.9663980007171630859375" "WordPress/4.9.26; https://patrioti.net"
198.235.24.166 - - [06/Apr/2026:02:28:28 +0200] "GET / HTTP/1.1" 301 0 "-" "Hello from Palo Alto Networks, find out more about our scans in https://docs-cortex.paloaltonetworks.com/r/1/Cortex-Xpanse/Scanning-activity"
85.208.96.199 - - [06/Apr/2026:02:30:21 +0200] "GET /%D0%BD%D0%B0-3-%D1%8F%D0%BD%D1%83%D0%B0%D1%80%D0%B8-1842-%D0%B3-%D0%B5-%D1%80%D0%BE%D0%B4%D0%B5%D0%BD-%D1%8F%D0%BD%D0%BA%D0%BE-%D0%BC%D1%83%D1%81%D1%82%D0%B0%D0%BA%D0%BE%D0%B2/ HTTP/1.1" 200 22909 "-" "Mozilla/5.0 (compatible; SemrushBot/7~bl; +http://www.semrush.com/bot.html)"
161.97.137.93 - - [06/Apr/2026:02:30:30 +0200] "POST /wp-cron.php?doing_wp_cron=1775435430.1225569248199462890625 HTTP/1.1" 404 16591 "http://patrioti.net/wp-cron.php?doing_wp_cron=1775435430.1225569248199462890625" "WordPress/4.9.26; https://patrioti.net"
40.77.167.25 - - [06/Apr/2026:02:30:30 +0200] "GET /%D0%BA%D1%80%D0%B8%D0%BA%D0%BE%D1%80-%D0%B0%D0%B7%D0%B0%D1%80%D1%8F%D0%BD-%D1%87%D0%BE%D0%B2%D0%B5%D0%BA%D1%8A%D1%82-%D1%82%D0%B5%D0%B0%D1%82%D1%8A%D1%80/ HTTP/1.1" 200 25995 "-" "Mozilla/5.0 AppleWebKit/537.36 (KHTML, like Gecko; compatible; bingbot/2.0; +http://www.bing.com/bingbot.htm) Chrome/116.0.1938.76 Safari/537.36"
161.97.137.93 - - [06/Apr/2026:02:36:16 +0200] "POST /wp-cron.php?doing_wp_cron=1775435775.7424008846282958984375 HTTP/1.1" 404 16591 "http://patrioti.net/wp-cron.php?doing_wp_cron=1775435775.7424008846282958984375" "WordPress/4.9.26; https://patrioti.net"
66.249.69.129 - - [06/Apr/2026:02:36:16 +0200] "GET /tag/%D0%BE%D0%BF%D1%8A%D0%BB%D1%87%D0%B5%D0%BD%D0%B5%D1%86-%D0%BF%D0%BE%D0%B1%D0%BE%D1%80%D0%BD%D0%B8%D0%BA/feed/ HTTP/1.1" 200 14962 "-" "Mozilla/5.0 (Linux; Android 6.0.1; Nexus 5X Build/MMB29P) AppleWebKit/537.36 (KHTML, like Gecko) Chrome/146.0.7680.177 Mobile Safari/537.36 (compatible; Googlebot/2.1; +http://www.google.com/bot.html)"
157.55.39.202 - - [06/Apr/2026:02:36:53 +0200] "GET /tag/%D0%B1%D0%BE%D1%80%D0%B5%D1%86-%D0%B7%D0%B0-%D0%BD%D0%B0%D1%86%D0%B8%D0%BE%D0%BD%D0%B0%D0%BB%D0%BD%D0%BE-%D0%BE%D0%B1%D0%B5%D0%B4%D0%B8%D0%BD%D0%B5%D0%BD%D0%B8%D0%B5/ HTTP/1.1" 200 16966 "-" "Mozilla/5.0 AppleWebKit/537.36 (KHTML, like Gecko; compatible; bingbot/2.0; +http://www.bing.com/bingbot.htm) Chrome/116.0.1938.76 Safari/537.36"
85.208.96.197 - - [06/Apr/2026:02:37:58 +0200] "GET /%D0%B4%D0%BD%D0%B5%D1%81-30-%D0%BD%D0%BE%D0%B5%D0%BC%D0%B2%D1%80%D0%B8-%D0%B5-%D0%B3%D0%BE%D0%BB%D1%8F%D0%BC-%D0%BF%D1%80%D0%B0%D0%B7%D0%BD%D0%B8%D0%BA-%D0%B8%D0%BC%D0%B5%D0%BD-%D0%B4/ HTTP/1.1" 200 24525 "-" "Mozilla/5.0 (compatible; SemrushBot/7~bl; +http://www.semrush.com/bot.html)"
161.97.137.93 - - [06/Apr/2026:02:38:40 +0200] "POST /wp-cron.php?doing_wp_cron=1775435920.7033851146697998046875 HTTP/1.1" 404 16594 "http://patrioti.net/wp-cron.php?doing_wp_cron=1775435920.7033851146697998046875" "WordPress/4.9.26; https://patrioti.net"
85.208.96.204 - - [06/Apr/2026:02:38:41 +0200] "GET /%D0%BD%D0%B0-%D0%B4%D0%BD%D0%B5%D1%88%D0%BD%D0%B0%D1%82%D0%B0-%D0%B4%D0%B0%D1%82%D0%B0-%D0%B5-%D1%80%D0%BE%D0%B4%D0%B5%D0%BD-%D0%B1%D1%8A%D0%BB%D0%B3%D0%B0%D1%80%D1%81%D0%BA%D0%B8%D1%8F%D1%82-%D0%BB-5/ HTTP/1.1" 200 25154 "-" "Mozilla/5.0 (compatible; SemrushBot/7~bl; +http://www.semrush.com/bot.html)"
85.208.96.194 - - [06/Apr/2026:02:39:10 +0200] "GET /%D0%BD%D0%B0-5-%D1%8F%D0%BD%D1%83%D0%B0%D1%80%D0%B8-1952-%D0%B3-%D0%B5-%D0%BF%D0%BE%D1%87%D0%B8%D0%BD%D0%B0%D0%BB-%D1%85%D1%80%D0%B8%D1%81%D1%82%D0%BE-%D1%82%D0%B0%D1%82%D0%B0%D1%80%D1%87%D0%B5%D0%B2/ HTTP/1.1" 200 26305 "-" "Mozilla/5.0 (compatible; SemrushBot/7~bl; +http://www.semrush.com/bot.html)"
161.97.137.93 - - [06/Apr/2026:02:39:56 +0200] "POST /wp-cron.php?doing_wp_cron=1775435995.8181140422821044921875 HTTP/1.1" 404 16596 "http://patrioti.net/wp-cron.php?doing_wp_cron=1775435995.8181140422821044921875" "WordPress/4.9.26; https://patrioti.net"
66.249.69.141 - - [06/Apr/2026:02:39:56 +0200] "GET /%D0%B4%D0%BD%D0%B5%D1%81-%D0%BE%D1%82%D0%B1%D0%B5%D0%BB%D1%8F%D0%B7%D0%B2%D0%B0%D0%BC%D0%B5-%D1%80%D0%BE%D0%B6%D0%B4%D0%B5%D0%BD%D0%B8%D0%B5%D1%82%D0%BE-%D0%BD%D0%B0-%D0%B9%D0%BE%D1%80%D0%B4%D0%B0/ HTTP/1.1" 200 24871 "-" "Mozilla/5.0 (Linux; Android 6.0.1; Nexus 5X Build/MMB29P) AppleWebKit/537.36 (KHTML, like Gecko) Chrome/146.0.7680.177 Mobile Safari/537.36 (compatible; GoogleOther)"
185.191.171.5 - - [06/Apr/2026:02:40:38 +0200] "GET /tag/patrioti/page/9/ HTTP/1.1" 200 18820 "-" "Mozilla/5.0 (compatible; SemrushBot/7~bl; +http://www.semrush.com/bot.html)"
85.208.96.210 - - [06/Apr/2026:02:42:42 +0200] "GET /%D0%B4%D0%BD%D0%B5%D1%81-%D0%B5-%D1%80%D0%BE%D0%B4%D0%B5%D0%BD-%D0%B1%D1%8A%D0%BB%D0%B3%D0%B0%D1%80%D1%81%D0%BA%D0%B8%D1%8F%D1%82-%D0%BF%D0%BB%D1%83%D0%B2%D0%B5%D1%86-%D0%B3%D0%B5%D0%BE%D1%80%D0%B3/ HTTP/1.1" 200 22507 "-" "Mozilla/5.0 (compatible; SemrushBot/7~bl; +http://www.semrush.com/bot.html)"
