85.208.96.200 - - [06/Apr/2026:05:46:46 +0200] "GET /category/%D0%BB%D0%B8%D1%87%D0%BD%D0%BE%D1%81%D1%82%D0%B8/page/55/ HTTP/1.1" 404 277 "-" "Mozilla/5.0 (compatible; SemrushBot/7~bl; +http://www.semrush.com/bot.html)"
185.191.171.1 - - [06/Apr/2026:05:47:04 +0200] "GET /%D0%BD%D0%B0-27-%D1%81%D0%B5%D0%BF%D1%82%D0%B5%D0%BC%D0%B2%D1%80%D0%B8-%D1%83%D0%BC%D0%B8%D1%80%D0%B0-%D0%B1%D1%8A%D0%BB%D0%B3%D0%B0%D1%80%D1%81%D0%BA%D0%B0%D1%82%D0%B0-%D0%BD%D0%B0%D1%80%D0%BE%D0%B4/ HTTP/1.1" 404 277 "-" "Mozilla/5.0 (compatible; SemrushBot/7~bl; +http://www.semrush.com/bot.html)"
43.135.159.227 - - [06/Apr/2026:05:47:42 +0200] "GET /category/%D0%B2%D1%8F%D1%80%D0%B0/page/8/ HTTP/1.1" 404 277 "-" "Mozilla/5.0 (Macintosh; Intel Mac OS X 10_15_7) AppleWebKit/537.36 (KHTML, like Gecko) Chrome/142.0.0.0 Safari/537.36"
66.249.69.129 - - [06/Apr/2026:05:47:55 +0200] "GET /category/%D0%BC%D0%B0%D0%BD%D0%B0%D1%81%D1%82%D0%B8%D1%80%D0%B8/feed/ HTTP/1.1" 404 277 "-" "Mozilla/5.0 (Linux; Android 6.0.1; Nexus 5X Build/MMB29P) AppleWebKit/537.36 (KHTML, like Gecko) Chrome/146.0.7680.177 Mobile Safari/537.36 (compatible; Googlebot/2.1; +http://www.google.com/bot.html)"
66.249.69.129 - - [06/Apr/2026:05:48:53 +0200] "GET /tag/%D0%B0%D0%BD%D1%82%D0%B8%D0%BC/ HTTP/1.1" 404 277 "-" "Mozilla/5.0 (Linux; Android 6.0.1; Nexus 5X Build/MMB29P) AppleWebKit/537.36 (KHTML, like Gecko) Chrome/146.0.7680.177 Mobile Safari/537.36 (compatible; GoogleOther)"
216.244.66.194 - - [06/Apr/2026:05:48:58 +0200] "GET /%D0%BF%D1%8A%D1%80%D0%B2%D0%B8%D1%8F%D1%82-%D0%B1%D1%8A%D0%BB%D0%B3%D0%B0%D1%80%D0%B8%D0%BD-%D1%80%D1%83%D1%81%D0%BA%D0%B8-%D0%B3%D0%B5%D0%BD%D0%B5%D1%80%D0%B0%D0%BB-%D0%B8%D0%B2%D0%B0%D0%BD-%D0%BA/ HTTP/1.1" 404 277 "-" "Mozilla/5.0 (compatible; DotBot/1.2; +https://opensiteexplorer.org/dotbot; help@moz.com)"
216.244.66.194 - - [06/Apr/2026:05:49:23 +0200] "GET /%D1%81%D0%BA%D0%B0%D0%BD%D0%B4%D0%B0%D0%BB%D0%BD%D0%B0-%D0%B8-%D0%B2%D0%BB%D0%B8%D1%8F%D1%82%D0%B5%D0%BB%D0%BD%D0%B0-%D1%81%D1%83%D0%BB%D1%82%D0%B0%D0%BD%D0%B0-%D1%80%D0%B0%D1%87%D0%BE-%D0%BF%D0%B5/ HTTP/1.1" 404 277 "-" "Mozilla/5.0 (compatible; DotBot/1.2; +https://opensiteexplorer.org/dotbot; help@moz.com)"
66.249.69.128 - - [06/Apr/2026:05:49:52 +0200] "GET /tag/%D1%80%D0%BE%D0%BB%D0%B8-%D0%BD%D0%B0-%D1%80%D0%B0%D0%BB%D0%B8%D1%86%D0%B0-%D0%BA%D0%BE%D0%B2%D0%B0%D1%87%D0%B5%D0%B2%D0%B0-%D0%B1%D0%B5%D0%B6%D0%B0%D0%BD/feed/ HTTP/1.1" 404 277 "-" "Mozilla/5.0 (Linux; Android 6.0.1; Nexus 5X Build/MMB29P) AppleWebKit/537.36 (KHTML, like Gecko) Chrome/146.0.7680.177 Mobile Safari/537.36 (compatible; Googlebot/2.1; +http://www.google.com/bot.html)"
216.244.66.194 - - [06/Apr/2026:05:50:04 +0200] "GET /%D0%BF%D0%BE%D1%81%D0%BB%D0%B5%D0%B4%D0%BD%D0%B8-%D0%B1%D0%BE%D0%B5%D0%B2%D0%B5-%D0%B8-%D0%BF%D1%80%D0%B8%D0%BC%D0%B8%D1%80%D0%B8%D0%B5-%D0%B2-%D0%BE%D0%B4%D1%80%D0%B8%D0%BD/ HTTP/1.1" 502 150 "-" "Mozilla/5.0 (compatible; DotBot/1.2; +https://opensiteexplorer.org/dotbot; help@moz.com)"
185.191.171.15 - - [06/Apr/2026:05:51:43 +0200] "GET /tag/bulgaria/page/6/ HTTP/1.1" 404 277 "-" "Mozilla/5.0 (compatible; SemrushBot/7~bl; +http://www.semrush.com/bot.html)"
80.94.95.202 - - [06/Apr/2026:05:53:22 +0200] "GET / HTTP/1.1" 301 0 "http://patrioti.net/" "Mozilla/5.0 (Windows NT 10.0; Win64; x64) AppleWebKit/537.36 (KHTML, like Gecko) Chrome/130.0.0.0 Safari/537.36 CCleaner/130.0.0.0"
66.249.69.141 - - [06/Apr/2026:05:53:47 +0200] "GET /%D0%BA%D1%80%D0%B0%D1%81%D0%BE%D1%82%D0%B0%D1%82%D0%B0-%D0%BD%D0%B0-%D0%BF%D1%80%D0%B8%D1%80%D0%BE%D0%B4%D0%B5%D0%BD-%D0%BF%D0%B0%D1%80%D0%BA-%D0%B2%D1%80%D0%B0%D1%87%D0%B0%D0%BD%D1%81%D0%BA%D0%B8/feed/ HTTP/1.1" 404 277 "-" "Mozilla/5.0 (Linux; Android 6.0.1; Nexus 5X Build/MMB29P) AppleWebKit/537.36 (KHTML, like Gecko) Chrome/146.0.7680.177 Mobile Safari/537.36 (compatible; Googlebot/2.1; +http://www.google.com/bot.html)"
185.191.171.1 - - [06/Apr/2026:05:56:20 +0200] "GET /%D0%BD%D0%B0-%D0%B4%D0%BD%D0%B5%D1%88%D0%BD%D0%B0%D1%82%D0%B0-%D0%B4%D0%B0%D1%82%D0%B0-%D0%B5-%D1%80%D0%BE%D0%B4%D0%B5%D0%BD-%D0%B1%D1%8A%D0%BB%D0%B3%D0%B0%D1%80%D1%81%D0%BA%D0%B8%D1%8F%D1%82-%D0%B2-3/ HTTP/1.1" 404 277 "-" "Mozilla/5.0 (compatible; SemrushBot/7~bl; +http://www.semrush.com/bot.html)"
43.157.158.178 - - [06/Apr/2026:05:56:25 +0200] "GET / HTTP/1.1" 301 0 "-" "Mozilla/5.0 (iPhone; CPU iPhone OS 13_2_3 like Mac OS X) AppleWebKit/605.1.15 (KHTML, like Gecko) Version/13.0.3 Mobile/15E148 Safari/604.1"
2a03:2880:31ff:d:: - - [06/Apr/2026:05:57:33 +0200] "GET /%d1%80%d0%b0%d0%b2%d0%bd%d0%be%d0%b3%d0%be%d1%80%d1%81%d0%ba%d0%be%d1%82%d0%be-%d1%81%d1%8a%d0%ba%d1%80%d0%be%d0%b2%d0%b8%d1%89%d0%b5-%d0%b5-%d0%b3%d0%be%d1%80%d0%b4%d0%be%d1%81%d1%82-%d0%b7%d0%b0/ HTTP/1.1" 404 277 "-" "facebookexternalhit/1.1 (+http://www.facebook.com/externalhit_uatext.php)"
2a03:2880:31ff:c:: - - [06/Apr/2026:05:57:33 +0200] "GET /%d1%80%d0%b0%d0%b2%d0%bd%d0%be%d0%b3%d0%be%d1%80%d1%81%d0%ba%d0%be%d1%82%d0%be-%d1%81%d1%8a%d0%ba%d1%80%d0%be%d0%b2%d0%b8%d1%89%d0%b5-%d0%b5-%d0%b3%d0%be%d1%80%d0%b4%d0%be%d1%81%d1%82-%d0%b7%d0%b0/ HTTP/1.1" 404 277 "-" "facebookexternalhit/1.1 (+http://www.facebook.com/externalhit_uatext.php)"
2a03:2880:32ff:8:: - - [06/Apr/2026:05:57:35 +0200] "GET /wp-content/uploads/2018/09/ravnogorsko_sakrovishte.jpg HTTP/1.1" 200 146796 "-" "facebookexternalhit/1.1 (+http://www.facebook.com/externalhit_uatext.php)"
66.249.69.141 - - [06/Apr/2026:05:57:41 +0200] "GET /%D0%BD%D0%B0-15-%D1%81%D0%B5%D0%BF%D1%82%D0%B5%D0%BC%D0%B2%D1%80%D0%B8-1919-%D0%B3-%D0%B8%D0%B7%D0%BB%D0%B8%D0%B7%D0%B0-%D0%BF%D1%8A%D1%80%D0%B2%D0%B8%D1%8F%D1%82-%D0%B1%D1%80%D0%BE%D0%B9-%D0%BD/feed/ HTTP/1.1" 404 277 "-" "Mozilla/5.0 (Linux; Android 6.0.1; Nexus 5X Build/MMB29P) AppleWebKit/537.36 (KHTML, like Gecko) Chrome/146.0.7680.177 Mobile Safari/537.36 (compatible; Googlebot/2.1; +http://www.google.com/bot.html)"
101.46.13.19 - - [06/Apr/2026:05:58:52 +0200] "GET /%d1%85%d1%80%d0%b8%d1%81%d1%82%d0%be-%d1%84%d0%be%d1%82%d0%b5%d0%b2-%d1%82%d1%80%d0%b8-%d1%81%d1%82%d0%b8%d1%85%d0%be%d1%82%d0%b2%d0%be%d1%80%d0%b5%d0%bd%d0%b8%d1%8f-%d0%b7%d0%b0-%d0%bb%d1%8e%d0%b1/ HTTP/1.1" 404 277 "-" "Mozilla/5.0 (Windows NT 10.0; Win64; x64) AppleWebKit/537.36 (KHTML, like Gecko) Chrome/144.0.0.0 Safari/537.36"
66.249.69.141 - - [06/Apr/2026:06:01:36 +0200] "GET /robots.txt HTTP/1.1" 404 277 "-" "Mozilla/5.0 (compatible; Googlebot/2.1; +http://www.google.com/bot.html)"
66.249.69.141 - - [06/Apr/2026:06:01:36 +0200] "GET /tag/%D0%B1%D1%8A%D0%BB%D0%B3%D0%B0%D1%80%D1%81%D0%BA%D0%B8-%D0%B2%D1%8A%D0%B7%D1%80%D0%BE%D0%B6%D0%B4%D0%B5%D0%BD%D1%81%D0%BA%D0%B8-%D1%83%D1%87%D0%B8%D1%82%D0%B5%D0%BB/feed/ HTTP/1.1" 404 277 "-" "Mozilla/5.0 (Linux; Android 6.0.1; Nexus 5X Build/MMB29P) AppleWebKit/537.36 (KHTML, like Gecko) Chrome/146.0.7680.177 Mobile Safari/537.36 (compatible; Googlebot/2.1; +http://www.google.com/bot.html)"
185.191.171.7 - - [06/Apr/2026:06:03:01 +0200] "GET /%D0%BD%D0%B0-10-%D0%BC%D0%B0%D0%B9-1887-%D0%B3-%D0%B5-%D1%80%D0%BE%D0%B4%D0%B5%D0%BD-%D0%BF%D0%BE%D0%BB%D0%BA%D0%BE%D0%B2%D0%BD%D0%B8%D0%BA-%D0%B1%D0%BE%D1%80%D0%B8%D1%81-%D0%B1%D1%80%D1%8A%D0%BD/ HTTP/1.1" 404 277 "-" "Mozilla/5.0 (compatible; SemrushBot/7~bl; +http://www.semrush.com/bot.html)"
66.249.69.141 - - [06/Apr/2026:06:03:34 +0200] "GET /%D0%B8%D1%81%D1%82%D0%BE%D1%80%D0%B8%D1%8F%D1%82%D0%B0-%D0%BD%D0%B0-%D0%BA%D0%B0%D0%BD-%D0%B0%D0%BB%D1%86%D0%B5%D0%BA-%D0%B8-%D0%B1%D1%8A%D0%BB%D0%B3%D0%B0%D1%80%D1%81%D0%BA%D0%B8%D1%82%D0%B5-%D0%BA/kan_alcek/ HTTP/1.1" 404 277 "-" "Mozilla/5.0 (Linux; Android 6.0.1; Nexus 5X Build/MMB29P) AppleWebKit/537.36 (KHTML, like Gecko) Chrome/146.0.7680.177 Mobile Safari/537.36 (compatible; Googlebot/2.1; +http://www.google.com/bot.html)"
20.220.213.131 - - [06/Apr/2026:06:03:40 +0200] "GET /wp-content/plugins/hellopress/wp_filemanager.php HTTP/1.1" 404 277 "-" "-"
20.220.213.131 - - [06/Apr/2026:06:03:40 +0200] "GET /default.php HTTP/1.1" 404 47 "-" "-"
20.220.213.131 - - [06/Apr/2026:06:03:41 +0200] "GET /ty.php HTTP/1.1" 404 47 "-" "-"
20.220.213.131 - - [06/Apr/2026:06:03:43 +0200] "GET /wp-content/themes/cay-van-phong/filemanager.php HTTP/1.1" 404 277 "-" "-"
20.220.213.131 - - [06/Apr/2026:06:03:44 +0200] "GET /fm.php HTTP/1.1" 404 47 "-" "-"
20.220.213.131 - - [06/Apr/2026:06:03:44 +0200] "GET /wp-content/plugins/seoplugins/index.php HTTP/1.1" 404 277 "-" "-"
20.220.213.131 - - [06/Apr/2026:06:03:44 +0200] "GET /ini.php HTTP/1.1" 404 47 "-" "-"
20.220.213.131 - - [06/Apr/2026:06:03:45 +0200] "GET /libraries/legacy/info.php HTTP/1.1" 404 277 "-" "-"
20.220.213.131 - - [06/Apr/2026:06:03:46 +0200] "GET /wp-content/themes/include.php HTTP/1.1" 404 47 "-" "-"
161.97.137.93 - - [06/Apr/2026:06:03:47 +0200] "POST /wp-cron.php?doing_wp_cron=1775448227.0044341087341308593750 HTTP/1.1" 404 47 "http://patrioti.net/wp-cron.php?doing_wp_cron=1775448227.0044341087341308593750" "WordPress/4.9.26; https://patrioti.net"
20.220.213.131 - - [06/Apr/2026:06:03:47 +0200] "GET /wp-admin/network/about.php HTTP/1.1" 302 0 "-" "-"
20.220.213.131 - - [06/Apr/2026:06:04:02 +0200] "GET /alfa.php HTTP/1.1" 502 150 "-" "-"
20.220.213.131 - - [06/Apr/2026:06:04:02 +0200] "GET /wp-admin/images/install.php HTTP/1.1" 502 150 "-" "-"
20.220.213.131 - - [06/Apr/2026:06:04:02 +0200] "GET /.well-known/link.php HTTP/1.1" 502 150 "-" "-"
20.220.213.131 - - [06/Apr/2026:06:04:03 +0200] "GET /wp-admin/chosen.php HTTP/1.1" 404 47 "-" "-"
20.220.213.131 - - [06/Apr/2026:06:04:03 +0200] "GET /info.php HTTP/1.1" 404 47 "-" "-"
20.220.213.131 - - [06/Apr/2026:06:04:03 +0200] "GET /wp-includes/assets/about.php HTTP/1.1" 404 277 "-" "-"
20.220.213.131 - - [06/Apr/2026:06:04:03 +0200] "GET /test.php HTTP/1.1" 404 47 "-" "-"
20.220.213.131 - - [06/Apr/2026:06:04:03 +0200] "GET /wp-admin/css/colors/ectoplasm/wp-login.php HTTP/1.1" 404 47 "-" "-"
20.220.213.131 - - [06/Apr/2026:06:04:03 +0200] "GET /Assets/item.php HTTP/1.1" 404 277 "-" "-"
20.220.213.131 - - [06/Apr/2026:06:04:03 +0200] "GET /shop/lock.php HTTP/1.1" 404 277 "-" "-"
20.220.213.131 - - [06/Apr/2026:06:04:03 +0200] "GET /th/plugins/phpThumb/404.php HTTP/1.1" 404 277 "-" "-"
20.220.213.131 - - [06/Apr/2026:06:04:04 +0200] "GET /wp-includes/css/dist/preferences/index.php HTTP/1.1" 404 277 "-" "-"
20.220.213.131 - - [06/Apr/2026:06:04:04 +0200] "GET /files/log.php HTTP/1.1" 404 277 "-" "-"
20.220.213.131 - - [06/Apr/2026:06:04:05 +0200] "GET /wp-includes/html-api/index.php HTTP/1.1" 404 277 "-" "-"
20.220.213.131 - - [06/Apr/2026:06:04:05 +0200] "GET /x.php HTTP/1.1" 404 47 "-" "-"
20.220.213.131 - - [06/Apr/2026:06:04:05 +0200] "GET /about/function.php HTTP/1.1" 404 277 "-" "-"
20.220.213.131 - - [06/Apr/2026:06:04:05 +0200] "GET /wp-content/plugins/wp.php HTTP/1.1" 404 47 "-" "-"
20.220.213.131 - - [06/Apr/2026:06:04:05 +0200] "GET /wp-admin/includes/index.php HTTP/1.1" 404 47 "-" "-"
20.220.213.131 - - [06/Apr/2026:06:04:05 +0200] "GET /wp-includes/SimplePie/Cache/content.php HTTP/1.1" 404 47 "-" "-"
20.220.213.131 - - [06/Apr/2026:06:04:06 +0200] "GET /wp-content/themes/xmrlpc.php HTTP/1.1" 404 47 "-" "-"
20.220.213.131 - - [06/Apr/2026:06:04:06 +0200] "GET /wp-includes/js/wp-login.php HTTP/1.1" 404 47 "-" "-"
20.220.213.131 - - [06/Apr/2026:06:04:06 +0200] "GET /wp-mail.php/wp-includes/ID3/taptap-null.php HTTP/1.1" 403 1187 "-" "-"
20.220.213.131 - - [06/Apr/2026:06:04:06 +0200] "GET /.well-known/as.php HTTP/1.1" 404 47 "-" "-"
20.220.213.131 - - [06/Apr/2026:06:04:06 +0200] "GET /wp-includes/customize/wp-login.php HTTP/1.1" 404 47 "-" "-"
20.220.213.131 - - [06/Apr/2026:06:04:06 +0200] "GET /.well-known/lv.php HTTP/1.1" 404 47 "-" "-"
20.220.213.131 - - [06/Apr/2026:06:04:06 +0200] "GET /themes.php HTTP/1.1" 404 47 "-" "-"
20.220.213.131 - - [06/Apr/2026:06:04:07 +0200] "GET /readme.php HTTP/1.1" 404 47 "-" "-"
20.220.213.131 - - [06/Apr/2026:06:04:07 +0200] "GET /edit.php HTTP/1.1" 404 47 "-" "-"
20.220.213.131 - - [06/Apr/2026:06:04:07 +0200] "GET /wp-content/themes/travelscape/json.php HTTP/1.1" 404 277 "-" "-"
20.220.213.131 - - [06/Apr/2026:06:04:07 +0200] "GET /wp-admin/wp-admin.php HTTP/1.1" 404 47 "-" "-"
20.220.213.131 - - [06/Apr/2026:06:04:07 +0200] "GET /wp-content/upgrade/shell.php HTTP/1.1" 404 47 "-" "-"
20.220.213.131 - - [06/Apr/2026:06:04:07 +0200] "GET /wp-admin/user/bak.php HTTP/1.1" 404 47 "-" "-"
20.220.213.131 - - [06/Apr/2026:06:04:08 +0200] "GET /wp-content/plugins/admin.php HTTP/1.1" 404 47 "-" "-"
20.220.213.131 - - [06/Apr/2026:06:04:08 +0200] "GET /wp-admin/css/about.php HTTP/1.1" 404 47 "-" "-"
20.220.213.131 - - [06/Apr/2026:06:04:08 +0200] "GET /wp-admin/date.php HTTP/1.1" 404 47 "-" "-"
20.220.213.131 - - [06/Apr/2026:06:04:08 +0200] "GET /index/x.php HTTP/1.1" 404 277 "-" "-"
20.220.213.131 - - [06/Apr/2026:06:04:08 +0200] "GET /wp-includes/network.php HTTP/1.1" 404 47 "-" "-"
20.220.213.131 - - [06/Apr/2026:06:04:08 +0200] "GET /.well-known/.well-known/cc.php HTTP/1.1" 404 277 "-" "-"
20.220.213.131 - - [06/Apr/2026:06:04:09 +0200] "GET /wp-includes/pomo/chosen.php HTTP/1.1" 404 47 "-" "-"
20.220.213.131 - - [06/Apr/2026:06:04:09 +0200] "GET /.well-known/pki-validation/pwnd.php HTTP/1.1" 404 47 "-" "-"
20.220.213.131 - - [06/Apr/2026:06:04:09 +0200] "GET /css/cong.php HTTP/1.1" 404 277 "-" "-"
20.220.213.131 - - [06/Apr/2026:06:04:09 +0200] "GET /wp-includes/customize/shell.php HTTP/1.1" 404 47 "-" "-"
20.220.213.131 - - [06/Apr/2026:06:04:09 +0200] "GET /wp-content/mah.php HTTP/1.1" 404 47 "-" "-"
20.220.213.131 - - [06/Apr/2026:06:04:09 +0200] "GET /wp-content/upgrade/admin.php HTTP/1.1" 404 47 "-" "-"
20.220.213.131 - - [06/Apr/2026:06:04:10 +0200] "GET /wp-content/index.php HTTP/1.1" 404 47 "-" "-"
20.220.213.131 - - [06/Apr/2026:06:04:10 +0200] "GET /cgi-bin/fm.php HTTP/1.1" 404 277 "-" "-"
20.220.213.131 - - [06/Apr/2026:06:04:10 +0200] "GET /wp-includes/block-supports/variations.php HTTP/1.1" 404 277 "-" "-"
20.220.213.131 - - [06/Apr/2026:06:04:10 +0200] "GET /wp-includes/rest-api/wp-login.php HTTP/1.1" 404 47 "-" "-"
20.220.213.131 - - [06/Apr/2026:06:04:11 +0200] "GET /.well-known/index.php HTTP/1.1" 404 47 "-" "-"
20.220.213.131 - - [06/Apr/2026:06:04:11 +0200] "GET /1.php HTTP/1.1" 404 47 "-" "-"
20.220.213.131 - - [06/Apr/2026:06:04:11 +0200] "GET /install.php HTTP/1.1" 404 47 "-" "-"
20.220.213.131 - - [06/Apr/2026:06:04:11 +0200] "GET /.well-known/pki-validation/siteindex.php HTTP/1.1" 404 47 "-" "-"
20.220.213.131 - - [06/Apr/2026:06:04:11 +0200] "GET /plugins/DaoZM.php HTTP/1.1" 404 277 "-" "-"
20.220.213.131 - - [06/Apr/2026:06:04:11 +0200] "GET /wp-admin/install.php HTTP/1.1" 200 637 "-" "-"
20.220.213.131 - - [06/Apr/2026:06:04:11 +0200] "GET /cgi-bin/1.php HTTP/1.1" 404 277 "-" "-"
20.220.213.131 - - [06/Apr/2026:06:04:12 +0200] "GET /cgi-bin/admin.php HTTP/1.1" 404 277 "-" "-"
20.220.213.131 - - [06/Apr/2026:06:04:12 +0200] "GET /wp-content/plugins/pwnd/gecko.php HTTP/1.1" 404 277 "-" "-"
20.220.213.131 - - [06/Apr/2026:06:04:12 +0200] "GET /wp-admin/network/lock.php HTTP/1.1" 404 47 "-" "-"
20.220.213.131 - - [06/Apr/2026:06:04:12 +0200] "GET /assets/item.php HTTP/1.1" 404 277 "-" "-"
20.220.213.131 - - [06/Apr/2026:06:04:12 +0200] "GET /wp-includes/SimplePie/system.php HTTP/1.1" 404 47 "-" "-"
20.220.213.131 - - [06/Apr/2026:06:04:12 +0200] "GET /about/wp-conflg.php HTTP/1.1" 404 277 "-" "-"
20.220.213.131 - - [06/Apr/2026:06:04:12 +0200] "GET /Assets/admin.php HTTP/1.1" 404 277 "-" "-"
20.220.213.131 - - [06/Apr/2026:06:04:13 +0200] "GET /wp-includes/sitemaps/alfa-rex.php HTTP/1.1" 404 277 "-" "-"
20.220.213.131 - - [06/Apr/2026:06:04:13 +0200] "GET /wp-includes/style-engine/index.php HTTP/1.1" 404 277 "-" "-"
20.220.213.131 - - [06/Apr/2026:06:04:13 +0200] "GET /cgi-bin/about.php HTTP/1.1" 404 277 "-" "-"
20.220.213.131 - - [06/Apr/2026:06:04:13 +0200] "GET /db.php HTTP/1.1" 404 47 "-" "-"
20.220.213.131 - - [06/Apr/2026:06:04:13 +0200] "GET /wp-content/blue.php HTTP/1.1" 404 47 "-" "-"
20.220.213.131 - - [06/Apr/2026:06:04:13 +0200] "GET /.well-known/pki-validation/fm.php HTTP/1.1" 404 47 "-" "-"
20.220.213.131 - - [06/Apr/2026:06:04:13 +0200] "GET /wp-content/configs.php HTTP/1.1" 404 47 "-" "-"
20.220.213.131 - - [06/Apr/2026:06:04:14 +0200] "GET /wp-includes/images/media/about.php HTTP/1.1" 404 47 "-" "-"
20.220.213.131 - - [06/Apr/2026:06:04:14 +0200] "GET /cgi-bin/xmrlpc.php HTTP/1.1" 404 277 "-" "-"
20.220.213.131 - - [06/Apr/2026:06:04:14 +0200] "GET /assets/admin.php HTTP/1.1" 404 277 "-" "-"
20.220.213.131 - - [06/Apr/2026:06:04:14 +0200] "GET /cgi-bin/moon.php HTTP/1.1" 404 277 "-" "-"
20.220.213.131 - - [06/Apr/2026:06:04:14 +0200] "GET /wp-includes/theme-compat/wp-login.php HTTP/1.1" 404 47 "-" "-"
20.220.213.131 - - [06/Apr/2026:06:04:14 +0200] "GET /wp-admin/plugin.php HTTP/1.1" 404 47 "-" "-"
20.220.213.131 - - [06/Apr/2026:06:04:15 +0200] "GET /wp-content/admin.php HTTP/1.1" 404 47 "-" "-"
20.220.213.131 - - [06/Apr/2026:06:04:15 +0200] "GET /images/autoload_classmap.php HTTP/1.1" 404 277 "-" "-"
20.220.213.131 - - [06/Apr/2026:06:04:15 +0200] "GET /radio.php HTTP/1.1" 404 47 "-" "-"
20.220.213.131 - - [06/Apr/2026:06:04:16 +0200] "GET /wp-content/plugins/Cache.php HTTP/1.1" 404 47 "-" "-"
20.220.213.131 - - [06/Apr/2026:06:04:16 +0200] "GET /wp-admin/js/widgets/index.php HTTP/1.1" 404 47 "-" "-"
20.220.213.131 - - [06/Apr/2026:06:04:16 +0200] "GET /wp-content/packed.php HTTP/1.1" 404 47 "-" "-"
20.220.213.131 - - [06/Apr/2026:06:04:16 +0200] "GET /wp-content/uploads/link.php HTTP/1.1" 404 47 "-" "-"
20.220.213.131 - - [06/Apr/2026:06:04:17 +0200] "GET /403.php HTTP/1.1" 404 47 "-" "-"
20.220.213.131 - - [06/Apr/2026:06:04:17 +0200] "GET /wp-content/uploads/plugins.php HTTP/1.1" 404 47 "-" "-"
20.220.213.131 - - [06/Apr/2026:06:04:17 +0200] "GET /wp-includes/rest-api/alfa-rex.php HTTP/1.1" 404 47 "-" "-"
20.220.213.131 - - [06/Apr/2026:06:04:17 +0200] "GET /gecko.php HTTP/1.1" 404 47 "-" "-"
20.220.213.131 - - [06/Apr/2026:06:04:17 +0200] "GET /plugin.php HTTP/1.1" 404 47 "-" "-"
20.220.213.131 - - [06/Apr/2026:06:04:17 +0200] "GET /wp-includes/html-api/wp-login.php HTTP/1.1" 404 277 "-" "-"
20.220.213.131 - - [06/Apr/2026:06:04:18 +0200] "GET /Assets/edit.php HTTP/1.1" 404 277 "-" "-"
20.220.213.131 - - [06/Apr/2026:06:04:18 +0200] "GET /wp-includes/images/crystal/about.php HTTP/1.1" 404 47 "-" "-"
20.220.213.131 - - [06/Apr/2026:06:04:18 +0200] "GET /wp-content/file.php HTTP/1.1" 404 47 "-" "-"
20.220.213.131 - - [06/Apr/2026:06:04:19 +0200] "GET /.well-known/pkivalidation/log.php HTTP/1.1" 404 277 "-" "-"
20.220.213.131 - - [06/Apr/2026:06:04:19 +0200] "GET /wp-includes/SimplePie/about.php HTTP/1.1" 404 47 "-" "-"
20.220.213.131 - - [06/Apr/2026:06:04:19 +0200] "GET /wp-admin/packed.php HTTP/1.1" 404 47 "-" "-"
20.220.213.131 - - [06/Apr/2026:06:04:20 +0200] "GET /user.php HTTP/1.1" 404 47 "-" "-"
20.220.213.131 - - [06/Apr/2026:06:04:20 +0200] "GET /about.php HTTP/1.1" 404 47 "-" "-"
20.220.213.131 - - [06/Apr/2026:06:04:20 +0200] "GET /filemanager.php HTTP/1.1" 404 47 "-" "-"
20.220.213.131 - - [06/Apr/2026:06:04:20 +0200] "GET /wp-content/config.php HTTP/1.1" 404 47 "-" "-"
85.208.96.195 - - [06/Apr/2026:06:04:20 +0200] "GET /%D0%BD%D0%B0-%D0%B4%D0%BD%D0%B5%D1%88%D0%BD%D0%B0%D1%82%D0%B0-%D0%B4%D0%B0%D1%82%D0%B0-%D1%83%D0%BC%D0%B8%D1%80%D0%B0-%D0%BC%D0%B8%D1%82%D1%80%D0%BE%D0%BF%D0%BE%D0%BB%D0%B8%D1%82-%D0%B8%D0%BB%D0%B0/ HTTP/1.1" 404 277 "-" "Mozilla/5.0 (compatible; SemrushBot/7~bl; +http://www.semrush.com/bot.html)"
20.220.213.131 - - [06/Apr/2026:06:04:21 +0200] "GET /moon.php HTTP/1.1" 404 47 "-" "-"
20.220.213.131 - - [06/Apr/2026:06:04:21 +0200] "GET /wp-includes/ID3/index.php HTTP/1.1" 404 47 "-" "-"
20.220.213.131 - - [06/Apr/2026:06:04:21 +0200] "GET /wp-admin/css/wp-conflg.php HTTP/1.1" 404 47 "-" "-"
20.220.213.131 - - [06/Apr/2026:06:04:21 +0200] "GET /wp-admin/css/colors/index.php HTTP/1.1" 404 47 "-" "-"
20.220.213.131 - - [06/Apr/2026:06:04:21 +0200] "GET /css/chosen.php HTTP/1.1" 404 277 "-" "-"
20.220.213.131 - - [06/Apr/2026:06:04:21 +0200] "GET /wp-includes/Requests/Utility/cc.php HTTP/1.1" 404 47 "-" "-"
20.220.213.131 - - [06/Apr/2026:06:04:22 +0200] "GET /wp-includes/Text/index.php HTTP/1.1" 404 47 "-" "-"
20.220.213.131 - - [06/Apr/2026:06:04:22 +0200] "GET /packed.php HTTP/1.1" 404 47 "-" "-"
20.220.213.131 - - [06/Apr/2026:06:04:22 +0200] "GET /wp-admin/update.php HTTP/1.1" 302 0 "-" "-"
20.220.213.131 - - [06/Apr/2026:06:04:31 +0200] "GET /wp-content/themes/astra/inc/fm.php HTTP/1.1" 404 277 "-" "-"
20.220.213.131 - - [06/Apr/2026:06:04:31 +0200] "GET /link.php HTTP/1.1" 404 47 "-" "-"
20.220.213.131 - - [06/Apr/2026:06:04:32 +0200] "GET /wp-content/mu-plugins/gecko.php HTTP/1.1" 404 277 "-" "-"
20.220.213.131 - - [06/Apr/2026:06:04:32 +0200] "GET /footer.php HTTP/1.1" 404 47 "-" "-"
20.220.213.131 - - [06/Apr/2026:06:04:32 +0200] "GET /wp-includes/js/codemirror/index.php HTTP/1.1" 404 47 "-" "-"
20.220.213.131 - - [06/Apr/2026:06:04:32 +0200] "GET /config.php HTTP/1.1" 404 47 "-" "-"
20.220.213.131 - - [06/Apr/2026:06:04:32 +0200] "GET /fw.php HTTP/1.1" 404 47 "-" "-"
20.220.213.131 - - [06/Apr/2026:06:04:32 +0200] "GET /post.php HTTP/1.1" 404 47 "-" "-"
207.46.13.52 - - [06/Apr/2026:06:04:36 +0200] "GET /tag/%D1%81%D1%82%D0%BE%D0%BB%D0%B5%D1%82%D0%B8%D0%B5/ HTTP/1.1" 404 277 "-" "Mozilla/5.0 AppleWebKit/537.36 (KHTML, like Gecko; compatible; bingbot/2.0; +http://www.bing.com/bingbot.htm) Chrome/116.0.1938.76 Safari/537.36"
20.220.213.131 - - [06/Apr/2026:06:04:37 +0200] "GET /wp-login.php HTTP/1.1" 302 0 "-" "-"
20.220.213.131 - - [06/Apr/2026:06:04:38 +0200] "GET /makeasmtp.php HTTP/1.1" 404 47 "-" "-"
20.220.213.131 - - [06/Apr/2026:06:04:38 +0200] "GET /admin/function.php HTTP/1.1" 404 277 "-" "-"
20.220.213.131 - - [06/Apr/2026:06:04:38 +0200] "GET /wp-includes/fonts/admin.php HTTP/1.1" 404 47 "-" "-"
20.220.213.131 - - [06/Apr/2026:06:04:38 +0200] "GET /doc.php HTTP/1.1" 404 47 "-" "-"
20.220.213.131 - - [06/Apr/2026:06:04:39 +0200] "GET /xmrlpc.php HTTP/1.1" 404 47 "-" "-"
20.220.213.131 - - [06/Apr/2026:06:04:39 +0200] "GET /wp-includes/index.php HTTP/1.1" 404 47 "-" "-"
20.220.213.131 - - [06/Apr/2026:06:04:39 +0200] "GET /wp-includes/fonts/install.php HTTP/1.1" 404 47 "-" "-"
20.220.213.131 - - [06/Apr/2026:06:04:39 +0200] "GET /assets/edit.php HTTP/1.1" 404 277 "-" "-"
20.220.213.131 - - [06/Apr/2026:06:04:39 +0200] "GET /file.php HTTP/1.1" 404 47 "-" "-"
20.220.213.131 - - [06/Apr/2026:06:04:39 +0200] "GET /wp-admin/index.php HTTP/1.1" 302 0 "-" "-"
20.220.213.131 - - [06/Apr/2026:06:04:41 +0200] "GET /wp-admin/user/chosen.php HTTP/1.1" 404 47 "-" "-"
20.220.213.131 - - [06/Apr/2026:06:04:41 +0200] "GET /wp-content/uploads/wp-conflg.php HTTP/1.1" 404 47 "-" "-"
20.220.213.131 - - [06/Apr/2026:06:04:41 +0200] "GET /ok.php HTTP/1.1" 404 47 "-" "-"
20.220.213.131 - - [06/Apr/2026:06:04:41 +0200] "GET /chosen.php HTTP/1.1" 404 47 "-" "-"
20.220.213.131 - - [06/Apr/2026:06:04:41 +0200] "GET /wp-includes/images/smilies/index.php HTTP/1.1" 404 47 "-" "-"
20.220.213.131 - - [06/Apr/2026:06:04:42 +0200] "GET /wp-content/themes/aahana/json.php HTTP/1.1" 404 277 "-" "-"
20.220.213.131 - - [06/Apr/2026:06:04:42 +0200] "GET /wp-includes/html-api/about.php HTTP/1.1" 404 277 "-" "-"
20.220.213.131 - - [06/Apr/2026:06:04:42 +0200] "GET /wp-content/uploads/index.php HTTP/1.1" 404 47 "-" "-"
20.220.213.131 - - [06/Apr/2026:06:04:42 +0200] "GET /wp-includes/images/smilies/about.php HTTP/1.1" 404 47 "-" "-"
20.220.213.131 - - [06/Apr/2026:06:04:42 +0200] "GET /images/lmfi2.php HTTP/1.1" 404 277 "-" "-"
20.220.213.131 - - [06/Apr/2026:06:04:42 +0200] "GET /wp-admin/function.php HTTP/1.1" 404 47 "-" "-"
20.220.213.131 - - [06/Apr/2026:06:04:42 +0200] "GET /wp-includes/Text/Diff/alfa-rex.php HTTP/1.1" 404 47 "-" "-"
20.220.213.131 - - [06/Apr/2026:06:04:42 +0200] "GET /images/chosen.php HTTP/1.1" 404 277 "-" "-"
20.220.213.131 - - [06/Apr/2026:06:04:42 +0200] "GET /mah.php HTTP/1.1" 404 47 "-" "-"
20.220.213.131 - - [06/Apr/2026:06:04:43 +0200] "GET /images/lmfi2.php HTTP/1.1" 404 277 "-" "-"
20.220.213.131 - - [06/Apr/2026:06:04:43 +0200] "GET /wp-admin/function.php HTTP/1.1" 404 47 "-" "-"
20.220.213.131 - - [06/Apr/2026:06:04:43 +0200] "GET /wp-includes/Text/Diff/alfa-rex.php HTTP/1.1" 404 47 "-" "-"
20.220.213.131 - - [06/Apr/2026:06:04:43 +0200] "GET /images/chosen.php HTTP/1.1" 404 277 "-" "-"
20.220.213.131 - - [06/Apr/2026:06:04:43 +0200] "GET /mah.php HTTP/1.1" 404 47 "-" "-"
20.220.213.131 - - [06/Apr/2026:06:04:43 +0200] "GET /admin.php HTTP/1.1" 404 47 "-" "-"
20.220.213.131 - - [06/Apr/2026:06:04:43 +0200] "GET /class-wp-html-active-formatting-elements.php HTTP/1.1" 404 47 "-" "-"
20.220.213.131 - - [06/Apr/2026:06:04:44 +0200] "GET /class-wp-html-attribute-token.php HTTP/1.1" 404 47 "-" "-"
20.220.213.131 - - [06/Apr/2026:06:04:44 +0200] "GET /class-wp-html-decoder.php HTTP/1.1" 404 47 "-" "-"
20.220.213.131 - - [06/Apr/2026:06:04:44 +0200] "GET /class-wp-html-doctype-info.php HTTP/1.1" 404 47 "-" "-"
20.220.213.131 - - [06/Apr/2026:06:04:45 +0200] "GET /class-wp-html-open-elements.php HTTP/1.1" 404 47 "-" "-"
20.220.213.131 - - [06/Apr/2026:06:04:45 +0200] "GET /class-wp-html-processor-state.php HTTP/1.1" 404 47 "-" "-"
20.220.213.131 - - [06/Apr/2026:06:04:45 +0200] "GET /class-wp-html-processor.php HTTP/1.1" 404 47 "-" "-"
20.220.213.131 - - [06/Apr/2026:06:04:45 +0200] "GET /class-wp-html-span.php HTTP/1.1" 404 47 "-" "-"
20.220.213.131 - - [06/Apr/2026:06:04:46 +0200] "GET /class-wp-html-stack-event.php HTTP/1.1" 404 47 "-" "-"
20.220.213.131 - - [06/Apr/2026:06:04:46 +0200] "GET /class-wp-html-tag-processor.php HTTP/1.1" 404 47 "-" "-"
20.220.213.131 - - [06/Apr/2026:06:04:47 +0200] "GET /class-wp-html-text-replacement.php HTTP/1.1" 404 47 "-" "-"
20.220.213.131 - - [06/Apr/2026:06:04:47 +0200] "GET /class-wp-html-token.php HTTP/1.1" 404 47 "-" "-"
20.220.213.131 - - [06/Apr/2026:06:04:47 +0200] "GET /class-wp-html-unsupported-exception.php HTTP/1.1" 404 47 "-" "-"
20.220.213.131 - - [06/Apr/2026:06:04:47 +0200] "GET /config-backup.php HTTP/1.1" 404 47 "-" "-"
20.220.213.131 - - [06/Apr/2026:06:04:48 +0200] "GET /config.php HTTP/1.1" 404 47 "-" "-"
20.220.213.131 - - [06/Apr/2026:06:04:48 +0200] "GET /html5-named-character-references.php HTTP/1.1" 404 47 "-" "-"
161.97.137.93 - - [06/Apr/2026:06:04:49 +0200] "POST /wp-cron.php?doing_wp_cron=1775448289.3013420104980468750000 HTTP/1.1" 404 47 "http://patrioti.net/wp-cron.php?doing_wp_cron=1775448289.3013420104980468750000" "WordPress/4.9.26; https://patrioti.net"
20.220.213.131 - - [06/Apr/2026:06:04:49 +0200] "GET /index.php HTTP/1.1" 200 31860 "-" "-"
20.220.213.131 - - [06/Apr/2026:06:04:50 +0200] "GET /lufix.php HTTP/1.1" 404 47 "-" "-"
85.208.96.197 - - [06/Apr/2026:06:05:10 +0200] "GET /tag/%D1%80%D0%BE%D0%B4%D0%BE%D0%BB%D1%8E%D0%B1%D0%B5%D1%86/page/17/ HTTP/1.1" 502 150 "-" "Mozilla/5.0 (compatible; SemrushBot/7~bl; +http://www.semrush.com/bot.html)"
66.249.69.128 - - [06/Apr/2026:06:05:31 +0200] "GET /tag/%D0%B1%D0%B8%D0%BE%D0%B3%D1%80%D0%B0%D1%84%D0%B8%D1%8F-%D0%BD%D0%B0-%D1%81%D1%82%D0%B5%D1%84%D0%B0%D0%BD-%D0%B4%D0%B6%D0%B0%D0%BC%D0%B1%D0%B0%D0%B7%D0%BE%D0%B2/feed/ HTTP/1.1" 404 277 "-" "Mozilla/5.0 (Linux; Android 6.0.1; Nexus 5X Build/MMB29P) AppleWebKit/537.36 (KHTML, like Gecko) Chrome/146.0.7680.177 Mobile Safari/537.36 (compatible; Googlebot/2.1; +http://www.google.com/bot.html)"
66.249.69.130 - - [06/Apr/2026:06:05:31 +0200] "GET /robots.txt HTTP/1.1" 404 277 "-" "Mozilla/5.0 (compatible; Googlebot/2.1; +http://www.google.com/bot.html)"
40.77.167.23 - - [06/Apr/2026:06:08:23 +0200] "GET /%D1%81%D1%8E%D0%BB%D0%B5%D0%B9%D0%BC%D0%B0%D0%BD%D0%BA%D1%8C%D0%BE%D0%B9%D1%81%D0%BA%D0%B8%D1%8F%D1%82-%D0%BD%D0%B0%D0%B4%D0%BF%D0%B8%D1%81-%D0%BE%D1%82-%D0%B2%D1%80%D0%B5%D0%BC%D0%B5%D1%82%D0%BE/ HTTP/1.1" 404 277 "-" "Mozilla/5.0 AppleWebKit/537.36 (KHTML, like Gecko; compatible; bingbot/2.0; +http://www.bing.com/bingbot.htm) Chrome/116.0.1938.76 Safari/537.36"
185.191.171.3 - - [06/Apr/2026:06:08:34 +0200] "GET /robots.txt HTTP/1.1" 404 277 "-" "Mozilla/5.0 (compatible; SemrushBot/7~bl; +http://www.semrush.com/bot.html)"
85.208.96.203 - - [06/Apr/2026:06:08:34 +0200] "GET /%D0%BD%D0%B0-3-%D0%B4%D0%B5%D0%BA%D0%B5%D0%BC%D0%B2%D1%80%D0%B8-1866-%D0%B3-%D0%BF%D0%B5%D1%82%D0%BA%D0%BE-%D1%81%D0%BB%D0%B0%D0%B2%D0%B5%D0%B9%D0%BA%D0%BE%D0%B2-%D0%BE%D1%81%D0%BD%D0%BE%D0%B2%D0%B0/ HTTP/1.1" 404 277 "-" "Mozilla/5.0 (compatible; SemrushBot/7~bl; +http://www.semrush.com/bot.html)"
66.249.69.129 - - [06/Apr/2026:06:09:31 +0200] "GET /robots.txt HTTP/1.1" 404 277 "-" "Mozilla/5.0 (compatible; Googlebot/2.1; +http://www.google.com/bot.html)"
66.249.69.128 - - [06/Apr/2026:06:09:31 +0200] "GET /tag/%D0%B3%D0%B5%D0%BE%D1%80%D0%B3%D0%B8-%D1%85%D0%B0%D1%80%D0%B0%D0%BB%D0%B0%D0%BC%D0%BF%D0%B8%D0%B5%D0%B2-%D0%B2%D0%B0%D1%81%D0%B8%D0%BB%D0%B5%D0%B2-%D0%B0%D0%BC%D0%BF%D0%B5%D1%82%D0%BE/feed/ HTTP/1.1" 404 277 "-" "Mozilla/5.0 (Linux; Android 6.0.1; Nexus 5X Build/MMB29P) AppleWebKit/537.36 (KHTML, like Gecko) Chrome/146.0.7680.177 Mobile Safari/537.36 (compatible; Googlebot/2.1; +http://www.google.com/bot.html)"
66.249.69.128 - - [06/Apr/2026:06:09:58 +0200] "GET /%D0%B8%D1%81%D1%82%D0%BE%D1%80%D0%B8%D1%8F%D1%82%D0%B0-%D0%BD%D0%B0-%D0%BA%D0%B0%D0%BD-%D0%B0%D0%BB%D1%86%D0%B5%D0%BA-%D0%B8-%D0%B1%D1%8A%D0%BB%D0%B3%D0%B0%D1%80%D1%81%D0%BA%D0%B8%D1%82%D0%B5-%D0%BA/kan_alcek/ HTTP/1.1" 404 277 "-" "Mozilla/5.0 (Linux; Android 6.0.1; Nexus 5X Build/MMB29P) AppleWebKit/537.36 (KHTML, like Gecko) Chrome/146.0.7680.177 Mobile Safari/537.36 (compatible; GoogleOther)"
85.208.96.210 - - [06/Apr/2026:06:11:25 +0200] "GET /%D0%B1%D1%8A%D0%BB%D0%B3%D0%B0%D1%80%D1%81%D0%BA%D0%B8-%D0%BE%D0%BB%D0%B8%D0%BC%D0%BF%D0%B8%D0%B9%D1%81%D0%BA%D0%B8-%D1%83%D1%81%D0%BF%D0%B5%D1%85%D0%B8-%D0%BF%D0%BE-%D0%B1%D1%8A%D1%80%D0%B7/ HTTP/1.1" 404 277 "-" "Mozilla/5.0 (compatible; SemrushBot/7~bl; +http://www.semrush.com/bot.html)"
216.244.66.194 - - [06/Apr/2026:06:13:04 +0200] "GET /robots.txt HTTP/1.1" 404 277 "-" "Mozilla/5.0 (compatible; DotBot/1.2; +https://opensiteexplorer.org/dotbot; help@moz.com)"
66.249.69.129 - - [06/Apr/2026:06:13:31 +0200] "GET /robots.txt HTTP/1.1" 404 277 "-" "Mozilla/5.0 (compatible; Googlebot/2.1; +http://www.google.com/bot.html)"
66.249.69.130 - - [06/Apr/2026:06:13:31 +0200] "GET /%D0%B4%D0%BD%D0%B5%D1%81-%D0%B5-%D1%80%D0%BE%D0%B4%D0%B5%D0%BD-%D0%B1%D1%8A%D0%BB%D0%B3%D0%B0%D1%80%D1%81%D0%BA%D0%B8%D1%8F%D1%82-%D1%81%D0%BA%D1%83%D0%BB%D0%BF%D1%82%D0%BE%D1%80-%D0%B4%D0%B8%D0%BB/dilian_orsay-jps/feed/ HTTP/1.1" 404 277 "-" "Mozilla/5.0 (Linux; Android 6.0.1; Nexus 5X Build/MMB29P) AppleWebKit/537.36 (KHTML, like Gecko) Chrome/146.0.7680.177 Mobile Safari/537.36 (compatible; Googlebot/2.1; +http://www.google.com/bot.html)"
150.109.120.242 - - [06/Apr/2026:06:14:23 +0200] "GET /tag/%d0%b8%d0%b2%d0%b0%d0%bd-%d1%80%d0%b8%d0%bb%d1%81%d0%ba%d0%b8/ HTTP/1.1" 404 277 "-" "Mozilla/5.0 (Windows NT 10.0; Win64; x64) AppleWebKit/537.36 (KHTML, like Gecko) Chrome/143.0.0.0 Safari/537.36"
216.244.66.194 - - [06/Apr/2026:06:16:04 +0200] "GET /%D1%86%D1%8A%D1%80%D0%BA%D0%B2%D0%B0%D1%82%D0%B0-%D1%87%D0%B5%D1%81%D1%82%D0%B2%D0%B0-%D0%BF%D0%B0%D0%BC%D0%B5%D1%82%D1%82%D0%B0-7-%D1%81%D0%B2%D0%B5%D1%82%D0%B8%D0%B8/ HTTP/1.1" 404 277 "-" "Mozilla/5.0 (compatible; DotBot/1.2; +https://opensiteexplorer.org/dotbot; help@moz.com)"
85.208.96.201 - - [06/Apr/2026:06:16:19 +0200] "GET /%D0%BD%D0%B0-22-%D1%8F%D0%BD%D1%83%D0%B0%D1%80%D0%B8-1935-%D0%B3-%D0%B2-%D0%B1%D1%8A%D0%BB%D0%B3%D0%B0%D1%80%D0%B8%D1%8F-%D0%B5-%D1%81%D1%8A%D1%81%D1%82%D0%B0%D0%B2%D0%B5%D0%BD%D0%BE-%D0%BF%D1%80/ HTTP/1.1" 404 277 "-" "Mozilla/5.0 (compatible; SemrushBot/7~bl; +http://www.semrush.com/bot.html)"
157.55.39.7 - - [06/Apr/2026:06:17:31 +0200] "GET /tag/%D0%BD%D0%B0%D0%B9-%D0%B4%D1%8A%D0%BB%D0%B3%D0%BE%D0%B3%D0%BE%D0%B4%D0%B8%D1%88%D0%BD%D0%B8%D1%8F%D1%82-%D0%B1%D1%8A%D0%BB%D0%B3%D0%B0%D1%80%D1%81%D0%BA%D0%B8-%D0%B2%D1%8A%D0%BD%D1%88%D0%B5%D0%BD/ HTTP/1.1" 404 277 "-" "Mozilla/5.0 AppleWebKit/537.36 (KHTML, like Gecko; compatible; bingbot/2.0; +http://www.bing.com/bingbot.htm) Chrome/116.0.1938.76 Safari/537.36"
185.191.171.13 - - [06/Apr/2026:06:20:41 +0200] "GET /%D0%BD%D0%B0-21-%D1%8F%D0%BD%D1%83%D0%B0%D1%80%D0%B8-1945-%D0%B3-%D0%B5%D0%BA%D0%B7%D0%B0%D1%80%D1%85-%D1%81%D1%82%D0%B5%D1%84%D0%B0%D0%BD-i-%D0%B5-%D0%B8%D0%B7%D0%B1%D1%80%D0%B0%D0%BD-%D0%B7%D0%B0/ HTTP/1.1" 404 277 "-" "Mozilla/5.0 (compatible; SemrushBot/7~bl; +http://www.semrush.com/bot.html)"
66.249.69.130 - - [06/Apr/2026:06:21:31 +0200] "GET /tag/%D1%86%D0%B0%D1%80-%D0%BA%D0%BE%D0%BD%D1%81%D1%82%D0%B0%D0%BD%D1%82%D0%B8%D0%BD-%D0%B2%D0%B5%D0%BB%D0%B8%D0%BA%D0%B8/feed/ HTTP/1.1" 404 277 "-" "Mozilla/5.0 (Linux; Android 6.0.1; Nexus 5X Build/MMB29P) AppleWebKit/537.36 (KHTML, like Gecko) Chrome/146.0.7680.177 Mobile Safari/537.36 (compatible; Googlebot/2.1; +http://www.google.com/bot.html)"
185.191.171.8 - - [06/Apr/2026:06:21:34 +0200] "GET /%D0%BD%D0%B0-7-%D0%BC%D0%B8-%D0%BC%D0%B0%D1%80%D1%82-%D0%B5-%D1%80%D0%BE%D0%B4%D0%B5%D0%BD-%D0%BF%D1%80%D0%BE%D1%84-%D0%B4-%D1%84-%D0%BD-%D1%81%D0%B8%D0%BC%D0%B5%D0%BE%D0%BD-%D1%85%D0%B0%D0%B4%D0%B6/ HTTP/1.1" 404 277 "-" "Mozilla/5.0 (compatible; SemrushBot/7~bl; +http://www.semrush.com/bot.html)"
85.208.96.204 - - [06/Apr/2026:06:22:12 +0200] "GET /%D0%BD%D0%B0-3-%D1%82%D0%B8-%D0%BC%D0%B0%D1%80%D1%82-%D0%BE%D1%82%D0%B1%D0%B5%D0%BB%D1%8F%D0%B7%D0%B2%D0%B0%D0%BC%D0%B5-%D1%80%D0%BE%D0%B6%D0%B4%D0%B5%D0%BD%D0%B8%D0%B5%D1%82%D0%BE-%D0%BD%D0%B0-%D0%B0/ HTTP/1.1" 404 277 "-" "Mozilla/5.0 (compatible; SemrushBot/7~bl; +http://www.semrush.com/bot.html)"
185.191.171.15 - - [06/Apr/2026:06:22:35 +0200] "GET /%D0%B4%D0%BD%D0%B5%D1%81-%D0%B5-%D1%80%D0%BE%D0%B4%D0%B5%D0%BD-%D0%B3%D0%B5%D0%BD%D0%B5%D1%80%D0%B0%D0%BB-%D0%BB%D0%B5%D0%B9%D1%82%D0%B5%D0%BD%D0%B0%D0%BD%D1%82-%D0%B8%D0%B2%D0%B0%D0%BD-%D0%B4%D0%BE/ HTTP/1.1" 404 277 "-" "Mozilla/5.0 (compatible; SemrushBot/7~bl; +http://www.semrush.com/bot.html)"
216.244.66.194 - - [06/Apr/2026:06:23:02 +0200] "GET /%D1%80%D0%B8%D1%82%D1%83%D0%B0%D0%BB%D0%BD%D0%B8%D1%82%D0%B5-%D1%87%D0%B0%D1%88%D0%B8-%D1%87%D0%B5%D1%80%D0%B5%D0%BF%D0%B8-%D0%BF%D1%80%D0%B8-%D0%B4%D1%80%D0%B5%D0%B2%D0%BD%D0%B8%D1%82%D0%B5-%D0%B1/ HTTP/1.1" 404 277 "-" "Mozilla/5.0 (compatible; DotBot/1.2; +https://opensiteexplorer.org/dotbot; help@moz.com)"
66.249.69.129 - - [06/Apr/2026:06:23:28 +0200] "GET /page/851/ HTTP/1.1" 404 277 "-" "Mozilla/5.0 (Linux; Android 6.0.1; Nexus 5X Build/MMB29P) AppleWebKit/537.36 (KHTML, like Gecko) Chrome/146.0.7680.177 Mobile Safari/537.36 (compatible; Googlebot/2.1; +http://www.google.com/bot.html)"
110.249.201.166 - - [06/Apr/2026:06:23:46 +0200] "GET /robots.txt HTTP/1.1" 404 277 "-" "Mozilla/5.0 (Linux; Android 5.0) AppleWebKit/537.36 (KHTML, like Gecko) Mobile Safari/537.36 (compatible; Bytespider; https://zhanzhang.toutiao.com/)"
216.73.216.22 - - [06/Apr/2026:06:24:17 +0200] "GET /robots.txt HTTP/1.1" 404 277 "-" "Mozilla/5.0 AppleWebKit/537.36 (KHTML, like Gecko; compatible; ClaudeBot/1.0; +claudebot@anthropic.com)"
216.73.216.22 - - [06/Apr/2026:06:24:17 +0200] "GET /category/%D0%BF%D0%B0%D0%BC%D0%B5%D1%82%D0%BD%D0%B8%D1%86%D0%B8/?filter_by=random_posts HTTP/1.1" 404 277 "-" "Mozilla/5.0 AppleWebKit/537.36 (KHTML, like Gecko; compatible; ClaudeBot/1.0; +claudebot@anthropic.com)"
166.108.203.216 - - [06/Apr/2026:06:25:17 +0200] "GET /2020/04/30 HTTP/1.1" 404 277 "-" "Mozilla/5.0 (Macintosh; Intel Mac OS X 10_15_7) AppleWebKit/537.36 (KHTML, like Gecko) Chrome/144.0.0.0 Safari/537.36"
185.191.171.9 - - [06/Apr/2026:06:26:23 +0200] "GET /%D0%BD%D0%B0-11-%D1%8E%D0%BB%D0%B8-%D1%86%D1%8A%D1%80%D0%BA%D0%B2%D0%B0%D1%82%D0%B0-%D0%BF%D0%BE%D1%87%D0%B8%D1%82%D0%B0-%D1%81%D0%B2-%D1%80%D0%B0%D0%B2%D0%BD%D0%BE%D0%B0%D0%BF%D0%BE%D1%81%D1%82/ HTTP/1.1" 404 277 "-" "Mozilla/5.0 (compatible; SemrushBot/7~bl; +http://www.semrush.com/bot.html)"
185.191.171.4 - - [06/Apr/2026:06:27:49 +0200] "GET /%D0%BD%D0%B0-15-%D1%81%D0%B5%D0%BF%D1%82%D0%B5%D0%BC%D0%B2%D1%80%D0%B8-1919-%D0%B3-%D0%B8%D0%B7%D0%BB%D0%B8%D0%B7%D0%B0-%D0%BF%D1%8A%D1%80%D0%B2%D0%B8%D1%8F%D1%82-%D0%B1%D1%80%D0%BE%D0%B9-%D0%BD/ HTTP/1.1" 404 277 "-" "Mozilla/5.0 (compatible; SemrushBot/7~bl; +http://www.semrush.com/bot.html)"
40.77.167.55 - - [06/Apr/2026:06:27:57 +0200] "GET /wp-content/uploads/2018/08/%D1%86%D0%B0%D1%80%D0%B5%D0%B2%D0%B5%D1%86-696x467.jpg HTTP/1.1" 200 203661 "-" "Mozilla/5.0 (Windows NT 6.1; WOW64) AppleWebKit/534+ (KHTML, like Gecko) BingPreview/1.0b"
159.138.134.49 - - [06/Apr/2026:06:28:48 +0200] "GET /%d0%ba%d0%be%d0%b9-%d1%80%d0%b8%d1%82%d0%bd%d0%b0-%d0%b1%d1%83%d1%80%d0%b5%d1%82%d0%be-%d1%81-%d0%b1%d0%b0%d1%80%d1%83%d1%82-%d0%ba%d1%8a%d0%bc-%d0%b1%d0%b0%d0%bb%d0%ba%d0%b0%d0%bd%d0%b8%d1%82%d0%b5 HTTP/1.1" 404 277 "-" "Mozilla/5.0 (Windows NT 10.0; Win64; x64) AppleWebKit/537.36 (KHTML, like Gecko) Chrome/141.0.0.0 Safari/537.36"
185.191.171.17 - - [06/Apr/2026:06:29:46 +0200] "GET /%D0%BF%D0%B5%D1%82%D1%8A%D1%80-%D0%B8%D0%B2%D0%B0%D0%BD%D0%BE%D0%B2-%D0%BA%D1%83%D0%BD%D1%87%D0%B5%D0%B2-%D0%B5%D0%B4%D0%B8%D0%BD-%D0%BE%D1%82-%D0%B7%D0%B0%D0%B1%D1%80%D0%B0%D0%B2%D0%B5%D0%BD%D0%B8/ HTTP/1.1" 404 277 "-" "Mozilla/5.0 (compatible; SemrushBot/7~bl; +http://www.semrush.com/bot.html)"
85.208.96.202 - - [06/Apr/2026:06:29:58 +0200] "GET /tag/21-%D0%BC%D0%B0%D1%80%D1%82/page/4/ HTTP/1.1" 404 277 "-" "Mozilla/5.0 (compatible; SemrushBot/7~bl; +http://www.semrush.com/bot.html)"
85.208.96.208 - - [06/Apr/2026:06:30:15 +0200] "GET /%D0%BD%D0%B0-25-%D0%BC%D0%B0%D1%80%D1%82-1966-%D0%B3-%D1%83%D0%BC%D0%B8%D1%80%D0%B0-%D0%B1%D1%8A%D0%BB%D0%B3%D0%B0%D1%80%D1%81%D0%BA%D0%B8%D1%8F%D1%82-%D1%8E%D1%80%D0%B8%D1%81%D1%82-%D0%B8-%D0%BF/ HTTP/1.1" 404 277 "-" "Mozilla/5.0 (compatible; SemrushBot/7~bl; +http://www.semrush.com/bot.html)"
2a03:2880:24ff:74:: - - [06/Apr/2026:06:32:02 +0200] "GET /robots.txt HTTP/1.1" 404 277 "-" "facebookexternalhit/1.1 (+http://www.facebook.com/externalhit_uatext.php)"
166.108.225.249 - - [06/Apr/2026:06:33:44 +0200] "GET /%d0%b3%d0%b5%d0%be%d1%80%d0%b3%d0%b8-%d0%b6%d0%b8%d0%b2%d0%ba%d0%be%d0%b2-%d0%b5%d0%b4%d0%b8%d0%bd-%d0%be%d1%82-%d1%81%d1%82%d1%80%d0%be%d0%b8%d1%82%d0%b5%d0%bb%d0%b8%d1%82%d0%b5-%d0%bd/ HTTP/1.1" 404 277 "-" "Mozilla/5.0 (Macintosh; Intel Mac OS X 10_15_7) AppleWebKit/537.36 (KHTML, like Gecko) Chrome/143.0.0.0 Safari/537.36"
216.244.66.194 - - [06/Apr/2026:06:35:14 +0200] "GET /%D0%B4%D1%80%D0%B0%D0%B3%D0%B0%D0%BB%D0%B5%D0%B2%D1%81%D0%BA%D0%B8%D1%8F%D1%82-%D0%BC%D0%B0%D0%BD%D0%B0%D1%81%D1%82%D0%B8%D1%80-%D1%83%D1%81%D0%BF%D0%B5%D0%BD%D0%B8%D0%B5-%D0%B1%D0%BE%D0%B3/ HTTP/1.1" 404 277 "-" "Mozilla/5.0 (compatible; DotBot/1.2; +https://opensiteexplorer.org/dotbot; help@moz.com)"
216.244.66.194 - - [06/Apr/2026:06:35:39 +0200] "GET /%D0%BC%D0%B0%D0%BD%D0%B0%D1%81%D1%82%D0%B8%D1%80-%D1%81%D0%B2%D0%B5%D1%82%D0%B8-%D0%B3%D0%B5%D0%BE%D1%80%D0%B3%D0%B8-%D0%B2-%D1%81%D0%B5%D0%BB%D0%BE-%D0%B2%D0%B0%D0%BA%D1%81%D0%B5%D0%B2%D0%BE/ HTTP/1.1" 404 277 "-" "Mozilla/5.0 (compatible; DotBot/1.2; +https://opensiteexplorer.org/dotbot; help@moz.com)"
216.244.66.194 - - [06/Apr/2026:06:36:27 +0200] "GET /%D1%81%D0%BA%D0%B0%D0%BB%D0%BD%D0%BE%D1%82%D0%BE-%D1%81%D0%B2%D0%B5%D1%82%D0%B8%D0%BB%D0%B8%D1%89%D0%B5-%D1%81%D0%BA%D1%80%D0%B8%D0%B1%D0%B8%D0%BD%D0%B0-%D0%B8-%D0%BB%D0%B5%D0%B3%D0%B5%D0%BD%D0%B4/ HTTP/1.1" 404 277 "-" "Mozilla/5.0 (compatible; DotBot/1.2; +https://opensiteexplorer.org/dotbot; help@moz.com)"
220.181.51.118 - - [06/Apr/2026:06:36:45 +0200] "GET /?p=3049 HTTP/1.1" 301 0 "-" "Mozilla/5.0 (Linux; Android 6.0; Nexus 5 Build/MRA58N) AppleWebKit/537.36 (KHTML, like Gecko) Chrome/72.0.3626.119 Mobile Safari/537.36"
216.244.66.194 - - [06/Apr/2026:06:36:57 +0200] "GET /%D0%B4%D0%BD%D0%B5%D1%81-%D0%BE%D1%82%D0%B1%D0%B5%D0%BB%D1%8F%D0%B7%D0%B2%D0%B0%D0%BC%D0%B5-%D1%80%D0%BE%D0%B6%D0%B4%D0%B5%D0%BD%D0%B8%D0%B5%D1%82%D0%BE-%D0%BD%D0%B0-%D0%B1%D1%8A%D0%BB%D0%B3%D0%B0-50/ HTTP/1.1" 404 277 "-" "Mozilla/5.0 (compatible; DotBot/1.2; +https://opensiteexplorer.org/dotbot; help@moz.com)"
216.244.66.194 - - [06/Apr/2026:06:37:22 +0200] "GET /%D0%BD%D0%B0-27-%D1%81%D0%B5%D0%BF%D1%82%D0%B5%D0%BC%D0%B2%D1%80%D0%B8-%D1%83%D0%BC%D0%B8%D1%80%D0%B0-%D0%B1%D1%8A%D0%BB%D0%B3%D0%B0%D1%80%D1%81%D0%BA%D0%B8%D1%8F%D1%82-%D1%80%D0%B5%D0%B2%D0%BE%D0%BB/ HTTP/1.1" 404 277 "-" "Mozilla/5.0 (compatible; DotBot/1.2; +https://opensiteexplorer.org/dotbot; help@moz.com)"
43.135.184.67 - - [06/Apr/2026:06:38:14 +0200] "GET /%d0%bf%d1%80%d0%b5%d0%b7-1936-%d0%b3-%d0%bd%d0%b0-%d1%82%d0%be%d0%b7%d0%b8-%d0%b4%d0%b5%d0%bd-%d1%83%d0%bc%d0%b8%d1%80%d0%b0-%d0%b1%d1%8a%d0%bb%d0%b3%d0%b0%d1%80%d1%81%d0%ba%d0%b8%d1%8f%d1%82-%d1%84 HTTP/1.1" 404 277 "-" "Mozilla/5.0 (Macintosh; Intel Mac OS X 10_15_7) AppleWebKit/537.36 (KHTML, like Gecko) Chrome/145.0.0.0 Safari/537.36"
66.249.69.128 - - [06/Apr/2026:06:38:46 +0200] "GET /%D1%85%D1%80%D0%B0%D0%BC-%D1%81%D0%B2%D0%B5%D1%82%D0%B8-%D1%82%D0%B5%D0%BE%D0%B4%D0%BE%D1%80-%D1%82%D0%B8%D1%80%D0%BE%D0%BD-%D0%B2-%D1%81%D0%B5%D0%BB%D0%BE-%D1%80%D0%B0%D0%B4%D0%B8/%D1%80%D0%B0%D0%B4%D0%B8%D0%BB%D0%BE%D0%B2%D0%BE-1024x768-696x522/feed/ HTTP/1.1" 404 277 "-" "Mozilla/5.0 (Linux; Android 6.0.1; Nexus 5X Build/MMB29P) AppleWebKit/537.36 (KHTML, like Gecko) Chrome/146.0.7680.177 Mobile Safari/537.36 (compatible; Googlebot/2.1; +http://www.google.com/bot.html)"
85.208.96.199 - - [06/Apr/2026:06:38:48 +0200] "GET /%D0%BD%D0%B0-%D0%B4%D0%BD%D0%B5%D1%88%D0%BD%D0%B0%D1%82%D0%B0-%D0%B4%D0%B0%D1%82%D0%B0-%D0%B5-%D1%80%D0%BE%D0%B4%D0%B5%D0%BD-%D0%B0%D0%BA%D0%B0%D0%B4%D0%B5%D0%BC%D0%B8%D0%BA-%D0%B3%D0%B5%D0%BE%D1%80/ HTTP/1.1" 404 277 "-" "Mozilla/5.0 (compatible; SemrushBot/7~bl; +http://www.semrush.com/bot.html)"
216.244.66.194 - - [06/Apr/2026:06:38:49 +0200] "GET /%D0%B4%D0%BD%D0%B5%D1%81-%D0%BE%D1%82%D0%B1%D0%B5%D0%BB%D1%8F%D0%B7%D0%B2%D0%B0%D0%BC%D0%B5-%D1%80%D0%BE%D0%B6%D0%B4%D0%B5%D0%BD%D0%B8%D0%B5%D1%82%D0%BE-%D0%BD%D0%B0-%D1%86%D0%B0%D0%BD%D0%BA%D0%BE/ HTTP/1.1" 404 277 "-" "Mozilla/5.0 (compatible; DotBot/1.2; +https://opensiteexplorer.org/dotbot; help@moz.com)"
20.63.84.172 - - [06/Apr/2026:06:39:18 +0200] "GET //wp-content/plugins/fix/up.php HTTP/1.1" 404 277 "-" "Mozilla/5.0 (Windows NT 10.0; Win64; x64) AppleWebKit/537.36 (KHTML, like Gecko) Chrome/85.0.4183.102 Safari/537.36"
216.244.66.194 - - [06/Apr/2026:06:39:19 +0200] "GET /%D0%B4%D0%BD%D0%B5%D1%81-%D1%81%D0%B8-%D1%81%D0%BF%D0%BE%D0%BC%D0%BD%D1%8F%D0%BC%D0%B5-%D0%B7%D0%B0-%D0%BF%D0%B5%D1%82%D1%8A%D1%80-%D1%81%D0%BB%D0%B0%D0%B2%D0%B8%D0%BD%D1%81%D0%BA%D0%B8/ HTTP/1.1" 404 277 "-" "Mozilla/5.0 (compatible; DotBot/1.2; +https://opensiteexplorer.org/dotbot; help@moz.com)"
43.156.249.49 - - [06/Apr/2026:06:39:33 +0200] "GET /%d1%86%d1%8a%d1%80%d0%ba%d0%b2%d0%b0%d1%82%d0%b0-%d0%ba%d0%be%d1%81%d1%82%d0%bd%d0%b8%d1%86%d0%b0-%d1%81%d0%b2%d0%b5%d1%82%d0%b0-%d0%bd%d0%b5%d0%b4%d0%b5%d0%bb%d1%8f-%d0%b2 HTTP/1.1" 404 277 "-" "Mozilla/5.0 (Windows NT 10.0; Win64; x64) AppleWebKit/537.36 (KHTML, like Gecko) Chrome/142.0.0.0 Safari/537.36"
216.244.66.194 - - [06/Apr/2026:06:39:53 +0200] "GET /%D0%B4%D0%BD%D0%B5%D1%81-%D0%BE%D1%82%D0%B1%D0%B5%D0%BB%D1%8F%D0%B7%D0%B2%D0%B0%D0%BC%D0%B5-%D1%80%D0%BE%D0%B6%D0%B4%D0%B5%D0%BD%D0%B8%D0%B5%D1%82%D0%BE-%D0%BD%D0%B0-%D0%B0%D0%BD%D0%B3%D0%B5%D0%BB/ HTTP/1.1" 404 277 "-" "Mozilla/5.0 (compatible; DotBot/1.2; +https://opensiteexplorer.org/dotbot; help@moz.com)"
85.208.96.208 - - [06/Apr/2026:06:40:20 +0200] "GET /%D0%BD%D0%B0-21-%D1%81%D0%B5%D0%BF%D1%82%D0%B5%D0%BC%D0%B2%D1%80%D0%B8-1378-%D0%B3-%D1%86%D0%B0%D1%80-%D0%B8%D0%B2%D0%B0%D0%BD-%D1%88%D0%B8%D1%88%D0%BC%D0%B0%D0%BD-%D0%B8%D0%B7%D0%B4%D0%B0%D0%B2/ HTTP/1.1" 404 277 "-" "Mozilla/5.0 (compatible; SemrushBot/7~bl; +http://www.semrush.com/bot.html)"
46.250.169.84 - - [06/Apr/2026:06:40:43 +0200] "GET /tag/%d0%b2%d1%8a%d0%b7%d1%85%d0%b8%d1%82%d0%b5%d0%bd%d0%b8/feed/ HTTP/1.1" 404 277 "-" "Mozilla/5.0 (Macintosh; Intel Mac OS X 10_15_7) AppleWebKit/537.36 (KHTML, like Gecko) Chrome/145.0.0.0 Safari/537.36"
66.249.69.129 - - [06/Apr/2026:06:40:46 +0200] "GET /tag/%D0%BE%D0%BF%D0%B5%D1%80%D0%B5%D1%82%D0%B8-%D0%BD%D0%B0-%D0%B1%D0%BE%D1%80%D0%B8%D1%81-%D0%BB%D0%B5%D0%B2%D0%B8%D0%B5%D0%B2/feed/ HTTP/1.1" 404 277 "-" "Mozilla/5.0 (Linux; Android 6.0.1; Nexus 5X Build/MMB29P) AppleWebKit/537.36 (KHTML, like Gecko) Chrome/146.0.7680.177 Mobile Safari/537.36 (compatible; Googlebot/2.1; +http://www.google.com/bot.html)"
66.249.69.130 - - [06/Apr/2026:06:41:58 +0200] "GET /author/petya-petkova/page/636/ HTTP/1.1" 404 277 "-" "Mozilla/5.0 (Linux; Android 6.0.1; Nexus 5X Build/MMB29P) AppleWebKit/537.36 (KHTML, like Gecko) Chrome/146.0.7680.177 Mobile Safari/537.36 (compatible; GoogleOther)"
66.249.69.128 - - [06/Apr/2026:06:42:46 +0200] "GET /%D0%BF%D1%8A%D1%80%D0%B2%D0%B8%D1%82%D0%B5-%D1%81%D0%B5%D1%87%D0%B5%D0%BD%D0%B8-%D0%BC%D0%BE%D0%BD%D0%B5%D1%82%D0%B8-%D0%BD%D0%B0-%D0%BB%D0%B5%D0%B2%D0%B0-%D1%80%D0%B0%D0%B7%D0%BA%D0%B0%D0%B7%D0%B2/feed/ HTTP/1.1" 404 277 "-" "Mozilla/5.0 (Linux; Android 6.0.1; Nexus 5X Build/MMB29P) AppleWebKit/537.36 (KHTML, like Gecko) Chrome/146.0.7680.177 Mobile Safari/537.36 (compatible; Googlebot/2.1; +http://www.google.com/bot.html)"
119.12.165.146 - - [06/Apr/2026:06:43:08 +0200] "GET /%d1%81%d1%8a%d0%ba%d1%80%d0%be%d0%b2%d0%b8%d1%89%d0%b5%d1%82%d0%be-%d0%bd%d0%b0-%d0%ba%d1%83%d0%b1%d1%80%d0%b0%d1%82-%d0%bd%d0%b0%d0%b9-%d0%b3%d0%be%d0%bb%d1%8f%d0%bc%d0%be%d1%82%d0%be/ HTTP/1.1" 404 277 "-" "Mozilla/5.0 (Macintosh; Intel Mac OS X 10_15_7) AppleWebKit/537.36 (KHTML, like Gecko) Chrome/141.0.0.0 Safari/537.36"
66.249.69.128 - - [06/Apr/2026:06:44:48 +0200] "GET /tag/%D0%B4%D1%8A%D1%80%D0%B7%D0%BE%D1%81%D1%82-%D0%B8-%D0%BA%D1%80%D0%B0%D1%81%D0%BE%D1%82%D0%B0/feed/ HTTP/1.1" 404 277 "-" "Mozilla/5.0 (Linux; Android 6.0.1; Nexus 5X Build/MMB29P) AppleWebKit/537.36 (KHTML, like Gecko) Chrome/146.0.7680.177 Mobile Safari/537.36 (compatible; Googlebot/2.1; +http://www.google.com/bot.html)"
185.191.171.17 - - [06/Apr/2026:06:44:59 +0200] "GET /%D1%81%D1%8A%D0%B7%D0%B4%D0%B0%D1%82%D0%B5%D0%BB%D1%8F%D1%82-%D0%BD%D0%B0-%D0%BF%D1%8A%D1%80%D0%B2%D0%B0%D1%82%D0%B0-%D0%B1%D1%8A%D0%BB%D0%B3%D0%B0%D1%80%D1%81%D0%BA%D0%B0-%D0%BA%D0%B0%D1%80%D1%82/ HTTP/1.1" 404 277 "-" "Mozilla/5.0 (compatible; SemrushBot/7~bl; +http://www.semrush.com/bot.html)"
85.208.96.209 - - [06/Apr/2026:06:45:21 +0200] "GET /%D0%BD%D0%B0-16-%D1%8F%D0%BD%D1%83%D0%B0%D1%80%D0%B8-1995-%D0%B3-%D1%83%D0%BC%D0%B8%D1%80%D0%B0-%D0%B1%D1%8A%D0%BB%D0%B3%D0%B0%D1%80%D1%81%D0%BA%D0%B8%D1%8F%D1%82-%D0%BF%D0%B8%D1%81%D0%B0%D1%82%D0%B5/ HTTP/1.1" 404 277 "-" "Mozilla/5.0 (compatible; SemrushBot/7~bl; +http://www.semrush.com/bot.html)"
149.232.129.230 - - [06/Apr/2026:06:45:48 +0200] "GET /tag/%d0%b8%d0%b2%d0%b0%d0%bd-%d1%81%d1%82-%d0%b3%d0%b5%d1%88%d0%be%d0%b2/ HTTP/1.1" 404 277 "-" "Mozilla/5.0 (Macintosh; Intel Mac OS X 10_15_7) AppleWebKit/537.36 (KHTML, like Gecko) Chrome/145.0.0.0 Safari/537.36"
66.249.69.141 - - [06/Apr/2026:06:46:47 +0200] "GET /%D0%B1%D1%8A%D0%BB%D0%B3%D0%B0%D1%80%D0%B8%D1%8F-%D0%BD%D0%B0-%D1%88%D0%B0%D1%85%D0%BC%D0%B0%D1%82%D0%BD%D0%B8%D1%82%D0%B5-%D0%BE%D0%BB%D0%B8%D0%BC%D0%BF%D0%B8%D0%B0%D0%B4%D0%B8/feed/ HTTP/1.1" 404 277 "-" "Mozilla/5.0 (Linux; Android 6.0.1; Nexus 5X Build/MMB29P) AppleWebKit/537.36 (KHTML, like Gecko) Chrome/146.0.7680.177 Mobile Safari/537.36 (compatible; Googlebot/2.1; +http://www.google.com/bot.html)"
124.243.172.18 - - [06/Apr/2026:06:47:11 +0200] "GET /2019/08/31/page/2/ HTTP/1.1" 404 277 "-" "Mozilla/5.0 (Macintosh; Intel Mac OS X 10_15_7) AppleWebKit/537.36 (KHTML, like Gecko) Chrome/144.0.0.0 Safari/537.36"
66.249.69.141 - - [06/Apr/2026:06:48:22 +0200] "GET /author/petya-petkova/page/636/ HTTP/1.1" 404 277 "-" "Mozilla/5.0 (Linux; Android 6.0.1; Nexus 5X Build/MMB29P) AppleWebKit/537.36 (KHTML, like Gecko) Chrome/146.0.7680.177 Mobile Safari/537.36 (compatible; Googlebot/2.1; +http://www.google.com/bot.html)"
185.191.171.1 - - [06/Apr/2026:06:49:14 +0200] "GET /%D0%BD%D0%B0-15-%D0%BC%D0%B0%D1%80%D1%82-1903-%D0%B3-%D0%B5-%D1%80%D0%BE%D0%B4%D0%B5%D0%BD-%D0%B3%D0%B5%D0%BD%D0%B5%D1%80%D0%B0%D0%BB-%D0%BD%D0%B8%D0%BA%D0%BE%D0%BB%D0%B0-%D0%BF%D0%BE%D0%BF%D0%BE/ HTTP/1.1" 404 277 "-" "Mozilla/5.0 (compatible; SemrushBot/7~bl; +http://www.semrush.com/bot.html)"
173.212.207.196 - - [06/Apr/2026:06:49:43 +0200] "GET /wp-admin/css/ HTTP/1.1" 200 1820 "binance.com" "Mozilla/5.0 (Windows NT 10.0; Win64; x64) AppleWebKit/537.36 (KHTML, like Gecko) Chrome/90.0.4430.85 Safari/537.36"
85.208.96.208 - - [06/Apr/2026:06:49:47 +0200] "GET /%D1%85%D0%B5%D1%80%D0%B0%D0%BA%D0%BB%D0%B5%D1%8F-%D1%81%D0%B8%D0%BD%D1%82%D0%B8%D0%BA%D0%B0-%D1%82%D0%B0%D0%B9%D0%BD%D1%81%D1%82%D0%B2%D0%B5%D0%BD%D0%B8%D1%8F%D1%82-%D1%82%D1%80%D0%B0%D0%BA/ HTTP/1.1" 404 277 "-" "Mozilla/5.0 (compatible; SemrushBot/7~bl; +http://www.semrush.com/bot.html)"
27.106.113.108 - - [06/Apr/2026:06:49:51 +0200] "GET /2020/04/page/2/ HTTP/1.1" 404 277 "-" "Mozilla/5.0 (Windows NT 10.0; Win64; x64) AppleWebKit/537.36 (KHTML, like Gecko) Chrome/142.0.0.0 Safari/537.36"
173.212.207.196 - - [06/Apr/2026:06:49:54 +0200] "GET /wp-content/uploads/2026/04/ HTTP/1.1" 200 359 "binance.com" "Mozilla/5.0 (Windows NT 10.0; Win64; x64) AppleWebKit/537.36 (KHTML, like Gecko) Chrome/90.0.4430.85 Safari/537.36"
173.212.207.196 - - [06/Apr/2026:06:50:01 +0200] "GET /wp-content/uploads/2026/03/ HTTP/1.1" 200 359 "binance.com" "Mozilla/5.0 (Windows NT 10.0; Win64; x64) AppleWebKit/537.36 (KHTML, like Gecko) Chrome/90.0.4430.85 Safari/537.36"
173.212.207.196 - - [06/Apr/2026:06:50:09 +0200] "GET /wp-content/uploads/ HTTP/1.1" 200 539 "binance.com" "Mozilla/5.0 (Windows NT 10.0; Win64; x64) AppleWebKit/537.36 (KHTML, like Gecko) Chrome/90.0.4430.85 Safari/537.36"
173.212.207.196 - - [06/Apr/2026:06:50:18 +0200] "GET /wp-content/upgrade/ HTTP/1.1" 200 352 "binance.com" "Mozilla/5.0 (Windows NT 10.0; Win64; x64) AppleWebKit/537.36 (KHTML, like Gecko) Chrome/90.0.4430.85 Safari/537.36"
173.212.207.196 - - [06/Apr/2026:06:50:26 +0200] "GET /wp-content/languages/ HTTP/1.1" 200 601 "binance.com" "Mozilla/5.0 (Windows NT 10.0; Win64; x64) AppleWebKit/537.36 (KHTML, like Gecko) Chrome/90.0.4430.85 Safari/537.36"
