192.109.200.69 - - [05/Apr/2026:16:53:17 +0200] "GET /wp-admin/ HTTP/1.1" 302 0 "https://www.google.com/" "Mozilla/5.0 (Macintosh; Intel Mac OS X 13_6_1) AppleWebKit/537.36 (KHTML, like Gecko) Chrome/121.0.0.0 Safari/537.36"
114.119.146.158 - - [05/Apr/2026:16:56:31 +0200] "GET /wp-content/uploads/2019/01/10328.png HTTP/1.1" 200 172849 "-" "Mozilla/5.0 (Linux; Android 7.0;) AppleWebKit/537.36 (KHTML, like Gecko) Mobile Safari/537.36 (compatible; PetalBot;+https://webmaster.petalsearch.com/site/petalbot)"
66.249.69.141 - - [05/Apr/2026:16:58:12 +0200] "GET /%D0%BD%D0%B0-3-%D1%8F%D0%BD%D1%83%D0%B0%D1%80%D0%B8-1842-%D0%B3-%D0%B5-%D1%80%D0%BE%D0%B4%D0%B5%D0%BD-%D1%8F%D0%BD%D0%BA%D0%BE-%D0%BC%D1%83%D1%81%D1%82%D0%B0%D0%BA%D0%BE%D0%B2/ HTTP/1.1" 200 22909 "-" "Mozilla/5.0 (Linux; Android 6.0.1; Nexus 5X Build/MMB29P) AppleWebKit/537.36 (KHTML, like Gecko) Chrome/146.0.7680.177 Mobile Safari/537.36 (compatible; GoogleOther)"
46.250.170.18 - - [05/Apr/2026:17:02:31 +0200] "GET /2019/11/page/2/ HTTP/1.1" 200 18567 "-" "Mozilla/5.0 (Windows NT 10.0; Win64; x64) AppleWebKit/537.36 (KHTML, like Gecko) Chrome/144.0.0.0 Safari/537.36"
185.191.171.11 - - [05/Apr/2026:17:02:32 +0200] "GET /%D0%B4%D0%BD%D0%B5%D1%81-%D1%81%D0%B8-%D1%81%D0%BF%D0%BE%D0%BC%D0%BD%D1%8F%D0%BC%D0%B5-%D0%B7%D0%B0-%D0%BF%D0%B8%D1%81%D0%B0%D1%82%D0%B5%D0%BB%D1%8F-%D0%BF%D0%B5%D1%82%D0%BA%D0%BE-%D1%80%D0%BE%D1%81/ HTTP/1.1" 200 24211 "-" "Mozilla/5.0 (compatible; SemrushBot/7~bl; +http://www.semrush.com/bot.html)"
43.153.79.84 - - [05/Apr/2026:17:04:05 +0200] "GET /2020/01/21/ HTTP/1.1" 200 18431 "-" "Mozilla/5.0 (Macintosh; Intel Mac OS X 10_15_7) AppleWebKit/537.36 (KHTML, like Gecko) Chrome/145.0.0.0 Safari/537.36"
35.222.51.95 - - [05/Apr/2026:17:05:35 +0200] "GET / HTTP/1.1" 301 0 "-" "Mozilla/5.0 (compatible; CMS-Checker/1.0; +https://example.com)"
2a03:2880:31ff:31:: - - [05/Apr/2026:17:06:22 +0200] "GET /wp-content/uploads/2018/10/Tane_Nikolov.jpg HTTP/1.1" 200 106648 "-" "facebookexternalhit/1.1 (+http://www.facebook.com/externalhit_uatext.php)"
85.208.96.204 - - [05/Apr/2026:17:06:53 +0200] "GET /%D0%BD%D0%B0-%D0%B4%D0%BD%D0%B5%D1%88%D0%BD%D0%B0%D1%82%D0%B0-%D0%B4%D0%B0%D1%82%D0%B0-%D1%83%D0%BC%D0%B8%D1%80%D0%B0-%D0%B2%D0%BE%D0%B9%D0%B2%D0%BE%D0%B4%D0%B0%D1%82%D0%B0-%D0%BF%D0%B5%D1%82%D1%8A-2/ HTTP/1.1" 200 23345 "-" "Mozilla/5.0 (compatible; SemrushBot/7~bl; +http://www.semrush.com/bot.html)"
52.54.15.103 - - [05/Apr/2026:17:08:43 +0200] "GET /wp-content/themes/Newspaper/includes/wp_booster/wp-admin/panel/views/ajax_boxes/td_panel_ads/ HTTP/1.1" 200 464 "-" "Mozilla/5.0 AppleWebKit/537.36 (KHTML, like Gecko; compatible; Amazonbot/0.1; +https://developer.amazon.com/support/amazonbot) Chrome/119.0.6045.214 Safari/537.36"
34.236.41.241 - - [05/Apr/2026:17:08:51 +0200] "GET /wp-content/themes/Newspaper/includes/demos/cars/ HTTP/1.1" 200 621 "-" "Mozilla/5.0 AppleWebKit/537.36 (KHTML, like Gecko; compatible; Amazonbot/0.1; +https://developer.amazon.com/support/amazonbot) Chrome/119.0.6045.214 Safari/537.36"
216.73.216.22 - - [05/Apr/2026:17:09:34 +0200] "GET /%D0%B4%D0%BD%D0%B5%D1%81-%D1%81%D0%B8-%D1%81%D0%BF%D0%BE%D0%BC%D0%BD%D1%8F%D0%BC%D0%B5-%D0%B7%D0%B0-%D1%84%D1%83%D1%82%D0%B1%D0%BE%D0%BB%D0%B8%D1%81%D1%82%D0%B0-%D0%BD%D0%B8%D0%BA%D0%BE%D0%BB%D0%B0-2/whatsapp:/send HTTP/1.1" 404 16595 "-" "Mozilla/5.0 AppleWebKit/537.36 (KHTML, like Gecko; compatible; ClaudeBot/1.0; +claudebot@anthropic.com)"
149.232.129.196 - - [05/Apr/2026:17:11:53 +0200] "GET /2020/01/06/ HTTP/1.1" 200 17593 "-" "Mozilla/5.0 (Windows NT 10.0; Win64; x64) AppleWebKit/537.36 (KHTML, like Gecko) Chrome/143.0.0.0 Safari/537.36"
216.73.216.22 - - [05/Apr/2026:17:12:01 +0200] "GET /6-%D0%B4%D0%B5%D0%BA%D0%B5%D0%BC%D0%B2%D1%80%D0%B8-%D0%B5-%D0%BF%D1%80%D0%B0%D0%B7%D0%BD%D0%B8%D0%BA%D1%8A%D1%82-%D0%BD%D0%B0-%D0%B1%D0%B0%D0%BD%D0%BA%D0%B5%D1%80%D0%B8%D1%82%D0%B5/whatsapp:/send HTTP/1.1" 502 150 "-" "Mozilla/5.0 AppleWebKit/537.36 (KHTML, like Gecko; compatible; ClaudeBot/1.0; +claudebot@anthropic.com)"
216.73.216.22 - - [05/Apr/2026:17:12:02 +0200] "GET /6-%D0%B4%D0%B5%D0%BA%D0%B5%D0%BC%D0%B2%D1%80%D0%B8-%D0%B5-%D0%BF%D1%80%D0%B0%D0%B7%D0%BD%D0%B8%D0%BA%D1%8A%D1%82-%D0%BD%D0%B0-%D0%B1%D0%B0%D0%BD%D0%BA%D0%B5%D1%80%D0%B8%D1%82%D0%B5/whatsapp:/send HTTP/1.1" 502 150 "-" "Mozilla/5.0 AppleWebKit/537.36 (KHTML, like Gecko; compatible; ClaudeBot/1.0; +claudebot@anthropic.com)"
124.243.174.176 - - [05/Apr/2026:17:13:30 +0200] "GET /2019/10/09 HTTP/1.1" 301 0 "-" "Mozilla/5.0 (Windows NT 10.0; Win64; x64) AppleWebKit/537.36 (KHTML, like Gecko) Chrome/144.0.0.0 Safari/537.36"
161.97.137.93 - - [05/Apr/2026:17:13:32 +0200] "POST /wp-cron.php?doing_wp_cron=1775402011.7232370376586914062500 HTTP/1.1" 404 16594 "http://patrioti.net/wp-cron.php?doing_wp_cron=1775402011.7232370376586914062500" "WordPress/4.9.26; https://patrioti.net"
124.243.174.176 - - [05/Apr/2026:17:13:32 +0200] "GET /2019/10/09/ HTTP/1.1" 200 18254 "-" "Mozilla/5.0 (Windows NT 10.0; Win64; x64) AppleWebKit/537.36 (KHTML, like Gecko) Chrome/144.0.0.0 Safari/537.36"
161.97.137.93 - - [05/Apr/2026:17:14:32 +0200] "POST /wp-cron.php?doing_wp_cron=1775402071.7844889163970947265625 HTTP/1.1" 404 16597 "http://patrioti.net/wp-cron.php?doing_wp_cron=1775402071.7844889163970947265625" "WordPress/4.9.26; https://patrioti.net"
85.208.96.193 - - [05/Apr/2026:17:14:32 +0200] "GET /%D0%BF%D0%BE%D0%BF%D0%B0%D0%BD%D0%B3%D0%B5%D0%BB%D0%BE%D0%B2%D0%B0%D1%82%D0%B0-%D0%BA%D1%8A%D1%89%D0%B0-%D0%B2-%D1%82%D1%80%D1%8F%D0%B2%D0%BD%D0%B0/ HTTP/1.1" 200 22478 "-" "Mozilla/5.0 (compatible; SemrushBot/7~bl; +http://www.semrush.com/bot.html)"
85.208.96.204 - - [05/Apr/2026:17:17:06 +0200] "GET /%D1%81%D1%82%D0%B0%D0%BC%D0%B1%D0%BE%D0%BB%D0%BE%D0%B2%D0%B8%D1%8F%D1%82-%D1%85%D0%B0%D0%BD-%D1%88%D0%B5%D0%B4%D1%8C%D0%BE%D0%B2%D1%8A%D1%80-%D0%BD%D0%B0-%D0%B2%D1%8A%D0%B7%D1%80%D0%BE%D0%B6%D0%B4/ HTTP/1.1" 200 23948 "-" "Mozilla/5.0 (compatible; SemrushBot/7~bl; +http://www.semrush.com/bot.html)"
216.244.66.194 - - [05/Apr/2026:17:18:38 +0200] "GET /robots.txt HTTP/1.1" 200 80 "-" "Mozilla/5.0 (compatible; DotBot/1.2; +https://opensiteexplorer.org/dotbot; help@moz.com)"
119.8.100.169 - - [05/Apr/2026:17:19:45 +0200] "GET /2019/10/30/ HTTP/1.1" 200 17967 "-" "Mozilla/5.0 (Macintosh; Intel Mac OS X 10_15_7) AppleWebKit/537.36 (KHTML, like Gecko) Chrome/144.0.0.0 Safari/537.36"
63.34.169.56 - - [05/Apr/2026:17:20:58 +0200] "GET /%d1%82%d0%b0%d0%b7%d0%b8-%d0%b4%d0%b0%d1%82%d0%b0-28-%d0%bd%d0%be%d0%b5%d0%bc%d0%b2%d1%80%d0%b8-%d0%bf%d1%80%d0%b5%d0%b7-2007%d0%b3-%d1%83%d0%bc%d0%b8%d1%80%d0%b0-%d0%b4/ HTTP/1.1" 200 23830 "-" "Mozilla/5.0 (compatible; Googlebot/2.1; +http://www.google.com/bot.html)"
161.97.137.93 - - [05/Apr/2026:17:21:23 +0200] "POST /wp-cron.php?doing_wp_cron=1775402483.4236381053924560546875 HTTP/1.1" 404 16593 "http://patrioti.net/wp-cron.php?doing_wp_cron=1775402483.4236381053924560546875" "WordPress/4.9.26; https://patrioti.net"
85.208.96.203 - - [05/Apr/2026:17:21:23 +0200] "GET /%D0%BF%D1%80%D0%B8%D0%BC%D0%B8%D1%80%D0%B8%D0%B5%D1%82%D0%BE-%D1%80%D0%B0%D0%B7%D0%BE%D1%87%D0%B0%D1%80%D0%BE%D0%B2%D0%B0-%D0%B8-%D0%B3%D0%BD%D0%B5%D0%B2%D0%B8-%D1%84%D0%B5%D1%80%D0%B4%D0%B8%D0%BD/ HTTP/1.1" 200 25381 "-" "Mozilla/5.0 (compatible; SemrushBot/7~bl; +http://www.semrush.com/bot.html)"
185.191.171.12 - - [05/Apr/2026:17:22:44 +0200] "GET /%D0%BB%D1%8E%D0%B1%D0%B8%D0%BC%D0%B8%D1%8F%D1%82-%D1%86%D0%B0%D1%80-%D0%BD%D0%B0-%D0%BD%D0%B0%D1%80%D0%BE%D0%B4%D0%B0-%D0%B1%D0%BE%D1%80%D0%B8%D1%81-iii/ HTTP/1.1" 200 27982 "-" "Mozilla/5.0 (compatible; SemrushBot/7~bl; +http://www.semrush.com/bot.html)"
51.107.75.125 - - [05/Apr/2026:17:22:46 +0200] "GET /wp-content/plugins/hellopress/wp_filemanager.php HTTP/1.1" 404 16593 "-" "-"
51.107.75.125 - - [05/Apr/2026:17:22:47 +0200] "GET /prosell2.php HTTP/1.1" 404 16597 "-" "-"
51.107.75.125 - - [05/Apr/2026:17:22:47 +0200] "GET /zt2.php HTTP/1.1" 404 16596 "-" "-"
216.73.216.22 - - [05/Apr/2026:17:23:35 +0200] "GET /%D0%B1%D1%8A%D0%BB%D0%B3%D0%B0%D1%80%D1%81%D0%BA%D0%B0%D1%82%D0%B0-%D0%B0%D1%80%D0%BC%D0%B8%D1%8F-%D0%B8-%D0%BE%D1%81%D0%B2%D0%BE%D0%B1%D0%BE%D0%B6%D0%B4%D0%B5%D0%BD%D0%B8%D0%B5%D1%82%D0%BE-%D0%BD HTTP/1.1" 301 0 "-" "Mozilla/5.0 AppleWebKit/537.36 (KHTML, like Gecko; compatible; ClaudeBot/1.0; +claudebot@anthropic.com)"
216.73.216.22 - - [05/Apr/2026:17:23:36 +0200] "GET /%D0%B1%D1%8A%D0%BB%D0%B3%D0%B0%D1%80%D1%81%D0%BA%D0%B0%D1%82%D0%B0-%D0%B0%D1%80%D0%BC%D0%B8%D1%8F-%D0%B8-%D0%BE%D1%81%D0%B2%D0%BE%D0%B1%D0%BE%D0%B6%D0%B4%D0%B5%D0%BD%D0%B8%D0%B5%D1%82%D0%BE-%D0%BD/ HTTP/1.1" 200 24560 "http://patrioti.net/%D0%B1%D1%8A%D0%BB%D0%B3%D0%B0%D1%80%D1%81%D0%BA%D0%B0%D1%82%D0%B0-%D0%B0%D1%80%D0%BC%D0%B8%D1%8F-%D0%B8-%D0%BE%D1%81%D0%B2%D0%BE%D0%B1%D0%BE%D0%B6%D0%B4%D0%B5%D0%BD%D0%B8%D0%B5%D1%82%D0%BE-%D0%BD" "Mozilla/5.0 AppleWebKit/537.36 (KHTML, like Gecko; compatible; ClaudeBot/1.0; +claudebot@anthropic.com)"
161.97.137.93 - - [05/Apr/2026:17:26:20 +0200] "POST /wp-cron.php?doing_wp_cron=1775402779.9257519245147705078125 HTTP/1.1" 404 16593 "http://patrioti.net/wp-cron.php?doing_wp_cron=1775402779.9257519245147705078125" "WordPress/4.9.26; https://patrioti.net"
185.191.171.19 - - [05/Apr/2026:17:26:20 +0200] "GET /%D0%BF%D0%B0%D0%BC%D0%B5%D1%82%D0%BD%D0%B8%D0%BA%D1%8A%D1%82-%D0%BD%D0%B0-%D0%BB%D0%B5%D0%B3%D0%B5%D0%BD%D0%B4%D0%B0%D1%80%D0%BD%D0%B8%D1%8F-%D0%B2%D1%8A%D0%BB%D1%87%D0%B0%D0%BD-%D0%B2%D0%BE%D0%B9/ HTTP/1.1" 200 24326 "-" "Mozilla/5.0 (compatible; SemrushBot/7~bl; +http://www.semrush.com/bot.html)"
149.232.138.222 - - [05/Apr/2026:17:27:03 +0200] "GET /2020/01/07/ HTTP/1.1" 502 552 "-" "Mozilla/5.0 (Macintosh; Intel Mac OS X 10_15_7) AppleWebKit/537.36 (KHTML, like Gecko) Chrome/144.0.0.0 Safari/537.36"
149.232.138.222 - - [05/Apr/2026:17:27:03 +0200] "GET /2020/01/07/ HTTP/1.1" 502 552 "-" "Mozilla/5.0 (Macintosh; Intel Mac OS X 10_15_7) AppleWebKit/537.36 (KHTML, like Gecko) Chrome/144.0.0.0 Safari/537.36"
216.73.216.22 - - [05/Apr/2026:17:29:21 +0200] "GET /robots.txt HTTP/1.1" 200 80 "-" "Mozilla/5.0 AppleWebKit/537.36 (KHTML, like Gecko; compatible; ClaudeBot/1.0; +claudebot@anthropic.com)"
216.73.216.22 - - [05/Apr/2026:17:29:23 +0200] "GET /%D0%B4%D0%BD%D0%B5%D1%81-%D0%BE%D1%82%D0%B1%D0%B5%D0%BB%D1%8F%D0%B7%D0%B2%D0%B0%D0%BC%D0%B5-%D1%80%D0%BE%D0%B6%D0%B4%D0%B5%D0%BD%D0%B8%D0%B5%D1%82%D0%BE-%D0%BD%D0%B0-%D0%B1%D1%8A%D0%BB%D0%B3%D0%B0-16 HTTP/1.1" 301 0 "-" "Mozilla/5.0 AppleWebKit/537.36 (KHTML, like Gecko; compatible; ClaudeBot/1.0; +claudebot@anthropic.com)"
216.73.216.22 - - [05/Apr/2026:17:29:23 +0200] "GET /%D0%B4%D0%BD%D0%B5%D1%81-%D0%BE%D1%82%D0%B1%D0%B5%D0%BB%D1%8F%D0%B7%D0%B2%D0%B0%D0%BC%D0%B5-%D1%80%D0%BE%D0%B6%D0%B4%D0%B5%D0%BD%D0%B8%D0%B5%D1%82%D0%BE-%D0%BD%D0%B0-%D0%B1%D1%8A%D0%BB%D0%B3%D0%B0-16/ HTTP/1.1" 200 25078 "http://patrioti.net/%D0%B4%D0%BD%D0%B5%D1%81-%D0%BE%D1%82%D0%B1%D0%B5%D0%BB%D1%8F%D0%B7%D0%B2%D0%B0%D0%BC%D0%B5-%D1%80%D0%BE%D0%B6%D0%B4%D0%B5%D0%BD%D0%B8%D0%B5%D1%82%D0%BE-%D0%BD%D0%B0-%D0%B1%D1%8A%D0%BB%D0%B3%D0%B0-16" "Mozilla/5.0 AppleWebKit/537.36 (KHTML, like Gecko; compatible; ClaudeBot/1.0; +claudebot@anthropic.com)"
114.119.149.222 - - [05/Apr/2026:17:29:51 +0200] "GET /wp-content/plugins/td-composer/includes/templates/frontend.tpl.php HTTP/1.1" 500 0 "http://patrioti.net/wp-content/plugins/td-composer/includes/templates/?C=S%3BO%3DA" "Mozilla/5.0 (Linux; Android 7.0;) AppleWebKit/537.36 (KHTML, like Gecko) Mobile Safari/537.36 (compatible; PetalBot;+https://webmaster.petalsearch.com/site/petalbot)"
188.239.10.79 - - [05/Apr/2026:17:30:04 +0200] "GET /2019/06/15 HTTP/1.1" 301 0 "-" "Mozilla/5.0 (Windows NT 10.0; Win64; x64) AppleWebKit/537.36 (KHTML, like Gecko) Chrome/145.0.0.0 Safari/537.36"
188.239.10.79 - - [05/Apr/2026:17:30:05 +0200] "GET /2019/06/15/ HTTP/1.1" 200 18340 "-" "Mozilla/5.0 (Windows NT 10.0; Win64; x64) AppleWebKit/537.36 (KHTML, like Gecko) Chrome/145.0.0.0 Safari/537.36"
185.191.171.16 - - [05/Apr/2026:17:30:54 +0200] "GET /%D0%BD%D0%B0-19-%D1%8E%D0%BB%D0%B8-%D0%B5-%D1%80%D0%BE%D0%B4%D0%B5%D0%BD-%D0%B1%D1%8A%D0%BB%D0%B3%D0%B0%D1%80%D1%81%D0%BA%D0%B8%D1%8F%D1%82-%D0%BA%D0%B8%D1%82%D0%B0%D1%80%D0%B8%D1%81%D1%82-%D0%B8/ HTTP/1.1" 200 22582 "-" "Mozilla/5.0 (compatible; SemrushBot/7~bl; +http://www.semrush.com/bot.html)"
66.249.69.129 - - [05/Apr/2026:17:32:08 +0200] "GET /%D0%B0%D0%BB%D0%B5%D0%BA%D1%81%D0%B0%D0%BD%D0%B4%D1%8A%D1%80-%D0%B3%D0%B5%D0%BE%D1%80%D0%B3%D0%B8%D0%B5%D0%B2-%D0%BA%D0%BE%D0%B4%D0%B6%D0%B0%D0%BA%D0%B0%D1%84%D0%B0%D0%BB%D0%B8%D1%8F%D1%82%D0%B0/ HTTP/1.1" 200 24960 "-" "Mozilla/5.0 (Linux; Android 6.0.1; Nexus 5X Build/MMB29P) AppleWebKit/537.36 (KHTML, like Gecko) Chrome/146.0.7680.177 Mobile Safari/537.36 (compatible; Googlebot/2.1; +http://www.google.com/bot.html)"
111.225.148.162 - - [05/Apr/2026:17:32:17 +0200] "GET /robots.txt HTTP/1.1" 200 80 "-" "Mozilla/5.0 (Linux; Android 5.0) AppleWebKit/537.36 (KHTML, like Gecko) Mobile Safari/537.36 (compatible; Bytespider; https://zhanzhang.toutiao.com/)"
161.97.137.93 - - [05/Apr/2026:17:35:00 +0200] "POST /wp-cron.php?doing_wp_cron=1775403299.9395630359649658203125 HTTP/1.1" 404 16596 "http://patrioti.net/wp-cron.php?doing_wp_cron=1775403299.9395630359649658203125" "WordPress/4.9.26; https://patrioti.net"
149.232.143.198 - - [05/Apr/2026:17:35:00 +0200] "GET /2019/11/04/ HTTP/1.1" 200 18431 "-" "Mozilla/5.0 (Macintosh; Intel Mac OS X 10_15_7) AppleWebKit/537.36 (KHTML, like Gecko) Chrome/141.0.0.0 Safari/537.36"
52.167.144.149 - - [05/Apr/2026:17:35:19 +0200] "GET /%D0%BD%D0%B0-25-%D1%8E%D0%BB%D0%B8-1902-%D0%B3%D0%BE%D0%B4%D0%B8%D0%BD%D0%B0-%D1%83%D0%BC%D0%B8%D1%80%D0%B0-%D0%B1%D1%8A%D0%BB%D0%B3%D0%B0%D1%80%D1%81%D0%BA%D0%B8%D1%8F%D1%82-%D0%BA%D0%BD%D0%B8%D0%B6/ HTTP/1.1" 200 24439 "-" "Mozilla/5.0 AppleWebKit/537.36 (KHTML, like Gecko; compatible; bingbot/2.0; +http://www.bing.com/bingbot.htm) Chrome/116.0.1938.76 Safari/537.36"
4.223.104.110 - - [05/Apr/2026:17:35:45 +0200] "GET /wp-content/plugins/hellopress/wp_filemanager.php HTTP/1.1" 404 16594 "-" "-"
4.223.104.110 - - [05/Apr/2026:17:35:46 +0200] "GET /prosell2.php HTTP/1.1" 404 16597 "-" "-"
4.223.104.110 - - [05/Apr/2026:17:35:46 +0200] "GET /zt2.php HTTP/1.1" 404 16597 "-" "-"
27.106.101.248 - - [05/Apr/2026:17:38:04 +0200] "GET /2019/06/10/ HTTP/1.1" 502 552 "-" "Mozilla/5.0 (Macintosh; Intel Mac OS X 10_15_7) AppleWebKit/537.36 (KHTML, like Gecko) Chrome/142.0.0.0 Safari/537.36"
27.106.101.248 - - [05/Apr/2026:17:38:04 +0200] "GET /2019/06/10/ HTTP/1.1" 502 552 "-" "Mozilla/5.0 (Macintosh; Intel Mac OS X 10_15_7) AppleWebKit/537.36 (KHTML, like Gecko) Chrome/142.0.0.0 Safari/537.36"
161.97.137.93 - - [05/Apr/2026:17:39:35 +0200] "POST /wp-cron.php?doing_wp_cron=1775403575.5647799968719482421875 HTTP/1.1" 404 16594 "http://patrioti.net/wp-cron.php?doing_wp_cron=1775403575.5647799968719482421875" "WordPress/4.9.26; https://patrioti.net"
170.106.159.72 - - [05/Apr/2026:17:39:36 +0200] "GET /2020/01/08/ HTTP/1.1" 200 17805 "-" "Mozilla/5.0 (Macintosh; Intel Mac OS X 10_15_7) AppleWebKit/537.36 (KHTML, like Gecko) Chrome/144.0.0.0 Safari/537.36"
66.249.69.130 - - [05/Apr/2026:17:41:06 +0200] "GET /%D0%B0%D0%BB%D0%B5%D0%BA%D1%81%D0%B0%D0%BD%D0%B4%D1%8A%D1%80-%D0%B3%D0%B5%D0%BE%D1%80%D0%B3%D0%B8%D0%B5%D0%B2-%D0%BA%D0%BE%D0%B4%D0%B6%D0%B0%D0%BA%D0%B0%D1%84%D0%B0%D0%BB%D0%B8%D1%8F%D1%82%D0%B0/ HTTP/1.1" 200 24960 "-" "Mozilla/5.0 (Linux; Android 6.0.1; Nexus 5X Build/MMB29P) AppleWebKit/537.36 (KHTML, like Gecko) Chrome/146.0.7680.177 Mobile Safari/537.36 (compatible; GoogleOther)"
149.232.128.52 - - [05/Apr/2026:17:41:10 +0200] "GET /2020/01/25 HTTP/1.1" 301 0 "-" "Mozilla/5.0 (Macintosh; Intel Mac OS X 10_15_7) AppleWebKit/537.36 (KHTML, like Gecko) Chrome/143.0.0.0 Safari/537.36"
149.232.128.52 - - [05/Apr/2026:17:41:11 +0200] "GET /2020/01/25/ HTTP/1.1" 200 18404 "-" "Mozilla/5.0 (Macintosh; Intel Mac OS X 10_15_7) AppleWebKit/537.36 (KHTML, like Gecko) Chrome/143.0.0.0 Safari/537.36"
216.244.66.194 - - [05/Apr/2026:17:43:47 +0200] "GET /%D0%BA%D1%80%D1%8A%D1%81%D1%82%D0%BE%D0%B2%D0%B0-%D0%B3%D0%BE%D1%80%D0%B0-%D0%BA%D0%B0%D1%80%D0%B0%D0%B4%D0%B6%D0%BE%D0%B2-%D0%BA%D0%B0%D0%BC%D1%8A%D0%BA-%D0%B8-%D0%B1%D0%B5%D0%BB%D0%B8%D0%BD%D1%82/ HTTP/1.1" 200 24764 "-" "Mozilla/5.0 (compatible; DotBot/1.2; +https://opensiteexplorer.org/dotbot; help@moz.com)"
46.250.174.126 - - [05/Apr/2026:17:44:17 +0200] "GET /2019/11/09 HTTP/1.1" 301 0 "-" "Mozilla/5.0 (Windows NT 10.0; Win64; x64) AppleWebKit/537.36 (KHTML, like Gecko) Chrome/145.0.0.0 Safari/537.36"
46.250.174.126 - - [05/Apr/2026:17:44:18 +0200] "GET /2019/11/09/ HTTP/1.1" 200 18274 "-" "Mozilla/5.0 (Windows NT 10.0; Win64; x64) AppleWebKit/537.36 (KHTML, like Gecko) Chrome/145.0.0.0 Safari/537.36"
216.73.216.22 - - [05/Apr/2026:17:44:44 +0200] "GET /sitemap.xml HTTP/1.1" 404 16597 "-" "Mozilla/5.0 AppleWebKit/537.36 (KHTML, like Gecko; compatible; ClaudeBot/1.0; +claudebot@anthropic.com)"
34.202.88.37 - - [05/Apr/2026:17:46:59 +0200] "GET /wp-content/themes/Newspaper/includes/wp_booster/wp-admin/content-metaboxes/td_set_page_with_loop.php HTTP/1.1" 200 374 "-" "Mozilla/5.0 AppleWebKit/537.36 (KHTML, like Gecko; compatible; Amazonbot/0.1; +https://developer.amazon.com/support/amazonbot) Chrome/119.0.6045.214 Safari/537.36"
161.97.137.93 - - [05/Apr/2026:17:47:08 +0200] "POST /wp-cron.php?doing_wp_cron=1775404027.8061740398406982421875 HTTP/1.1" 404 16597 "http://patrioti.net/wp-cron.php?doing_wp_cron=1775404027.8061740398406982421875" "WordPress/4.9.26; https://patrioti.net"
216.73.216.22 - - [05/Apr/2026:17:47:08 +0200] "GET /2019/07/06 HTTP/1.1" 301 0 "-" "Mozilla/5.0 AppleWebKit/537.36 (KHTML, like Gecko; compatible; ClaudeBot/1.0; +claudebot@anthropic.com)"
190.92.233.73 - - [05/Apr/2026:17:47:09 +0200] "GET /2019/06/25/ HTTP/1.1" 200 18359 "-" "Mozilla/5.0 (Windows NT 10.0; Win64; x64) AppleWebKit/537.36 (KHTML, like Gecko) Chrome/145.0.0.0 Safari/537.36"
216.73.216.22 - - [05/Apr/2026:17:47:12 +0200] "GET /2019/07/06/ HTTP/1.1" 200 18204 "http://patrioti.net/2019/07/06" "Mozilla/5.0 AppleWebKit/537.36 (KHTML, like Gecko; compatible; ClaudeBot/1.0; +claudebot@anthropic.com)"
216.244.66.194 - - [05/Apr/2026:17:47:52 +0200] "GET /%D0%BD%D0%B0-6-%D1%81%D0%B5%D0%BF%D1%82%D0%B5%D0%BC%D0%B2%D1%80%D0%B8-%D1%86%D1%8A%D1%80%D0%BA%D0%B2%D0%B0%D1%82%D0%B0-%D0%BF%D0%BE%D1%87%D0%B8%D1%82%D0%B0-%D1%81%D0%B2-%D0%BC%D1%8A%D1%87%D0%B5%D0%BD/ HTTP/1.1" 200 24267 "-" "Mozilla/5.0 (compatible; DotBot/1.2; +https://opensiteexplorer.org/dotbot; help@moz.com)"
46.250.173.79 - - [05/Apr/2026:17:48:22 +0200] "GET /2019/06/14/page/2/ HTTP/1.1" 200 18563 "-" "Mozilla/5.0 (Macintosh; Intel Mac OS X 10_15_7) AppleWebKit/537.36 (KHTML, like Gecko) Chrome/144.0.0.0 Safari/537.36"
185.191.171.16 - - [05/Apr/2026:17:48:39 +0200] "GET /tag/patrioti-net-%D0%B3%D0%BE%D1%80%D0%B4%D0%B5%D0%B9%D1%82%D0%B5-%D1%81%D0%B5-%D0%B1%D1%8A%D0%BB%D0%B3%D0%B0%D1%80%D0%B8/page/10/ HTTP/1.1" 200 18718 "-" "Mozilla/5.0 (compatible; SemrushBot/7~bl; +http://www.semrush.com/bot.html)"
216.73.216.22 - - [05/Apr/2026:17:49:03 +0200] "GET /%D1%85%D1%80%D0%B0%D0%BC%D0%BE%D0%B2%D0%B5%D1%82%D0%B5-%D0%BD%D0%B0-%D1%81%D0%B2-%D0%BD%D0%B8%D0%BA%D0%BE%D0%BB%D0%B0%D0%B9-%D0%B2-%D0%B1%D1%8A%D0%BB%D0%B3%D0%B0%D1%80%D0%B8%D1%8F HTTP/1.1" 502 150 "-" "Mozilla/5.0 AppleWebKit/537.36 (KHTML, like Gecko; compatible; ClaudeBot/1.0; +claudebot@anthropic.com)"
216.73.216.22 - - [05/Apr/2026:17:49:03 +0200] "GET /%D1%85%D1%80%D0%B0%D0%BC%D0%BE%D0%B2%D0%B5%D1%82%D0%B5-%D0%BD%D0%B0-%D1%81%D0%B2-%D0%BD%D0%B8%D0%BA%D0%BE%D0%BB%D0%B0%D0%B9-%D0%B2-%D0%B1%D1%8A%D0%BB%D0%B3%D0%B0%D1%80%D0%B8%D1%8F HTTP/1.1" 502 150 "-" "Mozilla/5.0 AppleWebKit/537.36 (KHTML, like Gecko; compatible; ClaudeBot/1.0; +claudebot@anthropic.com)"
216.244.66.194 - - [05/Apr/2026:17:49:17 +0200] "GET /%D0%BD%D0%B0-%D0%B4%D0%BD%D0%B5%D1%88%D0%BD%D0%B0%D1%82%D0%B0-%D0%B4%D0%B0%D1%82%D0%B0-%D0%B5-%D1%80%D0%BE%D0%B4%D0%B5%D0%BD-%D0%BC%D0%B0%D0%B9%D0%BE%D1%80-%D0%BA%D0%BE%D1%81%D1%82%D0%B0-%D0%BF%D0%B0/ HTTP/1.1" 200 25133 "-" "Mozilla/5.0 (compatible; DotBot/1.2; +https://opensiteexplorer.org/dotbot; help@moz.com)"
216.244.66.194 - - [05/Apr/2026:17:49:45 +0200] "GET /%D0%B4%D0%BD%D0%B5%D1%81-%D0%B5-%D1%80%D0%BE%D0%B4%D0%B5%D0%BD%D0%B0-%D0%B1%D1%8A%D0%BB%D0%B3%D0%B0%D1%80%D1%81%D0%BA%D0%B0%D1%82%D0%B0-%D1%82%D0%B5%D0%BB%D0%B5%D0%B2%D0%B8%D0%B7%D0%B8%D0%BE%D0%BD-2/ HTTP/1.1" 200 23661 "-" "Mozilla/5.0 (compatible; DotBot/1.2; +https://opensiteexplorer.org/dotbot; help@moz.com)"
216.244.66.194 - - [05/Apr/2026:17:49:49 +0200] "GET /%D0%BD%D0%B0-%D0%B4%D0%BD%D0%B5%D1%88%D0%BD%D0%B8%D1%8F-%D0%B4%D0%B5%D0%BD-%D0%B5-%D1%80%D0%BE%D0%B4%D0%B5%D0%BD-%D1%84%D1%83%D1%82%D0%B1%D0%BE%D0%BB%D0%B8%D1%81%D1%82%D1%8A%D1%82-%D1%85%D1%80%D0%B8/ HTTP/1.1" 200 23144 "-" "Mozilla/5.0 (compatible; DotBot/1.2; +https://opensiteexplorer.org/dotbot; help@moz.com)"
216.244.66.194 - - [05/Apr/2026:17:50:18 +0200] "GET /%D0%B1%D1%8A%D0%BB%D0%B3%D0%B0%D1%80%D1%81%D0%BA%D0%B8%D1%8F%D1%82-%D0%B5%D0%BB%D0%B8%D1%82-%D0%BF%D0%BE%D0%B3%D1%83%D0%B1%D0%B5%D0%BD-%D0%BE%D1%82-%D0%BA%D0%BE%D0%BC%D1%83%D0%BD%D0%B8%D1%81%D1%82/ HTTP/1.1" 200 27273 "-" "Mozilla/5.0 (compatible; DotBot/1.2; +https://opensiteexplorer.org/dotbot; help@moz.com)"
216.244.66.194 - - [05/Apr/2026:17:50:23 +0200] "GET /%D0%B4%D0%BD%D0%B5%D1%81-%D0%BF%D0%BE%D1%87%D0%B8%D1%82%D0%B0%D0%BC%D0%B5-%D0%BF%D0%B0%D0%BC%D0%B5%D1%82%D1%82%D0%B0-%D0%BD%D0%B0-%D0%BF%D1%80%D0%BE%D1%84-%D0%B6%D0%B5%D0%BA%D0%BE-%D1%80%D0%B0%D0%B4/ HTTP/1.1" 200 22969 "-" "Mozilla/5.0 (compatible; DotBot/1.2; +https://opensiteexplorer.org/dotbot; help@moz.com)"
161.97.137.93 - - [05/Apr/2026:17:50:28 +0200] "POST /wp-cron.php?doing_wp_cron=1775404227.9432060718536376953125 HTTP/1.1" 404 16595 "http://patrioti.net/wp-cron.php?doing_wp_cron=1775404227.9432060718536376953125" "WordPress/4.9.26; https://patrioti.net"
216.244.66.194 - - [05/Apr/2026:17:50:28 +0200] "GET /%D0%BA%D0%BC%D0%B5%D1%82%D1%8A%D1%82-%D0%B0%D0%BB%D0%B5%D0%BA%D1%81%D0%B0%D0%BD%D0%B4%D1%8A%D1%80-%D0%BF%D0%BE%D0%BF%D0%BE%D0%B2-%D0%BC%D0%BE%D0%B4%D0%B5%D1%80%D0%BD%D0%B8%D0%B7%D0%B8%D1%80%D0%B0/ HTTP/1.1" 200 23865 "-" "Mozilla/5.0 (compatible; DotBot/1.2; +https://opensiteexplorer.org/dotbot; help@moz.com)"
216.244.66.194 - - [05/Apr/2026:17:50:34 +0200] "GET /%D0%BD%D0%B0-3-%D0%BC%D0%B0%D1%80%D1%82-%D1%83%D0%BC%D0%B8%D1%80%D0%B0-%D0%B1%D1%8A%D0%BB%D0%B3%D0%B0%D1%80%D1%81%D0%BA%D0%B8%D1%8F%D1%82-%D0%BE%D0%B1%D1%89%D0%B5%D1%81%D1%82%D0%B2%D0%B5%D0%BD%D0%B8/ HTTP/1.1" 200 24850 "-" "Mozilla/5.0 (compatible; DotBot/1.2; +https://opensiteexplorer.org/dotbot; help@moz.com)"
185.191.171.6 - - [05/Apr/2026:17:51:21 +0200] "GET /%D0%B4%D0%BD%D0%B5%D1%81-%D1%80%D0%BE%D0%B6%D0%B4%D0%B5%D0%BD-%D0%B4%D0%B5%D0%BD-%D0%BF%D1%80%D0%B0%D0%B7%D0%BD%D1%83%D0%B2%D0%B0-%D1%87%D0%BE%D0%B2%D0%B5%D0%BA%D1%8A%D1%82-%D1%80%D0%B0%D0%B4/ HTTP/1.1" 200 24243 "-" "Mozilla/5.0 (compatible; SemrushBot/7~bl; +http://www.semrush.com/bot.html)"
85.208.96.202 - - [05/Apr/2026:17:53:21 +0200] "GET /%D0%BB%D0%B5%D0%B3%D0%B5%D0%BD%D0%B4%D0%B8-%D0%B8-%D0%B8%D1%81%D1%82%D0%BE%D1%80%D0%B8%D1%8F-%D0%BD%D0%B0-%D1%81%D1%80%D0%B5%D0%B4%D0%BD%D0%BE%D0%B2%D0%B5%D0%BA%D0%BE%D0%B2%D0%BD%D0%B0%D1%82%D0%B0/ HTTP/1.1" 200 24553 "-" "Mozilla/5.0 (compatible; SemrushBot/7~bl; +http://www.semrush.com/bot.html)"
2a03:2880:32ff:1:: - - [05/Apr/2026:17:54:33 +0200] "GET /wp-content/uploads/2018/08/640_3d4225a5e1e43d6205274e99e3a1165b.jpg HTTP/1.1" 200 274397 "-" "facebookexternalhit/1.1 (+http://www.facebook.com/externalhit_uatext.php)"
43.134.174.226 - - [05/Apr/2026:17:59:09 +0200] "GET /%d0%bc%d0%b0%d0%b3%d0%b8%d1%8f%d1%82%d0%b0-%d1%81%d1%83%d1%80%d0%b2%d0%b0 HTTP/1.1" 301 0 "-" "Mozilla/5.0 (Macintosh; Intel Mac OS X 10_15_7) AppleWebKit/537.36 (KHTML, like Gecko) Chrome/144.0.0.0 Safari/537.36"
43.134.174.226 - - [05/Apr/2026:17:59:10 +0200] "GET /%d0%bc%d0%b0%d0%b3%d0%b8%d1%8f%d1%82%d0%b0-%d1%81%d1%83%d1%80%d0%b2%d0%b0/ HTTP/1.1" 200 23178 "-" "Mozilla/5.0 (Macintosh; Intel Mac OS X 10_15_7) AppleWebKit/537.36 (KHTML, like Gecko) Chrome/144.0.0.0 Safari/537.36"
85.208.96.202 - - [05/Apr/2026:18:01:59 +0200] "GET /%D0%BD%D0%B5%D0%BE%D1%81%D1%8A%D1%89%D0%B5%D1%81%D1%82%D0%B2%D0%B5%D0%BD%D0%B8%D1%8F%D1%82-%D0%B1%D0%BB%D1%8F%D0%BD/ HTTP/1.1" 200 24382 "-" "Mozilla/5.0 (compatible; SemrushBot/7~bl; +http://www.semrush.com/bot.html)"
185.191.171.17 - - [05/Apr/2026:18:02:43 +0200] "GET /%D0%B4%D0%B2%D0%B5-%D0%BE%D1%82-%D1%87%D1%83%D0%B4%D0%B5%D1%81%D0%B0%D1%82%D0%B0-%D0%BD%D0%B0-%D1%81%D0%B2-%D0%B4%D0%B8%D0%BC%D0%B8%D1%82%D1%8A%D1%80-%D1%81%D0%BE%D0%BB%D1%83%D0%BD%D1%81%D0%BA%D0%B8/ HTTP/1.1" 200 24609 "-" "Mozilla/5.0 (compatible; SemrushBot/7~bl; +http://www.semrush.com/bot.html)"
216.73.216.22 - - [05/Apr/2026:18:03:30 +0200] "GET /%D0%BD%D0%B0-25-%D1%8F%D0%BD%D1%83%D0%B0%D1%80%D0%B8-1879-%D0%B3-%D0%B5-%D0%BE%D1%81%D0%BD%D0%BE%D0%B2%D0%B0%D0%BD%D0%B0-%D0%B1%D1%8A%D0%BB%D0%B3%D0%B0%D1%80%D1%81%D0%BA%D0%B0%D1%82%D0%B0-%D0%BD/whatsapp:/send HTTP/1.1" 404 16594 "-" "Mozilla/5.0 AppleWebKit/537.36 (KHTML, like Gecko; compatible; ClaudeBot/1.0; +claudebot@anthropic.com)"
216.73.216.22 - - [05/Apr/2026:18:03:30 +0200] "GET /%D0%BD%D0%B0-2-%D0%BC%D0%B0%D1%80%D1%82-1946-%D0%B3-%D1%83%D0%BC%D0%B8%D1%80%D0%B0-%D0%B1%D1%8A%D0%BB%D0%B3%D0%B0%D1%80%D1%81%D0%BA%D0%B8%D1%8F%D1%82-%D0%BF%D0%BE%D0%BB%D0%B8%D1%82%D0%B8%D0%BA-%D0%B5 HTTP/1.1" 301 0 "-" "Mozilla/5.0 AppleWebKit/537.36 (KHTML, like Gecko; compatible; ClaudeBot/1.0; +claudebot@anthropic.com)"
216.73.216.22 - - [05/Apr/2026:18:03:30 +0200] "GET /%D0%BD%D0%B0-2-%D0%BC%D0%B0%D1%80%D1%82-1946-%D0%B3-%D1%83%D0%BC%D0%B8%D1%80%D0%B0-%D0%B1%D1%8A%D0%BB%D0%B3%D0%B0%D1%80%D1%81%D0%BA%D0%B8%D1%8F%D1%82-%D0%BF%D0%BE%D0%BB%D0%B8%D1%82%D0%B8%D0%BA-%D0%B5/ HTTP/1.1" 200 23789 "http://patrioti.net/%D0%BD%D0%B0-2-%D0%BC%D0%B0%D1%80%D1%82-1946-%D0%B3-%D1%83%D0%BC%D0%B8%D1%80%D0%B0-%D0%B1%D1%8A%D0%BB%D0%B3%D0%B0%D1%80%D1%81%D0%BA%D0%B8%D1%8F%D1%82-%D0%BF%D0%BE%D0%BB%D0%B8%D1%82%D0%B8%D0%BA-%D0%B5" "Mozilla/5.0 AppleWebKit/537.36 (KHTML, like Gecko; compatible; ClaudeBot/1.0; +claudebot@anthropic.com)"
152.228.220.143 - - [05/Apr/2026:18:04:10 +0200] "GET /rss HTTP/1.1" 301 0 "-" "Mozilla/5.0 (X11; Linux i686) AppleWebKit/537.36 (KHTML, like Gecko) Chrome/30.0.1599.66 Safari/537.36"
152.228.220.143 - - [05/Apr/2026:18:04:11 +0200] "GET /feed/ HTTP/1.1" 200 28765 "-" "Mozilla/5.0 (X11; Linux i686) AppleWebKit/537.36 (KHTML, like Gecko) Chrome/30.0.1599.66 Safari/537.36"
216.73.216.22 - - [05/Apr/2026:18:05:22 +0200] "GET /%D0%B4%D0%BD%D0%B5%D1%81-%D0%B5-%D1%80%D0%BE%D0%B4%D0%B5%D0%BD%D0%B0-%D0%B0%D0%BA%D1%82%D1%80%D0%B8%D1%81%D0%B0%D1%82%D0%B0-%D0%BF%D0%B5%D1%82%D1%8F-%D1%81%D0%B8%D0%BB%D1%8F%D0%BD%D0%BE%D0%B2%D0%B0/whatsapp:/send HTTP/1.1" 404 16596 "-" "Mozilla/5.0 AppleWebKit/537.36 (KHTML, like Gecko; compatible; ClaudeBot/1.0; +claudebot@anthropic.com)"
66.249.69.130 - - [05/Apr/2026:18:08:03 +0200] "GET /%D0%B4%D0%BD%D0%B5%D1%81-%D0%BE%D1%82%D0%B1%D0%B5%D0%BB%D1%8F%D0%B7%D0%B2%D0%B0%D0%BC%D0%B5-%D1%80%D0%BE%D0%B6%D0%B4%D0%B5%D0%BD%D0%B8%D0%B5%D1%82%D0%BE-%D0%BD%D0%B0-%D0%B9%D0%BE%D1%80%D0%B4%D0%B0/ HTTP/1.1" 200 24875 "-" "Mozilla/5.0 (Linux; Android 6.0.1; Nexus 5X Build/MMB29P) AppleWebKit/537.36 (KHTML, like Gecko) Chrome/146.0.7680.177 Mobile Safari/537.36 (compatible; GoogleOther)"
216.244.66.194 - - [05/Apr/2026:18:08:15 +0200] "GET /robots.txt HTTP/1.1" 200 80 "-" "Mozilla/5.0 (compatible; DotBot/1.2; +https://opensiteexplorer.org/dotbot; help@moz.com)"
35.222.51.95 - - [05/Apr/2026:18:10:24 +0200] "GET / HTTP/1.1" 301 0 "-" "Mozilla/5.0 (Windows NT 10.0; Win64; x64) AppleWebKit/537.36 (KHTML, like Gecko) Chrome/78.0.3904.108 Safari/537.36"
52.167.144.142 - - [05/Apr/2026:18:10:35 +0200] "GET /%D0%BF%D0%B5%D1%87%D0%B0%D1%82%D1%8A%D1%82-%D0%BD%D0%B0-%D1%82%D0%B5%D1%80%D0%B2%D0%B5%D0%BB/ HTTP/1.1" 200 22742 "-" "Mozilla/5.0 AppleWebKit/537.36 (KHTML, like Gecko; compatible; bingbot/2.0; +http://www.bing.com/bingbot.htm) Chrome/116.0.1938.76 Safari/537.36"
44.215.235.20 - - [05/Apr/2026:18:13:59 +0200] "GET /wp-content/themes/Newspaper/includes/demos/what/pages/post_default.txt HTTP/1.1" 200 3962 "-" "Mozilla/5.0 AppleWebKit/537.36 (KHTML, like Gecko; compatible; Amazonbot/0.1; +https://developer.amazon.com/support/amazonbot) Chrome/119.0.6045.214 Safari/537.36"
101.42.223.14 - - [05/Apr/2026:18:14:55 +0200] "GET /ip HTTP/1.1" 404 16596 "-" "Mozilla/5.0 (Macintosh; Intel Mac OS X 10_15_7) AppleWebKit/537.36 (KHTML, like Gecko) Chrome/114.0.0.0 Safari/537.36"
116.204.69.173 - - [05/Apr/2026:18:14:55 +0200] "GET /ip HTTP/1.1" 404 16594 "-" "Mozilla/5.0 (Macintosh; Intel Mac OS X 10_15_7) AppleWebKit/537.36 (KHTML, like Gecko) Chrome/114.0.0.0 Safari/537.36"
180.153.197.161 - - [05/Apr/2026:18:14:55 +0200] "GET /ip HTTP/1.1" 404 16595 "-" "Mozilla/5.0 (Macintosh; Intel Mac OS X 10_15_7) AppleWebKit/537.36 (KHTML, like Gecko) Chrome/114.0.0.0 Safari/537.36"
112.65.211.90 - - [05/Apr/2026:18:14:56 +0200] "GET /ip HTTP/1.1" 404 16596 "-" "Mozilla/5.0 (Macintosh; Intel Mac OS X 10_15_7) AppleWebKit/537.36 (KHTML, like Gecko) Chrome/114.0.0.0 Safari/537.36"
101.42.171.47 - - [05/Apr/2026:18:14:56 +0200] "GET /ip HTTP/1.1" 404 16597 "-" "Mozilla/5.0 (Macintosh; Intel Mac OS X 10_15_7) AppleWebKit/537.36 (KHTML, like Gecko) Chrome/114.0.0.0 Safari/537.36"
116.204.22.59 - - [05/Apr/2026:18:14:56 +0200] "GET /ip HTTP/1.1" 404 16596 "-" "Mozilla/5.0 (Macintosh; Intel Mac OS X 10_15_7) AppleWebKit/537.36 (KHTML, like Gecko) Chrome/114.0.0.0 Safari/537.36"
180.153.197.145 - - [05/Apr/2026:18:14:56 +0200] "GET /ip HTTP/1.1" 404 16596 "-" "Mozilla/5.0 (Macintosh; Intel Mac OS X 10_15_7) AppleWebKit/537.36 (KHTML, like Gecko) Chrome/114.0.0.0 Safari/537.36"
112.65.211.235 - - [05/Apr/2026:18:14:57 +0200] "GET /ip HTTP/1.1" 404 16593 "-" "Mozilla/5.0 (Macintosh; Intel Mac OS X 10_15_7) AppleWebKit/537.36 (KHTML, like Gecko) Chrome/114.0.0.0 Safari/537.36"
66.249.69.130 - - [05/Apr/2026:18:17:01 +0200] "GET /%D0%B4%D0%BD%D0%B5%D1%81-%D0%BE%D1%82%D0%B1%D0%B5%D0%BB%D1%8F%D0%B7%D0%B2%D0%B0%D0%BC%D0%B5-%D1%80%D0%BE%D0%B6%D0%B4%D0%B5%D0%BD%D0%B8%D0%B5%D1%82%D0%BE-%D0%BD%D0%B0-%D0%B9%D0%BE%D1%80%D0%B4%D0%B0/ HTTP/1.1" 200 24875 "-" "Mozilla/5.0 (Linux; Android 6.0.1; Nexus 5X Build/MMB29P) AppleWebKit/537.36 (KHTML, like Gecko) Chrome/146.0.7680.177 Mobile Safari/537.36 (compatible; Googlebot/2.1; +http://www.google.com/bot.html)"
65.108.2.171 - - [05/Apr/2026:18:18:44 +0200] "GET /robots.txt HTTP/1.1" 200 80 "-" "Mozilla/5.0 (compatible; MJ12bot/v1.4.8; http://mj12bot.com/)"
216.73.216.22 - - [05/Apr/2026:18:21:44 +0200] "GET /%D0%BD%D0%B0-%D0%B4%D0%BD%D0%B5%D1%88%D0%BD%D0%B0%D1%82%D0%B0-%D0%B4%D0%B0%D1%82%D0%B0-%D1%83%D0%BC%D0%B8%D1%80%D0%B0-%D0%B1%D1%8A%D0%BB%D0%B3%D0%B0%D1%80%D1%81%D0%BA%D0%B8%D1%8F%D1%82-%D0%B4%D1%83-2/whatsapp:/send HTTP/1.1" 404 16594 "-" "Mozilla/5.0 AppleWebKit/537.36 (KHTML, like Gecko; compatible; ClaudeBot/1.0; +claudebot@anthropic.com)"
64.89.160.178 - - [05/Apr/2026:18:21:48 +0200] "GET /wp-login.php HTTP/1.1" 302 0 "-" "Mozilla/5.0 (Macintosh; Intel Mac OS X 14_2_1) AppleWebKit/605.1.15 (KHTML, like Gecko) Version/17.1 Safari/605.1.15"
64.89.160.178 - - [05/Apr/2026:18:21:49 +0200] "GET /?rest_route=/wp/v2/users HTTP/1.1" 200 361 "-" "Mozilla/5.0 (Windows NT 10.0; Win64; x64; rv:121.0) Gecko/20100101 Firefox/121.0"
64.89.160.178 - - [05/Apr/2026:18:21:50 +0200] "GET /xmlrpc.php HTTP/1.1" 404 16595 "-" "Mozilla/5.0 (Windows NT 10.0; Win64; x64) AppleWebKit/537.36 (KHTML, like Gecko) Edge/120.0.2210.91"
65.108.2.171 - - [05/Apr/2026:18:23:31 +0200] "GET /%D0%BD%D0%B0-1-%D1%8E%D0%BB%D0%B8-1931-%D0%B3-%D0%B5-%D1%80%D0%BE%D0%B4%D0%B5%D0%BD-%D0%B1%D1%8A%D0%BB%D0%B3%D0%B0%D1%80%D1%81%D0%BA%D0%B8%D1%8F%D1%82-%D0%BF%D0%B8%D1%81%D0%B0%D1%82%D0%B5%D0%BB/ HTTP/1.1" 200 23963 "-" "Mozilla/5.0 (compatible; MJ12bot/v1.4.8; http://mj12bot.com/)"
178.156.226.243 - - [05/Apr/2026:18:23:47 +0200] "GET /%D0%BD%D0%B0-23-%D1%8E%D0%BD%D0%B8-%D0%B5-%D1%80%D0%BE%D0%B4%D0%B5%D0%BD-%D1%84%D1%83%D1%82%D0%B1%D0%BE%D0%BB%D0%B8%D1%81%D1%82%D1%8A%D1%82-%D1%8F%D1%81%D0%B5%D0%BD-%D0%BF%D0%B5%D1%82%D1%80%D0%BE/ HTTP/1.1" 200 22884 "-" "Mozilla/5.0 (Windows NT 10.0; Win64; x64) AppleWebKit/537.36 (KHTML, like Gecko) Chrome/84.0.4147.105 Safari/537.36"
216.73.216.22 - - [05/Apr/2026:18:25:30 +0200] "GET /%D0%BD%D0%B0-31-%D1%8E%D0%BB%D0%B8-%D1%85%D1%80%D0%B8%D1%81%D1%82%D0%B8%D1%8F%D0%BD%D0%B8%D1%82%D0%B5-%D1%87%D0%B5%D1%81%D1%82%D0%B2%D0%B0%D1%82-%D0%B1%D0%BE%D0%B3%D0%BE%D1%80%D0%BE%D0%B4%D0%B8%D1%87/whatsapp:/send HTTP/1.1" 404 16594 "-" "Mozilla/5.0 AppleWebKit/537.36 (KHTML, like Gecko; compatible; ClaudeBot/1.0; +claudebot@anthropic.com)"
65.108.2.171 - - [05/Apr/2026:18:28:09 +0200] "GET /%D0%B1%D1%8A%D0%BB%D0%B3%D0%B0%D1%80%D0%B8%D0%BD%D0%BE-%D1%81%D0%BA%D0%BB%D0%BE%D0%BD%D0%B8-%D1%87%D0%B5%D0%BB%D0%BE-%D0%BF%D1%80%D0%B5%D0%B4-%D1%82%D1%83%D0%B9-%D1%81%D0%B2%D1%8F%D1%82%D0%BE/ HTTP/1.1" 200 27616 "-" "Mozilla/5.0 (compatible; MJ12bot/v1.4.8; http://mj12bot.com/)"
160.30.137.9 - - [05/Apr/2026:18:29:12 +0200] "GET /wp-login.php HTTP/1.1" 302 0 "https://www.google.com/search?q=wordpress" "Mozilla/5.0 (Macintosh; Intel Mac OS X 10_15_7) AppleWebKit/537.36 (KHTML, like Gecko) Chrome/118.0.0.0 Safari/537.36"
65.108.2.171 - - [05/Apr/2026:18:29:26 +0200] "GET /%D0%B3%D1%80%D0%B8%D0%B3%D0%BE%D1%80%D0%B8%D0%B9-%D1%86%D0%B0%D0%BC%D0%B1%D0%BB%D0%B0%D0%BA-%D0%BD%D0%B0%D0%B9-%D0%B1%D0%B5%D0%BB%D0%B5%D0%B6%D0%B8%D1%82%D0%B8%D1%8F%D1%82-%D1%83%D1%87%D0%B5/ HTTP/1.1" 200 29956 "-" "Mozilla/5.0 (compatible; MJ12bot/v1.4.8; http://mj12bot.com/)"
216.73.216.22 - - [05/Apr/2026:18:30:48 +0200] "GET /category/%D0%B2%D1%8F%D1%80%D0%B0/?filter_by=random_posts HTTP/1.1" 200 21581 "-" "Mozilla/5.0 AppleWebKit/537.36 (KHTML, like Gecko; compatible; ClaudeBot/1.0; +claudebot@anthropic.com)"
85.208.96.194 - - [05/Apr/2026:18:31:06 +0200] "GET /%D0%BD%D0%B0-26-%D1%8E%D0%BD%D0%B8-1913-%D0%B3-%D1%83%D0%BC%D0%B8%D1%80%D0%B0-%D0%B1%D1%8A%D0%BB%D0%B3%D0%B0%D1%80%D1%81%D0%BA%D0%B8%D1%8F%D1%82-%D0%BF%D1%80%D0%BE%D1%81%D0%B2%D0%B5%D1%82%D0%B5%D0%BD/ HTTP/1.1" 502 150 "-" "Mozilla/5.0 (compatible; SemrushBot/7~bl; +http://www.semrush.com/bot.html)"
65.108.2.171 - - [05/Apr/2026:18:33:21 +0200] "GET /13-%D0%B3%D0%BE%D0%B4%D0%B8%D1%88%D0%BD%D0%B0-%D0%BF%D0%BB%D1%83%D0%B2%D0%BA%D0%B8%D0%BD%D1%8F-%D1%81%D0%BF%D0%B5%D1%87%D0%B5%D0%BB%D0%B8-42-%D0%BC%D0%B5%D0%B4%D0%B0%D0%BB%D0%B0-%D1%86%D1%8F/ HTTP/1.1" 200 24960 "-" "Mozilla/5.0 (compatible; MJ12bot/v1.4.8; http://mj12bot.com/)"
54.39.188.170 - - [05/Apr/2026:18:34:37 +0200] "GET /feed/ HTTP/1.1" 200 28765 "-" "Mozilla/5.0 (compatible; YaK/1.0; http://linkfluence.com/; bot@linkfluence.com)"
216.244.66.194 - - [05/Apr/2026:18:35:49 +0200] "GET /%D0%BF%D0%B0%D0%B2%D0%B5%D0%BB-%D0%BA%D0%B0%D0%BB%D1%8F%D0%BD%D0%B4%D0%B6%D0%B8-%D1%83%D1%87%D0%B8%D1%82%D0%B5%D0%BB%D1%8F%D1%82-%D1%80%D0%BE%D0%B4%D0%BE%D0%BB%D1%8E%D0%B1%D0%B5%D1%86-%D0%BF%D0%BE/ HTTP/1.1" 200 25785 "-" "Mozilla/5.0 (compatible; DotBot/1.2; +https://opensiteexplorer.org/dotbot; help@moz.com)"
216.244.66.194 - - [05/Apr/2026:18:36:10 +0200] "GET /%D0%BA%D1%8A%D1%89%D0%B0-%D0%BC%D1%83%D0%B7%D0%B5%D0%B9-%D0%B4%D0%B8%D0%BC%D0%B8%D1%82%D1%80%D0%B0%D0%BA%D0%B8-%D1%85%D0%B0%D0%B4%D0%B6%D0%B8%D1%82%D0%BE%D1%88%D0%B5%D0%B2-%D0%B2/ HTTP/1.1" 200 25406 "-" "Mozilla/5.0 (compatible; DotBot/1.2; +https://opensiteexplorer.org/dotbot; help@moz.com)"
216.244.66.194 - - [05/Apr/2026:18:37:40 +0200] "GET /%D0%B4%D0%BD%D0%B5%D1%81-%D0%B5-%D1%80%D0%BE%D0%B4%D0%B5%D0%BD-%D0%B1%D1%8A%D0%BB%D0%B3%D0%B0%D1%80%D1%81%D0%BA%D0%B8%D1%8F%D1%82-%D1%84%D1%83%D1%82%D0%B1%D0%BE%D0%BB%D0%B8%D1%81%D1%82-%D1%81%D1%82-2/ HTTP/1.1" 200 23609 "-" "Mozilla/5.0 (compatible; DotBot/1.2; +https://opensiteexplorer.org/dotbot; help@moz.com)"
185.191.171.6 - - [05/Apr/2026:18:38:43 +0200] "GET /1-%D0%BE%D0%BA%D1%82%D0%BE%D0%BC%D0%B2%D1%80%D0%B8-1899-%D0%B3-%D0%B5-%D1%81%D1%8A%D1%81%D1%82%D0%B0%D0%B2%D0%B5%D0%BD%D0%BE-%D0%BF%D1%80%D0%B0%D0%B2%D0%B8%D1%82%D0%B5%D0%BB%D1%81%D1%82%D0%B2%D0%BE/ HTTP/1.1" 200 23884 "-" "Mozilla/5.0 (compatible; SemrushBot/7~bl; +http://www.semrush.com/bot.html)"
217.216.37.55 - - [05/Apr/2026:18:43:16 +0200] "GET / HTTP/1.1" 301 0 "-" "Go-http-client/1.1"
217.216.37.55 - - [05/Apr/2026:18:43:17 +0200] "GET /wp-includes/css/buttons.css HTTP/1.1" 200 2413 "-" "Go-http-client/1.1"
185.191.171.18 - - [05/Apr/2026:18:44:07 +0200] "GET /%D0%B4%D0%BD%D0%B5%D1%81-%D1%81%D0%B8-%D1%81%D0%BF%D0%BE%D0%BC%D0%BD%D1%8F%D0%BC%D0%B5-%D0%B7%D0%B0-%D0%B1%D1%8A%D0%BB%D0%B3%D0%B0%D1%80%D1%81%D0%BA%D0%B8%D1%8F-%D1%80%D0%B5%D0%B2%D0%BE%D0%BB%D1%8E-4/ HTTP/1.1" 502 150 "-" "Mozilla/5.0 (compatible; SemrushBot/7~bl; +http://www.semrush.com/bot.html)"
216.73.216.22 - - [05/Apr/2026:18:48:41 +0200] "GET /sitemap.xml HTTP/1.1" 404 16596 "-" "Mozilla/5.0 AppleWebKit/537.36 (KHTML, like Gecko; compatible; ClaudeBot/1.0; +claudebot@anthropic.com)"
114.119.146.255 - - [05/Apr/2026:18:49:24 +0200] "GET /wp-content/uploads/2019/01/10491987_1596995487193671_371047965001784678_n.jpg HTTP/1.1" 200 116084 "-" "Mozilla/5.0 (Linux; Android 7.0;) AppleWebKit/537.36 (KHTML, like Gecko) Mobile Safari/537.36 (compatible; PetalBot;+https://webmaster.petalsearch.com/site/petalbot)"
2a03:2880:22ff:5:: - - [05/Apr/2026:18:50:16 +0200] "GET /wp-content/uploads/2019/07/140187821978840.jpg HTTP/1.1" 200 130403 "-" "facebookexternalhit/1.1 (+http://www.facebook.com/externalhit_uatext.php)"
2a03:2880:15ff:40:: - - [05/Apr/2026:18:51:31 +0200] "GET /%d0%b4%d0%b2%d0%b0%d0%bc%d0%b0-%d0%b2%d0%be%d0%b9%d0%b2%d0%be%d0%b4%d0%b8-%d1%83%d0%bf%d1%80%d0%b0%d0%b2%d0%bb%d1%8f%d0%b2%d0%b0%d0%bb%d0%b8-%d0%b4%d0%b2%d0%b0-%d0%bc%d0%b5%d1%81%d0%b5%d1%86%d0%b0/ HTTP/1.1" 200 27218 "-" "facebookexternalhit/1.1 (+http://www.facebook.com/externalhit_uatext.php)"
2a03:2880:15ff:41:: - - [05/Apr/2026:18:51:31 +0200] "GET /%d0%b4%d0%b2%d0%b0%d0%bc%d0%b0-%d0%b2%d0%be%d0%b9%d0%b2%d0%be%d0%b4%d0%b8-%d1%83%d0%bf%d1%80%d0%b0%d0%b2%d0%bb%d1%8f%d0%b2%d0%b0%d0%bb%d0%b8-%d0%b4%d0%b2%d0%b0-%d0%bc%d0%b5%d1%81%d0%b5%d1%86%d0%b0/ HTTP/1.1" 200 27216 "-" "facebookexternalhit/1.1 (+http://www.facebook.com/externalhit_uatext.php)"
2a03:2880:32ff:1:: - - [05/Apr/2026:18:51:32 +0200] "GET /wp-content/uploads/2018/09/138129658484964.jpg HTTP/1.1" 200 202112 "-" "facebookexternalhit/1.1 (+http://www.facebook.com/externalhit_uatext.php)"
85.208.96.208 - - [05/Apr/2026:18:53:49 +0200] "GET /tag/patrioti/page/25/ HTTP/1.1" 403 285 "-" "Mozilla/5.0 (compatible; SemrushBot/7~bl; +http://www.semrush.com/bot.html)"
20.250.12.212 - - [05/Apr/2026:18:56:50 +0200] "GET /wp-content/plugins/hellopress/wp_filemanager.php HTTP/1.1" 404 16593 "-" "-"
20.250.12.212 - - [05/Apr/2026:18:56:50 +0200] "GET /gptsh.php HTTP/1.1" 404 16593 "-" "-"
20.250.12.212 - - [05/Apr/2026:18:56:50 +0200] "GET /bthil.php HTTP/1.1" 404 16597 "-" "-"
20.250.12.212 - - [05/Apr/2026:18:56:51 +0200] "GET /ghhjh.php HTTP/1.1" 404 16598 "-" "-"
20.250.12.212 - - [05/Apr/2026:18:56:51 +0200] "GET //cacheee.php HTTP/1.1" 301 0 "-" "-"
20.250.12.212 - - [05/Apr/2026:18:56:51 +0200] "GET /cacheee.php HTTP/1.1" 404 16593 "-" "-"
20.250.12.212 - - [05/Apr/2026:18:56:52 +0200] "GET /seo.php HTTP/1.1" 404 16594 "-" "-"
20.250.12.212 - - [05/Apr/2026:18:56:52 +0200] "GET /7.php HTTP/1.1" 404 16597 "-" "-"
20.250.12.212 - - [05/Apr/2026:18:56:52 +0200] "GET /8.php HTTP/1.1" 404 16594 "-" "-"
20.250.12.212 - - [05/Apr/2026:18:56:53 +0200] "GET /1.php HTTP/1.1" 404 16598 "-" "-"
20.250.12.212 - - [05/Apr/2026:18:56:53 +0200] "GET /2.php HTTP/1.1" 404 16597 "-" "-"
20.250.12.212 - - [05/Apr/2026:18:56:54 +0200] "GET /3.php HTTP/1.1" 404 16595 "-" "-"
20.250.12.212 - - [05/Apr/2026:18:56:54 +0200] "GET /4.php HTTP/1.1" 404 16596 "-" "-"
20.250.12.212 - - [05/Apr/2026:18:56:54 +0200] "GET /5.php HTTP/1.1" 404 16594 "-" "-"
20.250.12.212 - - [05/Apr/2026:18:56:55 +0200] "GET /6.php HTTP/1.1" 404 16597 "-" "-"
20.250.12.212 - - [05/Apr/2026:18:56:55 +0200] "GET /9.php HTTP/1.1" 404 16594 "-" "-"
20.250.12.212 - - [05/Apr/2026:18:56:55 +0200] "GET /10.php HTTP/1.1" 404 16593 "-" "-"
20.250.12.212 - - [05/Apr/2026:18:56:56 +0200] "GET /.mopj.php HTTP/1.1" 404 16592 "-" "-"
20.250.12.212 - - [05/Apr/2026:18:56:56 +0200] "GET /.yuf.php HTTP/1.1" 404 16595 "-" "-"
20.250.12.212 - - [05/Apr/2026:18:56:57 +0200] "GET /nano.php HTTP/1.1" 404 16594 "-" "-"
20.250.12.212 - - [05/Apr/2026:18:56:58 +0200] "GET /f35_S.php HTTP/1.1" 404 16594 "-" "-"
20.250.12.212 - - [05/Apr/2026:18:56:58 +0200] "GET /2026w.php HTTP/1.1" 404 16595 "-" "-"
20.250.12.212 - - [05/Apr/2026:18:56:58 +0200] "GET /ftde.php HTTP/1.1" 404 16597 "-" "-"
20.250.12.212 - - [05/Apr/2026:18:56:59 +0200] "GET /file31.php HTTP/1.1" 404 16596 "-" "-"
20.250.12.212 - - [05/Apr/2026:18:56:59 +0200] "GET /111.php HTTP/1.1" 404 16596 "-" "-"
20.250.12.212 - - [05/Apr/2026:18:57:00 +0200] "GET /control.php HTTP/1.1" 404 16592 "-" "-"
20.250.12.212 - - [05/Apr/2026:18:57:00 +0200] "GET /xozx.php HTTP/1.1" 404 16596 "-" "-"
20.250.12.212 - - [05/Apr/2026:18:57:00 +0200] "GET /1111.php?p= HTTP/1.1" 301 0 "-" "-"
20.250.12.212 - - [05/Apr/2026:18:57:01 +0200] "GET /1111.php HTTP/1.1" 404 16595 "-" "-"
20.250.12.212 - - [05/Apr/2026:18:57:01 +0200] "GET //fetch.php HTTP/1.1" 301 0 "-" "-"
20.250.12.212 - - [05/Apr/2026:18:57:01 +0200] "GET /fetch.php HTTP/1.1" 404 12132 "-" "-"
20.250.12.212 - - [05/Apr/2026:18:57:05 +0200] "GET /wp1.php HTTP/1.1" 502 150 "-" "-"
20.250.12.212 - - [05/Apr/2026:18:57:06 +0200] "GET /aligk.php HTTP/1.1" 404 16597 "-" "-"
20.250.12.212 - - [05/Apr/2026:18:57:06 +0200] "GET /byrgo.php HTTP/1.1" 404 16596 "-" "-"
20.250.12.212 - - [05/Apr/2026:18:57:07 +0200] "GET //xwpg.php HTTP/1.1" 301 0 "-" "-"
20.250.12.212 - - [05/Apr/2026:18:57:07 +0200] "GET /xwpg.php HTTP/1.1" 404 16597 "-" "-"
20.250.12.212 - - [05/Apr/2026:18:57:08 +0200] "GET /ass.php HTTP/1.1" 404 16596 "-" "-"
20.250.12.212 - - [05/Apr/2026:18:57:09 +0200] "GET //about.php HTTP/1.1" 301 0 "-" "-"
20.250.12.212 - - [05/Apr/2026:18:57:09 +0200] "GET /about.php HTTP/1.1" 404 16596 "-" "-"
20.250.12.212 - - [05/Apr/2026:18:57:10 +0200] "GET /no18.php HTTP/1.1" 404 16598 "-" "-"
20.250.12.212 - - [05/Apr/2026:18:57:10 +0200] "GET /fine.php HTTP/1.1" 404 16596 "-" "-"
20.250.12.212 - - [05/Apr/2026:18:57:10 +0200] "GET /zample.php HTTP/1.1" 404 16596 "-" "-"
20.250.12.212 - - [05/Apr/2026:18:57:11 +0200] "GET /read.php HTTP/1.1" 404 16597 "-" "-"
20.250.12.212 - - [05/Apr/2026:18:57:11 +0200] "GET /wp-kd4xalrg7m.php HTTP/1.1" 404 16594 "-" "-"
20.250.12.212 - - [05/Apr/2026:18:57:11 +0200] "GET /hplfuns.php HTTP/1.1" 404 16597 "-" "-"
20.250.12.212 - - [05/Apr/2026:18:57:12 +0200] "GET /xa.php HTTP/1.1" 404 16596 "-" "-"
20.250.12.212 - - [05/Apr/2026:18:57:12 +0200] "GET /100.php HTTP/1.1" 404 16596 "-" "-"
20.250.12.212 - - [05/Apr/2026:18:57:12 +0200] "GET //admin.php HTTP/1.1" 301 0 "-" "-"
20.250.12.212 - - [05/Apr/2026:18:57:13 +0200] "GET /admin.php HTTP/1.1" 404 16593 "-" "-"
20.250.12.212 - - [05/Apr/2026:18:57:13 +0200] "GET //wp-mter.php HTTP/1.1" 301 0 "-" "-"
20.250.12.212 - - [05/Apr/2026:18:57:13 +0200] "GET /wp-mter.php HTTP/1.1" 404 16596 "-" "-"
20.250.12.212 - - [05/Apr/2026:18:57:14 +0200] "GET /inege.php HTTP/1.1" 404 16594 "-" "-"
20.250.12.212 - - [05/Apr/2026:18:57:14 +0200] "GET /19.php HTTP/1.1" 404 16594 "-" "-"
20.250.12.212 - - [05/Apr/2026:18:57:14 +0200] "GET /fe5.php HTTP/1.1" 404 16593 "-" "-"
20.250.12.212 - - [05/Apr/2026:18:57:15 +0200] "GET /file61.php HTTP/1.1" 404 16593 "-" "-"
20.250.12.212 - - [05/Apr/2026:18:57:16 +0200] "GET /uuu.php HTTP/1.1" 404 16597 "-" "-"
20.250.12.212 - - [05/Apr/2026:18:57:16 +0200] "GET /sf.php HTTP/1.1" 404 16595 "-" "-"
20.250.12.212 - - [05/Apr/2026:18:57:16 +0200] "GET /eee.php HTTP/1.1" 404 16597 "-" "-"
20.250.12.212 - - [05/Apr/2026:18:57:17 +0200] "GET /no1.php HTTP/1.1" 404 16594 "-" "-"
20.250.12.212 - - [05/Apr/2026:18:57:17 +0200] "GET /w2025.php HTTP/1.1" 404 16597 "-" "-"
20.250.12.212 - - [05/Apr/2026:18:57:18 +0200] "GET /swallowable.php HTTP/1.1" 404 16596 "-" "-"
20.250.12.212 - - [05/Apr/2026:18:57:18 +0200] "GET /fvvff.php HTTP/1.1" 404 16597 "-" "-"
20.250.12.212 - - [05/Apr/2026:18:57:19 +0200] "GET /a2.php HTTP/1.1" 404 16596 "-" "-"
20.250.12.212 - - [05/Apr/2026:18:57:19 +0200] "GET /txets.php HTTP/1.1" 404 16597 "-" "-"
20.250.12.212 - - [05/Apr/2026:18:57:20 +0200] "GET //edit.php HTTP/1.1" 301 0 "-" "-"
216.73.216.22 - - [05/Apr/2026:18:57:20 +0200] "GET /%D0%BD%D0%B0-30-%D1%8E%D0%BD%D0%B8-1971-%D0%B3-%D0%B7%D0%B0%D0%B3%D0%B8%D0%B2%D0%B0-%D0%BD%D0%B8%D0%BA%D0%BE%D0%BB%D0%B0-%D0%BA%D0%BE%D1%82%D0%BA%D0%BE%D0%B2-%D0%BA%D0%BE%D1%82%D0%B5%D1%82%D0%BE/whatsapp:/send HTTP/1.1" 404 16595 "-" "Mozilla/5.0 AppleWebKit/537.36 (KHTML, like Gecko; compatible; ClaudeBot/1.0; +claudebot@anthropic.com)"
20.250.12.212 - - [05/Apr/2026:18:57:20 +0200] "GET /edit.php HTTP/1.1" 404 16596 "-" "-"
20.250.12.212 - - [05/Apr/2026:18:57:21 +0200] "GET /ioxi-o.php HTTP/1.1" 404 16597 "-" "-"
20.250.12.212 - - [05/Apr/2026:18:57:21 +0200] "GET /wp-content/admin.php HTTP/1.1" 404 16596 "-" "-"
20.250.12.212 - - [05/Apr/2026:18:57:21 +0200] "GET /66.php HTTP/1.1" 404 16597 "-" "-"
20.250.12.212 - - [05/Apr/2026:18:57:22 +0200] "GET /a5.php HTTP/1.1" 404 16595 "-" "-"
20.250.12.212 - - [05/Apr/2026:18:57:22 +0200] "GET /ol.php HTTP/1.1" 404 16596 "-" "-"
20.250.12.212 - - [05/Apr/2026:18:57:22 +0200] "GET //f6.php HTTP/1.1" 301 0 "-" "-"
20.250.12.212 - - [05/Apr/2026:18:57:23 +0200] "GET /f6.php HTTP/1.1" 404 16593 "-" "-"
20.250.12.212 - - [05/Apr/2026:18:57:23 +0200] "GET //inputs.php HTTP/1.1" 301 0 "-" "-"
20.250.12.212 - - [05/Apr/2026:18:57:23 +0200] "GET /inputs.php HTTP/1.1" 404 16596 "-" "-"
216.73.216.22 - - [05/Apr/2026:18:57:24 +0200] "GET /%D0%B1%D1%8A%D0%BB%D0%B3%D0%B0%D1%80%D1%81%D0%BA%D0%B0%D1%82%D0%B0-%D0%BF%D0%B8%D1%81%D0%BC%D0%B5%D0%BD%D0%BE%D1%81%D1%82-%D0%BF%D1%80%D0%BE%D1%81%D0%B2%D0%B5%D1%82%D0%B8/whatsapp:/send HTTP/1.1" 404 16596 "-" "Mozilla/5.0 AppleWebKit/537.36 (KHTML, like Gecko; compatible; ClaudeBot/1.0; +claudebot@anthropic.com)"
20.250.12.212 - - [05/Apr/2026:18:57:24 +0200] "GET /style.php HTTP/1.1" 404 16593 "-" "-"
20.250.12.212 - - [05/Apr/2026:18:57:24 +0200] "GET /bgymj.php HTTP/1.1" 404 16598 "-" "-"
20.250.12.212 - - [05/Apr/2026:18:57:24 +0200] "GET //aa.php HTTP/1.1" 301 0 "-" "-"
20.250.12.212 - - [05/Apr/2026:18:57:25 +0200] "GET /aa.php HTTP/1.1" 404 16597 "-" "-"
20.250.12.212 - - [05/Apr/2026:18:57:25 +0200] "GET //av.php HTTP/1.1" 301 0 "-" "-"
20.250.12.212 - - [05/Apr/2026:18:57:25 +0200] "GET /av.php HTTP/1.1" 404 16596 "-" "-"
20.250.12.212 - - [05/Apr/2026:18:57:26 +0200] "GET /wp-admin/css/bolt.php HTTP/1.1" 404 16598 "-" "-"
20.250.12.212 - - [05/Apr/2026:18:57:26 +0200] "GET /bless4.php HTTP/1.1" 404 16597 "-" "-"
20.250.12.212 - - [05/Apr/2026:18:57:26 +0200] "GET /wp-act.php HTTP/1.1" 404 16593 "-" "-"
20.250.12.212 - - [05/Apr/2026:18:57:27 +0200] "GET /xqq.php HTTP/1.1" 404 16595 "-" "-"
20.250.12.212 - - [05/Apr/2026:18:57:27 +0200] "GET /plss3.php HTTP/1.1" 404 16594 "-" "-"
20.250.12.212 - - [05/Apr/2026:18:57:28 +0200] "GET /aaa.php?p= HTTP/1.1" 301 0 "-" "-"
20.250.12.212 - - [05/Apr/2026:18:57:28 +0200] "GET /aaa.php HTTP/1.1" 404 16597 "-" "-"
20.250.12.212 - - [05/Apr/2026:18:57:28 +0200] "GET /classwithtostring.php?p= HTTP/1.1" 301 0 "-" "-"
20.250.12.212 - - [05/Apr/2026:18:57:29 +0200] "GET /classwithtostring.php HTTP/1.1" 404 16593 "-" "-"
20.250.12.212 - - [05/Apr/2026:18:57:29 +0200] "GET /wp-content/themes/index.php HTTP/1.1" 301 0 "-" "-"
20.250.12.212 - - [05/Apr/2026:18:57:29 +0200] "GET /wp-content/themes/ HTTP/1.1" 200 422 "-" "-"
20.250.12.212 - - [05/Apr/2026:18:57:29 +0200] "GET /tinyfilemanager.php?p= HTTP/1.1" 301 0 "-" "-"
20.250.12.212 - - [05/Apr/2026:18:57:29 +0200] "GET /tinyfilemanager.php HTTP/1.1" 404 16597 "-" "-"
20.250.12.212 - - [05/Apr/2026:18:57:30 +0200] "GET /wp-update.php HTTP/1.1" 404 16596 "-" "-"
20.250.12.212 - - [05/Apr/2026:18:57:30 +0200] "GET /sbhu.php HTTP/1.1" 404 16596 "-" "-"
20.250.12.212 - - [05/Apr/2026:18:57:31 +0200] "GET /wp-blog.php HTTP/1.1" 404 16597 "-" "-"
20.250.12.212 - - [05/Apr/2026:18:57:31 +0200] "GET //wp-includes/js/jquery/ HTTP/1.1" 200 817 "-" "-"
20.250.12.212 - - [05/Apr/2026:18:57:31 +0200] "GET //wp-content/admin.php HTTP/1.1" 301 0 "-" "-"
20.250.12.212 - - [05/Apr/2026:18:57:31 +0200] "GET /wp-content/admin.php HTTP/1.1" 404 16591 "-" "-"
20.250.12.212 - - [05/Apr/2026:18:57:32 +0200] "GET /ms-edit.php HTTP/1.1" 404 16595 "-" "-"
20.250.12.212 - - [05/Apr/2026:18:57:32 +0200] "GET //adminfuns.php HTTP/1.1" 301 0 "-" "-"
20.250.12.212 - - [05/Apr/2026:18:57:32 +0200] "GET /adminfuns.php HTTP/1.1" 404 16596 "-" "-"
20.250.12.212 - - [05/Apr/2026:18:57:33 +0200] "GET /goods.php HTTP/1.1" 404 16598 "-" "-"
20.250.12.212 - - [05/Apr/2026:18:57:33 +0200] "GET /ms-edit.php HTTP/1.1" 404 16595 "-" "-"
20.250.12.212 - - [05/Apr/2026:18:57:34 +0200] "GET /222.php HTTP/1.1" 404 16596 "-" "-"
20.250.12.212 - - [05/Apr/2026:18:57:34 +0200] "GET //cgi-bin/index.php HTTP/1.1" 301 0 "-" "-"
20.250.12.212 - - [05/Apr/2026:18:57:34 +0200] "GET /cgi-bin/ HTTP/1.1" 404 16594 "-" "-"
20.250.12.212 - - [05/Apr/2026:18:57:35 +0200] "GET /fff.php HTTP/1.1" 404 16596 "-" "-"
20.250.12.212 - - [05/Apr/2026:18:57:35 +0200] "GET /wp-content/ HTTP/1.1" 200 582 "-" "-"
20.250.12.212 - - [05/Apr/2026:18:57:35 +0200] "GET /we.php HTTP/1.1" 404 16594 "-" "-"
20.250.12.212 - - [05/Apr/2026:18:57:35 +0200] "GET /alpha.php HTTP/1.1" 404 16593 "-" "-"
20.250.12.212 - - [05/Apr/2026:18:57:36 +0200] "GET /makeasmtp.php?p= HTTP/1.1" 301 0 "-" "-"
20.250.12.212 - - [05/Apr/2026:18:57:36 +0200] "GET /makeasmtp.php HTTP/1.1" 404 16594 "-" "-"
161.97.137.93 - - [05/Apr/2026:18:57:37 +0200] "POST /wp-cron.php?doing_wp_cron=1775408256.8638889789581298828125 HTTP/1.1" 404 16596 "http://patrioti.net/wp-cron.php?doing_wp_cron=1775408256.8638889789581298828125" "WordPress/4.9.26; https://patrioti.net"
20.250.12.212 - - [05/Apr/2026:18:57:37 +0200] "GET /wp-michan.php HTTP/1.1" 404 16594 "-" "-"
20.250.12.212 - - [05/Apr/2026:18:57:37 +0200] "GET /wp-the.php HTTP/1.1" 404 16597 "-" "-"
