20.250.12.212 - - [05/Apr/2026:18:57:38 +0200] "GET //wp-includes/css/dist/ HTTP/1.1" 301 0 "-" "-"
20.250.12.212 - - [05/Apr/2026:18:57:38 +0200] "GET /wp-includes/css/dist/ HTTP/1.1" 404 16594 "-" "-"
20.250.12.212 - - [05/Apr/2026:18:57:39 +0200] "GET /BDKR28WP.php HTTP/1.1" 404 16597 "-" "-"
20.250.12.212 - - [05/Apr/2026:18:57:39 +0200] "GET //wp-includes/l10n/ HTTP/1.1" 301 0 "-" "-"
20.250.12.212 - - [05/Apr/2026:18:57:39 +0200] "GET /wp-includes/l10n/ HTTP/1.1" 404 16595 "-" "-"
20.250.12.212 - - [05/Apr/2026:18:57:40 +0200] "GET /wen.php HTTP/1.1" 404 16597 "-" "-"
20.250.12.212 - - [05/Apr/2026:18:57:40 +0200] "GET /wp.php HTTP/1.1" 404 16596 "-" "-"
20.250.12.212 - - [05/Apr/2026:18:57:41 +0200] "GET /wp-admin/js/fi.php HTTP/1.1" 404 16596 "-" "-"
20.250.12.212 - - [05/Apr/2026:18:57:41 +0200] "GET /fe5.php HTTP/1.1" 404 16592 "-" "-"
20.250.12.212 - - [05/Apr/2026:18:57:41 +0200] "GET /kj.php HTTP/1.1" 404 16592 "-" "-"
20.250.12.212 - - [05/Apr/2026:18:57:42 +0200] "GET //wp-content/uploads/2021/02/index.php HTTP/1.1" 301 0 "-" "-"
20.250.12.212 - - [05/Apr/2026:18:57:42 +0200] "GET /wp-content/uploads/2021/02/ HTTP/1.1" 200 359 "-" "-"
20.250.12.212 - - [05/Apr/2026:18:57:42 +0200] "GET /av.php HTTP/1.1" 404 16595 "-" "-"
20.250.12.212 - - [05/Apr/2026:18:57:42 +0200] "GET /abcd.php HTTP/1.1" 404 16596 "-" "-"
20.250.12.212 - - [05/Apr/2026:18:57:43 +0200] "GET /about2.php HTTP/1.1" 404 16597 "-" "-"
20.250.12.212 - - [05/Apr/2026:18:57:43 +0200] "GET /fi.php HTTP/1.1" 404 16596 "-" "-"
20.250.12.212 - - [05/Apr/2026:18:57:43 +0200] "GET //a1.php HTTP/1.1" 301 0 "-" "-"
20.250.12.212 - - [05/Apr/2026:18:57:44 +0200] "GET /a1.php HTTP/1.1" 404 16594 "-" "-"
20.250.12.212 - - [05/Apr/2026:18:57:44 +0200] "GET /update/f35.php HTTP/1.1" 404 16598 "-" "-"
20.250.12.212 - - [05/Apr/2026:18:57:45 +0200] "GET /wp-includes/Text/Diff/Engine/about.php HTTP/1.1" 404 16596 "-" "-"
20.250.12.212 - - [05/Apr/2026:18:57:45 +0200] "GET /f35.php HTTP/1.1" 404 16596 "-" "-"
20.250.12.212 - - [05/Apr/2026:18:57:45 +0200] "GET //wp-includes/css/index.php?p= HTTP/1.1" 301 0 "-" "-"
20.250.12.212 - - [05/Apr/2026:18:57:45 +0200] "GET /wp-includes/css/ HTTP/1.1" 200 968 "-" "-"
20.250.12.212 - - [05/Apr/2026:18:57:45 +0200] "GET /wp-includes/SimplePie/ HTTP/1.1" 200 844 "-" "-"
20.250.12.212 - - [05/Apr/2026:18:57:46 +0200] "GET /prv8.php HTTP/1.1" 404 16596 "-" "-"
185.191.171.14 - - [05/Apr/2026:18:57:46 +0200] "GET /%D0%BD%D0%B0-16-%D0%BC%D0%B0%D0%B9-%D1%86%D1%8A%D1%80%D0%BA%D0%B2%D0%B0%D1%82%D0%B0-%D0%BF%D0%BE%D1%87%D0%B8%D1%82%D0%B0-%D1%81%D0%B2-%D0%BF%D1%80%D0%B5%D0%BF%D0%BE%D0%B4%D0%BE%D0%B1%D0%BD%D0%B8/ HTTP/1.1" 200 29498 "-" "Mozilla/5.0 (compatible; SemrushBot/7~bl; +http://www.semrush.com/bot.html)"
20.250.12.212 - - [05/Apr/2026:18:57:46 +0200] "GET /k.php HTTP/1.1" 404 16596 "-" "-"
20.250.12.212 - - [05/Apr/2026:18:57:47 +0200] "GET /dev.php HTTP/1.1" 404 16597 "-" "-"
20.250.12.212 - - [05/Apr/2026:18:57:47 +0200] "GET /bal.php HTTP/1.1" 404 16594 "-" "-"
20.250.12.212 - - [05/Apr/2026:18:57:48 +0200] "GET /in.php HTTP/1.1" 404 16595 "-" "-"
20.250.12.212 - - [05/Apr/2026:18:57:49 +0200] "GET /gssdd.php HTTP/1.1" 404 16594 "-" "-"
20.250.12.212 - - [05/Apr/2026:18:57:49 +0200] "GET /motu.php HTTP/1.1" 404 16594 "-" "-"
20.250.12.212 - - [05/Apr/2026:18:57:50 +0200] "GET /bs1.php HTTP/1.1" 404 16596 "-" "-"
20.250.12.212 - - [05/Apr/2026:18:57:50 +0200] "GET /bengi.php HTTP/1.1" 404 16595 "-" "-"
20.250.12.212 - - [05/Apr/2026:18:57:50 +0200] "GET /wp-content/plugins/pwnd/as.php HTTP/1.1" 404 16597 "-" "-"
216.244.66.194 - - [05/Apr/2026:18:57:50 +0200] "GET /robots.txt HTTP/1.1" 200 80 "-" "Mozilla/5.0 (compatible; DotBot/1.2; +https://opensiteexplorer.org/dotbot; help@moz.com)"
20.250.12.212 - - [05/Apr/2026:18:57:51 +0200] "GET /axx.php HTTP/1.1" 404 16597 "-" "-"
20.250.12.212 - - [05/Apr/2026:18:57:51 +0200] "GET /alfashell.php HTTP/1.1" 404 16596 "-" "-"
20.250.12.212 - - [05/Apr/2026:18:57:52 +0200] "GET /gettest.php HTTP/1.1" 404 16594 "-" "-"
20.250.12.212 - - [05/Apr/2026:18:57:53 +0200] "GET /acp.php HTTP/1.1" 404 16594 "-" "-"
20.250.12.212 - - [05/Apr/2026:18:57:53 +0200] "GET /file48.php HTTP/1.1" 404 16596 "-" "-"
20.250.12.212 - - [05/Apr/2026:18:57:53 +0200] "GET /g.php HTTP/1.1" 404 16596 "-" "-"
20.250.12.212 - - [05/Apr/2026:18:57:53 +0200] "GET /wp-content/ HTTP/1.1" 200 582 "-" "-"
20.250.12.212 - - [05/Apr/2026:18:57:54 +0200] "GET /simple.php HTTP/1.1" 404 16596 "-" "-"
20.250.12.212 - - [05/Apr/2026:18:57:54 +0200] "GET /ew.php HTTP/1.1" 404 16594 "-" "-"
20.250.12.212 - - [05/Apr/2026:18:57:54 +0200] "GET /file21.php HTTP/1.1" 404 16596 "-" "-"
20.250.12.212 - - [05/Apr/2026:18:57:55 +0200] "GET /class19.php HTTP/1.1" 404 16596 "-" "-"
20.250.12.212 - - [05/Apr/2026:18:57:55 +0200] "GET /class20.php HTTP/1.1" 404 16593 "-" "-"
20.250.12.212 - - [05/Apr/2026:18:57:55 +0200] "GET /file18.php HTTP/1.1" 404 16592 "-" "-"
20.250.12.212 - - [05/Apr/2026:18:57:56 +0200] "GET /vee.php HTTP/1.1" 404 16596 "-" "-"
20.250.12.212 - - [05/Apr/2026:18:57:56 +0200] "GET /efile.php HTTP/1.1" 404 16593 "-" "-"
20.250.12.212 - - [05/Apr/2026:18:57:57 +0200] "GET /afile.php HTTP/1.1" 404 16595 "-" "-"
20.250.12.212 - - [05/Apr/2026:18:57:57 +0200] "GET /cabs.php HTTP/1.1" 404 16594 "-" "-"
20.250.12.212 - - [05/Apr/2026:18:57:58 +0200] "GET /xwx1.php HTTP/1.1" 404 16592 "-" "-"
216.73.216.22 - - [05/Apr/2026:18:57:58 +0200] "GET /%D1%81%D0%BB%D0%BE%D0%B2%D0%BE-%D0%B7%D0%B0-%D1%87%D0%B8%D0%BF%D1%80%D0%BE%D0%B2%D1%86%D0%B8-%D0%B8-%D0%B3%D0%BE%D0%BB%D0%B5%D0%BC%D0%B8%D1%8F-%D0%B1%D1%83%D0%BD%D1%82-%D0%BD%D0%B0-%D1%81%D0%B5%D0%B2 HTTP/1.1" 301 0 "-" "Mozilla/5.0 AppleWebKit/537.36 (KHTML, like Gecko; compatible; ClaudeBot/1.0; +claudebot@anthropic.com)"
20.250.12.212 - - [05/Apr/2026:18:57:58 +0200] "GET /x1da.php HTTP/1.1" 404 16596 "-" "-"
20.250.12.212 - - [05/Apr/2026:18:57:58 +0200] "GET /jp.php HTTP/1.1" 404 16595 "-" "-"
20.250.12.212 - - [05/Apr/2026:18:57:59 +0200] "GET /chosen.php HTTP/1.1" 404 16596 "-" "-"
216.73.216.22 - - [05/Apr/2026:18:58:03 +0200] "GET /%D0%BD%D0%B0-%D1%82%D0%BE%D0%B7%D0%B8-%D0%B4%D0%B5%D0%BD-%D0%BF%D1%80%D0%B5%D0%B7-1910-%D0%B3-%D1%83%D0%BC%D0%B8%D1%80%D0%B0-%D0%BB%D0%B0%D0%B7%D0%B0%D1%80-%D0%BF%D0%B0%D1%8F%D0%BA%D0%BE%D0%B2 HTTP/1.1" 301 0 "-" "Mozilla/5.0 AppleWebKit/537.36 (KHTML, like Gecko; compatible; ClaudeBot/1.0; +claudebot@anthropic.com)"
216.73.216.22 - - [05/Apr/2026:18:58:03 +0200] "GET /%D0%BD%D0%B0-%D1%82%D0%BE%D0%B7%D0%B8-%D0%B4%D0%B5%D0%BD-%D0%BF%D1%80%D0%B5%D0%B7-1910-%D0%B3-%D1%83%D0%BC%D0%B8%D1%80%D0%B0-%D0%BB%D0%B0%D0%B7%D0%B0%D1%80-%D0%BF%D0%B0%D1%8F%D0%BA%D0%BE%D0%B2/ HTTP/1.1" 200 24127 "http://patrioti.net/%D0%BD%D0%B0-%D1%82%D0%BE%D0%B7%D0%B8-%D0%B4%D0%B5%D0%BD-%D0%BF%D1%80%D0%B5%D0%B7-1910-%D0%B3-%D1%83%D0%BC%D0%B8%D1%80%D0%B0-%D0%BB%D0%B0%D0%B7%D0%B0%D1%80-%D0%BF%D0%B0%D1%8F%D0%BA%D0%BE%D0%B2" "Mozilla/5.0 AppleWebKit/537.36 (KHTML, like Gecko; compatible; ClaudeBot/1.0; +claudebot@anthropic.com)"
185.191.171.8 - - [05/Apr/2026:18:58:06 +0200] "GET /tag/%D0%B1%D1%8A%D0%BB%D0%B3%D0%B0%D1%80%D0%B8%D1%82%D0%B5/page/429/ HTTP/1.1" 200 18723 "-" "Mozilla/5.0 (compatible; SemrushBot/7~bl; +http://www.semrush.com/bot.html)"
216.73.216.22 - - [05/Apr/2026:18:58:06 +0200] "GET /%D0%BD%D0%B0-8-%D1%8F%D0%BD%D1%83%D0%B0%D1%80%D0%B8-1938-%D0%B3-%D1%83%D0%BC%D0%B8%D1%80%D0%B0-%D0%B1%D1%8A%D0%BB%D0%B3%D0%B0%D1%80%D1%81%D0%BA%D0%B8%D1%8F%D1%82-%D0%B6%D1%83%D1%80%D0%BD%D0%B0%D0%BB/whatsapp:/send HTTP/1.1" 404 16596 "-" "Mozilla/5.0 AppleWebKit/537.36 (KHTML, like Gecko; compatible; ClaudeBot/1.0; +claudebot@anthropic.com)"
216.73.216.22 - - [05/Apr/2026:18:58:11 +0200] "GET /%D0%BD%D0%B0-26-%D0%B0%D0%B2%D0%B3%D1%83%D1%81%D1%82-%D0%B5-%D1%80%D0%BE%D0%B4%D0%B5%D0%BD-%D0%BE%D0%BF%D0%B0%D1%81%D0%BD%D0%B8%D1%8F%D1%82-%D1%87%D0%B0%D1%80-%D0%BD%D0%B0-%D0%B1%D1%8A%D0%BB%D0%B3/whatsapp:/send HTTP/1.1" 404 16594 "-" "Mozilla/5.0 AppleWebKit/537.36 (KHTML, like Gecko; compatible; ClaudeBot/1.0; +claudebot@anthropic.com)"
216.73.216.22 - - [05/Apr/2026:18:58:20 +0200] "GET /%D0%BD%D0%B0-15-%D1%8F%D0%BD%D1%83%D0%B0%D1%80%D0%B8-1828-%D0%B3-%D0%B5-%D1%80%D0%BE%D0%B4%D0%B5%D0%BD-%D0%B1%D1%8A%D0%BB%D0%B3%D0%B0%D1%80%D1%81%D0%BA%D0%B8%D1%8F%D1%82-%D0%BF%D1%80%D0%B5%D0%B4/whatsapp:/send HTTP/1.1" 404 16596 "-" "Mozilla/5.0 AppleWebKit/537.36 (KHTML, like Gecko; compatible; ClaudeBot/1.0; +claudebot@anthropic.com)"
216.73.216.22 - - [05/Apr/2026:18:58:29 +0200] "GET /%D0%BE%D1%82%D0%B1%D0%B5%D0%BB%D1%8F%D0%B7%D0%B2%D0%B0%D0%BC%D0%B5-14-%D1%81%D0%B5%D0%BF%D1%82%D0%B5%D0%BC%D0%B2%D1%80%D0%B8-%D0%BF%D1%80%D0%BE%D1%84%D0%B5%D1%81%D0%B8%D0%BE%D0%BD%D0%B0%D0%BB%D0%BD/whatsapp:/send HTTP/1.1" 404 16598 "-" "Mozilla/5.0 AppleWebKit/537.36 (KHTML, like Gecko; compatible; ClaudeBot/1.0; +claudebot@anthropic.com)"
216.73.216.22 - - [05/Apr/2026:18:59:40 +0200] "GET /%D0%BD%D0%B0-25-%D1%8F%D0%BD%D1%83%D0%B0%D1%80%D0%B8-1895-%D0%B3-%D0%BD%D0%B0%D1%82%D1%83%D1%80%D0%B0%D0%BB%D0%BD%D0%B8%D1%8F%D1%82-%D0%B4%D0%B5%D1%81%D1%8F%D1%82%D1%8A%D0%BA-%D0%B2-%D0%B1%D1%8A/whatsapp:/send HTTP/1.1" 404 16597 "-" "Mozilla/5.0 AppleWebKit/537.36 (KHTML, like Gecko; compatible; ClaudeBot/1.0; +claudebot@anthropic.com)"
216.73.216.22 - - [05/Apr/2026:18:59:44 +0200] "GET /%D0%B4%D0%BD%D0%B5%D1%81-%D0%B5-%D1%80%D0%BE%D0%B4%D0%B5%D0%BD-%D0%B0%D0%BA%D1%82%D1%8C%D0%BE%D1%80%D1%8A%D1%82-%D0%B2%D0%B0%D1%81%D0%B8%D0%BB-%D0%B2%D0%B0%D1%81%D0%B8%D0%BB%D0%B5%D0%B2-%D0%B7%D1%83/whatsapp:/send HTTP/1.1" 404 16594 "-" "Mozilla/5.0 AppleWebKit/537.36 (KHTML, like Gecko; compatible; ClaudeBot/1.0; +claudebot@anthropic.com)"
216.73.216.22 - - [05/Apr/2026:18:59:48 +0200] "GET /%D1%85%D0%B0%D0%B4%D0%B6%D0%B8-%D1%81%D0%BB%D0%B0%D0%B2%D1%87%D0%BE-%D0%BF%D0%B0%D1%81%D0%BA%D0%B0%D0%BB%D0%B5%D0%B2-%D0%BD%D0%B0%D0%B9-%D0%B1%D0%BE%D0%B3%D0%B0%D1%82%D0%B8%D1%8F-%D0%B1 HTTP/1.1" 301 0 "-" "Mozilla/5.0 AppleWebKit/537.36 (KHTML, like Gecko; compatible; ClaudeBot/1.0; +claudebot@anthropic.com)"
216.73.216.22 - - [05/Apr/2026:18:59:54 +0200] "GET /%D1%85%D0%B0%D0%B4%D0%B6%D0%B8-%D1%81%D0%BB%D0%B0%D0%B2%D1%87%D0%BE-%D0%BF%D0%B0%D1%81%D0%BA%D0%B0%D0%BB%D0%B5%D0%B2-%D0%BD%D0%B0%D0%B9-%D0%B1%D0%BE%D0%B3%D0%B0%D1%82%D0%B8%D1%8F-%D0%B1/ HTTP/1.1" 200 31508 "http://patrioti.net/%D1%85%D0%B0%D0%B4%D0%B6%D0%B8-%D1%81%D0%BB%D0%B0%D0%B2%D1%87%D0%BE-%D0%BF%D0%B0%D1%81%D0%BA%D0%B0%D0%BB%D0%B5%D0%B2-%D0%BD%D0%B0%D0%B9-%D0%B1%D0%BE%D0%B3%D0%B0%D1%82%D0%B8%D1%8F-%D0%B1" "Mozilla/5.0 AppleWebKit/537.36 (KHTML, like Gecko; compatible; ClaudeBot/1.0; +claudebot@anthropic.com)"
216.73.216.22 - - [05/Apr/2026:19:00:01 +0200] "GET /%D0%BD%D0%B0-%D0%B4%D0%BD%D0%B5%D1%88%D0%BD%D0%B0%D1%82%D0%B0-%D0%B4%D0%B0%D1%82%D0%B0-%D1%83%D0%BC%D0%B8%D1%80%D0%B0-%D0%B1%D1%8A%D0%BB%D0%B3%D0%B0%D1%80%D1%81%D0%BA%D0%B8%D1%8F%D1%82-%D0%B2%D0%BE/whatsapp:/send HTTP/1.1" 404 16594 "-" "Mozilla/5.0 AppleWebKit/537.36 (KHTML, like Gecko; compatible; ClaudeBot/1.0; +claudebot@anthropic.com)"
216.73.216.22 - - [05/Apr/2026:19:01:18 +0200] "GET /category/%D0%BC%D0%B0%D0%BD%D0%B0%D1%81%D1%82%D0%B8%D1%80%D0%B8/?filter_by=popular7 HTTP/1.1" 200 17387 "-" "Mozilla/5.0 AppleWebKit/537.36 (KHTML, like Gecko; compatible; ClaudeBot/1.0; +claudebot@anthropic.com)"
216.244.66.194 - - [05/Apr/2026:19:02:02 +0200] "GET /%D0%BA%D0%B0%D1%80%D0%B5%D0%BD-%D0%B0%D0%BB%D0%B5%D0%BA%D1%81%D0%B0%D0%BD%D1%8F%D0%BD-%D1%82%D0%BE%D0%B7%D0%B8-%D0%B4%D0%B5%D0%BD-%D0%BD%D0%B8%D0%B5-%D0%BD%D0%B5-%D0%BF%D1%80%D0%B0%D0%B7/ HTTP/1.1" 200 24439 "-" "Mozilla/5.0 (compatible; DotBot/1.2; +https://opensiteexplorer.org/dotbot; help@moz.com)"
152.42.184.122 - - [05/Apr/2026:19:02:17 +0200] "GET /wp-admin/css/ HTTP/1.1" 200 1820 "binance.com" "Mozilla/5.0 (Windows NT 10.0; Win64; x64) AppleWebKit/537.36 (KHTML, like Gecko) Chrome/90.0.4430.85 Safari/537.36"
152.42.184.122 - - [05/Apr/2026:19:02:19 +0200] "GET /wp-content/uploads/2026/03/ HTTP/1.1" 200 359 "binance.com" "Mozilla/5.0 (Windows NT 10.0; Win64; x64) AppleWebKit/537.36 (KHTML, like Gecko) Chrome/90.0.4430.85 Safari/537.36"
152.42.184.122 - - [05/Apr/2026:19:02:21 +0200] "GET /wp-content/uploads/2026/02/ HTTP/1.1" 200 359 "binance.com" "Mozilla/5.0 (Windows NT 10.0; Win64; x64) AppleWebKit/537.36 (KHTML, like Gecko) Chrome/90.0.4430.85 Safari/537.36"
152.42.184.122 - - [05/Apr/2026:19:02:24 +0200] "GET /wp-content/uploads/ HTTP/1.1" 200 539 "binance.com" "Mozilla/5.0 (Windows NT 10.0; Win64; x64) AppleWebKit/537.36 (KHTML, like Gecko) Chrome/90.0.4430.85 Safari/537.36"
152.42.184.122 - - [05/Apr/2026:19:02:26 +0200] "GET /wp-content/upgrade/ HTTP/1.1" 200 352 "binance.com" "Mozilla/5.0 (Windows NT 10.0; Win64; x64) AppleWebKit/537.36 (KHTML, like Gecko) Chrome/90.0.4430.85 Safari/537.36"
152.42.184.122 - - [05/Apr/2026:19:02:28 +0200] "GET /wp-content/languages/ HTTP/1.1" 200 601 "binance.com" "Mozilla/5.0 (Windows NT 10.0; Win64; x64) AppleWebKit/537.36 (KHTML, like Gecko) Chrome/90.0.4430.85 Safari/537.36"
152.42.184.122 - - [05/Apr/2026:19:02:31 +0200] "GET /wp-admin/includes/ HTTP/1.1" 200 2317 "binance.com" "Mozilla/5.0 (Windows NT 10.0; Win64; x64) AppleWebKit/537.36 (KHTML, like Gecko) Chrome/90.0.4430.85 Safari/537.36"
152.42.184.122 - - [05/Apr/2026:19:02:32 +0200] "GET /wp-admin/includes/ HTTP/1.1" 200 2317 "binance.com" "Mozilla/5.0 (Windows NT 10.0; Win64; x64) AppleWebKit/537.36 (KHTML, like Gecko) Chrome/90.0.4430.85 Safari/537.36"
152.42.184.122 - - [05/Apr/2026:19:02:37 +0200] "GET /wp-admin/maint/ HTTP/1.1" 200 391 "binance.com" "Mozilla/5.0 (Windows NT 10.0; Win64; x64) AppleWebKit/537.36 (KHTML, like Gecko) Chrome/90.0.4430.85 Safari/537.36"
152.42.184.122 - - [05/Apr/2026:19:02:39 +0200] "GET /wp-admin/maint/ HTTP/1.1" 200 391 "binance.com" "Mozilla/5.0 (Windows NT 10.0; Win64; x64) AppleWebKit/537.36 (KHTML, like Gecko) Chrome/90.0.4430.85 Safari/537.36"
152.42.184.122 - - [05/Apr/2026:19:02:42 +0200] "GET /wp-admin/network/ HTTP/1.1" 302 0 "binance.com" "Mozilla/5.0 (Windows NT 10.0; Win64; x64) AppleWebKit/537.36 (KHTML, like Gecko) Chrome/90.0.4430.85 Safari/537.36"
161.97.137.93 - - [05/Apr/2026:19:02:49 +0200] "POST /wp-cron.php?doing_wp_cron=1775408569.1371889114379882812500 HTTP/1.1" 404 16593 "http://patrioti.net/wp-cron.php?doing_wp_cron=1775408569.1371889114379882812500" "WordPress/4.9.26; https://patrioti.net"
152.42.184.122 - - [05/Apr/2026:19:02:49 +0200] "GET /wp-admin/user/ HTTP/1.1" 302 0 "binance.com" "Mozilla/5.0 (Windows NT 10.0; Win64; x64) AppleWebKit/537.36 (KHTML, like Gecko) Chrome/90.0.4430.85 Safari/537.36"
152.42.184.122 - - [05/Apr/2026:19:03:04 +0200] "GET /wp-admin/css/ HTTP/1.1" 200 1820 "binance.com" "Mozilla/5.0 (Windows NT 10.0; Win64; x64) AppleWebKit/537.36 (KHTML, like Gecko) Chrome/90.0.4430.85 Safari/537.36"
152.42.184.122 - - [05/Apr/2026:19:03:08 +0200] "GET /wp-admin/css/colors/ HTTP/1.1" 200 560 "binance.com" "Mozilla/5.0 (Windows NT 10.0; Win64; x64) AppleWebKit/537.36 (KHTML, like Gecko) Chrome/90.0.4430.85 Safari/537.36"
152.42.184.122 - - [05/Apr/2026:19:03:09 +0200] "GET /wp-admin/css/colors/blue/ HTTP/1.1" 200 466 "binance.com" "Mozilla/5.0 (Windows NT 10.0; Win64; x64) AppleWebKit/537.36 (KHTML, like Gecko) Chrome/90.0.4430.85 Safari/537.36"
152.42.184.122 - - [05/Apr/2026:19:03:11 +0200] "GET /wp-admin/css/colors/coffee/ HTTP/1.1" 200 475 "binance.com" "Mozilla/5.0 (Windows NT 10.0; Win64; x64) AppleWebKit/537.36 (KHTML, like Gecko) Chrome/90.0.4430.85 Safari/537.36"
152.42.184.122 - - [05/Apr/2026:19:03:13 +0200] "GET /wp-admin/css/colors/ectoplasm/ HTTP/1.1" 200 477 "binance.com" "Mozilla/5.0 (Windows NT 10.0; Win64; x64) AppleWebKit/537.36 (KHTML, like Gecko) Chrome/90.0.4430.85 Safari/537.36"
152.42.184.122 - - [05/Apr/2026:19:03:16 +0200] "GET /wp-admin/css/colors/light/ HTTP/1.1" 200 464 "binance.com" "Mozilla/5.0 (Windows NT 10.0; Win64; x64) AppleWebKit/537.36 (KHTML, like Gecko) Chrome/90.0.4430.85 Safari/537.36"
152.42.184.122 - - [05/Apr/2026:19:03:19 +0200] "GET /wp-admin/css/colors/midnight/ HTTP/1.1" 200 475 "binance.com" "Mozilla/5.0 (Windows NT 10.0; Win64; x64) AppleWebKit/537.36 (KHTML, like Gecko) Chrome/90.0.4430.85 Safari/537.36"
152.42.184.122 - - [05/Apr/2026:19:03:22 +0200] "GET /wp-admin/css/colors/modern/ HTTP/1.1" 404 16594 "binance.com" "Mozilla/5.0 (Windows NT 10.0; Win64; x64) AppleWebKit/537.36 (KHTML, like Gecko) Chrome/90.0.4430.85 Safari/537.36"
45.90.196.132 - - [05/Apr/2026:19:03:26 +0200] "GET / HTTP/1.1" 301 0 "http://patrioti.net/" "Mozilla/5.0 (Windows NT 10.0; Win64; x64) AppleWebKit/537.36 (KHTML, like Gecko) Chrome/130.0.0.0 Safari/537.36 CCleaner/130.0.0.0"
152.42.184.122 - - [05/Apr/2026:19:03:26 +0200] "GET /wp-admin/css/colors/ocean/ HTTP/1.1" 200 476 "binance.com" "Mozilla/5.0 (Windows NT 10.0; Win64; x64) AppleWebKit/537.36 (KHTML, like Gecko) Chrome/90.0.4430.85 Safari/537.36"
152.42.184.122 - - [05/Apr/2026:19:03:29 +0200] "GET /wp-admin/css/colors/sunrise/%20 HTTP/1.1" 301 0 "binance.com" "Mozilla/5.0 (Windows NT 10.0; Win64; x64) AppleWebKit/537.36 (KHTML, like Gecko) Chrome/90.0.4430.85 Safari/537.36"
152.42.184.122 - - [05/Apr/2026:19:03:30 +0200] "GET /wp-admin/css/colors/sunrise/ HTTP/1.1" 200 477 "binance.com" "Mozilla/5.0 (Windows NT 10.0; Win64; x64) AppleWebKit/537.36 (KHTML, like Gecko) Chrome/90.0.4430.85 Safari/537.36"
152.42.184.122 - - [05/Apr/2026:19:03:34 +0200] "GET /wp-admin/images/ HTTP/1.1" 200 1518 "binance.com" "Mozilla/5.0 (Windows NT 10.0; Win64; x64) AppleWebKit/537.36 (KHTML, like Gecko) Chrome/90.0.4430.85 Safari/537.36"
152.42.184.122 - - [05/Apr/2026:19:03:37 +0200] "GET /wp-admin/js/ HTTP/1.1" 200 2110 "binance.com" "Mozilla/5.0 (Windows NT 10.0; Win64; x64) AppleWebKit/537.36 (KHTML, like Gecko) Chrome/90.0.4430.85 Safari/537.36"
152.42.184.122 - - [05/Apr/2026:19:03:40 +0200] "GET /wp-admin/js/widgets/ HTTP/1.1" 200 675 "binance.com" "Mozilla/5.0 (Windows NT 10.0; Win64; x64) AppleWebKit/537.36 (KHTML, like Gecko) Chrome/90.0.4430.85 Safari/537.36"
152.42.184.122 - - [05/Apr/2026:19:03:43 +0200] "GET /wp-includes/ HTTP/1.1" 200 4014 "binance.com" "Mozilla/5.0 (Windows NT 10.0; Win64; x64) AppleWebKit/537.36 (KHTML, like Gecko) Chrome/90.0.4430.85 Safari/537.36"
152.42.184.122 - - [05/Apr/2026:19:03:46 +0200] "GET /wp-includes/ HTTP/1.1" 200 4014 "binance.com" "Mozilla/5.0 (Windows NT 10.0; Win64; x64) AppleWebKit/537.36 (KHTML, like Gecko) Chrome/90.0.4430.85 Safari/537.36"
152.42.184.122 - - [05/Apr/2026:19:03:53 +0200] "GET /wp-includes/wp-includes.php HTTP/1.1" 200 0 "binance.com" "Mozilla/5.0 (Windows NT 10.0; Win64; x64) AppleWebKit/537.36 (KHTML, like Gecko) Chrome/90.0.4430.85 Safari/537.36"
152.42.184.122 - - [05/Apr/2026:19:03:55 +0200] "GET /wp-includes/ID3/ HTTP/1.1" 200 734 "binance.com" "Mozilla/5.0 (Windows NT 10.0; Win64; x64) AppleWebKit/537.36 (KHTML, like Gecko) Chrome/90.0.4430.85 Safari/537.36"
152.42.184.122 - - [05/Apr/2026:19:03:59 +0200] "GET /wp-includes/ID3/ HTTP/1.1" 200 734 "binance.com" "Mozilla/5.0 (Windows NT 10.0; Win64; x64) AppleWebKit/537.36 (KHTML, like Gecko) Chrome/90.0.4430.85 Safari/537.36"
152.42.184.122 - - [05/Apr/2026:19:04:04 +0200] "GET /wp-includes/IXR/ HTTP/1.1" 502 552 "binance.com" "Mozilla/5.0 (Windows NT 10.0; Win64; x64) AppleWebKit/537.36 (KHTML, like Gecko) Chrome/90.0.4430.85 Safari/537.36"
161.97.137.93 - - [05/Apr/2026:19:04:06 +0200] "POST /wp-cron.php?doing_wp_cron=1775408646.3543128967285156250000 HTTP/1.1" 404 16594 "http://patrioti.net/wp-cron.php?doing_wp_cron=1775408646.3543128967285156250000" "WordPress/4.9.26; https://patrioti.net"
152.42.184.122 - - [05/Apr/2026:19:04:06 +0200] "GET /wp-includes/PHPMailer/ HTTP/1.1" 404 16594 "binance.com" "Mozilla/5.0 (Windows NT 10.0; Win64; x64) AppleWebKit/537.36 (KHTML, like Gecko) Chrome/90.0.4430.85 Safari/537.36"
152.42.184.122 - - [05/Apr/2026:19:04:12 +0200] "GET /wp-includes/Text/ HTTP/1.1" 200 419 "binance.com" "Mozilla/5.0 (Windows NT 10.0; Win64; x64) AppleWebKit/537.36 (KHTML, like Gecko) Chrome/90.0.4430.85 Safari/537.36"
152.42.184.122 - - [05/Apr/2026:19:04:16 +0200] "GET /wp-includes/Text/ HTTP/1.1" 200 419 "binance.com" "Mozilla/5.0 (Windows NT 10.0; Win64; x64) AppleWebKit/537.36 (KHTML, like Gecko) Chrome/90.0.4430.85 Safari/537.36"
152.42.184.122 - - [05/Apr/2026:19:04:18 +0200] "GET /wp-includes/Text/Diff/ HTTP/1.1" 200 441 "binance.com" "Mozilla/5.0 (Windows NT 10.0; Win64; x64) AppleWebKit/537.36 (KHTML, like Gecko) Chrome/90.0.4430.85 Safari/537.36"
152.42.184.122 - - [05/Apr/2026:19:04:21 +0200] "GET /wp-includes/Text/Diff/ HTTP/1.1" 200 441 "binance.com" "Mozilla/5.0 (Windows NT 10.0; Win64; x64) AppleWebKit/537.36 (KHTML, like Gecko) Chrome/90.0.4430.85 Safari/537.36"
152.42.184.122 - - [05/Apr/2026:19:04:23 +0200] "GET /wp-includes/Text/Diff/Engine/ HTTP/1.1" 200 482 "binance.com" "Mozilla/5.0 (Windows NT 10.0; Win64; x64) AppleWebKit/537.36 (KHTML, like Gecko) Chrome/90.0.4430.85 Safari/537.36"
152.42.184.122 - - [05/Apr/2026:19:04:25 +0200] "GET /wp-includes/Text/Diff/Engine/ HTTP/1.1" 200 482 "binance.com" "Mozilla/5.0 (Windows NT 10.0; Win64; x64) AppleWebKit/537.36 (KHTML, like Gecko) Chrome/90.0.4430.85 Safari/537.36"
152.42.184.122 - - [05/Apr/2026:19:04:28 +0200] "GET /wp-includes/Text/Diff/Renderer/ HTTP/1.1" 200 402 "binance.com" "Mozilla/5.0 (Windows NT 10.0; Win64; x64) AppleWebKit/537.36 (KHTML, like Gecko) Chrome/90.0.4430.85 Safari/537.36"
152.42.184.122 - - [05/Apr/2026:19:04:31 +0200] "GET /wp-includes/Text/Diff/Renderer/ HTTP/1.1" 200 402 "binance.com" "Mozilla/5.0 (Windows NT 10.0; Win64; x64) AppleWebKit/537.36 (KHTML, like Gecko) Chrome/90.0.4430.85 Safari/537.36"
152.42.184.122 - - [05/Apr/2026:19:04:39 +0200] "GET /wp-includes/blocks/ HTTP/1.1" 404 16594 "binance.com" "Mozilla/5.0 (Windows NT 10.0; Win64; x64) AppleWebKit/537.36 (KHTML, like Gecko) Chrome/90.0.4430.85 Safari/537.36"
152.42.184.122 - - [05/Apr/2026:19:04:44 +0200] "GET /wp-includes/pomo/ HTTP/1.1" 200 527 "binance.com" "Mozilla/5.0 (Windows NT 10.0; Win64; x64) AppleWebKit/537.36 (KHTML, like Gecko) Chrome/90.0.4430.85 Safari/537.36"
152.42.184.122 - - [05/Apr/2026:19:04:46 +0200] "GET /wp-includes/pomo/ HTTP/1.1" 200 527 "binance.com" "Mozilla/5.0 (Windows NT 10.0; Win64; x64) AppleWebKit/537.36 (KHTML, like Gecko) Chrome/90.0.4430.85 Safari/537.36"
152.42.184.122 - - [05/Apr/2026:19:04:50 +0200] "GET /wp-includes/sitemaps/ HTTP/1.1" 404 16597 "binance.com" "Mozilla/5.0 (Windows NT 10.0; Win64; x64) AppleWebKit/537.36 (KHTML, like Gecko) Chrome/90.0.4430.85 Safari/537.36"
152.42.184.122 - - [05/Apr/2026:19:04:54 +0200] "GET /wp-includes/sitemaps/providers/ HTTP/1.1" 404 16596 "binance.com" "Mozilla/5.0 (Windows NT 10.0; Win64; x64) AppleWebKit/537.36 (KHTML, like Gecko) Chrome/90.0.4430.85 Safari/537.36"
216.73.216.22 - - [05/Apr/2026:19:04:56 +0200] "GET /%D1%80%D0%BE%D0%B4%D0%BE%D0%BB%D1%8E%D0%B1%D0%B8%D0%B2%D0%B8-%D0%B1%D1%8A%D0%BB%D0%B3%D0%B0%D1%80%D0%B8-%D0%B8%D0%B7%D0%B4%D0%B8%D0%B3%D0%B0%D1%82-%D0%BF%D1%8A%D1%80%D0%B2%D0%B8%D1%8F-%D0%BF%D0%B0 HTTP/1.1" 301 0 "-" "Mozilla/5.0 AppleWebKit/537.36 (KHTML, like Gecko; compatible; ClaudeBot/1.0; +claudebot@anthropic.com)"
152.42.184.122 - - [05/Apr/2026:19:04:57 +0200] "GET /wp-includes/widgets/ HTTP/1.1" 200 763 "binance.com" "Mozilla/5.0 (Windows NT 10.0; Win64; x64) AppleWebKit/537.36 (KHTML, like Gecko) Chrome/90.0.4430.85 Safari/537.36"
152.42.184.122 - - [05/Apr/2026:19:04:59 +0200] "GET /wp-includes/widgets/ HTTP/1.1" 200 763 "binance.com" "Mozilla/5.0 (Windows NT 10.0; Win64; x64) AppleWebKit/537.36 (KHTML, like Gecko) Chrome/90.0.4430.85 Safari/537.36"
152.42.184.122 - - [05/Apr/2026:19:05:03 +0200] "GET /wp-includes/css/ HTTP/1.1" 200 968 "binance.com" "Mozilla/5.0 (Windows NT 10.0; Win64; x64) AppleWebKit/537.36 (KHTML, like Gecko) Chrome/90.0.4430.85 Safari/537.36"
152.42.184.122 - - [05/Apr/2026:19:05:06 +0200] "GET /wp-includes/css/dist/ HTTP/1.1" 404 16593 "binance.com" "Mozilla/5.0 (Windows NT 10.0; Win64; x64) AppleWebKit/537.36 (KHTML, like Gecko) Chrome/90.0.4430.85 Safari/537.36"
152.42.184.122 - - [05/Apr/2026:19:05:12 +0200] "GET /wp-includes/fonts/ HTTP/1.1" 200 448 "binance.com" "Mozilla/5.0 (Windows NT 10.0; Win64; x64) AppleWebKit/537.36 (KHTML, like Gecko) Chrome/90.0.4430.85 Safari/537.36"
152.42.184.122 - - [05/Apr/2026:19:05:15 +0200] "GET /wp-includes/images/ HTTP/1.1" 200 934 "binance.com" "Mozilla/5.0 (Windows NT 10.0; Win64; x64) AppleWebKit/537.36 (KHTML, like Gecko) Chrome/90.0.4430.85 Safari/537.36"
152.42.184.122 - - [05/Apr/2026:19:05:19 +0200] "GET /wp-includes/images/crystal/ HTTP/1.1" 200 593 "binance.com" "Mozilla/5.0 (Windows NT 10.0; Win64; x64) AppleWebKit/537.36 (KHTML, like Gecko) Chrome/90.0.4430.85 Safari/537.36"
152.42.184.122 - - [05/Apr/2026:19:05:21 +0200] "GET /wp-includes/images/media/ HTTP/1.1" 200 550 "binance.com" "Mozilla/5.0 (Windows NT 10.0; Win64; x64) AppleWebKit/537.36 (KHTML, like Gecko) Chrome/90.0.4430.85 Safari/537.36"
152.42.184.122 - - [05/Apr/2026:19:05:24 +0200] "GET /wp-includes/images/smilies/ HTTP/1.1" 200 793 "binance.com" "Mozilla/5.0 (Windows NT 10.0; Win64; x64) AppleWebKit/537.36 (KHTML, like Gecko) Chrome/90.0.4430.85 Safari/537.36"
152.42.184.122 - - [05/Apr/2026:19:05:27 +0200] "GET /wp-includes/images/wlw/ HTTP/1.1" 200 454 "binance.com" "Mozilla/5.0 (Windows NT 10.0; Win64; x64) AppleWebKit/537.36 (KHTML, like Gecko) Chrome/90.0.4430.85 Safari/537.36"
152.42.184.122 - - [05/Apr/2026:19:05:31 +0200] "GET /wp-includes/js/%20 HTTP/1.1" 301 0 "binance.com" "Mozilla/5.0 (Windows NT 10.0; Win64; x64) AppleWebKit/537.36 (KHTML, like Gecko) Chrome/90.0.4430.85 Safari/537.36"
152.42.184.122 - - [05/Apr/2026:19:05:32 +0200] "GET /wp-includes/js/ HTTP/1.1" 200 2385 "binance.com" "Mozilla/5.0 (Windows NT 10.0; Win64; x64) AppleWebKit/537.36 (KHTML, like Gecko) Chrome/90.0.4430.85 Safari/537.36"
152.42.184.122 - - [05/Apr/2026:19:05:36 +0200] "GET /wp-includes/js/codemirror/ HTTP/1.1" 200 522 "binance.com" "Mozilla/5.0 (Windows NT 10.0; Win64; x64) AppleWebKit/537.36 (KHTML, like Gecko) Chrome/90.0.4430.85 Safari/537.36"
152.42.184.122 - - [05/Apr/2026:19:05:38 +0200] "GET /wp-includes/js/plupload/ HTTP/1.1" 200 575 "binance.com" "Mozilla/5.0 (Windows NT 10.0; Win64; x64) AppleWebKit/537.36 (KHTML, like Gecko) Chrome/90.0.4430.85 Safari/537.36"
152.42.184.122 - - [05/Apr/2026:19:05:41 +0200] "GET /.well-known/ HTTP/1.1" 200 418 "binance.com" "Mozilla/5.0 (Windows NT 10.0; Win64; x64) AppleWebKit/537.36 (KHTML, like Gecko) Chrome/90.0.4430.85 Safari/537.36"
66.249.69.130 - - [05/Apr/2026:19:05:57 +0200] "GET /robots.txt HTTP/1.1" 200 80 "-" "Mozilla/5.0 (compatible; Googlebot/2.1; +http://www.google.com/bot.html)"
66.249.69.129 - - [05/Apr/2026:19:05:58 +0200] "GET /%D0%B4%D0%BD%D0%B5%D1%81-%D0%BE%D1%82%D0%B1%D0%B5%D0%BB%D1%8F%D0%B7%D0%B2%D0%B0%D0%BC%D0%B5-%D1%80%D0%BE%D0%B6%D0%B4%D0%B5%D0%BD%D0%B8%D0%B5%D1%82%D0%BE-%D0%BD%D0%B0-%D0%B9%D0%BE%D1%80%D0%B4%D0%B0/ HTTP/1.1" 200 24875 "-" "Mozilla/5.0 (Linux; Android 6.0.1; Nexus 5X Build/MMB29P) AppleWebKit/537.36 (KHTML, like Gecko) Chrome/146.0.7680.177 Mobile Safari/537.36 (compatible; GoogleOther)"
185.191.171.18 - - [05/Apr/2026:19:09:04 +0200] "GET /%D0%BF%D1%80%D0%B5%D0%B4%D0%B0%D0%BD%D0%B8%D1%8F-%D0%B8-%D0%BB%D0%B5%D0%B3%D0%B5%D0%BD%D0%B4%D0%B8-%D0%B7%D0%B0-%D1%86%D0%B2%D0%B5%D1%82%D0%BD%D0%B8%D1%86%D0%B0/ HTTP/1.1" 200 23143 "-" "Mozilla/5.0 (compatible; SemrushBot/7~bl; +http://www.semrush.com/bot.html)"
185.191.171.5 - - [05/Apr/2026:19:09:39 +0200] "GET /%D0%B4%D0%BD%D0%B5%D1%81-%D1%81%D0%B8-%D1%81%D0%BF%D0%BE%D0%BC%D0%BD%D1%8F%D0%BC%D0%B5-%D0%B7%D0%B0-%D0%B0%D0%BA%D1%82%D1%80%D0%B8%D1%81%D0%B0%D1%82%D0%B0-%D0%BB%D0%B5%D0%B4%D0%B0-%D1%82%D0%B0%D1%81/ HTTP/1.1" 200 23019 "-" "Mozilla/5.0 (compatible; SemrushBot/7~bl; +http://www.semrush.com/bot.html)"
66.249.69.129 - - [05/Apr/2026:19:10:15 +0200] "GET /%D0%B4%D0%BD%D0%B5%D1%81-%D1%80%D0%BE%D0%B6%D0%B4%D0%B5%D0%BD-%D0%B4%D0%B5%D0%BD-%D0%BF%D1%80%D0%B0%D0%B7%D0%BD%D1%83%D0%B2%D0%B0-%D0%B0%D0%BA%D1%82%D1%80%D0%B8%D1%81%D0%B0%D1%82%D0%B0-%D1%81%D0%B8/ HTTP/1.1" 200 23837 "-" "Mozilla/5.0 (Linux; Android 6.0.1; Nexus 5X Build/MMB29P) AppleWebKit/537.36 (KHTML, like Gecko) Chrome/146.0.7680.177 Mobile Safari/537.36 (compatible; Googlebot/2.1; +http://www.google.com/bot.html)"
66.249.69.129 - - [05/Apr/2026:19:11:17 +0200] "GET /%D0%B4%D0%BD%D0%B5%D1%81-%D1%80%D0%BE%D0%B6%D0%B4%D0%B5%D0%BD-%D0%B4%D0%B5%D0%BD-%D0%BF%D1%80%D0%B0%D0%B7%D0%BD%D1%83%D0%B2%D0%B0-%D0%B0%D0%BA%D1%82%D1%80%D0%B8%D1%81%D0%B0%D1%82%D0%B0-%D1%81%D0%B8/ HTTP/1.1" 200 23837 "-" "Mozilla/5.0 (Linux; Android 6.0.1; Nexus 5X Build/MMB29P) AppleWebKit/537.36 (KHTML, like Gecko) Chrome/146.0.7680.177 Mobile Safari/537.36 (compatible; GoogleOther)"
161.97.137.93 - - [05/Apr/2026:19:13:38 +0200] "POST /wp-cron.php?doing_wp_cron=1775409218.0695528984069824218750 HTTP/1.1" 404 16594 "http://patrioti.net/wp-cron.php?doing_wp_cron=1775409218.0695528984069824218750" "WordPress/4.9.26; https://patrioti.net"
43.134.66.39 - - [05/Apr/2026:19:13:38 +0200] "GET /%d0%bd%d0%b0-14-%d1%84%d0%b5%d0%b2%d1%80%d1%83%d0%b0%d1%80%d0%b8-1944-%d0%b3-%d1%83%d0%bc%d0%b8%d1%80%d0%b0-%d0%b1%d1%8a%d0%bb%d0%b3%d0%b0%d1%80%d1%81%d0%ba%d0%b8%d1%8f%d1%82-%d0%b0%d1%80%d1%82%d0%b8/ HTTP/1.1" 200 23810 "-" "Mozilla/5.0 (Macintosh; Intel Mac OS X 10_15_7) AppleWebKit/537.36 (KHTML, like Gecko) Chrome/141.0.0.0 Safari/537.36"
66.249.69.128 - - [05/Apr/2026:19:13:56 +0200] "GET /tag/%D0%B1%D1%8A%D0%BB%D0%B3%D0%B0%D1%80%D1%81%D0%BA%D0%B8-%D0%B6%D0%B8%D0%B2%D0%BE%D0%BF%D0%B8%D1%81%D1%86%D0%B8/feed/ HTTP/1.1" 200 5744 "-" "Mozilla/5.0 (Linux; Android 6.0.1; Nexus 5X Build/MMB29P) AppleWebKit/537.36 (KHTML, like Gecko) Chrome/146.0.7680.177 Mobile Safari/537.36 (compatible; Googlebot/2.1; +http://www.google.com/bot.html)"
185.191.171.9 - - [05/Apr/2026:19:16:48 +0200] "GET /%D0%BF%D0%BE-%D0%B2%D0%BE%D0%BB%D1%8F%D1%82%D0%B0-%D0%BD%D0%B0-%D0%B8%D0%BC%D0%BF%D0%B5%D1%80%D0%B0%D1%82%D0%BE%D1%80%D0%B0-%D0%BC%D0%B8%D1%81%D0%B8%D1%8F%D1%82%D0%B0-%D0%BD%D0%B0/ HTTP/1.1" 200 29884 "-" "Mozilla/5.0 (compatible; SemrushBot/7~bl; +http://www.semrush.com/bot.html)"
216.73.216.22 - - [05/Apr/2026:19:17:14 +0200] "GET /%D0%BD%D0%B0%D0%B9-%D1%85%D1%83%D0%B1%D0%B0%D0%B2%D0%B8%D1%82%D0%B5-%D1%86%D0%B8%D1%82%D0%B0%D1%82%D0%B8-%D0%BE%D1%82-%D1%87%D1%83%D0%B4%D0%BE%D0%BC%D0%B8%D1%80/whatsapp:/send HTTP/1.1" 404 16596 "-" "Mozilla/5.0 AppleWebKit/537.36 (KHTML, like Gecko; compatible; ClaudeBot/1.0; +claudebot@anthropic.com)"
161.97.137.93 - - [05/Apr/2026:19:18:00 +0200] "POST /wp-cron.php?doing_wp_cron=1775409480.1319088935852050781250 HTTP/1.1" 404 16593 "http://patrioti.net/wp-cron.php?doing_wp_cron=1775409480.1319088935852050781250" "WordPress/4.9.26; https://patrioti.net"
216.73.216.22 - - [05/Apr/2026:19:18:00 +0200] "GET /%D1%82%D0%B5%D0%BE%D1%84%D0%B0%D0%BD%D0%B0-%D0%BA%D1%80%D0%B8%D0%BB-%D0%B5%D0%B4%D0%BD%D0%B0-%D0%BE%D1%82-%D0%BF%D1%8A%D1%80%D0%B2%D0%B8%D1%82%D0%B5-%D1%82%D1%80%D0%B8-%D0%B0%D0%B2%D0%B8%D0%B0%D1%82/whatsapp:/send HTTP/1.1" 404 16593 "-" "Mozilla/5.0 AppleWebKit/537.36 (KHTML, like Gecko; compatible; ClaudeBot/1.0; +claudebot@anthropic.com)"
85.11.167.108 - - [05/Apr/2026:19:18:09 +0200] "GET / HTTP/1.1" 301 0 "-" "Mozilla/5.0 (Windows NT 10.0; Win64; x64) AppleWebKit/537.36 (KHTML, like Gecko) Chrome/120.0.0.0 Safari/537.36"
216.73.216.22 - - [05/Apr/2026:19:18:54 +0200] "GET /%D0%BD%D0%B0-2-%D0%B4%D0%B5%D0%BA%D0%B5%D0%BC%D0%B2%D1%80%D0%B8-1978-%D0%B3-%D0%B5-%D1%80%D0%BE%D0%B4%D0%B5%D0%BD-%D0%B1%D1%8A%D0%BB%D0%B3%D0%B0%D1%80%D1%81%D0%BA%D0%B8%D1%8F%D1%82-%D0%BF%D0%BB%D1%83/whatsapp:/send HTTP/1.1" 404 16597 "-" "Mozilla/5.0 AppleWebKit/537.36 (KHTML, like Gecko; compatible; ClaudeBot/1.0; +claudebot@anthropic.com)"
51.107.75.125 - - [05/Apr/2026:19:19:08 +0200] "GET /wp-content/plugins/hellopress/wp_filemanager.php HTTP/1.1" 404 16596 "-" "-"
51.107.75.125 - - [05/Apr/2026:19:19:08 +0200] "GET /prosell2.php HTTP/1.1" 404 16593 "-" "-"
51.107.75.125 - - [05/Apr/2026:19:19:09 +0200] "GET /zt2.php HTTP/1.1" 404 16597 "-" "-"
66.249.69.141 - - [05/Apr/2026:19:19:37 +0200] "GET /%D0%B4%D0%BD%D0%B5%D1%81-%D0%BF%D0%BE%D1%87%D0%B8%D1%82%D0%B0%D0%BC%D0%B5-%D0%BF%D0%B0%D0%BC%D0%B5%D1%82%D1%82%D0%B0-%D0%BD%D0%B0-%D0%B1%D1%8A%D0%BB%D0%B3%D0%B0%D1%80%D1%81%D0%BA%D0%B8%D1%8F-%D0%B8/andrey_protich/ HTTP/1.1" 301 0 "-" "Mozilla/5.0 (Linux; Android 6.0.1; Nexus 5X Build/MMB29P) AppleWebKit/537.36 (KHTML, like Gecko) Chrome/146.0.7680.177 Mobile Safari/537.36 (compatible; Googlebot/2.1; +http://www.google.com/bot.html)"
216.73.216.22 - - [05/Apr/2026:19:19:50 +0200] "GET /%D0%BD%D0%B0-7-%D1%8E%D0%BB%D0%B8-1958-%D0%B3-%D0%B5-%D1%80%D0%BE%D0%B4%D0%B5%D0%BD-%D0%B0%D0%BB%D0%B5%D0%BA%D1%81%D0%B0%D0%BD%D0%B4%D1%8A%D1%80-%D0%B0%D0%B2%D0%B4%D0%B6%D0%B8%D0%B5%D0%B2/whatsapp:/send HTTP/1.1" 404 16595 "-" "Mozilla/5.0 AppleWebKit/537.36 (KHTML, like Gecko; compatible; ClaudeBot/1.0; +claudebot@anthropic.com)"
216.73.216.22 - - [05/Apr/2026:19:19:56 +0200] "GET /%D0%BB%D0%B5%D0%B3%D0%B5%D0%BD%D0%B4%D0%B0-%D0%B7%D0%B0-%D1%85%D0%B8%D0%BB%D1%8F%D0%B4%D0%BE%D0%BB%D0%B5%D1%82%D0%BD%D0%B8%D1%8F-%D1%87%D0%B8%D0%BD%D0%B0%D1%80-%D0%BD%D0%B0-%D0%BA%D0%BE%D0%B9%D1%82/whatsapp:/send HTTP/1.1" 404 16595 "-" "Mozilla/5.0 AppleWebKit/537.36 (KHTML, like Gecko; compatible; ClaudeBot/1.0; +claudebot@anthropic.com)"
216.73.216.22 - - [05/Apr/2026:19:20:32 +0200] "GET /%D0%BD%D0%B0-%D0%B4%D0%BD%D0%B5%D1%88%D0%BD%D0%B8%D1%8F-%D0%B4%D0%B5%D0%BD-%D0%B5-%D1%80%D0%BE%D0%B4%D0%B5%D0%BD-%D0%B1%D1%8A%D0%BB%D0%B3%D0%B0%D1%80%D1%81%D0%BA%D0%B8%D1%8F%D1%82-%D1%85%D1%83%D0%B4/whatsapp:/send HTTP/1.1" 404 16595 "-" "Mozilla/5.0 AppleWebKit/537.36 (KHTML, like Gecko; compatible; ClaudeBot/1.0; +claudebot@anthropic.com)"
185.191.171.13 - - [05/Apr/2026:19:20:45 +0200] "GET /%D0%BF%D0%B0%D0%BC%D0%B5%D1%82%D0%BD%D0%B8%D0%BA%D1%8A%D1%82-%D1%86%D0%B0%D1%80-%D0%BE%D1%81%D0%B2%D0%BE%D0%B1%D0%BE%D0%B4%D0%B8%D1%82%D0%B5%D0%BB-%D0%BA%D0%BE%D0%B9%D1%82%D0%BE/ HTTP/1.1" 200 24435 "-" "Mozilla/5.0 (compatible; SemrushBot/7~bl; +http://www.semrush.com/bot.html)"
216.73.216.22 - - [05/Apr/2026:19:20:52 +0200] "GET /%D0%BD%D0%B0-%D0%B4%D0%BD%D0%B5%D1%88%D0%BD%D0%B0%D1%82%D0%B0-%D0%B4%D0%B0%D1%82%D0%B0-%D1%83%D0%BC%D0%B8%D1%80%D0%B0-%D0%BF%D0%BE%D0%BB%D0%BA%D0%BE%D0%B2%D0%BD%D0%B8%D0%BA-%D0%B8%D0%BB%D0%B8%D1%8F HTTP/1.1" 301 0 "-" "Mozilla/5.0 AppleWebKit/537.36 (KHTML, like Gecko; compatible; ClaudeBot/1.0; +claudebot@anthropic.com)"
216.73.216.22 - - [05/Apr/2026:19:20:54 +0200] "GET /%D0%BD%D0%B0-%D0%B4%D0%BD%D0%B5%D1%88%D0%BD%D0%B0%D1%82%D0%B0-%D0%B4%D0%B0%D1%82%D0%B0-%D1%83%D0%BC%D0%B8%D1%80%D0%B0-%D0%BF%D0%BE%D0%BB%D0%BA%D0%BE%D0%B2%D0%BD%D0%B8%D0%BA-%D0%B8%D0%BB%D0%B8%D1%8F/ HTTP/1.1" 200 23069 "http://patrioti.net/%D0%BD%D0%B0-%D0%B4%D0%BD%D0%B5%D1%88%D0%BD%D0%B0%D1%82%D0%B0-%D0%B4%D0%B0%D1%82%D0%B0-%D1%83%D0%BC%D0%B8%D1%80%D0%B0-%D0%BF%D0%BE%D0%BB%D0%BA%D0%BE%D0%B2%D0%BD%D0%B8%D0%BA-%D0%B8%D0%BB%D0%B8%D1%8F" "Mozilla/5.0 AppleWebKit/537.36 (KHTML, like Gecko; compatible; ClaudeBot/1.0; +claudebot@anthropic.com)"
66.249.69.141 - - [05/Apr/2026:19:21:41 +0200] "GET /%D0%B4%D0%BD%D0%B5%D1%81-%D0%BF%D0%BE%D1%87%D0%B8%D1%82%D0%B0%D0%BC%D0%B5-%D0%BF%D0%B0%D0%BC%D0%B5%D1%82%D1%82%D0%B0-%D0%BD%D0%B0-%D0%B1%D1%8A%D0%BB%D0%B3%D0%B0%D1%80%D1%81%D0%BA%D0%B8%D1%8F-%D0%B8/andrey_protich/ HTTP/1.1" 301 0 "-" "Mozilla/5.0 (Linux; Android 6.0.1; Nexus 5X Build/MMB29P) AppleWebKit/537.36 (KHTML, like Gecko) Chrome/146.0.7680.177 Mobile Safari/537.36 (compatible; GoogleOther)"
116.179.32.199 - - [05/Apr/2026:19:21:47 +0200] "GET /?p=1303 HTTP/1.1" 301 0 "-" "Mozilla/5.0 (Linux;u;Android 4.2.2;zh-cn;) AppleWebKit/534.46 (KHTML,like Gecko) Version/5.1 Mobile Safari/10600.6.3 (compatible; Baiduspider/2.0; +http://www.baidu.com/search/spider.html)"
220.181.108.157 - - [05/Apr/2026:19:21:47 +0200] "GET /?p=355 HTTP/1.1" 301 0 "-" "Mozilla/5.0 (Linux;u;Android 4.2.2;zh-cn;) AppleWebKit/534.46 (KHTML,like Gecko) Version/5.1 Mobile Safari/10600.6.3 (compatible; Baiduspider/2.0; +http://www.baidu.com/search/spider.html)"
220.181.108.158 - - [05/Apr/2026:19:21:48 +0200] "GET /%D1%86%D1%8A%D1%80%D0%BA%D0%B2%D0%B0%D1%82%D0%B0-%D0%B2-%D0%BA%D0%BE%D1%8F%D1%82%D0%BE-%D1%81%D0%B5-%D0%B2%D0%B5%D0%BD%D1%87%D0%B0%D0%B2%D0%B0%D0%BB%D0%B8-%D0%B1%D1%8A%D0%BB%D0%B3%D0%B0%D1%80%D1%81/ HTTP/1.1" 200 23170 "-" "Mozilla/5.0 (compatible; Baiduspider/2.0; +http://www.baidu.com/search/spider.html)"
66.249.69.141 - - [05/Apr/2026:19:21:55 +0200] "GET /tag/%D0%B1%D0%B8%D1%82%D0%BA%D0%B0%D1%82%D0%B0-%D0%BF%D1%80%D0%B8-%D0%BA%D0%BB%D0%BE%D0%BA%D0%BE%D1%82%D0%BD%D0%B8%D1%86%D0%B0/feed/ HTTP/1.1" 200 29735 "-" "Mozilla/5.0 (Linux; Android 6.0.1; Nexus 5X Build/MMB29P) AppleWebKit/537.36 (KHTML, like Gecko) Chrome/146.0.7680.177 Mobile Safari/537.36 (compatible; Googlebot/2.1; +http://www.google.com/bot.html)"
85.208.96.210 - - [05/Apr/2026:19:22:11 +0200] "GET /%D0%B4%D0%BD%D0%B5%D1%81-%D0%BE%D1%82%D0%B1%D0%B5%D0%BB%D1%8F%D0%B7%D0%B2%D0%B0%D0%BC%D0%B5-%D1%80%D0%BE%D0%B6%D0%B4%D0%B5%D0%BD%D0%B8%D0%B5%D1%82%D0%BE-%D0%BD%D0%B0-%D1%86%D0%B2%D0%B5%D1%82%D0%B0-2/ HTTP/1.1" 200 23718 "-" "Mozilla/5.0 (compatible; SemrushBot/7~bl; +http://www.semrush.com/bot.html)"
149.5.4.71 - - [05/Apr/2026:19:23:27 +0200] "GET / HTTP/1.1" 301 0 "-" "Mozilla/5.0 (X11; Linux x86_64) AppleWebKit/537.36 (KHTML, like Gecko) Chrome/114.0.0.0 Safari/537.36 OPR/89.0.4447.51"
161.97.137.93 - - [05/Apr/2026:19:23:36 +0200] "POST /wp-cron.php?doing_wp_cron=1775409815.9727869033813476562500 HTTP/1.1" 404 16597 "http://patrioti.net/wp-cron.php?doing_wp_cron=1775409815.9727869033813476562500" "WordPress/4.9.26; https://patrioti.net"
216.244.66.194 - - [05/Apr/2026:19:23:36 +0200] "GET /%D0%BA%D0%BE%D0%BD%D1%81%D1%82%D0%B8%D1%82%D1%83%D1%86%D0%B8%D1%8F%D1%82%D0%B0-%D0%BD%D0%B0-%D0%B0%D0%BF%D0%BE%D1%81%D1%82%D0%BE%D0%BB%D0%B0/ HTTP/1.1" 200 34181 "-" "Mozilla/5.0 (compatible; DotBot/1.2; +https://opensiteexplorer.org/dotbot; help@moz.com)"
66.249.69.141 - - [05/Apr/2026:19:23:46 +0200] "GET /%D0%B3%D0%B5%D0%BE%D1%80%D0%B3%D0%B8-%D1%80%D0%B0%D0%B7%D1%81%D0%BE%D0%BB%D0%BA%D0%BE%D0%B2-%D0%BF%D1%8A%D1%80%D0%B2%D0%B8%D1%8F%D1%82-%D0%B1%D1%8A%D0%BB%D0%B3%D0%B0%D1%80%D1%81%D0%BA%D0%B8-%D0%B0/%D1%80%D0%B0%D0%B7%D1%81%D0%BE%D0%BB%D0%BA%D0%BE%D0%B2-%D0%BF%D0%BE%D1%80%D1%82%D1%80%D0%B5%D1%82/ HTTP/1.1" 301 0 "-" "Mozilla/5.0 (Linux; Android 6.0.1; Nexus 5X Build/MMB29P) AppleWebKit/537.36 (KHTML, like Gecko) Chrome/146.0.7680.177 Mobile Safari/537.36 (compatible; GoogleOther)"
216.244.66.194 - - [05/Apr/2026:19:24:12 +0200] "GET /%D1%83%D1%81%D0%BF%D0%B5%D1%85%D0%B8%D1%82%D0%B5-%D0%BD%D0%B0-%D1%85%D0%B0%D0%BD-%D0%BF%D1%80%D0%B5%D1%81%D0%B8%D0%B0%D0%BD/ HTTP/1.1" 200 24762 "-" "Mozilla/5.0 (compatible; DotBot/1.2; +https://opensiteexplorer.org/dotbot; help@moz.com)"
216.244.66.194 - - [05/Apr/2026:19:24:35 +0200] "GET /%D0%B1%D1%8A%D0%BB%D0%B3%D0%B0%D1%80%D1%81%D0%BA%D0%B8-%D1%88%D0%B5%D0%B2%D0%B8%D1%86%D0%B8-%D0%B3%D1%80%D0%B5%D0%B9%D0%BD%D0%B0%D1%85%D0%B0-%D0%B2%D1%8A%D1%80%D1%85%D1%83-%D1%84%D0%B0%D1%81%D0%B0/ HTTP/1.1" 200 23646 "-" "Mozilla/5.0 (compatible; DotBot/1.2; +https://opensiteexplorer.org/dotbot; help@moz.com)"
161.97.137.93 - - [05/Apr/2026:19:24:45 +0200] "POST /wp-cron.php?doing_wp_cron=1775409884.6748669147491455078125 HTTP/1.1" 404 16596 "http://patrioti.net/wp-cron.php?doing_wp_cron=1775409884.6748669147491455078125" "WordPress/4.9.26; https://patrioti.net"
216.244.66.194 - - [05/Apr/2026:19:24:45 +0200] "GET /%D0%BB%D0%B5%D0%B3%D0%B5%D0%BD%D0%B4%D0%B0-%D0%B7%D0%B0-%D0%B1%D0%B0%D0%BD%D1%81%D0%BA%D0%BE-%D0%B8-%D0%BC%D0%BE%D0%BC%D0%B0-%D1%80%D0%B0%D0%B4%D0%B0/ HTTP/1.1" 200 23640 "-" "Mozilla/5.0 (compatible; DotBot/1.2; +https://opensiteexplorer.org/dotbot; help@moz.com)"
216.244.66.194 - - [05/Apr/2026:19:24:55 +0200] "GET /%D0%BD%D0%B0-22-%D0%B0%D0%B2%D0%B3%D1%83%D1%81%D1%82-%D0%B5-%D1%83%D0%B1%D0%B8%D1%82-%D0%B1%D1%8A%D0%BB%D0%B3%D0%B0%D1%80%D1%81%D0%BA%D0%B8%D1%8F%D1%82-%D1%80%D0%B5%D0%B2%D0%BE%D0%BB%D1%8E%D1%86%D0%B8/ HTTP/1.1" 200 24262 "-" "Mozilla/5.0 (compatible; DotBot/1.2; +https://opensiteexplorer.org/dotbot; help@moz.com)"
216.244.66.194 - - [05/Apr/2026:19:25:02 +0200] "GET /%D0%BF%D0%B8%D1%81%D0%B0%D1%82%D0%B5%D0%BB%D1%8F%D1%82-%D0%B9%D0%BE%D1%80%D0%B4%D0%B0%D0%BD-%D1%85%D0%B0%D0%B4%D0%B6%D0%B8%D0%B5%D0%B2-%D0%BA%D0%B0%D0%B6%D0%B8-%D0%B4%D0%B0-%D0%B7%D0%B0-%D0%B4/ HTTP/1.1" 502 150 "-" "Mozilla/5.0 (compatible; DotBot/1.2; +https://opensiteexplorer.org/dotbot; help@moz.com)"
220.181.108.157 - - [05/Apr/2026:19:25:05 +0200] "GET /?p=38319 HTTP/1.1" 301 0 "-" "Mozilla/5.0 (compatible; Baiduspider/2.0; +http://www.baidu.com/search/spider.html)"
116.179.32.145 - - [05/Apr/2026:19:25:06 +0200] "GET /?p=48088 HTTP/1.1" 301 0 "-" "Mozilla/5.0 (Linux;u;Android 4.2.2;zh-cn;) AppleWebKit/534.46 (KHTML,like Gecko) Version/5.1 Mobile Safari/10600.6.3 (compatible; Baiduspider/2.0; +http://www.baidu.com/search/spider.html)"
216.244.66.194 - - [05/Apr/2026:19:25:25 +0200] "GET /%D1%87%D0%B5%D1%81%D1%82%D0%B8%D1%82-%D1%80%D0%BE%D0%B6%D0%B4%D0%B5%D0%BD-%D0%B4%D0%B5%D0%BD-%D0%BD%D0%B0-%D0%B1%D1%8A%D0%BB%D0%B3%D0%B0%D1%80%D1%81%D0%BA%D0%B8%D1%8F-%D1%81%D1%8A%D1%81%D1%82%D0%B5/ HTTP/1.1" 200 23647 "-" "Mozilla/5.0 (compatible; DotBot/1.2; +https://opensiteexplorer.org/dotbot; help@moz.com)"
66.249.69.128 - - [05/Apr/2026:19:25:51 +0200] "GET /%D0%B3%D0%B5%D0%BE%D1%80%D0%B3%D0%B8-%D1%80%D0%B0%D0%B7%D1%81%D0%BE%D0%BB%D0%BA%D0%BE%D0%B2-%D0%BF%D1%8A%D1%80%D0%B2%D0%B8%D1%8F%D1%82-%D0%B1%D1%8A%D0%BB%D0%B3%D0%B0%D1%80%D1%81%D0%BA%D0%B8-%D0%B0/%D1%80%D0%B0%D0%B7%D1%81%D0%BE%D0%BB%D0%BA%D0%BE%D0%B2-%D0%BF%D0%BE%D1%80%D1%82%D1%80%D0%B5%D1%82/ HTTP/1.1" 301 0 "-" "Mozilla/5.0 (Linux; Android 6.0.1; Nexus 5X Build/MMB29P) AppleWebKit/537.36 (KHTML, like Gecko) Chrome/146.0.7680.177 Mobile Safari/537.36 (compatible; Googlebot/2.1; +http://www.google.com/bot.html)"
161.97.137.93 - - [05/Apr/2026:19:25:51 +0200] "POST /wp-cron.php?doing_wp_cron=1775409951.1305239200592041015625 HTTP/1.1" 404 16598 "http://patrioti.net/wp-cron.php?doing_wp_cron=1775409951.1305239200592041015625" "WordPress/4.9.26; https://patrioti.net"
216.244.66.194 - - [05/Apr/2026:19:25:51 +0200] "GET /%D1%81%D1%8A%D0%B5%D0%B4%D0%B8%D0%BD%D0%B5%D0%BD%D0%B8%D0%B5%D1%82%D0%BE-%D0%BF%D1%80%D0%B0%D0%B2%D0%B8-%D1%81%D0%B8%D0%BB%D0%B0%D1%82%D0%B0-%D0%B8%D1%81%D1%82%D0%BE%D1%80%D0%B8%D1%8F-%D0%BD%D0%B0/ HTTP/1.1" 200 23976 "-" "Mozilla/5.0 (compatible; DotBot/1.2; +https://opensiteexplorer.org/dotbot; help@moz.com)"
85.208.96.198 - - [05/Apr/2026:19:27:53 +0200] "GET /tag/patrioti/page/247/ HTTP/1.1" 200 18767 "-" "Mozilla/5.0 (compatible; SemrushBot/7~bl; +http://www.semrush.com/bot.html)"
66.249.69.129 - - [05/Apr/2026:19:29:55 +0200] "GET /tag/%D0%B1%D1%8A%D0%BB%D0%B3%D0%B0%D1%80%D1%81%D0%BA%D0%B8-%D0%BB%D0%B5%D0%BA%D0%B0%D1%80-%D0%BA%D0%B0%D1%80%D0%B4%D0%B8%D0%BE%D0%BB%D0%BE%D0%B3/feed/ HTTP/1.1" 200 2385 "-" "Mozilla/5.0 (Linux; Android 6.0.1; Nexus 5X Build/MMB29P) AppleWebKit/537.36 (KHTML, like Gecko) Chrome/146.0.7680.177 Mobile Safari/537.36 (compatible; Googlebot/2.1; +http://www.google.com/bot.html)"
161.97.137.93 - - [05/Apr/2026:19:31:45 +0200] "POST /wp-cron.php?doing_wp_cron=1775410305.1720199584960937500000 HTTP/1.1" 404 16595 "http://patrioti.net/wp-cron.php?doing_wp_cron=1775410305.1720199584960937500000" "WordPress/4.9.26; https://patrioti.net"
185.191.171.8 - - [05/Apr/2026:19:31:45 +0200] "GET /%D0%B4%D0%BD%D0%B5%D1%81-%D1%81%D0%B8-%D1%81%D0%BF%D0%BE%D0%BC%D0%BD%D1%8F%D0%BC%D0%B5-%D0%B7%D0%B0-%D0%B3%D0%BE%D0%B3%D0%BE-%D0%BE%D1%82-%D1%82%D0%BE%D0%BD%D0%B8%D0%BA%D0%B0/ HTTP/1.1" 200 24039 "-" "Mozilla/5.0 (compatible; SemrushBot/7~bl; +http://www.semrush.com/bot.html)"
185.191.171.5 - - [05/Apr/2026:19:35:52 +0200] "GET /%D0%B4%D0%BD%D0%B5%D1%81-%D1%81%D0%B8-%D1%81%D0%BF%D0%BE%D0%BC%D0%BD%D1%8F%D0%BC%D0%B5-%D0%B7%D0%B0-%D0%B0%D0%BA%D0%B0%D0%B4%D0%B5%D0%BC%D0%B8%D0%BA-%D0%BF%D0%B5%D1%82%D0%BA%D0%BE-%D1%80%D0%B0%D0%B4/ HTTP/1.1" 200 24988 "-" "Mozilla/5.0 (compatible; SemrushBot/7~bl; +http://www.semrush.com/bot.html)"
185.191.171.6 - - [05/Apr/2026:19:37:03 +0200] "GET /%D0%B1%D0%B8%D1%82%D0%BA%D0%B0%D1%82%D0%B0-%D0%BF%D1%80%D0%B8-%D0%B8%D0%B7%D0%B2%D0%BE%D1%80%D0%B0-%D0%BD%D0%B0-%D1%82%D0%BE%D0%B7%D0%B8-%D0%B4%D0%B5%D0%BD-%D0%B1%D1%8A%D0%BB%D0%B3%D0%B0%D1%80/ HTTP/1.1" 502 150 "-" "Mozilla/5.0 (compatible; SemrushBot/7~bl; +http://www.semrush.com/bot.html)"
185.191.171.4 - - [05/Apr/2026:19:38:35 +0200] "GET /%D0%BA%D0%BE%D0%B9-%D0%B5-%D0%B0%D1%80%D1%85%D0%B0%D0%BD%D0%B3%D0%B5%D0%BB-%D0%BC%D0%B8%D1%85%D0%B0%D0%B8%D0%BB-%D0%B8-%D0%B7%D0%B0%D1%89%D0%BE-%D1%81%D0%B5-%D1%81%D0%BC%D1%8F%D1%82%D0%B0-%D0%B7%D0%B0/ HTTP/1.1" 200 23817 "-" "Mozilla/5.0 (compatible; SemrushBot/7~bl; +http://www.semrush.com/bot.html)"
85.208.96.206 - - [05/Apr/2026:19:38:43 +0200] "GET /%D0%B4%D0%BD%D0%B5%D1%81-%D0%B5-%D1%80%D0%BE%D0%B4%D0%B5%D0%BD-%D0%B1%D1%8A%D0%BB%D0%B3%D0%B0%D1%80%D1%81%D0%BA%D0%B8%D1%8F%D1%82-%D0%B6%D1%83%D1%80%D0%BD%D0%B0%D0%BB%D0%B8%D1%81%D1%82-%D0%B8-%D0%BF-2/ HTTP/1.1" 200 24278 "-" "Mozilla/5.0 (compatible; SemrushBot/7~bl; +http://www.semrush.com/bot.html)"
216.73.216.22 - - [05/Apr/2026:19:42:31 +0200] "GET /robots.txt HTTP/1.1" 200 80 "-" "Mozilla/5.0 AppleWebKit/537.36 (KHTML, like Gecko; compatible; ClaudeBot/1.0; +claudebot@anthropic.com)"
216.73.216.22 - - [05/Apr/2026:19:42:34 +0200] "GET /%D0%BD%D0%B0-6-%D1%81%D0%B5%D0%BF%D1%82%D0%B5%D0%BC%D0%B2%D1%80%D0%B8-%D0%B2-%D1%81%D0%B0%D0%BC%D0%BE%D0%BA%D0%BE%D0%B2-%D1%81%D0%B0-%D1%80%D0%BE%D0%B4%D0%B5%D0%BD%D0%B8-%D1%81%D0%B5%D1%81%D1%82%D1%80/whatsapp:/send HTTP/1.1" 404 16593 "-" "Mozilla/5.0 AppleWebKit/537.36 (KHTML, like Gecko; compatible; ClaudeBot/1.0; +claudebot@anthropic.com)"
66.249.69.128 - - [05/Apr/2026:19:45:17 +0200] "GET /%D0%B4%D0%BD%D0%B5%D1%81-%D0%BE%D1%82%D0%B1%D0%B5%D0%BB%D1%8F%D0%B7%D0%B2%D0%B0%D0%BC%D0%B5-%D1%80%D0%BE%D0%B6%D0%B4%D0%B5%D0%BD%D0%B8%D0%B5%D1%82%D0%BE-%D0%BD%D0%B0-%D0%B9%D0%BE%D1%80%D0%B4%D0%B0/ HTTP/1.1" 200 24872 "-" "Mozilla/5.0 (Linux; Android 6.0.1; Nexus 5X Build/MMB29P) AppleWebKit/537.36 (KHTML, like Gecko) Chrome/146.0.7680.177 Mobile Safari/537.36 (compatible; Googlebot/2.1; +http://www.google.com/bot.html)"
2a03:2880:11ff:5e:: - - [05/Apr/2026:19:45:42 +0200] "GET /%D0%B2%D0%B0%D1%81%D0%B8%D0%BB-%D0%B1%D0%BE%D0%B6%D0%BA%D0%BE%D0%B2-%D0%B2%D1%81%D0%B5%D0%BA%D0%B8-%D1%81%D0%B2%D0%B5%D1%82%D0%B5%D1%86-%D0%B5-%D0%B8%D0%BC%D0%B0%D0%BB-%D0%BC%D0%B8%D0%BD%D0%B0%D0%BB/ HTTP/1.1" 200 23247 "-" "facebookexternalhit/1.1 (+http://www.facebook.com/externalhit_uatext.php)"
2a03:2880:11ff:57:: - - [05/Apr/2026:19:45:42 +0200] "GET /%D0%B2%D0%B0%D1%81%D0%B8%D0%BB-%D0%B1%D0%BE%D0%B6%D0%BA%D0%BE%D0%B2-%D0%B2%D1%81%D0%B5%D0%BA%D0%B8-%D1%81%D0%B2%D0%B5%D1%82%D0%B5%D1%86-%D0%B5-%D0%B8%D0%BC%D0%B0%D0%BB-%D0%BC%D0%B8%D0%BD%D0%B0%D0%BB/ HTTP/1.1" 200 23246 "-" "facebookexternalhit/1.1 (+http://www.facebook.com/externalhit_uatext.php)"
66.249.69.141 - - [05/Apr/2026:19:45:47 +0200] "GET /%D0%B4%D0%BD%D0%B5%D1%81-%D0%BE%D1%82%D0%B1%D0%B5%D0%BB%D1%8F%D0%B7%D0%B2%D0%B0%D0%BC%D0%B5-%D1%80%D0%BE%D0%B6%D0%B4%D0%B5%D0%BD%D0%B8%D0%B5%D1%82%D0%BE-%D0%BD%D0%B0-%D0%B9%D0%BE%D1%80%D0%B4%D0%B0/ HTTP/1.1" 200 24872 "-" "Mozilla/5.0 (Linux; Android 6.0.1; Nexus 5X Build/MMB29P) AppleWebKit/537.36 (KHTML, like Gecko) Chrome/146.0.7680.177 Mobile Safari/537.36 (compatible; GoogleOther)"
161.97.137.93 - - [05/Apr/2026:19:45:55 +0200] "POST /wp-cron.php?doing_wp_cron=1775411154.7229790687561035156250 HTTP/1.1" 404 16597 "http://patrioti.net/wp-cron.php?doing_wp_cron=1775411154.7229790687561035156250" "WordPress/4.9.26; https://patrioti.net"
66.249.69.141 - - [05/Apr/2026:19:45:55 +0200] "GET /%D1%81%D0%B5%D0%BB%D0%BE-%D0%B1%D0%BE%D1%81%D0%BD%D0%B5%D0%BA-%D0%B8-%D0%BD%D0%B5%D0%B2%D0%B5%D1%80%D0%BE%D1%8F%D1%82%D0%BD%D0%B0%D1%82%D0%B0-%D1%82%D1%80%D0%B0%D0%BA%D0%B8%D0%B9%D1%81%D0%BA%D0%B0/001620104416-e1406203127905/feed/ HTTP/1.1" 200 698 "-" "Mozilla/5.0 (Linux; Android 6.0.1; Nexus 5X Build/MMB29P) AppleWebKit/537.36 (KHTML, like Gecko) Chrome/146.0.7680.177 Mobile Safari/537.36 (compatible; Googlebot/2.1; +http://www.google.com/bot.html)"
161.97.137.93 - - [05/Apr/2026:19:47:59 +0200] "POST /wp-cron.php?doing_wp_cron=1775411279.5630960464477539062500 HTTP/1.1" 404 16596 "http://patrioti.net/wp-cron.php?doing_wp_cron=1775411279.5630960464477539062500" "WordPress/4.9.26; https://patrioti.net"
93.158.213.25 - - [05/Apr/2026:19:47:59 +0200] "GET /robots.txt HTTP/1.1" 200 80 "-" "Mozilla/5.0 (compatible; MJ12bot/v1.4.8; http://mj12bot.com/)"
52.2.4.213 - - [05/Apr/2026:19:51:15 +0200] "GET /wp-content/themes/Newspaper/includes/demos/default/td_panel_settings.txt HTTP/1.1" 200 6994 "-" "Mozilla/5.0 AppleWebKit/537.36 (KHTML, like Gecko; compatible; Amazonbot/0.1; +https://developer.amazon.com/support/amazonbot) Chrome/119.0.6045.214 Safari/537.36"
107.20.181.148 - - [05/Apr/2026:19:51:23 +0200] "GET /wp-content/themes/Newspaper/includes/demos/black/td_panel_settings.txt HTTP/1.1" 200 12781 "-" "Mozilla/5.0 AppleWebKit/537.36 (KHTML, like Gecko; compatible; Amazonbot/0.1; +https://developer.amazon.com/support/amazonbot) Chrome/119.0.6045.214 Safari/537.36"
44.215.231.15 - - [05/Apr/2026:19:51:27 +0200] "GET /wp-content/plugins/td-composer/css-live/assets/external/ace_old/ HTTP/1.1" 200 579 "-" "Mozilla/5.0 AppleWebKit/537.36 (KHTML, like Gecko; compatible; Amazonbot/0.1; +https://developer.amazon.com/support/amazonbot) Chrome/119.0.6045.214 Safari/537.36"
2a03:2880:16ff:53:: - - [05/Apr/2026:19:52:20 +0200] "GET /%D0%BF%D1%80%D0%B5%D0%B7-1945-%D0%B3-%D0%B2-%D1%82%D0%B8%D1%82%D0%BE%D0%B2%D0%B0-%D0%BC%D0%B0%D0%BA%D0%B5%D0%B4%D0%BE%D0%BD%D0%B8%D1%8F-%D1%83%D1%81%D1%82%D1%80%D0%BE%D0%B9%D0%B2%D0%B0%D1%82-%D0%BA/ HTTP/1.1" 200 23455 "-" "facebookexternalhit/1.1 (+http://www.facebook.com/externalhit_uatext.php)"
2a03:2880:30ff:9:: - - [05/Apr/2026:19:52:20 +0200] "GET /%D0%BF%D1%80%D0%B5%D0%B7-1945-%D0%B3-%D0%B2-%D1%82%D0%B8%D1%82%D0%BE%D0%B2%D0%B0-%D0%BC%D0%B0%D0%BA%D0%B5%D0%B4%D0%BE%D0%BD%D0%B8%D1%8F-%D1%83%D1%81%D1%82%D1%80%D0%BE%D0%B9%D0%B2%D0%B0%D1%82-%D0%BA/ HTTP/1.1" 200 23455 "-" "facebookexternalhit/1.1 (+http://www.facebook.com/externalhit_uatext.php)"
