161.97.137.93 - - [05/Apr/2026:16:57:59 +0200] "POST /wp-cron.php?doing_wp_cron=1775401079.3745560646057128906250 HTTP/1.1" 404 15246 "https://patrioti.net/wp-cron.php?doing_wp_cron=1775401079.3745560646057128906250" "WordPress/4.9.26; https://patrioti.net"
14.228.112.220 - - [05/Apr/2026:16:57:59 +0200] "GET /author/petya-petkova/ HTTP/1.1" 200 17234 "-" "Mozilla/5.0 (iPad; CPU iPad OS 9_3_5 like Mac OS X) AppleWebKit/534.0 (KHTML, like Gecko) CriOS/56.0.894.0 Mobile/96Q831 Safari/534.0"
66.249.69.132 - - [05/Apr/2026:16:58:11 +0200] "GET /%D1%85%D0%B0%D1%81%D0%B5%D0%BA%D0%B8%D1%8F-%D0%BD%D0%B0%D0%B9-%D1%81%D0%B5%D0%B2%D0%B5%D1%80%D0%BD%D0%B0%D1%82%D0%B0-%D0%BE%D0%BA%D1%80%D0%B0%D0%B9%D0%BD%D0%B8%D0%BD%D0%B0-%D0%BD%D0%B0-%D0%B3%D0%BE/strandzha/ HTTP/1.1" 200 16644 "-" "Mozilla/5.0 (Linux; Android 6.0.1; Nexus 5X Build/MMB29P) AppleWebKit/537.36 (KHTML, like Gecko) Chrome/146.0.7680.177 Mobile Safari/537.36 (compatible; Googlebot/2.1; +http://www.google.com/bot.html)"
51.195.215.39 - - [05/Apr/2026:16:58:19 +0200] "GET /wp-content/cache/page_enhanced/patrioti.net/tag/%D0%B1%D1%8A%D0%BB%D0%B3%D0%B0%D1%80%D1%81%D0%BA%D0%B8-%D1%84%D1%83%D1%82%D0%B1%D0%BE%D0%BB/?C=D;O=D HTTP/1.1" 200 343 "-" "Mozilla/5.0 (compatible; AhrefsBot/7.0; +http://ahrefs.com/robot/)"
198.244.240.24 - - [05/Apr/2026:16:58:25 +0200] "GET /wp-content/plugins/wp-subscribe/includes/subscription/libs/?C=N;O=A HTTP/1.1" 200 359 "-" "Mozilla/5.0 (compatible; AhrefsBot/7.0; +http://ahrefs.com/robot/)"
40.77.167.23 - - [05/Apr/2026:16:58:28 +0200] "GET /wp-content/uploads/2018/10/0c73dc488fc8267e6e0925d61d1079c7_big-632x375.jpg HTTP/1.1" 200 70254 "-" "Mozilla/5.0 AppleWebKit/537.36 (KHTML, like Gecko; compatible; bingbot/2.0; +http://www.bing.com/bingbot.htm) Chrome/116.0.1938.76 Safari/537.36"
54.84.93.8 - - [05/Apr/2026:16:58:43 +0200] "GET /wp-json/oembed/1.0/embed?format=xml&url=https://patrioti.net/%25d0%25b4%25d0%25bd%25d0%25b5%25d1%2581-%25d0%25b5-%25d1%2580%25d0%25be%25d0%25b4%25d0%25b5%25d0%25bd-%25d0%25b1%25d1%258a%25d0%25bb%25d0%25b3%25d0%25b0%25d1%2580%25d1%2581%25d0%25ba%25d0%25b8%25d1%258f%25d1%2582-%25d0%25b8%25d0%25bd%25d0%25b6%25d0%25b5%25d0%25bd%25d0%25b5%25d1%2580-%25d0%25bf%25d0%25b5%25d0%25bd%25d1%2587/ HTTP/1.1" 200 1276 "-" "Mozilla/5.0 AppleWebKit/537.36 (KHTML, like Gecko; compatible; Amazonbot/0.1; +https://developer.amazon.com/support/amazonbot) Chrome/119.0.6045.214 Safari/537.36"
66.249.69.132 - - [05/Apr/2026:16:58:44 +0200] "GET /category/%D0%BD%D0%B0-%D1%82%D0%BE%D0%B7%D0%B8-%D0%B4%D0%B5%D0%BD/page/392/?filter_by=popular HTTP/1.1" 200 19821 "-" "Mozilla/5.0 (Linux; Android 6.0.1; Nexus 5X Build/MMB29P) AppleWebKit/537.36 (KHTML, like Gecko) Chrome/146.0.7680.177 Mobile Safari/537.36 (compatible; Googlebot/2.1; +http://www.google.com/bot.html)"
3.212.86.97 - - [05/Apr/2026:16:58:47 +0200] "GET /wp-json/oembed/1.0/embed?format=xml&url=https://patrioti.net/%25d0%25bd%25d0%25b0-%25d0%25b4%25d0%25bd%25d0%25b5%25d1%2588%25d0%25bd%25d0%25b0%25d1%2582%25d0%25b0-%25d0%25b4%25d0%25b0%25d1%2582%25d0%25b0-%25d1%2583%25d0%25bc%25d0%25b8%25d1%2580%25d0%25b0-%25d0%25b1%25d1%258a%25d0%25bb%25d0%25b3%25d0%25b0%25d1%2580%25d1%2581%25d0%25ba%25d0%25b8%25d1%258f%25d1%2582-%25d0%25b2%25d1%258a-2/ HTTP/1.1" 200 1294 "-" "Mozilla/5.0 AppleWebKit/537.36 (KHTML, like Gecko; compatible; Amazonbot/0.1; +https://developer.amazon.com/support/amazonbot) Chrome/119.0.6045.214 Safari/537.36"
198.244.226.61 - - [05/Apr/2026:16:58:48 +0200] "GET /tag/%D0%BF%D0%B0%D1%82%D1%80%D0%B8%D0%BE%D1%82%D0%B8-%D0%BD%D0%B0-%D0%B1%D1%8A%D0%BB%D0%B3%D0%B0%D1%80%D0%B8%D1%8F/page/238/ HTTP/1.1" 200 17006 "-" "Mozilla/5.0 (compatible; AhrefsBot/7.0; +http://ahrefs.com/robot/)"
52.167.144.233 - - [05/Apr/2026:16:58:55 +0200] "GET /wp-content/uploads/2019/01/148528353626951-480x280.jpg HTTP/1.1" 200 25936 "-" "Mozilla/5.0 AppleWebKit/537.36 (KHTML, like Gecko; compatible; bingbot/2.0; +http://www.bing.com/bingbot.htm) Chrome/116.0.1938.76 Safari/537.36"
161.97.137.93 - - [05/Apr/2026:16:59:05 +0200] "POST /wp-cron.php?doing_wp_cron=1775401145.5836849212646484375000 HTTP/1.1" 404 15247 "https://patrioti.net/wp-cron.php?doing_wp_cron=1775401145.5836849212646484375000" "WordPress/4.9.26; https://patrioti.net"
51.195.183.91 - - [05/Apr/2026:16:59:06 +0200] "GET /%D1%81%D1%8A%D0%B7%D0%B4%D0%B0%D0%B2%D0%B0%D0%BD%D0%B5%D1%82%D0%BE-%D0%BD%D0%B0-%D1%81%D0%BE%D1%84%D0%B8%D0%B9%D1%81%D0%BA%D0%B0%D1%82%D0%B0-%D0%B7%D0%BE%D0%BE%D0%BB%D0%BE%D0%B3%D0%B8%D1%87%D0%B5/feed/ HTTP/1.1" 200 607 "-" "Mozilla/5.0 (compatible; AhrefsBot/7.0; +http://ahrefs.com/robot/)"
52.167.144.233 - - [05/Apr/2026:16:59:06 +0200] "GET /%D0%BD%D0%B0-%D0%B4%D0%BD%D0%B5%D1%88%D0%BD%D0%B0%D1%82%D0%B0-%D0%B4%D0%B0%D1%82%D0%B0-%D0%B5-%D1%80%D0%BE%D0%B4%D0%B5%D0%BD-%D0%B1%D1%8A%D0%BB%D0%B3%D0%B0%D1%80%D1%81%D0%BA%D0%B8%D1%8F%D1%82-%D0%B2/ HTTP/1.1" 200 21514 "-" "Mozilla/5.0 (iPhone; CPU iPhone OS 7_0 like Mac OS X) AppleWebKit/537.51.1 (KHTML, like Gecko) Version/7.0 Mobile/11A465 Safari/9537.53 (compatible; bingbot/2.0; +http://www.bing.com/bingbot.htm)"
66.249.69.133 - - [05/Apr/2026:16:59:16 +0200] "GET /%D0%BA%D1%8A%D1%89%D0%B0-%D0%BC%D1%83%D0%B7%D0%B5%D0%B9-%D0%B8%D0%B2%D0%B0%D0%BD-%D0%B2%D0%B0%D0%B7%D0%BE%D0%B2-%D0%B2-%D1%81%D0%BE%D0%BF%D0%BE%D1%82/ HTTP/1.1" 200 22803 "-" "Mozilla/5.0 (Linux; Android 6.0.1; Nexus 5X Build/MMB29P) AppleWebKit/537.36 (KHTML, like Gecko) Chrome/146.0.7680.177 Mobile Safari/537.36 (compatible; Googlebot/2.1; +http://www.google.com/bot.html)"
40.77.167.23 - - [05/Apr/2026:16:59:17 +0200] "GET /wp-content/uploads/2018/12/640-420-vyzpomenatelna-panihida-za-anton-petrov.jpg HTTP/1.1" 200 92977 "-" "Mozilla/5.0 AppleWebKit/537.36 (KHTML, like Gecko; compatible; bingbot/2.0; +http://www.bing.com/bingbot.htm) Chrome/116.0.1938.76 Safari/537.36"
198.244.242.140 - - [05/Apr/2026:16:59:27 +0200] "GET /%D0%BD%D0%B0-30-%D1%81%D0%B5%D0%BF%D1%82%D0%B5%D0%BC%D0%B2%D1%80%D0%B8-1879-%D0%B3-%D1%81%D0%B5-%D0%BF%D1%80%D0%BE%D0%B2%D0%B5%D0%B6%D0%B4%D0%B0%D1%82-%D0%BF%D1%8A%D1%80%D0%B2%D0%B8%D1%82%D0%B5/feed/ HTTP/1.1" 200 616 "-" "Mozilla/5.0 (compatible; AhrefsBot/7.0; +http://ahrefs.com/robot/)"
40.77.167.23 - - [05/Apr/2026:16:59:28 +0200] "GET /%D0%B4%D0%BD%D0%B5%D1%81-%D1%81%D0%B8-%D1%81%D0%BF%D0%BE%D0%BC%D0%BD%D1%8F%D0%BC%D0%B5-%D0%B7%D0%B0-%D0%B1%D1%8A%D0%BB%D0%B3%D0%B0%D1%80%D1%81%D0%BA%D0%B8%D1%8F-%D0%B0%D0%B2%D0%B8%D0%BE%D0%B8%D0%BD/ HTTP/1.1" 200 23004 "-" "Mozilla/5.0 (iPhone; CPU iPhone OS 7_0 like Mac OS X) AppleWebKit/537.51.1 (KHTML, like Gecko) Version/7.0 Mobile/11A465 Safari/9537.53 (compatible; bingbot/2.0; +http://www.bing.com/bingbot.htm)"
188.239.57.145 - - [05/Apr/2026:16:59:29 +0200] "GET /tag/%d0%b1%d1%8a%d0%bb%d0%b3%d0%b0%d1%80%d1%81%d0%ba%d0%b8-%d1%84%d1%83%d1%82%d0%b1%d0%be%d0%bb/page/3/ HTTP/1.1" 200 16766 "-" "Mozilla/5.0 (Windows NT 10.0; Win64; x64) AppleWebKit/537.36 (KHTML, like Gecko) Chrome/141.0.0.0 Safari/537.36"
52.167.144.171 - - [05/Apr/2026:16:59:42 +0200] "GET /wp-content/uploads/2018/10/Asen_Jordanov-351x420.png HTTP/1.1" 200 108692 "-" "Mozilla/5.0 AppleWebKit/537.36 (KHTML, like Gecko; compatible; bingbot/2.0; +http://www.bing.com/bingbot.htm) Chrome/116.0.1938.76 Safari/537.36"
222.165.190.235 - - [05/Apr/2026:16:59:44 +0200] "GET /wp-login.php HTTP/1.1" 200 1168 "-" "Mozilla/5.0 (Macintosh; Intel Mac OS X 10_13_2) AppleWebKit/537.36 (KHTML, like Gecko) Chrome/66.0.3359.181 Safari/537.36"
2a03:2880:3ff:7:: - - [05/Apr/2026:16:59:44 +0200] "GET /robots.txt HTTP/1.1" 200 66 "-" "facebookexternalhit/1.1 (+http://www.facebook.com/externalhit_uatext.php)"
222.165.190.235 - - [05/Apr/2026:16:59:44 +0200] "POST /wp-login.php HTTP/1.1" 200 1530 "https://patrioti.net/wp-login.php" "Mozilla/5.0 (Macintosh; Intel Mac OS X 10_13_2) AppleWebKit/537.36 (KHTML, like Gecko) Chrome/66.0.3359.181 Safari/537.36"
54.38.147.210 - - [05/Apr/2026:16:59:47 +0200] "GET /wp-content/cache/page_enhanced/patrioti.net/%D0%BF%D0%B5%D0%BD%D1%87%D0%BE-%D1%87%D0%B5%D1%80%D0%BA%D0%BE%D0%B2%D1%81%D0%BA%D0%B8-%D0%B2%D0%B8%D0%B4%D0%B5%D0%BD-%D1%80%D0%B5%D0%B2%D0%BE%D0%BB%D1%8E%D1%86%D0%B8%D0%BE%D0%BD%D0%B5%D1%80/?C=N;O=D HTTP/1.1" 200 403 "-" "Mozilla/5.0 (compatible; AhrefsBot/7.0; +http://ahrefs.com/robot/)"
66.249.69.132 - - [05/Apr/2026:16:59:49 +0200] "GET /robots.txt HTTP/1.1" 200 66 "-" "Mozilla/5.0 (compatible; Googlebot/2.1; +http://www.google.com/bot.html)"
66.249.69.132 - - [05/Apr/2026:16:59:49 +0200] "GET /tag/%D0%B1%D1%8A%D0%B4%D0%B5%D1%82%D0%B5-%D0%B3%D0%BE%D1%80%D0%B4%D0%B8-%D0%B1%D1%8A%D0%BB%D0%B3%D0%B0%D1%80%D0%B8/page/124/ HTTP/1.1" 200 16990 "-" "Mozilla/5.0 (Linux; Android 6.0.1; Nexus 5X Build/MMB29P) AppleWebKit/537.36 (KHTML, like Gecko) Chrome/146.0.7680.177 Mobile Safari/537.36 (compatible; Googlebot/2.1; +http://www.google.com/bot.html)"
51.89.129.186 - - [05/Apr/2026:17:00:11 +0200] "GET /wp-content/plugins/td-composer/assets/less_wrap/ HTTP/1.1" 200 429 "-" "Mozilla/5.0 (compatible; AhrefsBot/7.0; +http://ahrefs.com/robot/)"
161.97.137.93 - - [05/Apr/2026:17:00:13 +0200] "POST /wp-cron.php?doing_wp_cron=1775401212.7413918972015380859375 HTTP/1.1" 404 15246 "https://patrioti.net/wp-cron.php?doing_wp_cron=1775401212.7413918972015380859375" "WordPress/4.9.26; https://patrioti.net"
23.98.142.182 - - [05/Apr/2026:17:00:13 +0200] "GET /%D1%81%D1%82%D0%B0%D1%80%D0%BE%D0%B7%D0%B0%D0%B3%D0%BE%D1%80%D1%81%D0%BA%D0%BE%D1%82%D0%BE-%D0%B2%D1%8A%D1%81%D1%82%D0%B0%D0%BD%D0%B8%D0%B5-6-%D1%81%D0%B5%D0%BB%D1%81%D0%BA%D0%B8-%D1%87%D0%B5%D1%82/ HTTP/1.1" 200 21194 "-" "Mozilla/5.0 AppleWebKit/537.36 (KHTML, like Gecko); compatible; ChatGPT-User/1.0; +https://openai.com/bot"
220.181.51.88 - - [05/Apr/2026:17:00:17 +0200] "GET /?p=11581 HTTP/1.1" 301 0 "-" "Mozilla/5.0 (Windows NT 10.0; WOW64) AppleWebKit/537.36 (KHTML, like Gecko) Chrome/48.0.2564.116 Safari/537.36"
220.181.51.88 - - [05/Apr/2026:17:00:19 +0200] "GET /%D0%B4%D0%BD%D0%B5%D1%81-%D0%BE%D1%82%D0%B1%D0%B5%D0%BB%D1%8F%D0%B7%D0%B2%D0%B0%D0%BC%D0%B5-%D1%80%D0%BE%D0%B6%D0%B4%D0%B5%D0%BD%D0%B8%D0%B5%D1%82%D0%BE-%D0%BD%D0%B0-%D0%BF%D0%BE%D0%B4%D0%BF%D0%BE/ HTTP/1.1" 200 21396 "-" "Mozilla/5.0 (Windows NT 10.0; WOW64) AppleWebKit/537.36 (KHTML, like Gecko) Chrome/48.0.2564.116 Safari/537.36"
66.249.69.132 - - [05/Apr/2026:17:00:21 +0200] "GET /author/patrioti/page/18/ HTTP/1.1" 200 17671 "-" "Mozilla/5.0 (Linux; Android 6.0.1; Nexus 5X Build/MMB29P) AppleWebKit/537.36 (KHTML, like Gecko) Chrome/146.0.7680.177 Mobile Safari/537.36 (compatible; Googlebot/2.1; +http://www.google.com/bot.html)"
40.77.167.23 - - [05/Apr/2026:17:00:29 +0200] "GET /?s=Big+Dumb+Eyes HTTP/1.1" 200 15279 "-" "Mozilla/5.0 AppleWebKit/537.36 (KHTML, like Gecko; compatible; bingbot/2.0; +http://www.bing.com/bingbot.htm) Chrome/116.0.1938.76 Safari/537.36"
198.244.183.224 - - [05/Apr/2026:17:00:54 +0200] "GET /%D0%B4%D0%BD%D0%B5%D1%81-%D0%B5-%D1%80%D0%BE%D0%B4%D0%B5%D0%BD-%D0%B1%D1%8A%D0%BB%D0%B3%D0%B0%D1%80%D1%81%D0%BA%D0%B8%D1%8F%D1%82-%D1%81%D1%86%D0%B5%D0%BD%D0%B0%D1%80%D0%B8%D1%81%D1%82-%D0%B8-%D0%BF/feed/ HTTP/1.1" 200 602 "-" "Mozilla/5.0 (compatible; AhrefsBot/7.0; +http://ahrefs.com/robot/)"
46.250.172.172 - - [05/Apr/2026:17:01:10 +0200] "GET /tag/%d0%bc%d0%b0%d0%ba%d0%b5%d0%b4%d0%be%d0%bd%d0%b8%d1%8f/page/18/ HTTP/1.1" 200 17301 "-" "Mozilla/5.0 (Macintosh; Intel Mac OS X 10_15_7) AppleWebKit/537.36 (KHTML, like Gecko) Chrome/141.0.0.0 Safari/537.36"
161.97.137.93 - - [05/Apr/2026:17:01:16 +0200] "POST /wp-cron.php?doing_wp_cron=1775401276.4639639854431152343750 HTTP/1.1" 404 15247 "https://patrioti.net/wp-cron.php?doing_wp_cron=1775401276.4639639854431152343750" "WordPress/4.9.26; https://patrioti.net"
52.167.144.233 - - [05/Apr/2026:17:01:17 +0200] "GET /%D0%BA%D1%80%D0%B0%D1%81%D0%B8%D0%B2%D0%B8%D1%82%D0%B5-%D0%BB%D0%B5%D0%B3%D0%B5%D0%BD%D0%B4%D0%B8-%D0%B7%D0%B0-%D0%BC%D0%BE%D0%BC%D0%B8%D0%BD%D0%B0-%D0%BA%D1%80%D0%B5%D0%BF%D0%BE%D1%81%D1%82/ HTTP/1.1" 200 23202 "-" "Mozilla/5.0 (iPhone; CPU iPhone OS 7_0 like Mac OS X) AppleWebKit/537.51.1 (KHTML, like Gecko) Version/7.0 Mobile/11A465 Safari/9537.53 (compatible; bingbot/2.0; +http://www.bing.com/bingbot.htm)"
198.244.242.69 - - [05/Apr/2026:17:01:17 +0200] "GET /wp-content/cache/page_enhanced/patrioti.net/%D0%B4%D0%BD%D0%B5%D1%81-%D0%B5-%D1%80%D0%BE%D0%B4%D0%B5%D0%BD%D0%B0-%D0%B1%D1%8A%D0%BB%D0%B3%D0%B0%D1%80%D1%81%D0%BA%D0%B0%D1%82%D0%B0-%D1%80%D0%B5%D0%B2%D0%BE%D0%BB%D1%8E%D1%86%D0%B8%D0%BE%D0%BD/?C=S;O=D HTTP/1.1" 200 406 "-" "Mozilla/5.0 (compatible; AhrefsBot/7.0; +http://ahrefs.com/robot/)"
52.167.144.233 - - [05/Apr/2026:17:01:18 +0200] "GET /tag/%D0%BE%D0%B1%D1%89%D0%B5%D1%81%D1%82%D0%B2%D0%B5%D0%BD%D0%B8%D1%8F-%D1%81%D1%8A%D0%B2%D0%B5%D1%82-%D0%BA%D1%8A%D0%BC-%D0%B1%D0%BD%D1%82/ HTTP/1.1" 200 15601 "-" "Mozilla/5.0 AppleWebKit/537.36 (KHTML, like Gecko; compatible; bingbot/2.0; +http://www.bing.com/bingbot.htm) Chrome/116.0.1938.76 Safari/537.36"
66.249.69.134 - - [05/Apr/2026:17:01:27 +0200] "GET /tag/%D1%87%D0%B5%D1%82%D0%B0%D1%82%D0%B0-%D0%BD%D0%B0-%D1%85%D0%B0%D0%B4%D0%B6%D0%B8-%D0%B4%D0%B8%D0%BC%D0%B8%D1%82%D1%8A%D1%80/ HTTP/1.1" 200 16181 "-" "Mozilla/5.0 (Linux; Android 6.0.1; Nexus 5X Build/MMB29P) AppleWebKit/537.36 (KHTML, like Gecko) Chrome/146.0.7680.177 Mobile Safari/537.36 (compatible; Googlebot/2.1; +http://www.google.com/bot.html)"
2a01:5a8:78f:9c5c::1358:6164 - - [05/Apr/2026:17:01:28 +0200] "GET /%D0%BF%D0%BE-%D1%81%D0%BB%D0%B5%D0%B4%D0%B8%D1%82%D0%B5-%D0%BD%D0%B0-%D0%BF%D1%8A%D1%80%D0%B2%D0%B0%D1%82%D0%B0-%D0%B1%D1%8A%D0%BB%D0%B3%D0%B0%D1%80%D1%81%D0%BA%D0%B0-%D0%BB%D0%B5%D0%B3%D0%B8%D1%8F/ HTTP/1.1" 200 22889 "https://www.google.com/" "Mozilla/5.0 (Linux; Android 10; K) AppleWebKit/537.36 (KHTML, like Gecko) Chrome/146.0.0.0 Mobile Safari/537.36"
2a01:5a8:78f:9c5c::1358:6164 - - [05/Apr/2026:17:01:29 +0200] "GET /wp-content/uploads/2019/02/12-06-15-23389_1.jpg HTTP/1.1" 200 209272 "https://patrioti.net/%D0%BF%D0%BE-%D1%81%D0%BB%D0%B5%D0%B4%D0%B8%D1%82%D0%B5-%D0%BD%D0%B0-%D0%BF%D1%8A%D1%80%D0%B2%D0%B0%D1%82%D0%B0-%D0%B1%D1%8A%D0%BB%D0%B3%D0%B0%D1%80%D1%81%D0%BA%D0%B0-%D0%BB%D0%B5%D0%B3%D0%B8%D1%8F/" "Mozilla/5.0 (Linux; Android 10; K) AppleWebKit/537.36 (KHTML, like Gecko) Chrome/146.0.0.0 Mobile Safari/537.36"
2a01:5a8:78f:9c5c::1358:6164 - - [05/Apr/2026:17:01:29 +0200] "GET /wp-content/plugins/onesignal-free-web-push-notifications/sdk_files/manifest.json.php?gcm_sender_id= HTTP/1.1" 200 91 "https://patrioti.net/%D0%BF%D0%BE-%D1%81%D0%BB%D0%B5%D0%B4%D0%B8%D1%82%D0%B5-%D0%BD%D0%B0-%D0%BF%D1%8A%D1%80%D0%B2%D0%B0%D1%82%D0%B0-%D0%B1%D1%8A%D0%BB%D0%B3%D0%B0%D1%80%D1%81%D0%BA%D0%B0-%D0%BB%D0%B5%D0%B3%D0%B8%D1%8F/" "Mozilla/5.0 (Linux; Android 10; K) AppleWebKit/537.36 (KHTML, like Gecko) Chrome/146.0.0.0 Mobile Safari/537.36"
40.77.167.23 - - [05/Apr/2026:17:01:30 +0200] "GET /%D0%BD%D0%B0-5-%D0%B4%D0%B5%D0%BA%D0%B5%D0%BC%D0%B2%D1%80%D0%B8-%D1%86%D1%8A%D1%80%D0%BA%D0%B2%D0%B0%D1%82%D0%B0-%D0%BF%D0%BE%D1%87%D0%B8%D1%82%D0%B0-%D1%81%D0%B2-%D0%BF%D1%80%D0%B5%D0%BF%D0%BE%D0%B4/ HTTP/1.1" 200 21770 "-" "Mozilla/5.0 (iPhone; CPU iPhone OS 7_0 like Mac OS X) AppleWebKit/537.51.1 (KHTML, like Gecko) Version/7.0 Mobile/11A465 Safari/9537.53 (compatible; bingbot/2.0; +http://www.bing.com/bingbot.htm)"
51.89.129.151 - - [05/Apr/2026:17:01:39 +0200] "GET /%D0%BD%D0%B0-25-%D0%B0%D0%B2%D0%B3%D1%83%D1%81%D1%82-%D0%BF%D0%BE%D1%87%D0%B8%D1%82%D0%B0%D0%BC%D0%B5-%D0%BF%D0%B0%D0%BC%D0%B5%D1%82%D1%82%D0%B0-%D0%BD%D0%B0-%D0%B1%D1%8A%D0%BB%D0%B3%D0%B0%D1%80%D1%81/ HTTP/1.1" 200 22570 "-" "Mozilla/5.0 (compatible; AhrefsBot/7.0; +http://ahrefs.com/robot/)"
4.193.138.190 - - [05/Apr/2026:17:01:39 +0200] "GET /inputs.php HTTP/1.1" 404 15247 "-" "Mozilla/5.0 (Windows NT 10.0; Win64; x64) AppleWebKit/537.36 (KHTML, like Gecko) Chrome/120.0.0.0 Safari/537.36"
4.193.138.190 - - [05/Apr/2026:17:01:39 +0200] "GET /ioxi-o.php HTTP/1.1" 404 15246 "-" "Mozilla/5.0 (Windows NT 10.0; Win64; x64) AppleWebKit/537.36 (KHTML, like Gecko) Chrome/120.0.0.0 Safari/537.36"
17.246.23.59 - - [05/Apr/2026:17:01:40 +0200] "GET /wp-content/uploads/2018/11/08-el-yanev-mu-plovdiv.jpg HTTP/1.1" 200 61950 "-" "Mozilla/5.0 (Macintosh; Intel Mac OS X 10_15_7) AppleWebKit/605.1.15 (KHTML, like Gecko) Version/17.4 Safari/605.1.15 (Applebot/0.1; +http://www.apple.com/go/applebot)"
4.193.138.190 - - [05/Apr/2026:17:01:40 +0200] "GET /function/function.php HTTP/1.1" 404 15246 "-" "Mozilla/5.0 (Windows NT 10.0; Win64; x64) AppleWebKit/537.36 (KHTML, like Gecko) Chrome/120.0.0.0 Safari/537.36"
4.193.138.190 - - [05/Apr/2026:17:01:41 +0200] "GET /rip.php HTTP/1.1" 404 15247 "-" "Mozilla/5.0 (Windows NT 10.0; Win64; x64) AppleWebKit/537.36 (KHTML, like Gecko) Chrome/120.0.0.0 Safari/537.36"
4.193.138.190 - - [05/Apr/2026:17:01:41 +0200] "GET /admin.php HTTP/1.1" 404 15247 "-" "Mozilla/5.0 (Windows NT 10.0; Win64; x64) AppleWebKit/537.36 (KHTML, like Gecko) Chrome/120.0.0.0 Safari/537.36"
4.193.138.190 - - [05/Apr/2026:17:01:42 +0200] "GET /wp-content/uploads/dropdown.php HTTP/1.1" 404 15246 "-" "Mozilla/5.0 (Windows NT 10.0; Win64; x64) AppleWebKit/537.36 (KHTML, like Gecko) Chrome/120.0.0.0 Safari/537.36"
4.193.138.190 - - [05/Apr/2026:17:01:43 +0200] "GET /cache.php HTTP/1.1" 404 15247 "-" "Mozilla/5.0 (Windows NT 10.0; Win64; x64) AppleWebKit/537.36 (KHTML, like Gecko) Chrome/120.0.0.0 Safari/537.36"
4.193.138.190 - - [05/Apr/2026:17:01:44 +0200] "GET /themes.php HTTP/1.1" 404 15246 "-" "Mozilla/5.0 (Windows NT 10.0; Win64; x64) AppleWebKit/537.36 (KHTML, like Gecko) Chrome/120.0.0.0 Safari/537.36"
4.193.138.190 - - [05/Apr/2026:17:01:44 +0200] "GET /an.php HTTP/1.1" 404 15247 "-" "Mozilla/5.0 (Windows NT 10.0; Win64; x64) AppleWebKit/537.36 (KHTML, like Gecko) Chrome/120.0.0.0 Safari/537.36"
4.193.138.190 - - [05/Apr/2026:17:01:45 +0200] "GET /wp-content/function.php HTTP/1.1" 404 15246 "-" "Mozilla/5.0 (Windows NT 10.0; Win64; x64) AppleWebKit/537.36 (KHTML, like Gecko) Chrome/120.0.0.0 Safari/537.36"
4.193.138.190 - - [05/Apr/2026:17:01:45 +0200] "GET /randkeyword.PhP7 HTTP/1.1" 404 15247 "-" "Mozilla/5.0 (Windows NT 10.0; Win64; x64) AppleWebKit/537.36 (KHTML, like Gecko) Chrome/120.0.0.0 Safari/537.36"
4.193.138.190 - - [05/Apr/2026:17:01:46 +0200] "GET /ws.php HTTP/1.1" 404 15247 "-" "Mozilla/5.0 (Windows NT 10.0; Win64; x64) AppleWebKit/537.36 (KHTML, like Gecko) Chrome/120.0.0.0 Safari/537.36"
4.193.138.190 - - [05/Apr/2026:17:01:47 +0200] "GET /wp-admin/user.php HTTP/1.1" 404 15249 "-" "Mozilla/5.0 (Windows NT 10.0; Win64; x64) AppleWebKit/537.36 (KHTML, like Gecko) Chrome/120.0.0.0 Safari/537.36"
4.193.138.190 - - [05/Apr/2026:17:01:48 +0200] "GET /wp-conf.php HTTP/1.1" 404 15246 "-" "Mozilla/5.0 (Windows NT 10.0; Win64; x64) AppleWebKit/537.36 (KHTML, like Gecko) Chrome/120.0.0.0 Safari/537.36"
4.193.138.190 - - [05/Apr/2026:17:01:48 +0200] "GET /wp-content/themes/hideo/network.php HTTP/1.1" 404 15247 "-" "Mozilla/5.0 (Windows NT 10.0; Win64; x64) AppleWebKit/537.36 (KHTML, like Gecko) Chrome/120.0.0.0 Safari/537.36"
40.77.167.23 - - [05/Apr/2026:17:01:49 +0200] "GET /?s=%E0%B9%85photo HTTP/1.1" 200 15286 "-" "Mozilla/5.0 AppleWebKit/537.36 (KHTML, like Gecko; compatible; bingbot/2.0; +http://www.bing.com/bingbot.htm) Chrome/116.0.1938.76 Safari/537.36"
4.193.138.190 - - [05/Apr/2026:17:01:49 +0200] "GET /wp-login.php HTTP/1.1" 200 1168 "-" "Mozilla/5.0 (Windows NT 10.0; Win64; x64) AppleWebKit/537.36 (KHTML, like Gecko) Chrome/120.0.0.0 Safari/537.36"
4.193.138.190 - - [05/Apr/2026:17:01:49 +0200] "GET /abc.php HTTP/1.1" 404 15247 "-" "Mozilla/5.0 (Windows NT 10.0; Win64; x64) AppleWebKit/537.36 (KHTML, like Gecko) Chrome/120.0.0.0 Safari/537.36"
4.193.138.190 - - [05/Apr/2026:17:01:50 +0200] "GET /abcd.php HTTP/1.1" 404 15247 "-" "Mozilla/5.0 (Windows NT 10.0; Win64; x64) AppleWebKit/537.36 (KHTML, like Gecko) Chrome/120.0.0.0 Safari/537.36"
4.193.138.190 - - [05/Apr/2026:17:01:51 +0200] "GET /as.php HTTP/1.1" 404 15246 "-" "Mozilla/5.0 (Windows NT 10.0; Win64; x64) AppleWebKit/537.36 (KHTML, like Gecko) Chrome/120.0.0.0 Safari/537.36"
4.193.138.190 - - [05/Apr/2026:17:01:51 +0200] "GET /wp-trackback.php HTTP/1.1" 404 104 "-" "Mozilla/5.0 (Windows NT 10.0; Win64; x64) AppleWebKit/537.36 (KHTML, like Gecko) Chrome/120.0.0.0 Safari/537.36"
4.193.138.190 - - [05/Apr/2026:17:01:52 +0200] "GET /about.php HTTP/1.1" 404 15245 "-" "Mozilla/5.0 (Windows NT 10.0; Win64; x64) AppleWebKit/537.36 (KHTML, like Gecko) Chrome/120.0.0.0 Safari/537.36"
4.193.138.190 - - [05/Apr/2026:17:01:53 +0200] "GET /file.php HTTP/1.1" 404 15248 "-" "Mozilla/5.0 (Windows NT 10.0; Win64; x64) AppleWebKit/537.36 (KHTML, like Gecko) Chrome/120.0.0.0 Safari/537.36"
4.193.138.190 - - [05/Apr/2026:17:01:53 +0200] "GET /adminfuns.php HTTP/1.1" 404 15248 "-" "Mozilla/5.0 (Windows NT 10.0; Win64; x64) AppleWebKit/537.36 (KHTML, like Gecko) Chrome/120.0.0.0 Safari/537.36"
4.193.138.190 - - [05/Apr/2026:17:01:54 +0200] "GET /wp-good.php HTTP/1.1" 404 15247 "-" "Mozilla/5.0 (Windows NT 10.0; Win64; x64) AppleWebKit/537.36 (KHTML, like Gecko) Chrome/120.0.0.0 Safari/537.36"
185.191.171.10 - - [05/Apr/2026:17:01:54 +0200] "GET /author/petya-petkova/page/757/ HTTP/1.1" 200 17406 "-" "Mozilla/5.0 (compatible; SemrushBot/7~bl; +http://www.semrush.com/bot.html)"
4.193.138.190 - - [05/Apr/2026:17:01:55 +0200] "GET /xmlrpc.php HTTP/1.1" 404 15246 "-" "Mozilla/5.0 (Windows NT 10.0; Win64; x64) AppleWebKit/537.36 (KHTML, like Gecko) Chrome/120.0.0.0 Safari/537.36"
4.193.138.190 - - [05/Apr/2026:17:01:55 +0200] "GET /goods.php HTTP/1.1" 404 15247 "-" "Mozilla/5.0 (Windows NT 10.0; Win64; x64) AppleWebKit/537.36 (KHTML, like Gecko) Chrome/120.0.0.0 Safari/537.36"
103.121.89.157 - - [05/Apr/2026:17:01:56 +0200] "GET /wp-login.php HTTP/1.1" 200 1168 "-" "Mozilla/5.0 (Macintosh; Intel Mac OS X 10_13_3) AppleWebKit/537.36 (KHTML, like Gecko) Chrome/65.0.3325.146 Safari/537.36"
4.193.138.190 - - [05/Apr/2026:17:01:56 +0200] "GET /class-t.api.php HTTP/1.1" 404 15247 "-" "Mozilla/5.0 (Windows NT 10.0; Win64; x64) AppleWebKit/537.36 (KHTML, like Gecko) Chrome/120.0.0.0 Safari/537.36"
4.193.138.190 - - [05/Apr/2026:17:01:57 +0200] "GET /sf.php HTTP/1.1" 404 15247 "-" "Mozilla/5.0 (Windows NT 10.0; Win64; x64) AppleWebKit/537.36 (KHTML, like Gecko) Chrome/120.0.0.0 Safari/537.36"
103.121.89.157 - - [05/Apr/2026:17:01:58 +0200] "POST /wp-login.php HTTP/1.1" 200 1565 "https://patrioti.net/wp-login.php" "Mozilla/5.0 (Macintosh; Intel Mac OS X 10_13_3) AppleWebKit/537.36 (KHTML, like Gecko) Chrome/65.0.3325.146 Safari/537.36"
4.193.138.190 - - [05/Apr/2026:17:01:58 +0200] "GET /kbfr.php HTTP/1.1" 404 15247 "-" "Mozilla/5.0 (Windows NT 10.0; Win64; x64) AppleWebKit/537.36 (KHTML, like Gecko) Chrome/120.0.0.0 Safari/537.36"
4.193.138.190 - - [05/Apr/2026:17:01:58 +0200] "GET /autoload_classmap.php HTTP/1.1" 404 15246 "-" "Mozilla/5.0 (Windows NT 10.0; Win64; x64) AppleWebKit/537.36 (KHTML, like Gecko) Chrome/120.0.0.0 Safari/537.36"
194.32.155.65 - - [05/Apr/2026:17:01:58 +0200] "GET /wp-login.php HTTP/1.1" 200 1168 "-" "Mozilla/5.0 (Windows NT 6.2; Win64; x64) AppleWebKit/537.36 (KHTML, like Gecko) Chrome/52.0.2743.116 Safari/537.36 Edge/15.15063"
4.193.138.190 - - [05/Apr/2026:17:01:59 +0200] "GET /chosen.php?p= HTTP/1.1" 301 0 "-" "Mozilla/5.0 (Windows NT 10.0; Win64; x64) AppleWebKit/537.36 (KHTML, like Gecko) Chrome/120.0.0.0 Safari/537.36"
194.32.155.65 - - [05/Apr/2026:17:01:59 +0200] "POST /wp-login.php HTTP/1.1" 200 1563 "https://patrioti.net/wp-login.php" "Mozilla/5.0 (Windows NT 6.2; Win64; x64) AppleWebKit/537.36 (KHTML, like Gecko) Chrome/52.0.2743.116 Safari/537.36 Edge/15.15063"
4.193.138.190 - - [05/Apr/2026:17:02:00 +0200] "GET /classwithtostring.php HTTP/1.1" 404 15247 "-" "Mozilla/5.0 (Windows NT 10.0; Win64; x64) AppleWebKit/537.36 (KHTML, like Gecko) Chrome/120.0.0.0 Safari/537.36"
4.193.138.190 - - [05/Apr/2026:17:02:00 +0200] "GET /defaults.php HTTP/1.1" 404 15245 "-" "Mozilla/5.0 (Windows NT 10.0; Win64; x64) AppleWebKit/537.36 (KHTML, like Gecko) Chrome/120.0.0.0 Safari/537.36"
51.195.183.246 - - [05/Apr/2026:17:02:01 +0200] "GET /wp-content/cache/page_enhanced/patrioti.net/%D0%BD%D0%B0-%D0%B4%D0%BD%D0%B5%D1%88%D0%BD%D0%B8%D1%8F-%D0%B4%D0%B5%D0%BD-%D0%B5-%D1%80%D0%BE%D0%B4%D0%B5%D0%BD-%D0%BE%D0%BF%D0%B5%D1%80%D0%BD%D0%B8%D1%8F%D1%82-%D0%BF%D0%B5%D0%B2%D0%B5%D1%86-%D0%BC/basa_690k-1-40_mihail_popov_bg_scenic_art_1900-1932_crop-2/?C=M;O=A HTTP/1.1" 200 518 "-" "Mozilla/5.0 (compatible; AhrefsBot/7.0; +http://ahrefs.com/robot/)"
4.193.138.190 - - [05/Apr/2026:17:02:01 +0200] "GET /.well-known/ HTTP/1.1" 200 329 "-" "Mozilla/5.0 (Windows NT 10.0; Win64; x64) AppleWebKit/537.36 (KHTML, like Gecko) Chrome/120.0.0.0 Safari/537.36"
4.193.138.190 - - [05/Apr/2026:17:02:01 +0200] "GET /info.php HTTP/1.1" 404 15248 "-" "Mozilla/5.0 (Windows NT 10.0; Win64; x64) AppleWebKit/537.36 (KHTML, like Gecko) Chrome/120.0.0.0 Safari/537.36"
4.193.138.190 - - [05/Apr/2026:17:02:03 +0200] "GET /cgi-bin/ HTTP/1.1" 502 552 "-" "Mozilla/5.0 (Windows NT 10.0; Win64; x64) AppleWebKit/537.36 (KHTML, like Gecko) Chrome/120.0.0.0 Safari/537.36"
4.193.138.190 - - [05/Apr/2026:17:02:03 +0200] "GET /wp-admin/images/ HTTP/1.1" 502 552 "-" "Mozilla/5.0 (Windows NT 10.0; Win64; x64) AppleWebKit/537.36 (KHTML, like Gecko) Chrome/120.0.0.0 Safari/537.36"
4.193.138.190 - - [05/Apr/2026:17:02:03 +0200] "GET /wp-includes/Requests/src/Response/1.php HTTP/1.1" 502 552 "-" "Mozilla/5.0 (Windows NT 10.0; Win64; x64) AppleWebKit/537.36 (KHTML, like Gecko) Chrome/120.0.0.0 Safari/537.36"
4.193.138.190 - - [05/Apr/2026:17:02:04 +0200] "GET /wp-includes/html-api/photo.php HTTP/1.1" 502 552 "-" "Mozilla/5.0 (Windows NT 10.0; Win64; x64) AppleWebKit/537.36 (KHTML, like Gecko) Chrome/120.0.0.0 Safari/537.36"
4.193.138.190 - - [05/Apr/2026:17:02:04 +0200] "GET /wp-content/admin.php HTTP/1.1" 502 552 "-" "Mozilla/5.0 (Windows NT 10.0; Win64; x64) AppleWebKit/537.36 (KHTML, like Gecko) Chrome/120.0.0.0 Safari/537.36"
4.193.138.190 - - [05/Apr/2026:17:02:04 +0200] "GET /wp-admin/css/colors/ectoplasm/ HTTP/1.1" 200 396 "-" "Mozilla/5.0 (Windows NT 10.0; Win64; x64) AppleWebKit/537.36 (KHTML, like Gecko) Chrome/120.0.0.0 Safari/537.36"
4.193.138.190 - - [05/Apr/2026:17:02:05 +0200] "GET /wp-content/uploads/ HTTP/1.1" 200 423 "-" "Mozilla/5.0 (Windows NT 10.0; Win64; x64) AppleWebKit/537.36 (KHTML, like Gecko) Chrome/120.0.0.0 Safari/537.36"
4.193.138.190 - - [05/Apr/2026:17:02:05 +0200] "GET /wp-content/themes/admin.php HTTP/1.1" 404 15248 "-" "Mozilla/5.0 (Windows NT 10.0; Win64; x64) AppleWebKit/537.36 (KHTML, like Gecko) Chrome/120.0.0.0 Safari/537.36"
4.193.138.190 - - [05/Apr/2026:17:02:06 +0200] "GET /wp-content/plugins/index.php HTTP/1.1" 301 0 "-" "Mozilla/5.0 (Windows NT 10.0; Win64; x64) AppleWebKit/537.36 (KHTML, like Gecko) Chrome/120.0.0.0 Safari/537.36"
4.193.138.190 - - [05/Apr/2026:17:02:07 +0200] "GET /wp-includes/PHPMailer/ HTTP/1.1" 404 15247 "-" "Mozilla/5.0 (Windows NT 10.0; Win64; x64) AppleWebKit/537.36 (KHTML, like Gecko) Chrome/120.0.0.0 Safari/537.36"
4.193.138.190 - - [05/Apr/2026:17:02:07 +0200] "GET /wsoyanz.php HTTP/1.1" 404 15246 "-" "Mozilla/5.0 (Windows NT 10.0; Win64; x64) AppleWebKit/537.36 (KHTML, like Gecko) Chrome/120.0.0.0 Safari/537.36"
4.193.138.190 - - [05/Apr/2026:17:02:08 +0200] "GET /xleet.php HTTP/1.1" 404 15247 "-" "Mozilla/5.0 (Windows NT 10.0; Win64; x64) AppleWebKit/537.36 (KHTML, like Gecko) Chrome/120.0.0.0 Safari/537.36"
4.193.138.190 - - [05/Apr/2026:17:02:09 +0200] "GET /xmrlpc.php HTTP/1.1" 404 15245 "-" "Mozilla/5.0 (Windows NT 10.0; Win64; x64) AppleWebKit/537.36 (KHTML, like Gecko) Chrome/120.0.0.0 Safari/537.36"
161.97.137.93 - - [05/Apr/2026:17:02:29 +0200] "POST /wp-cron.php?doing_wp_cron=1775401349.1511750221252441406250 HTTP/1.1" 404 15246 "https://patrioti.net/wp-cron.php?doing_wp_cron=1775401349.1511750221252441406250" "WordPress/4.9.26; https://patrioti.net"
51.89.129.175 - - [05/Apr/2026:17:02:29 +0200] "GET /%D0%BD%D0%B0-5-%D0%BC%D0%B0%D0%B9-1919-%D0%B3-%D0%B5-%D1%80%D0%BE%D0%B4%D0%B5%D0%BD-%D0%B1%D1%8A%D0%BB%D0%B3%D0%B0%D1%80%D1%81%D0%BA%D0%B8%D1%8F%D1%82-%D0%B4%D0%B8%D1%80%D0%B8%D0%B3%D0%B5%D0%BD%D1%82/ HTTP/1.1" 200 20912 "-" "Mozilla/5.0 (compatible; AhrefsBot/7.0; +http://ahrefs.com/robot/)"
40.77.167.23 - - [05/Apr/2026:17:02:31 +0200] "GET /%D0%B8%D0%BC%D0%B5%D0%BD%D0%BD%D0%B8%D0%BA%D1%8A%D1%82-%D0%BD%D0%B0-%D0%B1%D1%8A%D0%BB%D0%B3%D0%B0%D1%80%D1%81%D0%BA%D0%B8%D1%82%D0%B5-%D1%85%D0%B0%D0%BD%D0%BE%D0%B2%D0%B5-%D0%B8/ HTTP/1.1" 200 22451 "-" "Mozilla/5.0 (iPhone; CPU iPhone OS 7_0 like Mac OS X) AppleWebKit/537.51.1 (KHTML, like Gecko) Version/7.0 Mobile/11A465 Safari/9537.53 (compatible; bingbot/2.0; +http://www.bing.com/bingbot.htm)"
66.249.69.132 - - [05/Apr/2026:17:02:32 +0200] "GET /%D0%B4%D0%BD%D0%B5%D1%81-%D0%B5-%D1%80%D0%BE%D0%B4%D0%B5%D0%BD-%D0%B1%D1%8A%D0%BB%D0%B3%D0%B0%D1%80%D1%81%D0%BA%D0%B8%D1%8F%D1%82-%D1%81%D0%BA%D1%83%D0%BB%D0%BF%D1%82%D0%BE%D1%80-%D0%B4%D0%B8%D0%BB/dilian_orsay-jps/ HTTP/1.1" 200 16670 "-" "Mozilla/5.0 (Linux; Android 6.0.1; Nexus 5X Build/MMB29P) AppleWebKit/537.36 (KHTML, like Gecko) Chrome/146.0.7680.177 Mobile Safari/537.36 (compatible; Googlebot/2.1; +http://www.google.com/bot.html)"
198.244.226.182 - - [05/Apr/2026:17:02:56 +0200] "GET /tag/%D0%BB%D0%B0%D0%BB%D1%8E-%D0%BC%D0%B5%D1%82%D0%B5%D0%B2-%D1%87%D0%B5%D1%85%D0%BB%D0%B0%D1%80%D0%BE%D0%B2/ HTTP/1.1" 200 15830 "-" "Mozilla/5.0 (compatible; AhrefsBot/7.0; +http://ahrefs.com/robot/)"
185.191.171.10 - - [05/Apr/2026:17:03:01 +0200] "GET /%D0%BD%D0%B0-15-%D1%8E%D0%BB%D0%B8-%D0%B5-%D1%80%D0%BE%D0%B4%D0%B5%D0%BD-%D1%84%D1%83%D1%82%D0%B1%D0%BE%D0%BB%D0%B8%D1%81%D1%82%D1%8A%D1%82-%D0%BF%D0%B5%D1%82%D1%8A%D1%80-%D0%BC%D0%B8%D1%85%D1%82/ HTTP/1.1" 502 150 "-" "Mozilla/5.0 (compatible; SemrushBot/7~bl; +http://www.semrush.com/bot.html)"
149.62.206.10 - - [05/Apr/2026:17:03:04 +0200] "GET /tag/%D0%B4%D0%B8%D0%BC%D0%B8%D1%82%D1%8A%D1%80-%D0%BD%D0%B8%D0%BA%D0%BE%D0%BB%D0%BE%D0%B2-%D0%B7%D0%B0%D1%80%D0%B0%D0%BB%D0%B8%D1%8F%D1%82%D0%B0/ HTTP/1.1" 200 15488 "https://www.google.com/" "Mozilla/5.0 (Linux; Android 10; K) AppleWebKit/537.36 (KHTML, like Gecko) Chrome/146.0.0.0 Mobile Safari/537.36"
149.62.206.10 - - [05/Apr/2026:17:03:04 +0200] "GET /wp-content/uploads/2019/02/Dimitar_Nikolov-324x160.jpg HTTP/1.1" 200 11229 "https://patrioti.net/tag/%D0%B4%D0%B8%D0%BC%D0%B8%D1%82%D1%8A%D1%80-%D0%BD%D0%B8%D0%BA%D0%BE%D0%BB%D0%BE%D0%B2-%D0%B7%D0%B0%D1%80%D0%B0%D0%BB%D0%B8%D1%8F%D1%82%D0%B0/" "Mozilla/5.0 (Linux; Android 10; K) AppleWebKit/537.36 (KHTML, like Gecko) Chrome/146.0.0.0 Mobile Safari/537.36"
24.166.36.51 - - [05/Apr/2026:17:03:06 +0200] "GET /wp-json/ HTTP/1.1" 200 6424 "-" "Mozilla/5.0 (Linux; Android 4.4.2) AppleWebKit/535.0 (KHTML, like Gecko) Chrome/61.0.823.0 Safari/535.0"
20.200.222.0 - - [05/Apr/2026:17:03:12 +0200] "GET /100.php HTTP/1.1" 404 15247 "-" "Mozilla/5.0 (Windows NT 10.0; Win64; x64) AppleWebKit/537.36 (KHTML, like Gecko) Chrome/120.0.0.0 Safari/537.36"
198.244.242.250 - - [05/Apr/2026:17:03:12 +0200] "GET /%D0%BD%D0%B0-17-%D0%BC%D0%B0%D0%B9-1956-%D0%B3-%D0%BD%D0%B0%D1%80%D0%BE%D0%B4%D0%BD%D0%B0-%D1%80%D0%B5%D0%BF%D1%83%D0%B1%D0%BB%D0%B8%D0%BA%D0%B0-%D0%B1%D1%8A%D0%BB%D0%B3%D0%B0%D1%80%D0%B8%D1%8F/ HTTP/1.1" 200 20554 "-" "Mozilla/5.0 (compatible; AhrefsBot/7.0; +http://ahrefs.com/robot/)"
20.200.222.0 - - [05/Apr/2026:17:03:12 +0200] "GET /7.php HTTP/1.1" 404 15247 "-" "Mozilla/5.0 (Windows NT 10.0; Win64; x64) AppleWebKit/537.36 (KHTML, like Gecko) Chrome/120.0.0.0 Safari/537.36"
20.200.222.0 - - [05/Apr/2026:17:03:13 +0200] "GET /aa.php HTTP/1.1" 404 15247 "-" "Mozilla/5.0 (Windows NT 10.0; Win64; x64) AppleWebKit/537.36 (KHTML, like Gecko) Chrome/120.0.0.0 Safari/537.36"
20.200.222.0 - - [05/Apr/2026:17:03:14 +0200] "GET /wp.php HTTP/1.1" 404 15246 "-" "Mozilla/5.0 (Windows NT 10.0; Win64; x64) AppleWebKit/537.36 (KHTML, like Gecko) Chrome/120.0.0.0 Safari/537.36"
20.200.222.0 - - [05/Apr/2026:17:03:15 +0200] "GET /chosen.php HTTP/1.1" 404 15247 "-" "Mozilla/5.0 (Windows NT 10.0; Win64; x64) AppleWebKit/537.36 (KHTML, like Gecko) Chrome/120.0.0.0 Safari/537.36"
20.200.222.0 - - [05/Apr/2026:17:03:15 +0200] "GET /abcd.php HTTP/1.1" 404 15247 "-" "Mozilla/5.0 (Windows NT 10.0; Win64; x64) AppleWebKit/537.36 (KHTML, like Gecko) Chrome/120.0.0.0 Safari/537.36"
20.200.222.0 - - [05/Apr/2026:17:03:16 +0200] "GET /as.php HTTP/1.1" 404 15248 "-" "Mozilla/5.0 (Windows NT 10.0; Win64; x64) AppleWebKit/537.36 (KHTML, like Gecko) Chrome/120.0.0.0 Safari/537.36"
20.200.222.0 - - [05/Apr/2026:17:03:17 +0200] "GET /2.php HTTP/1.1" 404 15247 "-" "Mozilla/5.0 (Windows NT 10.0; Win64; x64) AppleWebKit/537.36 (KHTML, like Gecko) Chrome/120.0.0.0 Safari/537.36"
20.200.222.0 - - [05/Apr/2026:17:03:17 +0200] "GET /abc.php HTTP/1.1" 404 15247 "-" "Mozilla/5.0 (Windows NT 10.0; Win64; x64) AppleWebKit/537.36 (KHTML, like Gecko) Chrome/120.0.0.0 Safari/537.36"
20.200.222.0 - - [05/Apr/2026:17:03:18 +0200] "GET /about.php HTTP/1.1" 404 15247 "-" "Mozilla/5.0 (Windows NT 10.0; Win64; x64) AppleWebKit/537.36 (KHTML, like Gecko) Chrome/120.0.0.0 Safari/537.36"
20.200.222.0 - - [05/Apr/2026:17:03:19 +0200] "GET /0x.php HTTP/1.1" 404 15247 "-" "Mozilla/5.0 (Windows NT 10.0; Win64; x64) AppleWebKit/537.36 (KHTML, like Gecko) Chrome/120.0.0.0 Safari/537.36"
20.200.222.0 - - [05/Apr/2026:17:03:19 +0200] "GET /fff.php HTTP/1.1" 404 15247 "-" "Mozilla/5.0 (Windows NT 10.0; Win64; x64) AppleWebKit/537.36 (KHTML, like Gecko) Chrome/120.0.0.0 Safari/537.36"
20.200.222.0 - - [05/Apr/2026:17:03:20 +0200] "GET /ff1.php HTTP/1.1" 404 15247 "-" "Mozilla/5.0 (Windows NT 10.0; Win64; x64) AppleWebKit/537.36 (KHTML, like Gecko) Chrome/120.0.0.0 Safari/537.36"
20.200.222.0 - - [05/Apr/2026:17:03:21 +0200] "GET /wp-themes.php HTTP/1.1" 404 15247 "-" "Mozilla/5.0 (Windows NT 10.0; Win64; x64) AppleWebKit/537.36 (KHTML, like Gecko) Chrome/120.0.0.0 Safari/537.36"
20.200.222.0 - - [05/Apr/2026:17:03:21 +0200] "GET /adminfuns.php HTTP/1.1" 404 15247 "-" "Mozilla/5.0 (Windows NT 10.0; Win64; x64) AppleWebKit/537.36 (KHTML, like Gecko) Chrome/120.0.0.0 Safari/537.36"
20.200.222.0 - - [05/Apr/2026:17:03:22 +0200] "GET /class-t.api.php HTTP/1.1" 404 15246 "-" "Mozilla/5.0 (Windows NT 10.0; Win64; x64) AppleWebKit/537.36 (KHTML, like Gecko) Chrome/120.0.0.0 Safari/537.36"
20.200.222.0 - - [05/Apr/2026:17:03:22 +0200] "GET /content.php HTTP/1.1" 404 15245 "-" "Mozilla/5.0 (Windows NT 10.0; Win64; x64) AppleWebKit/537.36 (KHTML, like Gecko) Chrome/120.0.0.0 Safari/537.36"
20.200.222.0 - - [05/Apr/2026:17:03:23 +0200] "GET /r.php HTTP/1.1" 404 15246 "-" "Mozilla/5.0 (Windows NT 10.0; Win64; x64) AppleWebKit/537.36 (KHTML, like Gecko) Chrome/120.0.0.0 Safari/537.36"
20.200.222.0 - - [05/Apr/2026:17:03:24 +0200] "GET /w.php HTTP/1.1" 404 15247 "-" "Mozilla/5.0 (Windows NT 10.0; Win64; x64) AppleWebKit/537.36 (KHTML, like Gecko) Chrome/120.0.0.0 Safari/537.36"
20.200.222.0 - - [05/Apr/2026:17:03:24 +0200] "GET /classwithtostring.php HTTP/1.1" 404 15246 "-" "Mozilla/5.0 (Windows NT 10.0; Win64; x64) AppleWebKit/537.36 (KHTML, like Gecko) Chrome/120.0.0.0 Safari/537.36"
20.200.222.0 - - [05/Apr/2026:17:03:25 +0200] "GET /edit.php HTTP/1.1" 404 15247 "-" "Mozilla/5.0 (Windows NT 10.0; Win64; x64) AppleWebKit/537.36 (KHTML, like Gecko) Chrome/120.0.0.0 Safari/537.36"
20.200.222.0 - - [05/Apr/2026:17:03:25 +0200] "GET /wp-blog.php HTTP/1.1" 404 15248 "-" "Mozilla/5.0 (Windows NT 10.0; Win64; x64) AppleWebKit/537.36 (KHTML, like Gecko) Chrome/120.0.0.0 Safari/537.36"
20.200.222.0 - - [05/Apr/2026:17:03:26 +0200] "GET /php8.php HTTP/1.1" 404 15247 "-" "Mozilla/5.0 (Windows NT 10.0; Win64; x64) AppleWebKit/537.36 (KHTML, like Gecko) Chrome/120.0.0.0 Safari/537.36"
20.200.222.0 - - [05/Apr/2026:17:03:27 +0200] "GET /10.php HTTP/1.1" 404 15247 "-" "Mozilla/5.0 (Windows NT 10.0; Win64; x64) AppleWebKit/537.36 (KHTML, like Gecko) Chrome/120.0.0.0 Safari/537.36"
20.200.222.0 - - [05/Apr/2026:17:03:27 +0200] "GET /manager.php HTTP/1.1" 404 15246 "-" "Mozilla/5.0 (Windows NT 10.0; Win64; x64) AppleWebKit/537.36 (KHTML, like Gecko) Chrome/120.0.0.0 Safari/537.36"
20.200.222.0 - - [05/Apr/2026:17:03:28 +0200] "GET /p.php HTTP/1.1" 404 15247 "-" "Mozilla/5.0 (Windows NT 10.0; Win64; x64) AppleWebKit/537.36 (KHTML, like Gecko) Chrome/120.0.0.0 Safari/537.36"
20.200.222.0 - - [05/Apr/2026:17:03:28 +0200] "GET /hplfuns.php HTTP/1.1" 404 15247 "-" "Mozilla/5.0 (Windows NT 10.0; Win64; x64) AppleWebKit/537.36 (KHTML, like Gecko) Chrome/120.0.0.0 Safari/537.36"
161.97.137.93 - - [05/Apr/2026:17:03:29 +0200] "POST /wp-cron.php?doing_wp_cron=1775401409.5197730064392089843750 HTTP/1.1" 404 15247 "https://patrioti.net/wp-cron.php?doing_wp_cron=1775401409.5197730064392089843750" "WordPress/4.9.26; https://patrioti.net"
20.200.222.0 - - [05/Apr/2026:17:03:30 +0200] "GET /bless.php HTTP/1.1" 404 15247 "-" "Mozilla/5.0 (Windows NT 10.0; Win64; x64) AppleWebKit/537.36 (KHTML, like Gecko) Chrome/120.0.0.0 Safari/537.36"
20.200.222.0 - - [05/Apr/2026:17:03:31 +0200] "GET /php.php HTTP/1.1" 404 15247 "-" "Mozilla/5.0 (Windows NT 10.0; Win64; x64) AppleWebKit/537.36 (KHTML, like Gecko) Chrome/120.0.0.0 Safari/537.36"
20.200.222.0 - - [05/Apr/2026:17:03:31 +0200] "GET /chosen.php HTTP/1.1" 404 15247 "-" "Mozilla/5.0 (Windows NT 10.0; Win64; x64) AppleWebKit/537.36 (KHTML, like Gecko) Chrome/120.0.0.0 Safari/537.36"
20.200.222.0 - - [05/Apr/2026:17:03:32 +0200] "GET /ioxi-o.php HTTP/1.1" 404 15247 "-" "Mozilla/5.0 (Windows NT 10.0; Win64; x64) AppleWebKit/537.36 (KHTML, like Gecko) Chrome/120.0.0.0 Safari/537.36"
66.249.69.132 - - [05/Apr/2026:17:03:33 +0200] "GET /tag/%D1%85%D0%B0%D0%BD-%D0%BA%D0%BE%D1%80%D0%BC%D0%B8%D1%81%D0%BE%D1%88/ HTTP/1.1" 200 15733 "-" "Mozilla/5.0 (Linux; Android 6.0.1; Nexus 5X Build/MMB29P) AppleWebKit/537.36 (KHTML, like Gecko) Chrome/146.0.7680.177 Mobile Safari/537.36 (compatible; Googlebot/2.1; +http://www.google.com/bot.html)"
20.200.222.0 - - [05/Apr/2026:17:03:33 +0200] "GET /cache.php HTTP/1.1" 404 15247 "-" "Mozilla/5.0 (Windows NT 10.0; Win64; x64) AppleWebKit/537.36 (KHTML, like Gecko) Chrome/120.0.0.0 Safari/537.36"
20.200.222.0 - - [05/Apr/2026:17:03:34 +0200] "GET /jquery.php HTTP/1.1" 404 15247 "-" "Mozilla/5.0 (Windows NT 10.0; Win64; x64) AppleWebKit/537.36 (KHTML, like Gecko) Chrome/120.0.0.0 Safari/537.36"
20.200.222.0 - - [05/Apr/2026:17:03:35 +0200] "GET /av.php HTTP/1.1" 404 15247 "-" "Mozilla/5.0 (Windows NT 10.0; Win64; x64) AppleWebKit/537.36 (KHTML, like Gecko) Chrome/120.0.0.0 Safari/537.36"
20.200.222.0 - - [05/Apr/2026:17:03:36 +0200] "GET /doc.php HTTP/1.1" 404 15247 "-" "Mozilla/5.0 (Windows NT 10.0; Win64; x64) AppleWebKit/537.36 (KHTML, like Gecko) Chrome/120.0.0.0 Safari/537.36"
20.200.222.0 - - [05/Apr/2026:17:03:37 +0200] "GET /elp.php HTTP/1.1" 404 15246 "-" "Mozilla/5.0 (Windows NT 10.0; Win64; x64) AppleWebKit/537.36 (KHTML, like Gecko) Chrome/120.0.0.0 Safari/537.36"
20.200.222.0 - - [05/Apr/2026:17:03:38 +0200] "GET /wp-user.php HTTP/1.1" 404 15247 "-" "Mozilla/5.0 (Windows NT 10.0; Win64; x64) AppleWebKit/537.36 (KHTML, like Gecko) Chrome/120.0.0.0 Safari/537.36"
38.255.25.100 - - [05/Apr/2026:17:03:38 +0200] "GET /%d0%b4%d0%bd%d0%b5%d1%81-%d1%81%d0%b8-%d1%81%d0%bf%d0%be%d0%bc%d0%bd%d1%8f%d0%bc%d0%b5-%d0%b7%d0%b0-%d1%82%d0%be%d0%bc%d0%b0-%d0%b4%d0%b8%d0%bc%d0%b8%d1%82%d1%80%d0%be%d0%b2-%d1%82%d1%80%d0%b0%d0%b9/ HTTP/1.1" 200 21716 "-" "Mozilla/5.0 (Windows; U; Windows NT 6.1) AppleWebKit/535.27.1 (KHTML, like Gecko) Version/4.1 Safari/535.27.1"
20.200.222.0 - - [05/Apr/2026:17:03:39 +0200] "GET /root.php HTTP/1.1" 404 15247 "-" "Mozilla/5.0 (Windows NT 10.0; Win64; x64) AppleWebKit/537.36 (KHTML, like Gecko) Chrome/120.0.0.0 Safari/537.36"
20.200.222.0 - - [05/Apr/2026:17:03:40 +0200] "GET /alfa.php HTTP/1.1" 404 15245 "-" "Mozilla/5.0 (Windows NT 10.0; Win64; x64) AppleWebKit/537.36 (KHTML, like Gecko) Chrome/120.0.0.0 Safari/537.36"
20.200.222.0 - - [05/Apr/2026:17:03:41 +0200] "GET /autoload_classmap.php HTTP/1.1" 404 15247 "-" "Mozilla/5.0 (Windows NT 10.0; Win64; x64) AppleWebKit/537.36 (KHTML, like Gecko) Chrome/120.0.0.0 Safari/537.36"
20.200.222.0 - - [05/Apr/2026:17:03:41 +0200] "GET /file.php HTTP/1.1" 404 15247 "-" "Mozilla/5.0 (Windows NT 10.0; Win64; x64) AppleWebKit/537.36 (KHTML, like Gecko) Chrome/120.0.0.0 Safari/537.36"
20.200.222.0 - - [05/Apr/2026:17:03:42 +0200] "GET /new.php HTTP/1.1" 404 15247 "-" "Mozilla/5.0 (Windows NT 10.0; Win64; x64) AppleWebKit/537.36 (KHTML, like Gecko) Chrome/120.0.0.0 Safari/537.36"
20.200.222.0 - - [05/Apr/2026:17:03:43 +0200] "GET /ioxi-o.php HTTP/1.1" 404 15247 "-" "Mozilla/5.0 (Windows NT 10.0; Win64; x64) AppleWebKit/537.36 (KHTML, like Gecko) Chrome/120.0.0.0 Safari/537.36"
20.200.222.0 - - [05/Apr/2026:17:03:44 +0200] "GET /mm.php HTTP/1.1" 404 15247 "-" "Mozilla/5.0 (Windows NT 10.0; Win64; x64) AppleWebKit/537.36 (KHTML, like Gecko) Chrome/120.0.0.0 Safari/537.36"
20.200.222.0 - - [05/Apr/2026:17:03:45 +0200] "GET /oxshell.php HTTP/1.1" 404 15247 "-" "Mozilla/5.0 (Windows NT 10.0; Win64; x64) AppleWebKit/537.36 (KHTML, like Gecko) Chrome/120.0.0.0 Safari/537.36"
20.200.222.0 - - [05/Apr/2026:17:03:46 +0200] "GET /load.php HTTP/1.1" 404 15247 "-" "Mozilla/5.0 (Windows NT 10.0; Win64; x64) AppleWebKit/537.36 (KHTML, like Gecko) Chrome/120.0.0.0 Safari/537.36"
20.200.222.0 - - [05/Apr/2026:17:03:47 +0200] "GET /k.php HTTP/1.1" 404 15246 "-" "Mozilla/5.0 (Windows NT 10.0; Win64; x64) AppleWebKit/537.36 (KHTML, like Gecko) Chrome/120.0.0.0 Safari/537.36"
20.200.222.0 - - [05/Apr/2026:17:03:48 +0200] "GET /atomlib.php HTTP/1.1" 404 15247 "-" "Mozilla/5.0 (Windows NT 10.0; Win64; x64) AppleWebKit/537.36 (KHTML, like Gecko) Chrome/120.0.0.0 Safari/537.36"
20.200.222.0 - - [05/Apr/2026:17:03:49 +0200] "GET /wp-links-opml HTTP/1.1" 404 15246 "-" "Mozilla/5.0 (Windows NT 10.0; Win64; x64) AppleWebKit/537.36 (KHTML, like Gecko) Chrome/120.0.0.0 Safari/537.36"
20.200.222.0 - - [05/Apr/2026:17:03:49 +0200] "GET /buy.php HTTP/1.1" 404 15248 "-" "Mozilla/5.0 (Windows NT 10.0; Win64; x64) AppleWebKit/537.36 (KHTML, like Gecko) Chrome/120.0.0.0 Safari/537.36"
20.200.222.0 - - [05/Apr/2026:17:03:50 +0200] "GET /info.php HTTP/1.1" 404 15246 "-" "Mozilla/5.0 (Windows NT 10.0; Win64; x64) AppleWebKit/537.36 (KHTML, like Gecko) Chrome/120.0.0.0 Safari/537.36"
20.200.222.0 - - [05/Apr/2026:17:03:51 +0200] "GET /goods.php HTTP/1.1" 404 15247 "-" "Mozilla/5.0 (Windows NT 10.0; Win64; x64) AppleWebKit/537.36 (KHTML, like Gecko) Chrome/120.0.0.0 Safari/537.36"
20.200.222.0 - - [05/Apr/2026:17:03:52 +0200] "GET /setup-config.php HTTP/1.1" 404 15247 "-" "Mozilla/5.0 (Windows NT 10.0; Win64; x64) AppleWebKit/537.36 (KHTML, like Gecko) Chrome/120.0.0.0 Safari/537.36"
20.200.222.0 - - [05/Apr/2026:17:03:53 +0200] "GET /ss.php HTTP/1.1" 404 15247 "-" "Mozilla/5.0 (Windows NT 10.0; Win64; x64) AppleWebKit/537.36 (KHTML, like Gecko) Chrome/120.0.0.0 Safari/537.36"
20.200.222.0 - - [05/Apr/2026:17:03:54 +0200] "GET /xmlrpc.php HTTP/1.1" 404 15247 "-" "Mozilla/5.0 (Windows NT 10.0; Win64; x64) AppleWebKit/537.36 (KHTML, like Gecko) Chrome/120.0.0.0 Safari/537.36"
20.200.222.0 - - [05/Apr/2026:17:03:55 +0200] "GET /flower.php HTTP/1.1" 404 15247 "-" "Mozilla/5.0 (Windows NT 10.0; Win64; x64) AppleWebKit/537.36 (KHTML, like Gecko) Chrome/120.0.0.0 Safari/537.36"
20.200.222.0 - - [05/Apr/2026:17:03:55 +0200] "GET /al.php HTTP/1.1" 404 15246 "-" "Mozilla/5.0 (Windows NT 10.0; Win64; x64) AppleWebKit/537.36 (KHTML, like Gecko) Chrome/120.0.0.0 Safari/537.36"
20.200.222.0 - - [05/Apr/2026:17:03:56 +0200] "GET /vv.php HTTP/1.1" 404 15247 "-" "Mozilla/5.0 (Windows NT 10.0; Win64; x64) AppleWebKit/537.36 (KHTML, like Gecko) Chrome/120.0.0.0 Safari/537.36"
20.200.222.0 - - [05/Apr/2026:17:03:57 +0200] "GET /wp-signin.php HTTP/1.1" 404 15247 "-" "Mozilla/5.0 (Windows NT 10.0; Win64; x64) AppleWebKit/537.36 (KHTML, like Gecko) Chrome/120.0.0.0 Safari/537.36"
20.200.222.0 - - [05/Apr/2026:17:03:58 +0200] "GET /wsa.php HTTP/1.1" 404 15246 "-" "Mozilla/5.0 (Windows NT 10.0; Win64; x64) AppleWebKit/537.36 (KHTML, like Gecko) Chrome/120.0.0.0 Safari/537.36"
198.244.168.250 - - [05/Apr/2026:17:04:07 +0200] "GET /wp-content/cache/page_enhanced/patrioti.net/%D0%B1%D1%8A%D0%BB%D0%B3%D0%B0%D1%80%D0%B8%D0%BD%D0%BE-%D1%81%D0%BA%D0%BB%D0%BE%D0%BD%D0%B8-%D1%87%D0%B5%D0%BB%D0%BE-%D0%BF%D1%80%D0%B5%D0%B4-%D1%82%D1%83%D0%B9-%D1%81%D0%B2%D1%8F%D1%82%D0%BE/?C=N;O=D HTTP/1.1" 200 401 "-" "Mozilla/5.0 (compatible; AhrefsBot/7.0; +http://ahrefs.com/robot/)"
116.179.32.197 - - [05/Apr/2026:17:04:07 +0200] "GET /?p=21113 HTTP/1.1" 301 0 "-" "Mozilla/5.0 (compatible; Baiduspider/2.0; +http://www.baidu.com/search/spider.html)"
116.179.32.37 - - [05/Apr/2026:17:04:09 +0200] "GET /%D0%B1%D1%8A%D0%BB%D0%B3%D0%B0%D1%80%D1%81%D0%BA%D0%B8-%D1%82%D1%80%D0%B8%D0%B1%D0%B0%D0%B3%D1%80%D0%B5%D0%BD%D0%B8%D0%BA-%D0%B7%D0%B0%D1%81%D0%BB%D1%83%D0%B6%D0%B8%D0%BB-%D0%BD%D0%B0%D0%B7%D0%B2/ HTTP/1.1" 200 26225 "-" "Mozilla/5.0 (compatible; Baiduspider/2.0; +http://www.baidu.com/search/spider.html)"
51.195.215.168 - - [05/Apr/2026:17:04:09 +0200] "GET /%D0%BD%D0%B0-19-%D1%8E%D0%BB%D0%B8-%D1%86%D1%8A%D1%80%D0%BA%D0%B2%D0%B0%D1%82%D0%B0-%D0%BF%D0%BE%D1%87%D0%B8%D1%82%D0%B0-%D1%81%D0%B2-%D0%BF%D1%80%D0%B5%D0%BF%D0%BE%D0%B4%D0%BE%D0%B1%D0%BD%D0%B0/ HTTP/1.1" 200 23923 "-" "Mozilla/5.0 (compatible; AhrefsBot/7.0; +http://ahrefs.com/robot/)"
113.182.55.9 - - [05/Apr/2026:17:04:20 +0200] "GET /%D0%B4%D0%BD%D0%B5%D1%81-%D0%B5-%D1%80%D0%BE%D0%B4%D0%B5%D0%BD-%D1%85%D1%83%D0%B4%D0%BE%D0%B6%D0%BD%D0%B8%D0%BA%D1%8A%D1%82-%D0%B8%D0%BB%D0%B8%D1%8F-%D0%B6%D0%B5%D0%BB%D0%B5%D0%B2/ HTTP/1.1" 200 20520 "-" "Mozilla/5.0 (Windows NT 6.3; Win64; x64) AppleWebKit/537.36 (KHTML, like Gecko) Chrome/91.0.4472.114 Safari/537.36"
198.244.168.138 - - [05/Apr/2026:17:04:21 +0200] "GET /wp-content/cache/page_enhanced/patrioti.net/tag/%D0%BF%D0%B0%D1%82%D1%80%D0%B8%D0%BE%D1%82%D0%B8/page/354/?C=N;O=A HTTP/1.1" 200 396 "-" "Mozilla/5.0 (compatible; AhrefsBot/7.0; +http://ahrefs.com/robot/)"
17.241.227.94 - - [05/Apr/2026:17:04:27 +0200] "GET /%D0%BD%D0%B0-23-%D0%BC%D0%B0%D0%B9-%D0%B5-%D1%80%D0%BE%D0%B4%D0%B5%D0%BD-%D0%B1%D1%8A%D0%BB%D0%B3%D0%B0%D1%80%D1%81%D0%BA%D0%B8%D1%8F%D1%82-%D0%B6%D1%83%D1%80%D0%BD%D0%B0%D0%BB%D0%B8%D1%81%D1%82/ HTTP/1.1" 200 21103 "-" "Mozilla/5.0 (Macintosh; Intel Mac OS X 10_15_7) AppleWebKit/605.1.15 (KHTML, like Gecko) Version/17.4 Safari/605.1.15 (Applebot/0.1; +http://www.apple.com/go/applebot)"
161.97.137.93 - - [05/Apr/2026:17:04:51 +0200] "POST /wp-cron.php?doing_wp_cron=1775401491.5105409622192382812500 HTTP/1.1" 404 15246 "https://patrioti.net/wp-cron.php?doing_wp_cron=1775401491.5105409622192382812500" "WordPress/4.9.26; https://patrioti.net"
51.195.215.44 - - [05/Apr/2026:17:04:52 +0200] "GET /%D0%BD%D0%B0-23-%D0%BD%D0%BE%D0%B5%D0%BC%D0%B2%D1%80%D0%B8-%D1%86%D1%8A%D1%80%D0%BA%D0%B2%D0%B0%D1%82%D0%B0-%D0%BF%D0%BE%D1%87%D0%B8%D1%82%D0%B0-%D1%81%D0%B2-%D0%B0%D0%BB%D0%B5%D0%BA%D1%81%D0%B0/feed/ HTTP/1.1" 200 608 "-" "Mozilla/5.0 (compatible; AhrefsBot/7.0; +http://ahrefs.com/robot/)"
52.167.144.233 - - [05/Apr/2026:17:04:56 +0200] "GET /tag/%D1%8E%D0%BB%D0%B5%D0%BD/ HTTP/1.1" 200 15517 "-" "Mozilla/5.0 AppleWebKit/537.36 (KHTML, like Gecko; compatible; bingbot/2.0; +http://www.bing.com/bingbot.htm) Chrome/116.0.1938.76 Safari/537.36"
52.167.144.234 - - [05/Apr/2026:17:05:01 +0200] "GET /?s=%E6%B9%96%E5%8C%97%E5%92%8C%E6%B9%96%E5%8D%97%E8%BF%91%E5%90%97 HTTP/1.1" 200 9527 "-" "Mozilla/5.0 AppleWebKit/537.36 (KHTML, like Gecko; compatible; bingbot/2.0; +http://www.bing.com/bingbot.htm) Chrome/116.0.1938.76 Safari/537.36"
52.167.144.171 - - [05/Apr/2026:17:05:10 +0200] "GET /tag/%D0%B3%D0%B0%D0%B1%D1%80%D0%BE%D0%B2%D1%81%D0%BA%D0%B8-%D0%B8%D0%BD%D0%B4%D1%83%D1%81%D1%82%D1%80%D0%B8%D0%B0%D0%BB%D0%B5%D1%86/ HTTP/1.1" 200 15857 "-" "Mozilla/5.0 AppleWebKit/537.36 (KHTML, like Gecko; compatible; bingbot/2.0; +http://www.bing.com/bingbot.htm) Chrome/116.0.1938.76 Safari/537.36"
51.195.244.212 - - [05/Apr/2026:17:05:10 +0200] "GET /category/%D0%BD%D0%B0-%D1%82%D0%BE%D0%B7%D0%B8-%D0%B4%D0%B5%D0%BD/page/89/ HTTP/1.1" 200 19719 "-" "Mozilla/5.0 (compatible; AhrefsBot/7.0; +http://ahrefs.com/robot/)"
198.244.183.80 - - [05/Apr/2026:17:05:31 +0200] "GET /%D0%B4%D0%B5-%D0%B3%D0%BE-%D0%B5-%D0%B8%D0%BD%D0%B4%D0%B6%D0%B5-%D0%B4%D0%B0-%D0%B4%D0%BE%D0%B9%D0%B4%D0%B5-%D0%BE%D1%82-%D1%80%D0%BE%D0%B1%D1%81%D1%82%D0%B2%D0%BE-%D0%B4%D0%B0-%D0%BD%D0%B8-%D0%BE/feed/ HTTP/1.1" 200 597 "-" "Mozilla/5.0 (compatible; AhrefsBot/7.0; +http://ahrefs.com/robot/)"
35.222.51.95 - - [05/Apr/2026:17:05:36 +0200] "GET / HTTP/1.1" 200 26310 "http://patrioti.net" "Mozilla/5.0 (compatible; CMS-Checker/1.0; +https://example.com)"
94.74.91.90 - - [05/Apr/2026:17:05:51 +0200] "GET /tag/%D0%BD%D0%B8%D0%B5-%D0%BE%D1%82-patrioti-net-%D0%B2%D0%B8-%D0%BA%D0%B0%D0%B7%D0%B2%D0%B0%D0%BC%D0%B5-%D0%BF%D0%BE%D0%BC%D0%BD%D0%B5%D1%82%D0%B5-%D0%B8%D1%81%D1%82%D0%BE%D1%80%D0%B8%D1%8F%D1%82%D0%B0/page/20/ HTTP/1.1" 200 17417 "-" "Mozilla/5.0 (Windows NT 10.0; Win64; x64) AppleWebKit/537.36 (KHTML, like Gecko) Chrome/143.0.0.0 Safari/537.36"
161.97.137.93 - - [05/Apr/2026:17:05:53 +0200] "POST /wp-cron.php?doing_wp_cron=1775401553.2009329795837402343750 HTTP/1.1" 404 15247 "https://patrioti.net/wp-cron.php?doing_wp_cron=1775401553.2009329795837402343750" "WordPress/4.9.26; https://patrioti.net"
52.167.144.234 - - [05/Apr/2026:17:05:53 +0200] "GET /%D0%BD%D0%B0-7-%D0%B0%D0%B2%D0%B3%D1%83%D1%81%D1%82-%D0%B5-%D1%80%D0%BE%D0%B4%D0%B5%D0%BD-%D0%B1%D1%8A%D0%BB%D0%B3%D0%B0%D1%80%D1%81%D0%BA%D0%B8%D1%8F%D1%82-%D0%BF%D0%B8%D1%81%D0%B0%D1%82%D0%B5%D0%BB/ HTTP/1.1" 200 21384 "-" "Mozilla/5.0 AppleWebKit/537.36 (KHTML, like Gecko; compatible; bingbot/2.0; +http://www.bing.com/bingbot.htm) Chrome/116.0.1938.76 Safari/537.36"
198.244.168.230 - - [05/Apr/2026:17:05:55 +0200] "GET /%D0%BC%D0%B5%D0%BC%D0%BE%D1%80%D0%B8%D0%B0%D0%BB%D0%B5%D0%BD-%D0%BA%D0%BE%D0%BC%D0%BF%D0%BB%D0%B5%D0%BA%D1%81-%D0%B1%D1%80%D0%B0%D1%82%D1%81%D0%BA%D0%B0-%D0%BC%D0%BE%D0%B3%D0%B8%D0%BB%D0%B0/feed/ HTTP/1.1" 200 595 "-" "Mozilla/5.0 (compatible; AhrefsBot/7.0; +http://ahrefs.com/robot/)"
