52.4.76.156 - - [05/Apr/2026:15:25:03 +0200] "GET /wp-json/oembed/1.0/embed?url=https://patrioti.net/%25d0%25b8%25d0%25b7%25d1%2582%25d0%25be%25d1%2587%25d0%25bd%25d0%25b0%25d1%2582%25d0%25b0-%25d1%2580%25d0%25b8%25d0%25bc%25d1%2581%25d0%25ba%25d0%25b0-%25d0%25b8%25d0%25bc%25d0%25bf%25d0%25b5%25d1%2580%25d0%25b8%25d1%258f-%25d1%2582%25d1%2580%25d0%25b5%25d0%25bf%25d0%25b5%25d1%2580%25d0%25b8-%25d0%25bf%25d1%2580%25d0%25b5/ HTTP/1.1" 502 552 "-" "Mozilla/5.0 AppleWebKit/537.36 (KHTML, like Gecko; compatible; Amazonbot/0.1; +https://developer.amazon.com/support/amazonbot) Chrome/119.0.6045.214 Safari/537.36"
216.73.216.22 - - [05/Apr/2026:15:25:08 +0200] "GET /wp-content/themes/Newspaper/includes/modules/td_module_mx12.php HTTP/1.1" 500 0 "-" "Mozilla/5.0 AppleWebKit/537.36 (KHTML, like Gecko; compatible; ClaudeBot/1.0; +claudebot@anthropic.com)"
216.73.216.22 - - [05/Apr/2026:15:25:13 +0200] "GET /wp-content/themes/Newspaper/includes/shortcodes/td_block_pinterest.php HTTP/1.1" 500 0 "-" "Mozilla/5.0 AppleWebKit/537.36 (KHTML, like Gecko; compatible; ClaudeBot/1.0; +claudebot@anthropic.com)"
216.73.216.22 - - [05/Apr/2026:15:25:13 +0200] "GET /wp-content/themes/Newspaper/includes/modules/td_module_mx26.php HTTP/1.1" 500 0 "-" "Mozilla/5.0 AppleWebKit/537.36 (KHTML, like Gecko; compatible; ClaudeBot/1.0; +claudebot@anthropic.com)"
216.73.216.22 - - [05/Apr/2026:15:25:14 +0200] "GET /wp-content/themes/Newspaper/includes/shortcodes/td_block_13.php HTTP/1.1" 500 0 "-" "Mozilla/5.0 AppleWebKit/537.36 (KHTML, like Gecko; compatible; ClaudeBot/1.0; +claudebot@anthropic.com)"
216.73.216.22 - - [05/Apr/2026:15:25:19 +0200] "GET /wp-content/themes/Newspaper/includes/shortcodes/td_block_slide.php HTTP/1.1" 500 0 "-" "Mozilla/5.0 AppleWebKit/537.36 (KHTML, like Gecko; compatible; ClaudeBot/1.0; +claudebot@anthropic.com)"
216.73.216.22 - - [05/Apr/2026:15:25:24 +0200] "GET /wp-content/themes/Newspaper/includes/shortcodes/td_block_19.php HTTP/1.1" 500 0 "-" "Mozilla/5.0 AppleWebKit/537.36 (KHTML, like Gecko; compatible; ClaudeBot/1.0; +claudebot@anthropic.com)"
216.73.216.22 - - [05/Apr/2026:15:25:52 +0200] "GET /wp-content/themes/Newspaper/includes/demos/default/td_media_2.php HTTP/1.1" 500 0 "-" "Mozilla/5.0 AppleWebKit/537.36 (KHTML, like Gecko; compatible; ClaudeBot/1.0; +claudebot@anthropic.com)"
216.73.216.22 - - [05/Apr/2026:15:25:56 +0200] "GET /wp-content/themes/Newspaper/includes/block_templates/td_block_template_13.php HTTP/1.1" 500 0 "-" "Mozilla/5.0 AppleWebKit/537.36 (KHTML, like Gecko; compatible; ClaudeBot/1.0; +claudebot@anthropic.com)"
5.255.231.116 - - [05/Apr/2026:15:25:58 +0200] "GET /wp-content/uploads/2019/01/Genko-Genkov.jpg HTTP/1.1" 200 125790 "-" "Mozilla/5.0 (compatible; YandexImages/3.0; +http://yandex.com/bots)"
95.108.213.228 - - [05/Apr/2026:15:25:59 +0200] "GET /wp-content/uploads/2019/01/BIG1380017585Angel-Genov.jpg HTTP/1.1" 200 88584 "-" "Mozilla/5.0 (compatible; YandexImages/3.0; +http://yandex.com/bots)"
161.97.137.93 - - [05/Apr/2026:15:25:59 +0200] "POST /wp-cron.php?doing_wp_cron=1775395559.4886550903320312500000 HTTP/1.1" 404 15247 "https://patrioti.net/wp-cron.php?doing_wp_cron=1775395559.4886550903320312500000" "WordPress/4.9.26; https://patrioti.net"
66.249.69.133 - - [05/Apr/2026:15:26:00 +0200] "GET /3-%D0%BC%D0%B0%D0%B9-%D0%B5-%D1%81%D0%B2%D0%B5%D1%82%D0%BE%D0%B2%D0%B5%D0%BD-%D0%B4%D0%B5%D0%BD-%D0%BD%D0%B0-%D1%81%D0%B2%D0%BE%D0%B1%D0%BE%D0%B4%D0%B0%D1%82%D0%B0-%D0%BD%D0%B0-%D0%BF%D1%80%D0%B5/ HTTP/1.1" 200 20967 "-" "Mozilla/5.0 (Linux; Android 6.0.1; Nexus 5X Build/MMB29P) AppleWebKit/537.36 (KHTML, like Gecko) Chrome/146.0.7680.177 Mobile Safari/537.36 (compatible; Googlebot/2.1; +http://www.google.com/bot.html)"
216.73.216.22 - - [05/Apr/2026:15:26:01 +0200] "GET /wp-content/themes/Newspaper/includes/shortcodes/td_block_big_grid_fl_10.php HTTP/1.1" 500 0 "-" "Mozilla/5.0 AppleWebKit/537.36 (KHTML, like Gecko; compatible; ClaudeBot/1.0; +claudebot@anthropic.com)"
40.77.167.79 - - [05/Apr/2026:15:26:02 +0200] "GET /wp-content/uploads/2018/08/Lubka-Rondova.jpg HTTP/1.1" 502 552 "-" "Mozilla/5.0 AppleWebKit/537.36 (KHTML, like Gecko; compatible; bingbot/2.0; +http://www.bing.com/bingbot.htm) Chrome/116.0.1938.76 Safari/537.36"
2a03:2880:3ff:43:: - - [05/Apr/2026:15:26:04 +0200] "GET /%D0%B4%D0%BD%D0%B5%D1%81-%D0%B5-%D1%80%D0%BE%D0%B4%D0%B5%D0%BD-%D0%B1%D1%8A%D0%BB%D0%B3%D0%B0%D1%80%D1%81%D0%BA%D0%B8%D1%8F%D1%82-%D0%BD%D0%B0%D1%86%D0%B8%D0%BE%D0%BD%D0%B0%D0%BB%D1%80%D0%B5%D0%B2-4/ HTTP/1.1" 200 21727 "-" "facebookexternalhit/1.1 (+http://www.facebook.com/externalhit_uatext.php)"
216.73.216.22 - - [05/Apr/2026:15:26:06 +0200] "GET /wp-content/themes/Newspaper/includes/shortcodes/td_block_big_grid_fl_6.php HTTP/1.1" 500 0 "-" "Mozilla/5.0 AppleWebKit/537.36 (KHTML, like Gecko; compatible; ClaudeBot/1.0; +claudebot@anthropic.com)"
216.73.216.22 - - [05/Apr/2026:15:26:13 +0200] "GET /wp-content/themes/Newspaper/includes/demos/erotic/td_media_5.php HTTP/1.1" 500 0 "-" "Mozilla/5.0 AppleWebKit/537.36 (KHTML, like Gecko; compatible; ClaudeBot/1.0; +claudebot@anthropic.com)"
74.125.208.34 - - [05/Apr/2026:15:26:14 +0200] "GET /.well-known/traffic-advice HTTP/1.1" 404 15246 "-" "Chrome Privacy Preserving Prefetch Proxy"
2001:4860:7:1708::fe - - [05/Apr/2026:15:26:14 +0200] "GET /%D0%B5%D0%B4%D0%BD%D0%B0-%D0%BB%D0%B5%D0%B3%D0%B5%D0%BD%D0%B4%D0%B0-%D0%BE%D1%82-%D1%81%D1%82%D1%80%D0%B0%D0%BD%D0%B4%D0%B6%D0%B0%D0%BD%D1%81%D0%BA%D0%BE%D1%82%D0%BE-%D1%81%D0%B5%D0%BB%D0%BE-%D0%B1/ HTTP/1.1" 200 22169 "https://www.google.com/" "Mozilla/5.0 (Linux; Android 10; K) AppleWebKit/537.36 (KHTML, like Gecko) Chrome/146.0.0.0 Mobile Safari/537.36"
216.73.216.22 - - [05/Apr/2026:15:26:17 +0200] "GET /wp-content/themes/Newspaper/includes/demos/recipes/td_media_3.php HTTP/1.1" 500 0 "-" "Mozilla/5.0 AppleWebKit/537.36 (KHTML, like Gecko; compatible; ClaudeBot/1.0; +claudebot@anthropic.com)"
142.93.205.91 - - [05/Apr/2026:15:26:27 +0200] "GET /%d1%81%d0%b5%d0%ba%d0%bd%d0%be%d0%b2%d0%b5%d0%bd%d0%b8%d0%b5-%d1%81%d0%bb%d0%b0%d0%b3%d0%b0-%d0%ba%d1%80%d0%b0%d0%b9-%d0%bd%d0%b0-%d0%bb%d1%8f%d1%82%d0%be%d1%82%d0%be/15584632/ HTTP/1.1" 200 21819 "http://patrioti.net/" "Mozilla/5.0 (Windows NT 10.0; Win64; x64) AppleWebKit/537.36 (KHTML, like Gecko) Chrome/117.0.0.0 Safari/537.36"
216.73.216.22 - - [05/Apr/2026:15:26:28 +0200] "GET /wp-content/themes/Newspaper/includes/demos/magazine/td_import.php HTTP/1.1" 500 0 "-" "Mozilla/5.0 AppleWebKit/537.36 (KHTML, like Gecko; compatible; ClaudeBot/1.0; +claudebot@anthropic.com)"
2a01:5a8:30f:1b3e:53a:81de:9c78:5da6 - - [05/Apr/2026:15:26:28 +0200] "GET /wp-content/plugins/onesignal-free-web-push-notifications/sdk_files/manifest.json.php?gcm_sender_id= HTTP/1.1" 200 91 "https://patrioti.net/%D0%B5%D0%B4%D0%BD%D0%B0-%D0%BB%D0%B5%D0%B3%D0%B5%D0%BD%D0%B4%D0%B0-%D0%BE%D1%82-%D1%81%D1%82%D1%80%D0%B0%D0%BD%D0%B4%D0%B6%D0%B0%D0%BD%D1%81%D0%BA%D0%BE%D1%82%D0%BE-%D1%81%D0%B5%D0%BB%D0%BE-%D0%B1/" "Mozilla/5.0 (Linux; Android 10; K) AppleWebKit/537.36 (KHTML, like Gecko) Chrome/146.0.0.0 Mobile Safari/537.36"
15.204.12.43 - - [05/Apr/2026:15:26:33 +0200] "GET /wp-json/teknocore/v1/ HTTP/1.1" 404 155 "-" "Mozilla/5.0 (Windows NT 10.0; Win64; x64) AppleWebKit/537.36 (KHTML, like Gecko) Chrome/127.0.0.0 Safari/537.36"
15.204.12.43 - - [05/Apr/2026:15:26:34 +0200] "GET /blog-verify HTTP/1.1" 404 15246 "-" "Mozilla/5.0 (Windows NT 10.0; Win64; x64) AppleWebKit/537.36 (KHTML, like Gecko) Chrome/127.0.0.0 Safari/537.36"
15.204.12.43 - - [05/Apr/2026:15:26:34 +0200] "GET /wp-json/teknocore/v1/ HTTP/1.1" 404 365 "-" "Mozilla/5.0 (Windows NT 10.0; Win64; x64) AppleWebKit/537.36 (KHTML, like Gecko) Chrome/127.0.0.0 Safari/537.36"
15.204.12.43 - - [05/Apr/2026:15:26:35 +0200] "GET /blog-verify HTTP/1.1" 404 84516 "-" "Mozilla/5.0 (Windows NT 10.0; Win64; x64) AppleWebKit/537.36 (KHTML, like Gecko) Chrome/127.0.0.0 Safari/537.36"
216.73.216.22 - - [05/Apr/2026:15:26:37 +0200] "GET /wp-content/themes/Newspaper/includes/demos/book_club/td_import.php HTTP/1.1" 500 0 "-" "Mozilla/5.0 AppleWebKit/537.36 (KHTML, like Gecko; compatible; ClaudeBot/1.0; +claudebot@anthropic.com)"
52.167.144.198 - - [05/Apr/2026:15:26:40 +0200] "GET /tag/%D1%84%D0%B0%D0%BC%D1%83/ HTTP/1.1" 200 15554 "-" "Mozilla/5.0 AppleWebKit/537.36 (KHTML, like Gecko; compatible; bingbot/2.0; +http://www.bing.com/bingbot.htm) Chrome/116.0.1938.76 Safari/537.36"
52.167.144.198 - - [05/Apr/2026:15:26:41 +0200] "GET /tag/%D0%BF%D1%80%D0%BE%D0%B3%D1%80%D0%B0%D0%BC%D0%B8%D1%81%D1%82%D0%B8/ HTTP/1.1" 200 15497 "-" "Mozilla/5.0 AppleWebKit/537.36 (KHTML, like Gecko; compatible; bingbot/2.0; +http://www.bing.com/bingbot.htm) Chrome/116.0.1938.76 Safari/537.36"
52.167.144.198 - - [05/Apr/2026:15:26:42 +0200] "GET /%D0%B4%D0%BD%D0%B5%D1%81-%D0%B5-%D1%80%D0%BE%D0%B4%D0%B5%D0%BD-%D0%B8%D0%BB%D0%B8%D1%8F-%D1%87%D1%83%D0%B1%D1%80%D0%B8%D0%BA%D0%BE%D0%B2-%D0%B5%D0%B4%D0%B8%D0%BD-%D0%BE%D1%82-%D0%B4%D0%BE%D0%B0%D0%B9/ HTTP/1.1" 200 20736 "-" "Mozilla/5.0 AppleWebKit/537.36 (KHTML, like Gecko; compatible; bingbot/2.0; +http://www.bing.com/bingbot.htm) Chrome/116.0.1938.76 Safari/537.36"
216.73.216.22 - - [05/Apr/2026:15:26:42 +0200] "GET /wp-content/themes/Newspaper/includes/demos/business/td_media_3.php HTTP/1.1" 500 0 "-" "Mozilla/5.0 AppleWebKit/537.36 (KHTML, like Gecko; compatible; ClaudeBot/1.0; +claudebot@anthropic.com)"
52.167.144.198 - - [05/Apr/2026:15:26:43 +0200] "GET /tag/%D1%81%D1%82%D0%B5%D0%BF%D0%B0%D0%BD-%D1%85%D0%B8%D0%BD%D0%B4%D0%BB%D0%B8%D1%8F%D0%BD/ HTTP/1.1" 200 15522 "-" "Mozilla/5.0 AppleWebKit/537.36 (KHTML, like Gecko; compatible; bingbot/2.0; +http://www.bing.com/bingbot.htm) Chrome/116.0.1938.76 Safari/537.36"
52.167.144.156 - - [05/Apr/2026:15:26:46 +0200] "GET /%D0%BD%D0%B0-%D0%B4%D0%BD%D0%B5%D1%88%D0%BD%D0%B8%D1%8F-%D0%B4%D0%B5%D0%BD-%D1%81%D0%B5-%D1%80%D0%B0%D0%B6%D0%B4%D0%B0-%D0%B1%D1%8A%D0%BB%D0%B3%D0%B0%D1%80%D1%81%D0%BA%D0%B8%D1%8F%D1%82-%D1%84%D1%83/ HTTP/1.1" 200 21230 "-" "Mozilla/5.0 AppleWebKit/537.36 (KHTML, like Gecko; compatible; bingbot/2.0; +http://www.bing.com/bingbot.htm) Chrome/116.0.1938.76 Safari/537.36"
216.73.216.22 - - [05/Apr/2026:15:26:47 +0200] "GET /wp-content/themes/Newspaper/includes/demos/photography/td_media_2.php HTTP/1.1" 500 0 "-" "Mozilla/5.0 AppleWebKit/537.36 (KHTML, like Gecko; compatible; ClaudeBot/1.0; +claudebot@anthropic.com)"
188.239.41.170 - - [05/Apr/2026:15:26:59 +0200] "GET /%D0%BE%D1%82%D0%B1%D0%B5%D0%BB%D1%8F%D0%B7%D0%B2%D0%B0%D0%BC%D0%B5-%D0%BA%D1%80%D0%B0%D1%81%D0%B8%D0%B2-%D0%BF%D1%80%D0%B0%D0%B7%D0%BD%D0%B8%D0%BA-%D0%BD%D0%B0-8-%D1%8F%D0%BD%D1%83%D0%B0%D1%80%D0%B8/ HTTP/1.1" 200 22262 "-" "Mozilla/5.0 (Windows NT 10.0; Win64; x64) AppleWebKit/537.36 (KHTML, like Gecko) Chrome/142.0.0.0 Safari/537.36"
161.97.137.93 - - [05/Apr/2026:15:27:05 +0200] "POST /wp-cron.php?doing_wp_cron=1775395625.0094180107116699218750 HTTP/1.1" 404 15246 "https://patrioti.net/wp-cron.php?doing_wp_cron=1775395625.0094180107116699218750" "WordPress/4.9.26; https://patrioti.net"
66.249.69.134 - - [05/Apr/2026:15:27:05 +0200] "GET /%D1%81%D1%8A%D0%BA%D1%80%D0%BE%D0%B2%D0%B8%D1%89%D0%B5%D1%82%D0%BE-%D0%BE%D1%82-%D1%85%D0%BE%D1%82%D0%BD%D0%B8%D1%86%D0%B0/ HTTP/1.1" 200 21270 "-" "Mozilla/5.0 (Linux; Android 6.0.1; Nexus 5X Build/MMB29P) AppleWebKit/537.36 (KHTML, like Gecko) Chrome/146.0.7680.177 Mobile Safari/537.36 (compatible; Googlebot/2.1; +http://www.google.com/bot.html)"
116.179.32.147 - - [05/Apr/2026:15:27:18 +0200] "GET /%D0%BD%D0%B0-3-%D0%BC%D0%B0%D1%80%D1%82-1903-%D0%B3-%D1%83%D0%BC%D0%B8%D1%80%D0%B0-%D0%B1%D1%8A%D0%BB%D0%B3%D0%B0%D1%80%D1%81%D0%BA%D0%B8%D1%8F%D1%82-%D0%BF%D1%83%D0%B1%D0%BB%D0%B8%D1%86%D0%B8%D1%81/ HTTP/1.1" 200 20940 "-" "Mozilla/5.0 (compatible; Baiduspider/2.0; +http://www.baidu.com/search/spider.html)"
116.179.37.68 - - [05/Apr/2026:15:27:23 +0200] "GET /wp-content/uploads/2019/03/Petar_Karapetrow.jpg HTTP/1.1" 200 200190 "https://patrioti.net/%D0%BD%D0%B0-3-%D0%BC%D0%B0%D1%80%D1%82-1903-%D0%B3-%D1%83%D0%BC%D0%B8%D1%80%D0%B0-%D0%B1%D1%8A%D0%BB%D0%B3%D0%B0%D1%80%D1%81%D0%BA%D0%B8%D1%8F%D1%82-%D0%BF%D1%83%D0%B1%D0%BB%D0%B8%D1%86%D0%B8%D1%81/" "Mozilla/5.0 (compatible; Baiduspider-render/2.0; +http://www.baidu.com/search/spider.html)"
216.73.216.22 - - [05/Apr/2026:15:27:45 +0200] "GET /wp-content/uploads/2019/03/800px-Krasimir_Balakov_1-324x235.jpg HTTP/1.1" 200 17338 "-" "Mozilla/5.0 AppleWebKit/537.36 (KHTML, like Gecko; compatible; ClaudeBot/1.0; +claudebot@anthropic.com)"
198.244.168.198 - - [05/Apr/2026:15:27:48 +0200] "GET /tag/%D0%BF%D0%B0%D1%82%D1%80%D0%B8%D0%BE%D1%82%D0%B8-%D0%BD%D0%B5%D1%82/page/220/ HTTP/1.1" 200 16940 "-" "Mozilla/5.0 (compatible; AhrefsBot/7.0; +http://ahrefs.com/robot/)"
216.73.216.22 - - [05/Apr/2026:15:27:50 +0200] "GET /wp-content/uploads/2018/12/7add522b90e85f1831e1ebfb2cd6e2e7-324x160.jpg HTTP/1.1" 200 15423 "-" "Mozilla/5.0 AppleWebKit/537.36 (KHTML, like Gecko; compatible; ClaudeBot/1.0; +claudebot@anthropic.com)"
216.73.216.22 - - [05/Apr/2026:15:27:53 +0200] "GET /%d0%bc%d0%b8%d1%82%d1%80%d0%be%d0%bf%d0%be%d0%bb%d0%b8%d1%82-%d0%b3%d0%b5%d1%80%d0%b2%d0%b0%d1%81%d0%b8%d0%b9-%d1%87%d0%b5%d1%81%d1%82%d0%be-%d0%bf%d1%80%d0%b5%d0%b4%d0%be%d1%81%d1%82%d0%b0%d0%b2/whatsapp:/send HTTP/1.1" 404 15248 "-" "Mozilla/5.0 AppleWebKit/537.36 (KHTML, like Gecko; compatible; ClaudeBot/1.0; +claudebot@anthropic.com)"
216.73.216.22 - - [05/Apr/2026:15:27:54 +0200] "GET /%d0%b8%d1%81%d1%82%d0%be%d1%80%d0%b8%d1%8f%d1%82%d0%b0-%d0%bd%d0%b0-%d1%80%d1%83%d1%88%d0%b8%d0%b4%d0%be%d0%b2%d0%b0%d1%82%d0%b0-%d0%ba%d1%8a%d1%89%d0%b0/whatsapp:/send HTTP/1.1" 404 15247 "-" "Mozilla/5.0 AppleWebKit/537.36 (KHTML, like Gecko; compatible; ClaudeBot/1.0; +claudebot@anthropic.com)"
216.73.216.22 - - [05/Apr/2026:15:27:55 +0200] "GET /wp-content/themes/Newspaper/includes/demos/blog_health/td_import.php HTTP/1.1" 500 0 "-" "Mozilla/5.0 AppleWebKit/537.36 (KHTML, like Gecko; compatible; ClaudeBot/1.0; +claudebot@anthropic.com)"
216.73.216.22 - - [05/Apr/2026:15:27:56 +0200] "GET /%d0%b4%d0%bd%d0%b5%d1%81-%d1%81%d0%b8-%d1%81%d0%bf%d0%be%d0%bc%d0%bd%d1%8f%d0%bc%d0%b5-%d0%b7%d0%b0-%d0%b1%d1%8a%d0%bb%d0%b3%d0%b0%d1%80%d1%81%d0%ba%d0%b8%d1%8f-%d0%b0%d0%ba%d1%82%d1%8c%d0%be%d1%80-6/whatsapp:/send HTTP/1.1" 404 15247 "-" "Mozilla/5.0 AppleWebKit/537.36 (KHTML, like Gecko; compatible; ClaudeBot/1.0; +claudebot@anthropic.com)"
216.73.216.22 - - [05/Apr/2026:15:27:59 +0200] "GET /wp-content/themes/Newspaper/includes/demos/magazine/td_media_6.php HTTP/1.1" 500 0 "-" "Mozilla/5.0 AppleWebKit/537.36 (KHTML, like Gecko; compatible; ClaudeBot/1.0; +claudebot@anthropic.com)"
216.73.216.22 - - [05/Apr/2026:15:27:59 +0200] "GET /%d1%85%d1%80%d0%b0%d0%bc%d1%8a%d1%82-%d0%ba%d0%be%d1%81%d1%82%d0%bd%d0%b8%d1%86%d0%b0-%d0%b2-%d1%81%d0%b5%d0%bb%d0%be-%d0%b3%d1%8e%d0%b5%d1%88%d0%b5%d0%b2%d0%be/whatsapp:/send HTTP/1.1" 404 15247 "-" "Mozilla/5.0 AppleWebKit/537.36 (KHTML, like Gecko; compatible; ClaudeBot/1.0; +claudebot@anthropic.com)"
216.73.216.22 - - [05/Apr/2026:15:28:00 +0200] "GET /%d0%b1%d0%b8%d1%82%d0%ba%d0%b0%d1%82%d0%b0-%d0%bf%d1%80%d0%b8-%d0%b3%d0%be%d1%80%d0%bd%d0%b8-%d0%b4%d1%8a%d0%b1%d0%bd%d0%b8%d0%ba-%d0%bf%d0%be-%d0%b2%d1%80%d0%b5%d0%bc%d0%b5-%d0%bd%d0%b0-%d1%80%d1%83 HTTP/1.1" 301 0 "-" "Mozilla/5.0 AppleWebKit/537.36 (KHTML, like Gecko; compatible; ClaudeBot/1.0; +claudebot@anthropic.com)"
216.73.216.22 - - [05/Apr/2026:15:28:00 +0200] "GET /%d0%b1%d0%b8%d1%82%d0%ba%d0%b0%d1%82%d0%b0-%d0%bf%d1%80%d0%b8-%d0%b3%d0%be%d1%80%d0%bd%d0%b8-%d0%b4%d1%8a%d0%b1%d0%bd%d0%b8%d0%ba-%d0%bf%d0%be-%d0%b2%d1%80%d0%b5%d0%bc%d0%b5-%d0%bd%d0%b0-%d1%80%d1%83/ HTTP/1.1" 200 22075 "https://patrioti.net/%d0%b1%d0%b8%d1%82%d0%ba%d0%b0%d1%82%d0%b0-%d0%bf%d1%80%d0%b8-%d0%b3%d0%be%d1%80%d0%bd%d0%b8-%d0%b4%d1%8a%d0%b1%d0%bd%d0%b8%d0%ba-%d0%bf%d0%be-%d0%b2%d1%80%d0%b5%d0%bc%d0%b5-%d0%bd%d0%b0-%d1%80%d1%83" "Mozilla/5.0 AppleWebKit/537.36 (KHTML, like Gecko; compatible; ClaudeBot/1.0; +claudebot@anthropic.com)"
216.73.216.22 - - [05/Apr/2026:15:28:00 +0200] "GET /%d1%81%d0%be%d1%84%d0%b8%d0%b9%d1%81%d0%ba%d0%b8%d1%8f%d1%82-%d1%83%d0%bd%d0%b8%d0%b2%d0%b5%d1%80%d1%81%d0%b8%d1%82%d0%b5%d1%82-%d0%bf%d1%8a%d1%80%d0%b2%d0%be-%d1%81%d0%b5-%d0%bd%d0%b0%d1%80%d0%b8/whatsapp:/send HTTP/1.1" 404 15246 "-" "Mozilla/5.0 AppleWebKit/537.36 (KHTML, like Gecko; compatible; ClaudeBot/1.0; +claudebot@anthropic.com)"
216.73.216.22 - - [05/Apr/2026:15:28:04 +0200] "GET /wp-content/themes/Newspaper/includes/demos/lifestyle/?C=S&O=D HTTP/1.1" 200 507 "-" "Mozilla/5.0 AppleWebKit/537.36 (KHTML, like Gecko; compatible; ClaudeBot/1.0; +claudebot@anthropic.com)"
216.73.216.22 - - [05/Apr/2026:15:28:05 +0200] "GET /%d0%bd%d0%b0-31-%d0%bc%d0%b0%d1%80%d1%82-%d1%86%d1%8a%d1%80%d0%ba%d0%b2%d0%b0%d1%82%d0%b0-%d0%bf%d0%be%d1%87%d0%b8%d1%82%d0%b0-%d1%81%d0%b2-%d0%bf%d1%80%d0%b5%d0%bf-%d0%b8%d0%bf%d0%b0%d1%82%d0%b8 HTTP/1.1" 301 0 "-" "Mozilla/5.0 AppleWebKit/537.36 (KHTML, like Gecko; compatible; ClaudeBot/1.0; +claudebot@anthropic.com)"
161.97.137.93 - - [05/Apr/2026:15:28:05 +0200] "POST /wp-cron.php?doing_wp_cron=1775395685.3844170570373535156250 HTTP/1.1" 404 15246 "https://patrioti.net/wp-cron.php?doing_wp_cron=1775395685.3844170570373535156250" "WordPress/4.9.26; https://patrioti.net"
216.73.216.22 - - [05/Apr/2026:15:28:05 +0200] "GET /%d0%b4%d0%bd%d0%b5%d1%81-%d0%b5-%d1%80%d0%be%d0%b4%d0%b5%d0%bd-%d1%82%d1%80%d0%b5%d0%bd%d1%8c%d0%be%d1%80%d1%8a%d1%82-%d0%bf%d0%be-%d0%b2%d0%be%d0%bb%d0%b5%d0%b9%d0%b1%d0%be%d0%bb-%d0%bc%d0%b0%d1%80/feed HTTP/1.1" 301 0 "-" "Mozilla/5.0 AppleWebKit/537.36 (KHTML, like Gecko; compatible; ClaudeBot/1.0; +claudebot@anthropic.com)"
216.73.216.22 - - [05/Apr/2026:15:28:06 +0200] "GET /%d0%bd%d0%b0-31-%d0%bc%d0%b0%d1%80%d1%82-%d1%86%d1%8a%d1%80%d0%ba%d0%b2%d0%b0%d1%82%d0%b0-%d0%bf%d0%be%d1%87%d0%b8%d1%82%d0%b0-%d1%81%d0%b2-%d0%bf%d1%80%d0%b5%d0%bf-%d0%b8%d0%bf%d0%b0%d1%82%d0%b8/ HTTP/1.1" 200 24012 "https://patrioti.net/%d0%bd%d0%b0-31-%d0%bc%d0%b0%d1%80%d1%82-%d1%86%d1%8a%d1%80%d0%ba%d0%b2%d0%b0%d1%82%d0%b0-%d0%bf%d0%be%d1%87%d0%b8%d1%82%d0%b0-%d1%81%d0%b2-%d0%bf%d1%80%d0%b5%d0%bf-%d0%b8%d0%bf%d0%b0%d1%82%d0%b8" "Mozilla/5.0 AppleWebKit/537.36 (KHTML, like Gecko; compatible; ClaudeBot/1.0; +claudebot@anthropic.com)"
216.73.216.22 - - [05/Apr/2026:15:28:06 +0200] "GET /%d0%b4%d0%bd%d0%b5%d1%81-%d0%b5-%d1%80%d0%be%d0%b4%d0%b5%d0%bd-%d1%82%d1%80%d0%b5%d0%bd%d1%8c%d0%be%d1%80%d1%8a%d1%82-%d0%bf%d0%be-%d0%b2%d0%be%d0%bb%d0%b5%d0%b9%d0%b1%d0%be%d0%bb-%d0%bc%d0%b0%d1%80/feed/ HTTP/1.1" 200 542 "https://patrioti.net/%d0%b4%d0%bd%d0%b5%d1%81-%d0%b5-%d1%80%d0%be%d0%b4%d0%b5%d0%bd-%d1%82%d1%80%d0%b5%d0%bd%d1%8c%d0%be%d1%80%d1%8a%d1%82-%d0%bf%d0%be-%d0%b2%d0%be%d0%bb%d0%b5%d0%b9%d0%b1%d0%be%d0%bb-%d0%bc%d0%b0%d1%80/feed" "Mozilla/5.0 AppleWebKit/537.36 (KHTML, like Gecko; compatible; ClaudeBot/1.0; +claudebot@anthropic.com)"
66.249.69.133 - - [05/Apr/2026:15:28:10 +0200] "GET /tag/%D0%B7%D0%B0-%D0%BF%D0%B0%D1%82%D1%80%D0%B8%D0%BE%D1%82%D0%B8%D0%B7%D0%BC%D1%8A%D1%82/page/69/ HTTP/1.1" 200 17040 "-" "Mozilla/5.0 (Linux; Android 6.0.1; Nexus 5X Build/MMB29P) AppleWebKit/537.36 (KHTML, like Gecko) Chrome/146.0.7680.177 Mobile Safari/537.36 (compatible; Googlebot/2.1; +http://www.google.com/bot.html)"
216.73.216.22 - - [05/Apr/2026:15:28:10 +0200] "GET /%d0%bd%d0%b0-28-%d1%8e%d0%bd%d0%b8-%d1%86%d1%8a%d1%80%d0%ba%d0%b2%d0%b0%d1%82%d0%b0-%d0%be%d1%82%d0%b1%d0%b5%d0%bb%d1%8f%d0%b7%d0%b2%d0%b0-%d0%bf%d1%80%d0%b5%d0%bd%d0%b0%d1%81%d1%8f%d0%bd%d0%b5-%d0%bc HTTP/1.1" 301 0 "-" "Mozilla/5.0 AppleWebKit/537.36 (KHTML, like Gecko; compatible; ClaudeBot/1.0; +claudebot@anthropic.com)"
216.73.216.22 - - [05/Apr/2026:15:28:10 +0200] "GET /%d0%b4%d0%bd%d0%b5%d1%81-%d0%b5-%d1%80%d0%be%d0%b4%d0%b5%d0%bd-%d0%b1%d1%8a%d0%bb%d0%b3%d0%b0%d1%80%d1%81%d0%ba%d0%b8%d1%8f%d1%82-%d0%b0%d0%ba%d1%82%d1%8c%d0%be%d1%80-%d0%bf%d0%b5%d1%82%d1%8c%d0%be HTTP/1.1" 301 0 "-" "Mozilla/5.0 AppleWebKit/537.36 (KHTML, like Gecko; compatible; ClaudeBot/1.0; +claudebot@anthropic.com)"
116.118.2.113 - - [05/Apr/2026:15:28:10 +0200] "GET /wp-login.php HTTP/1.1" 200 1168 "-" "Mozilla/4.0 (compatible; MSIE 7.0; Windows NT 6.3; WOW64; Trident/7.0; .NET4.0C; .NET4.0E; .NET CLR 2.0.50727; .NET CLR 3.0.30729; .NET CLR 3.5.30729)"
216.73.216.22 - - [05/Apr/2026:15:28:10 +0200] "GET /%d0%bd%d0%b0-28-%d1%8e%d0%bd%d0%b8-%d1%86%d1%8a%d1%80%d0%ba%d0%b2%d0%b0%d1%82%d0%b0-%d0%be%d1%82%d0%b1%d0%b5%d0%bb%d1%8f%d0%b7%d0%b2%d0%b0-%d0%bf%d1%80%d0%b5%d0%bd%d0%b0%d1%81%d1%8f%d0%bd%d0%b5-%d0%bc/ HTTP/1.1" 200 23527 "https://patrioti.net/%d0%bd%d0%b0-28-%d1%8e%d0%bd%d0%b8-%d1%86%d1%8a%d1%80%d0%ba%d0%b2%d0%b0%d1%82%d0%b0-%d0%be%d1%82%d0%b1%d0%b5%d0%bb%d1%8f%d0%b7%d0%b2%d0%b0-%d0%bf%d1%80%d0%b5%d0%bd%d0%b0%d1%81%d1%8f%d0%bd%d0%b5-%d0%bc" "Mozilla/5.0 AppleWebKit/537.36 (KHTML, like Gecko; compatible; ClaudeBot/1.0; +claudebot@anthropic.com)"
216.73.216.22 - - [05/Apr/2026:15:28:11 +0200] "GET /%d0%b4%d0%bd%d0%b5%d1%81-%d0%b5-%d1%80%d0%be%d0%b4%d0%b5%d0%bd-%d0%b1%d1%8a%d0%bb%d0%b3%d0%b0%d1%80%d1%81%d0%ba%d0%b8%d1%8f%d1%82-%d0%b0%d0%ba%d1%82%d1%8c%d0%be%d1%80-%d0%bf%d0%b5%d1%82%d1%8c%d0%be/ HTTP/1.1" 200 21030 "https://patrioti.net/%d0%b4%d0%bd%d0%b5%d1%81-%d0%b5-%d1%80%d0%be%d0%b4%d0%b5%d0%bd-%d0%b1%d1%8a%d0%bb%d0%b3%d0%b0%d1%80%d1%81%d0%ba%d0%b8%d1%8f%d1%82-%d0%b0%d0%ba%d1%82%d1%8c%d0%be%d1%80-%d0%bf%d0%b5%d1%82%d1%8c%d0%be" "Mozilla/5.0 AppleWebKit/537.36 (KHTML, like Gecko; compatible; ClaudeBot/1.0; +claudebot@anthropic.com)"
116.118.2.113 - - [05/Apr/2026:15:28:11 +0200] "POST /wp-login.php HTTP/1.1" 200 1530 "https://patrioti.net/wp-login.php" "Mozilla/4.0 (compatible; MSIE 7.0; Windows NT 6.3; WOW64; Trident/7.0; .NET4.0C; .NET4.0E; .NET CLR 2.0.50727; .NET CLR 3.0.30729; .NET CLR 3.5.30729)"
111.119.216.51 - - [05/Apr/2026:15:28:12 +0200] "GET /tag/%d0%b1%d1%8a%d0%bb%d0%b3%d0%b0%d1%80%d1%81%d0%ba%d0%b8-%d0%bf%d0%b0%d1%82%d1%80%d0%b8%d0%be%d1%82%d0%b8/page/406/ HTTP/1.1" 200 17387 "-" "Mozilla/5.0 (Macintosh; Intel Mac OS X 10_15_7) AppleWebKit/537.36 (KHTML, like Gecko) Chrome/144.0.0.0 Safari/537.36"
40.77.167.79 - - [05/Apr/2026:15:28:13 +0200] "GET /tag/%D0%BD%D0%B5%D0%BF%D0%BE%D0%BA%D0%BB%D0%B0%D1%82%D0%B8%D0%BC-%D0%B1%D0%BE%D0%B6%D0%B8%D1%8F%D1%82-%D0%BC%D0%BE%D1%81%D1%82/ HTTP/1.1" 200 15545 "-" "Mozilla/5.0 AppleWebKit/537.36 (KHTML, like Gecko; compatible; bingbot/2.0; +http://www.bing.com/bingbot.htm) Chrome/116.0.1938.76 Safari/537.36"
185.191.171.5 - - [05/Apr/2026:15:28:21 +0200] "GET /category/%D0%B4%D0%B5%D0%BB%D0%B0/page/64/ HTTP/1.1" 200 20023 "-" "Mozilla/5.0 (compatible; SemrushBot/7~bl; +http://www.semrush.com/bot.html)"
185.191.171.8 - - [05/Apr/2026:15:28:23 +0200] "GET /%D0%BD%D0%B0-2-%D0%BE%D0%BA%D1%82%D0%BE%D0%BC%D0%B2%D1%80%D0%B8-1916-%D0%B3-%D1%83%D0%BC%D0%B8%D1%80%D0%B0-%D0%BF%D0%BE%D0%B5%D1%82%D1%8A%D1%82-%D0%B4%D0%B8%D0%BC%D1%87%D0%BE-%D0%B4%D0%B5%D0%B1%D0%B5/ HTTP/1.1" 200 22140 "-" "Mozilla/5.0 (compatible; SemrushBot/7~bl; +http://www.semrush.com/bot.html)"
52.167.144.198 - - [05/Apr/2026:15:28:27 +0200] "GET /?s=Julie+patton+author HTTP/1.1" 200 15290 "-" "Mozilla/5.0 AppleWebKit/537.36 (KHTML, like Gecko; compatible; bingbot/2.0; +http://www.bing.com/bingbot.htm) Chrome/116.0.1938.76 Safari/537.36"
40.77.167.79 - - [05/Apr/2026:15:28:54 +0200] "GET /wp-content/uploads/2019/04/c3de2e3434e82e6d11fdbb8d8b7871a9ac8fc19c-632x393.jpg HTTP/1.1" 200 30363 "-" "Mozilla/5.0 AppleWebKit/537.36 (KHTML, like Gecko; compatible; bingbot/2.0; +http://www.bing.com/bingbot.htm) Chrome/116.0.1938.76 Safari/537.36"
52.167.144.198 - - [05/Apr/2026:15:28:58 +0200] "GET /wp-content/uploads/2018/09/09_03_Hieromartyr_Anthimus_Of_Nicomedia-55x55.jpg HTTP/1.1" 200 1948 "-" "Mozilla/5.0 AppleWebKit/537.36 (KHTML, like Gecko; compatible; bingbot/2.0; +http://www.bing.com/bingbot.htm) Chrome/116.0.1938.76 Safari/537.36"
161.97.137.93 - - [05/Apr/2026:15:29:13 +0200] "POST /wp-cron.php?doing_wp_cron=1775395753.1382870674133300781250 HTTP/1.1" 404 15247 "https://patrioti.net/wp-cron.php?doing_wp_cron=1775395753.1382870674133300781250" "WordPress/4.9.26; https://patrioti.net"
216.73.216.22 - - [05/Apr/2026:15:29:13 +0200] "GET /%d0%ba%d0%be%d0%b9-%d1%80%d0%b8%d1%82%d0%bd%d0%b0-%d0%b1%d1%83%d1%80%d0%b5%d1%82%d0%be-%d1%81-%d0%b1%d0%b0%d1%80%d1%83%d1%82-%d0%ba%d1%8a%d0%bc-%d0%b1%d0%b0%d0%bb%d0%ba%d0%b0%d0%bd%d0%b8%d1%82%d0%b5/whatsapp:/send HTTP/1.1" 404 15247 "-" "Mozilla/5.0 AppleWebKit/537.36 (KHTML, like Gecko; compatible; ClaudeBot/1.0; +claudebot@anthropic.com)"
66.249.69.131 - - [05/Apr/2026:15:29:15 +0200] "GET /category/%D0%BD%D0%B0-%D1%82%D0%BE%D0%B7%D0%B8-%D0%B4%D0%B5%D0%BD/page/181/ HTTP/1.1" 200 19703 "-" "Mozilla/5.0 (Linux; Android 6.0.1; Nexus 5X Build/MMB29P) AppleWebKit/537.36 (KHTML, like Gecko) Chrome/146.0.7680.177 Mobile Safari/537.36 (compatible; Googlebot/2.1; +http://www.google.com/bot.html)"
52.167.144.198 - - [05/Apr/2026:15:29:17 +0200] "GET /?s=%E6%A2%85%E5%BF%A0%E9%9D%92 HTTP/1.1" 200 15310 "-" "Mozilla/5.0 AppleWebKit/537.36 (KHTML, like Gecko; compatible; bingbot/2.0; +http://www.bing.com/bingbot.htm) Chrome/116.0.1938.76 Safari/537.36"
216.73.216.22 - - [05/Apr/2026:15:29:17 +0200] "GET /%d0%b4%d0%bd%d0%b5%d1%88%d0%bd%d0%b0%d1%82%d0%b0-%d0%b4%d0%b0%d1%82%d0%b0-1-%d0%bc%d0%b0%d0%b9-%d0%be%d1%82%d0%b1%d0%b5%d0%bb%d1%8f%d0%b7%d0%b2%d0%b0%d0%bc%d0%b5-%d0%b8%d0%b7%d0%b1%d1%83/feed HTTP/1.1" 301 0 "-" "Mozilla/5.0 AppleWebKit/537.36 (KHTML, like Gecko; compatible; ClaudeBot/1.0; +claudebot@anthropic.com)"
216.73.216.22 - - [05/Apr/2026:15:29:18 +0200] "GET /%d0%b4%d0%bd%d0%b5%d1%88%d0%bd%d0%b0%d1%82%d0%b0-%d0%b4%d0%b0%d1%82%d0%b0-1-%d0%bc%d0%b0%d0%b9-%d0%be%d1%82%d0%b1%d0%b5%d0%bb%d1%8f%d0%b7%d0%b2%d0%b0%d0%bc%d0%b5-%d0%b8%d0%b7%d0%b1%d1%83/feed/ HTTP/1.1" 200 556 "https://patrioti.net/%d0%b4%d0%bd%d0%b5%d1%88%d0%bd%d0%b0%d1%82%d0%b0-%d0%b4%d0%b0%d1%82%d0%b0-1-%d0%bc%d0%b0%d0%b9-%d0%be%d1%82%d0%b1%d0%b5%d0%bb%d1%8f%d0%b7%d0%b2%d0%b0%d0%bc%d0%b5-%d0%b8%d0%b7%d0%b1%d1%83/feed" "Mozilla/5.0 AppleWebKit/537.36 (KHTML, like Gecko; compatible; ClaudeBot/1.0; +claudebot@anthropic.com)"
216.73.216.22 - - [05/Apr/2026:15:29:18 +0200] "GET /%D0%BD%D0%B0-14-%D0%B0%D0%BF%D1%80%D0%B8%D0%BB-1877-%D0%B3-%D1%81%D0%B5-%D1%81%D0%B0%D0%BC%D0%BE%D1%80%D0%B0%D0%B7%D0%BF%D1%83%D1%81%D0%BA%D0%B0-%D0%B1%D1%8A%D0%BB%D0%B3%D0%B0%D1%80%D1%81%D0%BA%D0%BE/ HTTP/1.1" 200 21596 "-" "Mozilla/5.0 AppleWebKit/537.36 (KHTML, like Gecko; compatible; ClaudeBot/1.0; +claudebot@anthropic.com)"
216.73.216.22 - - [05/Apr/2026:15:29:21 +0200] "GET /%d0%bd%d0%b0-%d0%b4%d0%bd%d0%b5%d1%88%d0%bd%d0%b0%d1%82%d0%b0-%d0%b4%d0%b0%d1%82%d0%b0-%d1%83%d0%bc%d0%b8%d1%80%d0%b0-%d0%b1%d1%8a%d0%bb%d0%b3%d0%b0%d1%80%d1%81%d0%ba%d0%b8%d1%8f%d1%82-%d0%bf%d0%b8-16 HTTP/1.1" 301 0 "-" "Mozilla/5.0 AppleWebKit/537.36 (KHTML, like Gecko; compatible; ClaudeBot/1.0; +claudebot@anthropic.com)"
216.73.216.22 - - [05/Apr/2026:15:29:21 +0200] "GET /%d0%bd%d0%b0-%d0%b4%d0%bd%d0%b5%d1%88%d0%bd%d0%b0%d1%82%d0%b0-%d0%b4%d0%b0%d1%82%d0%b0-%d1%83%d0%bc%d0%b8%d1%80%d0%b0-%d0%b1%d1%8a%d0%bb%d0%b3%d0%b0%d1%80%d1%81%d0%ba%d0%b8%d1%8f%d1%82-%d0%bf%d0%b8-16/ HTTP/1.1" 200 21236 "https://patrioti.net/%d0%bd%d0%b0-%d0%b4%d0%bd%d0%b5%d1%88%d0%bd%d0%b0%d1%82%d0%b0-%d0%b4%d0%b0%d1%82%d0%b0-%d1%83%d0%bc%d0%b8%d1%80%d0%b0-%d0%b1%d1%8a%d0%bb%d0%b3%d0%b0%d1%80%d1%81%d0%ba%d0%b8%d1%8f%d1%82-%d0%bf%d0%b8-16" "Mozilla/5.0 AppleWebKit/537.36 (KHTML, like Gecko; compatible; ClaudeBot/1.0; +claudebot@anthropic.com)"
216.73.216.22 - - [05/Apr/2026:15:29:22 +0200] "GET /%D0%BD%D0%B0%D1%87%D0%B0%D0%BB%D0%BE/page/898 HTTP/1.1" 301 0 "-" "Mozilla/5.0 AppleWebKit/537.36 (KHTML, like Gecko; compatible; ClaudeBot/1.0; +claudebot@anthropic.com)"
216.73.216.22 - - [05/Apr/2026:15:29:22 +0200] "GET /%D0%BD%D0%B0%D1%87%D0%B0%D0%BB%D0%BE/page/898/ HTTP/1.1" 200 17921 "https://patrioti.net/%D0%BD%D0%B0%D1%87%D0%B0%D0%BB%D0%BE/page/898" "Mozilla/5.0 AppleWebKit/537.36 (KHTML, like Gecko; compatible; ClaudeBot/1.0; +claudebot@anthropic.com)"
216.73.216.22 - - [05/Apr/2026:15:29:23 +0200] "GET /%d0%bd%d0%b0-12-%d0%b0%d0%bf%d1%80%d0%b8%d0%bb-1934-%d0%b3-%d1%83%d0%bc%d0%b8%d1%80%d0%b0-%d0%b3%d0%b5%d0%bd%d0%b5%d1%80%d0%b0%d0%bb-%d0%bb%d0%b5%d0%b9%d1%82%d0%b5%d0%bd%d0%b0%d0%bd%d1%82-%d0%bd HTTP/1.1" 301 0 "-" "Mozilla/5.0 AppleWebKit/537.36 (KHTML, like Gecko; compatible; ClaudeBot/1.0; +claudebot@anthropic.com)"
216.73.216.22 - - [05/Apr/2026:15:29:23 +0200] "GET /%d0%bd%d0%b0-12-%d0%b0%d0%bf%d1%80%d0%b8%d0%bb-1934-%d0%b3-%d1%83%d0%bc%d0%b8%d1%80%d0%b0-%d0%b3%d0%b5%d0%bd%d0%b5%d1%80%d0%b0%d0%bb-%d0%bb%d0%b5%d0%b9%d1%82%d0%b5%d0%bd%d0%b0%d0%bd%d1%82-%d0%bd/ HTTP/1.1" 200 21731 "https://patrioti.net/%d0%bd%d0%b0-12-%d0%b0%d0%bf%d1%80%d0%b8%d0%bb-1934-%d0%b3-%d1%83%d0%bc%d0%b8%d1%80%d0%b0-%d0%b3%d0%b5%d0%bd%d0%b5%d1%80%d0%b0%d0%bb-%d0%bb%d0%b5%d0%b9%d1%82%d0%b5%d0%bd%d0%b0%d0%bd%d1%82-%d0%bd" "Mozilla/5.0 AppleWebKit/537.36 (KHTML, like Gecko; compatible; ClaudeBot/1.0; +claudebot@anthropic.com)"
216.73.216.22 - - [05/Apr/2026:15:29:27 +0200] "GET /%D0%BD%D0%B0%D1%87%D0%B0%D0%BB%D0%BE/page/47 HTTP/1.1" 301 0 "-" "Mozilla/5.0 AppleWebKit/537.36 (KHTML, like Gecko; compatible; ClaudeBot/1.0; +claudebot@anthropic.com)"
216.73.216.22 - - [05/Apr/2026:15:29:27 +0200] "GET /%D0%BD%D0%B0%D1%87%D0%B0%D0%BB%D0%BE/page/47/ HTTP/1.1" 200 17283 "https://patrioti.net/%D0%BD%D0%B0%D1%87%D0%B0%D0%BB%D0%BE/page/47" "Mozilla/5.0 AppleWebKit/537.36 (KHTML, like Gecko; compatible; ClaudeBot/1.0; +claudebot@anthropic.com)"
216.73.216.22 - - [05/Apr/2026:15:29:31 +0200] "GET /?p=46435 HTTP/1.1" 301 0 "-" "Mozilla/5.0 AppleWebKit/537.36 (KHTML, like Gecko; compatible; ClaudeBot/1.0; +claudebot@anthropic.com)"
216.73.216.22 - - [05/Apr/2026:15:29:32 +0200] "GET /%d0%bd%d0%b0-6-%d1%8e%d0%bb%d0%b8-1876-%d0%b3-%d0%b5-%d1%80%d0%be%d0%b4%d0%b5%d0%bd-%d0%b1%d1%8a%d0%bb%d0%b3%d0%b0%d1%80%d1%81%d0%ba%d0%b8%d1%8f%d1%82-%d0%bf%d0%be%d0%bb%d0%b8%d1%82%d0%b8%d0%ba/ HTTP/1.1" 200 21199 "https://patrioti.net/?p=46435" "Mozilla/5.0 AppleWebKit/537.36 (KHTML, like Gecko; compatible; ClaudeBot/1.0; +claudebot@anthropic.com)"
216.73.216.22 - - [05/Apr/2026:15:29:36 +0200] "GET /?p=1129 HTTP/1.1" 301 0 "-" "Mozilla/5.0 AppleWebKit/537.36 (KHTML, like Gecko; compatible; ClaudeBot/1.0; +claudebot@anthropic.com)"
216.73.216.22 - - [05/Apr/2026:15:29:37 +0200] "GET /%d0%b6%d0%b8%d0%b2%d0%be%d0%bf%d0%b8%d1%81%d0%bd%d0%b8%d1%8f%d1%82-%d1%87%d0%b5%d1%80%d0%b5%d0%bf%d0%b8%d1%88%d0%ba%d0%b8-%d0%bc%d0%b0%d0%bd%d0%b0%d1%81%d1%82%d0%b8%d1%80/ HTTP/1.1" 200 21135 "https://patrioti.net/?p=1129" "Mozilla/5.0 AppleWebKit/537.36 (KHTML, like Gecko; compatible; ClaudeBot/1.0; +claudebot@anthropic.com)"
216.73.216.22 - - [05/Apr/2026:15:29:42 +0200] "GET /?p=2270 HTTP/1.1" 301 0 "-" "Mozilla/5.0 AppleWebKit/537.36 (KHTML, like Gecko; compatible; ClaudeBot/1.0; +claudebot@anthropic.com)"
216.73.216.22 - - [05/Apr/2026:15:29:42 +0200] "GET /%d0%b8%d1%81%d1%82%d0%be%d1%80%d0%b8%d1%8f%d1%82%d0%b0-%d0%bd%d0%b0-%d1%80%d1%83%d1%88%d0%b8%d0%b4%d0%be%d0%b2%d0%b0%d1%82%d0%b0-%d0%ba%d1%8a%d1%89%d0%b0/ HTTP/1.1" 200 21364 "https://patrioti.net/?p=2270" "Mozilla/5.0 AppleWebKit/537.36 (KHTML, like Gecko; compatible; ClaudeBot/1.0; +claudebot@anthropic.com)"
216.73.216.22 - - [05/Apr/2026:15:29:47 +0200] "GET /?p=7240 HTTP/1.1" 301 0 "-" "Mozilla/5.0 AppleWebKit/537.36 (KHTML, like Gecko; compatible; ClaudeBot/1.0; +claudebot@anthropic.com)"
216.73.216.22 - - [05/Apr/2026:15:29:47 +0200] "GET /%d0%b5%d0%b2%d0%b3%d0%b5%d0%bd%d0%b8%d1%8f-%d0%ba%d0%b8%d1%81%d0%b8%d0%bc%d0%be%d0%b2%d0%b0-%d0%b7%d0%b0%d0%ba%d1%80%d0%b8%d0%bb%d0%bd%d0%b8%d1%86%d0%b0%d1%82%d0%b0-%d0%bd%d0%b0-%d0%b6%d0%b5%d0%bd/ HTTP/1.1" 200 21436 "https://patrioti.net/?p=7240" "Mozilla/5.0 AppleWebKit/537.36 (KHTML, like Gecko; compatible; ClaudeBot/1.0; +claudebot@anthropic.com)"
198.244.240.62 - - [05/Apr/2026:15:29:49 +0200] "GET /%D0%BB%D0%B5%D0%B3%D0%B5%D0%BD%D0%B4%D0%B0-%D0%B7%D0%B0-%D1%81%D0%BC%D1%8A%D1%80%D1%82%D1%82%D0%B0-%D0%BD%D0%B0-%D1%86%D0%B0%D1%80-%D0%BA%D0%B0%D0%BB%D0%BE%D1%8F%D0%BD/feed/ HTTP/1.1" 200 558 "-" "Mozilla/5.0 (compatible; AhrefsBot/7.0; +http://ahrefs.com/robot/)"
167.71.21.86 - - [05/Apr/2026:15:29:54 +0200] "GET /%d0%bf%d1%8a%d1%80%d0%b2%d0%b0%d1%82%d0%b0-%d0%b4%d0%b5%d1%82%d1%81%d0%ba%d0%b0-%d0%ba%d0%bd%d0%b8%d0%b6%d0%ba%d0%b0-%d0%b7%d0%b0-%d0%bb%d0%b5%d0%b2%d1%81%d0%ba%d0%b8/15112047/ HTTP/1.1" 200 21390 "http://patrioti.net/" "Mozilla/5.0 (Windows NT 10.0; Win64; x64) AppleWebKit/537.36 (KHTML, like Gecko) Chrome/110.0.0.0 Safari/537.36"
161.97.137.93 - - [05/Apr/2026:15:30:15 +0200] "POST /wp-cron.php?doing_wp_cron=1775395814.4919118881225585937500 HTTP/1.1" 404 15247 "https://patrioti.net/wp-cron.php?doing_wp_cron=1775395814.4919118881225585937500" "WordPress/4.9.26; https://patrioti.net"
146.120.38.144 - - [05/Apr/2026:15:30:15 +0200] "GET /category/%d0%b2%d1%8f%d1%80%d0%b0/ HTTP/1.1" 200 19737 "-" "Mozilla/5.0 (Android 4.0.3; Mobile; rv:32.0) Gecko/32.0 Firefox/32.0"
43.159.35.213 - - [05/Apr/2026:15:30:18 +0200] "GET /%d0%b2%d0%be%d0%b9%d0%b2%d0%be%d0%b4%d0%b0%d1%82%d0%b0-%d0%bf%d0%b0%d0%bd%d1%87%d0%be-%d0%bc%d0%b8%d1%85%d0%b0%d0%b9%d0%bb%d0%be%d0%b2-%d1%80%d1%8a%d0%ba%d0%be%d0%b2%d0%be%d0%b4%d0%b8-%d0%bf%d1%80/ HTTP/1.1" 200 22737 "-" "Mozilla/5.0 (Macintosh; Intel Mac OS X 10_15_7) AppleWebKit/537.36 (KHTML, like Gecko) Chrome/142.0.0.0 Safari/537.36"
66.249.69.130 - - [05/Apr/2026:15:30:20 +0200] "GET /tag/%D0%B7%D0%B0-%D0%BF%D0%B0%D1%82%D1%80%D0%B8%D0%BE%D1%82%D0%B8%D0%B7%D0%BC%D1%8A%D1%82/page/71/ HTTP/1.1" 200 17029 "-" "Mozilla/5.0 (Linux; Android 6.0.1; Nexus 5X Build/MMB29P) AppleWebKit/537.36 (KHTML, like Gecko) Chrome/146.0.7680.177 Mobile Safari/537.36 (compatible; Googlebot/2.1; +http://www.google.com/bot.html)"
216.73.216.22 - - [05/Apr/2026:15:30:32 +0200] "GET /?p=41551 HTTP/1.1" 301 0 "-" "Mozilla/5.0 AppleWebKit/537.36 (KHTML, like Gecko; compatible; ClaudeBot/1.0; +claudebot@anthropic.com)"
216.73.216.22 - - [05/Apr/2026:15:30:33 +0200] "GET /24-%d0%bc%d0%b0%d0%b9-%d0%b5-%d0%bf%d1%80%d0%b0%d0%b7%d0%bd%d0%b8%d0%ba-%d0%bd%d0%b0-%d1%82%d1%80%d0%b0%d0%ba%d0%b8%d0%b9%d1%81%d0%ba%d0%b8%d1%8f-%d1%83%d0%bd%d0%b8%d0%b2%d0%b5%d1%80%d1%81%d0%b8%d1%82/ HTTP/1.1" 200 20673 "https://patrioti.net/?p=41551" "Mozilla/5.0 AppleWebKit/537.36 (KHTML, like Gecko; compatible; ClaudeBot/1.0; +claudebot@anthropic.com)"
216.73.216.22 - - [05/Apr/2026:15:30:37 +0200] "GET /?p=45499 HTTP/1.1" 301 0 "-" "Mozilla/5.0 AppleWebKit/537.36 (KHTML, like Gecko; compatible; ClaudeBot/1.0; +claudebot@anthropic.com)"
52.167.144.198 - - [05/Apr/2026:15:30:37 +0200] "GET /?s=%E6%BE%B9%E5%A6%82 HTTP/1.1" 200 15289 "-" "Mozilla/5.0 AppleWebKit/537.36 (KHTML, like Gecko; compatible; bingbot/2.0; +http://www.bing.com/bingbot.htm) Chrome/116.0.1938.76 Safari/537.36"
216.73.216.22 - - [05/Apr/2026:15:30:37 +0200] "GET /%d0%bd%d0%b0-28-%d1%8e%d0%bd%d0%b8-%d1%86%d1%8a%d1%80%d0%ba%d0%b2%d0%b0%d1%82%d0%b0-%d0%be%d1%82%d0%b1%d0%b5%d0%bb%d1%8f%d0%b7%d0%b2%d0%b0-%d0%bf%d1%80%d0%b5%d0%bd%d0%b0%d1%81%d1%8f%d0%bd%d0%b5-%d0%bc/ HTTP/1.1" 200 23527 "https://patrioti.net/?p=45499" "Mozilla/5.0 AppleWebKit/537.36 (KHTML, like Gecko; compatible; ClaudeBot/1.0; +claudebot@anthropic.com)"
216.73.216.22 - - [05/Apr/2026:15:30:42 +0200] "GET /wp-content/themes/Newspaper/includes/modules/td_module_3.php HTTP/1.1" 500 0 "-" "Mozilla/5.0 AppleWebKit/537.36 (KHTML, like Gecko; compatible; ClaudeBot/1.0; +claudebot@anthropic.com)"
216.73.216.22 - - [05/Apr/2026:15:30:47 +0200] "GET /?p=3459 HTTP/1.1" 301 0 "-" "Mozilla/5.0 AppleWebKit/537.36 (KHTML, like Gecko; compatible; ClaudeBot/1.0; +claudebot@anthropic.com)"
216.73.216.22 - - [05/Apr/2026:15:30:48 +0200] "GET /%d0%b8%d1%81%d1%82%d0%be%d1%80%d0%b8%d1%8f%d1%82%d0%b0-%d0%bd%d0%b0-%d1%82%d1%80%d1%8a%d0%bd%d1%81%d0%ba%d0%b8%d1%8f%d1%82-%d0%bc%d0%b0%d0%bd%d0%b0%d1%81%d1%82%d0%b8%d1%80-%d1%81%d0%b2-%d0%b0%d1%80/ HTTP/1.1" 200 23184 "https://patrioti.net/?p=3459" "Mozilla/5.0 AppleWebKit/537.36 (KHTML, like Gecko; compatible; ClaudeBot/1.0; +claudebot@anthropic.com)"
216.73.216.22 - - [05/Apr/2026:15:30:49 +0200] "GET /?p=12544 HTTP/1.1" 301 0 "-" "Mozilla/5.0 AppleWebKit/537.36 (KHTML, like Gecko; compatible; ClaudeBot/1.0; +claudebot@anthropic.com)"
216.73.216.22 - - [05/Apr/2026:15:30:50 +0200] "GET /%d0%bd%d0%b0-24-%d0%be%d0%ba%d1%82%d0%be%d0%bc%d0%b2%d1%80%d0%b8-%d0%b5-%d1%80%d0%be%d0%b4%d0%b5%d0%bd-%d0%b1%d1%8a%d0%bb%d0%b3%d0%b0%d1%80%d1%81%d0%ba%d0%b8%d1%8f%d1%82-%d0%ba%d0%b0%d1%80%d0%b0%d1%82/ HTTP/1.1" 200 21682 "https://patrioti.net/?p=12544" "Mozilla/5.0 AppleWebKit/537.36 (KHTML, like Gecko; compatible; ClaudeBot/1.0; +claudebot@anthropic.com)"
216.73.216.22 - - [05/Apr/2026:15:30:52 +0200] "GET /wp-content/themes/Newspaper/includes/modules/td_module_2.php HTTP/1.1" 500 0 "-" "Mozilla/5.0 AppleWebKit/537.36 (KHTML, like Gecko; compatible; ClaudeBot/1.0; +claudebot@anthropic.com)"
216.73.216.22 - - [05/Apr/2026:15:30:54 +0200] "GET /wp-content/themes/Newspaper/includes/modules/td_module_mx2.php HTTP/1.1" 500 0 "-" "Mozilla/5.0 AppleWebKit/537.36 (KHTML, like Gecko; compatible; ClaudeBot/1.0; +claudebot@anthropic.com)"
216.73.216.22 - - [05/Apr/2026:15:30:57 +0200] "GET /?p=33089 HTTP/1.1" 301 0 "-" "Mozilla/5.0 AppleWebKit/537.36 (KHTML, like Gecko; compatible; ClaudeBot/1.0; +claudebot@anthropic.com)"
216.73.216.22 - - [05/Apr/2026:15:30:58 +0200] "GET /%d0%bd%d0%b0-15-%d0%bc%d0%b0%d1%80%d1%82-%d0%b5-%d1%80%d0%be%d0%b4%d0%b5%d0%bd-%d0%b1%d1%8a%d0%bb%d0%b3%d0%b0%d1%80%d1%81%d0%ba%d0%b8%d1%8f%d1%82-%d0%b0%d0%ba%d1%82%d1%8c%d0%be%d1%80-%d1%81%d1%82/ HTTP/1.1" 200 21365 "https://patrioti.net/?p=33089" "Mozilla/5.0 AppleWebKit/537.36 (KHTML, like Gecko; compatible; ClaudeBot/1.0; +claudebot@anthropic.com)"
79.124.76.218 - - [05/Apr/2026:15:30:58 +0200] "GET /wp-login.php HTTP/1.1" 200 1168 "-" "Mozilla/5.0 (Windows NT 10.0; WOW64; Trident/7.0; Touch; LCTE; rv:11.0) like Gecko"
79.124.76.218 - - [05/Apr/2026:15:30:59 +0200] "POST /wp-login.php HTTP/1.1" 200 1563 "https://patrioti.net/wp-login.php" "Mozilla/5.0 (Windows NT 10.0; WOW64; Trident/7.0; Touch; LCTE; rv:11.0) like Gecko"
216.73.216.22 - - [05/Apr/2026:15:30:59 +0200] "GET /?p=16608 HTTP/1.1" 301 0 "-" "Mozilla/5.0 AppleWebKit/537.36 (KHTML, like Gecko; compatible; ClaudeBot/1.0; +claudebot@anthropic.com)"
216.73.216.22 - - [05/Apr/2026:15:31:00 +0200] "GET /%d0%bd%d0%b0-21-%d0%bd%d0%be%d0%b5%d0%bc%d0%b2%d1%80%d0%b8-2002-%d0%b3-%d0%bd%d0%b0%d1%82%d0%be-%d0%be%d1%82%d0%bf%d1%80%d0%b0%d0%b2%d1%8f-%d0%bf%d0%be%d0%ba%d0%b0%d0%bd%d0%b0-%d0%ba%d1%8a%d0%bc/ HTTP/1.1" 200 22562 "https://patrioti.net/?p=16608" "Mozilla/5.0 AppleWebKit/537.36 (KHTML, like Gecko; compatible; ClaudeBot/1.0; +claudebot@anthropic.com)"
5.255.231.153 - - [05/Apr/2026:15:31:01 +0200] "GET /wp-content/uploads/2019/01/vasko_abadjiev__1403522186-324x400.jpg HTTP/1.1" 200 25024 "-" "Mozilla/5.0 (compatible; YandexImages/3.0; +http://yandex.com/bots)"
216.73.216.22 - - [05/Apr/2026:15:31:04 +0200] "GET /wp-content/themes/Newspaper/includes/modules/td_module_mx22.php HTTP/1.1" 502 150 "-" "Mozilla/5.0 AppleWebKit/537.36 (KHTML, like Gecko; compatible; ClaudeBot/1.0; +claudebot@anthropic.com)"
216.73.216.22 - - [05/Apr/2026:15:31:05 +0200] "GET /wp-content/themes/Newspaper/includes/modules/td_module_mx9.php HTTP/1.1" 500 0 "-" "Mozilla/5.0 AppleWebKit/537.36 (KHTML, like Gecko; compatible; ClaudeBot/1.0; +claudebot@anthropic.com)"
216.73.216.22 - - [05/Apr/2026:15:31:07 +0200] "GET /wp-content/themes/Newspaper/includes/shortcodes/td_misc_shortcodes.php HTTP/1.1" 500 0 "-" "Mozilla/5.0 AppleWebKit/537.36 (KHTML, like Gecko; compatible; ClaudeBot/1.0; +claudebot@anthropic.com)"
216.73.216.22 - - [05/Apr/2026:15:31:09 +0200] "GET /?p=39125 HTTP/1.1" 301 0 "-" "Mozilla/5.0 AppleWebKit/537.36 (KHTML, like Gecko; compatible; ClaudeBot/1.0; +claudebot@anthropic.com)"
116.179.32.88 - - [05/Apr/2026:15:31:09 +0200] "GET /?p=12815 HTTP/1.1" 301 0 "-" "Mozilla/5.0 (compatible; Baiduspider/2.0; +http://www.baidu.com/search/spider.html)"
216.73.216.22 - - [05/Apr/2026:15:31:10 +0200] "GET /wp-content/themes/Newspaper/includes/modules/td_module_mx8.php HTTP/1.1" 500 0 "-" "Mozilla/5.0 AppleWebKit/537.36 (KHTML, like Gecko; compatible; ClaudeBot/1.0; +claudebot@anthropic.com)"
216.73.216.22 - - [05/Apr/2026:15:31:10 +0200] "GET /%d1%81%d1%82%d0%b5%d1%84%d0%b0%d0%bd-%d0%b1%d0%be%d0%b7%d0%b4%d1%83%d0%b3%d0%b0%d0%bd%d0%be%d0%b2-%d0%b5%d0%b4%d0%b8%d0%bd-%d0%bf%d0%be%d0%b1%d0%be%d1%80%d0%bd%d0%b8%d0%ba-%d0%bd%d0%b0-%d1%8e%d0%b6/ HTTP/1.1" 200 22024 "https://patrioti.net/?p=39125" "Mozilla/5.0 AppleWebKit/537.36 (KHTML, like Gecko; compatible; ClaudeBot/1.0; +claudebot@anthropic.com)"
116.179.32.200 - - [05/Apr/2026:15:31:11 +0200] "GET /%D0%BD%D0%B0-%D0%B4%D0%BD%D0%B5%D1%88%D0%BD%D0%B8%D1%8F-%D0%B4%D0%B5%D0%BD-%D1%81%D0%B5-%D1%80%D0%B0%D0%B6%D0%B4%D0%B0-%D0%B3%D0%B5%D0%BD%D0%B5%D1%80%D0%B0%D0%BB-%D0%BC%D0%B0%D0%B9%D0%BE%D1%80-%D1%85/ HTTP/1.1" 200 21263 "-" "Mozilla/5.0 (compatible; Baiduspider/2.0; +http://www.baidu.com/search/spider.html)"
216.73.216.22 - - [05/Apr/2026:15:31:14 +0200] "GET /wp-content/themes/Newspaper/includes/modules/td_module_mx21.php HTTP/1.1" 500 0 "-" "Mozilla/5.0 AppleWebKit/537.36 (KHTML, like Gecko; compatible; ClaudeBot/1.0; +claudebot@anthropic.com)"
216.73.216.22 - - [05/Apr/2026:15:31:15 +0200] "GET /wp-content/themes/Newspaper/includes/modules/td_module_mx6.php HTTP/1.1" 500 0 "-" "Mozilla/5.0 AppleWebKit/537.36 (KHTML, like Gecko; compatible; ClaudeBot/1.0; +claudebot@anthropic.com)"
216.73.216.22 - - [05/Apr/2026:15:31:19 +0200] "GET /wp-content/themes/Newspaper/includes/modules/td_module_mx15.php HTTP/1.1" 500 0 "-" "Mozilla/5.0 AppleWebKit/537.36 (KHTML, like Gecko; compatible; ClaudeBot/1.0; +claudebot@anthropic.com)"
216.73.216.22 - - [05/Apr/2026:15:31:20 +0200] "GET /wp-content/themes/Newspaper/includes/modules/td_module_mx5.php HTTP/1.1" 500 0 "-" "Mozilla/5.0 AppleWebKit/537.36 (KHTML, like Gecko; compatible; ClaudeBot/1.0; +claudebot@anthropic.com)"
161.97.137.93 - - [05/Apr/2026:15:31:20 +0200] "POST /wp-cron.php?doing_wp_cron=1775395880.5485439300537109375000 HTTP/1.1" 404 15247 "https://patrioti.net/wp-cron.php?doing_wp_cron=1775395880.5485439300537109375000" "WordPress/4.9.26; https://patrioti.net"
208.109.188.137 - - [05/Apr/2026:15:31:20 +0200] "GET /wp-login.php HTTP/1.1" 200 1168 "-" "Mozilla/5.0 (Macintosh; Intel Mac OS X 10_11_6) AppleWebKit/605.1.15 (KHTML, like Gecko) Version/11.1.1 Safari/605.1.15"
216.73.216.22 - - [05/Apr/2026:15:31:21 +0200] "GET /wp-content/themes/Newspaper/includes/modules/td_module_mega_menu.php HTTP/1.1" 500 0 "-" "Mozilla/5.0 AppleWebKit/537.36 (KHTML, like Gecko; compatible; ClaudeBot/1.0; +claudebot@anthropic.com)"
208.109.188.137 - - [05/Apr/2026:15:31:21 +0200] "POST /wp-login.php HTTP/1.1" 200 1565 "https://patrioti.net/wp-login.php" "Mozilla/5.0 (Macintosh; Intel Mac OS X 10_11_6) AppleWebKit/605.1.15 (KHTML, like Gecko) Version/11.1.1 Safari/605.1.15"
216.73.216.22 - - [05/Apr/2026:15:31:24 +0200] "GET /wp-content/themes/Newspaper/includes/modules/td_module_mx23.php HTTP/1.1" 500 0 "-" "Mozilla/5.0 AppleWebKit/537.36 (KHTML, like Gecko; compatible; ClaudeBot/1.0; +claudebot@anthropic.com)"
216.73.216.22 - - [05/Apr/2026:15:31:25 +0200] "GET /?p=21378 HTTP/1.1" 301 0 "-" "Mozilla/5.0 AppleWebKit/537.36 (KHTML, like Gecko; compatible; ClaudeBot/1.0; +claudebot@anthropic.com)"
216.73.216.22 - - [05/Apr/2026:15:31:25 +0200] "GET /%d0%bd%d0%b0-27-%d0%b4%d0%b5%d0%ba%d0%b5%d0%bc%d0%b2%d1%80%d0%b8-1921-%d0%b3-%d0%b5-%d1%80%d0%be%d0%b4%d0%b5%d0%bd-%d0%b1%d1%8a%d0%bb%d0%b3%d0%b0%d1%80%d1%81%d0%ba%d0%b8%d1%8f%d1%82-%d0%b4%d0%b5/ HTTP/1.1" 200 21125 "https://patrioti.net/?p=21378" "Mozilla/5.0 AppleWebKit/537.36 (KHTML, like Gecko; compatible; ClaudeBot/1.0; +claudebot@anthropic.com)"
216.73.216.22 - - [05/Apr/2026:15:31:25 +0200] "GET /?p=2825 HTTP/1.1" 301 0 "-" "Mozilla/5.0 AppleWebKit/537.36 (KHTML, like Gecko; compatible; ClaudeBot/1.0; +claudebot@anthropic.com)"
66.249.69.130 - - [05/Apr/2026:15:31:26 +0200] "GET /tag/%D0%BD%D0%B0%D1%86%D0%B8%D0%BE%D0%BD%D0%B0%D0%BB%D0%BD%D0%BE-%D0%BF%D0%B0%D1%82%D1%80%D0%B8%D0%BE%D1%82%D0%B8%D1%87%D0%BD%D0%BE-%D0%BE%D0%B1%D0%B5%D0%B4%D0%B8%D0%BD%D0%B5%D0%BD%D0%B8%D0%B5/page/359/ HTTP/1.1" 200 17365 "-" "Mozilla/5.0 (Linux; Android 6.0.1; Nexus 5X Build/MMB29P) AppleWebKit/537.36 (KHTML, like Gecko) Chrome/146.0.7680.177 Mobile Safari/537.36 (compatible; Googlebot/2.1; +http://www.google.com/bot.html)"
216.73.216.22 - - [05/Apr/2026:15:31:26 +0200] "GET /%d0%ba%d0%b0%d0%bd-%d0%b8%d1%80%d0%bd%d0%b8%d0%ba-%d0%be%d1%82-%d1%80%d0%be%d0%b4%d0%b0-%d0%b4%d1%83%d0%bb%d0%be-453-489/ HTTP/1.1" 200 21410 "https://patrioti.net/?p=2825" "Mozilla/5.0 AppleWebKit/537.36 (KHTML, like Gecko; compatible; ClaudeBot/1.0; +claudebot@anthropic.com)"
216.73.216.22 - - [05/Apr/2026:15:31:29 +0200] "GET /wp-content/themes/Newspaper/includes/modules/td_module_mx24.php HTTP/1.1" 500 0 "-" "Mozilla/5.0 AppleWebKit/537.36 (KHTML, like Gecko; compatible; ClaudeBot/1.0; +claudebot@anthropic.com)"
216.73.216.22 - - [05/Apr/2026:15:31:30 +0200] "GET /?p=45381 HTTP/1.1" 301 0 "-" "Mozilla/5.0 AppleWebKit/537.36 (KHTML, like Gecko; compatible; ClaudeBot/1.0; +claudebot@anthropic.com)"
216.73.216.22 - - [05/Apr/2026:15:31:31 +0200] "GET /%d0%bd%d0%b0-27-%d1%8e%d0%bd%d0%b8-1985-%d0%b3-%d0%b2-%d1%81%d0%be%d1%84%d0%b8%d1%8f-%d0%b5-%d0%be%d1%81%d0%bd%d0%be%d0%b2%d0%b0%d0%bd-%d0%b1%d1%8a%d0%bb%d0%b3%d0%b0%d1%80%d1%81%d0%ba%d0%b8%d1%8f/ HTTP/1.1" 200 21339 "https://patrioti.net/?p=45381" "Mozilla/5.0 AppleWebKit/537.36 (KHTML, like Gecko; compatible; ClaudeBot/1.0; +claudebot@anthropic.com)"
216.73.216.22 - - [05/Apr/2026:15:31:35 +0200] "GET /wp-content/themes/Newspaper/includes/modules/td_module_single.php HTTP/1.1" 500 0 "-" "Mozilla/5.0 AppleWebKit/537.36 (KHTML, like Gecko; compatible; ClaudeBot/1.0; +claudebot@anthropic.com)"
5.255.231.206 - - [05/Apr/2026:15:31:36 +0200] "GET /%D0%BD%D0%B0-3-%D1%81%D0%B5%D0%BF%D1%82%D0%B5%D0%BC%D0%B2%D1%80%D0%B8-%D1%83%D0%BC%D0%B8%D1%80%D0%B0-%D0%B1%D1%8A%D0%BB%D0%B3%D0%B0%D1%80%D1%81%D0%BA%D0%B8%D1%8F%D1%82-%D0%B8%D1%81%D1%82%D0%BE%D1%80/ HTTP/1.1" 200 22668 "-" "Mozilla/5.0 (compatible; YandexBot/3.0; +http://yandex.com/bots)"
216.73.216.22 - - [05/Apr/2026:15:31:45 +0200] "GET /wp-content/themes/Newspaper/includes/modules/td_module_18.php HTTP/1.1" 500 0 "-" "Mozilla/5.0 AppleWebKit/537.36 (KHTML, like Gecko; compatible; ClaudeBot/1.0; +claudebot@anthropic.com)"
216.73.216.22 - - [05/Apr/2026:15:31:47 +0200] "GET /wp-content/themes/Newspaper/includes/modules/td_module_17.php HTTP/1.1" 500 0 "-" "Mozilla/5.0 AppleWebKit/537.36 (KHTML, like Gecko; compatible; ClaudeBot/1.0; +claudebot@anthropic.com)"
216.73.216.22 - - [05/Apr/2026:15:31:52 +0200] "GET /wp-content/themes/Newspaper/includes/modules/td_module_12.php HTTP/1.1" 500 0 "-" "Mozilla/5.0 AppleWebKit/537.36 (KHTML, like Gecko; compatible; ClaudeBot/1.0; +claudebot@anthropic.com)"
52.167.144.138 - - [05/Apr/2026:15:31:54 +0200] "GET /tag/%D1%80%D0%BE%D0%B6%D0%B4%D0%B5%D1%81%D1%82%D0%B2%D0%BE-%D0%B1%D0%BE%D0%B3%D0%BE%D1%80%D0%BE%D0%B4%D0%B8%D1%87%D0%BD%D0%BE/ HTTP/1.1" 200 15842 "-" "Mozilla/5.0 AppleWebKit/537.36 (KHTML, like Gecko; compatible; bingbot/2.0; +http://www.bing.com/bingbot.htm) Chrome/116.0.1938.76 Safari/537.36"
216.73.216.22 - - [05/Apr/2026:15:31:57 +0200] "GET /wp-content/themes/Newspaper/includes/modules/td_module_mx3.php HTTP/1.1" 500 0 "-" "Mozilla/5.0 AppleWebKit/537.36 (KHTML, like Gecko; compatible; ClaudeBot/1.0; +claudebot@anthropic.com)"
40.77.167.144 - - [05/Apr/2026:15:31:58 +0200] "GET /tag/%D1%81%D0%B2-%D0%B9%D0%BE%D0%B2/ HTTP/1.1" 200 15488 "-" "Mozilla/5.0 AppleWebKit/537.36 (KHTML, like Gecko; compatible; bingbot/2.0; +http://www.bing.com/bingbot.htm) Chrome/116.0.1938.76 Safari/537.36"
216.73.216.22 - - [05/Apr/2026:15:32:09 +0200] "GET /wp-content/themes/Newspaper/includes/shortcodes/td_block_title.php HTTP/1.1" 500 0 "-" "Mozilla/5.0 AppleWebKit/537.36 (KHTML, like Gecko; compatible; ClaudeBot/1.0; +claudebot@anthropic.com)"
216.73.216.22 - - [05/Apr/2026:15:32:11 +0200] "GET /wp-content/themes/Newspaper/includes/shortcodes/td_block_6.php HTTP/1.1" 500 0 "-" "Mozilla/5.0 AppleWebKit/537.36 (KHTML, like Gecko; compatible; ClaudeBot/1.0; +claudebot@anthropic.com)"
216.73.216.22 - - [05/Apr/2026:15:32:16 +0200] "GET /wp-content/themes/Newspaper/includes/shortcodes/td_block_5.php HTTP/1.1" 500 0 "-" "Mozilla/5.0 AppleWebKit/537.36 (KHTML, like Gecko; compatible; ClaudeBot/1.0; +claudebot@anthropic.com)"
216.73.216.22 - - [05/Apr/2026:15:32:18 +0200] "GET /robots.txt HTTP/1.1" 200 66 "-" "Mozilla/5.0 AppleWebKit/537.36 (KHTML, like Gecko; compatible; ClaudeBot/1.0; +claudebot@anthropic.com)"
216.73.216.22 - - [05/Apr/2026:15:32:18 +0200] "GET /wp-content/themes/Newspaper/includes/shortcodes/td_block_15.php HTTP/1.1" 500 0 "-" "Mozilla/5.0 AppleWebKit/537.36 (KHTML, like Gecko; compatible; ClaudeBot/1.0; +claudebot@anthropic.com)"
40.77.167.144 - - [05/Apr/2026:15:32:19 +0200] "GET /tag/%D1%85%D1%80%D0%B0%D0%B1%D1%8A%D1%80%D1%81%D0%BA%D0%BE/ HTTP/1.1" 200 15554 "-" "Mozilla/5.0 AppleWebKit/537.36 (KHTML, like Gecko; compatible; bingbot/2.0; +http://www.bing.com/bingbot.htm) Chrome/116.0.1938.76 Safari/537.36"
216.73.216.22 - - [05/Apr/2026:15:32:21 +0200] "GET /wp-content/themes/Newspaper/includes/wp_booster/td_module_single_base.php HTTP/1.1" 500 0 "-" "Mozilla/5.0 AppleWebKit/537.36 (KHTML, like Gecko; compatible; ClaudeBot/1.0; +claudebot@anthropic.com)"
216.73.216.22 - - [05/Apr/2026:15:32:23 +0200] "GET /wp-content/themes/Newspaper/includes/shortcodes/td_block_14.php HTTP/1.1" 500 0 "-" "Mozilla/5.0 AppleWebKit/537.36 (KHTML, like Gecko; compatible; ClaudeBot/1.0; +claudebot@anthropic.com)"
65.21.108.15 - - [05/Apr/2026:15:32:24 +0200] "GET / HTTP/1.1" 200 26305 "-" "Mozilla/5.0 (compatible; Googlebot/2.1; +http://www.google.com/bot.html)"
161.97.137.93 - - [05/Apr/2026:15:32:25 +0200] "POST /wp-cron.php?doing_wp_cron=1775395945.4548330307006835937500 HTTP/1.1" 404 15247 "https://patrioti.net/wp-cron.php?doing_wp_cron=1775395945.4548330307006835937500" "WordPress/4.9.26; https://patrioti.net"
