23.101.8.77 - - [05/Apr/2026:15:20:28 +0200] "GET /011i.php HTTP/1.1" 404 15251 "-" "Mozilla/5.0 (Windows NT 10.0; Win64; x64) AppleWebKit/537.36 (KHTML, like Gecko) Chrome/120.0.0.0 Safari/537.36"
216.73.216.22 - - [05/Apr/2026:15:20:28 +0200] "GET /%d0%b4%d0%bd%d0%b5%d1%88%d0%bd%d0%b0%d1%82%d0%b0-%d0%b4%d0%b0%d1%82%d0%b0-20-%d1%82%d0%b8-%d0%b0%d0%bf%d1%80%d0%b8%d0%bb-%d1%87%d0%b5%d1%81%d1%82%d0%b2%d0%b0%d0%bc%d0%b5-%d0%b0%d0%bf HTTP/1.1" 301 0 "-" "Mozilla/5.0 AppleWebKit/537.36 (KHTML, like Gecko; compatible; ClaudeBot/1.0; +claudebot@anthropic.com)"
216.73.216.22 - - [05/Apr/2026:15:20:29 +0200] "GET /%d0%b4%d0%bd%d0%b5%d1%88%d0%bd%d0%b0%d1%82%d0%b0-%d0%b4%d0%b0%d1%82%d0%b0-20-%d1%82%d0%b8-%d0%b0%d0%bf%d1%80%d0%b8%d0%bb-%d1%87%d0%b5%d1%81%d1%82%d0%b2%d0%b0%d0%bc%d0%b5-%d0%b0%d0%bf/ HTTP/1.1" 200 21035 "https://patrioti.net/%d0%b4%d0%bd%d0%b5%d1%88%d0%bd%d0%b0%d1%82%d0%b0-%d0%b4%d0%b0%d1%82%d0%b0-20-%d1%82%d0%b8-%d0%b0%d0%bf%d1%80%d0%b8%d0%bb-%d1%87%d0%b5%d1%81%d1%82%d0%b2%d0%b0%d0%bc%d0%b5-%d0%b0%d0%bf" "Mozilla/5.0 AppleWebKit/537.36 (KHTML, like Gecko; compatible; ClaudeBot/1.0; +claudebot@anthropic.com)"
23.101.8.77 - - [05/Apr/2026:15:20:29 +0200] "GET /03a005685d.php HTTP/1.1" 404 15250 "-" "Mozilla/5.0 (Windows NT 10.0; Win64; x64) AppleWebKit/537.36 (KHTML, like Gecko) Chrome/120.0.0.0 Safari/537.36"
216.73.216.22 - - [05/Apr/2026:15:20:30 +0200] "GET /%d0%bd%d0%b0-6-%d0%b4%d0%b5%d0%ba%d0%b5%d0%bc%d0%b2%d1%80%d0%b8-1927-%d0%b3-%d1%83%d0%bc%d0%b8%d1%80%d0%b0-%d0%b1%d1%8a%d0%bb%d0%b3%d0%b0%d1%80%d1%81%d0%ba%d0%b8%d1%8f%d1%82-%d1%84%d0%be%d0%bb%d0%ba/whatsapp:/send HTTP/1.1" 404 15247 "-" "Mozilla/5.0 AppleWebKit/537.36 (KHTML, like Gecko; compatible; ClaudeBot/1.0; +claudebot@anthropic.com)"
23.101.8.77 - - [05/Apr/2026:15:20:30 +0200] "GET /403.php HTTP/1.1" 404 15250 "-" "Mozilla/5.0 (Windows NT 10.0; Win64; x64) AppleWebKit/537.36 (KHTML, like Gecko) Chrome/120.0.0.0 Safari/537.36"
23.101.8.77 - - [05/Apr/2026:15:20:31 +0200] "GET /404.php HTTP/1.1" 404 15251 "-" "Mozilla/5.0 (Windows NT 10.0; Win64; x64) AppleWebKit/537.36 (KHTML, like Gecko) Chrome/120.0.0.0 Safari/537.36"
216.73.216.22 - - [05/Apr/2026:15:20:31 +0200] "GET /%d0%bd%d0%b0-1-%d0%b0%d0%bf%d1%80%d0%b8%d0%bb-%d0%b5-%d1%80%d0%be%d0%b4%d0%b5%d0%bd-%d0%b1%d1%8a%d0%bb%d0%b3%d0%b0%d1%80%d1%81%d0%ba%d0%b8%d1%8f%d1%82-%d1%83%d1%87%d0%b5%d0%bd-%d0%bf%d1%80%d0%be/whatsapp:/send HTTP/1.1" 404 15247 "-" "Mozilla/5.0 AppleWebKit/537.36 (KHTML, like Gecko; compatible; ClaudeBot/1.0; +claudebot@anthropic.com)"
23.101.8.77 - - [05/Apr/2026:15:20:32 +0200] "GET /aa.php HTTP/1.1" 404 15250 "-" "Mozilla/5.0 (Windows NT 10.0; Win64; x64) AppleWebKit/537.36 (KHTML, like Gecko) Chrome/120.0.0.0 Safari/537.36"
23.101.8.77 - - [05/Apr/2026:15:20:33 +0200] "GET /aafewc0k.php HTTP/1.1" 404 15250 "-" "Mozilla/5.0 (Windows NT 10.0; Win64; x64) AppleWebKit/537.36 (KHTML, like Gecko) Chrome/120.0.0.0 Safari/537.36"
66.249.69.133 - - [05/Apr/2026:15:20:33 +0200] "GET /category/%D0%B2%D1%8F%D1%80%D0%B0/page/19/ HTTP/1.1" 200 19610 "-" "Mozilla/5.0 (Linux; Android 6.0.1; Nexus 5X Build/MMB29P) AppleWebKit/537.36 (KHTML, like Gecko) Chrome/146.0.7680.177 Mobile Safari/537.36 (compatible; Googlebot/2.1; +http://www.google.com/bot.html)"
23.101.8.77 - - [05/Apr/2026:15:20:34 +0200] "GET /abcd.php HTTP/1.1" 404 15250 "-" "Mozilla/5.0 (Windows NT 10.0; Win64; x64) AppleWebKit/537.36 (KHTML, like Gecko) Chrome/120.0.0.0 Safari/537.36"
23.101.8.77 - - [05/Apr/2026:15:20:34 +0200] "GET /about.php HTTP/1.1" 404 15251 "-" "Mozilla/5.0 (Windows NT 10.0; Win64; x64) AppleWebKit/537.36 (KHTML, like Gecko) Chrome/120.0.0.0 Safari/537.36"
216.73.216.22 - - [05/Apr/2026:15:20:35 +0200] "GET /%d1%81%d0%bf%d0%be%d1%80%d0%b5%d0%b4-%d0%bb%d0%b5%d0%b3%d0%b5%d0%bd%d0%b4%d0%b0%d1%82%d0%b0-%d0%b2-%d0%bc%d0%b0%d0%bd%d0%b0%d1%81%d1%82%d0%b8%d1%80%d0%b0-%d1%81%d0%b5%d0%b4%d0%b5%d0%bc%d1%82%d0%b5 HTTP/1.1" 301 0 "-" "Mozilla/5.0 AppleWebKit/537.36 (KHTML, like Gecko; compatible; ClaudeBot/1.0; +claudebot@anthropic.com)"
23.101.8.77 - - [05/Apr/2026:15:20:35 +0200] "GET /admin.php HTTP/1.1" 404 15250 "-" "Mozilla/5.0 (Windows NT 10.0; Win64; x64) AppleWebKit/537.36 (KHTML, like Gecko) Chrome/120.0.0.0 Safari/537.36"
216.73.216.22 - - [05/Apr/2026:15:20:35 +0200] "GET /%d1%81%d0%bf%d0%be%d1%80%d0%b5%d0%b4-%d0%bb%d0%b5%d0%b3%d0%b5%d0%bd%d0%b4%d0%b0%d1%82%d0%b0-%d0%b2-%d0%bc%d0%b0%d0%bd%d0%b0%d1%81%d1%82%d0%b8%d1%80%d0%b0-%d1%81%d0%b5%d0%b4%d0%b5%d0%bc%d1%82%d0%b5/ HTTP/1.1" 200 21993 "https://patrioti.net/%d1%81%d0%bf%d0%be%d1%80%d0%b5%d0%b4-%d0%bb%d0%b5%d0%b3%d0%b5%d0%bd%d0%b4%d0%b0%d1%82%d0%b0-%d0%b2-%d0%bc%d0%b0%d0%bd%d0%b0%d1%81%d1%82%d0%b8%d1%80%d0%b0-%d1%81%d0%b5%d0%b4%d0%b5%d0%bc%d1%82%d0%b5" "Mozilla/5.0 AppleWebKit/537.36 (KHTML, like Gecko; compatible; ClaudeBot/1.0; +claudebot@anthropic.com)"
23.101.8.77 - - [05/Apr/2026:15:20:36 +0200] "GET /adminfuns.php HTTP/1.1" 404 15250 "-" "Mozilla/5.0 (Windows NT 10.0; Win64; x64) AppleWebKit/537.36 (KHTML, like Gecko) Chrome/120.0.0.0 Safari/537.36"
216.73.216.22 - - [05/Apr/2026:15:20:36 +0200] "GET /%d0%ba%d0%be%d0%bd%d1%81%d1%82%d0%b0%d0%bd%d1%86%d0%b0%d0%bb%d0%b8%d0%b5%d0%b2%d0%b0%d1%82%d0%b0-%d0%ba%d1%8a%d1%89%d0%b0-%d0%b2-%d1%81%d0%b5%d0%bb%d0%be-%d0%b0%d1%80%d0%b1%d0%b0%d0%bd%d0%b0%d1%81/whatsapp:/send HTTP/1.1" 404 15248 "-" "Mozilla/5.0 AppleWebKit/537.36 (KHTML, like Gecko; compatible; ClaudeBot/1.0; +claudebot@anthropic.com)"
23.101.8.77 - - [05/Apr/2026:15:20:36 +0200] "GET /albin.php HTTP/1.1" 404 15250 "-" "Mozilla/5.0 (Windows NT 10.0; Win64; x64) AppleWebKit/537.36 (KHTML, like Gecko) Chrome/120.0.0.0 Safari/537.36"
161.97.137.93 - - [05/Apr/2026:15:20:37 +0200] "POST /wp-cron.php?doing_wp_cron=1775395237.4969079494476318359375 HTTP/1.1" 404 15246 "https://patrioti.net/wp-cron.php?doing_wp_cron=1775395237.4969079494476318359375" "WordPress/4.9.26; https://patrioti.net"
23.101.8.77 - - [05/Apr/2026:15:20:38 +0200] "GET /amfsqvgv.php HTTP/1.1" 404 15250 "-" "Mozilla/5.0 (Windows NT 10.0; Win64; x64) AppleWebKit/537.36 (KHTML, like Gecko) Chrome/120.0.0.0 Safari/537.36"
23.101.8.77 - - [05/Apr/2026:15:20:38 +0200] "GET /ant.php HTTP/1.1" 404 15250 "-" "Mozilla/5.0 (Windows NT 10.0; Win64; x64) AppleWebKit/537.36 (KHTML, like Gecko) Chrome/120.0.0.0 Safari/537.36"
23.101.8.77 - - [05/Apr/2026:15:20:39 +0200] "GET /appreciators.php HTTP/1.1" 404 15250 "-" "Mozilla/5.0 (Windows NT 10.0; Win64; x64) AppleWebKit/537.36 (KHTML, like Gecko) Chrome/120.0.0.0 Safari/537.36"
143.198.189.10 - - [05/Apr/2026:15:20:40 +0200] "GET /%d0%bd%d0%b0-18-%d1%84%d0%b5%d0%b2%d1%80%d1%83%d0%b0%d1%80%d0%b8-1886-%d0%b3-%d0%b5-%d1%80%d0%be%d0%b4%d0%b5%d0%bd-%d0%b1%d1%8a%d0%bb%d0%b3%d0%b0%d1%80%d1%81%d0%ba%d0%b8%d1%8f%d1%82-%d0%bc%d0%b0/16261734 HTTP/1.1" 301 0 "https://patrioti.net/" "Mozilla/5.0 (Windows NT 10.0; Win64; x64) AppleWebKit/537.36 (KHTML, like Gecko) Chrome/106.0.5249.119 Safari/537.36"
23.101.8.77 - - [05/Apr/2026:15:20:40 +0200] "GET /archive.php HTTP/1.1" 404 15250 "-" "Mozilla/5.0 (Windows NT 10.0; Win64; x64) AppleWebKit/537.36 (KHTML, like Gecko) Chrome/120.0.0.0 Safari/537.36"
216.73.216.22 - - [05/Apr/2026:15:20:40 +0200] "GET /%d0%b4%d0%bd%d0%b5%d1%81-%d0%b5-%d1%80%d0%be%d0%b4%d0%b5%d0%bd-%d0%b1%d1%8a%d0%bb%d0%b3%d0%b0%d1%80%d1%81%d0%ba%d0%b8%d1%8f%d1%82-%d0%b8%d0%ba%d0%be%d0%bd%d0%be%d0%bc%d0%b8%d1%81%d1%82-%d0%b8-%d0%bf HTTP/1.1" 301 0 "-" "Mozilla/5.0 AppleWebKit/537.36 (KHTML, like Gecko; compatible; ClaudeBot/1.0; +claudebot@anthropic.com)"
216.73.216.22 - - [05/Apr/2026:15:20:40 +0200] "GET /%d0%b4%d0%bd%d0%b5%d1%81-%d0%b5-%d1%80%d0%be%d0%b4%d0%b5%d0%bd-%d0%b1%d1%8a%d0%bb%d0%b3%d0%b0%d1%80%d1%81%d0%ba%d0%b8%d1%8f%d1%82-%d0%b8%d0%ba%d0%be%d0%bd%d0%be%d0%bc%d0%b8%d1%81%d1%82-%d0%b8-%d0%bf/ HTTP/1.1" 200 21703 "https://patrioti.net/%d0%b4%d0%bd%d0%b5%d1%81-%d0%b5-%d1%80%d0%be%d0%b4%d0%b5%d0%bd-%d0%b1%d1%8a%d0%bb%d0%b3%d0%b0%d1%80%d1%81%d0%ba%d0%b8%d1%8f%d1%82-%d0%b8%d0%ba%d0%be%d0%bd%d0%be%d0%bc%d0%b8%d1%81%d1%82-%d0%b8-%d0%bf" "Mozilla/5.0 AppleWebKit/537.36 (KHTML, like Gecko; compatible; ClaudeBot/1.0; +claudebot@anthropic.com)"
23.101.8.77 - - [05/Apr/2026:15:20:40 +0200] "GET /as.php HTTP/1.1" 404 15250 "-" "Mozilla/5.0 (Windows NT 10.0; Win64; x64) AppleWebKit/537.36 (KHTML, like Gecko) Chrome/120.0.0.0 Safari/537.36"
216.73.216.22 - - [05/Apr/2026:15:20:41 +0200] "GET /%d0%bf%d0%be%d0%bb%d0%b8%d1%82%d0%b8%d1%87%d0%b5%d1%81%d0%ba%d0%b8%d1%82%d0%b5-%d1%83%d0%b1%d0%b8%d0%b9%d1%81%d1%82%d0%b2%d0%b0-%d0%b2-%d1%81%d1%80%d0%b5%d0%b4%d0%bd%d0%be%d0%b2%d0%b5%d0%ba%d0%be/whatsapp:/send HTTP/1.1" 404 15246 "-" "Mozilla/5.0 AppleWebKit/537.36 (KHTML, like Gecko; compatible; ClaudeBot/1.0; +claudebot@anthropic.com)"
23.101.8.77 - - [05/Apr/2026:15:20:41 +0200] "GET /assets/images/ HTTP/1.1" 200 16619 "-" "Mozilla/5.0 (Windows NT 10.0; Win64; x64) AppleWebKit/537.36 (KHTML, like Gecko) Chrome/120.0.0.0 Safari/537.36"
143.198.189.10 - - [05/Apr/2026:15:20:41 +0200] "GET /%d0%bd%d0%b0-18-%d1%84%d0%b5%d0%b2%d1%80%d1%83%d0%b0%d1%80%d0%b8-1886-%d0%b3-%d0%b5-%d1%80%d0%be%d0%b4%d0%b5%d0%bd-%d0%b1%d1%8a%d0%bb%d0%b3%d0%b0%d1%80%d1%81%d0%ba%d0%b8%d1%8f%d1%82-%d0%bc%d0%b0/16261734/ HTTP/1.1" 200 21243 "https://patrioti.net/" "Mozilla/5.0 (Windows NT 10.0; Win64; x64) AppleWebKit/537.36 (KHTML, like Gecko) Chrome/106.0.5249.119 Safari/537.36"
23.101.8.77 - - [05/Apr/2026:15:20:42 +0200] "GET /atomlib.php HTTP/1.1" 404 15250 "-" "Mozilla/5.0 (Windows NT 10.0; Win64; x64) AppleWebKit/537.36 (KHTML, like Gecko) Chrome/120.0.0.0 Safari/537.36"
23.101.8.77 - - [05/Apr/2026:15:20:43 +0200] "GET /autoload_classmap.php HTTP/1.1" 404 15250 "-" "Mozilla/5.0 (Windows NT 10.0; Win64; x64) AppleWebKit/537.36 (KHTML, like Gecko) Chrome/120.0.0.0 Safari/537.36"
23.101.8.77 - - [05/Apr/2026:15:20:43 +0200] "GET /bb.php HTTP/1.1" 404 15250 "-" "Mozilla/5.0 (Windows NT 10.0; Win64; x64) AppleWebKit/537.36 (KHTML, like Gecko) Chrome/120.0.0.0 Safari/537.36"
23.101.8.77 - - [05/Apr/2026:15:20:44 +0200] "GET /bnm.php HTTP/1.1" 404 15250 "-" "Mozilla/5.0 (Windows NT 10.0; Win64; x64) AppleWebKit/537.36 (KHTML, like Gecko) Chrome/120.0.0.0 Safari/537.36"
23.101.8.77 - - [05/Apr/2026:15:20:45 +0200] "GET /bootstrap.php HTTP/1.1" 404 15250 "-" "Mozilla/5.0 (Windows NT 10.0; Win64; x64) AppleWebKit/537.36 (KHTML, like Gecko) Chrome/120.0.0.0 Safari/537.36"
216.73.216.22 - - [05/Apr/2026:15:20:45 +0200] "GET /%d0%bd%d0%b0-18-%d1%8e%d0%bd%d0%b8-1946-%d0%b3-%d0%b5-%d1%80%d0%be%d0%b4%d0%b5%d0%bd-%d0%b1%d1%8a%d0%bb%d0%b3%d0%b0%d1%80%d1%81%d0%ba%d0%b8%d1%8f%d1%82-%d1%84%d1%83%d1%82%d0%b1%d0%be%d0%bb%d0%b8/whatsapp:/send HTTP/1.1" 404 15247 "-" "Mozilla/5.0 AppleWebKit/537.36 (KHTML, like Gecko; compatible; ClaudeBot/1.0; +claudebot@anthropic.com)"
23.101.8.77 - - [05/Apr/2026:15:20:46 +0200] "GET /buy.php HTTP/1.1" 404 15251 "-" "Mozilla/5.0 (Windows NT 10.0; Win64; x64) AppleWebKit/537.36 (KHTML, like Gecko) Chrome/120.0.0.0 Safari/537.36"
216.73.216.22 - - [05/Apr/2026:15:20:46 +0200] "GET /%d0%bd%d0%b0-3-%d0%b4%d0%b5%d0%ba%d0%b5%d0%bc%d0%b2%d1%80%d0%b8-1866-%d0%b3-%d0%bf%d0%b5%d1%82%d0%ba%d0%be-%d1%81%d0%bb%d0%b0%d0%b2%d0%b5%d0%b9%d0%ba%d0%be%d0%b2-%d0%be%d1%81%d0%bd%d0%be%d0%b2%d0%b0/whatsapp:/send HTTP/1.1" 404 15247 "-" "Mozilla/5.0 AppleWebKit/537.36 (KHTML, like Gecko; compatible; ClaudeBot/1.0; +claudebot@anthropic.com)"
23.101.8.77 - - [05/Apr/2026:15:20:46 +0200] "GET /chosen.php HTTP/1.1" 404 15251 "-" "Mozilla/5.0 (Windows NT 10.0; Win64; x64) AppleWebKit/537.36 (KHTML, like Gecko) Chrome/120.0.0.0 Safari/537.36"
23.101.8.77 - - [05/Apr/2026:15:20:47 +0200] "GET /class-wp-image.php HTTP/1.1" 404 15251 "-" "Mozilla/5.0 (Windows NT 10.0; Win64; x64) AppleWebKit/537.36 (KHTML, like Gecko) Chrome/120.0.0.0 Safari/537.36"
23.101.8.77 - - [05/Apr/2026:15:20:48 +0200] "GET /classsmtps.php HTTP/1.1" 404 15250 "-" "Mozilla/5.0 (Windows NT 10.0; Win64; x64) AppleWebKit/537.36 (KHTML, like Gecko) Chrome/120.0.0.0 Safari/537.36"
23.101.8.77 - - [05/Apr/2026:15:20:49 +0200] "GET /classwithtostring.php HTTP/1.1" 404 15249 "-" "Mozilla/5.0 (Windows NT 10.0; Win64; x64) AppleWebKit/537.36 (KHTML, like Gecko) Chrome/120.0.0.0 Safari/537.36"
23.101.8.77 - - [05/Apr/2026:15:20:49 +0200] "GET /config.php HTTP/1.1" 404 15251 "-" "Mozilla/5.0 (Windows NT 10.0; Win64; x64) AppleWebKit/537.36 (KHTML, like Gecko) Chrome/120.0.0.0 Safari/537.36"
216.73.216.22 - - [05/Apr/2026:15:20:50 +0200] "GET /%d0%bd%d0%b0-9-%d0%b4%d0%b5%d0%ba%d0%b5%d0%bc%d0%b2%d1%80%d0%b8-1992-%d0%b3-%d1%83%d0%bc%d0%b8%d1%80%d0%b0-%d0%b1%d1%8a%d0%bb%d0%b3%d0%b0%d1%80%d1%81%d0%ba%d0%b8%d1%8f%d1%82-%d0%bf%d0%b5%d0%b2%d0%b5 HTTP/1.1" 301 0 "-" "Mozilla/5.0 AppleWebKit/537.36 (KHTML, like Gecko; compatible; ClaudeBot/1.0; +claudebot@anthropic.com)"
23.101.8.77 - - [05/Apr/2026:15:20:50 +0200] "GET /core.php HTTP/1.1" 404 15250 "-" "Mozilla/5.0 (Windows NT 10.0; Win64; x64) AppleWebKit/537.36 (KHTML, like Gecko) Chrome/120.0.0.0 Safari/537.36"
216.73.216.22 - - [05/Apr/2026:15:20:50 +0200] "GET /%d0%bd%d0%b0-9-%d0%b4%d0%b5%d0%ba%d0%b5%d0%bc%d0%b2%d1%80%d0%b8-1992-%d0%b3-%d1%83%d0%bc%d0%b8%d1%80%d0%b0-%d0%b1%d1%8a%d0%bb%d0%b3%d0%b0%d1%80%d1%81%d0%ba%d0%b8%d1%8f%d1%82-%d0%bf%d0%b5%d0%b2%d0%b5/ HTTP/1.1" 200 21902 "https://patrioti.net/%d0%bd%d0%b0-9-%d0%b4%d0%b5%d0%ba%d0%b5%d0%bc%d0%b2%d1%80%d0%b8-1992-%d0%b3-%d1%83%d0%bc%d0%b8%d1%80%d0%b0-%d0%b1%d1%8a%d0%bb%d0%b3%d0%b0%d1%80%d1%81%d0%ba%d0%b8%d1%8f%d1%82-%d0%bf%d0%b5%d0%b2%d0%b5" "Mozilla/5.0 AppleWebKit/537.36 (KHTML, like Gecko; compatible; ClaudeBot/1.0; +claudebot@anthropic.com)"
23.101.8.77 - - [05/Apr/2026:15:20:51 +0200] "GET /css.php HTTP/1.1" 404 15250 "-" "Mozilla/5.0 (Windows NT 10.0; Win64; x64) AppleWebKit/537.36 (KHTML, like Gecko) Chrome/120.0.0.0 Safari/537.36"
23.101.8.77 - - [05/Apr/2026:15:20:52 +0200] "GET /database.php HTTP/1.1" 404 15250 "-" "Mozilla/5.0 (Windows NT 10.0; Win64; x64) AppleWebKit/537.36 (KHTML, like Gecko) Chrome/120.0.0.0 Safari/537.36"
23.101.8.77 - - [05/Apr/2026:15:20:52 +0200] "GET /db.php HTTP/1.1" 404 15251 "-" "Mozilla/5.0 (Windows NT 10.0; Win64; x64) AppleWebKit/537.36 (KHTML, like Gecko) Chrome/120.0.0.0 Safari/537.36"
23.101.8.77 - - [05/Apr/2026:15:20:53 +0200] "GET /default.php HTTP/1.1" 404 15250 "-" "Mozilla/5.0 (Windows NT 10.0; Win64; x64) AppleWebKit/537.36 (KHTML, like Gecko) Chrome/120.0.0.0 Safari/537.36"
23.101.8.77 - - [05/Apr/2026:15:20:54 +0200] "GET /dropdown.php HTTP/1.1" 404 15251 "-" "Mozilla/5.0 (Windows NT 10.0; Win64; x64) AppleWebKit/537.36 (KHTML, like Gecko) Chrome/120.0.0.0 Safari/537.36"
18.97.43.83 - - [05/Apr/2026:15:20:54 +0200] "GET /%D0%BD%D0%B0-15-%D0%B0%D0%B2%D0%B3%D1%83%D1%81%D1%82-1867-%D0%B3-%D0%B5-%D1%80%D0%BE%D0%B4%D0%B5%D0%BD-%D0%B3%D0%B5%D0%BE%D1%80%D0%B3%D0%B8-%D0%BA%D0%B8%D1%80%D0%BA%D0%BE%D0%B2-%D0%BD%D0%B0%D1%80/ HTTP/1.1" 200 22840 "-" "Mozilla/5.0 AppleWebKit/537.36 (KHTML, like Gecko; compatible; Perplexity-User/1.0; +https://perplexity.ai/perplexity-user)"
23.101.8.77 - - [05/Apr/2026:15:20:55 +0200] "GET /edit.php HTTP/1.1" 404 15251 "-" "Mozilla/5.0 (Windows NT 10.0; Win64; x64) AppleWebKit/537.36 (KHTML, like Gecko) Chrome/120.0.0.0 Safari/537.36"
216.73.216.22 - - [05/Apr/2026:15:20:55 +0200] "GET /%d1%86%d0%b2%d1%8f%d1%82%d0%ba%d0%be-%d0%b7%d0%bb%d0%b0%d1%82%d0%b5%d0%b2-%d0%b5%d0%b4%d0%b8%d0%bd-%d0%be%d1%82-%d0%b3%d0%be%d0%bb%d0%b5%d0%bc%d0%b8%d1%82%d0%b5-%d0%b1%d1%83%d0%b4%d0%b8%d1%82%d0%b5 HTTP/1.1" 301 0 "-" "Mozilla/5.0 AppleWebKit/537.36 (KHTML, like Gecko; compatible; ClaudeBot/1.0; +claudebot@anthropic.com)"
23.101.8.77 - - [05/Apr/2026:15:20:55 +0200] "GET /f35.php HTTP/1.1" 404 15251 "-" "Mozilla/5.0 (Windows NT 10.0; Win64; x64) AppleWebKit/537.36 (KHTML, like Gecko) Chrome/120.0.0.0 Safari/537.36"
216.73.216.22 - - [05/Apr/2026:15:20:55 +0200] "GET /%d1%86%d0%b2%d1%8f%d1%82%d0%ba%d0%be-%d0%b7%d0%bb%d0%b0%d1%82%d0%b5%d0%b2-%d0%b5%d0%b4%d0%b8%d0%bd-%d0%be%d1%82-%d0%b3%d0%be%d0%bb%d0%b5%d0%bc%d0%b8%d1%82%d0%b5-%d0%b1%d1%83%d0%b4%d0%b8%d1%82%d0%b5/ HTTP/1.1" 200 22389 "https://patrioti.net/%d1%86%d0%b2%d1%8f%d1%82%d0%ba%d0%be-%d0%b7%d0%bb%d0%b0%d1%82%d0%b5%d0%b2-%d0%b5%d0%b4%d0%b8%d0%bd-%d0%be%d1%82-%d0%b3%d0%be%d0%bb%d0%b5%d0%bc%d0%b8%d1%82%d0%b5-%d0%b1%d1%83%d0%b4%d0%b8%d1%82%d0%b5" "Mozilla/5.0 AppleWebKit/537.36 (KHTML, like Gecko; compatible; ClaudeBot/1.0; +claudebot@anthropic.com)"
23.101.8.77 - - [05/Apr/2026:15:20:56 +0200] "GET /f7.php HTTP/1.1" 404 15251 "-" "Mozilla/5.0 (Windows NT 10.0; Win64; x64) AppleWebKit/537.36 (KHTML, like Gecko) Chrome/120.0.0.0 Safari/537.36"
216.73.216.22 - - [05/Apr/2026:15:21:00 +0200] "GET /%d0%bb%d0%b5%d0%b3%d0%b5%d0%bd%d0%b4%d0%b8-%d1%81%d0%b2%d1%8a%d1%80%d0%b7%d0%b0%d0%bd%d0%b8-%d1%81-%d1%80%d0%b8%d0%bb%d1%81%d0%ba%d0%b8%d1%8f-%d0%bc%d0%b0%d0%bd%d0%b0%d1%81%d1%82%d0%b8%d1%80 HTTP/1.1" 301 0 "-" "Mozilla/5.0 AppleWebKit/537.36 (KHTML, like Gecko; compatible; ClaudeBot/1.0; +claudebot@anthropic.com)"
216.73.216.22 - - [05/Apr/2026:15:21:00 +0200] "GET /%d0%bb%d0%b5%d0%b3%d0%b5%d0%bd%d0%b4%d0%b8-%d1%81%d0%b2%d1%8a%d1%80%d0%b7%d0%b0%d0%bd%d0%b8-%d1%81-%d1%80%d0%b8%d0%bb%d1%81%d0%ba%d0%b8%d1%8f-%d0%bc%d0%b0%d0%bd%d0%b0%d1%81%d1%82%d0%b8%d1%80/ HTTP/1.1" 200 21593 "https://patrioti.net/%d0%bb%d0%b5%d0%b3%d0%b5%d0%bd%d0%b4%d0%b8-%d1%81%d0%b2%d1%8a%d1%80%d0%b7%d0%b0%d0%bd%d0%b8-%d1%81-%d1%80%d0%b8%d0%bb%d1%81%d0%ba%d0%b8%d1%8f-%d0%bc%d0%b0%d0%bd%d0%b0%d1%81%d1%82%d0%b8%d1%80" "Mozilla/5.0 AppleWebKit/537.36 (KHTML, like Gecko; compatible; ClaudeBot/1.0; +claudebot@anthropic.com)"
66.249.69.132 - - [05/Apr/2026:15:21:01 +0200] "GET /%D0%BD%D0%B0-15-%D0%B0%D0%B2%D0%B3%D1%83%D1%81%D1%82-1867-%D0%B3-%D0%B5-%D1%80%D0%BE%D0%B4%D0%B5%D0%BD-%D0%B3%D0%B5%D0%BE%D1%80%D0%B3%D0%B8-%D0%BA%D0%B8%D1%80%D0%BA%D0%BE%D0%B2-%D0%BD%D0%B0%D1%80/ HTTP/1.1" 200 22840 "-" "Mozilla/5.0 (compatible; Googlebot/2.1; +http://www.google.com/bot.html)"
66.249.69.134 - - [05/Apr/2026:15:21:01 +0200] "GET /%D0%BD%D0%B0-15-%D0%B0%D0%B2%D0%B3%D1%83%D1%81%D1%82-1867-%D0%B3-%D0%B5-%D1%80%D0%BE%D0%B4%D0%B5%D0%BD-%D0%B3%D0%B5%D0%BE%D1%80%D0%B3%D0%B8-%D0%BA%D0%B8%D1%80%D0%BA%D0%BE%D0%B2-%D0%BD%D0%B0%D1%80/ HTTP/1.1" 200 22840 "-" "Mozilla/5.0 (Linux; Android 6.0.1; Nexus 5X Build/MMB29P) AppleWebKit/537.36 (KHTML, like Gecko) Chrome/99.0.4844.84 Mobile Safari/537.36 (compatible; Googlebot/2.1; +http://www.google.com/bot.html)"
188.239.58.85 - - [05/Apr/2026:15:21:10 +0200] "GET /tag/%d1%86%d1%81%d0%ba%d0%b0/page/15/ HTTP/1.1" 200 15790 "-" "Mozilla/5.0 (Windows NT 10.0; Win64; x64) AppleWebKit/537.36 (KHTML, like Gecko) Chrome/145.0.0.0 Safari/537.36"
216.73.216.22 - - [05/Apr/2026:15:21:10 +0200] "GET /%d0%bd%d0%b0-24-%d0%be%d0%ba%d1%82%d0%be%d0%bc%d0%b2%d1%80%d0%b8-%d0%b5-%d1%80%d0%be%d0%b4%d0%b5%d0%bd-%d0%b1%d1%8a%d0%bb%d0%b3%d0%b0%d1%80%d1%81%d0%ba%d0%b8%d1%8f%d1%82-%d0%ba%d0%b0%d1%80%d0%b0%d1%82/feed HTTP/1.1" 301 0 "-" "Mozilla/5.0 AppleWebKit/537.36 (KHTML, like Gecko; compatible; ClaudeBot/1.0; +claudebot@anthropic.com)"
216.73.216.22 - - [05/Apr/2026:15:21:11 +0200] "GET /%d0%bd%d0%b0-24-%d0%be%d0%ba%d1%82%d0%be%d0%bc%d0%b2%d1%80%d0%b8-%d0%b5-%d1%80%d0%be%d0%b4%d0%b5%d0%bd-%d0%b1%d1%8a%d0%bb%d0%b3%d0%b0%d1%80%d1%81%d0%ba%d0%b8%d1%8f%d1%82-%d0%ba%d0%b0%d1%80%d0%b0%d1%82/feed/ HTTP/1.1" 200 553 "https://patrioti.net/%d0%bd%d0%b0-24-%d0%be%d0%ba%d1%82%d0%be%d0%bc%d0%b2%d1%80%d0%b8-%d0%b5-%d1%80%d0%be%d0%b4%d0%b5%d0%bd-%d0%b1%d1%8a%d0%bb%d0%b3%d0%b0%d1%80%d1%81%d0%ba%d0%b8%d1%8f%d1%82-%d0%ba%d0%b0%d1%80%d0%b0%d1%82/feed" "Mozilla/5.0 AppleWebKit/537.36 (KHTML, like Gecko; compatible; ClaudeBot/1.0; +claudebot@anthropic.com)"
216.73.216.22 - - [05/Apr/2026:15:21:14 +0200] "GET /wp-content/uploads/2018/12/BASA-1154K-1-344-34-Vera_Ignatieva-324x160.jpg HTTP/1.1" 200 8871 "-" "Mozilla/5.0 AppleWebKit/537.36 (KHTML, like Gecko; compatible; ClaudeBot/1.0; +claudebot@anthropic.com)"
216.73.216.22 - - [05/Apr/2026:15:21:19 +0200] "GET /%d0%bd%d0%b0-27-%d0%b4%d0%b5%d0%ba%d0%b5%d0%bc%d0%b2%d1%80%d0%b8-1902-%d0%b3-%d0%b5-%d1%80%d0%be%d0%b4%d0%b5%d0%bd-%d0%b1%d1%8a%d0%bb%d0%b3%d0%b0%d1%80%d1%81%d0%ba%d0%b8%d1%8f%d1%82-%d1%81%d0%ba HTTP/1.1" 301 0 "-" "Mozilla/5.0 AppleWebKit/537.36 (KHTML, like Gecko; compatible; ClaudeBot/1.0; +claudebot@anthropic.com)"
216.73.216.22 - - [05/Apr/2026:15:21:19 +0200] "GET /%d0%bd%d0%b0-27-%d0%b4%d0%b5%d0%ba%d0%b5%d0%bc%d0%b2%d1%80%d0%b8-1902-%d0%b3-%d0%b5-%d1%80%d0%be%d0%b4%d0%b5%d0%bd-%d0%b1%d1%8a%d0%bb%d0%b3%d0%b0%d1%80%d1%81%d0%ba%d0%b8%d1%8f%d1%82-%d1%81%d0%ba/ HTTP/1.1" 200 23778 "https://patrioti.net/%d0%bd%d0%b0-27-%d0%b4%d0%b5%d0%ba%d0%b5%d0%bc%d0%b2%d1%80%d0%b8-1902-%d0%b3-%d0%b5-%d1%80%d0%be%d0%b4%d0%b5%d0%bd-%d0%b1%d1%8a%d0%bb%d0%b3%d0%b0%d1%80%d1%81%d0%ba%d0%b8%d1%8f%d1%82-%d1%81%d0%ba" "Mozilla/5.0 AppleWebKit/537.36 (KHTML, like Gecko; compatible; ClaudeBot/1.0; +claudebot@anthropic.com)"
216.73.216.22 - - [05/Apr/2026:15:21:24 +0200] "GET /%d0%bd%d0%b0-7-%d1%8f%d0%bd%d1%83%d0%b0%d1%80%d0%b8-1988-%d0%b3-%d1%83%d0%bc%d0%b8%d1%80%d0%b0-%d0%b0%d0%ba%d0%b0%d0%b4-%d0%b2%d0%b5%d0%bd%d0%ba%d0%be-%d0%bc%d0%b0%d1%80%d0%ba%d0%be%d0%b2%d1%81/whatsapp:/send HTTP/1.1" 404 15246 "-" "Mozilla/5.0 AppleWebKit/537.36 (KHTML, like Gecko; compatible; ClaudeBot/1.0; +claudebot@anthropic.com)"
216.73.216.22 - - [05/Apr/2026:15:21:29 +0200] "GET /%d0%bd%d0%b0-9-%d0%b0%d0%bf%d1%80%d0%b8%d0%bb-1926-%d0%b3-%d1%83%d0%bc%d0%b8%d1%80%d0%b0-%d0%b1%d1%8a%d0%bb%d0%b3%d0%b0%d1%80%d1%81%d0%ba%d0%b8%d1%8f%d1%82-%d0%bf%d0%be%d0%bb%d0%b8%d1%82%d0%b8%d0%ba HTTP/1.1" 301 0 "-" "Mozilla/5.0 AppleWebKit/537.36 (KHTML, like Gecko; compatible; ClaudeBot/1.0; +claudebot@anthropic.com)"
216.73.216.22 - - [05/Apr/2026:15:21:29 +0200] "GET /%d0%bd%d0%b0-9-%d0%b0%d0%bf%d1%80%d0%b8%d0%bb-1926-%d0%b3-%d1%83%d0%bc%d0%b8%d1%80%d0%b0-%d0%b1%d1%8a%d0%bb%d0%b3%d0%b0%d1%80%d1%81%d0%ba%d0%b8%d1%8f%d1%82-%d0%bf%d0%be%d0%bb%d0%b8%d1%82%d0%b8%d0%ba/ HTTP/1.1" 200 20804 "https://patrioti.net/%d0%bd%d0%b0-9-%d0%b0%d0%bf%d1%80%d0%b8%d0%bb-1926-%d0%b3-%d1%83%d0%bc%d0%b8%d1%80%d0%b0-%d0%b1%d1%8a%d0%bb%d0%b3%d0%b0%d1%80%d1%81%d0%ba%d0%b8%d1%8f%d1%82-%d0%bf%d0%be%d0%bb%d0%b8%d1%82%d0%b8%d0%ba" "Mozilla/5.0 AppleWebKit/537.36 (KHTML, like Gecko; compatible; ClaudeBot/1.0; +claudebot@anthropic.com)"
216.73.216.22 - - [05/Apr/2026:15:21:34 +0200] "GET /%d1%81%d1%82%d1%80%d0%b0%d0%bd%d0%b4%d0%b6%d0%b0%d0%bd%d1%81%d0%ba%d0%b8%d1%82%d0%b5-%d1%80%d1%83%d0%bf%d1%86%d0%b8-%d0%be%d1%82-%d1%8f%d1%81%d0%bd%d0%b0-%d0%bf%d0%be%d0%bb%d1%8f%d0%bd%d0%b0-%d0%be/whatsapp:/send HTTP/1.1" 404 15247 "-" "Mozilla/5.0 AppleWebKit/537.36 (KHTML, like Gecko; compatible; ClaudeBot/1.0; +claudebot@anthropic.com)"
161.97.137.93 - - [05/Apr/2026:15:21:38 +0200] "POST /wp-cron.php?doing_wp_cron=1775395298.3838119506835937500000 HTTP/1.1" 404 15247 "https://patrioti.net/wp-cron.php?doing_wp_cron=1775395298.3838119506835937500000" "WordPress/4.9.26; https://patrioti.net"
66.249.69.132 - - [05/Apr/2026:15:21:38 +0200] "GET /category/%D0%BD%D0%B0-%D1%82%D0%BE%D0%B7%D0%B8-%D0%B4%D0%B5%D0%BD/page/218/ HTTP/1.1" 200 19728 "-" "Mozilla/5.0 (Linux; Android 6.0.1; Nexus 5X Build/MMB29P) AppleWebKit/537.36 (KHTML, like Gecko) Chrome/146.0.7680.177 Mobile Safari/537.36 (compatible; Googlebot/2.1; +http://www.google.com/bot.html)"
216.73.216.22 - - [05/Apr/2026:15:21:39 +0200] "GET /%d1%87%d0%b5%d1%80%d0%bd%d0%be%d0%bc%d0%b5%d0%bd%d1%81%d0%ba%d0%b8%d1%8f%d1%82-%d1%82%d0%b0%d0%b5%d0%bd-%d0%b4%d0%be%d0%b3%d0%be%d0%b2%d0%be%d1%80-%d0%bc%d0%b5%d0%b6%d0%b4%d1%83-%d1%86%d0%b0%d1%80 HTTP/1.1" 301 0 "-" "Mozilla/5.0 AppleWebKit/537.36 (KHTML, like Gecko; compatible; ClaudeBot/1.0; +claudebot@anthropic.com)"
216.73.216.22 - - [05/Apr/2026:15:21:39 +0200] "GET /%d1%87%d0%b5%d1%80%d0%bd%d0%be%d0%bc%d0%b5%d0%bd%d1%81%d0%ba%d0%b8%d1%8f%d1%82-%d1%82%d0%b0%d0%b5%d0%bd-%d0%b4%d0%be%d0%b3%d0%be%d0%b2%d0%be%d1%80-%d0%bc%d0%b5%d0%b6%d0%b4%d1%83-%d1%86%d0%b0%d1%80/ HTTP/1.1" 200 21128 "https://patrioti.net/%d1%87%d0%b5%d1%80%d0%bd%d0%be%d0%bc%d0%b5%d0%bd%d1%81%d0%ba%d0%b8%d1%8f%d1%82-%d1%82%d0%b0%d0%b5%d0%bd-%d0%b4%d0%be%d0%b3%d0%be%d0%b2%d0%be%d1%80-%d0%bc%d0%b5%d0%b6%d0%b4%d1%83-%d1%86%d0%b0%d1%80" "Mozilla/5.0 AppleWebKit/537.36 (KHTML, like Gecko; compatible; ClaudeBot/1.0; +claudebot@anthropic.com)"
216.73.216.22 - - [05/Apr/2026:15:21:48 +0200] "GET /category/%D0%BD%D0%B0-%D1%82%D0%BE%D0%B7%D0%B8-%D0%B4%D0%B5%D0%BD/page/459 HTTP/1.1" 301 0 "-" "Mozilla/5.0 AppleWebKit/537.36 (KHTML, like Gecko; compatible; ClaudeBot/1.0; +claudebot@anthropic.com)"
216.73.216.22 - - [05/Apr/2026:15:21:48 +0200] "GET /category/%D0%BD%D0%B0-%D1%82%D0%BE%D0%B7%D0%B8-%D0%B4%D0%B5%D0%BD/page/459/ HTTP/1.1" 200 19772 "https://patrioti.net/category/%D0%BD%D0%B0-%D1%82%D0%BE%D0%B7%D0%B8-%D0%B4%D0%B5%D0%BD/page/459" "Mozilla/5.0 AppleWebKit/537.36 (KHTML, like Gecko; compatible; ClaudeBot/1.0; +claudebot@anthropic.com)"
216.73.216.22 - - [05/Apr/2026:15:21:50 +0200] "GET /%d1%81%d1%82%d1%80%d0%b0%d0%bd%d0%b4%d0%b6%d0%b0%d0%bd%d1%81%d0%ba%d0%b8%d1%82%d0%b5-%d1%80%d1%83%d0%bf%d1%86%d0%b8-%d0%be%d1%82-%d1%8f%d1%81%d0%bd%d0%b0-%d0%bf%d0%be%d0%bb%d1%8f%d0%bd%d0%b0-%d0%be/feed HTTP/1.1" 301 0 "-" "Mozilla/5.0 AppleWebKit/537.36 (KHTML, like Gecko; compatible; ClaudeBot/1.0; +claudebot@anthropic.com)"
216.73.216.22 - - [05/Apr/2026:15:21:50 +0200] "GET /%d1%81%d1%82%d1%80%d0%b0%d0%bd%d0%b4%d0%b6%d0%b0%d0%bd%d1%81%d0%ba%d0%b8%d1%82%d0%b5-%d1%80%d1%83%d0%bf%d1%86%d0%b8-%d0%be%d1%82-%d1%8f%d1%81%d0%bd%d0%b0-%d0%bf%d0%be%d0%bb%d1%8f%d0%bd%d0%b0-%d0%be/feed/ HTTP/1.1" 200 579 "https://patrioti.net/%d1%81%d1%82%d1%80%d0%b0%d0%bd%d0%b4%d0%b6%d0%b0%d0%bd%d1%81%d0%ba%d0%b8%d1%82%d0%b5-%d1%80%d1%83%d0%bf%d1%86%d0%b8-%d0%be%d1%82-%d1%8f%d1%81%d0%bd%d0%b0-%d0%bf%d0%be%d0%bb%d1%8f%d0%bd%d0%b0-%d0%be/feed" "Mozilla/5.0 AppleWebKit/537.36 (KHTML, like Gecko; compatible; ClaudeBot/1.0; +claudebot@anthropic.com)"
216.73.216.22 - - [05/Apr/2026:15:21:55 +0200] "GET /%d0%b0%d1%80%d1%85%d0%b8%d1%82%d0%b5%d0%ba%d1%82%d1%83%d1%80%d0%b5%d0%bd-%d1%80%d0%b5%d0%b7%d0%b5%d1%80%d0%b2%d0%b0%d1%82-%d1%81%d0%b5%d0%bb%d0%be-%d1%88%d0%b8%d1%80%d0%be%d0%ba%d0%b0-%d0%bb%d1%8a/feed HTTP/1.1" 301 0 "-" "Mozilla/5.0 AppleWebKit/537.36 (KHTML, like Gecko; compatible; ClaudeBot/1.0; +claudebot@anthropic.com)"
216.73.216.22 - - [05/Apr/2026:15:21:55 +0200] "GET /%d0%b0%d1%80%d1%85%d0%b8%d1%82%d0%b5%d0%ba%d1%82%d1%83%d1%80%d0%b5%d0%bd-%d1%80%d0%b5%d0%b7%d0%b5%d1%80%d0%b2%d0%b0%d1%82-%d1%81%d0%b5%d0%bb%d0%be-%d1%88%d0%b8%d1%80%d0%be%d0%ba%d0%b0-%d0%bb%d1%8a/feed/ HTTP/1.1" 200 574 "https://patrioti.net/%d0%b0%d1%80%d1%85%d0%b8%d1%82%d0%b5%d0%ba%d1%82%d1%83%d1%80%d0%b5%d0%bd-%d1%80%d0%b5%d0%b7%d0%b5%d1%80%d0%b2%d0%b0%d1%82-%d1%81%d0%b5%d0%bb%d0%be-%d1%88%d0%b8%d1%80%d0%be%d0%ba%d0%b0-%d0%bb%d1%8a/feed" "Mozilla/5.0 AppleWebKit/537.36 (KHTML, like Gecko; compatible; ClaudeBot/1.0; +claudebot@anthropic.com)"
216.73.216.22 - - [05/Apr/2026:15:22:01 +0200] "GET /%D0%B1%D1%8A%D0%B4%D0%B5%D1%82%D0%B5-%D0%B3%D0%BE%D1%80%D0%B4%D0%B8-%D0%B1%D1%8A%D0%BB%D0%B3%D0%B0%D1%80%D0%B8/page/3 HTTP/1.1" 301 0 "-" "Mozilla/5.0 AppleWebKit/537.36 (KHTML, like Gecko; compatible; ClaudeBot/1.0; +claudebot@anthropic.com)"
216.73.216.22 - - [05/Apr/2026:15:22:01 +0200] "GET /%D0%B1%D1%8A%D0%B4%D0%B5%D1%82%D0%B5-%D0%B3%D0%BE%D1%80%D0%B4%D0%B8-%D0%B1%D1%8A%D0%BB%D0%B3%D0%B0%D1%80%D0%B8/page/3/ HTTP/1.1" 502 150 "https://patrioti.net/%D0%B1%D1%8A%D0%B4%D0%B5%D1%82%D0%B5-%D0%B3%D0%BE%D1%80%D0%B4%D0%B8-%D0%B1%D1%8A%D0%BB%D0%B3%D0%B0%D1%80%D0%B8/page/3" "Mozilla/5.0 AppleWebKit/537.36 (KHTML, like Gecko; compatible; ClaudeBot/1.0; +claudebot@anthropic.com)"
54.38.147.7 - - [05/Apr/2026:15:22:05 +0200] "GET /wp-content/cache/page_enhanced/patrioti.net/%D0%BD%D0%B0-%D0%B4%D0%BD%D0%B5%D1%88%D0%BD%D0%B0%D1%82%D0%B0-%D0%B4%D0%B0%D1%82%D0%B0-%D0%B5-%D1%80%D0%BE%D0%B4%D0%B5%D0%BD%D0%B0-%D0%B1%D1%8A%D0%BB%D0%B3%D0%B0%D1%80%D1%81%D0%BA%D0%B0%D1%82%D0%B0-9/?C=N;O=A HTTP/1.1" 200 403 "-" "Mozilla/5.0 (compatible; AhrefsBot/7.0; +http://ahrefs.com/robot/)"
216.73.216.22 - - [05/Apr/2026:15:22:05 +0200] "GET /tag/%D0%B1%D1%8A%D0%BB%D0%B3%D0%B0%D1%80%D1%81%D0%BA%D0%B8-%D0%BE%D1%84%D0%B8%D1%86%D0%B5%D1%80/page/8 HTTP/1.1" 301 0 "-" "Mozilla/5.0 AppleWebKit/537.36 (KHTML, like Gecko; compatible; ClaudeBot/1.0; +claudebot@anthropic.com)"
216.73.216.22 - - [05/Apr/2026:15:22:06 +0200] "GET /tag/%D0%B1%D1%8A%D0%BB%D0%B3%D0%B0%D1%80%D1%81%D0%BA%D0%B8-%D0%BE%D1%84%D0%B8%D1%86%D0%B5%D1%80/page/8/ HTTP/1.1" 200 17091 "https://patrioti.net/tag/%D0%B1%D1%8A%D0%BB%D0%B3%D0%B0%D1%80%D1%81%D0%BA%D0%B8-%D0%BE%D1%84%D0%B8%D1%86%D0%B5%D1%80/page/8" "Mozilla/5.0 AppleWebKit/537.36 (KHTML, like Gecko; compatible; ClaudeBot/1.0; +claudebot@anthropic.com)"
216.73.216.22 - - [05/Apr/2026:15:22:10 +0200] "GET /%d1%86%d0%b0%d1%80%d0%b8%d1%86%d0%b0-%d0%b0%d0%bd%d0%bd%d0%b0-%d0%b1%d0%b0%d1%81%d0%b0%d1%80%d0%b0%d0%b1-%d1%81%d1%8a%d0%bf%d1%80%d1%83%d0%b3%d0%b0%d1%82%d0%b0-%d0%bd%d0%b0-%d1%86%d0%b0%d1%80-%d0%b8/ivan_sracimir3/feed HTTP/1.1" 301 0 "-" "Mozilla/5.0 AppleWebKit/537.36 (KHTML, like Gecko; compatible; ClaudeBot/1.0; +claudebot@anthropic.com)"
216.73.216.22 - - [05/Apr/2026:15:22:11 +0200] "GET /%d1%86%d0%b0%d1%80%d0%b8%d1%86%d0%b0-%d0%b0%d0%bd%d0%bd%d0%b0-%d0%b1%d0%b0%d1%81%d0%b0%d1%80%d0%b0%d0%b1-%d1%81%d1%8a%d0%bf%d1%80%d1%83%d0%b3%d0%b0%d1%82%d0%b0-%d0%bd%d0%b0-%d1%86%d0%b0%d1%80-%d0%b8/ivan_sracimir3/feed/ HTTP/1.1" 200 558 "https://patrioti.net/%d1%86%d0%b0%d1%80%d0%b8%d1%86%d0%b0-%d0%b0%d0%bd%d0%bd%d0%b0-%d0%b1%d0%b0%d1%81%d0%b0%d1%80%d0%b0%d0%b1-%d1%81%d1%8a%d0%bf%d1%80%d1%83%d0%b3%d0%b0%d1%82%d0%b0-%d0%bd%d0%b0-%d1%86%d0%b0%d1%80-%d0%b8/ivan_sracimir3/feed" "Mozilla/5.0 AppleWebKit/537.36 (KHTML, like Gecko; compatible; ClaudeBot/1.0; +claudebot@anthropic.com)"
216.73.216.22 - - [05/Apr/2026:15:22:15 +0200] "GET /%D0%BD%D0%B8%D0%BA%D0%BE%D0%BB%D0%B0-%D0%BF%D0%B8%D0%BA%D0%BE%D0%BB%D0%BE-%D0%B2%D0%B8%D1%81%D0%BE%D0%BA%D0%BE%D1%83%D1%87%D0%B5%D0%BD-%D0%B8-%D0%B4%D0%BE%D0%B1%D1%80%D0%BE%D0%B4%D0%B5%D1%82%D0%B5/ HTTP/1.1" 200 22541 "-" "Mozilla/5.0 AppleWebKit/537.36 (KHTML, like Gecko; compatible; ClaudeBot/1.0; +claudebot@anthropic.com)"
216.73.216.22 - - [05/Apr/2026:15:22:15 +0200] "GET /tag/%D0%B7%D0%B0-%D0%BF%D0%B0%D1%82%D1%80%D0%B8%D0%BE%D1%82%D0%B8%D0%B7%D0%BC%D1%8A%D1%82 HTTP/1.1" 301 0 "-" "Mozilla/5.0 AppleWebKit/537.36 (KHTML, like Gecko; compatible; ClaudeBot/1.0; +claudebot@anthropic.com)"
216.73.216.22 - - [05/Apr/2026:15:22:16 +0200] "GET /tag/%D0%B7%D0%B0-%D0%BF%D0%B0%D1%82%D1%80%D0%B8%D0%BE%D1%82%D0%B8%D0%B7%D0%BC%D1%8A%D1%82/ HTTP/1.1" 200 17282 "https://patrioti.net/tag/%D0%B7%D0%B0-%D0%BF%D0%B0%D1%82%D1%80%D0%B8%D0%BE%D1%82%D0%B8%D0%B7%D0%BC%D1%8A%D1%82" "Mozilla/5.0 AppleWebKit/537.36 (KHTML, like Gecko; compatible; ClaudeBot/1.0; +claudebot@anthropic.com)"
216.73.216.22 - - [05/Apr/2026:15:22:18 +0200] "GET /%D0%B4%D0%BD%D0%B5%D1%81-%D1%81%D0%B8-%D1%81%D0%BF%D0%BE%D0%BC%D0%BD%D1%8F%D0%BC%D0%B5-%D0%B7%D0%B0-%D0%B0%D0%BA%D1%82%D1%8C%D0%BE%D1%80%D0%B0-%D0%B3%D0%B5%D1%80%D0%B0%D1%81%D0%B8%D0%BC-%D0%BC%D0%BB/whatsapp:/send HTTP/1.1" 404 15245 "-" "Mozilla/5.0 AppleWebKit/537.36 (KHTML, like Gecko; compatible; ClaudeBot/1.0; +claudebot@anthropic.com)"
216.73.216.22 - - [05/Apr/2026:15:22:20 +0200] "GET /%d0%bd%d0%b0-%d0%b4%d0%bd%d0%b5%d1%88%d0%bd%d0%b0%d1%82%d0%b0-%d0%b4%d0%b0%d1%82%d0%b0-%d0%b5-%d1%80%d0%be%d0%b4%d0%b5%d0%bd%d0%b0-%d0%b1%d1%8a%d0%bb%d0%b3%d0%b0%d1%80%d1%81%d0%ba%d0%b0%d1%82%d0%b0-6/lina HTTP/1.1" 301 0 "-" "Mozilla/5.0 AppleWebKit/537.36 (KHTML, like Gecko; compatible; ClaudeBot/1.0; +claudebot@anthropic.com)"
216.73.216.22 - - [05/Apr/2026:15:22:21 +0200] "GET /%d0%bd%d0%b0-%d0%b4%d0%bd%d0%b5%d1%88%d0%bd%d0%b0%d1%82%d0%b0-%d0%b4%d0%b0%d1%82%d0%b0-%d0%b5-%d1%80%d0%be%d0%b4%d0%b5%d0%bd%d0%b0-%d0%b1%d1%8a%d0%bb%d0%b3%d0%b0%d1%80%d1%81%d0%ba%d0%b0%d1%82%d0%b0-6/lina/ HTTP/1.1" 200 16628 "https://patrioti.net/%d0%bd%d0%b0-%d0%b4%d0%bd%d0%b5%d1%88%d0%bd%d0%b0%d1%82%d0%b0-%d0%b4%d0%b0%d1%82%d0%b0-%d0%b5-%d1%80%d0%be%d0%b4%d0%b5%d0%bd%d0%b0-%d0%b1%d1%8a%d0%bb%d0%b3%d0%b0%d1%80%d1%81%d0%ba%d0%b0%d1%82%d0%b0-6/lina" "Mozilla/5.0 AppleWebKit/537.36 (KHTML, like Gecko; compatible; ClaudeBot/1.0; +claudebot@anthropic.com)"
216.73.216.22 - - [05/Apr/2026:15:22:23 +0200] "GET /%D0%BD%D0%B0-%D0%B4%D0%BD%D0%B5%D1%88%D0%BD%D0%B0%D1%82%D0%B0-%D0%B4%D0%B0%D1%82%D0%B0-%D0%B5-%D1%80%D0%BE%D0%B4%D0%B5%D0%BD-%D0%BF%D0%B8%D1%81%D0%B0%D1%82%D0%B5%D0%BB%D1%8F%D1%82-%D0%B0%D1%82%D0%B0/whatsapp:/send HTTP/1.1" 404 15247 "-" "Mozilla/5.0 AppleWebKit/537.36 (KHTML, like Gecko; compatible; ClaudeBot/1.0; +claudebot@anthropic.com)"
216.73.216.22 - - [05/Apr/2026:15:22:25 +0200] "GET /%d0%bd%d0%b0-%d0%b4%d0%bd%d0%b5%d1%88%d0%bd%d0%b0%d1%82%d0%b0-%d0%b4%d0%b0%d1%82%d0%b0-%d1%81%d0%b5-%d1%80%d0%b0%d0%b6%d0%b4%d0%b0-%d0%b0%d0%ba%d1%82%d1%80%d0%b8%d1%81%d0%b0%d1%82%d0%b0-%d0%ba%d0%b0/whatsapp:/send HTTP/1.1" 404 15246 "-" "Mozilla/5.0 AppleWebKit/537.36 (KHTML, like Gecko; compatible; ClaudeBot/1.0; +claudebot@anthropic.com)"
216.73.216.22 - - [05/Apr/2026:15:22:30 +0200] "GET /%d0%b9%d0%be%d0%b0%d0%bd-%d1%81%d0%b2%d0%b8%d0%bd%d0%b5%d0%bf%d0%b0%d1%81%d0%b0-%d1%81%d1%80%d0%b5%d1%89%d1%83-%d0%bd%d0%b0%d0%b1%d0%b8%d1%80%d0%b0%d1%89%d0%b8%d1%82%d0%b5-%d1%81%d0%b8%d0%bb%d0%b0 HTTP/1.1" 301 0 "-" "Mozilla/5.0 AppleWebKit/537.36 (KHTML, like Gecko; compatible; ClaudeBot/1.0; +claudebot@anthropic.com)"
216.73.216.22 - - [05/Apr/2026:15:22:31 +0200] "GET /%d0%b9%d0%be%d0%b0%d0%bd-%d1%81%d0%b2%d0%b8%d0%bd%d0%b5%d0%bf%d0%b0%d1%81%d0%b0-%d1%81%d1%80%d0%b5%d1%89%d1%83-%d0%bd%d0%b0%d0%b1%d0%b8%d1%80%d0%b0%d1%89%d0%b8%d1%82%d0%b5-%d1%81%d0%b8%d0%bb%d0%b0/ HTTP/1.1" 200 23398 "https://patrioti.net/%d0%b9%d0%be%d0%b0%d0%bd-%d1%81%d0%b2%d0%b8%d0%bd%d0%b5%d0%bf%d0%b0%d1%81%d0%b0-%d1%81%d1%80%d0%b5%d1%89%d1%83-%d0%bd%d0%b0%d0%b1%d0%b8%d1%80%d0%b0%d1%89%d0%b8%d1%82%d0%b5-%d1%81%d0%b8%d0%bb%d0%b0" "Mozilla/5.0 AppleWebKit/537.36 (KHTML, like Gecko; compatible; ClaudeBot/1.0; +claudebot@anthropic.com)"
161.97.137.93 - - [05/Apr/2026:15:22:43 +0200] "POST /wp-cron.php?doing_wp_cron=1775395363.4881870746612548828125 HTTP/1.1" 404 15247 "https://patrioti.net/wp-cron.php?doing_wp_cron=1775395363.4881870746612548828125" "WordPress/4.9.26; https://patrioti.net"
66.249.69.132 - - [05/Apr/2026:15:22:44 +0200] "GET /page/201/ HTTP/1.1" 200 17599 "-" "Mozilla/5.0 (Linux; Android 6.0.1; Nexus 5X Build/MMB29P) AppleWebKit/537.36 (KHTML, like Gecko) Chrome/146.0.7680.177 Mobile Safari/537.36 (compatible; Googlebot/2.1; +http://www.google.com/bot.html)"
5.255.231.31 - - [05/Apr/2026:15:22:45 +0200] "GET /robots.txt HTTP/1.1" 200 66 "-" "Mozilla/5.0 (compatible; YandexBot/3.0; +http://yandex.com/bots)"
5.255.231.208 - - [05/Apr/2026:15:22:46 +0200] "GET /%D0%B4%D1%8A%D1%89%D0%B5%D1%80%D1%8F%D1%82%D0%B0-%D0%BD%D0%B0-%D0%B1%D0%B0%D0%B1%D0%B0-%D1%82%D0%BE%D0%BD%D0%BA%D0%B0-%D1%80%D0%B0%D0%B7%D0%BF%D0%B0%D0%BB%D0%B2%D0%B0-%D1%81%D1%8A%D0%BF%D0%B5%D1%80/ HTTP/1.1" 200 25402 "-" "Mozilla/5.0 (compatible; YandexBot/3.0; +http://yandex.com/bots)"
17.241.75.250 - - [05/Apr/2026:15:22:56 +0200] "GET /%D0%BD%D0%B0-7-%D0%B0%D0%BF%D1%80%D0%B8%D0%BB-1957-%D0%B3-%D0%B5-%D0%BE%D1%81%D0%BD%D0%BE%D0%B2%D0%B0%D0%BD-%D0%B4%D1%8A%D1%80%D0%B6%D0%B0%D0%B2%D0%BD%D0%B8%D1%8F%D1%82-%D1%81%D0%B0%D1%82%D0%B8%D1%80/ HTTP/1.1" 200 21205 "-" "Mozilla/5.0 (Macintosh; Intel Mac OS X 10_15_7) AppleWebKit/605.1.15 (KHTML, like Gecko) Version/17.4 Safari/605.1.15 (Applebot/0.1; +http://www.apple.com/go/applebot)"
159.203.25.209 - - [05/Apr/2026:15:23:03 +0200] "POST /wp-login.php HTTP/1.1" 200 1559 "-" "Mozilla/5.0"
159.203.25.209 - - [05/Apr/2026:15:23:03 +0200] "POST /wp-login.php HTTP/1.1" 200 1562 "-" "Mozilla/5.0"
159.203.25.209 - - [05/Apr/2026:15:23:03 +0200] "POST /wp-login.php HTTP/1.1" 200 1555 "-" "Mozilla/5.0"
159.203.25.209 - - [05/Apr/2026:15:23:03 +0200] "POST /wp-login.php HTTP/1.1" 200 1548 "-" "Mozilla/5.0"
159.203.25.209 - - [05/Apr/2026:15:23:03 +0200] "POST /wp-login.php HTTP/1.1" 200 1554 "-" "Mozilla/5.0"
159.203.25.209 - - [05/Apr/2026:15:23:03 +0200] "POST /wp-login.php HTTP/1.1" 200 1555 "-" "Mozilla/5.0"
159.203.25.209 - - [05/Apr/2026:15:23:03 +0200] "POST /wp-login.php HTTP/1.1" 200 1561 "-" "Mozilla/5.0"
159.203.25.209 - - [05/Apr/2026:15:23:03 +0200] "POST /wp-login.php HTTP/1.1" 200 1561 "-" "Mozilla/5.0"
159.203.25.209 - - [05/Apr/2026:15:23:03 +0200] "POST /wp-login.php HTTP/1.1" 200 1557 "-" "Mozilla/5.0"
159.203.25.209 - - [05/Apr/2026:15:23:04 +0200] "POST /wp-login.php HTTP/1.1" 200 1562 "-" "Mozilla/5.0"
159.203.25.209 - - [05/Apr/2026:15:23:04 +0200] "POST /wp-login.php HTTP/1.1" 200 1560 "-" "Mozilla/5.0"
216.73.216.22 - - [05/Apr/2026:15:23:08 +0200] "GET /?p=35272 HTTP/1.1" 301 0 "-" "Mozilla/5.0 AppleWebKit/537.36 (KHTML, like Gecko; compatible; ClaudeBot/1.0; +claudebot@anthropic.com)"
216.73.216.22 - - [05/Apr/2026:15:23:08 +0200] "GET /%d0%b4%d0%bd%d0%b5%d1%81-%d0%b5-%d1%80%d0%be%d0%b4%d0%b5%d0%bd-%d0%b1%d1%8a%d0%bb%d0%b3%d0%b0%d1%80%d1%81%d0%ba%d0%b8%d1%8f%d1%82-%d0%ba%d0%be%d0%bc%d0%bf%d0%be%d0%b7%d0%b8%d1%82%d0%be%d1%80-%d0%b8-3/ HTTP/1.1" 200 21121 "https://patrioti.net/?p=35272" "Mozilla/5.0 AppleWebKit/537.36 (KHTML, like Gecko; compatible; ClaudeBot/1.0; +claudebot@anthropic.com)"
216.73.216.22 - - [05/Apr/2026:15:23:11 +0200] "GET /?p=1046 HTTP/1.1" 301 0 "-" "Mozilla/5.0 AppleWebKit/537.36 (KHTML, like Gecko; compatible; ClaudeBot/1.0; +claudebot@anthropic.com)"
216.73.216.22 - - [05/Apr/2026:15:23:11 +0200] "GET /%d1%88%d0%b8%d0%bf%d1%87%d0%b5%d0%bd%d1%81%d0%ba%d0%b8-%d0%bc%d0%b0%d0%bd%d0%b0%d1%81%d1%82%d0%b8%d1%80-%d1%80%d0%be%d0%b6%d0%b4%d0%b5%d1%81%d1%82%d0%b2%d0%be-%d1%85%d1%80%d0%b8%d1%81%d1%82%d0%be/ HTTP/1.1" 200 21804 "https://patrioti.net/?p=1046" "Mozilla/5.0 AppleWebKit/537.36 (KHTML, like Gecko; compatible; ClaudeBot/1.0; +claudebot@anthropic.com)"
216.73.216.22 - - [05/Apr/2026:15:23:16 +0200] "GET /wp-content/themes/Newspaper/includes/modules/td_module_7.php HTTP/1.1" 500 0 "-" "Mozilla/5.0 AppleWebKit/537.36 (KHTML, like Gecko; compatible; ClaudeBot/1.0; +claudebot@anthropic.com)"
216.73.216.22 - - [05/Apr/2026:15:23:21 +0200] "GET /?p=296 HTTP/1.1" 301 0 "-" "Mozilla/5.0 AppleWebKit/537.36 (KHTML, like Gecko; compatible; ClaudeBot/1.0; +claudebot@anthropic.com)"
216.73.216.22 - - [05/Apr/2026:15:23:22 +0200] "GET /%d1%81%d1%82%d0%be%d0%bb%d0%b5%d1%82%d0%be%d0%b2-%d0%b3%d0%b5%d0%bd%d0%b5%d1%80%d0%b0%d0%bb%d1%8a%d1%82-%d0%bd%d0%b0-%d0%b1%d1%8a%d0%bb%d0%b3%d0%b0%d1%80%d0%b8%d1%82%d0%b5/ HTTP/1.1" 200 25092 "https://patrioti.net/?p=296" "Mozilla/5.0 AppleWebKit/537.36 (KHTML, like Gecko; compatible; ClaudeBot/1.0; +claudebot@anthropic.com)"
86.110.247.136 - - [05/Apr/2026:15:23:24 +0200] "GET /wp-login.php HTTP/1.1" 200 1168 "-" "Mozilla/5.0 (Windows NT 6.1; WOW64) AppleWebKit/537.36 (KHTML, like Gecko) Chrome/67.0.3396.62 Safari/537.36"
220.181.108.155 - - [05/Apr/2026:15:23:25 +0200] "GET /?p=29175 HTTP/1.1" 301 0 "-" "Mozilla/5.0 (compatible; Baiduspider/2.0; +http://www.baidu.com/search/spider.html)"
86.110.247.136 - - [05/Apr/2026:15:23:26 +0200] "POST /wp-login.php HTTP/1.1" 200 1554 "https://patrioti.net/wp-login.php" "Mozilla/5.0 (Windows NT 6.1; WOW64) AppleWebKit/537.36 (KHTML, like Gecko) Chrome/67.0.3396.62 Safari/537.36"
220.181.108.145 - - [05/Apr/2026:15:23:26 +0200] "GET /%D1%81%D0%BB%D0%B0%D0%B2%D0%BD%D0%B0%D1%82%D0%B0-%D0%B8%D1%81%D1%82%D0%BE%D1%80%D0%B8%D1%8F-%D0%BD%D0%B0-%D0%BE%D0%BF%D1%8A%D0%BB%D1%87%D0%B5%D0%BD%D0%B5%D1%86%D0%B0-%D0%B8%D0%B7%D0%B2%D1%8A%D1%80/ HTTP/1.1" 200 24135 "-" "Mozilla/5.0 (compatible; Baiduspider/2.0; +http://www.baidu.com/search/spider.html)"
216.73.216.22 - - [05/Apr/2026:15:23:31 +0200] "GET /wp-content/themes/Newspaper/includes/modules/td_module_19.php HTTP/1.1" 500 0 "-" "Mozilla/5.0 AppleWebKit/537.36 (KHTML, like Gecko; compatible; ClaudeBot/1.0; +claudebot@anthropic.com)"
216.73.216.22 - - [05/Apr/2026:15:23:34 +0200] "GET /wp-content/themes/Newspaper/includes/modules/td_module_16.php HTTP/1.1" 500 0 "-" "Mozilla/5.0 AppleWebKit/537.36 (KHTML, like Gecko; compatible; ClaudeBot/1.0; +claudebot@anthropic.com)"
216.73.216.22 - - [05/Apr/2026:15:23:39 +0200] "GET /wp-content/themes/Newspaper/includes/modules/td_module_8.php HTTP/1.1" 500 0 "-" "Mozilla/5.0 AppleWebKit/537.36 (KHTML, like Gecko; compatible; ClaudeBot/1.0; +claudebot@anthropic.com)"
161.97.137.93 - - [05/Apr/2026:15:23:45 +0200] "POST /wp-cron.php?doing_wp_cron=1775395424.9976329803466796875000 HTTP/1.1" 404 15248 "https://patrioti.net/wp-cron.php?doing_wp_cron=1775395424.9976329803466796875000" "WordPress/4.9.26; https://patrioti.net"
216.73.216.22 - - [05/Apr/2026:15:23:45 +0200] "GET /?p=12571 HTTP/1.1" 301 0 "-" "Mozilla/5.0 AppleWebKit/537.36 (KHTML, like Gecko; compatible; ClaudeBot/1.0; +claudebot@anthropic.com)"
216.73.216.22 - - [05/Apr/2026:15:23:45 +0200] "GET /%d0%b0%d1%80%d1%85%d0%b8%d1%82%d0%b5%d0%ba%d1%82%d1%83%d1%80%d0%b5%d0%bd-%d1%80%d0%b5%d0%b7%d0%b5%d1%80%d0%b2%d0%b0%d1%82-%d1%81%d0%b5%d0%bb%d0%be-%d1%88%d0%b8%d1%80%d0%be%d0%ba%d0%b0-%d0%bb%d1%8a/ HTTP/1.1" 200 21880 "https://patrioti.net/?p=12571" "Mozilla/5.0 AppleWebKit/537.36 (KHTML, like Gecko; compatible; ClaudeBot/1.0; +claudebot@anthropic.com)"
66.249.69.133 - - [05/Apr/2026:15:23:49 +0200] "GET /%D0%BD%D0%B0-%D0%B4%D0%BD%D0%B5%D1%88%D0%BD%D0%B8%D1%8F-%D0%B4%D0%B5%D0%BD-%D0%B5-%D1%80%D0%BE%D0%B4%D0%B5%D0%BD-%D0%B1%D1%8A%D0%BB%D0%B3%D0%B0%D1%80%D1%81%D0%BA%D0%B8%D1%8F%D1%82-%D0%BF%D0%B8%D1%81-6/ HTTP/1.1" 200 21230 "-" "Mozilla/5.0 (Linux; Android 6.0.1; Nexus 5X Build/MMB29P) AppleWebKit/537.36 (KHTML, like Gecko) Chrome/146.0.7680.177 Mobile Safari/537.36 (compatible; Googlebot/2.1; +http://www.google.com/bot.html)"
85.208.96.205 - - [05/Apr/2026:15:24:05 +0200] "GET /tag/%D0%BD%D0%B0%D1%86%D0%B8%D0%BE%D0%BD%D0%B0%D0%BB%D0%BD%D0%BE-%D0%BF%D0%B0%D1%82%D1%80%D0%B8%D0%BE%D1%82%D0%B8%D1%87%D0%BD%D0%BE-%D0%BE%D0%B1%D0%B5%D0%B4%D0%B8%D0%BD%D0%B5%D0%BD%D0%B8%D0%B5/page/154/ HTTP/1.1" 200 17263 "-" "Mozilla/5.0 (compatible; SemrushBot/7~bl; +http://www.semrush.com/bot.html)"
216.73.216.22 - - [05/Apr/2026:15:24:12 +0200] "GET /wp-content/themes/Newspaper/includes/modules/td_module_mx10.php HTTP/1.1" 500 0 "-" "Mozilla/5.0 AppleWebKit/537.36 (KHTML, like Gecko; compatible; ClaudeBot/1.0; +claudebot@anthropic.com)"
137.184.201.156 - - [05/Apr/2026:15:24:15 +0200] "GET /%d0%b8%d1%81%d1%82%d0%be%d1%80%d0%b8%d1%87%d0%b5%d1%81%d0%ba%d0%b8%d1%8f%d1%82-%d0%bc%d1%83%d0%b7%d0%b5%d0%b9-%d0%b2-%d0%b3%d1%80%d0%b0%d0%b4-%d1%82%d0%b5%d1%82%d0%b5%d0%b2%d0%b5%d0%bd/24845258 HTTP/1.1" 301 0 "https://patrioti.net/" "Mozilla/5.0 (Windows NT 10.0; Win64; x64) AppleWebKit/537.36 (KHTML, like Gecko) Chrome/104.0.5112.81 Safari/537.36"
137.184.201.156 - - [05/Apr/2026:15:24:15 +0200] "GET /%d0%b4%d0%bd%d0%b5%d1%81-%d0%b5-%d1%80%d0%be%d0%b4%d0%b5%d0%bd%d0%b0-%d0%b1%d1%8a%d0%bb%d0%b3%d0%b0%d1%80%d1%81%d0%ba%d0%b0%d1%82%d0%b0-%d1%86%d1%8a%d1%80%d0%ba%d0%be%d0%b2%d0%bd%d0%b0-%d0%b4%d0%b5/12578213 HTTP/1.1" 301 0 "https://patrioti.net/" "Mozilla/5.0 (Windows NT 10.0; Win64; x64) AppleWebKit/537.36 (KHTML, like Gecko) Chrome/104.0.5112.81 Safari/537.36"
67.205.178.73 - - [05/Apr/2026:15:24:16 +0200] "GET /wp-content/uploads/2019/06/54cabdbc50d91-324x235.jpg%20324w,%20https://patrioti.net/wp-content/uploads/2019/06/54cabdbc50d91-533x385.jpg%20533w HTTP/1.1" 301 0 "http://patrioti.net/" "Mozilla/5.0 (Windows NT 10.0; Win64; x64) AppleWebKit/537.36 (KHTML, like Gecko) Chrome/131.0.0.0 Safari/537.36"
20.215.220.107 - - [05/Apr/2026:15:24:16 +0200] "GET / HTTP/1.1" 200 26305 "-" "Mozilla/5.0 AppleWebKit/537.36 (KHTML, like Gecko); compatible; ChatGPT-User/1.0; +https://openai.com/bot"
216.73.216.22 - - [05/Apr/2026:15:24:16 +0200] "GET /wp-content/themes/Newspaper/includes/modules/td_module_15.php HTTP/1.1" 500 0 "-" "Mozilla/5.0 AppleWebKit/537.36 (KHTML, like Gecko; compatible; ClaudeBot/1.0; +claudebot@anthropic.com)"
137.184.201.156 - - [05/Apr/2026:15:24:17 +0200] "GET /%d0%b4%d0%bd%d0%b5%d1%81-%d0%b5-%d1%80%d0%be%d0%b4%d0%b5%d0%bd%d0%b0-%d0%b1%d1%8a%d0%bb%d0%b3%d0%b0%d1%80%d1%81%d0%ba%d0%b0%d1%82%d0%b0-%d1%86%d1%8a%d1%80%d0%ba%d0%be%d0%b2%d0%bd%d0%b0-%d0%b4%d0%b5/12578213/ HTTP/1.1" 200 21803 "https://patrioti.net/" "Mozilla/5.0 (Windows NT 10.0; Win64; x64) AppleWebKit/537.36 (KHTML, like Gecko) Chrome/104.0.5112.81 Safari/537.36"
137.184.201.156 - - [05/Apr/2026:15:24:18 +0200] "GET /%d0%b8%d1%81%d1%82%d0%be%d1%80%d0%b8%d1%87%d0%b5%d1%81%d0%ba%d0%b8%d1%8f%d1%82-%d0%bc%d1%83%d0%b7%d0%b5%d0%b9-%d0%b2-%d0%b3%d1%80%d0%b0%d0%b4-%d1%82%d0%b5%d1%82%d0%b5%d0%b2%d0%b5%d0%bd/24845258/ HTTP/1.1" 200 21422 "https://patrioti.net/" "Mozilla/5.0 (Windows NT 10.0; Win64; x64) AppleWebKit/537.36 (KHTML, like Gecko) Chrome/104.0.5112.81 Safari/537.36"
67.205.178.73 - - [05/Apr/2026:15:24:18 +0200] "GET /wp-content/uploads/2019/06/54cabdbc50d91-324x235.jpg%20324w,%20https:/patrioti.net/wp-content/uploads/2019/06/54cabdbc50d91-533x385.jpg%20533w HTTP/1.1" 404 15249 "http://patrioti.net/" "Mozilla/5.0 (Windows NT 10.0; Win64; x64) AppleWebKit/537.36 (KHTML, like Gecko) Chrome/131.0.0.0 Safari/537.36"
216.73.216.22 - - [05/Apr/2026:15:24:21 +0200] "GET /?p=45465 HTTP/1.1" 301 0 "-" "Mozilla/5.0 AppleWebKit/537.36 (KHTML, like Gecko; compatible; ClaudeBot/1.0; +claudebot@anthropic.com)"
216.73.216.22 - - [05/Apr/2026:15:24:22 +0200] "GET /%d0%b4%d0%b8%d0%bc%d0%b8%d1%82%d1%8a%d1%80-%d1%86%d0%b5%d0%bd%d0%be%d0%b2-%d1%81%d0%ba%d1%80%d0%be%d0%bc%d0%bd%d0%b8%d1%8f%d1%82-%d0%bc%d0%b8%d0%bb%d0%b8%d0%be%d0%bd%d0%b5%d1%80-%d0%ba/ HTTP/1.1" 200 22416 "https://patrioti.net/?p=45465" "Mozilla/5.0 AppleWebKit/537.36 (KHTML, like Gecko; compatible; ClaudeBot/1.0; +claudebot@anthropic.com)"
216.73.216.22 - - [05/Apr/2026:15:24:26 +0200] "GET /wp-content/themes/Newspaper/includes/modules/td_module_10.php HTTP/1.1" 500 0 "-" "Mozilla/5.0 AppleWebKit/537.36 (KHTML, like Gecko; compatible; ClaudeBot/1.0; +claudebot@anthropic.com)"
185.191.171.17 - - [05/Apr/2026:15:24:28 +0200] "GET /%D0%BD%D0%B0-23-%D1%81%D0%B5%D0%BF%D1%82%D0%B5%D0%BC%D0%B2%D1%80%D0%B8-%D0%BF%D1%80%D0%B8-%D1%81%D1%80%D0%B0%D0%B6%D0%B5%D0%BD%D0%B8%D0%B5-%D1%81-%D1%82%D1%83%D1%80%D1%81%D0%BA%D0%B8-%D0%B0%D1%81/ HTTP/1.1" 200 21470 "-" "Mozilla/5.0 (compatible; SemrushBot/7~bl; +http://www.semrush.com/bot.html)"
2001:930:126:8eb8:796d:409d:f83b:722b - - [05/Apr/2026:15:24:33 +0200] "GET /wp-content/uploads/2019/06/54cabdbc50d91-324x235.jpg%20324w,%20https://patrioti.net/wp-content/uploads/2019/06/54cabdbc50d91-533x385.jpg%20533w HTTP/1.1" 301 0 "http://patrioti.net/" "Mozilla/5.0 (Windows NT 10.0; Win64; x64) AppleWebKit/537.36 (KHTML, like Gecko) Chrome/131.0.0.0 Safari/537.36"
52.167.144.156 - - [05/Apr/2026:15:24:38 +0200] "GET /%D0%BD%D0%B0-%D0%B4%D0%BD%D0%B5%D1%88%D0%BD%D0%BD%D0%B8%D1%8F%D1%82-%D0%B4%D0%B5%D0%BD-%D0%B5-%D1%80%D0%BE%D0%B4%D0%B5%D0%BD%D0%B0-%D0%B1%D0%BB%D0%B0%D0%B3%D0%B0-%D0%B4%D0%B8%D0%BC%D0%B8%D1%82%D1%80/ HTTP/1.1" 200 22418 "-" "Mozilla/5.0 AppleWebKit/537.36 (KHTML, like Gecko; compatible; bingbot/2.0; +http://www.bing.com/bingbot.htm) Chrome/116.0.1938.76 Safari/537.36"
161.97.137.93 - - [05/Apr/2026:15:24:47 +0200] "POST /wp-cron.php?doing_wp_cron=1775395487.3665170669555664062500 HTTP/1.1" 404 15247 "https://patrioti.net/wp-cron.php?doing_wp_cron=1775395487.3665170669555664062500" "WordPress/4.9.26; https://patrioti.net"
52.167.144.156 - - [05/Apr/2026:15:24:47 +0200] "GET /tag/%D1%81%D0%B5%D0%B2%D0%B0%D1%81%D1%82%D0%BE%D0%BA%D1%80%D0%B0%D1%82%D0%BE%D1%80-%D0%B0%D0%BB%D0%B5%D0%BA%D1%81%D0%B0%D0%BD%D0%B4%D1%8A%D1%80/ HTTP/1.1" 200 15762 "-" "Mozilla/5.0 AppleWebKit/537.36 (KHTML, like Gecko; compatible; bingbot/2.0; +http://www.bing.com/bingbot.htm) Chrome/116.0.1938.76 Safari/537.36"
198.244.226.21 - - [05/Apr/2026:15:24:52 +0200] "GET /wp-content/cache/page_enhanced/patrioti.net/%D0%B4%D0%BD%D0%B5%D1%81-%D0%BF%D0%BE%D1%87%D0%B8%D1%82%D0%B0%D0%BC%D0%B5-%D0%BF%D0%B0%D0%BC%D0%B5%D1%82%D1%82%D0%B0-%D0%BD%D0%B0-%D0%B1%D1%8A%D0%BB%D0%B3%D0%B0%D1%80%D1%81%D0%BA%D0%B8%D1%8F-%D0%B2-6/?C=M;O=A HTTP/1.1" 200 413 "-" "Mozilla/5.0 (compatible; AhrefsBot/7.0; +http://ahrefs.com/robot/)"
66.249.69.133 - - [05/Apr/2026:15:24:54 +0200] "GET /%D0%BD%D0%B0-23-%D0%B0%D0%BF%D1%80%D0%B8%D0%BB-%D0%B5-%D1%80%D0%BE%D0%B4%D0%B5%D0%BD%D0%B0-%D0%B0%D0%BA%D1%82%D1%80%D0%B8%D1%81%D0%B0%D1%82%D0%B0-%D0%B2%D0%B0%D0%BD%D1%87%D0%B0-%D0%B4%D0%BE%D0%B9/ HTTP/1.1" 200 21039 "-" "Mozilla/5.0 (Linux; Android 6.0.1; Nexus 5X Build/MMB29P) AppleWebKit/537.36 (KHTML, like Gecko) Chrome/146.0.7680.177 Mobile Safari/537.36 (compatible; Googlebot/2.1; +http://www.google.com/bot.html)"
149.232.132.151 - - [05/Apr/2026:15:24:59 +0200] "GET /2020/01/21/page/2/ HTTP/1.1" 200 16260 "-" "Mozilla/5.0 (Macintosh; Intel Mac OS X 10_15_7) AppleWebKit/537.36 (KHTML, like Gecko) Chrome/141.0.0.0 Safari/537.36"
216.73.216.22 - - [05/Apr/2026:15:24:59 +0200] "GET /wp-content/themes/Newspaper/includes/shortcodes/td_block_8.php HTTP/1.1" 500 0 "-" "Mozilla/5.0 AppleWebKit/537.36 (KHTML, like Gecko; compatible; ClaudeBot/1.0; +claudebot@anthropic.com)"
52.6.5.24 - - [05/Apr/2026:15:25:00 +0200] "GET /wp-json/oembed/1.0/embed?url=https://patrioti.net/%25d0%25bd%25d0%25b0-11-%25d0%25bc%25d0%25b0%25d1%2580%25d1%2582-1913-%25d0%25b3-%25d0%25b7%25d0%25b0%25d0%25bf%25d0%25be%25d1%2587%25d0%25b2%25d0%25b0-%25d0%25be%25d0%25b4%25d1%2580%25d0%25b8%25d0%25bd%25d1%2581%25d0%25ba%25d0%25b0%25d1%2582%25d0%25b0-%25d0%25be%25d0%25bf%25d0%25b5%25d1%2580%25d0%25b0%25d1%2586%25d0%25b8/ HTTP/1.1" 200 1260 "-" "Mozilla/5.0 AppleWebKit/537.36 (KHTML, like Gecko; compatible; Amazonbot/0.1; +https://developer.amazon.com/support/amazonbot) Chrome/119.0.6045.214 Safari/537.36"
85.208.96.202 - - [05/Apr/2026:15:25:03 +0200] "GET /%D0%BD%D0%B0-20-%D0%BE%D0%BA%D1%82%D0%BE%D0%BC%D0%B2%D1%80%D0%B8-1944-%D0%B3-%D1%83%D0%BC%D0%B8%D1%80%D0%B0-%D0%B1%D1%8A%D0%BB%D0%B3%D0%B0%D1%80%D1%81%D0%BA%D0%B8%D1%8F%D1%82-%D1%80%D0%B5%D0%B6%D0%B8/ HTTP/1.1" 502 150 "-" "Mozilla/5.0 (compatible; SemrushBot/7~bl; +http://www.semrush.com/bot.html)"
216.73.216.22 - - [05/Apr/2026:15:25:03 +0200] "GET /wp-content/themes/Newspaper/includes/modules/td_module_mx17.php HTTP/1.1" 502 150 "-" "Mozilla/5.0 AppleWebKit/537.36 (KHTML, like Gecko; compatible; ClaudeBot/1.0; +claudebot@anthropic.com)"
