65.108.2.171 - - [05/Apr/2026:18:23:39 +0200] "GET /%D0%BD%D0%B0-12-%D0%BD%D0%BE%D0%B5%D0%BC%D0%B2%D1%80%D0%B8-%D1%86%D1%8A%D1%80%D0%BA%D0%B2%D0%B0%D1%82%D0%B0-%D0%BF%D0%BE%D1%87%D0%B8%D1%82%D0%B0-%D1%81%D0%B2-%D0%BF%D1%80%D0%B5%D0%BF%D0%BE%D0%B4/feed/ HTTP/1.1" 200 613 "-" "Mozilla/5.0 (compatible; MJ12bot/v1.4.8; http://mj12bot.com/)"
65.108.2.171 - - [05/Apr/2026:18:23:40 +0200] "GET /%D0%BD%D0%B0-12-%D0%BD%D0%BE%D0%B5%D0%BC%D0%B2%D1%80%D0%B8-1897-%D0%B3-%D1%83%D0%BC%D0%B8%D1%80%D0%B0-%D0%B1%D1%8A%D0%BB%D0%B3%D0%B0%D1%80%D1%81%D0%BA%D0%B8%D1%8F%D1%82-%D1%83%D1%87%D0%B8%D1%82%D0%B5/ HTTP/1.1" 200 21919 "-" "Mozilla/5.0 (compatible; MJ12bot/v1.4.8; http://mj12bot.com/)"
65.108.2.171 - - [05/Apr/2026:18:23:42 +0200] "GET /%D0%BD%D0%B0-12-%D0%BD%D0%BE%D0%B5%D0%BC%D0%B2%D1%80%D0%B8-1906-%D0%B3-%D0%B5-%D1%80%D0%BE%D0%B4%D0%B5%D0%BD-%D0%BF%D1%80%D0%BE%D1%84-%D0%B5%D0%BB%D0%B8%D1%81%D0%B5%D0%B9-%D1%8F%D0%BD%D0%B5%D0%B2/ HTTP/1.1" 200 21086 "-" "Mozilla/5.0 (compatible; MJ12bot/v1.4.8; http://mj12bot.com/)"
65.108.2.171 - - [05/Apr/2026:18:23:45 +0200] "GET /%D0%BD%D0%B0-12-%D0%BE%D0%BA%D1%82%D0%BE%D0%BC%D0%B2%D1%80%D0%B8-1875-%D0%B3%D0%BE%D0%B4%D0%B8%D0%BD%D0%B0-%D1%85%D1%80%D0%B8%D1%81%D1%82%D0%BE-%D0%B1%D0%BE%D1%82%D0%B5%D0%B2-%D0%BD%D0%B0%D0%BF%D1%83/ HTTP/1.1" 200 21760 "-" "Mozilla/5.0 (compatible; MJ12bot/v1.4.8; http://mj12bot.com/)"
65.108.2.171 - - [05/Apr/2026:18:23:47 +0200] "GET /%D0%BD%D0%B0-13-%D0%B0%D0%B2%D0%B3%D1%83%D1%81%D1%82-%D1%86%D1%8A%D1%80%D0%BA%D0%B2%D0%B0%D1%82%D0%B0-%D0%BF%D0%BE%D1%87%D0%B8%D1%82%D0%B0-%D0%BF%D1%80%D0%B5%D0%BF%D0%BE%D0%B4%D0%BE%D0%B1%D0%BD%D0%B8/ HTTP/1.1" 200 21498 "-" "Mozilla/5.0 (compatible; MJ12bot/v1.4.8; http://mj12bot.com/)"
65.108.2.171 - - [05/Apr/2026:18:23:49 +0200] "GET /%D0%BD%D0%B0-13-%D0%BC%D0%B0%D0%B9-1918-%D0%B3-%D0%B5-%D1%80%D0%BE%D0%B4%D0%B5%D0%BD%D0%B0-%D0%B1%D1%8A%D0%BB%D0%B3%D0%B0%D1%80%D1%81%D0%BA%D0%B0%D1%82%D0%B0-%D0%BF%D1%80%D0%B5%D0%B2%D0%BE%D0%B4/ HTTP/1.1" 200 20668 "-" "Mozilla/5.0 (compatible; MJ12bot/v1.4.8; http://mj12bot.com/)"
65.108.2.171 - - [05/Apr/2026:18:23:51 +0200] "GET /%D0%BD%D0%B0-14-%D0%B0%D0%B2%D0%B3%D1%83%D1%81%D1%82-%D1%86%D1%8A%D1%80%D0%BA%D0%B2%D0%B0%D1%82%D0%B0-%D0%BF%D0%BE%D1%87%D0%B8%D1%82%D0%B0-%D1%81%D0%B2-%D0%BC%D0%B8%D1%85%D0%B5%D0%B9-%D0%BA%D0%BE/ HTTP/1.1" 200 22510 "-" "Mozilla/5.0 (compatible; MJ12bot/v1.4.8; http://mj12bot.com/)"
65.108.2.171 - - [05/Apr/2026:18:23:53 +0200] "GET /%D0%BD%D0%B0-14-%D0%BC%D0%B0%D0%B9-%D0%BE%D1%82%D0%B1%D0%B5%D0%BB%D1%8F%D0%B7%D0%B2%D0%B0%D0%BC%D0%B5-%D1%80%D0%BE%D0%B6%D0%B4%D0%B5%D0%BD%D0%B8%D0%B5%D1%82%D0%BE-%D0%BD%D0%B0-%D0%B3%D0%B5%D0%BD/ HTTP/1.1" 200 24996 "-" "Mozilla/5.0 (compatible; MJ12bot/v1.4.8; http://mj12bot.com/)"
161.97.137.93 - - [05/Apr/2026:18:23:55 +0200] "POST /wp-cron.php?doing_wp_cron=1775406235.2490170001983642578125 HTTP/1.1" 404 15247 "https://patrioti.net/wp-cron.php?doing_wp_cron=1775406235.2490170001983642578125" "WordPress/4.9.26; https://patrioti.net"
65.108.2.171 - - [05/Apr/2026:18:23:55 +0200] "GET /%D0%BD%D0%B0-14-%D0%BC%D0%B0%D0%B9-1869-%D0%B3-%D0%B5-%D1%80%D0%BE%D0%B4%D0%B5%D0%BD-%D0%B1%D1%8A%D0%BB%D0%B3%D0%B0%D1%80%D1%81%D0%BA%D0%B8%D1%8F%D1%82-%D0%BD%D1%83%D0%BC%D0%B8%D0%B7%D0%BC%D0%B0/ HTTP/1.1" 200 21174 "-" "Mozilla/5.0 (compatible; MJ12bot/v1.4.8; http://mj12bot.com/)"
65.108.2.171 - - [05/Apr/2026:18:23:57 +0200] "GET /%D0%BD%D0%B0-15-%D1%8E%D0%BB%D0%B8-%D1%86%D1%8A%D1%80%D0%BA%D0%B2%D0%B0%D1%82%D0%B0-%D0%BF%D0%BE%D1%87%D0%B8%D1%82%D0%B0-%D1%81%D0%B2-%D0%BC%D1%8A%D1%87%D0%B5%D0%BD%D0%B8%D1%86%D0%B8-%D0%BA%D0%B8/ HTTP/1.1" 200 21265 "-" "Mozilla/5.0 (compatible; MJ12bot/v1.4.8; http://mj12bot.com/)"
65.108.2.171 - - [05/Apr/2026:18:23:59 +0200] "GET /%D0%BD%D0%B0-16-%D0%B4%D0%B5%D0%BA%D0%B5%D0%BC%D0%B2%D1%80%D0%B8-1920-%D0%B3%D0%BE%D0%B4%D0%B8%D0%BD%D0%B0-%D0%B1%D1%8A%D0%BB%D0%B3%D0%B0%D1%80%D0%B8%D1%8F-%D1%81%D1%82%D0%B0%D0%B2%D0%B0-%D1%87%D0%BB/ HTTP/1.1" 200 21146 "-" "Mozilla/5.0 (compatible; MJ12bot/v1.4.8; http://mj12bot.com/)"
65.108.2.171 - - [05/Apr/2026:18:24:04 +0200] "GET /%D0%BD%D0%B0-16-%D1%81%D0%B5%D0%BF%D1%82%D0%B5%D0%BC%D0%B2%D1%80%D0%B8-%D1%86%D1%8A%D1%80%D0%BA%D0%B2%D0%B0%D1%82%D0%B0-%D0%BF%D0%BE%D1%87%D0%B8%D1%82%D0%B0-%D1%81%D0%B2-%D0%B5%D0%B2%D1%84%D0%B8/ HTTP/1.1" 502 150 "-" "Mozilla/5.0 (compatible; MJ12bot/v1.4.8; http://mj12bot.com/)"
65.108.2.171 - - [05/Apr/2026:18:24:07 +0200] "GET /%D0%BD%D0%B0-17-%D0%B0%D0%BF%D1%80%D0%B8%D0%BB-%D1%86%D1%8A%D1%80%D0%BA%D0%B2%D0%B0%D1%82%D0%B0-%D0%BF%D0%BE%D1%87%D0%B8%D1%82%D0%B0-%D1%81%D0%B2-%D0%BF%D1%80%D0%B5%D0%BF%D0%BE%D0%B4%D0%BE%D0%B1/ HTTP/1.1" 200 23776 "-" "Mozilla/5.0 (compatible; MJ12bot/v1.4.8; http://mj12bot.com/)"
65.108.2.171 - - [05/Apr/2026:18:24:08 +0200] "GET /%D0%BD%D0%B0-17-%D0%B0%D0%BF%D1%80%D0%B8%D0%BB-1879-%D0%B3-%D0%B2-%D0%BA%D0%BD%D1%8F%D0%B6%D0%B5%D1%81%D1%82%D0%B2%D0%BE-%D0%B1%D1%8A%D0%BB%D0%B3%D0%B0%D1%80%D0%B8%D1%8F-%D0%B5-%D1%81%D0%B2%D0%B8/ HTTP/1.1" 200 21748 "-" "Mozilla/5.0 (compatible; MJ12bot/v1.4.8; http://mj12bot.com/)"
65.108.2.171 - - [05/Apr/2026:18:24:10 +0200] "GET /%D0%BD%D0%B0-17-%D0%B4%D0%B5%D0%BA%D0%B5%D0%BC%D0%B2%D1%80%D0%B8-%D1%86%D1%8A%D1%80%D0%BA%D0%B2%D0%B0%D1%82%D0%B0-%D0%BF%D0%BE%D1%87%D0%B8%D1%82%D0%B0-%D1%81%D0%B2-%D0%BF%D1%80%D0%BE%D1%80%D0%BE/ HTTP/1.1" 200 21704 "-" "Mozilla/5.0 (compatible; MJ12bot/v1.4.8; http://mj12bot.com/)"
65.108.2.171 - - [05/Apr/2026:18:24:12 +0200] "GET /%D0%BD%D0%B0-17-%D1%81%D0%B5%D0%BF%D1%82%D0%B5%D0%BC%D0%B2%D1%80%D0%B8-%D1%86%D1%8A%D1%80%D0%BA%D0%B2%D0%B0%D1%82%D0%B0-%D0%BF%D0%BE%D1%87%D0%B8%D1%82%D0%B0-%D1%81%D0%B2%D0%B5%D1%82%D0%B8%D1%82%D0%B5/ HTTP/1.1" 200 21449 "-" "Mozilla/5.0 (compatible; MJ12bot/v1.4.8; http://mj12bot.com/)"
65.108.2.171 - - [05/Apr/2026:18:24:15 +0200] "GET /%D0%BD%D0%B0-18-%D0%B4%D0%B5%D0%BA%D0%B5%D0%BC%D0%B2%D1%80%D0%B8-%D1%86%D1%8A%D1%80%D0%BA%D0%B2%D0%B0%D1%82%D0%B0-%D0%BF%D0%BE%D1%87%D0%B8%D1%82%D0%B0-%D1%81%D0%B2-%D0%BC%D1%8A%D1%87%D0%B5%D0%BD/ HTTP/1.1" 200 26033 "-" "Mozilla/5.0 (compatible; MJ12bot/v1.4.8; http://mj12bot.com/)"
65.108.2.171 - - [05/Apr/2026:18:24:20 +0200] "GET /%D0%BD%D0%B0-2-%D0%BC%D0%B0%D0%B9-%D1%86%D1%8A%D1%80%D0%BA%D0%B2%D0%B0%D1%82%D0%B0-%D0%BF%D0%BE%D1%87%D0%B8%D1%82%D0%B0-%D1%81%D0%B2-%D1%86%D0%B0%D1%80-%D0%B1%D0%BE%D1%80%D0%B8%D1%81-%D0%BC%D0%B8/ HTTP/1.1" 200 21041 "-" "Mozilla/5.0 (compatible; MJ12bot/v1.4.8; http://mj12bot.com/)"
65.108.2.171 - - [05/Apr/2026:18:24:22 +0200] "GET /%D0%BD%D0%B0-2-%D0%BC%D0%B0%D0%B9-1930-%D0%B3-%D0%B5-%D1%80%D0%BE%D0%B4%D0%B5%D0%BD-%D0%B1%D1%8A%D0%BB%D0%B3%D0%B0%D1%80%D1%81%D0%BA%D0%B8%D1%8F%D1%82-%D0%B0%D0%BA%D1%82%D1%8C%D0%BE%D1%80-%D1%81/ HTTP/1.1" 200 21416 "-" "Mozilla/5.0 (compatible; MJ12bot/v1.4.8; http://mj12bot.com/)"
65.108.2.171 - - [05/Apr/2026:18:24:24 +0200] "GET /%D0%BD%D0%B0-20-%D0%B4%D0%B5%D0%BA%D0%B5%D0%BC%D0%B2%D1%80%D0%B8-%D1%86%D1%8A%D1%80%D0%BA%D0%B2%D0%B0%D1%82%D0%B0-%D0%BF%D0%BE%D1%87%D0%B8%D1%82%D0%B0-%D1%81%D0%B2-%D0%B9%D0%BE%D0%B0%D0%BD-%D0%BA/ HTTP/1.1" 200 25020 "-" "Mozilla/5.0 (compatible; MJ12bot/v1.4.8; http://mj12bot.com/)"
185.191.171.9 - - [05/Apr/2026:18:24:25 +0200] "GET /author/petya-petkova/page/410/ HTTP/1.1" 200 17179 "-" "Mozilla/5.0 (compatible; SemrushBot/7~bl; +http://www.semrush.com/bot.html)"
198.244.183.233 - - [05/Apr/2026:18:24:28 +0200] "GET /%D0%B4%D0%BD%D0%B5%D1%81-%D0%B5-%D1%80%D0%BE%D0%B4%D0%B5%D0%BD-%D0%B1%D1%8A%D0%BB%D0%B3%D0%B0%D1%80%D1%81%D0%BA%D0%B8%D1%8F%D1%82-%D0%BF%D0%B5%D0%B2%D0%B5%D1%86-%D0%B8-%D0%BC%D1%83%D0%B7%D0%B8%D0%BA/ HTTP/1.1" 200 21884 "-" "Mozilla/5.0 (compatible; AhrefsBot/7.0; +http://ahrefs.com/robot/)"
65.108.2.171 - - [05/Apr/2026:18:24:42 +0200] "GET /%D0%BD%D0%B0-23-%D1%81%D0%B5%D0%BF%D1%82%D0%B5%D0%BC%D0%B2%D1%80%D0%B8-%D1%86%D1%8A%D1%80%D0%BA%D0%B2%D0%B0%D1%82%D0%B0-%D0%BF%D1%80%D0%B0%D0%B7%D0%BD%D1%83%D0%B2%D0%B0-%D0%B7%D0%B0%D1%87%D0%B0%D1%82/ HTTP/1.1" 200 24241 "-" "Mozilla/5.0 (compatible; MJ12bot/v1.4.8; http://mj12bot.com/)"
35.169.240.53 - - [05/Apr/2026:18:24:51 +0200] "GET /wp-content/plugins/td-composer/css-live/assets/less/ HTTP/1.1" 200 395 "-" "Mozilla/5.0 AppleWebKit/537.36 (KHTML, like Gecko; compatible; Amazonbot/0.1; +https://developer.amazon.com/support/amazonbot) Chrome/119.0.6045.214 Safari/537.36"
51.195.244.86 - - [05/Apr/2026:18:25:04 +0200] "GET /wp-content/uploads/2019/06/ HTTP/1.1" 200 87074 "-" "Mozilla/5.0 (compatible; AhrefsBot/7.0; +http://ahrefs.com/robot/)"
161.97.137.93 - - [05/Apr/2026:18:25:07 +0200] "POST /wp-cron.php?doing_wp_cron=1775406307.5566461086273193359375 HTTP/1.1" 404 15246 "https://patrioti.net/wp-cron.php?doing_wp_cron=1775406307.5566461086273193359375" "WordPress/4.9.26; https://patrioti.net"
220.181.108.91 - - [05/Apr/2026:18:25:08 +0200] "GET /?p=37639 HTTP/1.1" 301 0 "-" "Mozilla/5.0 (compatible; Baiduspider/2.0; +http://www.baidu.com/search/spider.html)"
220.181.108.178 - - [05/Apr/2026:18:25:09 +0200] "GET /%D0%BD%D0%B0-20-%D0%B0%D0%BF%D1%80%D0%B8%D0%BB-1902-%D0%B3-%D0%B5-%D1%80%D0%BE%D0%B4%D0%B5%D0%BD-%D0%B1%D1%8A%D0%BB%D0%B3%D0%B0%D1%80%D1%81%D0%BA%D0%B8%D1%8F%D1%82-%D0%BA%D0%BE%D0%BC%D0%BF%D0%BE/ HTTP/1.1" 200 21707 "-" "Mozilla/5.0 (compatible; Baiduspider/2.0; +http://www.baidu.com/search/spider.html)"
116.179.37.55 - - [05/Apr/2026:18:25:14 +0200] "GET /wp-content/uploads/2019/04/250px-BASA-1772K-1-1301-1-Veselin_Stoyanov.jpg HTTP/1.1" 200 78589 "https://patrioti.net/%D0%BD%D0%B0-20-%D0%B0%D0%BF%D1%80%D0%B8%D0%BB-1902-%D0%B3-%D0%B5-%D1%80%D0%BE%D0%B4%D0%B5%D0%BD-%D0%B1%D1%8A%D0%BB%D0%B3%D0%B0%D1%80%D1%81%D0%BA%D0%B8%D1%8F%D1%82-%D0%BA%D0%BE%D0%BC%D0%BF%D0%BE/" "Mozilla/5.0 (compatible; Baiduspider-render/2.0; +http://www.baidu.com/search/spider.html)"
65.108.2.171 - - [05/Apr/2026:18:25:22 +0200] "GET /%D0%BD%D0%B0-27-%D0%B0%D0%B2%D0%B3%D1%83%D1%81%D1%82-%D1%86%D1%8A%D1%80%D0%BA%D0%B2%D0%B0%D1%82%D0%B0-%D0%BF%D0%BE%D1%87%D0%B8%D1%82%D0%B0-%D1%81%D0%B2-%D1%84%D0%B0%D0%BD%D1%83%D1%80%D0%B8%D0%B9/ HTTP/1.1" 200 20880 "-" "Mozilla/5.0 (compatible; MJ12bot/v1.4.8; http://mj12bot.com/)"
65.108.2.171 - - [05/Apr/2026:18:25:24 +0200] "GET /%D0%BD%D0%B0-28-%D1%84%D0%B5%D0%B2%D1%80%D1%83%D0%B0%D1%80%D0%B8-1867-%D0%B3-%D0%B5-%D1%80%D0%BE%D0%B4%D0%B5%D0%BD-%D0%B3%D0%B5%D0%BD-%D0%B0%D0%BB%D0%B5%D0%BA%D1%81%D0%B0%D0%BD%D0%B4%D1%8A%D1%80/ HTTP/1.1" 200 23823 "-" "Mozilla/5.0 (compatible; MJ12bot/v1.4.8; http://mj12bot.com/)"
65.108.2.171 - - [05/Apr/2026:18:25:26 +0200] "GET /%D0%BD%D0%B0-28-%D1%84%D0%B5%D0%B2%D1%80%D1%83%D0%B0%D1%80%D0%B8-1895-%D0%B3-%D0%B5-%D1%81%D1%8A%D0%B7%D0%B4%D0%B0%D0%B4%D0%B5%D0%BD-%D0%BF%D0%B0%D1%80%D0%BA-%D0%B0%D1%8F%D0%B7%D0%BC%D0%BE%D1%82/ HTTP/1.1" 200 22126 "-" "Mozilla/5.0 (compatible; MJ12bot/v1.4.8; http://mj12bot.com/)"
216.73.216.22 - - [05/Apr/2026:18:25:26 +0200] "GET /?p=34629 HTTP/1.1" 301 0 "-" "Mozilla/5.0 AppleWebKit/537.36 (KHTML, like Gecko; compatible; ClaudeBot/1.0; +claudebot@anthropic.com)"
216.73.216.22 - - [05/Apr/2026:18:25:27 +0200] "GET /%d0%bd%d0%b0-%d0%b4%d0%bd%d0%b5%d1%88%d0%bd%d0%b0%d1%82%d0%b0-%d0%b4%d0%b0%d1%82%d0%b0-%d0%b5-%d1%80%d0%be%d0%b4%d0%b5%d0%bd-%d0%b1%d1%8a%d0%bb%d0%b3%d0%b0%d1%80%d1%81%d0%ba%d0%b8%d1%8f%d1%82-27/ HTTP/1.1" 200 21487 "https://patrioti.net/?p=34629" "Mozilla/5.0 AppleWebKit/537.36 (KHTML, like Gecko; compatible; ClaudeBot/1.0; +claudebot@anthropic.com)"
65.108.2.171 - - [05/Apr/2026:18:25:29 +0200] "GET /%D0%BD%D0%B0-29-%D1%81%D0%B5%D0%BF%D1%82%D0%B5%D0%BC%D0%B2%D1%80%D0%B8-1913-%D0%B3-%D0%B5-%D0%BF%D0%BE%D0%B4%D0%BF%D0%B8%D1%81%D0%B0%D0%BD-%D1%86%D0%B0%D1%80%D0%B8%D0%B3%D1%80%D0%B0%D0%B4%D1%81%D0%BA/ HTTP/1.1" 200 21901 "-" "Mozilla/5.0 (compatible; MJ12bot/v1.4.8; http://mj12bot.com/)"
40.77.167.27 - - [05/Apr/2026:18:25:31 +0200] "GET /%D0%BD%D0%B0-12-%D1%81%D0%B5%D0%BF%D1%82%D0%B5%D0%BC%D0%B2%D1%80%D0%B8-%D0%B5-%D1%80%D0%BE%D0%B4%D0%B5%D0%BD-%D0%B1%D1%8A%D0%BB%D0%B3%D0%B0%D1%80%D1%81%D0%BA%D0%B8%D1%8F%D1%82-%D0%B1%D0%BE%D0%BA%D1%81/ HTTP/1.1" 200 21240 "-" "Mozilla/5.0 (iPhone; CPU iPhone OS 7_0 like Mac OS X) AppleWebKit/537.51.1 (KHTML, like Gecko) Version/7.0 Mobile/11A465 Safari/9537.53 (compatible; bingbot/2.0; +http://www.bing.com/bingbot.htm)"
198.244.168.37 - - [05/Apr/2026:18:25:33 +0200] "GET /wp-content/cache/page_enhanced/patrioti.net/tag/%D1%81%D1%86%D0%B5%D0%BD%D0%B0%D1%80%D0%B8%D1%81%D1%82/?C=M;O=D HTTP/1.1" 200 348 "-" "Mozilla/5.0 (compatible; AhrefsBot/7.0; +http://ahrefs.com/robot/)"
65.108.2.171 - - [05/Apr/2026:18:25:37 +0200] "GET /%D0%BD%D0%B0-4-%D0%BC%D0%B0%D1%80%D1%82-%D0%BE%D1%82%D0%B1%D0%B5%D0%BB%D1%8F%D0%B7%D0%B2%D0%B0%D0%BC%D0%B5-%D1%80%D0%BE%D0%B6%D0%B4%D0%B5%D0%BD%D0%B8%D0%B5%D1%82%D0%BE-%D0%BD%D0%B0-%D1%82%D0%BE%D0%B4/ HTTP/1.1" 200 22686 "-" "Mozilla/5.0 (compatible; MJ12bot/v1.4.8; http://mj12bot.com/)"
40.77.167.8 - - [05/Apr/2026:18:25:37 +0200] "GET /%D0%B4%D0%BD%D0%B5%D1%81-%D1%81%D0%B8-%D1%81%D0%BF%D0%BE%D0%BC%D0%BD%D1%8F%D0%BC%D0%B5-%D0%B7%D0%B0-%D0%BF%D0%B8%D1%81%D0%B0%D1%82%D0%B5%D0%BB%D1%8F-%D0%B0%D1%82%D0%B0%D0%BD%D0%B0%D1%81-%D0%BB%D0%B8/ HTTP/1.1" 200 21207 "-" "Mozilla/5.0 (iPhone; CPU iPhone OS 7_0 like Mac OS X) AppleWebKit/537.51.1 (KHTML, like Gecko) Version/7.0 Mobile/11A465 Safari/9537.53 (compatible; bingbot/2.0; +http://www.bing.com/bingbot.htm)"
5.255.231.246 - - [05/Apr/2026:18:25:38 +0200] "GET /wp-content/uploads/2019/03/Ivan-Veselinov-20100903.jpg HTTP/1.1" 200 77820 "-" "Mozilla/5.0 (compatible; YandexImages/3.0; +http://yandex.com/bots)"
65.108.2.171 - - [05/Apr/2026:18:25:40 +0200] "GET /%D0%BD%D0%B0-5-%D0%B4%D0%B5%D0%BA%D0%B5%D0%BC%D0%B2%D1%80%D0%B8-%D1%86%D1%8A%D1%80%D0%BA%D0%B2%D0%B0%D1%82%D0%B0-%D0%BF%D0%BE%D1%87%D0%B8%D1%82%D0%B0-%D1%81%D0%B2-%D0%BF%D1%80%D0%B5%D0%BF%D0%BE%D0%B4/ HTTP/1.1" 200 21769 "-" "Mozilla/5.0 (compatible; MJ12bot/v1.4.8; http://mj12bot.com/)"
2a03:2880:31ff:c:: - - [05/Apr/2026:18:25:46 +0200] "GET /%D1%82%D0%BE%D0%BF%D0%BB%D0%B8%D1%88%D0%BA%D0%BE%D1%82%D0%BE-%D0%B2%D1%8A%D1%81%D1%82%D0%B0%D0%BD%D0%B8%D0%B5-%D0%BE%D1%82-1917-%D0%B3-%D1%81%D1%80%D1%8A%D0%B1%D1%81%D0%BA%D0%B8-%D0%B2%D0%BE%D0%B9/ HTTP/1.1" 200 22016 "-" "facebookexternalhit/1.1 (+http://www.facebook.com/externalhit_uatext.php)"
2a03:2880:31ff:6:: - - [05/Apr/2026:18:25:46 +0200] "GET /%D1%82%D0%BE%D0%BF%D0%BB%D0%B8%D1%88%D0%BA%D0%BE%D1%82%D0%BE-%D0%B2%D1%8A%D1%81%D1%82%D0%B0%D0%BD%D0%B8%D0%B5-%D0%BE%D1%82-1917-%D0%B3-%D1%81%D1%80%D1%8A%D0%B1%D1%81%D0%BA%D0%B8-%D0%B2%D0%BE%D0%B9/ HTTP/1.1" 200 22009 "-" "facebookexternalhit/1.1 (+http://www.facebook.com/externalhit_uatext.php)"
2a03:2880:31ff:51:: - - [05/Apr/2026:18:25:46 +0200] "GET /%d1%82%d0%be%d0%bf%d0%bb%d0%b8%d1%88%d0%ba%d0%be%d1%82%d0%be-%d0%b2%d1%8a%d1%81%d1%82%d0%b0%d0%bd%d0%b8%d0%b5-%d0%be%d1%82-1917-%d0%b3-%d1%81%d1%80%d1%8a%d0%b1%d1%81%d0%ba%d0%b8-%d0%b2%d0%be%d0%b9/ HTTP/1.1" 200 22010 "-" "facebookexternalhit/1.1 (+http://www.facebook.com/externalhit_uatext.php)"
65.108.2.171 - - [05/Apr/2026:18:25:46 +0200] "GET /%D0%BD%D0%B0-5-%D0%BC%D0%B0%D1%80%D1%82-%D1%86%D1%8A%D1%80%D0%BA%D0%B2%D0%B0%D1%82%D0%B0-%D0%BF%D0%BE%D1%87%D0%B8%D1%82%D0%B0-%D1%81%D0%B2-%D0%BC%D1%8A%D1%87%D0%B5%D0%BD%D0%B8%D0%BA-%D0%B9%D0%BE/ HTTP/1.1" 200 21050 "-" "Mozilla/5.0 (compatible; MJ12bot/v1.4.8; http://mj12bot.com/)"
65.108.2.171 - - [05/Apr/2026:18:25:51 +0200] "GET /%D0%BD%D0%B0-6-%D0%BC%D0%B0%D0%B9-%D1%86%D1%8A%D1%80%D0%BA%D0%B2%D0%B0%D1%82%D0%B0-%D0%BF%D0%BE%D1%87%D0%B8%D1%82%D0%B0-%D1%81%D0%B2-%D0%BF%D1%80%D0%B0%D0%B2%D0%B5%D0%B4%D0%BD%D0%B8-%D0%B9%D0%BE/ HTTP/1.1" 200 23441 "-" "Mozilla/5.0 (compatible; MJ12bot/v1.4.8; http://mj12bot.com/)"
65.108.2.171 - - [05/Apr/2026:18:25:56 +0200] "GET /%D0%BD%D0%B0-6-%D1%84%D0%B5%D0%B2%D1%80%D1%83%D0%B0%D1%80%D0%B8-%D1%86%D1%8A%D1%80%D0%BA%D0%B2%D0%B0%D1%82%D0%B0-%D0%BF%D0%BE%D1%87%D0%B8%D1%82%D0%B0-%D1%81%D0%B2-%D0%BF%D1%80%D0%B5%D0%BF-%D0%B2/ HTTP/1.1" 200 21046 "-" "Mozilla/5.0 (compatible; MJ12bot/v1.4.8; http://mj12bot.com/)"
65.108.2.171 - - [05/Apr/2026:18:25:58 +0200] "GET /%D0%BD%D0%B0-7-%D0%B0%D0%B2%D0%B3%D1%83%D1%81%D1%82-1865-%D0%B3-%D1%82%D0%BE%D0%B4%D0%BE%D1%80-%D0%B1%D1%83%D1%80%D0%BC%D0%BE%D0%B2-%D0%B7%D0%B0%D0%BF%D0%BE%D1%87%D0%B2%D0%B0-%D0%B4%D0%B0-%D0%B8/ HTTP/1.1" 200 21160 "-" "Mozilla/5.0 (compatible; MJ12bot/v1.4.8; http://mj12bot.com/)"
66.249.69.131 - - [05/Apr/2026:18:26:01 +0200] "GET /%D0%B4%D0%BD%D0%B5%D1%81-%D0%B5-%D1%80%D0%BE%D0%B4%D0%B5%D0%BD-%D0%B1%D1%8A%D0%BB%D0%B3%D0%B0%D1%80%D1%81%D0%BA%D0%B8%D1%8F%D1%82-%D1%85%D0%B8%D0%BC%D0%B8%D0%BA-%D0%B4-%D1%80-%D1%81%D0%B5%D1%80%D0%B3/ HTTP/1.1" 200 21079 "-" "Mozilla/5.0 (Linux; Android 6.0.1; Nexus 5X Build/MMB29P) AppleWebKit/537.36 (KHTML, like Gecko) Chrome/146.0.7680.177 Mobile Safari/537.36 (compatible; GoogleOther)"
65.108.2.171 - - [05/Apr/2026:18:26:04 +0200] "GET /%D0%BD%D0%B0-8-%D0%BE%D0%BA%D1%82%D0%BE%D0%BC%D0%B2%D1%80%D0%B8-%D0%B5-%D1%80%D0%BE%D0%B4%D0%B5%D0%BD-%D0%B1%D1%8A%D0%BB%D0%B3%D0%B0%D1%80%D1%81%D0%BA%D0%B8%D1%8F%D1%82-%D1%84%D0%B8%D0%B7%D0%B8%D0%BA/ HTTP/1.1" 200 22812 "-" "Mozilla/5.0 (compatible; MJ12bot/v1.4.8; http://mj12bot.com/)"
65.108.2.171 - - [05/Apr/2026:18:26:06 +0200] "GET /%D0%BD%D0%B0-8-%D1%81%D0%B5%D0%BF%D1%82%D0%B5%D0%BC%D0%B2%D1%80%D0%B8-1898-%D0%B3-%D0%B5%D0%BA%D0%B7%D0%B0%D1%80%D1%85-%D0%B9%D0%BE%D1%81%D0%B8%D1%84-i-%D0%BE%D1%81%D0%B2%D0%B5%D1%89%D0%B0%D0%B2/ HTTP/1.1" 200 22256 "-" "Mozilla/5.0 (compatible; MJ12bot/v1.4.8; http://mj12bot.com/)"
161.97.137.93 - - [05/Apr/2026:18:26:09 +0200] "POST /wp-cron.php?doing_wp_cron=1775406369.5305540561676025390625 HTTP/1.1" 404 15247 "https://patrioti.net/wp-cron.php?doing_wp_cron=1775406369.5305540561676025390625" "WordPress/4.9.26; https://patrioti.net"
65.108.2.171 - - [05/Apr/2026:18:26:10 +0200] "GET /%D0%BD%D0%B5-%D0%B5-%D0%B2%D1%8F%D1%80%D0%BD%D0%BE-%D1%87%D0%B5-%D1%81%D0%B0%D0%BC%D1%83%D0%B8%D0%BB%D0%BE%D0%B2%D0%B8%D1%82%D0%B5-%D0%B2%D0%BE%D0%B8%D0%BD%D0%B8-%D1%81%D0%B0-%D0%B1%D0%B8%D0%BB%D0%B8/ HTTP/1.1" 200 22609 "-" "Mozilla/5.0 (compatible; MJ12bot/v1.4.8; http://mj12bot.com/)"
65.108.2.171 - - [05/Apr/2026:18:26:11 +0200] "GET /%D0%BD%D0%B5-%D1%81%D0%B5-%D0%BE%D1%82%D1%87%D0%B0%D0%B9%D0%B2%D0%B0%D0%B9%D1%82%D0%B5-%D0%B6%D0%B8%D0%B2-%D0%B5-%D0%B1%D1%8A%D0%BB%D0%B3%D0%B0%D1%80%D1%81%D0%BA%D0%B8%D1%8F%D1%82-%D0%B1%D0%BE%D0%B3/ HTTP/1.1" 200 23050 "-" "Mozilla/5.0 (compatible; MJ12bot/v1.4.8; http://mj12bot.com/)"
2a03:2880:3ff:3:: - - [05/Apr/2026:18:26:13 +0200] "GET /%D0%B4%D0%BD%D0%B5%D1%81-%D0%BF%D0%BE%D1%87%D0%B8%D1%82%D0%B0%D0%BC%D0%B5-%D0%BF%D0%B0%D0%BC%D0%B5%D1%82%D1%82%D0%B0-%D0%BD%D0%B0-%D0%B2%D0%B5%D0%BB%D1%87%D0%BE-%D0%B0%D1%82%D0%B0%D0%BD%D0%B0%D1%81/ HTTP/1.1" 200 22397 "-" "facebookexternalhit/1.1 (+http://www.facebook.com/externalhit_uatext.php)"
2a03:2880:3ff:7:: - - [05/Apr/2026:18:26:13 +0200] "GET /%D0%B4%D0%BD%D0%B5%D1%81-%D0%BF%D0%BE%D1%87%D0%B8%D1%82%D0%B0%D0%BC%D0%B5-%D0%BF%D0%B0%D0%BC%D0%B5%D1%82%D1%82%D0%B0-%D0%BD%D0%B0-%D0%B2%D0%B5%D0%BB%D1%87%D0%BE-%D0%B0%D1%82%D0%B0%D0%BD%D0%B0%D1%81/ HTTP/1.1" 200 22396 "-" "facebookexternalhit/1.1 (+http://www.facebook.com/externalhit_uatext.php)"
65.108.2.171 - - [05/Apr/2026:18:26:18 +0200] "GET /%D0%BE%D1%82%D0%B1%D0%B5%D0%BB%D1%8F%D0%B7%D0%B2%D0%B0%D0%BC%D0%B5-14-%D1%81%D0%B5%D0%BF%D1%82%D0%B5%D0%BC%D0%B2%D1%80%D0%B8-%D0%BF%D1%80%D0%BE%D1%84%D0%B5%D1%81%D0%B8%D0%BE%D0%BD%D0%B0%D0%BB%D0%BD/ HTTP/1.1" 200 21934 "-" "Mozilla/5.0 (compatible; MJ12bot/v1.4.8; http://mj12bot.com/)"
65.108.2.171 - - [05/Apr/2026:18:26:19 +0200] "GET /%D0%BE%D1%82%D0%BA%D1%80%D0%B8%D1%85%D0%B0-%D0%B2%D0%BE%D0%B4%D0%BE%D0%BF%D1%80%D0%BE%D0%B2%D0%BE%D0%B4-%D0%BE%D1%82-%D0%B2%D1%80%D0%B5%D0%BC%D0%B5%D1%82%D0%BE-%D0%BD%D0%B0-%D1%81%D0%B8%D0%BC%D0%B5/ HTTP/1.1" 200 21929 "-" "Mozilla/5.0 (compatible; MJ12bot/v1.4.8; http://mj12bot.com/)"
65.108.2.171 - - [05/Apr/2026:18:26:21 +0200] "GET /%D0%BE%D1%82%D0%BC%D1%8A%D1%89%D0%B5%D0%BD%D0%B8%D0%B5%D1%82%D0%BE-%D0%BD%D0%B0-%D0%BC%D0%B0%D0%B9%D0%BA%D0%B0%D1%82%D0%B0-%D0%B7%D0%B0-%D1%81%D0%BC%D1%8A%D1%80%D1%82%D1%82%D0%B0-%D0%BD%D0%B0-%D0%B2/ HTTP/1.1" 200 21984 "-" "Mozilla/5.0 (compatible; MJ12bot/v1.4.8; http://mj12bot.com/)"
65.108.2.171 - - [05/Apr/2026:18:26:23 +0200] "GET /%D0%BE-%D1%88%D0%B8%D0%BF%D0%BA%D0%B0-%D1%82%D1%80%D0%B8-%D0%B4%D0%B5%D0%BD%D1%8F-%D0%BC%D0%BB%D0%B0%D0%B4%D0%B8%D1%82%D0%B5-%D0%B4%D1%80%D1%83%D0%B6%D0%B8%D0%BD%D0%B8-%D0%BA%D0%B0%D0%BA-%D0%BF/ HTTP/1.1" 200 28171 "-" "Mozilla/5.0 (compatible; MJ12bot/v1.4.8; http://mj12bot.com/)"
65.108.2.171 - - [05/Apr/2026:18:26:25 +0200] "GET /%D0%BF%D0%B0%D0%BC%D0%B5%D1%82%D0%BD%D0%B8%D0%BA%D1%8A%D1%82-%D0%BD%D0%B0-%D0%B0%D0%B2%D0%B8%D0%B0%D1%86%D0%B8%D1%8F%D1%82%D0%B0-%D0%B8-%D0%B2%D0%BE%D0%B5%D0%BD%D0%BD%D0%BE%D0%B2%D1%8A%D0%B7%D0%B4/ HTTP/1.1" 200 20957 "-" "Mozilla/5.0 (compatible; MJ12bot/v1.4.8; http://mj12bot.com/)"
65.108.2.171 - - [05/Apr/2026:18:26:27 +0200] "GET /%D0%BF%D0%B0%D0%BC%D0%B5%D1%82%D0%BD%D0%B8%D0%BA%D1%8A%D1%82-%D0%BD%D0%B0-%D0%B1%D0%B0%D1%87%D0%BE-%D0%BA%D0%B8%D1%80%D0%BE-%D0%B2-%D0%B1%D1%8F%D0%BB%D0%B0-%D1%87%D0%B5%D1%80%D0%BA%D0%B2%D0%B0/ HTTP/1.1" 200 21823 "-" "Mozilla/5.0 (compatible; MJ12bot/v1.4.8; http://mj12bot.com/)"
65.108.2.171 - - [05/Apr/2026:18:26:29 +0200] "GET /%D0%BF%D0%B0%D0%BC%D0%B5%D1%82%D0%BD%D0%B8%D0%BA%D1%8A%D1%82-%D0%BD%D0%B0-%D1%81%D1%82%D0%BE%D0%B8%D0%BB-%D1%84%D0%B8%D0%BD%D0%B4%D0%B6%D0%B5%D0%BA%D0%BE%D0%B2-%D0%B2-%D0%BF%D0%B0%D0%BD%D0%B0%D0%B3/ HTTP/1.1" 200 20233 "-" "Mozilla/5.0 (compatible; MJ12bot/v1.4.8; http://mj12bot.com/)"
198.244.226.184 - - [05/Apr/2026:18:26:30 +0200] "GET /tag/patrioti-net/page/201/ HTTP/1.1" 200 17053 "-" "Mozilla/5.0 (compatible; AhrefsBot/7.0; +http://ahrefs.com/robot/)"
65.108.2.171 - - [05/Apr/2026:18:26:33 +0200] "GET /%D0%BF%D0%B8%D1%81%D0%BD%D0%B0%D0%BB%D0%B0-%D0%B3%D0%B0%D0%B9%D0%B4%D0%B0-%D1%88%D0%B0%D1%80%D0%B5%D0%BD%D0%B0-%D0%B2%D0%B8%D1%82%D0%BE-%D1%81%D0%B5-%D1%85%D0%BE%D1%80%D0%BE-%D0%BB%D1%8E%D1%88%D0%BD/ HTTP/1.1" 200 21614 "-" "Mozilla/5.0 (compatible; MJ12bot/v1.4.8; http://mj12bot.com/)"
65.108.2.171 - - [05/Apr/2026:18:26:35 +0200] "GET /%D0%BF%D0%BE%D1%81%D1%82%D0%BE%D1%8F%D0%B2%D0%B0%D0%BD%D0%B5%D1%82%D0%BE-%D0%BD%D0%B0-%D0%B2%D0%BB%D0%B0%D0%B4%D0%B8%D1%88%D0%BA%D0%B8%D1%8F-%D0%BC%D0%BE%D1%81%D1%82-%D0%B2-%D0%B3%D1%80%D0%B0%D0%B4/ HTTP/1.1" 200 20734 "-" "Mozilla/5.0 (compatible; MJ12bot/v1.4.8; http://mj12bot.com/)"
65.108.2.171 - - [05/Apr/2026:18:26:37 +0200] "GET /%D0%BF%D0%BE%D1%82%D1%83%D1%88%D0%B0%D0%B2%D0%B0%D0%BD%D0%B5%D1%82%D0%BE-%D0%BD%D0%B0-%D0%BE%D1%85%D1%80%D0%B8%D0%B4%D1%81%D0%BA%D0%BE-%D0%B4%D0%B5%D0%B1%D1%8A%D1%80%D1%81%D0%BA%D0%BE%D1%82%D0%BE/ HTTP/1.1" 200 22835 "-" "Mozilla/5.0 (compatible; MJ12bot/v1.4.8; http://mj12bot.com/)"
65.108.2.171 - - [05/Apr/2026:18:26:39 +0200] "GET /%D0%BF%D0%BE%D1%87%D0%B8%D0%BD%D0%B0-%D0%B3%D0%BE%D0%BB%D0%B5%D0%BC%D0%B8%D1%8F%D1%82-%D0%B2%D0%B0%D1%80%D0%BD%D0%B5%D0%BD%D1%81%D0%BA%D0%B8-%D0%B6%D1%83%D1%80%D0%BD%D0%B0%D0%BB%D0%B8%D1%81%D1%82/ HTTP/1.1" 200 21348 "-" "Mozilla/5.0 (compatible; MJ12bot/v1.4.8; http://mj12bot.com/)"
65.108.2.171 - - [05/Apr/2026:18:26:42 +0200] "GET /%D0%BF%D1%80%D0%B5%D0%B7-716-%D0%B3%D0%BE%D0%B4%D0%B8%D0%BD%D0%B0-%D0%B1%D1%8A%D0%BB%D0%B3%D0%B0%D1%80%D0%B8%D1%8F-%D1%81%D0%BF%D0%B0%D1%81%D1%8F%D0%B2%D0%B0-%D0%B5%D0%B2%D1%80%D0%BE%D0%BF%D0%B0/ HTTP/1.1" 200 24609 "-" "Mozilla/5.0 (compatible; MJ12bot/v1.4.8; http://mj12bot.com/)"
216.73.216.22 - - [05/Apr/2026:18:26:48 +0200] "GET /wp-content/uploads/2019/05/Tseko_Petkov_2-324x235.jpg HTTP/1.1" 200 16246 "-" "Mozilla/5.0 AppleWebKit/537.36 (KHTML, like Gecko; compatible; ClaudeBot/1.0; +claudebot@anthropic.com)"
216.73.216.22 - - [05/Apr/2026:18:26:48 +0200] "GET /%d0%bd%d0%b0%d1%87%d0%b0%d0%bb%d0%be/page/13 HTTP/1.1" 301 0 "-" "Mozilla/5.0 AppleWebKit/537.36 (KHTML, like Gecko; compatible; ClaudeBot/1.0; +claudebot@anthropic.com)"
216.73.216.22 - - [05/Apr/2026:18:26:48 +0200] "GET /%d0%bd%d0%b0%d1%87%d0%b0%d0%bb%d0%be/page/13/ HTTP/1.1" 200 17456 "https://patrioti.net/%d0%bd%d0%b0%d1%87%d0%b0%d0%bb%d0%be/page/13" "Mozilla/5.0 AppleWebKit/537.36 (KHTML, like Gecko; compatible; ClaudeBot/1.0; +claudebot@anthropic.com)"
65.108.2.171 - - [05/Apr/2026:18:26:48 +0200] "GET /%D1%81%D0%B2%D0%B5%D1%82%D0%B8-%D0%BA%D0%BB%D0%B8%D0%BC%D0%B5%D0%BD%D1%82-%D0%BA%D0%BD%D0%B8%D0%B6%D0%BE%D0%B2%D0%BD%D0%B8%D0%BA%D1%8A%D1%82-%D0%BF%D0%BE%D1%81%D0%B2%D0%B5%D1%82%D0%B8%D0%BB/feed/ HTTP/1.1" 200 613 "-" "Mozilla/5.0 (compatible; MJ12bot/v1.4.8; http://mj12bot.com/)"
216.73.216.22 - - [05/Apr/2026:18:26:48 +0200] "GET /wp-content/themes/Newspaper/includes/demos/lifestyle/pages/post_default.txt HTTP/1.1" 200 2874 "-" "Mozilla/5.0 AppleWebKit/537.36 (KHTML, like Gecko; compatible; ClaudeBot/1.0; +claudebot@anthropic.com)"
198.244.226.125 - - [05/Apr/2026:18:26:50 +0200] "GET /%D0%B4%D0%BD%D0%B5%D1%81-%D0%B5-%D1%80%D0%BE%D0%B4%D0%B5%D0%BD-%D0%B2%D0%B8%D0%B4%D0%BD%D0%B8%D1%8F%D1%82-%D0%B1%D1%8A%D0%BB%D0%B3%D0%B0%D1%80%D1%81%D0%BA%D0%B8-%D0%B5%D0%B7%D0%B8%D0%BA%D0%BE%D0%B2/ HTTP/1.1" 200 22064 "-" "Mozilla/5.0 (compatible; AhrefsBot/7.0; +http://ahrefs.com/robot/)"
65.108.2.171 - - [05/Apr/2026:18:26:50 +0200] "GET /%D1%81%D0%B2%D0%B5%D1%82%D0%BB%D0%BE%D0%B7%D0%B0%D1%80-%D0%BC%D0%B8%D0%BD%D0%BE%D0%B2%D1%82%D1%8A%D1%80%D1%81%D1%8F%D1%82-%D1%81%D0%B5-%D0%B0%D0%BF%D0%BE%D1%81%D1%82%D0%BE%D0%BB%D0%B8/ HTTP/1.1" 200 24613 "-" "Mozilla/5.0 (compatible; MJ12bot/v1.4.8; http://mj12bot.com/)"
65.108.2.171 - - [05/Apr/2026:18:26:54 +0200] "GET /%D1%81%D0%B2-%D1%81%D1%82%D0%B5%D1%84%D0%B0%D0%BD-%D0%BF%D1%8A%D1%80%D0%B2%D0%B8%D1%8F%D1%82-%D0%BC%D1%8A%D1%87%D0%B5%D0%BD%D0%B8%D0%BA-%D0%BD%D0%B0-%D1%86%D1%8A%D1%80%D0%BA%D0%B2%D0%B0%D1%82%D0%B0/ HTTP/1.1" 200 27343 "-" "Mozilla/5.0 (compatible; MJ12bot/v1.4.8; http://mj12bot.com/)"
85.208.96.200 - - [05/Apr/2026:18:26:54 +0200] "GET /tag/patrioti-net/page/46/ HTTP/1.1" 200 16899 "-" "Mozilla/5.0 (compatible; SemrushBot/7~bl; +http://www.semrush.com/bot.html)"
216.73.216.22 - - [05/Apr/2026:18:26:54 +0200] "GET /wp-content/themes/Newspaper/includes/demos/lifestyle/pages/homepage.txt HTTP/1.1" 200 476 "-" "Mozilla/5.0 AppleWebKit/537.36 (KHTML, like Gecko; compatible; ClaudeBot/1.0; +claudebot@anthropic.com)"
216.73.216.22 - - [05/Apr/2026:18:26:54 +0200] "GET /wp-content/uploads/2019/05/Vladimir_Popanastasov_Ohrid-324x235.jpg HTTP/1.1" 200 13910 "-" "Mozilla/5.0 AppleWebKit/537.36 (KHTML, like Gecko; compatible; ClaudeBot/1.0; +claudebot@anthropic.com)"
216.73.216.22 - - [05/Apr/2026:18:26:55 +0200] "GET /category/%d0%bd%d0%b0-%d1%82%d0%be%d0%b7%d0%b8-%d0%b4%d0%b5%d0%bd/page/337 HTTP/1.1" 301 0 "-" "Mozilla/5.0 AppleWebKit/537.36 (KHTML, like Gecko; compatible; ClaudeBot/1.0; +claudebot@anthropic.com)"
216.73.216.22 - - [05/Apr/2026:18:26:55 +0200] "GET /category/%d0%bd%d0%b0-%d1%82%d0%be%d0%b7%d0%b8-%d0%b4%d0%b5%d0%bd/page/337/ HTTP/1.1" 200 19660 "https://patrioti.net/category/%d0%bd%d0%b0-%d1%82%d0%be%d0%b7%d0%b8-%d0%b4%d0%b5%d0%bd/page/337" "Mozilla/5.0 AppleWebKit/537.36 (KHTML, like Gecko; compatible; ClaudeBot/1.0; +claudebot@anthropic.com)"
65.108.2.171 - - [05/Apr/2026:18:26:56 +0200] "GET /%D1%81%D0%B2-%D1%81%D1%82%D0%B5%D1%84%D0%B0%D0%BD-%D0%BF%D1%8A%D1%80%D0%B2%D0%B8%D1%8F%D1%82-%D0%BC%D1%8A%D1%87%D0%B5%D0%BD%D0%B8%D0%BA-%D0%BD%D0%B0-%D1%86%D1%8A%D1%80%D0%BA%D0%B2%D0%B0%D1%82%D0%B0/feed/ HTTP/1.1" 200 607 "-" "Mozilla/5.0 (compatible; MJ12bot/v1.4.8; http://mj12bot.com/)"
198.244.240.144 - - [05/Apr/2026:18:27:01 +0200] "GET /wp-content/cache/page_enhanced/patrioti.net/%D0%BF%D0%B5%D0%BD%D1%8C%D0%BE-%D0%B2%D0%BE%D0%B9%D0%B2%D0%BE%D0%B4%D0%B0-%D0%B7%D0%B0%D0%BA%D1%80%D0%B8%D0%BB%D0%BD%D0%B8%D0%BA%D1%8A%D1%82-%D0%BD%D0%B0-%D0%B1%D0%B5%D0%B4%D0%BD%D0%B8%D1%82%D0%B5/feed/?C=M;O=A HTTP/1.1" 200 485 "-" "Mozilla/5.0 (compatible; AhrefsBot/7.0; +http://ahrefs.com/robot/)"
65.108.2.171 - - [05/Apr/2026:18:27:02 +0200] "GET /%D1%81%D1%80%D0%B5%D0%B4%D0%BD%D0%BE%D0%B2%D0%B5%D0%BA%D0%BE%D0%B2%D0%BD%D0%B0%D1%82%D0%B0-%D0%B1%D0%B0%D1%88%D0%BE%D0%B2%D0%B8%D1%88%D0%BA%D0%B0-%D1%86%D1%8A%D1%80%D0%BA%D0%B2%D0%B0-%D0%B2-%D1%81/ HTTP/1.1" 502 150 "-" "Mozilla/5.0 (compatible; MJ12bot/v1.4.8; http://mj12bot.com/)"
65.108.2.171 - - [05/Apr/2026:18:27:06 +0200] "GET /%D1%81%D1%8A%D0%B1%D0%B0-%D0%B2%D0%B0%D0%B7%D0%BE%D0%B2%D0%B0-%D0%B7%D0%B0-%D1%81%D1%82%D1%80%D0%B0%D1%88%D0%BD%D0%BE%D1%82%D0%BE-%D0%BB%D1%8F%D1%82%D0%BE-%D0%BD%D0%B0-1877-%D1%81%D0%BE%D0%BF%D0%BE/ HTTP/1.1" 502 150 "-" "Mozilla/5.0 (compatible; MJ12bot/v1.4.8; http://mj12bot.com/)"
65.108.2.171 - - [05/Apr/2026:18:27:08 +0200] "GET /%D1%81%D1%8A%D0%B2%D1%80%D0%B5%D0%BC%D0%B5%D0%BD%D0%BD%D0%B8-%D0%B1%D1%8A%D0%BB%D0%B3%D0%B0%D1%80%D1%81%D0%BA%D0%B8-%D1%85%D1%83%D0%B4%D0%BE%D0%B6%D0%BD%D0%B8%D1%86%D0%B8-%D0%BD%D0%B8%D0%BA%D0%BE/ HTTP/1.1" 200 21452 "-" "Mozilla/5.0 (compatible; MJ12bot/v1.4.8; http://mj12bot.com/)"
161.97.137.93 - - [05/Apr/2026:18:27:10 +0200] "POST /wp-cron.php?doing_wp_cron=1775406430.2567429542541503906250 HTTP/1.1" 404 15248 "https://patrioti.net/wp-cron.php?doing_wp_cron=1775406430.2567429542541503906250" "WordPress/4.9.26; https://patrioti.net"
65.108.2.171 - - [05/Apr/2026:18:27:10 +0200] "GET /%D1%81%D1%8A%D0%BA%D1%80%D0%BE%D0%B2%D0%B8%D1%89%D0%B5%D1%82%D0%BE-%D0%BD%D0%B0-%D0%BA%D1%80%D0%B5%D0%BF%D0%BE%D1%81%D1%82%D1%82%D0%B0-%D1%83%D1%80%D0%B2%D0%B8%D1%87/ HTTP/1.1" 200 23223 "-" "Mozilla/5.0 (compatible; MJ12bot/v1.4.8; http://mj12bot.com/)"
65.108.2.171 - - [05/Apr/2026:18:27:12 +0200] "GET /%D1%82%D0%B0%D1%82%D0%B0%D1%80%D1%81%D0%BA%D0%BE%D1%82%D0%BE-%D1%86%D0%B0%D1%80%D1%81%D1%82%D0%B2%D0%B0%D0%BD%D0%B5-%D0%B2-%D0%B1%D1%8A%D0%BB%D0%B3%D0%B0%D1%80%D0%B8%D1%8F/ HTTP/1.1" 200 21773 "-" "Mozilla/5.0 (compatible; MJ12bot/v1.4.8; http://mj12bot.com/)"
65.108.2.171 - - [05/Apr/2026:18:27:17 +0200] "GET /%D1%82%D1%80%D0%B5%D1%82%D0%B8-%D0%BC%D0%B0%D1%80%D1%82-%D0%B4%D0%B5%D0%BD%D1%8F%D1%82-%D0%BD%D0%B0-%D1%81%D0%B2%D0%BE%D0%B1%D0%BE%D0%B4%D0%B0%D1%82%D0%B0/ HTTP/1.1" 200 22747 "-" "Mozilla/5.0 (compatible; MJ12bot/v1.4.8; http://mj12bot.com/)"
51.195.183.88 - - [05/Apr/2026:18:27:18 +0200] "GET /author/petya-petkova/page/178/ HTTP/1.1" 200 17123 "-" "Mozilla/5.0 (compatible; AhrefsBot/7.0; +http://ahrefs.com/robot/)"
65.108.2.171 - - [05/Apr/2026:18:27:20 +0200] "GET /%D1%85%D0%B0%D0%BD-%D0%BA%D1%80%D1%83%D0%BC-%D0%BD%D0%B0%D0%BF%D1%80%D0%B0%D0%B2%D0%B8%D0%BB-%D1%87%D0%B0%D1%88%D0%B0-%D0%BE%D1%82-%D1%87%D0%B5%D1%80%D0%B5%D0%BF-%D0%BA%D0%B0%D1%82%D0%BE-%D1%81%D0%B8/ HTTP/1.1" 200 21582 "-" "Mozilla/5.0 (compatible; MJ12bot/v1.4.8; http://mj12bot.com/)"
65.108.2.171 - - [05/Apr/2026:18:27:25 +0200] "GET /%D1%86%D0%B2%D0%B5%D1%82%D0%BD%D0%B8%D1%86%D0%B0-%D0%B5/ HTTP/1.1" 200 21640 "-" "Mozilla/5.0 (compatible; MJ12bot/v1.4.8; http://mj12bot.com/)"
65.108.2.171 - - [05/Apr/2026:18:27:26 +0200] "GET /%D1%86%D0%B2%D0%B5%D1%82%D0%BD%D0%B8%D1%86%D0%B0-%D0%B5/feed/ HTTP/1.1" 200 470 "-" "Mozilla/5.0 (compatible; MJ12bot/v1.4.8; http://mj12bot.com/)"
65.108.2.171 - - [05/Apr/2026:18:27:28 +0200] "GET /%D1%87%D0%B5%D1%81%D1%82%D0%B2%D0%B0%D0%BC%D0%B5-%D1%80%D0%BE%D0%B6%D0%B4%D0%B5%D0%BD%D0%B8%D0%B5%D1%82%D0%BE-%D0%B0%D0%BF%D0%BE%D1%81%D1%82%D0%BE%D0%BB%D0%B0-%D1%81%D0%B2/ HTTP/1.1" 200 22255 "-" "Mozilla/5.0 (compatible; MJ12bot/v1.4.8; http://mj12bot.com/)"
85.208.96.209 - - [05/Apr/2026:18:27:28 +0200] "GET /%D0%B6%D0%B5%D0%BB%D0%B5%D0%B7%D0%BD%D0%B8%D1%86%D0%B8%D1%82%D0%B5-%D0%BA%D0%BE%D0%BC%D0%B8%D1%82%D0%B5%D1%82%D1%81%D0%BA%D0%BE%D1%82%D0%BE-%D0%B4%D0%B5%D0%BB%D0%BE/ HTTP/1.1" 200 24855 "-" "Mozilla/5.0 (compatible; SemrushBot/7~bl; +http://www.semrush.com/bot.html)"
51.68.111.213 - - [05/Apr/2026:18:27:30 +0200] "GET /robots.txt HTTP/1.1" 200 66 "-" "Mozilla/5.0 (compatible; MJ12bot/v2.0.5; http://mj12bot.com/)"
65.108.2.171 - - [05/Apr/2026:18:27:30 +0200] "GET /%D1%87%D0%B5%D1%81%D1%82%D0%B2%D0%B0%D0%BC%D0%B5-%D1%80%D0%BE%D0%B6%D0%B4%D0%B5%D0%BD%D0%B8%D0%B5%D1%82%D0%BE-%D0%B0%D0%BF%D0%BE%D1%81%D1%82%D0%BE%D0%BB%D0%B0-%D1%81%D0%B2/feed/ HTTP/1.1" 200 601 "-" "Mozilla/5.0 (compatible; MJ12bot/v1.4.8; http://mj12bot.com/)"
65.108.2.171 - - [05/Apr/2026:18:27:32 +0200] "GET /%D1%87%D1%83%D0%B4%D0%BE%D1%82%D0%B2%D0%BE%D1%80%D0%BD%D0%B0%D1%82%D0%B0-%D0%B8%D0%BA%D0%BE%D0%BD%D0%B0-%D0%BD%D0%B0-%D1%81%D0%B2-%D0%BD%D0%B8%D0%BA%D0%BE%D0%BB%D0%B0%D0%B9-%D1%87%D1%83%D0%B4%D0%BE/ HTTP/1.1" 200 20756 "-" "Mozilla/5.0 (compatible; MJ12bot/v1.4.8; http://mj12bot.com/)"
85.208.96.193 - - [05/Apr/2026:18:27:33 +0200] "GET /%D0%BD%D0%B0-%D0%B4%D0%BD%D0%B5%D1%88%D0%BD%D0%B0%D1%82%D0%B0-%D0%B4%D0%B0%D1%82%D0%B0-%D1%83%D0%BC%D0%B8%D1%80%D0%B0-%D0%B1%D1%8A%D0%BB%D0%B3%D0%B0%D1%80%D1%81%D0%BA%D0%B8%D1%8F%D1%82-%D0%B6%D1%83-2/ HTTP/1.1" 200 21934 "-" "Mozilla/5.0 (compatible; SemrushBot/7~bl; +http://www.semrush.com/bot.html)"
65.108.2.171 - - [05/Apr/2026:18:27:34 +0200] "GET /%D1%87%D1%83%D1%87%D1%83%D0%BB-%D0%BA%D0%B0%D0%BC%D1%8A%D0%BA-%D0%B5%D0%B4%D0%B8%D0%BD%D1%81%D1%82%D0%B2%D0%B5%D0%BD%D0%B8%D1%8F%D1%82-%D0%BC%D0%B5%D0%BD%D1%85%D0%B8%D1%80-%D0%B2-%D0%B1%D1%8A%D0%BB/ HTTP/1.1" 200 21175 "-" "Mozilla/5.0 (compatible; MJ12bot/v1.4.8; http://mj12bot.com/)"
216.73.216.22 - - [05/Apr/2026:18:27:34 +0200] "GET /tag/%D0%B1%D1%8A%D0%BB%D0%B3%D0%B0%D1%80%D0%B8%D1%82%D0%B5/page/209 HTTP/1.1" 301 0 "-" "Mozilla/5.0 AppleWebKit/537.36 (KHTML, like Gecko; compatible; ClaudeBot/1.0; +claudebot@anthropic.com)"
216.73.216.22 - - [05/Apr/2026:18:27:34 +0200] "GET /wp-content/themes/Newspaper/includes/demos/lifestyle/pages/?C=N&O=D HTTP/1.1" 200 350 "-" "Mozilla/5.0 AppleWebKit/537.36 (KHTML, like Gecko; compatible; ClaudeBot/1.0; +claudebot@anthropic.com)"
216.73.216.22 - - [05/Apr/2026:18:27:34 +0200] "GET /tag/%D0%B1%D1%8A%D0%BB%D0%B3%D0%B0%D1%80%D0%B8%D1%82%D0%B5/page/209/ HTTP/1.1" 200 16989 "https://patrioti.net/tag/%D0%B1%D1%8A%D0%BB%D0%B3%D0%B0%D1%80%D0%B8%D1%82%D0%B5/page/209" "Mozilla/5.0 AppleWebKit/537.36 (KHTML, like Gecko; compatible; ClaudeBot/1.0; +claudebot@anthropic.com)"
216.73.216.22 - - [05/Apr/2026:18:27:35 +0200] "GET /wp-content/uploads/2019/05/991-ratio-dragomir-asenov-324x235.jpg HTTP/1.1" 200 14308 "-" "Mozilla/5.0 AppleWebKit/537.36 (KHTML, like Gecko; compatible; ClaudeBot/1.0; +claudebot@anthropic.com)"
65.108.2.171 - - [05/Apr/2026:18:27:37 +0200] "GET /11-%D0%BC%D0%B0%D0%B9-%D0%B5-%D1%81%D0%B2%D0%B5%D1%82%D0%BE%D0%B2%D0%B5%D0%BD-%D0%B4%D0%B5%D0%BD-%D0%BD%D0%B0-%D0%BC%D0%BE%D0%BB%D0%B8%D1%82%D0%B2%D0%B0%D1%82%D0%B0/ HTTP/1.1" 200 21053 "-" "Mozilla/5.0 (compatible; MJ12bot/v1.4.8; http://mj12bot.com/)"
65.108.2.171 - - [05/Apr/2026:18:27:42 +0200] "GET /20-%D0%B4%D0%B5%D0%BA%D0%B5%D0%BC%D0%B2%D1%80%D0%B8-1943-%D0%B3-%D0%B2%D1%82%D0%BE%D1%80%D0%B0-%D1%81%D0%B2%D0%B5%D1%82%D0%BE%D0%B2%D0%BD%D0%B0-%D0%B2%D0%BE%D0%B9%D0%BD%D0%B0-%D1%87%D0%B5/ HTTP/1.1" 200 22349 "-" "Mozilla/5.0 (compatible; MJ12bot/v1.4.8; http://mj12bot.com/)"
216.73.216.22 - - [05/Apr/2026:18:27:42 +0200] "GET /?p=5136 HTTP/1.1" 301 0 "-" "Mozilla/5.0 AppleWebKit/537.36 (KHTML, like Gecko; compatible; ClaudeBot/1.0; +claudebot@anthropic.com)"
216.73.216.22 - - [05/Apr/2026:18:27:42 +0200] "GET /?p=359 HTTP/1.1" 301 0 "-" "Mozilla/5.0 AppleWebKit/537.36 (KHTML, like Gecko; compatible; ClaudeBot/1.0; +claudebot@anthropic.com)"
216.73.216.22 - - [05/Apr/2026:18:27:43 +0200] "GET /%d0%bb%d0%b5%d0%b3%d0%b5%d0%bd%d0%b4%d0%b0-%d0%b7%d0%b0-%d0%be%d1%81%d0%bd%d0%be%d0%b2%d0%b0%d0%b2%d0%b0%d0%bd%d0%b5%d1%82%d0%be-%d0%bd%d0%b0-%d0%bf%d0%b0%d0%bd%d1%87%d0%b0%d1%80%d0%b5%d0%b2%d0%be/ HTTP/1.1" 200 21090 "https://patrioti.net/?p=5136" "Mozilla/5.0 AppleWebKit/537.36 (KHTML, like Gecko; compatible; ClaudeBot/1.0; +claudebot@anthropic.com)"
216.73.216.22 - - [05/Apr/2026:18:27:43 +0200] "GET /%d0%b4%d0%bd%d0%b5%d1%88%d0%bd%d0%b0%d1%82%d0%b0-%d0%b4%d0%b0%d1%82%d0%b0-20-%d1%82%d0%b8-%d0%b0%d0%bf%d1%80%d0%b8%d0%bb-%d1%87%d0%b5%d1%81%d1%82%d0%b2%d0%b0%d0%bc%d0%b5-%d0%b0%d0%bf/ HTTP/1.1" 200 21038 "https://patrioti.net/?p=359" "Mozilla/5.0 AppleWebKit/537.36 (KHTML, like Gecko; compatible; ClaudeBot/1.0; +claudebot@anthropic.com)"
216.73.216.22 - - [05/Apr/2026:18:27:44 +0200] "GET /sitemap.xml HTTP/1.1" 301 0 "-" "Mozilla/5.0 AppleWebKit/537.36 (KHTML, like Gecko; compatible; ClaudeBot/1.0; +claudebot@anthropic.com)"
116.179.32.146 - - [05/Apr/2026:18:27:45 +0200] "GET /?p=10404 HTTP/1.1" 301 0 "-" "Mozilla/5.0 (compatible; Baiduspider/2.0; +http://www.baidu.com/search/spider.html)"
116.179.32.17 - - [05/Apr/2026:18:27:47 +0200] "GET /%D0%B4%D0%BD%D0%B5%D1%81-%D0%BF%D0%BE%D1%87%D0%B8%D1%82%D0%B0%D0%BC%D0%B5-%D0%BF%D0%B0%D0%BC%D0%B5%D1%82%D1%82%D0%B0-%D0%BD%D0%B0-%D0%B1%D1%8A%D0%BB%D0%B3%D0%B0%D1%80%D1%81%D0%BA%D0%B8%D1%8F-%D0%BD/ HTTP/1.1" 200 23890 "-" "Mozilla/5.0 (compatible; Baiduspider/2.0; +http://www.baidu.com/search/spider.html)"
65.108.2.171 - - [05/Apr/2026:18:27:48 +0200] "GET /7-%D1%81%D0%B5%D0%BF%D1%82%D0%B5%D0%BC%D0%B2%D1%80%D0%B8-1964-%D0%B3-%D0%BE%D1%82%D0%B2%D0%B0%D1%80%D1%8F-%D0%B2%D1%80%D0%B0%D1%82%D0%B8-%D0%B0%D1%80%D1%85%D0%B8%D1%82%D0%B5%D0%BA%D1%82/ HTTP/1.1" 200 22785 "-" "Mozilla/5.0 (compatible; MJ12bot/v1.4.8; http://mj12bot.com/)"
216.73.216.22 - - [05/Apr/2026:18:27:51 +0200] "GET /sitemap_index.xml HTTP/1.1" 200 802 "https://patrioti.net/sitemap.xml" "Mozilla/5.0 AppleWebKit/537.36 (KHTML, like Gecko; compatible; ClaudeBot/1.0; +claudebot@anthropic.com)"
65.108.2.171 - - [05/Apr/2026:18:27:52 +0200] "GET /category/%D0%B3%D0%BE%D1%80%D0%B4%D0%B5%D0%B9-%D1%81%D0%B5-%D0%B1%D1%8A%D0%BB%D0%B3%D0%B0%D1%80%D0%B8%D0%BD%D0%BE/feed/ HTTP/1.1" 200 26917 "-" "Mozilla/5.0 (compatible; MJ12bot/v1.4.8; http://mj12bot.com/)"
65.108.2.171 - - [05/Apr/2026:18:27:54 +0200] "GET /category/%D0%B4%D0%B5%D0%BB%D0%B0/feed/ HTTP/1.1" 200 23464 "-" "Mozilla/5.0 (compatible; MJ12bot/v1.4.8; http://mj12bot.com/)"
65.108.2.171 - - [05/Apr/2026:18:27:56 +0200] "GET /category/%D0%B8%D1%81%D1%82%D0%BE%D1%80%D0%B8%D1%87%D0%B5%D1%81%D0%BA%D0%B8-%D1%81%D1%8A%D0%B1%D0%B8%D1%82%D0%B8%D1%8F/feed/ HTTP/1.1" 200 24246 "-" "Mozilla/5.0 (compatible; MJ12bot/v1.4.8; http://mj12bot.com/)"
65.108.2.171 - - [05/Apr/2026:18:27:58 +0200] "GET /category/%D0%BB%D0%B8%D1%87%D0%BD%D0%BE%D1%81%D1%82%D0%B8/feed/ HTTP/1.1" 200 46610 "-" "Mozilla/5.0 (compatible; MJ12bot/v1.4.8; http://mj12bot.com/)"
65.108.2.171 - - [05/Apr/2026:18:28:00 +0200] "GET /category/%D0%BC%D0%B0%D0%BD%D0%B0%D1%81%D1%82%D0%B8%D1%80%D0%B8/feed/ HTTP/1.1" 200 24028 "-" "Mozilla/5.0 (compatible; MJ12bot/v1.4.8; http://mj12bot.com/)"
65.108.2.171 - - [05/Apr/2026:18:28:03 +0200] "GET /category/%D0%BD%D0%B0-%D1%82%D0%BE%D0%B7%D0%B8-%D0%B4%D0%B5%D0%BD/feed/ HTTP/1.1" 200 18192 "-" "Mozilla/5.0 (compatible; MJ12bot/v1.4.8; http://mj12bot.com/)"
198.244.168.154 - - [05/Apr/2026:18:28:09 +0200] "GET /%D0%BD%D0%B0-20-%D0%BC%D0%B0%D1%80%D1%82-1935-%D0%B3-%D1%83%D0%BC%D0%B8%D1%80%D0%B0-%D0%B4%D1%8F%D0%BA%D0%BE%D0%BD-%D0%B5%D0%B2%D1%81%D1%82%D0%B0%D1%82%D0%B8%D0%B9/ HTTP/1.1" 200 21167 "-" "Mozilla/5.0 (compatible; AhrefsBot/7.0; +http://ahrefs.com/robot/)"
185.191.171.14 - - [05/Apr/2026:18:28:10 +0200] "GET /%D0%B8%D1%81%D1%82%D0%BE%D1%80%D0%B8%D1%8F-%D0%BD%D0%B0-%D1%81%D0%BA%D0%BE%D0%B1%D0%B5%D0%BB%D0%B5%D0%B2%D0%B8%D1%8F%D1%82-%D0%BF%D0%B0%D1%80%D0%BA-%D0%BC%D1%83%D0%B7%D0%B5%D0%B9/ HTTP/1.1" 200 22918 "-" "Mozilla/5.0 (compatible; SemrushBot/7~bl; +http://www.semrush.com/bot.html)"
161.97.137.93 - - [05/Apr/2026:18:28:12 +0200] "POST /wp-cron.php?doing_wp_cron=1775406492.3901159763336181640625 HTTP/1.1" 404 15248 "https://patrioti.net/wp-cron.php?doing_wp_cron=1775406492.3901159763336181640625" "WordPress/4.9.26; https://patrioti.net"
54.38.147.216 - - [05/Apr/2026:18:28:12 +0200] "GET /%D0%BD%D0%B0-2-%D1%8E%D0%BD%D0%B8-1885-%D0%B3-%D0%BA%D0%BE%D1%81%D1%82%D0%B8%D1%82%D0%B5-%D0%BD%D0%B0-%D0%B3%D0%B5%D0%BE%D1%80%D0%B3%D0%B8-%D1%80%D0%B0%D0%BA%D0%BE%D0%B2%D1%81%D0%BA%D0%B8-%D1%81/ HTTP/1.1" 200 21646 "-" "Mozilla/5.0 (compatible; AhrefsBot/7.0; +http://ahrefs.com/robot/)"
65.108.2.171 - - [05/Apr/2026:18:28:22 +0200] "GET /%D0%B4%D0%B5-%D0%B5-%D0%B1%D1%8A%D0%BB%D0%B3%D0%B0%D1%80%D0%B8%D1%8F-%D0%B8%D0%B2%D0%B0%D0%BD-%D0%B2%D0%B0%D0%B7%D0%BE%D0%B2/ HTTP/1.1" 200 21230 "-" "Mozilla/5.0 (compatible; MJ12bot/v1.4.8; http://mj12bot.com/)"
65.108.2.171 - - [05/Apr/2026:18:28:24 +0200] "GET /%D0%B4%D0%B5-%D1%81%D0%B5-%D0%B5-%D1%87%D1%83%D0%BB%D0%BE-%D0%B2%D0%B8%D0%B4%D1%8F%D0%BB%D0%BE-%D0%BC%D0%BE%D0%BC%D0%B0-%D0%B2%D0%BE%D0%B9%D0%B2%D0%BE%D0%B4%D0%B0-%D0%B4%D0%B0-%D0%B1%D1%8A%D0%B4/ HTTP/1.1" 200 21975 "-" "Mozilla/5.0 (compatible; MJ12bot/v1.4.8; http://mj12bot.com/)"
65.108.2.171 - - [05/Apr/2026:18:28:26 +0200] "GET /%D0%B4%D0%B5%D0%B2%D0%BE%D0%B9%D0%BA%D0%B0-%D1%8E%D0%BD%D0%B0%D0%BA-%D0%B2-%D0%B1%D1%8A%D0%BB%D0%B3%D0%B0%D1%80%D1%81%D0%BA%D0%B8%D1%8F-%D1%84%D0%BE%D0%BB%D0%BA%D0%BB%D0%BE%D1%80/ HTTP/1.1" 200 22902 "-" "Mozilla/5.0 (compatible; MJ12bot/v1.4.8; http://mj12bot.com/)"
65.108.2.171 - - [05/Apr/2026:18:28:28 +0200] "GET /%D0%B4%D0%B5%D0%B9%D1%81%D1%82%D0%B2%D0%B8%D1%8F%D1%82%D0%B0-%D0%B2-%D0%BE%D1%81%D0%B2%D0%BE%D0%B1%D0%BE%D0%B4%D0%B8%D1%82%D0%B5%D0%BB%D0%BD%D0%B0%D1%82%D0%B0-%D0%B2%D0%BE%D0%B9%D0%BD%D0%B0-%D0%B7/ HTTP/1.1" 200 21983 "-" "Mozilla/5.0 (compatible; MJ12bot/v1.4.8; http://mj12bot.com/)"
65.108.2.171 - - [05/Apr/2026:18:28:29 +0200] "GET /%D0%B4%D0%B5%D0%BB%D0%B0%D1%82%D0%B0-%D0%BD%D0%B0-%D0%B2%D1%80%D0%B0%D1%87%D0%B0%D0%BD%D0%B5%D1%86%D0%B0-%D0%B4%D0%B8%D0%BC%D0%B8%D1%82%D1%80%D0%B0%D0%BA%D0%B8-%D1%85%D0%B0%D0%B4%D0%B6%D0%B8%D1%82/ HTTP/1.1" 200 22203 "-" "Mozilla/5.0 (compatible; MJ12bot/v1.4.8; http://mj12bot.com/)"
65.108.2.171 - - [05/Apr/2026:18:28:31 +0200] "GET /%D0%B4%D0%B8%D0%B2%D0%BE%D1%82%D0%B8%D0%BD%D1%81%D0%BA%D0%B8%D1%8F%D1%82-%D0%BC%D0%B0%D0%BD%D0%B0%D1%81%D1%82%D0%B8%D1%80-%D0%BF%D0%B0%D0%B7%D0%B8-%D1%87%D1%83%D0%B4%D0%BE%D1%82%D0%B2%D0%BE%D1%80/ HTTP/1.1" 200 22785 "-" "Mozilla/5.0 (compatible; MJ12bot/v1.4.8; http://mj12bot.com/)"
54.38.147.35 - - [05/Apr/2026:18:28:31 +0200] "GET /wp-content/cache/page_enhanced/patrioti.net/tag/patrioti/?C=M;O=A HTTP/1.1" 200 327 "-" "Mozilla/5.0 (compatible; AhrefsBot/7.0; +http://ahrefs.com/robot/)"
65.108.2.171 - - [05/Apr/2026:18:28:33 +0200] "GET /%D0%B4%D0%B8%D0%BC%D0%B8%D1%82%D1%80%D0%BE%D0%B2%D0%B4%D0%B5%D0%BD-%D0%BB%D0%B5%D0%B3%D0%B5%D0%BD%D0%B4%D0%B8-%D0%B7%D0%B0-%D0%B4%D0%B2%D0%B0%D0%BC%D0%B0%D1%82%D0%B0-%D0%B1%D1%80%D0%B0%D1%82/ HTTP/1.1" 200 22907 "-" "Mozilla/5.0 (compatible; MJ12bot/v1.4.8; http://mj12bot.com/)"
65.108.2.171 - - [05/Apr/2026:18:28:35 +0200] "GET /%D0%B4%D0%BD%D0%B5%D1%81-10-%D1%82%D0%B8-%D0%BD%D0%BE%D0%B5%D0%BC%D0%B2%D1%80%D0%B8-%D1%86%D1%8A%D1%80%D0%BA%D0%B2%D0%B0%D1%82%D0%B0-%D0%BF%D0%BE%D1%87%D0%B8%D1%82%D0%B0-%D1%81%D0%B2%D0%B5%D1%82%D0%B0/ HTTP/1.1" 200 23044 "-" "Mozilla/5.0 (compatible; MJ12bot/v1.4.8; http://mj12bot.com/)"
65.108.2.171 - - [05/Apr/2026:18:28:38 +0200] "GET /%D0%B4%D0%BD%D0%B5%D1%81-%D0%B5-%D1%80%D0%BE%D0%B4%D0%B5%D0%BD-%D0%B1%D1%8A%D0%BB%D0%B3%D0%B0%D1%80%D1%81%D0%BA%D0%B8%D1%8F%D1%82-%D1%84%D1%83%D1%82%D0%B1%D0%BE%D0%BB%D0%B8%D1%81%D1%82-%D0%B8-%D1%82-5/ HTTP/1.1" 200 21041 "-" "Mozilla/5.0 (compatible; MJ12bot/v1.4.8; http://mj12bot.com/)"
65.108.2.171 - - [05/Apr/2026:18:28:41 +0200] "GET /%D0%B4%D0%BD%D0%B5%D1%81-%D0%B5-%D1%80%D0%BE%D0%B4%D0%B5%D0%BD-%D0%B1%D1%8A%D0%BB%D0%B3%D0%B0%D1%80%D1%81%D0%BA%D0%B8%D1%8F%D1%82-%D1%85%D1%83%D0%B4%D0%BE%D0%B6%D0%BD%D0%B8%D0%BA-%D0%B8%D0%B2%D0%B0-2/ HTTP/1.1" 200 20416 "-" "Mozilla/5.0 (compatible; MJ12bot/v1.4.8; http://mj12bot.com/)"
65.108.2.171 - - [05/Apr/2026:18:28:46 +0200] "GET /%D0%B1%D0%B0%D0%B1%D0%B0-%D1%81%D0%B5%D0%BB%D0%BE-%D0%BF%D0%B5%D1%82%D0%BB%D0%B8%D0%BD%D0%BE-%D1%80%D0%B0%D0%B7%D0%BA%D0%B0%D0%B7%D0%B2%D0%B0-%D0%B3%D1%80%D0%BE%D0%B1%D1%8A%D1%82-%D0%BD/ HTTP/1.1" 200 21643 "-" "Mozilla/5.0 (compatible; MJ12bot/v1.4.8; http://mj12bot.com/)"
65.108.2.171 - - [05/Apr/2026:18:28:49 +0200] "GET /%D0%B1%D0%B5%D0%B0%D0%B4%D0%BD%D0%BE%D1%81-%D0%B5%D0%B4%D0%BD%D0%B0-%D0%BE%D1%82-%D0%B4%D0%B5%D0%B2%D0%B5%D1%82%D1%82%D0%B5-%D0%BA%D1%80%D0%B5%D0%BF%D0%BE%D1%81%D1%82%D0%B8-%D0%BD%D0%B0-%D1%86%D0%B0/ HTTP/1.1" 200 22354 "-" "Mozilla/5.0 (compatible; MJ12bot/v1.4.8; http://mj12bot.com/)"
216.73.216.22 - - [05/Apr/2026:18:28:51 +0200] "GET /wp-content/themes/Newspaper/includes/modules/td_module_13.php HTTP/1.1" 500 0 "-" "Mozilla/5.0 AppleWebKit/537.36 (KHTML, like Gecko; compatible; ClaudeBot/1.0; +claudebot@anthropic.com)"
216.73.216.22 - - [05/Apr/2026:18:28:51 +0200] "GET /wp-content/themes/Newspaper/includes/modules/td_module_1.php HTTP/1.1" 500 0 "-" "Mozilla/5.0 AppleWebKit/537.36 (KHTML, like Gecko; compatible; ClaudeBot/1.0; +claudebot@anthropic.com)"
216.73.216.22 - - [05/Apr/2026:18:28:51 +0200] "GET /?p=37218 HTTP/1.1" 301 0 "-" "Mozilla/5.0 AppleWebKit/537.36 (KHTML, like Gecko; compatible; ClaudeBot/1.0; +claudebot@anthropic.com)"
216.73.216.22 - - [05/Apr/2026:18:28:52 +0200] "GET /%d0%bf%d0%b5%d0%b9%d0%be-%d1%8f%d0%b2%d0%be%d1%80%d0%be%d0%b2-%d1%89%d0%b5-%d0%b1%d1%8a%d0%b4%d0%b5%d1%88-%d0%b2-%d0%b1%d1%8f%d0%bb%d0%be/ HTTP/1.1" 200 20938 "https://patrioti.net/?p=37218" "Mozilla/5.0 AppleWebKit/537.36 (KHTML, like Gecko; compatible; ClaudeBot/1.0; +claudebot@anthropic.com)"
65.108.2.171 - - [05/Apr/2026:18:28:53 +0200] "GET /%D0%B1%D1%8A%D0%BB%D0%B3%D0%B0%D1%80%D0%B8%D0%BD%D0%BE-%D1%81%D0%BA%D0%BB%D0%BE%D0%BD%D0%B8-%D1%87%D0%B5%D0%BB%D0%BE-%D0%BF%D1%80%D0%B5%D0%B4-%D1%82%D1%83%D0%B9-%D1%81%D0%B2%D1%8F%D1%82%D0%BE/ HTTP/1.1" 200 24895 "-" "Mozilla/5.0 (compatible; MJ12bot/v1.4.8; http://mj12bot.com/)"
95.108.213.156 - - [05/Apr/2026:18:28:54 +0200] "GET /wp-content/uploads/2019/07/Vela-Blagoeva-1921_291.jpg HTTP/1.1" 200 68264 "-" "Mozilla/5.0 (compatible; YandexImages/3.0; +http://yandex.com/bots)"
65.108.2.171 - - [05/Apr/2026:18:28:55 +0200] "GET /%D0%B1%D1%8A%D0%BB%D0%B3%D0%B0%D1%80%D0%B8%D1%8F-%D0%B5-%D0%BD%D0%B0%D0%B9-%D0%B2%D0%B8%D1%81%D0%BE%D0%BA%D0%B0%D1%82%D0%B0-%D1%81%D1%82%D0%B0%D1%82%D1%83%D1%8F-%D0%B1%D0%BE%D0%B3/ HTTP/1.1" 200 20913 "-" "Mozilla/5.0 (compatible; MJ12bot/v1.4.8; http://mj12bot.com/)"
198.244.183.165 - - [05/Apr/2026:18:28:57 +0200] "GET /tag/%D0%BF%D0%B0%D1%82%D1%80%D0%B8%D0%BE%D1%82%D0%B8%D0%B7%D0%BC%D1%8A%D1%82/page/100/ HTTP/1.1" 200 16967 "-" "Mozilla/5.0 (compatible; AhrefsBot/7.0; +http://ahrefs.com/robot/)"
65.108.2.171 - - [05/Apr/2026:18:28:57 +0200] "GET /%D0%B1%D1%8A%D0%BB%D0%B3%D0%B0%D1%80%D0%B8%D1%8F-%D0%BD%D0%B0-%D1%88%D0%B0%D1%85%D0%BC%D0%B0%D1%82%D0%BD%D0%B8%D1%82%D0%B5-%D0%BE%D0%BB%D0%B8%D0%BC%D0%BF%D0%B8%D0%B0%D0%B4%D0%B8/ HTTP/1.1" 200 23997 "-" "Mozilla/5.0 (compatible; MJ12bot/v1.4.8; http://mj12bot.com/)"
185.191.171.14 - - [05/Apr/2026:18:28:57 +0200] "GET /%D0%BA%D1%80%D1%8A%D1%81%D1%82%D1%8A%D1%82-%D0%BF%D0%BE%D0%B4%D0%B0%D1%80%D0%B5%D0%BD-%D0%BE%D1%82-%D1%86%D0%B0%D1%80-%D0%B8%D0%B2%D0%B0%D0%BD-%D1%88%D0%B8%D1%88%D0%BC%D0%B0%D0%BD-%D0%BD%D0%B0-%D0%BC/ HTTP/1.1" 200 21587 "-" "Mozilla/5.0 (compatible; SemrushBot/7~bl; +http://www.semrush.com/bot.html)"
216.73.216.22 - - [05/Apr/2026:18:28:57 +0200] "GET /wp-content/themes/Newspaper/includes/td_templates_builder.php HTTP/1.1" 500 0 "-" "Mozilla/5.0 AppleWebKit/537.36 (KHTML, like Gecko; compatible; ClaudeBot/1.0; +claudebot@anthropic.com)"
52.243.57.116 - - [05/Apr/2026:18:28:57 +0200] "GET /100.php HTTP/1.1" 404 15252 "-" "Mozilla/5.0 (Windows NT 10.0; Win64; x64) AppleWebKit/537.36 (KHTML, like Gecko) Chrome/120.0.0.0 Safari/537.36"
216.73.216.22 - - [05/Apr/2026:18:28:57 +0200] "GET /wp-content/themes/Newspaper/includes/modules/td_module_14.php HTTP/1.1" 500 0 "-" "Mozilla/5.0 AppleWebKit/537.36 (KHTML, like Gecko; compatible; ClaudeBot/1.0; +claudebot@anthropic.com)"
216.73.216.22 - - [05/Apr/2026:18:28:57 +0200] "GET /?p=40383 HTTP/1.1" 301 0 "-" "Mozilla/5.0 AppleWebKit/537.36 (KHTML, like Gecko; compatible; ClaudeBot/1.0; +claudebot@anthropic.com)"
216.73.216.22 - - [05/Apr/2026:18:28:58 +0200] "GET /%d1%86%d0%b2%d1%8f%d1%82%d0%ba%d0%be-%d0%b7%d0%bb%d0%b0%d1%82%d0%b5%d0%b2-%d0%b5%d0%b4%d0%b8%d0%bd-%d0%be%d1%82-%d0%b3%d0%be%d0%bb%d0%b5%d0%bc%d0%b8%d1%82%d0%b5-%d0%b1%d1%83%d0%b4%d0%b8%d1%82%d0%b5/ HTTP/1.1" 200 22388 "https://patrioti.net/?p=40383" "Mozilla/5.0 AppleWebKit/537.36 (KHTML, like Gecko; compatible; ClaudeBot/1.0; +claudebot@anthropic.com)"
52.243.57.116 - - [05/Apr/2026:18:28:58 +0200] "GET /7.php HTTP/1.1" 404 15250 "-" "Mozilla/5.0 (Windows NT 10.0; Win64; x64) AppleWebKit/537.36 (KHTML, like Gecko) Chrome/120.0.0.0 Safari/537.36"
65.108.2.171 - - [05/Apr/2026:18:28:59 +0200] "GET /%D0%B1%D1%8A%D0%BB%D0%B3%D0%B0%D1%80%D0%B8%D1%8F-%D0%BD%D0%B0-%D1%88%D0%B0%D1%85%D0%BC%D0%B0%D1%82%D0%BD%D0%B8%D1%82%D0%B5-%D0%BE%D0%BB%D0%B8%D0%BC%D0%BF%D0%B8%D0%B0%D0%B4%D0%B8/feed/ HTTP/1.1" 200 563 "-" "Mozilla/5.0 (compatible; MJ12bot/v1.4.8; http://mj12bot.com/)"
52.243.57.116 - - [05/Apr/2026:18:28:59 +0200] "GET /aa.php HTTP/1.1" 404 15250 "-" "Mozilla/5.0 (Windows NT 10.0; Win64; x64) AppleWebKit/537.36 (KHTML, like Gecko) Chrome/120.0.0.0 Safari/537.36"
52.243.57.116 - - [05/Apr/2026:18:29:00 +0200] "GET /wp.php HTTP/1.1" 404 15250 "-" "Mozilla/5.0 (Windows NT 10.0; Win64; x64) AppleWebKit/537.36 (KHTML, like Gecko) Chrome/120.0.0.0 Safari/537.36"
65.108.2.171 - - [05/Apr/2026:18:29:01 +0200] "GET /%D0%B1%D1%8A%D0%BB%D0%B3%D0%B0%D1%80%D0%B8%D1%8F-%D0%BD%D0%B5-%D0%B5-%D1%81%D1%8A%D0%B7%D0%B4%D0%B0%D0%B4%D0%B5%D0%BD%D0%B0-%D0%BF%D1%80%D0%B5%D0%B7-681-%D0%B3/feed/ HTTP/1.1" 200 551 "-" "Mozilla/5.0 (compatible; MJ12bot/v1.4.8; http://mj12bot.com/)"
52.243.57.116 - - [05/Apr/2026:18:29:01 +0200] "GET /chosen.php HTTP/1.1" 404 15248 "-" "Mozilla/5.0 (Windows NT 10.0; Win64; x64) AppleWebKit/537.36 (KHTML, like Gecko) Chrome/120.0.0.0 Safari/537.36"
52.243.57.116 - - [05/Apr/2026:18:29:01 +0200] "GET /abcd.php HTTP/1.1" 502 552 "-" "Mozilla/5.0 (Windows NT 10.0; Win64; x64) AppleWebKit/537.36 (KHTML, like Gecko) Chrome/120.0.0.0 Safari/537.36"
52.243.57.116 - - [05/Apr/2026:18:29:01 +0200] "GET /as.php HTTP/1.1" 502 552 "-" "Mozilla/5.0 (Windows NT 10.0; Win64; x64) AppleWebKit/537.36 (KHTML, like Gecko) Chrome/120.0.0.0 Safari/537.36"
52.243.57.116 - - [05/Apr/2026:18:29:02 +0200] "GET /2.php HTTP/1.1" 502 552 "-" "Mozilla/5.0 (Windows NT 10.0; Win64; x64) AppleWebKit/537.36 (KHTML, like Gecko) Chrome/120.0.0.0 Safari/537.36"
52.243.57.116 - - [05/Apr/2026:18:29:03 +0200] "GET /abc.php HTTP/1.1" 404 15251 "-" "Mozilla/5.0 (Windows NT 10.0; Win64; x64) AppleWebKit/537.36 (KHTML, like Gecko) Chrome/120.0.0.0 Safari/537.36"
