51.195.183.108 - - [05/Apr/2026:18:42:05 +0200] "GET /%D1%81%D0%BF%D0%BE%D0%BC%D0%B5%D0%BD-%D0%B7%D0%B0-%D1%86%D0%B0%D1%80-%D1%81%D0%B0%D0%BC%D1%83%D0%B8%D0%BB-%D0%B8%D0%BB%D0%B8-%D0%BA%D0%B0%D0%BA-%D0%BB%D0%B8%D1%87%D0%BD%D0%B0%D1%82%D0%B0-%D0%B4%D1%80/ HTTP/1.1" 200 22038 "-" "Mozilla/5.0 (compatible; AhrefsBot/7.0; +http://ahrefs.com/robot/)"
85.208.96.203 - - [05/Apr/2026:18:42:21 +0200] "GET /%D0%B4%D0%BD%D0%B5%D1%81-%D1%81%D0%B8-%D1%81%D0%BF%D0%BE%D0%BC%D0%BD%D1%8F%D0%BC%D0%B5-%D0%B7%D0%B0-%D0%BF%D0%B5%D1%82%D1%8A%D1%80-%D1%81%D0%BB%D0%B0%D0%B2%D0%B8%D0%BD%D1%81%D0%BA%D0%B8/ HTTP/1.1" 200 22459 "-" "Mozilla/5.0 (compatible; SemrushBot/7~bl; +http://www.semrush.com/bot.html)"
51.195.244.19 - - [05/Apr/2026:18:42:26 +0200] "GET /%D0%BF%D1%8A%D1%80%D0%B2%D0%B8%D1%8F%D1%82-%D0%B4%D0%B2%D1%83%D0%B1%D0%BE%D0%B9-%D0%BD%D0%B0-%D0%B4%D0%B0%D0%BD-%D0%BA%D0%BE%D0%BB%D0%BE%D0%B2/ HTTP/1.1" 200 22149 "-" "Mozilla/5.0 (compatible; AhrefsBot/7.0; +http://ahrefs.com/robot/)"
161.97.137.93 - - [05/Apr/2026:18:42:46 +0200] "POST /wp-cron.php?doing_wp_cron=1775407366.4518849849700927734375 HTTP/1.1" 404 15247 "https://patrioti.net/wp-cron.php?doing_wp_cron=1775407366.4518849849700927734375" "WordPress/4.9.26; https://patrioti.net"
51.89.129.137 - - [05/Apr/2026:18:42:47 +0200] "GET /tag/%D1%80%D0%BE%D0%B4%D0%BE%D0%BB%D1%8E%D0%B1%D0%B5%D1%86/page/93/ HTTP/1.1" 200 17011 "-" "Mozilla/5.0 (compatible; AhrefsBot/7.0; +http://ahrefs.com/robot/)"
52.167.144.211 - - [05/Apr/2026:18:42:49 +0200] "GET /%D0%BD%D0%B0-14-%D0%B0%D0%BF%D1%80%D0%B8%D0%BB-971-%D0%B3-%D0%B2%D0%B8%D0%B7%D0%B0%D0%BD%D1%82%D0%B8%D0%B9%D1%81%D0%BA%D0%B0%D1%82%D0%B0-%D0%B0%D1%80%D0%BC%D0%B8%D1%8F-%D0%BF%D1%80%D0%B5%D0%B2%D0%B7/ HTTP/1.1" 200 21401 "-" "Mozilla/5.0 (iPhone; CPU iPhone OS 7_0 like Mac OS X) AppleWebKit/537.51.1 (KHTML, like Gecko) Version/7.0 Mobile/11A465 Safari/9537.53 (compatible; bingbot/2.0; +http://www.bing.com/bingbot.htm)"
52.167.144.204 - - [05/Apr/2026:18:43:10 +0200] "GET /?s=Claude+L%C3%A9vi-Strauss HTTP/1.1" 200 15295 "-" "Mozilla/5.0 AppleWebKit/537.36 (KHTML, like Gecko; compatible; bingbot/2.0; +http://www.bing.com/bingbot.htm) Chrome/116.0.1938.76 Safari/537.36"
217.216.37.55 - - [05/Apr/2026:18:43:17 +0200] "GET / HTTP/1.1" 200 26306 "http://patrioti.net/" "Go-http-client/2.0"
51.195.215.185 - - [05/Apr/2026:18:43:18 +0200] "GET /%D0%BD%D0%B0-18-%D0%BE%D0%BA%D1%82%D0%BE%D0%BC%D0%B2%D1%80%D0%B8-%D1%86%D1%8A%D1%80%D0%BA%D0%B2%D0%B0%D1%82%D0%B0-%D0%BF%D0%BE%D1%87%D0%B8%D1%82%D0%B0-%D1%81%D0%B2-%D0%B7%D0%BB%D0%B0%D1%82%D0%B0/ HTTP/1.1" 200 23026 "-" "Mozilla/5.0 (compatible; AhrefsBot/7.0; +http://ahrefs.com/robot/)"
52.167.144.204 - - [05/Apr/2026:18:43:22 +0200] "GET /%D0%BD%D0%B0-26-%D1%81%D0%B5%D0%BF%D1%82%D0%B5%D0%BC%D0%B2%D1%80%D0%B8-%D0%B5-%D1%80%D0%BE%D0%B4%D0%B5%D0%BD-%D0%B1%D1%8A%D0%BB%D0%B3%D0%B0%D1%80%D1%81%D0%BA%D0%B8%D1%8F%D1%82-%D1%80%D0%B5%D0%B2%D0%BE/ HTTP/1.1" 200 21693 "-" "Mozilla/5.0 AppleWebKit/537.36 (KHTML, like Gecko; compatible; bingbot/2.0; +http://www.bing.com/bingbot.htm) Chrome/116.0.1938.76 Safari/537.36"
52.167.144.169 - - [05/Apr/2026:18:43:34 +0200] "GET /wp-content/uploads/2019/07/07.11_sv_olga_1-351x420.jpg HTTP/1.1" 200 34300 "-" "Mozilla/5.0 AppleWebKit/537.36 (KHTML, like Gecko; compatible; bingbot/2.0; +http://www.bing.com/bingbot.htm) Chrome/116.0.1938.76 Safari/537.36"
161.97.137.93 - - [05/Apr/2026:18:43:48 +0200] "POST /wp-cron.php?doing_wp_cron=1775407427.7091670036315917968750 HTTP/1.1" 404 15246 "https://patrioti.net/wp-cron.php?doing_wp_cron=1775407427.7091670036315917968750" "WordPress/4.9.26; https://patrioti.net"
116.179.32.49 - - [05/Apr/2026:18:43:48 +0200] "GET /?p=45499 HTTP/1.1" 301 0 "-" "Mozilla/5.0 (compatible; Baiduspider/2.0; +http://www.baidu.com/search/spider.html)"
116.179.32.149 - - [05/Apr/2026:18:43:49 +0200] "GET /%D0%BD%D0%B0-28-%D1%8E%D0%BD%D0%B8-%D1%86%D1%8A%D1%80%D0%BA%D0%B2%D0%B0%D1%82%D0%B0-%D0%BE%D1%82%D0%B1%D0%B5%D0%BB%D1%8F%D0%B7%D0%B2%D0%B0-%D0%BF%D1%80%D0%B5%D0%BD%D0%B0%D1%81%D1%8F%D0%BD%D0%B5-%D0%BC/ HTTP/1.1" 200 23525 "-" "Mozilla/5.0 (compatible; Baiduspider/2.0; +http://www.baidu.com/search/spider.html)"
51.195.183.121 - - [05/Apr/2026:18:43:54 +0200] "GET /wp-content/cache/page_enhanced/patrioti.net/%D0%B4%D0%BD%D0%B5%D1%81-%D0%B5-%D1%80%D0%BE%D0%B4%D0%B5%D0%BD-%D0%B1%D1%8A%D0%BB%D0%B3%D0%B0%D1%80%D1%81%D0%BA%D0%B8%D1%8F%D1%82-%D0%B4%D0%B8%D1%80%D0%B8%D0%B3%D0%B5%D0%BD%D1%82-%D0%BD%D0%B0%D0%B9/feed/?C=D;O=A HTTP/1.1" 200 475 "-" "Mozilla/5.0 (compatible; AhrefsBot/7.0; +http://ahrefs.com/robot/)"
162.211.125.6 - - [05/Apr/2026:18:43:55 +0200] "GET /%D0%B4%D0%BD%D0%B5%D1%81-%D0%B5-%D1%80%D0%BE%D0%B4%D0%B5%D0%BD%D0%B0-%D0%B1%D1%8A%D0%BB%D0%B3%D0%B0%D1%80%D1%81%D0%BA%D0%B0%D1%82%D0%B0-%D0%B0%D0%BA%D1%82%D1%80%D0%B8%D1%81%D0%B0-%D0%B8-%D1%80%D0%B0 HTTP/1.1" 301 0 "-" "ias-va/3.3 (former https://www.admantx.com + https://integralads.com/about-ias/)"
162.211.125.6 - - [05/Apr/2026:18:43:55 +0200] "GET /%D0%B4%D0%BD%D0%B5%D1%81-%D0%B5-%D1%80%D0%BE%D0%B4%D0%B5%D0%BD%D0%B0-%D0%B1%D1%8A%D0%BB%D0%B3%D0%B0%D1%80%D1%81%D0%BA%D0%B0%D1%82%D0%B0-%D0%B0%D0%BA%D1%82%D1%80%D0%B8%D1%81%D0%B0-%D0%B8-%D1%80%D0%B0/ HTTP/1.1" 200 20795 "-" "ias-va/3.3 (former https://www.admantx.com + https://integralads.com/about-ias/)"
66.249.69.131 - - [05/Apr/2026:18:43:58 +0200] "GET /%D0%BD%D0%B0-19-%D0%B0%D0%BF%D1%80%D0%B8%D0%BB-1332-%D0%B3-%D1%81%D0%B5-%D1%81%D1%8A%D1%81%D1%82%D0%BE%D0%B8-%D1%81%D0%B2%D0%B0%D1%82%D0%B1%D0%B0%D1%82%D0%B0-%D0%BD%D0%B0-%D1%81%D1%82%D0%B5%D1%84/ HTTP/1.1" 200 21956 "-" "Mozilla/5.0 (Linux; Android 6.0.1; Nexus 5X Build/MMB29P) AppleWebKit/537.36 (KHTML, like Gecko) Chrome/146.0.7680.177 Mobile Safari/537.36 (compatible; Googlebot/2.1; +http://www.google.com/bot.html)"
3.149.24.245 - - [05/Apr/2026:18:44:07 +0200] "GET /.env HTTP/1.1" 502 150 "-" "Mozilla/5.0 (Macintosh; Intel Mac OS X 10_15_7) AppleWebKit/605.1.15 (KHTML, like Gecko) Version/18.4 Safari/605.1.15"
51.195.215.135 - - [05/Apr/2026:18:44:09 +0200] "GET /%D0%BE%D1%80%D0%B5%D0%BB%D1%8A%D1%82-%D0%BD%D0%B0-%D0%BA%D0%B0%D0%BD-%D0%B0%D1%81%D0%BF%D0%B0%D1%80%D1%83%D1%85-%D0%BE%D1%82%D0%BA%D1%80%D0%B8%D1%82-%D0%B4%D0%BE-%D1%81-%D0%B2%D0%BE%D0%B7%D0%BD/feed/ HTTP/1.1" 200 625 "-" "Mozilla/5.0 (compatible; AhrefsBot/7.0; +http://ahrefs.com/robot/)"
52.167.144.204 - - [05/Apr/2026:18:44:12 +0200] "GET /tag/19-%D0%B4%D0%B5%D0%BA%D0%B5%D0%BC%D0%B2%D1%80%D0%B8/ HTTP/1.1" 200 16801 "-" "Mozilla/5.0 AppleWebKit/537.36 (KHTML, like Gecko; compatible; bingbot/2.0; +http://www.bing.com/bingbot.htm) Chrome/116.0.1938.76 Safari/537.36"
52.167.144.212 - - [05/Apr/2026:18:44:14 +0200] "GET /%D0%BD%D0%B0-7-%D0%BC%D0%B0%D1%80%D1%82-1956-%D0%B3-%D1%83%D0%BC%D0%B8%D1%80%D0%B0-%D0%B0%D0%BA%D1%82%D1%8C%D0%BE%D1%80%D1%8A%D1%82-%D0%BF%D0%B5%D1%82%D0%BA%D0%BE-%D0%B0%D1%82%D0%B0%D0%BD%D0%B0%D1%81/petko_atanasov_golemanov-560x416-2/ HTTP/1.1" 200 16696 "-" "Mozilla/5.0 AppleWebKit/537.36 (KHTML, like Gecko; compatible; bingbot/2.0; +http://www.bing.com/bingbot.htm) Chrome/116.0.1938.76 Safari/537.36"
52.167.144.169 - - [05/Apr/2026:18:44:16 +0200] "GET /%D1%81%D1%82%D0%BE%D1%8F%D0%BD-%D0%BC%D0%B8%D1%85%D0%B0%D0%B9%D0%BB%D0%BE%D0%B2%D1%81%D0%BA%D0%B8-%D0%B2%D1%8A%D0%B2-%D1%86%D0%B0%D1%80%D1%81%D1%82%D0%B2%D0%BE%D1%82%D0%BE-%D0%BD%D0%B0-%D1%82%D0%B8/ HTTP/1.1" 200 22609 "-" "Mozilla/5.0 AppleWebKit/537.36 (KHTML, like Gecko; compatible; bingbot/2.0; +http://www.bing.com/bingbot.htm) Chrome/116.0.1938.76 Safari/537.36"
51.195.183.117 - - [05/Apr/2026:18:44:16 +0200] "GET /%D0%B4%D0%BD%D0%B5%D1%81-%D0%B5-%D1%80%D0%BE%D0%B4%D0%B5%D0%BD-%D0%B1%D1%8A%D0%BB%D0%B3%D0%B0%D1%80%D1%81%D0%BA%D0%B8%D1%8F%D1%82-%D1%80%D0%B5%D0%B2%D0%BE%D0%BB%D1%8E%D1%86%D0%B8%D0%BE%D0%BD%D0%B5-5/feed/ HTTP/1.1" 200 612 "-" "Mozilla/5.0 (compatible; AhrefsBot/7.0; +http://ahrefs.com/robot/)"
52.167.144.169 - - [05/Apr/2026:18:44:16 +0200] "GET /%D0%B4%D0%BD%D0%B5%D1%81-%D0%B5-%D1%80%D0%BE%D0%B4%D0%B5%D0%BD-%D0%B1%D1%8A%D0%BB%D0%B3%D0%B0%D1%80%D1%81%D0%BA%D0%B8%D1%8F%D1%82-%D0%BF%D0%B8%D1%81%D0%B0%D1%82%D0%B5%D0%BB-%D0%B2%D0%B0%D0%BB%D0%B5/ HTTP/1.1" 200 21327 "-" "Mozilla/5.0 AppleWebKit/537.36 (KHTML, like Gecko; compatible; bingbot/2.0; +http://www.bing.com/bingbot.htm) Chrome/116.0.1938.76 Safari/537.36"
82.157.172.223 - - [05/Apr/2026:18:44:17 +0200] "GET /category/%d0%bd%d0%b0-%d1%82%d0%be%d0%b7%d0%b8-%d0%b4%d0%b5%d0%bd/page/503/?filter_by=popular HTTP/1.1" 200 19251 "-" "Mozilla/5.0 (Windows NT 10.0; Win64; x64) AppleWebKit/537.36 (KHTML, like Gecko) Chrome/143.0.0.0 Safari/537.36"
216.73.216.22 - - [05/Apr/2026:18:44:33 +0200] "GET /%d0%bd%d0%b0-12-%d0%b0%d0%bf%d1%80%d0%b8%d0%bb-1934-%d0%b3-%d1%83%d0%bc%d0%b8%d1%80%d0%b0-%d0%b3%d0%b5%d0%bd%d0%b5%d1%80%d0%b0%d0%bb-%d0%bb%d0%b5%d0%b9%d1%82%d0%b5%d0%bd%d0%b0%d0%bd%d1%82-%d0%bd/whatsapp:/send HTTP/1.1" 404 15245 "-" "Mozilla/5.0 AppleWebKit/537.36 (KHTML, like Gecko; compatible; ClaudeBot/1.0; +claudebot@anthropic.com)"
216.73.216.22 - - [05/Apr/2026:18:44:33 +0200] "GET /?p=36876 HTTP/1.1" 301 0 "-" "Mozilla/5.0 AppleWebKit/537.36 (KHTML, like Gecko; compatible; ClaudeBot/1.0; +claudebot@anthropic.com)"
216.73.216.22 - - [05/Apr/2026:18:44:33 +0200] "GET /%d0%bd%d0%b0-12-%d0%b0%d0%bf%d1%80%d0%b8%d0%bb-1934-%d0%b3-%d1%83%d0%bc%d0%b8%d1%80%d0%b0-%d0%b3%d0%b5%d0%bd%d0%b5%d1%80%d0%b0%d0%bb-%d0%bb%d0%b5%d0%b9%d1%82%d0%b5%d0%bd%d0%b0%d0%bd%d1%82-%d0%bd/ HTTP/1.1" 200 21734 "https://patrioti.net/?p=36876" "Mozilla/5.0 AppleWebKit/537.36 (KHTML, like Gecko; compatible; ClaudeBot/1.0; +claudebot@anthropic.com)"
51.195.183.43 - - [05/Apr/2026:18:44:35 +0200] "GET /%D0%BB%D0%BE%D0%B1%D0%BD%D0%BE%D1%82%D0%BE-%D0%BC%D1%8F%D1%81%D1%82%D0%BE-%D0%BD%D0%B0-%D1%87%D0%B5%D1%82%D0%BD%D0%B8%D0%BA%D0%B0-%D0%B8%D0%B2%D0%B0%D0%BD-%D0%BF%D0%BE%D0%BF%D1%85%D1%80%D0%B8%D1%81/feed/ HTTP/1.1" 200 585 "-" "Mozilla/5.0 (compatible; AhrefsBot/7.0; +http://ahrefs.com/robot/)"
161.97.137.93 - - [05/Apr/2026:18:44:49 +0200] "POST /wp-cron.php?doing_wp_cron=1775407488.5263619422912597656250 HTTP/1.1" 404 15247 "https://patrioti.net/wp-cron.php?doing_wp_cron=1775407488.5263619422912597656250" "WordPress/4.9.26; https://patrioti.net"
185.191.171.16 - - [05/Apr/2026:18:44:49 +0200] "GET /%D0%B4%D0%BD%D0%B5%D1%81-%D0%B5-%D0%B1%D0%BE%D0%B3%D0%BE%D1%8F%D0%B2%D0%BB%D0%B5%D0%BD%D0%B8%D0%B5-%D0%BD%D0%B0-%D0%B4%D0%BD%D0%B5%D1%88%D0%BD%D0%B0%D1%82%D0%B0-%D0%B4%D0%B0%D1%82%D0%B0-%D0%BF%D1%80/ HTTP/1.1" 200 21606 "-" "Mozilla/5.0 (compatible; SemrushBot/7~bl; +http://www.semrush.com/bot.html)"
216.73.216.22 - - [05/Apr/2026:18:44:55 +0200] "GET /?p=2250 HTTP/1.1" 301 0 "-" "Mozilla/5.0 AppleWebKit/537.36 (KHTML, like Gecko; compatible; ClaudeBot/1.0; +claudebot@anthropic.com)"
51.89.129.166 - - [05/Apr/2026:18:44:56 +0200] "GET /tag/%D0%BF%D0%B0%D1%82%D1%80%D0%B8%D0%BE%D1%82%D0%B8/page/254/ HTTP/1.1" 200 17195 "-" "Mozilla/5.0 (compatible; AhrefsBot/7.0; +http://ahrefs.com/robot/)"
216.73.216.22 - - [05/Apr/2026:18:44:56 +0200] "GET /%d0%bb%d0%b5%d0%b3%d0%b5%d0%bd%d0%b4%d0%b0-%d0%b7%d0%b0-%d0%b4%d0%b0%d0%b9%d1%87%d0%be-%d0%b2%d0%be%d0%b9%d0%b2%d0%be%d0%b4%d0%b0/ HTTP/1.1" 200 20909 "https://patrioti.net/?p=2250" "Mozilla/5.0 AppleWebKit/537.36 (KHTML, like Gecko; compatible; ClaudeBot/1.0; +claudebot@anthropic.com)"
216.73.216.22 - - [05/Apr/2026:18:45:03 +0200] "GET /tag/%d0%b1%d0%b8%d0%be%d0%b3%d1%80%d0%b0%d1%84%d0%b8%d1%8f-%d0%bd%d0%b0-%d0%bb%d1%83%d0%ba%d0%b0%d0%bd-%d1%85%d0%b0%d1%88%d0%bd%d0%be%d0%b2/feed HTTP/1.1" 502 150 "-" "Mozilla/5.0 AppleWebKit/537.36 (KHTML, like Gecko; compatible; ClaudeBot/1.0; +claudebot@anthropic.com)"
216.73.216.22 - - [05/Apr/2026:18:45:03 +0200] "GET /?p=11820 HTTP/1.1" 502 150 "-" "Mozilla/5.0 AppleWebKit/537.36 (KHTML, like Gecko; compatible; ClaudeBot/1.0; +claudebot@anthropic.com)"
52.167.144.204 - - [05/Apr/2026:18:45:03 +0200] "GET /wp-content/uploads/2018/12/%D0%B8%D0%B7%D1%82%D0%B5%D0%B3%D0%BB%D0%B5%D0%BD-%D1%84%D0%B0%D0%B9%D0%BB-3-632x376.jpg HTTP/1.1" 502 552 "-" "Mozilla/5.0 AppleWebKit/537.36 (KHTML, like Gecko; compatible; bingbot/2.0; +http://www.bing.com/bingbot.htm) Chrome/116.0.1938.76 Safari/537.36"
51.195.183.156 - - [05/Apr/2026:18:45:27 +0200] "GET /wp-content/uploads/2017/06/?C=D;O=A HTTP/1.1" 200 2131 "-" "Mozilla/5.0 (compatible; AhrefsBot/7.0; +http://ahrefs.com/robot/)"
213.173.108.226 - - [05/Apr/2026:18:45:29 +0200] "GET /wp-content/uploads/2019/07/st-ulita.jpg HTTP/1.1" 200 111687 "-" "Mozilla/5.0 (Windows NT 10.0; Win64; x64) AppleWebKit/537.36 (KHTML, like Gecko) Chrome/141.0.0.0 Safari/537.36"
161.97.137.93 - - [05/Apr/2026:18:45:52 +0200] "POST /wp-cron.php?doing_wp_cron=1775407552.4778659343719482421875 HTTP/1.1" 404 15245 "https://patrioti.net/wp-cron.php?doing_wp_cron=1775407552.4778659343719482421875" "WordPress/4.9.26; https://patrioti.net"
198.244.242.238 - - [05/Apr/2026:18:45:52 +0200] "GET /%D0%BA%D1%80%D0%B0%D1%81%D0%B8%D0%B2%D0%BE%D1%82%D0%BE-%D1%81%D0%B5%D0%BB%D0%BE-%D1%87%D0%B0%D0%B2%D0%B4%D0%B0%D1%80-%D0%B2-%D0%B7%D0%BB%D0%B0%D1%82%D0%B8%D1%88%D0%BA%D0%BE-%D0%BF%D0%B8%D1%80%D0%B4/feed/ HTTP/1.1" 200 613 "-" "Mozilla/5.0 (compatible; AhrefsBot/7.0; +http://ahrefs.com/robot/)"
43.156.28.53 - - [05/Apr/2026:18:45:59 +0200] "GET /category/%d0%bb%d0%b8%d1%87%d0%bd%d0%be%d1%81%d1%82%d0%b8/page/15/?filter_by=random_posts HTTP/1.1" 200 19592 "-" "Mozilla/5.0 (Macintosh; Intel Mac OS X 10_15_7) AppleWebKit/537.36 (KHTML, like Gecko) Chrome/145.0.0.0 Safari/537.36"
51.195.183.233 - - [05/Apr/2026:18:46:11 +0200] "GET /%D0%B4%D0%BD%D0%B5%D1%81-%D0%B5-%D1%80%D0%BE%D0%B4%D0%B5%D0%BD-%D0%BF%D0%BE%D0%BB%D0%BA%D0%BE%D0%B2%D0%BD%D0%B8%D0%BA-%D0%BF%D0%B0%D0%B2%D0%B5%D0%BB-%D0%BF%D0%B0%D0%BD%D0%BE%D0%B2/ HTTP/1.1" 200 21935 "-" "Mozilla/5.0 (compatible; AhrefsBot/7.0; +http://ahrefs.com/robot/)"
116.179.32.231 - - [05/Apr/2026:18:46:25 +0200] "GET /?p=27841 HTTP/1.1" 301 0 "-" "Mozilla/5.0 (compatible; Baiduspider/2.0; +http://www.baidu.com/search/spider.html)"
116.179.32.205 - - [05/Apr/2026:18:46:26 +0200] "GET /%D0%BD%D0%B0-7-%D1%84%D0%B5%D0%B2%D1%80%D1%83%D0%B0%D1%80%D0%B8-%D0%B5-%D1%80%D0%BE%D0%B4%D0%B5%D0%BD-%D0%B1%D1%8A%D0%BB%D0%B3%D0%B0%D1%80%D1%81%D0%BA%D0%B8%D1%8F%D1%82-%D1%84%D1%83%D1%82%D0%B1%D0%BE/ HTTP/1.1" 200 20493 "-" "Mozilla/5.0 (compatible; Baiduspider/2.0; +http://www.baidu.com/search/spider.html)"
198.244.242.157 - - [05/Apr/2026:18:46:32 +0200] "GET /%D0%BD%D0%B0-10-%D0%B0%D0%B2%D0%B3%D1%83%D1%81%D1%82-1858-%D0%B3%D0%BE%D0%B4%D0%B8%D0%BD%D0%B0-%D0%B5-%D1%80%D0%BE%D0%B4%D0%B5%D0%BD-%D0%B3%D0%B5%D0%BD%D0%B5%D1%80%D0%B0%D0%BB-%D0%B3%D0%B5%D0%BE%D1%80/ HTTP/1.1" 200 22934 "-" "Mozilla/5.0 (compatible; AhrefsBot/7.0; +http://ahrefs.com/robot/)"
216.73.216.22 - - [05/Apr/2026:18:46:34 +0200] "GET /%d0%bb%d0%b5%d0%b3%d0%b5%d0%bd%d0%b4%d0%b0-%d0%b7%d0%b0-%d0%bf%d1%80%d0%b8%d0%bd%d1%86%d0%b5%d1%81%d0%b0-%d0%bc%d0%b0%d1%80%d0%b0 HTTP/1.1" 301 0 "-" "Mozilla/5.0 AppleWebKit/537.36 (KHTML, like Gecko; compatible; ClaudeBot/1.0; +claudebot@anthropic.com)"
216.73.216.22 - - [05/Apr/2026:18:46:34 +0200] "GET /%d0%bb%d0%b5%d0%b3%d0%b5%d0%bd%d0%b4%d0%b0-%d0%b7%d0%b0-%d1%81%d0%b5%d0%bb%d0%be-%d0%b4%d1%80%d0%b0%d0%b3%d0%be%d0%b5%d0%b2%d0%be/whatsapp:/send HTTP/1.1" 404 15247 "-" "Mozilla/5.0 AppleWebKit/537.36 (KHTML, like Gecko; compatible; ClaudeBot/1.0; +claudebot@anthropic.com)"
216.73.216.22 - - [05/Apr/2026:18:46:34 +0200] "GET /%d0%bb%d0%b5%d0%b3%d0%b5%d0%bd%d0%b4%d0%b0-%d0%b7%d0%b0-%d0%bf%d1%80%d0%b8%d0%bd%d1%86%d0%b5%d1%81%d0%b0-%d0%bc%d0%b0%d1%80%d0%b0/ HTTP/1.1" 200 23828 "https://patrioti.net/%d0%bb%d0%b5%d0%b3%d0%b5%d0%bd%d0%b4%d0%b0-%d0%b7%d0%b0-%d0%bf%d1%80%d0%b8%d0%bd%d1%86%d0%b5%d1%81%d0%b0-%d0%bc%d0%b0%d1%80%d0%b0" "Mozilla/5.0 AppleWebKit/537.36 (KHTML, like Gecko; compatible; ClaudeBot/1.0; +claudebot@anthropic.com)"
185.191.171.7 - - [05/Apr/2026:18:46:37 +0200] "GET /%D0%B1%D0%BE%D1%80%D0%B8%D1%81-%D1%87%D0%BE%D0%B1%D0%B0%D0%BD%D0%BE%D0%B2-%D0%B8-%D0%BF%D1%8A%D1%80%D0%B2%D0%B8%D1%8F%D1%82-%D1%81%D0%BB%D0%B5%D0%B4%D0%B2%D0%BE%D0%B5%D0%BD%D0%B5%D0%BD-%D0%BC%D0%B5/ HTTP/1.1" 200 26109 "-" "Mozilla/5.0 (compatible; SemrushBot/7~bl; +http://www.semrush.com/bot.html)"
216.73.216.22 - - [05/Apr/2026:18:46:49 +0200] "GET /%d0%bb%d0%b5%d0%b3%d0%b5%d0%bd%d0%b4%d0%b0-%d0%b7%d0%b0-%d0%b4%d0%b0%d0%b9%d1%87%d0%be-%d0%b2%d0%be%d0%b9%d0%b2%d0%be%d0%b4%d0%b0/whatsapp:/send HTTP/1.1" 404 15247 "-" "Mozilla/5.0 AppleWebKit/537.36 (KHTML, like Gecko; compatible; ClaudeBot/1.0; +claudebot@anthropic.com)"
161.97.137.93 - - [05/Apr/2026:18:46:54 +0200] "POST /wp-cron.php?doing_wp_cron=1775407614.2340381145477294921875 HTTP/1.1" 404 15246 "https://patrioti.net/wp-cron.php?doing_wp_cron=1775407614.2340381145477294921875" "WordPress/4.9.26; https://patrioti.net"
52.167.144.204 - - [05/Apr/2026:18:46:54 +0200] "GET /tag/%D0%B4%D0%B8%D0%BE%D0%BD%D0%B8%D1%81%D0%B8%D0%B9-%D1%80%D0%B0%D0%BB%D0%B8/ HTTP/1.1" 200 15635 "-" "Mozilla/5.0 AppleWebKit/537.36 (KHTML, like Gecko; compatible; bingbot/2.0; +http://www.bing.com/bingbot.htm) Chrome/116.0.1938.76 Safari/537.36"
185.191.171.10 - - [05/Apr/2026:18:47:05 +0200] "GET /%D0%BD%D0%B0-%D0%B4%D0%BD%D0%B5%D1%88%D0%BD%D0%B0%D1%82%D0%B0-%D0%B4%D0%B0%D1%82%D0%B0-%D1%81%D0%B5-%D1%80%D0%B0%D0%B6%D0%B4%D0%B0-%D0%B1%D1%8A%D0%BB%D0%B3%D0%B0%D1%80%D1%81%D0%BA%D0%B8%D1%8F%D1%82-29/ HTTP/1.1" 200 20928 "-" "Mozilla/5.0 (compatible; SemrushBot/7~bl; +http://www.semrush.com/bot.html)"
51.195.183.72 - - [05/Apr/2026:18:47:20 +0200] "GET /tag/patrioti-net-%D0%B3%D0%BE%D1%80%D0%B4%D0%B5%D0%B9%D1%82%D0%B5-%D1%81%D0%B5-%D0%B1%D1%8A%D0%BB%D0%B3%D0%B0%D1%80%D0%B8/page/123/ HTTP/1.1" 200 17037 "-" "Mozilla/5.0 (compatible; AhrefsBot/7.0; +http://ahrefs.com/robot/)"
52.167.144.173 - - [05/Apr/2026:18:47:25 +0200] "GET /?s=%D0%BC%D1%8A%D0%B3%D0%BB%D0%B8%D0%B6+%D0%B1%D0%B5+%D0%BF%D1%80%D1%8A%D0%B2 HTTP/1.1" 200 16133 "-" "Mozilla/5.0 AppleWebKit/537.36 (KHTML, like Gecko; compatible; bingbot/2.0; +http://www.bing.com/bingbot.htm) Chrome/116.0.1938.76 Safari/537.36"
52.167.144.204 - - [05/Apr/2026:18:47:42 +0200] "GET /%D0%BD%D0%B0-%D0%B4%D0%BD%D0%B5%D1%88%D0%BD%D0%B8%D1%8F-%D0%B4%D0%B5%D0%BD-%D1%83%D0%BC%D0%B8%D1%80%D0%B0-%D0%B1%D1%8A%D0%BB%D0%B3%D0%B0%D1%80%D1%81%D0%BA%D0%B8%D1%8F%D1%82-%D0%BC%D1%83%D0%B7%D0%B8/ HTTP/1.1" 200 20746 "-" "Mozilla/5.0 (iPhone; CPU iPhone OS 7_0 like Mac OS X) AppleWebKit/537.51.1 (KHTML, like Gecko) Version/7.0 Mobile/11A465 Safari/9537.53 (compatible; bingbot/2.0; +http://www.bing.com/bingbot.htm)"
54.38.147.98 - - [05/Apr/2026:18:47:53 +0200] "GET /wp-content/cache/page_enhanced/patrioti.net/%D0%BD%D0%B0-17-%D0%BE%D0%BA%D1%82%D0%BE%D0%BC%D0%B2%D1%80%D0%B8-1919-%D0%B3-%D0%B1%D1%8A%D0%BB%D0%B3%D0%B0%D1%80%D1%81%D0%BA%D0%B0%D1%82%D0%B0-%D0%B0%D1%80%D0%BC%D0%B8%D1%8F-%D0%BD%D0%B0%D0%BF%D1%83/feed/ HTTP/1.1" 200 485 "-" "Mozilla/5.0 (compatible; AhrefsBot/7.0; +http://ahrefs.com/robot/)"
66.249.69.130 - - [05/Apr/2026:18:47:57 +0200] "GET /wp-content/uploads/2018/11/G.nachovich-324x235.jpg HTTP/1.1" 200 13924 "-" "Googlebot-Image/1.0"
198.244.240.36 - - [05/Apr/2026:18:47:57 +0200] "GET /wp-content/cache/page_enhanced/patrioti.net/%D0%BD%D0%B0-29-%D0%BC%D0%B0%D1%80%D1%82-2004-%D0%B3-%D0%B1%D1%8A%D0%BB%D0%B3%D0%B0%D1%80%D0%B8%D1%8F-%D1%81%D1%82%D0%B0%D0%B2%D0%B0-%D0%BF%D1%8A%D0%BB%D0%BD%D0%BE%D0%BF%D1%80%D0%B0%D0%B2%D0%B5%D0%BD/?C=S;O=A HTTP/1.1" 200 407 "-" "Mozilla/5.0 (compatible; AhrefsBot/7.0; +http://ahrefs.com/robot/)"
161.97.137.93 - - [05/Apr/2026:18:48:08 +0200] "POST /wp-cron.php?doing_wp_cron=1775407687.6417529582977294921875 HTTP/1.1" 404 15247 "https://patrioti.net/wp-cron.php?doing_wp_cron=1775407687.6417529582977294921875" "WordPress/4.9.26; https://patrioti.net"
198.244.183.119 - - [05/Apr/2026:18:48:08 +0200] "GET /wp-content/cache/page_enhanced/patrioti.net/category/%D1%86%D1%8A%D1%80%D0%BA%D0%BE%D0%B2%D0%B5%D0%BD-%D0%BA%D0%B0%D0%BB%D0%B5%D0%BD%D0%B4%D0%B0%D1%80/page/54/?C=S;O=D HTTP/1.1" 200 434 "-" "Mozilla/5.0 (compatible; AhrefsBot/7.0; +http://ahrefs.com/robot/)"
62.234.165.70 - - [05/Apr/2026:18:48:08 +0200] "GET /category/%d0%bd%d0%b0-%d1%82%d0%be%d0%b7%d0%b8-%d0%b4%d0%b5%d0%bd/page/507/?filter_by=random_posts HTTP/1.1" 200 19629 "-" "Mozilla/5.0 (Windows NT 10.0; Win64; x64) AppleWebKit/537.36 (KHTML, like Gecko) Chrome/145.0.0.0 Safari/537.36"
216.73.216.22 - - [05/Apr/2026:18:48:10 +0200] "GET /%d0%bd%d0%b0-10-%d1%84%d0%b5%d0%b2%d1%80%d1%83%d0%b0%d1%80%d0%b8-1933-%d0%b3-%d1%81%d0%b5-%d1%80%d0%b0%d0%b6%d0%b4%d0%b0-%d0%b1%d1%8a%d0%bb%d0%b3%d0%b0%d1%80%d1%81%d0%ba%d0%b8%d1%8f%d1%82-%d1%84/0501-2 HTTP/1.1" 301 0 "-" "Mozilla/5.0 AppleWebKit/537.36 (KHTML, like Gecko; compatible; ClaudeBot/1.0; +claudebot@anthropic.com)"
216.73.216.22 - - [05/Apr/2026:18:48:10 +0200] "GET /%D0%BD%D0%B0%D1%87%D0%B0%D0%BB%D0%BE/page/24 HTTP/1.1" 301 0 "-" "Mozilla/5.0 AppleWebKit/537.36 (KHTML, like Gecko; compatible; ClaudeBot/1.0; +claudebot@anthropic.com)"
216.73.216.22 - - [05/Apr/2026:18:48:11 +0200] "GET /%d0%bd%d0%b0-10-%d1%84%d0%b5%d0%b2%d1%80%d1%83%d0%b0%d1%80%d0%b8-1933-%d0%b3-%d1%81%d0%b5-%d1%80%d0%b0%d0%b6%d0%b4%d0%b0-%d0%b1%d1%8a%d0%bb%d0%b3%d0%b0%d1%80%d1%81%d0%ba%d0%b8%d1%8f%d1%82-%d1%84/0501-2/ HTTP/1.1" 200 16649 "https://patrioti.net/%d0%bd%d0%b0-10-%d1%84%d0%b5%d0%b2%d1%80%d1%83%d0%b0%d1%80%d0%b8-1933-%d0%b3-%d1%81%d0%b5-%d1%80%d0%b0%d0%b6%d0%b4%d0%b0-%d0%b1%d1%8a%d0%bb%d0%b3%d0%b0%d1%80%d1%81%d0%ba%d0%b8%d1%8f%d1%82-%d1%84/0501-2" "Mozilla/5.0 AppleWebKit/537.36 (KHTML, like Gecko; compatible; ClaudeBot/1.0; +claudebot@anthropic.com)"
216.73.216.22 - - [05/Apr/2026:18:48:11 +0200] "GET /%D0%BD%D0%B0%D1%87%D0%B0%D0%BB%D0%BE/page/24/ HTTP/1.1" 200 17347 "https://patrioti.net/%D0%BD%D0%B0%D1%87%D0%B0%D0%BB%D0%BE/page/24" "Mozilla/5.0 AppleWebKit/537.36 (KHTML, like Gecko; compatible; ClaudeBot/1.0; +claudebot@anthropic.com)"
216.73.216.22 - - [05/Apr/2026:18:48:11 +0200] "GET /%D0%BD%D0%B0%D1%87%D0%B0%D0%BB%D0%BE/page/897 HTTP/1.1" 301 0 "-" "Mozilla/5.0 AppleWebKit/537.36 (KHTML, like Gecko; compatible; ClaudeBot/1.0; +claudebot@anthropic.com)"
216.73.216.22 - - [05/Apr/2026:18:48:12 +0200] "GET /%D0%BD%D0%B0%D1%87%D0%B0%D0%BB%D0%BE/page/897/ HTTP/1.1" 200 17913 "https://patrioti.net/%D0%BD%D0%B0%D1%87%D0%B0%D0%BB%D0%BE/page/897" "Mozilla/5.0 AppleWebKit/537.36 (KHTML, like Gecko; compatible; ClaudeBot/1.0; +claudebot@anthropic.com)"
216.73.216.22 - - [05/Apr/2026:18:48:12 +0200] "GET /%D0%BD%D0%B0%D1%87%D0%B0%D0%BB%D0%BE/page/48 HTTP/1.1" 301 0 "-" "Mozilla/5.0 AppleWebKit/537.36 (KHTML, like Gecko; compatible; ClaudeBot/1.0; +claudebot@anthropic.com)"
216.73.216.22 - - [05/Apr/2026:18:48:12 +0200] "GET /%D0%BD%D0%B0%D1%87%D0%B0%D0%BB%D0%BE/page/48/ HTTP/1.1" 200 17284 "https://patrioti.net/%D0%BD%D0%B0%D1%87%D0%B0%D0%BB%D0%BE/page/48" "Mozilla/5.0 AppleWebKit/537.36 (KHTML, like Gecko; compatible; ClaudeBot/1.0; +claudebot@anthropic.com)"
216.73.216.22 - - [05/Apr/2026:18:48:12 +0200] "GET /wp-content/uploads/2019/02/3cf7744bed8e8aa0_original-410x462.jpg HTTP/1.1" 200 20717 "-" "Mozilla/5.0 AppleWebKit/537.36 (KHTML, like Gecko; compatible; ClaudeBot/1.0; +claudebot@anthropic.com)"
216.73.216.22 - - [05/Apr/2026:18:48:13 +0200] "GET /wp-content/uploads/2019/02/1401-410x462.jpg HTTP/1.1" 200 30021 "-" "Mozilla/5.0 AppleWebKit/537.36 (KHTML, like Gecko; compatible; ClaudeBot/1.0; +claudebot@anthropic.com)"
216.73.216.22 - - [05/Apr/2026:18:48:13 +0200] "GET /?p=28343 HTTP/1.1" 301 0 "-" "Mozilla/5.0 AppleWebKit/537.36 (KHTML, like Gecko; compatible; ClaudeBot/1.0; +claudebot@anthropic.com)"
216.73.216.22 - - [05/Apr/2026:18:48:13 +0200] "GET /%d0%bd%d0%b0-10-%d1%84%d0%b5%d0%b2%d1%80%d1%83%d0%b0%d1%80%d0%b8-1933-%d0%b3-%d1%81%d0%b5-%d1%80%d0%b0%d0%b6%d0%b4%d0%b0-%d0%b1%d1%8a%d0%bb%d0%b3%d0%b0%d1%80%d1%81%d0%ba%d0%b8%d1%8f%d1%82-%d1%84/0501-2/ HTTP/1.1" 200 16649 "https://patrioti.net/?p=28343" "Mozilla/5.0 AppleWebKit/537.36 (KHTML, like Gecko; compatible; ClaudeBot/1.0; +claudebot@anthropic.com)"
216.73.216.22 - - [05/Apr/2026:18:48:26 +0200] "GET /%D0%BD%D0%B0-14-%D0%B0%D0%BF%D1%80%D0%B8%D0%BB-1877-%D0%B3-%D1%81%D0%B5-%D1%81%D0%B0%D0%BC%D0%BE%D1%80%D0%B0%D0%B7%D0%BF%D1%83%D1%81%D0%BA%D0%B0-%D0%B1%D1%8A%D0%BB%D0%B3%D0%B0%D1%80%D1%81%D0%BA%D0%BE/whatsapp:/send HTTP/1.1" 404 15247 "-" "Mozilla/5.0 AppleWebKit/537.36 (KHTML, like Gecko; compatible; ClaudeBot/1.0; +claudebot@anthropic.com)"
216.73.216.22 - - [05/Apr/2026:18:48:26 +0200] "GET /%D0%B4%D1%8A%D0%BB%D0%B3%D0%BE%D0%B3%D0%BE%D0%B4%D0%B8%D1%88%D0%BD%D0%B8%D1%82%D0%B5-%D0%B2%D0%BE%D0%B9%D0%BD%D0%B8-%D0%B7%D0%B0-%D0%BE%D0%B2%D0%BB%D0%B0%D0%B4%D1%8F%D0%B2%D0%B0%D0%BD%D0%B5-%D0%BD/whatsapp:/send HTTP/1.1" 404 15246 "-" "Mozilla/5.0 AppleWebKit/537.36 (KHTML, like Gecko; compatible; ClaudeBot/1.0; +claudebot@anthropic.com)"
216.73.216.22 - - [05/Apr/2026:18:48:27 +0200] "GET /%D0%BD%D0%B8%D0%BA%D0%BE%D0%BB%D0%B0-%D0%BF%D0%B8%D0%BA%D0%BE%D0%BB%D0%BE-%D0%B2%D0%B8%D1%81%D0%BE%D0%BA%D0%BE%D1%83%D1%87%D0%B5%D0%BD-%D0%B8-%D0%B4%D0%BE%D0%B1%D1%80%D0%BE%D0%B4%D0%B5%D1%82%D0%B5/whatsapp:/send HTTP/1.1" 404 15247 "-" "Mozilla/5.0 AppleWebKit/537.36 (KHTML, like Gecko; compatible; ClaudeBot/1.0; +claudebot@anthropic.com)"
216.73.216.22 - - [05/Apr/2026:18:48:28 +0200] "GET /%D0%BD%D0%B0-10-%D1%84%D0%B5%D0%B2%D1%80%D1%83%D0%B0%D1%80%D0%B8-1933-%D0%B3-%D1%81%D0%B5-%D1%80%D0%B0%D0%B6%D0%B4%D0%B0-%D0%B1%D1%8A%D0%BB%D0%B3%D0%B0%D1%80%D1%81%D0%BA%D0%B8%D1%8F%D1%82-%D1%84/whatsapp:/send HTTP/1.1" 404 15247 "-" "Mozilla/5.0 AppleWebKit/537.36 (KHTML, like Gecko; compatible; ClaudeBot/1.0; +claudebot@anthropic.com)"
216.73.216.22 - - [05/Apr/2026:18:48:28 +0200] "GET /tag/%D0%B7%D0%B0-%D0%BF%D0%B0%D1%82%D1%80%D0%B8%D0%BE%D1%82%D0%B8%D0%B7%D0%BC%D1%8A%D1%82/page/3 HTTP/1.1" 301 0 "-" "Mozilla/5.0 AppleWebKit/537.36 (KHTML, like Gecko; compatible; ClaudeBot/1.0; +claudebot@anthropic.com)"
216.73.216.22 - - [05/Apr/2026:18:48:29 +0200] "GET /tag/%D0%B7%D0%B0-%D0%BF%D0%B0%D1%82%D1%80%D0%B8%D0%BE%D1%82%D0%B8%D0%B7%D0%BC%D1%8A%D1%82/page/3/ HTTP/1.1" 200 17165 "https://patrioti.net/tag/%D0%B7%D0%B0-%D0%BF%D0%B0%D1%82%D1%80%D0%B8%D0%BE%D1%82%D0%B8%D0%B7%D0%BC%D1%8A%D1%82/page/3" "Mozilla/5.0 AppleWebKit/537.36 (KHTML, like Gecko; compatible; ClaudeBot/1.0; +claudebot@anthropic.com)"
216.73.216.22 - - [05/Apr/2026:18:48:29 +0200] "GET /tag/%D0%B7%D0%B0-%D0%BF%D0%B0%D1%82%D1%80%D0%B8%D0%BE%D1%82%D0%B8%D0%B7%D0%BC%D1%8A%D1%82/page/2 HTTP/1.1" 301 0 "-" "Mozilla/5.0 AppleWebKit/537.36 (KHTML, like Gecko; compatible; ClaudeBot/1.0; +claudebot@anthropic.com)"
216.73.216.22 - - [05/Apr/2026:18:48:29 +0200] "GET /tag/%D0%B7%D0%B0-%D0%BF%D0%B0%D1%82%D1%80%D0%B8%D0%BE%D1%82%D0%B8%D0%B7%D0%BC%D1%8A%D1%82/page/2/ HTTP/1.1" 200 17106 "https://patrioti.net/tag/%D0%B7%D0%B0-%D0%BF%D0%B0%D1%82%D1%80%D0%B8%D0%BE%D1%82%D0%B8%D0%B7%D0%BC%D1%8A%D1%82/page/2" "Mozilla/5.0 AppleWebKit/537.36 (KHTML, like Gecko; compatible; ClaudeBot/1.0; +claudebot@anthropic.com)"
216.73.216.22 - - [05/Apr/2026:18:48:29 +0200] "GET /%d0%bd%d0%b0-10-%d1%84%d0%b5%d0%b2%d1%80%d1%83%d0%b0%d1%80%d0%b8-1933-%d0%b3-%d1%81%d0%b5-%d1%80%d0%b0%d0%b6%d0%b4%d0%b0-%d0%b1%d1%8a%d0%bb%d0%b3%d0%b0%d1%80%d1%81%d0%ba%d0%b8%d1%8f%d1%82-%d1%84/0501-2/feed HTTP/1.1" 301 0 "-" "Mozilla/5.0 AppleWebKit/537.36 (KHTML, like Gecko; compatible; ClaudeBot/1.0; +claudebot@anthropic.com)"
216.73.216.22 - - [05/Apr/2026:18:48:30 +0200] "GET /%d0%bd%d0%b0-10-%d1%84%d0%b5%d0%b2%d1%80%d1%83%d0%b0%d1%80%d0%b8-1933-%d0%b3-%d1%81%d0%b5-%d1%80%d0%b0%d0%b6%d0%b4%d0%b0-%d0%b1%d1%8a%d0%bb%d0%b3%d0%b0%d1%80%d1%81%d0%ba%d0%b8%d1%8f%d1%82-%d1%84/0501-2/feed/ HTTP/1.1" 200 559 "https://patrioti.net/%d0%bd%d0%b0-10-%d1%84%d0%b5%d0%b2%d1%80%d1%83%d0%b0%d1%80%d0%b8-1933-%d0%b3-%d1%81%d0%b5-%d1%80%d0%b0%d0%b6%d0%b4%d0%b0-%d0%b1%d1%8a%d0%bb%d0%b3%d0%b0%d1%80%d1%81%d0%ba%d0%b8%d1%8f%d1%82-%d1%84/0501-2/feed" "Mozilla/5.0 AppleWebKit/537.36 (KHTML, like Gecko; compatible; ClaudeBot/1.0; +claudebot@anthropic.com)"
198.244.226.204 - - [05/Apr/2026:18:48:31 +0200] "GET /wp-content/cache/page_enhanced/patrioti.net/%D1%82%D0%B0%D0%BA%D0%B0%D0%B2%D0%B0-%D0%BA%D0%B0%D1%80%D1%82%D0%B0-%D0%BD%D0%B5-%D1%81%D0%B0-%D0%B8%D0%BC%D0%B0%D0%BB%D0%B8-%D0%B8-%D0%BD%D0%B0%D0%BF%D1%80%D0%B5%D0%B4%D0%BD%D0%B0%D0%BB%D0%B8-%D0%BD/?C=D;O=A HTTP/1.1" 200 399 "-" "Mozilla/5.0 (compatible; AhrefsBot/7.0; +http://ahrefs.com/robot/)"
216.73.216.22 - - [05/Apr/2026:18:48:33 +0200] "GET /?p=45396 HTTP/1.1" 301 0 "-" "Mozilla/5.0 AppleWebKit/537.36 (KHTML, like Gecko; compatible; ClaudeBot/1.0; +claudebot@anthropic.com)"
216.73.216.22 - - [05/Apr/2026:18:48:33 +0200] "GET /?p=3671 HTTP/1.1" 301 0 "-" "Mozilla/5.0 AppleWebKit/537.36 (KHTML, like Gecko; compatible; ClaudeBot/1.0; +claudebot@anthropic.com)"
216.73.216.22 - - [05/Apr/2026:18:48:33 +0200] "GET /%d0%b1%d0%b0%d1%89%d0%b0%d1%82%d0%b0-%d0%bd%d0%b0-%d0%bf%d1%8a%d1%80%d0%b2%d0%b8%d1%8f-%d0%b1%d1%8a%d0%bb%d0%b3%d0%b0%d1%80%d1%81%d0%ba%d0%b8-%d0%b0%d0%bd%d1%81%d0%b0%d0%bc%d0%b1%d1%8a%d0%bb/ HTTP/1.1" 200 22088 "https://patrioti.net/?p=3671" "Mozilla/5.0 AppleWebKit/537.36 (KHTML, like Gecko; compatible; ClaudeBot/1.0; +claudebot@anthropic.com)"
216.73.216.22 - - [05/Apr/2026:18:48:33 +0200] "GET /%d0%bd%d0%b0-27-%d1%8e%d0%bd%d0%b8-1944-%d0%b3-%d0%b7%d0%b0%d0%b3%d0%b8%d0%b2%d0%b0-%d0%bb%d0%b8%d0%bb%d1%8f%d0%bd%d0%b0-%d0%b4%d0%b8%d0%bc%d0%b8%d1%82%d1%80%d0%be%d0%b2%d0%b0/ HTTP/1.1" 200 21513 "https://patrioti.net/?p=45396" "Mozilla/5.0 AppleWebKit/537.36 (KHTML, like Gecko; compatible; ClaudeBot/1.0; +claudebot@anthropic.com)"
216.73.216.22 - - [05/Apr/2026:18:48:34 +0200] "GET /?p=44342 HTTP/1.1" 301 0 "-" "Mozilla/5.0 AppleWebKit/537.36 (KHTML, like Gecko; compatible; ClaudeBot/1.0; +claudebot@anthropic.com)"
216.73.216.22 - - [05/Apr/2026:18:48:34 +0200] "GET /%d0%bd%d0%b0-%d0%b4%d0%bd%d0%b5%d1%88%d0%bd%d0%b0%d1%82%d0%b0-%d0%b4%d0%b0%d1%82%d0%b0-%d1%83%d0%bc%d0%b8%d1%80%d0%b0-%d0%b3%d0%b5%d0%bd%d0%b5%d1%80%d0%b0%d0%bb-%d0%bb%d0%b5%d0%b9%d1%82%d0%b5%d0%bd-5/ HTTP/1.1" 200 20916 "https://patrioti.net/?p=44342" "Mozilla/5.0 AppleWebKit/537.36 (KHTML, like Gecko; compatible; ClaudeBot/1.0; +claudebot@anthropic.com)"
216.73.216.22 - - [05/Apr/2026:18:48:34 +0200] "GET /?p=340 HTTP/1.1" 301 0 "-" "Mozilla/5.0 AppleWebKit/537.36 (KHTML, like Gecko; compatible; ClaudeBot/1.0; +claudebot@anthropic.com)"
216.73.216.22 - - [05/Apr/2026:18:48:35 +0200] "GET /%d1%85%d1%80%d0%b8%d1%81%d1%82%d0%be%d1%81-%d0%b2%d0%be%d1%81%d0%ba%d1%80%d0%b5%d1%81%d0%b5-%d0%b5%d0%bb%d0%b8%d1%81%d0%b0%d0%b2%d0%b5%d1%82%d0%b0-%d0%b1%d0%b0%d0%b3%d1%80%d1%8f%d0%bd%d0%b0/ HTTP/1.1" 200 20545 "https://patrioti.net/?p=340" "Mozilla/5.0 AppleWebKit/537.36 (KHTML, like Gecko; compatible; ClaudeBot/1.0; +claudebot@anthropic.com)"
216.73.216.22 - - [05/Apr/2026:18:48:35 +0200] "GET /?p=13232 HTTP/1.1" 301 0 "-" "Mozilla/5.0 AppleWebKit/537.36 (KHTML, like Gecko; compatible; ClaudeBot/1.0; +claudebot@anthropic.com)"
216.73.216.22 - - [05/Apr/2026:18:48:35 +0200] "GET /%d0%ba%d0%b0%d0%bc%d0%b5%d0%bd%d0%bd%d0%b8%d1%82%d0%b5-%d1%81%d1%82%d0%b5%d0%bb%d0%b8-%d0%be%d1%82-%d0%bf%d0%bb%d0%b0%d1%87%d0%b8%d0%b4%d0%be%d0%bb/ HTTP/1.1" 200 21486 "https://patrioti.net/?p=13232" "Mozilla/5.0 AppleWebKit/537.36 (KHTML, like Gecko; compatible; ClaudeBot/1.0; +claudebot@anthropic.com)"
52.167.144.173 - - [05/Apr/2026:18:48:35 +0200] "GET /tag/%D0%B1%D1%8A%D0%BB%D0%B3%D0%B0%D1%80%D1%81%D0%BA%D0%B8%D1%82%D0%B5-%D0%BB%D0%B5%D1%82%D1%86%D0%B8/ HTTP/1.1" 200 15771 "-" "Mozilla/5.0 AppleWebKit/537.36 (KHTML, like Gecko; compatible; bingbot/2.0; +http://www.bing.com/bingbot.htm) Chrome/116.0.1938.76 Safari/537.36"
216.73.216.22 - - [05/Apr/2026:18:48:35 +0200] "GET /page/170 HTTP/1.1" 200 17596 "-" "Mozilla/5.0 AppleWebKit/537.36 (KHTML, like Gecko; compatible; ClaudeBot/1.0; +claudebot@anthropic.com)"
2a03:2880:32ff:6:: - - [05/Apr/2026:18:48:36 +0200] "GET /%d0%b4%d0%bd%d0%b5%d1%81-%d0%b5-%d1%80%d0%be%d0%b4%d0%b5%d0%bd-%d0%b1%d1%8a%d0%bb%d0%b3%d0%b0%d1%80%d1%81%d0%ba%d0%b8%d1%8f%d1%82-%d1%81%d0%bf%d0%be%d1%80%d1%82%d0%b8%d1%81%d1%82-%d0%b8-%d1%82%d1%80/ HTTP/1.1" 200 21145 "-" "facebookexternalhit/1.1 (+http://www.facebook.com/externalhit_uatext.php)"
216.73.216.22 - - [05/Apr/2026:18:48:45 +0200] "GET /?p=7240 HTTP/1.1" 301 0 "-" "Mozilla/5.0 AppleWebKit/537.36 (KHTML, like Gecko; compatible; ClaudeBot/1.0; +claudebot@anthropic.com)"
216.73.216.22 - - [05/Apr/2026:18:48:45 +0200] "GET /?p=34089 HTTP/1.1" 301 0 "-" "Mozilla/5.0 AppleWebKit/537.36 (KHTML, like Gecko; compatible; ClaudeBot/1.0; +claudebot@anthropic.com)"
216.73.216.22 - - [05/Apr/2026:18:48:46 +0200] "GET /%d0%b5%d0%b2%d0%b3%d0%b5%d0%bd%d0%b8%d1%8f-%d0%ba%d0%b8%d1%81%d0%b8%d0%bc%d0%be%d0%b2%d0%b0-%d0%b7%d0%b0%d0%ba%d1%80%d0%b8%d0%bb%d0%bd%d0%b8%d1%86%d0%b0%d1%82%d0%b0-%d0%bd%d0%b0-%d0%b6%d0%b5%d0%bd/ HTTP/1.1" 200 21434 "https://patrioti.net/?p=7240" "Mozilla/5.0 AppleWebKit/537.36 (KHTML, like Gecko; compatible; ClaudeBot/1.0; +claudebot@anthropic.com)"
216.73.216.22 - - [05/Apr/2026:18:48:46 +0200] "GET /%d0%b4%d0%bd%d0%b5%d1%81-%d0%b5-%d1%80%d0%be%d0%b4%d0%b5%d0%bd-%d0%bf%d0%b8%d1%81%d0%b0%d1%82%d0%b5%d0%bb%d1%8f%d1%82-%d1%81%d1%82%d0%b5%d1%84%d0%b0%d0%bd-%d1%82%d0%b8%d0%bd%d1%82%d0%b5%d1%80%d0%be/ventin/ HTTP/1.1" 200 16669 "https://patrioti.net/?p=34089" "Mozilla/5.0 AppleWebKit/537.36 (KHTML, like Gecko; compatible; ClaudeBot/1.0; +claudebot@anthropic.com)"
216.73.216.22 - - [05/Apr/2026:18:48:47 +0200] "GET /?p=28404 HTTP/1.1" 301 0 "-" "Mozilla/5.0 AppleWebKit/537.36 (KHTML, like Gecko; compatible; ClaudeBot/1.0; +claudebot@anthropic.com)"
216.73.216.22 - - [05/Apr/2026:18:48:47 +0200] "GET /%d0%ba%d1%80%d0%b5%d0%bf%d0%be%d1%81%d1%82%d1%82%d0%b0-%d0%bc%d0%b0%d1%80%d0%ba%d0%b5%d0%bb%d0%b8-%d0%b8-%d0%b3%d0%b5%d1%80%d0%be%d0%b8%d1%87%d0%bd%d0%b0%d1%82%d0%b0-%d0%bd%d0%b8-%d0%bb%d0%b5%d1%82/ HTTP/1.1" 200 24082 "https://patrioti.net/?p=28404" "Mozilla/5.0 AppleWebKit/537.36 (KHTML, like Gecko; compatible; ClaudeBot/1.0; +claudebot@anthropic.com)"
216.73.216.22 - - [05/Apr/2026:18:48:47 +0200] "GET /?p=25969 HTTP/1.1" 301 0 "-" "Mozilla/5.0 AppleWebKit/537.36 (KHTML, like Gecko; compatible; ClaudeBot/1.0; +claudebot@anthropic.com)"
216.73.216.22 - - [05/Apr/2026:18:48:48 +0200] "GET /%d0%bd%d0%b0%d0%b4%d0%bf%d0%b8%d1%81%d0%b8%d1%82%d0%b5-%d0%be%d1%82%d0%ba%d1%80%d0%b8%d1%82%d0%b8-%d0%b2-%d1%85%d1%80%d0%b0%d0%bc%d0%b0-%d1%81%d0%b2-%d1%81%d0%be%d1%84%d0%b8%d1%8f-%d0%b2-%d0%ba/ HTTP/1.1" 200 21268 "https://patrioti.net/?p=25969" "Mozilla/5.0 AppleWebKit/537.36 (KHTML, like Gecko; compatible; ClaudeBot/1.0; +claudebot@anthropic.com)"
216.73.216.22 - - [05/Apr/2026:18:48:48 +0200] "GET /?p=36451 HTTP/1.1" 301 0 "-" "Mozilla/5.0 AppleWebKit/537.36 (KHTML, like Gecko; compatible; ClaudeBot/1.0; +claudebot@anthropic.com)"
216.73.216.22 - - [05/Apr/2026:18:48:49 +0200] "GET /%d0%bd%d0%b0-9-%d0%b0%d0%bf%d1%80%d0%b8%d0%bb-1889-%d0%b3%d0%be%d0%b4%d0%b8%d0%bd%d0%b0-%d0%b2-%d1%81%d0%be%d0%bb%d1%83%d0%bd-%d0%b5-%d0%be%d1%81%d0%bd%d0%be%d0%b2%d0%b0%d0%bd%d0%be-%d0%be%d0%b1%d1%89/ HTTP/1.1" 200 21929 "https://patrioti.net/?p=36451" "Mozilla/5.0 AppleWebKit/537.36 (KHTML, like Gecko; compatible; ClaudeBot/1.0; +claudebot@anthropic.com)"
216.73.216.22 - - [05/Apr/2026:18:48:49 +0200] "GET /?p=6764 HTTP/1.1" 301 0 "-" "Mozilla/5.0 AppleWebKit/537.36 (KHTML, like Gecko; compatible; ClaudeBot/1.0; +claudebot@anthropic.com)"
216.73.216.22 - - [05/Apr/2026:18:48:49 +0200] "GET /%d1%80%d0%be%d0%b3%d0%be%d0%b7%d0%b5%d0%bd%d1%81%d0%ba%d0%be%d1%82%d0%be-%d1%81%d1%8a%d0%ba%d1%80%d0%be%d0%b2%d0%b8%d1%89%d0%b5-%d0%b5-%d1%81%d1%8a%d0%b1%d0%b8%d1%80%d0%b0%d0%bd%d0%be-%d0%be%d1%82/ HTTP/1.1" 200 21640 "https://patrioti.net/?p=6764" "Mozilla/5.0 AppleWebKit/537.36 (KHTML, like Gecko; compatible; ClaudeBot/1.0; +claudebot@anthropic.com)"
216.73.216.22 - - [05/Apr/2026:18:48:49 +0200] "GET /?p=46451 HTTP/1.1" 301 0 "-" "Mozilla/5.0 AppleWebKit/537.36 (KHTML, like Gecko; compatible; ClaudeBot/1.0; +claudebot@anthropic.com)"
216.73.216.22 - - [05/Apr/2026:18:48:50 +0200] "GET /%d0%bd%d0%b0-6-%d1%8e%d0%bb%d0%b8-1899-%d0%b3-%d0%b5-%d1%80%d0%be%d0%b4%d0%b5%d0%bd-%d0%b1%d1%8a%d0%bb%d0%b3%d0%b0%d1%80%d1%81%d0%ba%d0%b8%d1%8f%d1%82-%d0%be%d0%b1%d1%89%d0%b5%d1%81%d1%82%d0%b2%d0%b5/ HTTP/1.1" 200 20387 "https://patrioti.net/?p=46451" "Mozilla/5.0 AppleWebKit/537.36 (KHTML, like Gecko; compatible; ClaudeBot/1.0; +claudebot@anthropic.com)"
103.154.63.3 - - [05/Apr/2026:18:48:50 +0200] "GET /wp-login.php HTTP/1.1" 200 1168 "-" "Mozilla/5.0 (X11; Datanyze; Linux x86_64) AppleWebKit/537.36 (KHTML, like Gecko) Chrome/65.0.3325.181 Safari/537.36"
103.154.63.3 - - [05/Apr/2026:18:48:53 +0200] "POST /wp-login.php HTTP/1.1" 200 1554 "https://patrioti.net/wp-login.php" "Mozilla/5.0 (X11; Datanyze; Linux x86_64) AppleWebKit/537.36 (KHTML, like Gecko) Chrome/65.0.3325.181 Safari/537.36"
52.167.144.173 - - [05/Apr/2026:18:48:57 +0200] "GET /%D0%BD%D0%B0-9-%D0%BE%D0%BA%D1%82%D0%BE%D0%BC%D0%B2%D1%80%D0%B8-%D1%86%D1%8A%D1%80%D0%BA%D0%B2%D0%B0%D1%82%D0%B0-%D0%BF%D0%BE%D1%87%D0%B8%D1%82%D0%B0-%D1%81%D0%B2-%D0%B0%D0%BF-%D1%8F%D0%BA%D0%BE/ HTTP/1.1" 200 21629 "-" "Mozilla/5.0 (iPhone; CPU iPhone OS 7_0 like Mac OS X) AppleWebKit/537.51.1 (KHTML, like Gecko) Version/7.0 Mobile/11A465 Safari/9537.53 (compatible; bingbot/2.0; +http://www.bing.com/bingbot.htm)"
116.179.32.91 - - [05/Apr/2026:18:49:05 +0200] "GET /?p=8864 HTTP/1.1" 301 0 "-" "Mozilla/5.0 (compatible; Baiduspider/2.0; +http://www.baidu.com/search/spider.html)"
116.179.32.242 - - [05/Apr/2026:18:49:06 +0200] "GET /%D1%81%D0%BF%D0%B0%D1%81%D0%B8%D1%82%D0%B5%D0%BB-%D0%BD%D0%B0-%D0%BB%D0%B5%D0%B2%D1%81%D0%BA%D0%B8-%D0%BE%D0%B3%D0%BB%D0%B0%D0%B2%D1%8F%D0%B2%D0%B0-%D1%82%D0%B0%D0%B9%D0%BD%D0%B0%D1%82%D0%B0-%D0%BC/ HTTP/1.1" 200 24513 "-" "Mozilla/5.0 (compatible; Baiduspider/2.0; +http://www.baidu.com/search/spider.html)"
161.97.137.93 - - [05/Apr/2026:18:49:09 +0200] "POST /wp-cron.php?doing_wp_cron=1775407748.9749789237976074218750 HTTP/1.1" 404 15247 "https://patrioti.net/wp-cron.php?doing_wp_cron=1775407748.9749789237976074218750" "WordPress/4.9.26; https://patrioti.net"
66.249.69.130 - - [05/Apr/2026:18:49:09 +0200] "GET /%D0%BD%D0%B0-%D0%B4%D0%BD%D0%B5%D1%88%D0%BD%D0%B0%D1%82%D0%B0-%D0%B4%D0%B0%D1%82%D0%B0-%D1%83%D0%BC%D0%B8%D1%80%D0%B0-%D0%B1%D1%8A%D0%BB%D0%B3%D0%B0%D1%80%D1%81%D0%BA%D0%B8%D1%8F%D1%82-%D1%85%D1%83-2/655-402-goshka-dacov/ HTTP/1.1" 200 16680 "-" "Mozilla/5.0 (Linux; Android 6.0.1; Nexus 5X Build/MMB29P) AppleWebKit/537.36 (KHTML, like Gecko) Chrome/146.0.7680.177 Mobile Safari/537.36 (compatible; Googlebot/2.1; +http://www.google.com/bot.html)"
66.249.69.130 - - [05/Apr/2026:18:49:10 +0200] "GET /%D0%B4%D0%BD%D0%B5%D1%81-%D0%B5-%D1%80%D0%BE%D0%B4%D0%B5%D0%BD-%D0%B0%D0%B4%D0%BC%D0%B8%D1%80%D0%B0%D0%BB-%D0%B8%D0%B2%D0%B0%D0%BD-%D0%B2%D0%B0%D1%80%D0%B8%D0%BA%D0%BB%D0%B5%D1%87%D0%BA%D0%BE%D0%B2/ HTTP/1.1" 200 21750 "-" "Mozilla/5.0 (Linux; Android 6.0.1; Nexus 5X Build/MMB29P) AppleWebKit/537.36 (KHTML, like Gecko) Chrome/146.0.7680.177 Mobile Safari/537.36 (compatible; Googlebot/2.1; +http://www.google.com/bot.html)"
40.77.178.216 - - [05/Apr/2026:18:49:12 +0200] "GET /wp-content/uploads/2019/01/20160316203422_65329-632x341.jpg HTTP/1.1" 200 56721 "https://patrioti.net/%d0%bb%d0%b5%d0%b3%d0%b5%d0%bd%d0%b4%d0%b0%d1%82%d0%b0-%d0%b7%d0%b0-%d0%b2%d1%80%d1%8a%d1%85-%d0%bf%d0%b5%d1%82%d1%80%d0%b0%d1%85%d0%b8%d0%bb%d1%8f/" "Mozilla/5.0 (Linux; Android 6.0.1; Nexus 5X Build/MMB29P) AppleWebKit/537.36 (KHTML, like Gecko) Chrome/136.0.0.0 Mobile Safari/537.36 (compatible; bingbot/2.0; +http://www.bing.com/bingbot.htm)"
51.195.183.4 - - [05/Apr/2026:18:49:14 +0200] "GET /%D0%BD%D0%B0-2-%D0%B0%D0%BF%D1%80%D0%B8%D0%BB-1899-%D0%B3-%D0%B5-%D1%80%D0%BE%D0%B4%D0%B5%D0%BD-%D0%B1%D1%8A%D0%BB%D0%B3%D0%B0%D1%80%D1%81%D0%BA%D0%B8%D1%8F%D1%82-%D1%83%D1%87%D0%B5%D0%BD-%D0%BF/ HTTP/1.1" 200 21259 "-" "Mozilla/5.0 (compatible; AhrefsBot/7.0; +http://ahrefs.com/robot/)"
54.38.147.95 - - [05/Apr/2026:18:49:32 +0200] "GET /wp-content/cache/page_enhanced/patrioti.net/%D0%BF%D0%B5%D1%82%D1%8A%D1%80-%D1%85%D0%B0%D0%B4%D0%B6%D0%B8-%D0%B3%D0%BE%D1%80%D0%B0%D0%BD%D0%BE%D0%B2-%D0%B2%D0%BE%D0%B4%D0%B0%D1%87%D1%8A%D1%82-%D0%BD%D0%B0-%D0%B2%D1%8A%D1%81%D1%82/?C=N;O=A HTTP/1.1" 200 421 "-" "Mozilla/5.0 (compatible; AhrefsBot/7.0; +http://ahrefs.com/robot/)"
198.244.242.97 - - [05/Apr/2026:18:49:37 +0200] "GET /%D0%B4%D0%BD%D0%B5%D1%81-%D0%B5-%D1%80%D0%BE%D0%B4%D0%B5%D0%BD-%D0%B1%D1%8A%D0%BB%D0%B3%D0%B0%D1%80%D1%81%D0%BA%D0%B8%D1%8F%D1%82-%D1%84%D1%83%D1%82%D0%B1%D0%BE%D0%BB%D0%B8%D1%81%D1%82-%D0%B8-%D1%82-9/ HTTP/1.1" 200 20833 "-" "Mozilla/5.0 (compatible; AhrefsBot/7.0; +http://ahrefs.com/robot/)"
198.244.226.58 - - [05/Apr/2026:18:49:55 +0200] "GET /wp-content/cache/page_enhanced/patrioti.net/tag/%D0%B8%D1%81%D1%82%D0%BE%D1%80%D0%B8%D1%8F/page/?C=N;O=A HTTP/1.1" 200 371 "-" "Mozilla/5.0 (compatible; AhrefsBot/7.0; +http://ahrefs.com/robot/)"
216.73.216.22 - - [05/Apr/2026:18:49:56 +0200] "GET /?p=45386 HTTP/1.1" 301 0 "-" "Mozilla/5.0 AppleWebKit/537.36 (KHTML, like Gecko; compatible; ClaudeBot/1.0; +claudebot@anthropic.com)"
216.73.216.22 - - [05/Apr/2026:18:49:56 +0200] "GET /?p=10445 HTTP/1.1" 301 0 "-" "Mozilla/5.0 AppleWebKit/537.36 (KHTML, like Gecko; compatible; ClaudeBot/1.0; +claudebot@anthropic.com)"
216.73.216.22 - - [05/Apr/2026:18:49:57 +0200] "GET /%d0%bd%d0%b0-27-%d1%8e%d0%bd%d0%b8-1946-%d0%b3-%d0%b5-%d0%be%d1%81%d0%bd%d0%be%d0%b2%d0%b0%d0%bd-%d0%b4%d1%8a%d1%80%d0%b6%d0%b0%d0%b2%d0%bd%d0%b8%d1%8f%d1%82-%d0%b7%d0%b0%d1%81%d1%82%d1%80%d0%b0/ HTTP/1.1" 200 21030 "https://patrioti.net/?p=45386" "Mozilla/5.0 AppleWebKit/537.36 (KHTML, like Gecko; compatible; ClaudeBot/1.0; +claudebot@anthropic.com)"
216.73.216.22 - - [05/Apr/2026:18:49:57 +0200] "GET /%d0%b4%d0%bd%d0%b5%d1%81-%d0%b5-%d1%80%d0%be%d0%b4%d0%b5%d0%bd-%d0%b1%d1%8a%d0%bb%d0%b3%d0%b0%d1%80%d1%81%d0%ba%d0%b8%d1%8f%d1%82-%d0%b0%d0%ba%d1%82%d1%8c%d0%be%d1%80-%d0%bf%d0%b5%d1%82%d1%8c%d0%be/ HTTP/1.1" 200 21021 "https://patrioti.net/?p=10445" "Mozilla/5.0 AppleWebKit/537.36 (KHTML, like Gecko; compatible; ClaudeBot/1.0; +claudebot@anthropic.com)"
216.73.216.22 - - [05/Apr/2026:18:49:57 +0200] "GET /?p=44304 HTTP/1.1" 301 0 "-" "Mozilla/5.0 AppleWebKit/537.36 (KHTML, like Gecko; compatible; ClaudeBot/1.0; +claudebot@anthropic.com)"
216.73.216.22 - - [05/Apr/2026:18:49:58 +0200] "GET /%d0%ba%d0%b0%d0%ba-%d1%84%d0%b5%d1%80%d0%b4%d0%b8%d0%bd%d0%b0%d0%bd%d0%b4-%d0%bf%d0%be%d1%81%d1%82%d1%80%d0%be%d0%b8-%d0%b4%d0%b2%d0%be%d1%80%d0%b5%d1%86%d0%b0-%d0%b2%d1%8a%d0%b2-%d0%b2%d1%80%d0%b0/ HTTP/1.1" 200 24652 "https://patrioti.net/?p=44304" "Mozilla/5.0 AppleWebKit/537.36 (KHTML, like Gecko; compatible; ClaudeBot/1.0; +claudebot@anthropic.com)"
216.73.216.22 - - [05/Apr/2026:18:49:58 +0200] "GET /?p=3031 HTTP/1.1" 301 0 "-" "Mozilla/5.0 AppleWebKit/537.36 (KHTML, like Gecko; compatible; ClaudeBot/1.0; +claudebot@anthropic.com)"
216.73.216.22 - - [05/Apr/2026:18:49:58 +0200] "GET /%d0%b8%d1%81%d1%82%d0%be%d1%80%d0%b8%d1%8f%d1%82%d0%b0-%d0%bd%d0%b0-%d0%b1%d0%be%d1%8f%d0%bd%d1%81%d0%ba%d0%b0%d1%82%d0%b0-%d1%86%d1%8a%d1%80%d0%ba%d0%b2%d0%b0/ HTTP/1.1" 200 22996 "https://patrioti.net/?p=3031" "Mozilla/5.0 AppleWebKit/537.36 (KHTML, like Gecko; compatible; ClaudeBot/1.0; +claudebot@anthropic.com)"
216.73.216.22 - - [05/Apr/2026:18:49:58 +0200] "GET /?p=32298 HTTP/1.1" 301 0 "-" "Mozilla/5.0 AppleWebKit/537.36 (KHTML, like Gecko; compatible; ClaudeBot/1.0; +claudebot@anthropic.com)"
216.73.216.22 - - [05/Apr/2026:18:49:59 +0200] "GET /%d0%bf%d1%8a%d1%80%d0%b2%d0%b8%d1%8f%d1%82-%d0%bf%d0%b0%d0%bc%d0%b5%d1%82%d0%bd%d0%b8%d0%ba-%d0%bd%d0%b0-%d0%b1%d0%be%d1%82%d0%b5%d0%b2/ HTTP/1.1" 200 21417 "https://patrioti.net/?p=32298" "Mozilla/5.0 AppleWebKit/537.36 (KHTML, like Gecko; compatible; ClaudeBot/1.0; +claudebot@anthropic.com)"
216.73.216.22 - - [05/Apr/2026:18:49:59 +0200] "GET /?p=5020 HTTP/1.1" 301 0 "-" "Mozilla/5.0 AppleWebKit/537.36 (KHTML, like Gecko; compatible; ClaudeBot/1.0; +claudebot@anthropic.com)"
216.73.216.22 - - [05/Apr/2026:18:49:59 +0200] "GET /%d0%b2%d1%80%d0%b5%d0%bc%d0%b5%d1%82%d0%be-%d0%bd%d0%b0-%d1%86%d0%b0%d1%80-%d1%81%d0%b8%d0%bc%d0%b5%d0%be%d0%bd-%d0%b2%d0%b5%d0%bb%d0%b8%d0%ba%d0%b8-%d0%b1%d1%8a%d0%bb%d0%b3%d0%b0%d1%80%d0%b8%d1%8f/ HTTP/1.1" 200 23119 "https://patrioti.net/?p=5020" "Mozilla/5.0 AppleWebKit/537.36 (KHTML, like Gecko; compatible; ClaudeBot/1.0; +claudebot@anthropic.com)"
216.73.216.22 - - [05/Apr/2026:18:49:59 +0200] "GET /?p=26599 HTTP/1.1" 301 0 "-" "Mozilla/5.0 AppleWebKit/537.36 (KHTML, like Gecko; compatible; ClaudeBot/1.0; +claudebot@anthropic.com)"
216.73.216.22 - - [05/Apr/2026:18:50:00 +0200] "GET /%d0%b4%d0%bd%d0%b5%d1%81-%d1%81%d0%b8-%d1%81%d0%bf%d0%be%d0%bc%d0%bd%d1%8f%d0%bc%d0%b5-%d0%b7%d0%b0-%d0%b0%d0%ba%d1%82%d1%8c%d0%be%d1%80%d0%b0-%d0%b8%d0%b2%d0%b0%d0%bd-%d0%b1%d1%80%d0%b0%d1%82%d0%b0/ HTTP/1.1" 200 21519 "https://patrioti.net/?p=26599" "Mozilla/5.0 AppleWebKit/537.36 (KHTML, like Gecko; compatible; ClaudeBot/1.0; +claudebot@anthropic.com)"
161.97.137.93 - - [05/Apr/2026:18:50:10 +0200] "POST /wp-cron.php?doing_wp_cron=1775407810.4438939094543457031250 HTTP/1.1" 404 15247 "https://patrioti.net/wp-cron.php?doing_wp_cron=1775407810.4438939094543457031250" "WordPress/4.9.26; https://patrioti.net"
27.106.116.227 - - [05/Apr/2026:18:50:11 +0200] "GET /category/%d0%b4%d0%b5%d0%bb%d0%b0/page/15/?filter_by=popular HTTP/1.1" 200 20286 "-" "Mozilla/5.0 (Windows NT 10.0; Win64; x64) AppleWebKit/537.36 (KHTML, like Gecko) Chrome/143.0.0.0 Safari/537.36"
216.73.216.22 - - [05/Apr/2026:18:50:17 +0200] "GET /wp-content/themes/Newspaper HTTP/1.1" 301 297 "-" "Mozilla/5.0 AppleWebKit/537.36 (KHTML, like Gecko; compatible; ClaudeBot/1.0; +claudebot@anthropic.com)"
216.73.216.22 - - [05/Apr/2026:18:50:17 +0200] "GET /wp-content/themes/Newspaper/ HTTP/1.1" 500 0 "https://patrioti.net/wp-content/themes/Newspaper" "Mozilla/5.0 AppleWebKit/537.36 (KHTML, like Gecko; compatible; ClaudeBot/1.0; +claudebot@anthropic.com)"
216.73.216.22 - - [05/Apr/2026:18:50:17 +0200] "GET /?p=44432 HTTP/1.1" 301 0 "-" "Mozilla/5.0 AppleWebKit/537.36 (KHTML, like Gecko; compatible; ClaudeBot/1.0; +claudebot@anthropic.com)"
216.73.216.22 - - [05/Apr/2026:18:50:18 +0200] "GET /%d0%bd%d0%b0-19-%d1%8e%d0%bd%d0%b8-%d1%86%d1%8a%d1%80%d0%ba%d0%b2%d0%b0%d1%82%d0%b0-%d0%bf%d0%be%d1%87%d0%b8%d1%82%d0%b0-%d1%81%d0%b2-%d0%b0%d0%bf%d0%be%d1%81%d1%82%d0%be%d0%bb-%d1%8e%d0%b4%d0%b0/ HTTP/1.1" 200 20974 "https://patrioti.net/?p=44432" "Mozilla/5.0 AppleWebKit/537.36 (KHTML, like Gecko; compatible; ClaudeBot/1.0; +claudebot@anthropic.com)"
216.73.216.22 - - [05/Apr/2026:18:50:18 +0200] "GET /?p=37473 HTTP/1.1" 301 0 "-" "Mozilla/5.0 AppleWebKit/537.36 (KHTML, like Gecko; compatible; ClaudeBot/1.0; +claudebot@anthropic.com)"
216.73.216.22 - - [05/Apr/2026:18:50:18 +0200] "GET /%d0%bd%d0%b0-16-%d0%b0%d0%bf%d1%80%d0%b8%d0%bb-1890-%d0%b3-%d0%b5-%d1%80%d0%be%d0%b4%d0%b5%d0%bd-%d0%b1%d1%8a%d0%bb%d0%b3%d0%b0%d1%80%d1%81%d0%ba%d0%b8%d1%8f%d1%82-%d0%bf%d0%be%d0%bb%d0%b8%d1%82%d0%b8/ HTTP/1.1" 200 21563 "https://patrioti.net/?p=37473" "Mozilla/5.0 AppleWebKit/537.36 (KHTML, like Gecko; compatible; ClaudeBot/1.0; +claudebot@anthropic.com)"
216.73.216.22 - - [05/Apr/2026:18:50:19 +0200] "GET /?p=2478 HTTP/1.1" 301 0 "-" "Mozilla/5.0 AppleWebKit/537.36 (KHTML, like Gecko; compatible; ClaudeBot/1.0; +claudebot@anthropic.com)"
216.73.216.22 - - [05/Apr/2026:18:50:19 +0200] "GET /%d0%bb%d0%b5%d0%b3%d0%b5%d0%bd%d0%b4%d0%b0-%d0%b7%d0%b0-%d1%86%d1%8a%d1%80%d0%ba%d0%b2%d0%b0%d1%82%d0%b0-%d0%b2-%d1%81%d0%b5%d0%bb%d0%be-%d0%ba%d0%b0%d0%bc%d0%b5%d0%bd%d0%b8%d0%ba/ HTTP/1.1" 200 22054 "https://patrioti.net/?p=2478" "Mozilla/5.0 AppleWebKit/537.36 (KHTML, like Gecko; compatible; ClaudeBot/1.0; +claudebot@anthropic.com)"
216.73.216.22 - - [05/Apr/2026:18:50:19 +0200] "GET /?p=45406 HTTP/1.1" 301 0 "-" "Mozilla/5.0 AppleWebKit/537.36 (KHTML, like Gecko; compatible; ClaudeBot/1.0; +claudebot@anthropic.com)"
216.73.216.22 - - [05/Apr/2026:18:50:20 +0200] "GET /%d0%bd%d0%b0-%d0%b4%d0%bd%d0%b5%d1%88%d0%bd%d0%b0%d1%82%d0%b0-%d0%b4%d0%b0%d1%82%d0%b0-%d1%83%d0%bc%d0%b8%d1%80%d0%b0-%d0%bf%d0%be%d0%b5%d1%82%d1%8a%d1%82-%d0%ba%d1%80%d1%8a%d1%81%d1%82%d1%8c%d0%be/ HTTP/1.1" 200 22560 "https://patrioti.net/?p=45406" "Mozilla/5.0 AppleWebKit/537.36 (KHTML, like Gecko; compatible; ClaudeBot/1.0; +claudebot@anthropic.com)"
216.73.216.22 - - [05/Apr/2026:18:50:20 +0200] "GET /?p=43894 HTTP/1.1" 301 0 "-" "Mozilla/5.0 AppleWebKit/537.36 (KHTML, like Gecko; compatible; ClaudeBot/1.0; +claudebot@anthropic.com)"
216.73.216.22 - - [05/Apr/2026:18:50:20 +0200] "GET /%d0%bd%d0%b0-14-%d1%8e%d0%bd%d0%b8-1872-%d0%b3-%d0%b5-%d1%80%d0%be%d0%b4%d0%b5%d0%bd-%d0%b1%d1%8a%d0%bb%d0%b3%d0%b0%d1%80%d1%81%d0%ba%d0%b8%d1%8f%d1%82-%d0%bf%d0%be%d0%b5%d1%82-%d0%b8-%d1%80%d0%b5/ HTTP/1.1" 200 21270 "https://patrioti.net/?p=43894" "Mozilla/5.0 AppleWebKit/537.36 (KHTML, like Gecko; compatible; ClaudeBot/1.0; +claudebot@anthropic.com)"
216.73.216.22 - - [05/Apr/2026:18:50:20 +0200] "GET /?p=35277 HTTP/1.1" 301 0 "-" "Mozilla/5.0 AppleWebKit/537.36 (KHTML, like Gecko; compatible; ClaudeBot/1.0; +claudebot@anthropic.com)"
216.73.216.22 - - [05/Apr/2026:18:50:21 +0200] "GET /%d0%bd%d0%b0-%d0%b4%d0%bd%d0%b5%d1%88%d0%bd%d0%b0%d1%82%d0%b0-%d0%b4%d0%b0%d1%82%d0%b0-%d1%81%d0%b5-%d1%80%d0%b0%d0%b6%d0%b4%d0%b0-%d0%b0%d0%ba%d1%82%d1%80%d0%b8%d1%81%d0%b0%d1%82%d0%b0-%d0%ba%d0%b0/ HTTP/1.1" 200 20840 "https://patrioti.net/?p=35277" "Mozilla/5.0 AppleWebKit/537.36 (KHTML, like Gecko; compatible; ClaudeBot/1.0; +claudebot@anthropic.com)"
198.244.226.212 - - [05/Apr/2026:18:50:21 +0200] "GET /27-%D1%8E%D0%BB%D0%B8-%D0%B5-%D0%BF%D1%80%D0%B0%D0%B7%D0%BD%D0%B8%D0%BA-%D0%BD%D0%B0-%D1%81%D0%B2-%D0%BF%D0%B0%D0%BD%D1%82%D0%B5%D0%BB%D0%B5%D0%B9%D0%BC%D0%BE%D0%BD-%D0%B8-%D1%81%D0%B2-%D1%81%D0%B5/ HTTP/1.1" 200 21417 "-" "Mozilla/5.0 (compatible; AhrefsBot/7.0; +http://ahrefs.com/robot/)"
185.191.171.16 - - [05/Apr/2026:18:50:28 +0200] "GET /%D0%BD%D0%B0-10-%D0%BC%D0%B0%D0%B9-%D1%83%D0%BC%D0%B8%D1%80%D0%B0-%D0%B0%D1%80%D1%85-%D0%B0%D1%82%D0%B0%D0%BD%D0%B0%D1%81-%D0%B0%D0%B3%D1%83%D1%80%D0%B0/ HTTP/1.1" 200 21491 "-" "Mozilla/5.0 (compatible; SemrushBot/7~bl; +http://www.semrush.com/bot.html)"
