216.73.216.22 - - [05/Apr/2026:15:14:53 +0200] "GET /wp-content/themes/Newspaper/includes/shortcodes/td_block_exchange.php HTTP/1.1" 500 0 "-" "Mozilla/5.0 AppleWebKit/537.36 (KHTML, like Gecko; compatible; ClaudeBot/1.0; +claudebot@anthropic.com)"
51.195.215.114 - - [05/Apr/2026:15:14:54 +0200] "GET /%D0%BD%D0%B0-2-%D0%BD%D0%BE%D0%B5%D0%BC%D0%B2%D1%80%D0%B8-1945-%D0%B3-%D0%B5-%D1%80%D0%BE%D0%B4%D0%B5%D0%BD-%D0%B1%D1%8A%D0%BB%D0%B3%D0%B0%D1%80%D1%81%D0%BA%D0%B8%D1%8F%D1%82-%D1%85%D1%83%D0%B4%D0%BE/feed/ HTTP/1.1" 200 621 "-" "Mozilla/5.0 (compatible; AhrefsBot/7.0; +http://ahrefs.com/robot/)"
216.73.216.22 - - [05/Apr/2026:15:14:54 +0200] "GET /wp-content/themes/Newspaper/includes/shortcodes/td_block_big_grid_fl_9.php HTTP/1.1" 500 0 "-" "Mozilla/5.0 AppleWebKit/537.36 (KHTML, like Gecko; compatible; ClaudeBot/1.0; +claudebot@anthropic.com)"
216.73.216.22 - - [05/Apr/2026:15:14:58 +0200] "GET /wp-content/themes/Newspaper/includes/shortcodes/td_block_ad_box.php HTTP/1.1" 500 0 "-" "Mozilla/5.0 AppleWebKit/537.36 (KHTML, like Gecko; compatible; ClaudeBot/1.0; +claudebot@anthropic.com)"
198.244.183.15 - - [05/Apr/2026:15:15:02 +0200] "GET /%D0%B4%D0%BD%D0%B5%D1%81-%D1%81%D0%B8-%D1%81%D0%BF%D0%BE%D0%BC%D0%BD%D1%8F%D0%BC%D0%B5-%D0%B7%D0%B0-%D0%BF%D0%BE%D0%BB%D0%BA%D0%BE%D0%B2%D0%BD%D0%B8%D0%BA-%D0%BF%D0%B5%D1%82%D0%BA%D0%BE-%D0%B9%D0%BE/ HTTP/1.1" 502 150 "-" "Mozilla/5.0 (compatible; AhrefsBot/7.0; +http://ahrefs.com/robot/)"
216.73.216.22 - - [05/Apr/2026:15:15:03 +0200] "GET /wp-content/themes/Newspaper/includes/wp_booster/td_block_widget.php HTTP/1.1" 500 0 "-" "Mozilla/5.0 AppleWebKit/537.36 (KHTML, like Gecko; compatible; ClaudeBot/1.0; +claudebot@anthropic.com)"
207.180.11.71 - - [05/Apr/2026:15:15:06 +0200] "GET /%d0%bd%d0%b0%d1%80%d0%b8%d1%87%d0%b0%d0%bb%d0%b8-%d1%86%d0%b0%d1%80%d0%b8%d1%86%d0%b0-%d0%b5%d0%bb%d0%b5%d0%be%d0%bd%d0%be%d1%80%d0%b0-%d0%b1%d0%b5%d0%bb%d0%b8%d1%8f%d1%82-%d0%b0%d0%bd%d0%b3%d0%b5/6946117 HTTP/1.1" 301 0 "https://patrioti.net/" "Mozilla/5.0 (Windows NT 10.0; Win64; x64) AppleWebKit/537.36 (KHTML, like Gecko) Chrome/105.0.0.0 Safari/537.3"
41.34.19.80 - - [05/Apr/2026:15:15:06 +0200] "GET /%D0%BF%D0%BE%D0%BB%D0%B8%D1%82%D0%B8%D1%87%D0%B5%D1%81%D0%BA%D0%BE%D1%82%D0%BE-%D0%BA%D0%B0%D0%BD%D0%BE%D0%BD%D0%B8%D0%B7%D0%B8%D1%80%D0%B0%D0%BD%D0%B5-%D0%BD%D0%B0-%D0%B2%D0%B0%D1%81%D0%B8%D0%BB/ HTTP/1.1" 200 22077 "https://gemini.google.com/" "Mozilla/5.0 (Windows NT 10.0; Win64; x64) AppleWebKit/537.36 (KHTML, like Gecko) Chrome/146.0.0.0 Safari/537.36 Edg/146.0.0.0"
41.34.19.80 - - [05/Apr/2026:15:15:06 +0200] "GET /wp-content/themes/Newspaper/includes/demos/black/demo_style.css?ver=8.0 HTTP/1.1" 200 3586 "https://patrioti.net/%D0%BF%D0%BE%D0%BB%D0%B8%D1%82%D0%B8%D1%87%D0%B5%D1%81%D0%BA%D0%BE%D1%82%D0%BE-%D0%BA%D0%B0%D0%BD%D0%BE%D0%BD%D0%B8%D0%B7%D0%B8%D1%80%D0%B0%D0%BD%D0%B5-%D0%BD%D0%B0-%D0%B2%D0%B0%D1%81%D0%B8%D0%BB/" "Mozilla/5.0 (Windows NT 10.0; Win64; x64) AppleWebKit/537.36 (KHTML, like Gecko) Chrome/146.0.0.0 Safari/537.36 Edg/146.0.0.0"
41.34.19.80 - - [05/Apr/2026:15:15:06 +0200] "GET /wp-content/plugins/gtranslate/gtranslate-style48.css?ver=4.9.26 HTTP/1.1" 200 251 "https://patrioti.net/%D0%BF%D0%BE%D0%BB%D0%B8%D1%82%D0%B8%D1%87%D0%B5%D1%81%D0%BA%D0%BE%D1%82%D0%BE-%D0%BA%D0%B0%D0%BD%D0%BE%D0%BD%D0%B8%D0%B7%D0%B8%D1%80%D0%B0%D0%BD%D0%B5-%D0%BD%D0%B0-%D0%B2%D0%B0%D1%81%D0%B8%D0%BB/" "Mozilla/5.0 (Windows NT 10.0; Win64; x64) AppleWebKit/537.36 (KHTML, like Gecko) Chrome/146.0.0.0 Safari/537.36 Edg/146.0.0.0"
41.34.19.80 - - [05/Apr/2026:15:15:06 +0200] "GET /wp-includes/js/jquery/jquery.js?ver=1.12.4 HTTP/1.1" 200 32878 "https://patrioti.net/%D0%BF%D0%BE%D0%BB%D0%B8%D1%82%D0%B8%D1%87%D0%B5%D1%81%D0%BA%D0%BE%D1%82%D0%BE-%D0%BA%D0%B0%D0%BD%D0%BE%D0%BD%D0%B8%D0%B7%D0%B8%D1%80%D0%B0%D0%BD%D0%B5-%D0%BD%D0%B0-%D0%B2%D0%B0%D1%81%D0%B8%D0%BB/" "Mozilla/5.0 (Windows NT 10.0; Win64; x64) AppleWebKit/537.36 (KHTML, like Gecko) Chrome/146.0.0.0 Safari/537.36 Edg/146.0.0.0"
41.34.19.80 - - [05/Apr/2026:15:15:06 +0200] "GET /wp-content/uploads/2020/01/patrioti-net.jpg HTTP/1.1" 200 55245 "https://patrioti.net/%D0%BF%D0%BE%D0%BB%D0%B8%D1%82%D0%B8%D1%87%D0%B5%D1%81%D0%BA%D0%BE%D1%82%D0%BE-%D0%BA%D0%B0%D0%BD%D0%BE%D0%BD%D0%B8%D0%B7%D0%B8%D1%80%D0%B0%D0%BD%D0%B5-%D0%BD%D0%B0-%D0%B2%D0%B0%D1%81%D0%B8%D0%BB/" "Mozilla/5.0 (Windows NT 10.0; Win64; x64) AppleWebKit/537.36 (KHTML, like Gecko) Chrome/146.0.0.0 Safari/537.36 Edg/146.0.0.0"
41.34.19.80 - - [05/Apr/2026:15:15:06 +0200] "GET /wp-includes/js/jquery/jquery-migrate.min.js?ver=1.4.1 HTTP/1.1" 200 3836 "https://patrioti.net/%D0%BF%D0%BE%D0%BB%D0%B8%D1%82%D0%B8%D1%87%D0%B5%D1%81%D0%BA%D0%BE%D1%82%D0%BE-%D0%BA%D0%B0%D0%BD%D0%BE%D0%BD%D0%B8%D0%B7%D0%B8%D1%80%D0%B0%D0%BD%D0%B5-%D0%BD%D0%B0-%D0%B2%D0%B0%D1%81%D0%B8%D0%BB/" "Mozilla/5.0 (Windows NT 10.0; Win64; x64) AppleWebKit/537.36 (KHTML, like Gecko) Chrome/146.0.0.0 Safari/537.36 Edg/146.0.0.0"
41.34.19.80 - - [05/Apr/2026:15:15:06 +0200] "GET /wp-content/themes/Newspaper/style.css?ver=8.0 HTTP/1.1" 200 107094 "https://patrioti.net/%D0%BF%D0%BE%D0%BB%D0%B8%D1%82%D0%B8%D1%87%D0%B5%D1%81%D0%BA%D0%BE%D1%82%D0%BE-%D0%BA%D0%B0%D0%BD%D0%BE%D0%BD%D0%B8%D0%B7%D0%B8%D1%80%D0%B0%D0%BD%D0%B5-%D0%BD%D0%B0-%D0%B2%D0%B0%D1%81%D0%B8%D0%BB/" "Mozilla/5.0 (Windows NT 10.0; Win64; x64) AppleWebKit/537.36 (KHTML, like Gecko) Chrome/146.0.0.0 Safari/537.36 Edg/146.0.0.0"
41.34.19.80 - - [05/Apr/2026:15:15:07 +0200] "GET /wp-content/uploads/2019/06/135817932191821.jpg HTTP/1.1" 200 88389 "https://patrioti.net/%D0%BF%D0%BE%D0%BB%D0%B8%D1%82%D0%B8%D1%87%D0%B5%D1%81%D0%BA%D0%BE%D1%82%D0%BE-%D0%BA%D0%B0%D0%BD%D0%BE%D0%BD%D0%B8%D0%B7%D0%B8%D1%80%D0%B0%D0%BD%D0%B5-%D0%BD%D0%B0-%D0%B2%D0%B0%D1%81%D0%B8%D0%BB/" "Mozilla/5.0 (Windows NT 10.0; Win64; x64) AppleWebKit/537.36 (KHTML, like Gecko) Chrome/146.0.0.0 Safari/537.36 Edg/146.0.0.0"
41.34.19.80 - - [05/Apr/2026:15:15:07 +0200] "GET /wp-content/uploads/2018/11/11.11_sv_Teodor_St-218x150.jpg HTTP/1.1" 200 16291 "https://patrioti.net/%D0%BF%D0%BE%D0%BB%D0%B8%D1%82%D0%B8%D1%87%D0%B5%D1%81%D0%BA%D0%BE%D1%82%D0%BE-%D0%BA%D0%B0%D0%BD%D0%BE%D0%BD%D0%B8%D0%B7%D0%B8%D1%80%D0%B0%D0%BD%D0%B5-%D0%BD%D0%B0-%D0%B2%D0%B0%D1%81%D0%B8%D0%BB/" "Mozilla/5.0 (Windows NT 10.0; Win64; x64) AppleWebKit/537.36 (KHTML, like Gecko) Chrome/146.0.0.0 Safari/537.36 Edg/146.0.0.0"
41.34.19.80 - - [05/Apr/2026:15:15:07 +0200] "GET /wp-content/themes/Newspaper/js/tagdiv_theme.js?ver=8.0 HTTP/1.1" 200 94318 "https://patrioti.net/%D0%BF%D0%BE%D0%BB%D0%B8%D1%82%D0%B8%D1%87%D0%B5%D1%81%D0%BA%D0%BE%D1%82%D0%BE-%D0%BA%D0%B0%D0%BD%D0%BE%D0%BD%D0%B8%D0%B7%D0%B8%D1%80%D0%B0%D0%BD%D0%B5-%D0%BD%D0%B0-%D0%B2%D0%B0%D1%81%D0%B8%D0%BB/" "Mozilla/5.0 (Windows NT 10.0; Win64; x64) AppleWebKit/537.36 (KHTML, like Gecko) Chrome/146.0.0.0 Safari/537.36 Edg/146.0.0.0"
41.34.19.80 - - [05/Apr/2026:15:15:07 +0200] "GET /wp-content/plugins/gtranslate/flags/48/bg.png HTTP/1.1" 200 624 "https://patrioti.net/%D0%BF%D0%BE%D0%BB%D0%B8%D1%82%D0%B8%D1%87%D0%B5%D1%81%D0%BA%D0%BE%D1%82%D0%BE-%D0%BA%D0%B0%D0%BD%D0%BE%D0%BD%D0%B8%D0%B7%D0%B8%D1%80%D0%B0%D0%BD%D0%B5-%D0%BD%D0%B0-%D0%B2%D0%B0%D1%81%D0%B8%D0%BB/" "Mozilla/5.0 (Windows NT 10.0; Win64; x64) AppleWebKit/537.36 (KHTML, like Gecko) Chrome/146.0.0.0 Safari/537.36 Edg/146.0.0.0"
41.34.19.80 - - [05/Apr/2026:15:15:07 +0200] "GET /wp-content/uploads/2019/02/154330745970276-218x150.jpg HTTP/1.1" 200 14220 "https://patrioti.net/%D0%BF%D0%BE%D0%BB%D0%B8%D1%82%D0%B8%D1%87%D0%B5%D1%81%D0%BA%D0%BE%D1%82%D0%BE-%D0%BA%D0%B0%D0%BD%D0%BE%D0%BD%D0%B8%D0%B7%D0%B8%D1%80%D0%B0%D0%BD%D0%B5-%D0%BD%D0%B0-%D0%B2%D0%B0%D1%81%D0%B8%D0%BB/" "Mozilla/5.0 (Windows NT 10.0; Win64; x64) AppleWebKit/537.36 (KHTML, like Gecko) Chrome/146.0.0.0 Safari/537.36 Edg/146.0.0.0"
41.34.19.80 - - [05/Apr/2026:15:15:07 +0200] "GET /wp-content/uploads/2019/02/baba-Tonka-1-410x280.jpg HTTP/1.1" 200 17389 "https://patrioti.net/%D0%BF%D0%BE%D0%BB%D0%B8%D1%82%D0%B8%D1%87%D0%B5%D1%81%D0%BA%D0%BE%D1%82%D0%BE-%D0%BA%D0%B0%D0%BD%D0%BE%D0%BD%D0%B8%D0%B7%D0%B8%D1%80%D0%B0%D0%BD%D0%B5-%D0%BD%D0%B0-%D0%B2%D0%B0%D1%81%D0%B8%D0%BB/" "Mozilla/5.0 (Windows NT 10.0; Win64; x64) AppleWebKit/537.36 (KHTML, like Gecko) Chrome/146.0.0.0 Safari/537.36 Edg/146.0.0.0"
41.34.19.80 - - [05/Apr/2026:15:15:07 +0200] "GET /wp-content/plugins/gtranslate/flags/48/hy.png HTTP/1.1" 200 787 "https://patrioti.net/%D0%BF%D0%BE%D0%BB%D0%B8%D1%82%D0%B8%D1%87%D0%B5%D1%81%D0%BA%D0%BE%D1%82%D0%BE-%D0%BA%D0%B0%D0%BD%D0%BE%D0%BD%D0%B8%D0%B7%D0%B8%D1%80%D0%B0%D0%BD%D0%B5-%D0%BD%D0%B0-%D0%B2%D0%B0%D1%81%D0%B8%D0%BB/" "Mozilla/5.0 (Windows NT 10.0; Win64; x64) AppleWebKit/537.36 (KHTML, like Gecko) Chrome/146.0.0.0 Safari/537.36 Edg/146.0.0.0"
41.34.19.80 - - [05/Apr/2026:15:15:07 +0200] "GET /wp-content/plugins/gtranslate/flags/48/ru.png HTTP/1.1" 200 551 "https://patrioti.net/%D0%BF%D0%BE%D0%BB%D0%B8%D1%82%D0%B8%D1%87%D0%B5%D1%81%D0%BA%D0%BE%D1%82%D0%BE-%D0%BA%D0%B0%D0%BD%D0%BE%D0%BD%D0%B8%D0%B7%D0%B8%D1%80%D0%B0%D0%BD%D0%B5-%D0%BD%D0%B0-%D0%B2%D0%B0%D1%81%D0%B8%D0%BB/" "Mozilla/5.0 (Windows NT 10.0; Win64; x64) AppleWebKit/537.36 (KHTML, like Gecko) Chrome/146.0.0.0 Safari/537.36 Edg/146.0.0.0"
41.34.19.80 - - [05/Apr/2026:15:15:07 +0200] "GET /wp-content/plugins/gtranslate/flags/48/es.png HTTP/1.1" 200 1397 "https://patrioti.net/%D0%BF%D0%BE%D0%BB%D0%B8%D1%82%D0%B8%D1%87%D0%B5%D1%81%D0%BA%D0%BE%D1%82%D0%BE-%D0%BA%D0%B0%D0%BD%D0%BE%D0%BD%D0%B8%D0%B7%D0%B8%D1%80%D0%B0%D0%BD%D0%B5-%D0%BD%D0%B0-%D0%B2%D0%B0%D1%81%D0%B8%D0%BB/" "Mozilla/5.0 (Windows NT 10.0; Win64; x64) AppleWebKit/537.36 (KHTML, like Gecko) Chrome/146.0.0.0 Safari/537.36 Edg/146.0.0.0"
41.34.19.80 - - [05/Apr/2026:15:15:07 +0200] "GET /wp-content/themes/Newspaper/images/icons/newspaper.woff?14 HTTP/1.1" 200 15184 "https://patrioti.net/wp-content/themes/Newspaper/style.css?ver=8.0" "Mozilla/5.0 (Windows NT 10.0; Win64; x64) AppleWebKit/537.36 (KHTML, like Gecko) Chrome/146.0.0.0 Safari/537.36 Edg/146.0.0.0"
41.34.19.80 - - [05/Apr/2026:15:15:07 +0200] "GET /wp-content/plugins/onesignal-free-web-push-notifications/sdk_files/manifest.json.php?gcm_sender_id= HTTP/1.1" 200 91 "https://patrioti.net/%D0%BF%D0%BE%D0%BB%D0%B8%D1%82%D0%B8%D1%87%D0%B5%D1%81%D0%BA%D0%BE%D1%82%D0%BE-%D0%BA%D0%B0%D0%BD%D0%BE%D0%BD%D0%B8%D0%B7%D0%B8%D1%80%D0%B0%D0%BD%D0%B5-%D0%BD%D0%B0-%D0%B2%D0%B0%D1%81%D0%B8%D0%BB/" "Mozilla/5.0 (Windows NT 10.0; Win64; x64) AppleWebKit/537.36 (KHTML, like Gecko) Chrome/146.0.0.0 Safari/537.36 Edg/146.0.0.0"
216.73.216.22 - - [05/Apr/2026:15:15:08 +0200] "GET /wp-content/themes/Newspaper/includes/shortcodes/td_block_11.php HTTP/1.1" 500 0 "-" "Mozilla/5.0 AppleWebKit/537.36 (KHTML, like Gecko; compatible; ClaudeBot/1.0; +claudebot@anthropic.com)"
216.73.216.22 - - [05/Apr/2026:15:15:13 +0200] "GET /wp-content/themes/Newspaper/includes/shortcodes/td_block_25.php HTTP/1.1" 500 0 "-" "Mozilla/5.0 AppleWebKit/537.36 (KHTML, like Gecko; compatible; ClaudeBot/1.0; +claudebot@anthropic.com)"
103.50.21.10 - - [05/Apr/2026:15:15:18 +0200] "GET /%d0%bd%d0%b0%d1%80%d0%b8%d1%87%d0%b0%d0%bb%d0%b8-%d1%86%d0%b0%d1%80%d0%b8%d1%86%d0%b0-%d0%b5%d0%bb%d0%b5%d0%be%d0%bd%d0%be%d1%80%d0%b0-%d0%b1%d0%b5%d0%bb%d0%b8%d1%8f%d1%82-%d0%b0%d0%bd%d0%b3%d0%b5/6946117 HTTP/1.1" 301 0 "https://patrioti.net/" "Mozilla/5.0 (Windows NT 10.0; Win64; x64) AppleWebKit/537.36 (KHTML, like Gecko) Chrome/105.0.0.0 Safari/537.3"
161.97.137.93 - - [05/Apr/2026:15:15:27 +0200] "POST /wp-cron.php?doing_wp_cron=1775394926.6776380538940429687500 HTTP/1.1" 404 15247 "https://patrioti.net/wp-cron.php?doing_wp_cron=1775394926.6776380538940429687500" "WordPress/4.9.26; https://patrioti.net"
51.195.183.122 - - [05/Apr/2026:15:15:27 +0200] "GET /%D0%BF%D0%B0%D0%BC%D0%B5%D1%82%D0%BD%D0%B8%D0%BA%D1%8A%D1%82-%D0%BD%D0%B0-%D1%85%D0%B0%D0%BD-%D0%B0%D1%81%D0%BF%D0%B0%D1%80%D1%83%D1%85-%D0%B2-%D1%81%D1%82%D1%80%D0%B5%D0%BB%D1%87%D0%B0/ HTTP/1.1" 200 20145 "-" "Mozilla/5.0 (compatible; AhrefsBot/7.0; +http://ahrefs.com/robot/)"
66.249.69.132 - - [05/Apr/2026:15:15:37 +0200] "GET /wp-includes/Requests/Exception/HTTP/409.php HTTP/1.1" 500 0 "-" "Mozilla/5.0 (Linux; Android 6.0.1; Nexus 5X Build/MMB29P) AppleWebKit/537.36 (KHTML, like Gecko) Chrome/146.0.7680.177 Mobile Safari/537.36 (compatible; Googlebot/2.1; +http://www.google.com/bot.html)"
69.167.171.193 - - [05/Apr/2026:15:15:37 +0200] "GET /wp-login.php HTTP/1.1" 200 1168 "-" "Mozilla/5.0 (MSIE 9.0; Windows NT 10.0; WOW64; Trident/7.0; rv:11.0) like Gecko"
69.167.171.193 - - [05/Apr/2026:15:15:38 +0200] "POST /wp-login.php HTTP/1.1" 200 1530 "https://patrioti.net/wp-login.php" "Mozilla/5.0 (MSIE 9.0; Windows NT 10.0; WOW64; Trident/7.0; rv:11.0) like Gecko"
116.179.32.158 - - [05/Apr/2026:15:15:39 +0200] "GET /?p=1129 HTTP/1.1" 301 0 "-" "Mozilla/5.0 (compatible; Baiduspider/2.0; +http://www.baidu.com/search/spider.html)"
116.179.32.41 - - [05/Apr/2026:15:15:41 +0200] "GET /%D0%B6%D0%B8%D0%B2%D0%BE%D0%BF%D0%B8%D1%81%D0%BD%D0%B8%D1%8F%D1%82-%D1%87%D0%B5%D1%80%D0%B5%D0%BF%D0%B8%D1%88%D0%BA%D0%B8-%D0%BC%D0%B0%D0%BD%D0%B0%D1%81%D1%82%D0%B8%D1%80/ HTTP/1.1" 200 21132 "-" "Mozilla/5.0 (compatible; Baiduspider/2.0; +http://www.baidu.com/search/spider.html)"
216.73.216.22 - - [05/Apr/2026:15:15:50 +0200] "GET /wp-content/themes/Newspaper/includes/wp_booster/td_fonts.php HTTP/1.1" 500 0 "-" "Mozilla/5.0 AppleWebKit/537.36 (KHTML, like Gecko; compatible; ClaudeBot/1.0; +claudebot@anthropic.com)"
216.73.216.22 - - [05/Apr/2026:15:15:50 +0200] "GET /wp-content/themes/Newspaper/includes/block_templates/td_block_template_8.php HTTP/1.1" 500 0 "-" "Mozilla/5.0 AppleWebKit/537.36 (KHTML, like Gecko; compatible; ClaudeBot/1.0; +claudebot@anthropic.com)"
17.22.237.38 - - [05/Apr/2026:15:15:52 +0200] "GET /page/615/ HTTP/1.1" 200 17538 "-" "Mozilla/5.0 (Macintosh; Intel Mac OS X 10_15_7) AppleWebKit/605.1.15 (KHTML, like Gecko) Version/17.4 Safari/605.1.15 (Applebot/0.1; +http://www.apple.com/go/applebot)"
216.73.216.22 - - [05/Apr/2026:15:15:55 +0200] "GET /wp-content/themes/Newspaper/includes/block_templates/td_block_template_4.php HTTP/1.1" 500 0 "-" "Mozilla/5.0 AppleWebKit/537.36 (KHTML, like Gecko; compatible; ClaudeBot/1.0; +claudebot@anthropic.com)"
216.73.216.22 - - [05/Apr/2026:15:15:56 +0200] "GET /wp-content/themes/Newspaper/includes/demos/erotic/td_media_2.php HTTP/1.1" 500 0 "-" "Mozilla/5.0 AppleWebKit/537.36 (KHTML, like Gecko; compatible; ClaudeBot/1.0; +claudebot@anthropic.com)"
216.73.216.22 - - [05/Apr/2026:15:15:57 +0200] "GET /wp-content/themes/Newspaper/includes/demos/voice/td_media_4.php HTTP/1.1" 500 0 "-" "Mozilla/5.0 AppleWebKit/537.36 (KHTML, like Gecko; compatible; ClaudeBot/1.0; +claudebot@anthropic.com)"
216.73.216.22 - - [05/Apr/2026:15:16:00 +0200] "GET /wp-content/themes/Newspaper/includes/smart_lists/td_smart_list_5.php HTTP/1.1" 500 0 "-" "Mozilla/5.0 AppleWebKit/537.36 (KHTML, like Gecko; compatible; ClaudeBot/1.0; +claudebot@anthropic.com)"
216.73.216.22 - - [05/Apr/2026:15:16:03 +0200] "GET /wp-content/themes/Newspaper/includes/demos/lifestyle/td_import.php HTTP/1.1" 502 150 "-" "Mozilla/5.0 AppleWebKit/537.36 (KHTML, like Gecko; compatible; ClaudeBot/1.0; +claudebot@anthropic.com)"
54.38.147.7 - - [05/Apr/2026:15:16:03 +0200] "GET /tag/patrioti-net/page/33/ HTTP/1.1" 502 150 "-" "Mozilla/5.0 (compatible; AhrefsBot/7.0; +http://ahrefs.com/robot/)"
216.73.216.22 - - [05/Apr/2026:15:16:05 +0200] "GET /wp-content/themes/Newspaper/includes/wp_booster/td_global.php HTTP/1.1" 500 0 "-" "Mozilla/5.0 AppleWebKit/537.36 (KHTML, like Gecko; compatible; ClaudeBot/1.0; +claudebot@anthropic.com)"
216.73.216.22 - - [05/Apr/2026:15:16:07 +0200] "GET /wp-content/themes/Newspaper/includes/demos/video/td_media_4.php HTTP/1.1" 500 0 "-" "Mozilla/5.0 AppleWebKit/537.36 (KHTML, like Gecko; compatible; ClaudeBot/1.0; +claudebot@anthropic.com)"
216.73.216.22 - - [05/Apr/2026:15:16:10 +0200] "GET /wp-content/themes/Newspaper/includes/smart_lists/td_smart_list_4.php HTTP/1.1" 500 0 "-" "Mozilla/5.0 AppleWebKit/537.36 (KHTML, like Gecko; compatible; ClaudeBot/1.0; +claudebot@anthropic.com)"
66.249.69.134 - - [05/Apr/2026:15:16:11 +0200] "GET /page/484/ HTTP/1.1" 200 17547 "-" "Mozilla/5.0 (Linux; Android 6.0.1; Nexus 5X Build/MMB29P) AppleWebKit/537.36 (KHTML, like Gecko) Chrome/146.0.7680.177 Mobile Safari/537.36 (compatible; Googlebot/2.1; +http://www.google.com/bot.html)"
216.73.216.22 - - [05/Apr/2026:15:16:12 +0200] "GET /wp-content/themes/Newspaper/includes/demos/gadgets/td_media_4.php HTTP/1.1" 500 0 "-" "Mozilla/5.0 AppleWebKit/537.36 (KHTML, like Gecko; compatible; ClaudeBot/1.0; +claudebot@anthropic.com)"
216.73.216.22 - - [05/Apr/2026:15:16:15 +0200] "GET /wp-content/themes/Newspaper/includes/shortcodes/td_block_trending_now.php HTTP/1.1" 500 0 "-" "Mozilla/5.0 AppleWebKit/537.36 (KHTML, like Gecko; compatible; ClaudeBot/1.0; +claudebot@anthropic.com)"
46.250.175.128 - - [05/Apr/2026:15:16:16 +0200] "GET /2019/12/29/page/2/ HTTP/1.1" 200 15643 "-" "Mozilla/5.0 (Macintosh; Intel Mac OS X 10_15_7) AppleWebKit/537.36 (KHTML, like Gecko) Chrome/142.0.0.0 Safari/537.36"
216.73.216.22 - - [05/Apr/2026:15:16:19 +0200] "GET /wp-content/themes/Newspaper/includes/wp_booster/wp-admin/panel/td_panel.php HTTP/1.1" 500 0 "-" "Mozilla/5.0 AppleWebKit/537.36 (KHTML, like Gecko; compatible; ClaudeBot/1.0; +claudebot@anthropic.com)"
216.73.216.22 - - [05/Apr/2026:15:16:19 +0200] "GET /wp-content/themes/Newspaper/includes/demos/default/td_media_6.php HTTP/1.1" 500 0 "-" "Mozilla/5.0 AppleWebKit/537.36 (KHTML, like Gecko; compatible; ClaudeBot/1.0; +claudebot@anthropic.com)"
216.73.216.22 - - [05/Apr/2026:15:16:20 +0200] "GET /wp-content/themes/Newspaper/includes/block_templates/td_block_template_2.php HTTP/1.1" 500 0 "-" "Mozilla/5.0 AppleWebKit/537.36 (KHTML, like Gecko; compatible; ClaudeBot/1.0; +claudebot@anthropic.com)"
216.73.216.22 - - [05/Apr/2026:15:16:24 +0200] "GET /wp-content/themes/Newspaper/includes/demos/default/td_media_5.php HTTP/1.1" 500 0 "-" "Mozilla/5.0 AppleWebKit/537.36 (KHTML, like Gecko; compatible; ClaudeBot/1.0; +claudebot@anthropic.com)"
216.73.216.22 - - [05/Apr/2026:15:16:29 +0200] "GET /wp-content/themes/Newspaper/includes/shortcodes/td_block_video_youtube.php HTTP/1.1" 500 0 "-" "Mozilla/5.0 AppleWebKit/537.36 (KHTML, like Gecko; compatible; ClaudeBot/1.0; +claudebot@anthropic.com)"
40.77.167.79 - - [05/Apr/2026:15:16:33 +0200] "GET /wp-content/uploads/2019/07/1400-2_tn_0-306x420.jpg HTTP/1.1" 200 24183 "-" "Mozilla/5.0 AppleWebKit/537.36 (KHTML, like Gecko; compatible; bingbot/2.0; +http://www.bing.com/bingbot.htm) Chrome/116.0.1938.76 Safari/537.36"
216.73.216.22 - - [05/Apr/2026:15:16:34 +0200] "GET /wp-content/themes/Newspaper/includes/block_templates/td_block_template_17.php HTTP/1.1" 500 0 "-" "Mozilla/5.0 AppleWebKit/537.36 (KHTML, like Gecko; compatible; ClaudeBot/1.0; +claudebot@anthropic.com)"
40.77.167.63 - - [05/Apr/2026:15:16:38 +0200] "GET /wp-content/uploads/2019/01/136195772057255.jpg HTTP/1.1" 200 75878 "-" "Mozilla/5.0 AppleWebKit/537.36 (KHTML, like Gecko; compatible; bingbot/2.0; +http://www.bing.com/bingbot.htm) Chrome/116.0.1938.76 Safari/537.36"
216.73.216.22 - - [05/Apr/2026:15:16:39 +0200] "GET /wp-content/themes/Newspaper/includes/block_templates/td_block_template_12.php HTTP/1.1" 500 0 "-" "Mozilla/5.0 AppleWebKit/537.36 (KHTML, like Gecko; compatible; ClaudeBot/1.0; +claudebot@anthropic.com)"
216.73.216.22 - - [05/Apr/2026:15:16:44 +0200] "GET /wp-content/themes/Newspaper/includes/block_templates/td_block_template_10.php HTTP/1.1" 500 0 "-" "Mozilla/5.0 AppleWebKit/537.36 (KHTML, like Gecko; compatible; ClaudeBot/1.0; +claudebot@anthropic.com)"
157.245.141.111 - - [05/Apr/2026:15:16:48 +0200] "GET /wp-content/uploads/2018/09/Atse_Dorev_Patele.jpg%20417w,%20https://patrioti.net/wp-content/uploads/2018/09/Atse_Dorev_Patele-293x420.jpg%20293w HTTP/1.1" 301 0 "https://patrioti.net/" "Mozilla/5.0 (Windows NT 10.0; Win64; x64) AppleWebKit/537.36 (KHTML, like Gecko) Chrome/104.0.5112.81 Safari/537.36"
157.245.141.111 - - [05/Apr/2026:15:16:50 +0200] "GET /wp-content/uploads/2018/09/Atse_Dorev_Patele.jpg%20417w,%20https:/patrioti.net/wp-content/uploads/2018/09/Atse_Dorev_Patele-293x420.jpg%20293w HTTP/1.1" 404 15247 "https://patrioti.net/" "Mozilla/5.0 (Windows NT 10.0; Win64; x64) AppleWebKit/537.36 (KHTML, like Gecko) Chrome/104.0.5112.81 Safari/537.36"
51.195.215.52 - - [05/Apr/2026:15:16:50 +0200] "GET /wp-content/cache/page_enhanced/patrioti.net/%D0%BD%D0%B0-7-%D0%B4%D0%B5%D0%BA%D0%B5%D0%BC%D0%B2%D1%80%D0%B8-1937-%D0%B3-%D1%83%D0%BC%D0%B8%D1%80%D0%B0-%D0%BF%D0%B8%D1%81%D0%B0%D1%82%D0%B5%D0%BB%D1%8F%D1%82-%D0%B0%D0%BD%D1%82%D0%BE%D0%BD-%D1%81/?C=N;O=A HTTP/1.1" 200 423 "-" "Mozilla/5.0 (compatible; AhrefsBot/7.0; +http://ahrefs.com/robot/)"
143.198.91.118 - - [05/Apr/2026:15:16:52 +0200] "GET /%d0%b4%d0%bd%d0%b5%d1%81-%d1%81%d0%b8-%d1%81%d0%bf%d0%be%d0%bc%d0%bd%d1%8f%d0%bc%d0%b5-%d0%b7%d0%b0-%d0%b0%d0%ba%d0%b0%d0%b4-%d0%b5%d0%b2%d0%b3%d0%b5%d0%bd%d0%b8-%d0%bc%d0%b0%d1%82%d0%b5%d0%b5%d0%b2/15112032/ HTTP/1.1" 200 21350 "http://patrioti.net/" "Mozilla/5.0 (Windows NT 10.0; Win64; x64) AppleWebKit/537.36 (KHTML, like Gecko) Chrome/117.0.0.0 Safari/537.36"
216.73.216.22 - - [05/Apr/2026:15:16:57 +0200] "GET /wp-content/themes/Newspaper/includes/demos/college/td_media_4.php HTTP/1.1" 500 0 "-" "Mozilla/5.0 AppleWebKit/537.36 (KHTML, like Gecko; compatible; ClaudeBot/1.0; +claudebot@anthropic.com)"
216.73.216.22 - - [05/Apr/2026:15:17:14 +0200] "GET /wp-content/themes/Newspaper/includes/demos/sound_radar/td_media_2.php HTTP/1.1" 500 0 "-" "Mozilla/5.0 AppleWebKit/537.36 (KHTML, like Gecko; compatible; ClaudeBot/1.0; +claudebot@anthropic.com)"
216.73.216.22 - - [05/Apr/2026:15:17:16 +0200] "GET /wp-content/themes/Newspaper/includes/demos/church/td_media_6.php HTTP/1.1" 500 0 "-" "Mozilla/5.0 AppleWebKit/537.36 (KHTML, like Gecko; compatible; ClaudeBot/1.0; +claudebot@anthropic.com)"
66.249.69.133 - - [05/Apr/2026:15:17:17 +0200] "GET /tag/%D0%BD%D0%BE%D1%81%D0%B8%D1%82%D0%B5%D0%BB-%D0%BD%D0%B0-%D0%BA%D1%83%D0%BF%D0%B0%D1%82%D0%B0-%D0%BD%D0%B0-%D1%81%D1%8A%D0%B2%D0%B5%D1%82%D1%81%D0%BA%D0%B0%D1%82%D0%B0-%D0%B0%D1%80%D0%BC%D0%B8%D1%8F/ HTTP/1.1" 200 15817 "-" "Mozilla/5.0 (Linux; Android 6.0.1; Nexus 5X Build/MMB29P) AppleWebKit/537.36 (KHTML, like Gecko) Chrome/146.0.7680.177 Mobile Safari/537.36 (compatible; Googlebot/2.1; +http://www.google.com/bot.html)"
216.73.216.22 - - [05/Apr/2026:15:17:21 +0200] "GET /wp-content/themes/Newspaper/includes/demos/church/td_media_4.php HTTP/1.1" 500 0 "-" "Mozilla/5.0 AppleWebKit/537.36 (KHTML, like Gecko; compatible; ClaudeBot/1.0; +claudebot@anthropic.com)"
216.73.216.22 - - [05/Apr/2026:15:17:26 +0200] "GET /wp-content/themes/Newspaper/includes/demos/blog/td_media_1.php HTTP/1.1" 500 0 "-" "Mozilla/5.0 AppleWebKit/537.36 (KHTML, like Gecko; compatible; ClaudeBot/1.0; +claudebot@anthropic.com)"
185.191.171.10 - - [05/Apr/2026:15:17:30 +0200] "GET /category/%D0%BD%D0%B0-%D1%82%D0%BE%D0%B7%D0%B8-%D0%B4%D0%B5%D0%BD/page/16/ HTTP/1.1" 200 19563 "-" "Mozilla/5.0 (compatible; SemrushBot/7~bl; +http://www.semrush.com/bot.html)"
216.73.216.22 - - [05/Apr/2026:15:17:31 +0200] "GET /wp-content/themes/Newspaper/includes/demos/college/td_media_1.php HTTP/1.1" 500 0 "-" "Mozilla/5.0 AppleWebKit/537.36 (KHTML, like Gecko; compatible; ClaudeBot/1.0; +claudebot@anthropic.com)"
216.73.216.22 - - [05/Apr/2026:15:17:36 +0200] "GET /wp-content/themes/Newspaper/includes/demos/craft_ideas/td_media_1.php HTTP/1.1" 500 0 "-" "Mozilla/5.0 AppleWebKit/537.36 (KHTML, like Gecko; compatible; ClaudeBot/1.0; +claudebot@anthropic.com)"
185.191.171.10 - - [05/Apr/2026:15:17:40 +0200] "GET /6-%D0%B0%D0%B2%D0%B3%D1%83%D1%81%D1%82-%D0%B4%D0%BD%D0%B5%D1%81-%D0%B5-%D0%BF%D1%80%D0%B5%D0%BE%D0%B1%D1%80%D0%B0%D0%B6%D0%B5%D0%BD%D0%B8%D0%B5-%D0%B3%D0%BE%D1%81%D0%BF%D0%BE%D0%B4%D0%BD%D0%B5/ HTTP/1.1" 200 22094 "-" "Mozilla/5.0 (compatible; SemrushBot/7~bl; +http://www.semrush.com/bot.html)"
216.73.216.22 - - [05/Apr/2026:15:17:41 +0200] "GET /wp-content/themes/Newspaper/includes/demos/recipes/td_media_1.php HTTP/1.1" 500 0 "-" "Mozilla/5.0 AppleWebKit/537.36 (KHTML, like Gecko; compatible; ClaudeBot/1.0; +claudebot@anthropic.com)"
216.73.216.22 - - [05/Apr/2026:15:17:46 +0200] "GET /wp-content/themes/Newspaper/includes/demos/blog/td_media_4.php HTTP/1.1" 500 0 "-" "Mozilla/5.0 AppleWebKit/537.36 (KHTML, like Gecko; compatible; ClaudeBot/1.0; +claudebot@anthropic.com)"
43.156.154.43 - - [05/Apr/2026:15:17:53 +0200] "GET /tag/%D0%B1%D1%8A%D0%BB%D0%B3%D0%B0%D1%80%D1%81%D0%BA%D0%B0-%D0%BC%D0%B5%D1%87%D1%82%D0%B0/page/3/ HTTP/1.1" 200 17557 "-" "Mozilla/5.0 (Macintosh; Intel Mac OS X 10_15_7) AppleWebKit/537.36 (KHTML, like Gecko) Chrome/141.0.0.0 Safari/537.36"
216.73.216.22 - - [05/Apr/2026:15:17:57 +0200] "GET /wp-content/themes/Newspaper/includes/demos/blog_beauty/td_import.php HTTP/1.1" 500 0 "-" "Mozilla/5.0 AppleWebKit/537.36 (KHTML, like Gecko; compatible; ClaudeBot/1.0; +claudebot@anthropic.com)"
216.73.216.22 - - [05/Apr/2026:15:17:58 +0200] "GET /wp-content/themes/Newspaper/includes/demos/lifestyle/td_media_3.php HTTP/1.1" 500 0 "-" "Mozilla/5.0 AppleWebKit/537.36 (KHTML, like Gecko; compatible; ClaudeBot/1.0; +claudebot@anthropic.com)"
198.244.242.49 - - [05/Apr/2026:15:18:03 +0200] "GET /wp-content/cache/page_enhanced/patrioti.net/%D0%B4%D0%BD%D0%B5%D1%81-%D0%B5-%D1%80%D0%BE%D0%B4%D0%B5%D0%BD%D0%B0-%D0%B1%D1%8A%D0%BB%D0%B3%D0%B0%D1%80%D1%81%D0%BA%D0%B0%D1%82%D0%B0-%D0%B2%D0%BE%D0%BB%D0%B5%D0%B9%D0%B1%D0%BE%D0%BB%D0%B8%D1%81-2/?C=N;O=A HTTP/1.1" 502 150 "-" "Mozilla/5.0 (compatible; AhrefsBot/7.0; +http://ahrefs.com/robot/)"
216.73.216.22 - - [05/Apr/2026:15:18:03 +0200] "GET /wp-content/themes/Newspaper/includes/demos/sound_radar/td_media_5.php HTTP/1.1" 502 150 "-" "Mozilla/5.0 AppleWebKit/537.36 (KHTML, like Gecko; compatible; ClaudeBot/1.0; +claudebot@anthropic.com)"
216.73.216.22 - - [05/Apr/2026:15:18:04 +0200] "GET /%d0%bb%d0%b5%d0%b3%d0%b5%d0%bd%d0%b4%d0%b0-%d0%b7%d0%b0-%d0%b4%d0%b0%d0%b9%d1%87%d0%be-%d0%b2%d0%be%d0%b9%d0%b2%d0%be%d0%b4%d0%b0 HTTP/1.1" 301 0 "-" "Mozilla/5.0 AppleWebKit/537.36 (KHTML, like Gecko; compatible; ClaudeBot/1.0; +claudebot@anthropic.com)"
216.73.216.22 - - [05/Apr/2026:15:18:05 +0200] "GET /%d0%bb%d0%b5%d0%b3%d0%b5%d0%bd%d0%b4%d0%b0-%d0%b7%d0%b0-%d0%b4%d0%b0%d0%b9%d1%87%d0%be-%d0%b2%d0%be%d0%b9%d0%b2%d0%be%d0%b4%d0%b0/ HTTP/1.1" 200 20907 "https://patrioti.net/%d0%bb%d0%b5%d0%b3%d0%b5%d0%bd%d0%b4%d0%b0-%d0%b7%d0%b0-%d0%b4%d0%b0%d0%b9%d1%87%d0%be-%d0%b2%d0%be%d0%b9%d0%b2%d0%be%d0%b4%d0%b0" "Mozilla/5.0 AppleWebKit/537.36 (KHTML, like Gecko; compatible; ClaudeBot/1.0; +claudebot@anthropic.com)"
216.73.216.22 - - [05/Apr/2026:15:18:06 +0200] "GET /%d0%bb%d0%b5%d0%b3%d0%b5%d0%bd%d0%b4%d0%b0-%d0%b7%d0%b0-%d1%81%d0%b5%d0%bb%d0%be-%d0%b4%d1%80%d0%b0%d0%b3%d0%be%d0%b5%d0%b2%d0%be HTTP/1.1" 301 0 "-" "Mozilla/5.0 AppleWebKit/537.36 (KHTML, like Gecko; compatible; ClaudeBot/1.0; +claudebot@anthropic.com)"
216.73.216.22 - - [05/Apr/2026:15:18:07 +0200] "GET /%d0%bb%d0%b5%d0%b3%d0%b5%d0%bd%d0%b4%d0%b0-%d0%b7%d0%b0-%d1%81%d0%b5%d0%bb%d0%be-%d0%b4%d1%80%d0%b0%d0%b3%d0%be%d0%b5%d0%b2%d0%be/ HTTP/1.1" 200 21213 "https://patrioti.net/%d0%bb%d0%b5%d0%b3%d0%b5%d0%bd%d0%b4%d0%b0-%d0%b7%d0%b0-%d1%81%d0%b5%d0%bb%d0%be-%d0%b4%d1%80%d0%b0%d0%b3%d0%be%d0%b5%d0%b2%d0%be" "Mozilla/5.0 AppleWebKit/537.36 (KHTML, like Gecko; compatible; ClaudeBot/1.0; +claudebot@anthropic.com)"
216.73.216.22 - - [05/Apr/2026:15:18:08 +0200] "GET /wp-content/themes/Newspaper/includes/demos/lifestyle/td_media_2.php HTTP/1.1" 500 0 "-" "Mozilla/5.0 AppleWebKit/537.36 (KHTML, like Gecko; compatible; ClaudeBot/1.0; +claudebot@anthropic.com)"
216.73.216.22 - - [05/Apr/2026:15:18:10 +0200] "GET /wp-content/themes/Newspaper/includes/demos/fashion/td_media_1.php HTTP/1.1" 500 0 "-" "Mozilla/5.0 AppleWebKit/537.36 (KHTML, like Gecko; compatible; ClaudeBot/1.0; +claudebot@anthropic.com)"
216.73.216.22 - - [05/Apr/2026:15:18:11 +0200] "GET /category/%d0%bd%d0%b0-%d1%82%d0%be%d0%b7%d0%b8-%d0%b4%d0%b5%d0%bd/page/30 HTTP/1.1" 301 0 "-" "Mozilla/5.0 AppleWebKit/537.36 (KHTML, like Gecko; compatible; ClaudeBot/1.0; +claudebot@anthropic.com)"
216.73.216.22 - - [05/Apr/2026:15:18:12 +0200] "GET /category/%d0%bd%d0%b0-%d1%82%d0%be%d0%b7%d0%b8-%d0%b4%d0%b5%d0%bd/page/30/ HTTP/1.1" 200 19622 "https://patrioti.net/category/%d0%bd%d0%b0-%d1%82%d0%be%d0%b7%d0%b8-%d0%b4%d0%b5%d0%bd/page/30" "Mozilla/5.0 AppleWebKit/537.36 (KHTML, like Gecko; compatible; ClaudeBot/1.0; +claudebot@anthropic.com)"
216.73.216.22 - - [05/Apr/2026:15:18:13 +0200] "GET /wp-content/themes/Newspaper/includes/demos/medicine/td_media_3.php HTTP/1.1" 500 0 "-" "Mozilla/5.0 AppleWebKit/537.36 (KHTML, like Gecko; compatible; ClaudeBot/1.0; +claudebot@anthropic.com)"
216.73.216.22 - - [05/Apr/2026:15:18:14 +0200] "GET /wp-content/themes/Newspaper/includes/demos/fashion/td_media_4.php HTTP/1.1" 500 0 "-" "Mozilla/5.0 AppleWebKit/537.36 (KHTML, like Gecko; compatible; ClaudeBot/1.0; +claudebot@anthropic.com)"
216.73.216.22 - - [05/Apr/2026:15:18:16 +0200] "GET /category/%d0%bc%d0%b0%d0%bd%d0%b0%d1%81%d1%82%d0%b8%d1%80%d0%b8/page/20 HTTP/1.1" 301 0 "-" "Mozilla/5.0 AppleWebKit/537.36 (KHTML, like Gecko; compatible; ClaudeBot/1.0; +claudebot@anthropic.com)"
185.191.171.10 - - [05/Apr/2026:15:18:17 +0200] "GET /tag/%D0%B2%D1%82%D0%BE%D1%80%D0%B0%D1%82%D0%B0-%D1%81%D0%B2%D0%B5%D1%82%D0%BE%D0%B2%D0%BD%D0%B0-%D0%B2%D0%BE%D0%B9%D0%BD%D0%B0/page/11/ HTTP/1.1" 200 15745 "-" "Mozilla/5.0 (compatible; SemrushBot/7~bl; +http://www.semrush.com/bot.html)"
216.73.216.22 - - [05/Apr/2026:15:18:17 +0200] "GET /category/%d0%bc%d0%b0%d0%bd%d0%b0%d1%81%d1%82%d0%b8%d1%80%d0%b8/page/20/ HTTP/1.1" 200 19490 "https://patrioti.net/category/%d0%bc%d0%b0%d0%bd%d0%b0%d1%81%d1%82%d0%b8%d1%80%d0%b8/page/20" "Mozilla/5.0 AppleWebKit/537.36 (KHTML, like Gecko; compatible; ClaudeBot/1.0; +claudebot@anthropic.com)"
216.73.216.22 - - [05/Apr/2026:15:18:18 +0200] "GET /wp-content/themes/Newspaper/includes/demos/sound_radar/td_media_3.php HTTP/1.1" 500 0 "-" "Mozilla/5.0 AppleWebKit/537.36 (KHTML, like Gecko; compatible; ClaudeBot/1.0; +claudebot@anthropic.com)"
216.73.216.22 - - [05/Apr/2026:15:18:19 +0200] "GET /wp-content/themes/Newspaper/includes/demos/lifestyle/pages HTTP/1.1" 301 328 "-" "Mozilla/5.0 AppleWebKit/537.36 (KHTML, like Gecko; compatible; ClaudeBot/1.0; +claudebot@anthropic.com)"
216.73.216.22 - - [05/Apr/2026:15:18:19 +0200] "GET /wp-content/themes/Newspaper/includes/demos/lifestyle/pages/ HTTP/1.1" 200 353 "https://patrioti.net/wp-content/themes/Newspaper/includes/demos/lifestyle/pages" "Mozilla/5.0 AppleWebKit/537.36 (KHTML, like Gecko; compatible; ClaudeBot/1.0; +claudebot@anthropic.com)"
66.249.69.134 - - [05/Apr/2026:15:18:22 +0200] "GET /page/50/ HTTP/1.1" 200 17432 "-" "Mozilla/5.0 (Linux; Android 6.0.1; Nexus 5X Build/MMB29P) AppleWebKit/537.36 (KHTML, like Gecko) Chrome/146.0.7680.177 Mobile Safari/537.36 (compatible; Googlebot/2.1; +http://www.google.com/bot.html)"
216.73.216.22 - - [05/Apr/2026:15:18:23 +0200] "GET /wp-content/themes/Newspaper/includes/demos/sport/td_media_2.php HTTP/1.1" 500 0 "-" "Mozilla/5.0 AppleWebKit/537.36 (KHTML, like Gecko; compatible; ClaudeBot/1.0; +claudebot@anthropic.com)"
216.73.216.22 - - [05/Apr/2026:15:18:24 +0200] "GET /wp-content/themes/Newspaper/includes/demos/art_creek/td_media_5.php HTTP/1.1" 500 0 "-" "Mozilla/5.0 AppleWebKit/537.36 (KHTML, like Gecko; compatible; ClaudeBot/1.0; +claudebot@anthropic.com)"
216.73.216.22 - - [05/Apr/2026:15:18:28 +0200] "GET /wp-content/themes/Newspaper/includes/demos/business/td_media_4.php HTTP/1.1" 500 0 "-" "Mozilla/5.0 AppleWebKit/537.36 (KHTML, like Gecko; compatible; ClaudeBot/1.0; +claudebot@anthropic.com)"
216.73.216.22 - - [05/Apr/2026:15:18:29 +0200] "GET /wp-content/themes/Newspaper/includes/demos/lifestyle/td_media_1.php HTTP/1.1" 500 0 "-" "Mozilla/5.0 AppleWebKit/537.36 (KHTML, like Gecko; compatible; ClaudeBot/1.0; +claudebot@anthropic.com)"
15.161.25.29 - - [05/Apr/2026:15:18:33 +0200] "GET /wp-login.php HTTP/1.1" 200 1168 "-" "Mozilla/5.0 (Windows NT 6.3; Win64; x64; Trident/7.0; LCJB; rv:11.0) like Gecko"
216.73.216.22 - - [05/Apr/2026:15:18:34 +0200] "GET /wp-content/themes/Newspaper/includes/demos/fashion/td_media_2.php HTTP/1.1" 500 0 "-" "Mozilla/5.0 AppleWebKit/537.36 (KHTML, like Gecko; compatible; ClaudeBot/1.0; +claudebot@anthropic.com)"
161.97.137.93 - - [05/Apr/2026:15:18:34 +0200] "POST /wp-cron.php?doing_wp_cron=1775395114.1683039665222167968750 HTTP/1.1" 404 15247 "https://patrioti.net/wp-cron.php?doing_wp_cron=1775395114.1683039665222167968750" "WordPress/4.9.26; https://patrioti.net"
15.161.25.29 - - [05/Apr/2026:15:18:34 +0200] "POST /wp-login.php HTTP/1.1" 200 1563 "https://patrioti.net/wp-login.php" "Mozilla/5.0 (Windows NT 6.3; Win64; x64; Trident/7.0; LCJB; rv:11.0) like Gecko"
216.73.216.22 - - [05/Apr/2026:15:18:39 +0200] "GET /wp-content/uploads/2018/12/temkov-324x160.jpg HTTP/1.1" 200 6503 "-" "Mozilla/5.0 AppleWebKit/537.36 (KHTML, like Gecko; compatible; ClaudeBot/1.0; +claudebot@anthropic.com)"
216.73.216.22 - - [05/Apr/2026:15:18:44 +0200] "GET /wp-content/themes/Newspaper/includes/demos/lifestyle/td_media_4.php HTTP/1.1" 500 0 "-" "Mozilla/5.0 AppleWebKit/537.36 (KHTML, like Gecko; compatible; ClaudeBot/1.0; +claudebot@anthropic.com)"
118.27.9.85 - - [05/Apr/2026:15:18:50 +0200] "GET /wp-login.php HTTP/1.1" 200 1168 "-" "Mozilla/5.0 (Macintosh; Intel Mac OS X 10_13_3) AppleWebKit/537.36 (KHTML, like Gecko) Chrome/66.0.3359.181 Safari/537.36"
216.73.216.22 - - [05/Apr/2026:15:18:55 +0200] "GET /%d0%b6%d0%b8%d0%b2%d0%be%d0%bf%d0%b8%d1%81%d0%bd%d0%b8%d1%8f%d1%82-%d1%87%d0%b5%d1%80%d0%b5%d0%bf%d0%b8%d1%88%d0%ba%d0%b8-%d0%bc%d0%b0%d0%bd%d0%b0%d1%81%d1%82%d0%b8%d1%80/whatsapp:/send HTTP/1.1" 404 15247 "-" "Mozilla/5.0 AppleWebKit/537.36 (KHTML, like Gecko; compatible; ClaudeBot/1.0; +claudebot@anthropic.com)"
216.73.216.22 - - [05/Apr/2026:15:18:56 +0200] "GET /%d0%b3%d0%bb%d1%83%d1%85%d0%b8%d1%82%d0%b5-%d0%ba%d0%b0%d0%bc%d1%8a%d0%bd%d0%b8-%d1%81%d0%bb%d1%8a%d0%bd%d1%87%d0%b5%d0%b2%d0%b8%d1%8f%d1%82-%d0%b3%d1%80%d0%b0%d0%b4-%d0%bd%d0%b0-%d1%82/whatsapp:/send HTTP/1.1" 404 15248 "-" "Mozilla/5.0 AppleWebKit/537.36 (KHTML, like Gecko; compatible; ClaudeBot/1.0; +claudebot@anthropic.com)"
118.27.9.85 - - [05/Apr/2026:15:18:56 +0200] "POST /wp-login.php HTTP/1.1" 200 1565 "https://patrioti.net/wp-login.php" "Mozilla/5.0 (Macintosh; Intel Mac OS X 10_13_3) AppleWebKit/537.36 (KHTML, like Gecko) Chrome/66.0.3359.181 Safari/537.36"
2a03:2880:f806:4:: - - [05/Apr/2026:15:19:00 +0200] "GET /%D0%BD%D0%B0-23-%D0%BC%D0%B0%D1%80%D1%82-1945-%D0%B3-%D0%B5-%D1%83%D0%B1%D0%B8%D1%82-%D0%BA%D0%B0%D0%BF%D0%B8%D1%82%D0%B0%D0%BD-%D0%B3%D0%B5%D0%BE%D1%80%D0%B3%D0%B8-%D1%80%D0%B0%D0%B4%D0%BA%D0%BE/kapitanradkov1_16012010/ HTTP/1.1" 200 16674 "-" "meta-externalagent/1.1 (+https://developers.facebook.com/docs/sharing/webmasters/crawler)"
216.73.216.22 - - [05/Apr/2026:15:19:01 +0200] "GET /%d1%85%d1%80%d0%b8%d1%81%d1%82%d0%be%d1%81-%d0%bf%d1%80%d0%be%d0%bf%d0%be%d0%b2%d1%8f%d0%b4%d0%b2%d0%b0%d0%bb-%d0%b1%d1%8a%d0%bb%d0%b3%d0%b0%d1%80%d1%81%d0%ba%d0%b8%d1%82%d0%b5-%d0%b7/whatsapp:/send HTTP/1.1" 404 15247 "-" "Mozilla/5.0 AppleWebKit/537.36 (KHTML, like Gecko; compatible; ClaudeBot/1.0; +claudebot@anthropic.com)"
182.10.161.244 - - [05/Apr/2026:15:19:01 +0200] "GET /category/%D0%BD%D0%B0-%D1%82%D0%BE%D0%B7%D0%B8-%D0%B4%D0%B5%D0%BD/ HTTP/1.1" 200 19579 "-" "Mozilla/5.0 (Macintosh; PPC Mac OS X 10_9_9) AppleWebKit/533.1 (KHTML, like Gecko) Chrome/40.0.881.0 Safari/533.1"
216.73.216.22 - - [05/Apr/2026:15:19:05 +0200] "GET /%d0%bf%d0%be%d1%87%d0%b5%d1%82%d0%be%d1%85%d0%b0-%d1%85%d1%80%d0%b8%d1%81%d1%82%d0%be-%d0%b1%d0%be%d1%82%d0%b5%d0%b2-%d1%87%d0%b8%d0%ba%d0%b0%d0%b3%d0%be HTTP/1.1" 301 0 "-" "Mozilla/5.0 AppleWebKit/537.36 (KHTML, like Gecko; compatible; ClaudeBot/1.0; +claudebot@anthropic.com)"
216.73.216.22 - - [05/Apr/2026:15:19:06 +0200] "GET /%d0%bf%d0%be%d1%87%d0%b5%d1%82%d0%be%d1%85%d0%b0-%d1%85%d1%80%d0%b8%d1%81%d1%82%d0%be-%d0%b1%d0%be%d1%82%d0%b5%d0%b2-%d1%87%d0%b8%d0%ba%d0%b0%d0%b3%d0%be/ HTTP/1.1" 200 21321 "https://patrioti.net/%d0%bf%d0%be%d1%87%d0%b5%d1%82%d0%be%d1%85%d0%b0-%d1%85%d1%80%d0%b8%d1%81%d1%82%d0%be-%d0%b1%d0%be%d1%82%d0%b5%d0%b2-%d1%87%d0%b8%d0%ba%d0%b0%d0%b3%d0%be" "Mozilla/5.0 AppleWebKit/537.36 (KHTML, like Gecko; compatible; ClaudeBot/1.0; +claudebot@anthropic.com)"
185.191.171.5 - - [05/Apr/2026:15:19:13 +0200] "GET /tag/%D0%BF%D0%B0%D1%82%D1%80%D0%B8%D0%BE%D1%82%D0%B8-%D0%BD%D0%B5%D1%82/page/341/ HTTP/1.1" 200 17293 "-" "Mozilla/5.0 (compatible; SemrushBot/7~bl; +http://www.semrush.com/bot.html)"
40.77.167.79 - - [05/Apr/2026:15:19:15 +0200] "GET /tag/%D0%BD%D0%BE%D0%B2%D0%B0%D1%87%D0%B5%D0%BD%D0%B5/ HTTP/1.1" 200 15693 "-" "Mozilla/5.0 AppleWebKit/537.36 (KHTML, like Gecko; compatible; bingbot/2.0; +http://www.bing.com/bingbot.htm) Chrome/116.0.1938.76 Safari/537.36"
51.195.183.29 - - [05/Apr/2026:15:19:19 +0200] "GET /16-%D1%81%D0%B5%D0%BF%D1%82%D0%B5%D0%BC%D0%B2%D1%80%D0%B8-%D0%B5-%D0%BC%D0%B5%D0%B6%D0%B4%D1%83%D0%BD%D0%B0%D1%80%D0%BE%D0%B4%D0%B5%D0%BD-%D0%B4%D0%B5%D0%BD-%D0%B7%D0%B0-%D0%B7%D0%B0%D1%89%D0%B8%D1%82/ HTTP/1.1" 200 21154 "-" "Mozilla/5.0 (compatible; AhrefsBot/7.0; +http://ahrefs.com/robot/)"
216.73.216.22 - - [05/Apr/2026:15:19:22 +0200] "GET /%d0%b4%d0%bd%d0%b5%d1%88%d0%bd%d0%b0%d1%82%d0%b0-%d0%b4%d0%b0%d1%82%d0%b0-2-%d1%80%d0%b8-%d0%bc%d0%b0%d0%b9-%d0%bf%d0%be%d1%87%d0%b8%d1%82%d0%b0%d0%bc%d0%b5-%d0%b2%d0%b5%d0%bb%d0%b8%d0%ba/whatsapp:/send HTTP/1.1" 404 15248 "-" "Mozilla/5.0 AppleWebKit/537.36 (KHTML, like Gecko; compatible; ClaudeBot/1.0; +claudebot@anthropic.com)"
216.73.216.22 - - [05/Apr/2026:15:19:27 +0200] "GET /%d0%ba%d0%b0%d0%ba-%d0%b1%d1%8a%d0%bb%d0%b3%d0%b0%d1%80%d0%b8%d1%82%d0%b5-%d0%b2%d0%b4%d0%b8%d0%b3%d0%bd%d0%b0%d0%bb%d0%b8-%d0%b2%d1%8a%d1%81%d1%82%d0%b0%d0%bd%d0%b8%d0%b5-%d1%81%d1%80%d0%b5%d1%89/whatsapp:/send HTTP/1.1" 404 15247 "-" "Mozilla/5.0 AppleWebKit/537.36 (KHTML, like Gecko; compatible; ClaudeBot/1.0; +claudebot@anthropic.com)"
66.249.69.132 - - [05/Apr/2026:15:19:27 +0200] "GET /category/%D0%BD%D0%B0-%D1%82%D0%BE%D0%B7%D0%B8-%D0%B4%D0%B5%D0%BD/page/367/?filter_by=random_posts HTTP/1.1" 200 19903 "-" "Mozilla/5.0 (Linux; Android 6.0.1; Nexus 5X Build/MMB29P) AppleWebKit/537.36 (KHTML, like Gecko) Chrome/146.0.7680.177 Mobile Safari/537.36 (compatible; Googlebot/2.1; +http://www.google.com/bot.html)"
216.73.216.22 - - [05/Apr/2026:15:19:32 +0200] "GET /%d0%b2%d1%8a%d0%b7%d1%80%d0%be%d0%b6%d0%b4%d0%b5%d0%bd%d1%81%d0%ba%d0%b8%d1%8f%d1%82-%d1%87%d0%b0%d1%80-%d0%bd%d0%b0-%d0%b3%d1%80%d0%b0%d0%b4-%d0%b5%d0%bb%d0%b5%d0%bd%d0%b0 HTTP/1.1" 301 0 "-" "Mozilla/5.0 AppleWebKit/537.36 (KHTML, like Gecko; compatible; ClaudeBot/1.0; +claudebot@anthropic.com)"
216.73.216.22 - - [05/Apr/2026:15:19:32 +0200] "GET /%d0%b2%d1%8a%d0%b7%d1%80%d0%be%d0%b6%d0%b4%d0%b5%d0%bd%d1%81%d0%ba%d0%b8%d1%8f%d1%82-%d1%87%d0%b0%d1%80-%d0%bd%d0%b0-%d0%b3%d1%80%d0%b0%d0%b4-%d0%b5%d0%bb%d0%b5%d0%bd%d0%b0/ HTTP/1.1" 200 24097 "https://patrioti.net/%d0%b2%d1%8a%d0%b7%d1%80%d0%be%d0%b6%d0%b4%d0%b5%d0%bd%d1%81%d0%ba%d0%b8%d1%8f%d1%82-%d1%87%d0%b0%d1%80-%d0%bd%d0%b0-%d0%b3%d1%80%d0%b0%d0%b4-%d0%b5%d0%bb%d0%b5%d0%bd%d0%b0" "Mozilla/5.0 AppleWebKit/537.36 (KHTML, like Gecko; compatible; ClaudeBot/1.0; +claudebot@anthropic.com)"
161.97.137.93 - - [05/Apr/2026:15:19:37 +0200] "POST /wp-cron.php?doing_wp_cron=1775395177.3563570976257324218750 HTTP/1.1" 404 15247 "https://patrioti.net/wp-cron.php?doing_wp_cron=1775395177.3563570976257324218750" "WordPress/4.9.26; https://patrioti.net"
119.249.100.45 - - [05/Apr/2026:15:19:37 +0200] "GET /?p=30609 HTTP/1.1" 301 0 "-" "Mozilla/5.0 (Windows NT 10.0; WOW64) AppleWebKit/537.36 (KHTML, like Gecko) Chrome/48.0.2564.116 Safari/537.36"
161.97.137.93 - - [05/Apr/2026:15:19:37 +0200] "POST /wp-cron.php?doing_wp_cron=1775395177.4569211006164550781250 HTTP/1.1" 404 15246 "https://patrioti.net/wp-cron.php?doing_wp_cron=1775395177.4569211006164550781250" "WordPress/4.9.26; https://patrioti.net"
216.73.216.22 - - [05/Apr/2026:15:19:37 +0200] "GET /%d0%ba%d1%8a%d1%89%d0%b0-%d0%bc%d1%83%d0%b7%d0%b5%d0%b9-%d0%bf%d0%b5%d0%b9%d0%be-%d1%8f%d0%b2%d0%be%d1%80%d0%be%d0%b2-%d1%87%d0%b8%d1%80%d0%bf%d0%b0%d0%bd-%d0%be%d1%89%d0%b5-%d0%bf%d0%b0/whatsapp:/send HTTP/1.1" 404 15247 "-" "Mozilla/5.0 AppleWebKit/537.36 (KHTML, like Gecko; compatible; ClaudeBot/1.0; +claudebot@anthropic.com)"
216.73.216.22 - - [05/Apr/2026:15:19:38 +0200] "GET /%d0%b4%d0%bd%d0%b5%d1%81-%d0%b5-%d1%80%d0%be%d0%b4%d0%b5%d0%bd-%d0%b1%d1%8a%d0%bb%d0%b3%d0%b0%d1%80%d1%81%d0%ba%d0%b8%d1%8f%d1%82-%d0%bf%d1%80%d0%be%d1%81%d0%b2%d0%b5%d1%82%d0%b5%d0%bd-%d0%b4%d0%b5/whatsapp:/send HTTP/1.1" 404 15247 "-" "Mozilla/5.0 AppleWebKit/537.36 (KHTML, like Gecko; compatible; ClaudeBot/1.0; +claudebot@anthropic.com)"
216.73.216.22 - - [05/Apr/2026:15:19:40 +0200] "GET /%d0%b4%d0%bd%d0%b5%d1%81-%d0%be%d1%82%d0%b1%d0%b5%d0%bb%d1%8f%d0%b7%d0%b2%d0%b0%d0%bc%d0%b5-%d1%80%d0%be%d0%b6%d0%b4%d0%b5%d0%bd%d0%b8%d0%b5%d1%82%d0%be-%d0%bd%d0%b0-%d0%bf%d0%be%d0%b5%d1%82%d0%b0-4/whatsapp:/send HTTP/1.1" 404 15247 "-" "Mozilla/5.0 AppleWebKit/537.36 (KHTML, like Gecko; compatible; ClaudeBot/1.0; +claudebot@anthropic.com)"
220.181.51.92 - - [05/Apr/2026:15:19:41 +0200] "GET /?p=30609 HTTP/1.1" 301 0 "-" "Mozilla/5.0 (Windows NT 10.0; WOW64) AppleWebKit/537.36 (KHTML, like Gecko) Chrome/48.0.2564.116 Safari/537.36"
216.73.216.22 - - [05/Apr/2026:15:19:42 +0200] "GET /%d0%b1%d0%b0%d1%89%d0%b0%d1%82%d0%b0-%d0%bd%d0%b0-%d0%bf%d1%8a%d1%80%d0%b2%d0%b8%d1%8f-%d0%b1%d1%8a%d0%bb%d0%b3%d0%b0%d1%80%d1%81%d0%ba%d0%b8-%d0%b0%d0%bd%d1%81%d0%b0%d0%bc%d0%b1%d1%8a%d0%bb HTTP/1.1" 301 0 "-" "Mozilla/5.0 AppleWebKit/537.36 (KHTML, like Gecko; compatible; ClaudeBot/1.0; +claudebot@anthropic.com)"
216.73.216.22 - - [05/Apr/2026:15:19:42 +0200] "GET /%d0%b1%d0%b0%d1%89%d0%b0%d1%82%d0%b0-%d0%bd%d0%b0-%d0%bf%d1%8a%d1%80%d0%b2%d0%b8%d1%8f-%d0%b1%d1%8a%d0%bb%d0%b3%d0%b0%d1%80%d1%81%d0%ba%d0%b8-%d0%b0%d0%bd%d1%81%d0%b0%d0%bc%d0%b1%d1%8a%d0%bb/ HTTP/1.1" 200 22088 "https://patrioti.net/%d0%b1%d0%b0%d1%89%d0%b0%d1%82%d0%b0-%d0%bd%d0%b0-%d0%bf%d1%8a%d1%80%d0%b2%d0%b8%d1%8f-%d0%b1%d1%8a%d0%bb%d0%b3%d0%b0%d1%80%d1%81%d0%ba%d0%b8-%d0%b0%d0%bd%d1%81%d0%b0%d0%bc%d0%b1%d1%8a%d0%bb" "Mozilla/5.0 AppleWebKit/537.36 (KHTML, like Gecko; compatible; ClaudeBot/1.0; +claudebot@anthropic.com)"
220.181.51.90 - - [05/Apr/2026:15:19:44 +0200] "GET /%D0%BD%D0%B0-%D0%B4%D0%BD%D0%B5%D1%88%D0%BD%D0%B8%D1%8F-%D0%B4%D0%B5%D0%BD-%D0%B5-%D1%80%D0%BE%D0%B4%D0%B5%D0%BD-%D0%B1%D1%8A%D0%BB%D0%B3%D0%B0%D1%80%D1%81%D0%BA%D0%B8%D1%8F%D1%82-%D1%84%D0%B8%D0%BB/ HTTP/1.1" 200 20890 "-" "Mozilla/5.0 (Windows NT 10.0; WOW64) AppleWebKit/537.36 (KHTML, like Gecko) Chrome/48.0.2564.116 Safari/537.36"
216.73.216.22 - - [05/Apr/2026:15:19:45 +0200] "GET /%d0%bb%d0%b5%d0%b3%d0%b5%d0%bd%d0%b4%d0%b0-%d0%b7%d0%b0-%d0%be%d1%81%d0%bd%d0%be%d0%b2%d0%b0%d0%b2%d0%b0%d0%bd%d0%b5%d1%82%d0%be-%d0%bd%d0%b0-%d0%bf%d0%b0%d0%bd%d1%87%d0%b0%d1%80%d0%b5%d0%b2%d0%be HTTP/1.1" 301 0 "-" "Mozilla/5.0 AppleWebKit/537.36 (KHTML, like Gecko; compatible; ClaudeBot/1.0; +claudebot@anthropic.com)"
216.73.216.22 - - [05/Apr/2026:15:19:45 +0200] "GET /%d0%bb%d0%b5%d0%b3%d0%b5%d0%bd%d0%b4%d0%b0-%d0%b7%d0%b0-%d0%be%d1%81%d0%bd%d0%be%d0%b2%d0%b0%d0%b2%d0%b0%d0%bd%d0%b5%d1%82%d0%be-%d0%bd%d0%b0-%d0%bf%d0%b0%d0%bd%d1%87%d0%b0%d1%80%d0%b5%d0%b2%d0%be/ HTTP/1.1" 200 21087 "https://patrioti.net/%d0%bb%d0%b5%d0%b3%d0%b5%d0%bd%d0%b4%d0%b0-%d0%b7%d0%b0-%d0%be%d1%81%d0%bd%d0%be%d0%b2%d0%b0%d0%b2%d0%b0%d0%bd%d0%b5%d1%82%d0%be-%d0%bd%d0%b0-%d0%bf%d0%b0%d0%bd%d1%87%d0%b0%d1%80%d0%b5%d0%b2%d0%be" "Mozilla/5.0 AppleWebKit/537.36 (KHTML, like Gecko; compatible; ClaudeBot/1.0; +claudebot@anthropic.com)"
216.73.216.22 - - [05/Apr/2026:15:19:47 +0200] "GET /%d0%b3%d0%be%d0%bb%d1%8f%d0%bc%d0%b0%d1%82%d0%b0-%d0%b1%d0%b0%d0%b7%d0%b8%d0%bb%d0%b8%d0%ba%d0%b0-%d0%b2-%d0%bf%d0%bb%d0%b8%d1%81%d0%ba%d0%b0-%d0%bf%d1%8a%d1%80%d0%b2%d0%b0%d1%82%d0%b0-%d0%ba%d0%b0/whatsapp:/send HTTP/1.1" 404 15246 "-" "Mozilla/5.0 AppleWebKit/537.36 (KHTML, like Gecko; compatible; ClaudeBot/1.0; +claudebot@anthropic.com)"
216.73.216.22 - - [05/Apr/2026:15:19:50 +0200] "GET /%d1%81%d0%ba%d0%b0%d0%bb%d0%bd%d0%b8-%d0%bc%d0%b0%d0%bd%d0%b0%d1%81%d1%82%d0%b8%d1%80%d0%b8-%d0%b2-%d0%b1%d1%8a%d0%bb%d0%b3%d0%b0%d1%80%d0%b8%d1%8f-%d0%b1%d0%b0%d1%81%d0%b0%d1%80%d0%b1%d0%be%d0%b2/whatsapp:/send HTTP/1.1" 404 15247 "-" "Mozilla/5.0 AppleWebKit/537.36 (KHTML, like Gecko; compatible; ClaudeBot/1.0; +claudebot@anthropic.com)"
216.73.216.22 - - [05/Apr/2026:15:19:52 +0200] "GET /18-%d1%8e%d0%bd%d0%b8-%d0%b5-%d1%81%d0%b2%d0%b5%d1%82%d0%be%d0%b2%d0%b5%d0%bd-%d0%b4%d0%b5%d0%bd-%d0%bd%d0%b0-%d1%84%d0%b8%d0%bb%d0%b0%d1%82%d0%b5%d0%bb%d0%b8%d1%8f%d1%82%d0%b0 HTTP/1.1" 301 0 "-" "Mozilla/5.0 AppleWebKit/537.36 (KHTML, like Gecko; compatible; ClaudeBot/1.0; +claudebot@anthropic.com)"
216.73.216.22 - - [05/Apr/2026:15:19:52 +0200] "GET /18-%d1%8e%d0%bd%d0%b8-%d0%b5-%d1%81%d0%b2%d0%b5%d1%82%d0%be%d0%b2%d0%b5%d0%bd-%d0%b4%d0%b5%d0%bd-%d0%bd%d0%b0-%d1%84%d0%b8%d0%bb%d0%b0%d1%82%d0%b5%d0%bb%d0%b8%d1%8f%d1%82%d0%b0/ HTTP/1.1" 200 20967 "https://patrioti.net/18-%d1%8e%d0%bd%d0%b8-%d0%b5-%d1%81%d0%b2%d0%b5%d1%82%d0%be%d0%b2%d0%b5%d0%bd-%d0%b4%d0%b5%d0%bd-%d0%bd%d0%b0-%d1%84%d0%b8%d0%bb%d0%b0%d1%82%d0%b5%d0%bb%d0%b8%d1%8f%d1%82%d0%b0" "Mozilla/5.0 AppleWebKit/537.36 (KHTML, like Gecko; compatible; ClaudeBot/1.0; +claudebot@anthropic.com)"
216.73.216.22 - - [05/Apr/2026:15:19:55 +0200] "GET /%d0%b2%d0%b0%d1%81%d0%b8%d0%bb-%d1%81%d1%82%d0%be%d1%8f%d0%bd%d0%be%d0%b2-%d1%83%d1%87%d1%80%d0%b5%d0%b4%d0%b8%d1%82%d0%b5%d0%bb-%d0%bd%d0%b0-%d0%b1%d1%8a%d0%bb%d0%b3%d0%b0%d1%80%d1%81%d0%ba%d0%be/whatsapp:/send HTTP/1.1" 404 15247 "-" "Mozilla/5.0 AppleWebKit/537.36 (KHTML, like Gecko; compatible; ClaudeBot/1.0; +claudebot@anthropic.com)"
216.73.216.22 - - [05/Apr/2026:15:19:57 +0200] "GET /%d0%bb%d0%b5%d0%b3%d0%b5%d0%bd%d0%b4%d0%b0-%d0%b7%d0%b0-%d1%86%d1%8a%d1%80%d0%ba%d0%b2%d0%b0%d1%82%d0%b0-%d0%b2-%d1%81%d0%b5%d0%bb%d0%be-%d0%ba%d0%b0%d0%bc%d0%b5%d0%bd%d0%b8%d0%ba HTTP/1.1" 301 0 "-" "Mozilla/5.0 AppleWebKit/537.36 (KHTML, like Gecko; compatible; ClaudeBot/1.0; +claudebot@anthropic.com)"
216.73.216.22 - - [05/Apr/2026:15:19:58 +0200] "GET /%d0%bb%d0%b5%d0%b3%d0%b5%d0%bd%d0%b4%d0%b0-%d0%b7%d0%b0-%d1%86%d1%8a%d1%80%d0%ba%d0%b2%d0%b0%d1%82%d0%b0-%d0%b2-%d1%81%d0%b5%d0%bb%d0%be-%d0%ba%d0%b0%d0%bc%d0%b5%d0%bd%d0%b8%d0%ba/ HTTP/1.1" 200 22050 "https://patrioti.net/%d0%bb%d0%b5%d0%b3%d0%b5%d0%bd%d0%b4%d0%b0-%d0%b7%d0%b0-%d1%86%d1%8a%d1%80%d0%ba%d0%b2%d0%b0%d1%82%d0%b0-%d0%b2-%d1%81%d0%b5%d0%bb%d0%be-%d0%ba%d0%b0%d0%bc%d0%b5%d0%bd%d0%b8%d0%ba" "Mozilla/5.0 AppleWebKit/537.36 (KHTML, like Gecko; compatible; ClaudeBot/1.0; +claudebot@anthropic.com)"
216.73.216.22 - - [05/Apr/2026:15:20:00 +0200] "GET /%d0%b2%d0%bb%d0%b0%d0%b4%d0%b0-%d0%ba%d0%b0%d1%80%d0%b0%d1%81%d1%82%d0%be%d1%8f%d0%bd%d0%be%d0%b2%d0%b0-%d0%be%d1%82%d1%80%d0%b5%d1%87%d0%b5%d0%bd%d0%b0%d1%82%d0%b0-%d0%be%d1%82-%d0%b4%d0%b2/whatsapp:/send HTTP/1.1" 404 15246 "-" "Mozilla/5.0 AppleWebKit/537.36 (KHTML, like Gecko; compatible; ClaudeBot/1.0; +claudebot@anthropic.com)"
216.73.216.22 - - [05/Apr/2026:15:20:05 +0200] "GET /%d1%82%d1%8a%d1%80%d0%b6%d0%b8%d1%88%d0%ba%d0%b8%d1%8f%d1%82-%d0%bc%d0%b0%d0%bd%d0%b0%d1%81%d1%82%d0%b8%d1%80-%d1%81%d0%b2-%d0%bf%d1%80%d0%be%d1%80%d0%be%d0%ba-%d0%b8%d0%bb%d0%b8%d1%8f/whatsapp:/send HTTP/1.1" 404 15247 "-" "Mozilla/5.0 AppleWebKit/537.36 (KHTML, like Gecko; compatible; ClaudeBot/1.0; +claudebot@anthropic.com)"
40.77.167.79 - - [05/Apr/2026:15:20:06 +0200] "GET /?s=quotes+about+people+come+and+go+quickly HTTP/1.1" 200 15308 "-" "Mozilla/5.0 AppleWebKit/537.36 (KHTML, like Gecko; compatible; bingbot/2.0; +http://www.bing.com/bingbot.htm) Chrome/116.0.1938.76 Safari/537.36"
216.73.216.22 - - [05/Apr/2026:15:20:10 +0200] "GET /%d0%bd%d0%b0-6-%d1%8e%d0%bb%d0%b8-1876-%d0%b3-%d0%b5-%d1%80%d0%be%d0%b4%d0%b5%d0%bd-%d0%b1%d1%8a%d0%bb%d0%b3%d0%b0%d1%80%d1%81%d0%ba%d0%b8%d1%8f%d1%82-%d0%bf%d0%be%d0%bb%d0%b8%d1%82%d0%b8%d0%ba/whatsapp:/send HTTP/1.1" 404 15248 "-" "Mozilla/5.0 AppleWebKit/537.36 (KHTML, like Gecko; compatible; ClaudeBot/1.0; +claudebot@anthropic.com)"
216.73.216.22 - - [05/Apr/2026:15:20:20 +0200] "GET /%d0%bd%d0%b0-19-%d0%bc%d0%b0%d1%80%d1%82-%d1%86%d1%8a%d1%80%d0%ba%d0%b2%d0%b0%d1%82%d0%b0-%d0%bf%d0%be%d1%87%d0%b8%d1%82%d0%b0-%d1%81%d0%b2-%d0%bc%d1%8a%d1%87%d0%b5%d0%bd%d0%b8%d1%86%d0%b8-%d1%85/whatsapp:/send HTTP/1.1" 404 15247 "-" "Mozilla/5.0 AppleWebKit/537.36 (KHTML, like Gecko; compatible; ClaudeBot/1.0; +claudebot@anthropic.com)"
216.73.216.22 - - [05/Apr/2026:15:20:21 +0200] "GET /%d0%bd%d0%b0-24-%d0%be%d0%ba%d1%82%d0%be%d0%bc%d0%b2%d1%80%d0%b8-%d0%b5-%d1%80%d0%be%d0%b4%d0%b5%d0%bd-%d0%b1%d1%8a%d0%bb%d0%b3%d0%b0%d1%80%d1%81%d0%ba%d0%b8%d1%8f%d1%82-%d0%ba%d0%b0%d1%80%d0%b0%d1%82/whatsapp:/send HTTP/1.1" 404 15247 "-" "Mozilla/5.0 AppleWebKit/537.36 (KHTML, like Gecko; compatible; ClaudeBot/1.0; +claudebot@anthropic.com)"
52.167.144.156 - - [05/Apr/2026:15:20:25 +0200] "GET /?s=%E7%A5%9E%E5%AE%98%E3%81%A8%E3%81%AF HTTP/1.1" 200 15320 "-" "Mozilla/5.0 AppleWebKit/537.36 (KHTML, like Gecko; compatible; bingbot/2.0; +http://www.bing.com/bingbot.htm) Chrome/116.0.1938.76 Safari/537.36"
52.167.144.156 - - [05/Apr/2026:15:20:26 +0200] "GET /tag/%D1%85%D1%80%D0%B0%D0%B1%D1%8A%D1%80%D1%81%D0%BA%D0%BE/ HTTP/1.1" 200 15554 "-" "Mozilla/5.0 AppleWebKit/537.36 (KHTML, like Gecko; compatible; bingbot/2.0; +http://www.bing.com/bingbot.htm) Chrome/116.0.1938.76 Safari/537.36"
216.73.216.22 - - [05/Apr/2026:15:20:26 +0200] "GET /%d0%b2-%d0%b1%d1%8a%d0%bb%d0%b3%d0%b0%d1%80%d0%b8%d1%8f-%d0%be%d1%81%d1%82%d0%b0%d0%bd%d0%b0%d1%85%d0%b0-%d1%81%d0%b8%d0%bb%d0%bd%d0%b8%d1%82%d0%b5-%d0%b8%d1%81%d1%82%d0%b8%d0%bd%d1%81%d0%ba%d0%b8/whatsapp:/send HTTP/1.1" 404 15246 "-" "Mozilla/5.0 AppleWebKit/537.36 (KHTML, like Gecko; compatible; ClaudeBot/1.0; +claudebot@anthropic.com)"
