216.73.216.22 - - [05/Apr/2026:18:32:00 +0200] "GET /%d0%b4%d0%bd%d0%b5%d1%88%d0%bd%d0%b0%d1%82%d0%b0-%d0%b4%d0%b0%d1%82%d0%b0-20-%d1%82%d0%b8-%d0%b0%d0%bf%d1%80%d0%b8%d0%bb-%d1%87%d0%b5%d1%81%d1%82%d0%b2%d0%b0%d0%bc%d0%b5-%d0%b0%d0%bf/whatsapp:/send HTTP/1.1" 404 15247 "-" "Mozilla/5.0 AppleWebKit/537.36 (KHTML, like Gecko; compatible; ClaudeBot/1.0; +claudebot@anthropic.com)"
65.108.2.171 - - [05/Apr/2026:18:32:01 +0200] "GET /%D1%81%D0%B8%D0%BC%D0%B2%D0%BE%D0%BB%D1%8A%D1%82-%D0%BD%D0%B0-%D1%81%D0%B5%D0%B2%D0%BB%D0%B8%D0%B5%D0%B2%D0%BE/ HTTP/1.1" 502 150 "-" "Mozilla/5.0 (compatible; MJ12bot/v1.4.8; http://mj12bot.com/)"
216.73.216.22 - - [05/Apr/2026:18:32:04 +0200] "GET /%d0%b4%d0%bd%d0%b5%d1%81-%d0%b5-%d1%80%d0%be%d0%b4%d0%b5%d0%bd-%d0%b1%d1%8a%d0%bb%d0%b3%d0%b0%d1%80%d1%81%d0%ba%d0%b8%d1%8f%d1%82-%d1%84%d1%83%d1%82%d0%b1%d0%be%d0%bb%d0%b8%d1%81%d1%82-%d0%b8%d0%b2-8 HTTP/1.1" 301 0 "-" "Mozilla/5.0 AppleWebKit/537.36 (KHTML, like Gecko; compatible; ClaudeBot/1.0; +claudebot@anthropic.com)"
216.73.216.22 - - [05/Apr/2026:18:32:04 +0200] "GET /%d0%bd%d0%b0-%d0%b4%d0%bd%d0%b5%d1%88%d0%bd%d0%b0%d1%82%d0%b0-%d0%b4%d0%b0%d1%82%d0%b0-%d1%81%d0%b5-%d1%80%d0%b0%d0%b6%d0%b4%d0%b0-%d0%bf%d0%b8%d1%81%d0%b0%d1%82%d0%b5%d0%bb%d1%8f%d1%82-%d0%ba%d1%80/whatsapp:/send HTTP/1.1" 404 15247 "-" "Mozilla/5.0 AppleWebKit/537.36 (KHTML, like Gecko; compatible; ClaudeBot/1.0; +claudebot@anthropic.com)"
65.108.2.171 - - [05/Apr/2026:18:32:04 +0200] "GET /%D1%81%D0%BF%D0%B0%D1%81%D1%8F%D0%B2%D0%B0%D0%BD%D0%B5%D1%82%D0%BE-%D0%BD%D0%B0-%D1%87%D0%B5%D1%82%D0%BD%D0%B8%D0%BA-%D1%81%D0%B8%D0%BC%D0%BE-%D1%80%D0%B0%D0%B4%D0%BA%D0%BE%D0%B2/ HTTP/1.1" 200 22987 "-" "Mozilla/5.0 (compatible; MJ12bot/v1.4.8; http://mj12bot.com/)"
216.73.216.22 - - [05/Apr/2026:18:32:05 +0200] "GET /%d0%b4%d0%bd%d0%b5%d1%81-%d0%b5-%d1%80%d0%be%d0%b4%d0%b5%d0%bd-%d0%b1%d1%8a%d0%bb%d0%b3%d0%b0%d1%80%d1%81%d0%ba%d0%b8%d1%8f%d1%82-%d1%84%d1%83%d1%82%d0%b1%d0%be%d0%bb%d0%b8%d1%81%d1%82-%d0%b8%d0%b2-8/ HTTP/1.1" 200 20708 "https://patrioti.net/%d0%b4%d0%bd%d0%b5%d1%81-%d0%b5-%d1%80%d0%be%d0%b4%d0%b5%d0%bd-%d0%b1%d1%8a%d0%bb%d0%b3%d0%b0%d1%80%d1%81%d0%ba%d0%b8%d1%8f%d1%82-%d1%84%d1%83%d1%82%d0%b1%d0%be%d0%bb%d0%b8%d1%81%d1%82-%d0%b8%d0%b2-8" "Mozilla/5.0 AppleWebKit/537.36 (KHTML, like Gecko; compatible; ClaudeBot/1.0; +claudebot@anthropic.com)"
65.108.2.171 - - [05/Apr/2026:18:32:06 +0200] "GET /%D1%81%D1%82%D1%8A%D0%BF%D0%BA%D0%B0%D1%82%D0%B0-%D0%BD%D0%B0-%D0%B1%D0%BE%D0%B3%D0%BE%D1%80%D0%BE%D0%B4%D0%B8%D1%86%D0%B0-%D0%B2-%D1%81%D0%B5%D0%BB%D0%BE-%D0%BC%D0%B8%D0%BD%D0%B5%D1%80%D0%B0%D0%BB/ HTTP/1.1" 200 21999 "-" "Mozilla/5.0 (compatible; MJ12bot/v1.4.8; http://mj12bot.com/)"
198.244.242.5 - - [05/Apr/2026:18:32:07 +0200] "GET /tag/patrioti-net/page/72/ HTTP/1.1" 200 17103 "-" "Mozilla/5.0 (compatible; AhrefsBot/7.0; +http://ahrefs.com/robot/)"
65.108.2.171 - - [05/Apr/2026:18:32:10 +0200] "GET /%D1%82%D1%80%D0%B0%D0%BA%D0%B8%D0%B9%D1%81%D0%BA%D0%B8%D1%82%D0%B5-%D0%B3%D1%80%D0%BE%D0%B1%D0%BD%D0%B8%D1%86%D0%B8-%D0%BA%D1%80%D0%B0%D0%B9-%D1%81%D0%B5%D0%BB%D0%BE-%D0%B8%D0%B2%D0%B0%D0%BD%D1%81/ HTTP/1.1" 200 20820 "-" "Mozilla/5.0 (compatible; MJ12bot/v1.4.8; http://mj12bot.com/)"
65.108.2.171 - - [05/Apr/2026:18:32:12 +0200] "GET /%D1%82%D1%8A%D0%B6%D0%BD%D0%B0%D1%82%D0%B0-%D0%B8%D1%81%D1%82%D0%BE%D1%80%D0%B8%D1%8F-%D0%BD%D0%B0-%D0%B1%D1%8A%D0%BB%D0%B3%D0%B0%D1%80%D1%81%D0%BA%D0%B8%D1%8F-%D0%BF%D0%BE%D0%B5%D1%82-%D0%BD%D0%B8/ HTTP/1.1" 200 27748 "-" "Mozilla/5.0 (compatible; MJ12bot/v1.4.8; http://mj12bot.com/)"
40.77.167.27 - - [05/Apr/2026:18:32:12 +0200] "GET /wp-content/uploads/2018/10/BASA_1840K-1-80_Hristo_Petrunov1913.jpg HTTP/1.1" 200 106994 "-" "Mozilla/5.0 AppleWebKit/537.36 (KHTML, like Gecko; compatible; bingbot/2.0; +http://www.bing.com/bingbot.htm) Chrome/116.0.1938.76 Safari/537.36"
65.108.2.171 - - [05/Apr/2026:18:32:15 +0200] "GET /%D1%85%D0%B0%D0%BD-%D1%82%D0%B5%D1%80%D0%B2%D0%B5%D0%BB-%D0%BF%D0%BE%D1%81%D1%80%D0%B5%D1%89%D0%B0-%D0%BF%D1%8A%D1%80%D0%B2%D0%B8%D1%82%D0%B5-%D0%B8%D1%81%D0%BB%D1%8F%D0%BC%D1%81%D0%BA%D0%B8-%D0%B1/feed/ HTTP/1.1" 200 603 "-" "Mozilla/5.0 (compatible; MJ12bot/v1.4.8; http://mj12bot.com/)"
161.97.137.93 - - [05/Apr/2026:18:32:17 +0200] "POST /wp-cron.php?doing_wp_cron=1775406736.9083271026611328125000 HTTP/1.1" 404 15247 "https://patrioti.net/wp-cron.php?doing_wp_cron=1775406736.9083271026611328125000" "WordPress/4.9.26; https://patrioti.net"
65.108.2.171 - - [05/Apr/2026:18:32:17 +0200] "GET /%D1%88%D0%B8%D1%88%D0%BC%D0%B0%D0%BD%D0%BE%D0%B2%D1%81%D0%BA%D0%B8%D1%8F%D1%82-%D0%BC%D0%B0%D0%BD%D0%B0%D1%81%D1%82%D0%B8%D1%80-%D1%83%D1%81%D0%BF%D0%B5%D0%BD%D0%B8%D0%B5-%D0%B1%D0%BE%D0%B3/ HTTP/1.1" 200 20931 "-" "Mozilla/5.0 (compatible; MJ12bot/v1.4.8; http://mj12bot.com/)"
65.108.2.171 - - [05/Apr/2026:18:32:20 +0200] "GET /13-%D0%B3%D0%BE%D0%B4%D0%B8%D1%88%D0%BD%D0%B0-%D0%BF%D0%BB%D1%83%D0%B2%D0%BA%D0%B8%D0%BD%D1%8F-%D1%81%D0%BF%D0%B5%D1%87%D0%B5%D0%BB%D0%B8-42-%D0%BC%D0%B5%D0%B4%D0%B0%D0%BB%D0%B0-%D1%86%D1%8F/ HTTP/1.1" 200 22560 "-" "Mozilla/5.0 (compatible; MJ12bot/v1.4.8; http://mj12bot.com/)"
65.108.2.171 - - [05/Apr/2026:18:32:24 +0200] "GET /24-%D0%BC%D0%B0%D0%B9-%D0%B7%D0%B0%D1%89%D0%BE-%D0%B5-%D0%B2%D0%B0%D0%B6%D0%BD%D0%BE-%D0%B4%D0%B5%D1%86%D0%B0%D1%82%D0%B0-%D0%BD%D0%B8-%D0%B4%D0%B0-%D1%81%D0%B5-%D0%B3%D0%BE%D1%80%D0%B4%D0%B5%D1%8F/ HTTP/1.1" 200 22257 "-" "Mozilla/5.0 (compatible; MJ12bot/v1.4.8; http://mj12bot.com/)"
65.108.2.171 - - [05/Apr/2026:18:32:26 +0200] "GET /6-%D0%BC%D0%B0%D0%B9-%D0%B5-%D0%B4%D0%B5%D0%BD-%D0%BD%D0%B0-%D1%85%D1%80%D0%B0%D0%B1%D1%80%D0%BE%D1%81%D1%82%D1%82%D0%B0-%D0%B8-%D0%BF%D1%80%D0%B0%D0%B7%D0%BD%D0%B8%D0%BA-%D0%BD%D0%B0-%D0%B1%D1%8A/ HTTP/1.1" 200 23836 "-" "Mozilla/5.0 (compatible; MJ12bot/v1.4.8; http://mj12bot.com/)"
65.108.2.171 - - [05/Apr/2026:18:32:28 +0200] "GET /8-%D0%BC%D0%B5%D1%81%D1%82%D0%B0-%D0%BA%D1%80%D0%B0%D0%B9-%D0%BA%D1%8A%D1%80%D0%B4%D0%B6%D0%B0%D0%BB%D0%B8-%D0%BA%D0%BE%D0%B8%D1%82%D0%BE-%D1%81%D0%BF%D0%B8%D1%80%D0%B0%D1%82-%D0%B4%D1%8A%D1%85%D0%B0/ HTTP/1.1" 200 24555 "-" "Mozilla/5.0 (compatible; MJ12bot/v1.4.8; http://mj12bot.com/)"
65.108.2.171 - - [05/Apr/2026:18:32:31 +0200] "GET /category/%D0%BF%D0%B0%D0%BC%D0%B5%D1%82%D0%BD%D0%B8%D1%86%D0%B8/feed/ HTTP/1.1" 200 19606 "-" "Mozilla/5.0 (compatible; MJ12bot/v1.4.8; http://mj12bot.com/)"
65.108.2.171 - - [05/Apr/2026:18:32:36 +0200] "GET /%D0%B2%D0%B0%D1%81%D0%B8%D0%BB-%D0%BB%D0%B5%D0%B2%D1%81%D0%BA%D0%B8-%D0%B2%D1%81%D0%B5%D0%BA%D0%B8%D0%BC%D1%83-%D1%89%D0%B5-%D1%81%D0%B5-%D0%B4%D1%8A%D1%80%D0%B6%D0%B8-%D1%81%D0%BC%D0%B5%D1%82%D0%BA/ HTTP/1.1" 200 23415 "-" "Mozilla/5.0 (compatible; MJ12bot/v1.4.8; http://mj12bot.com/)"
65.108.2.171 - - [05/Apr/2026:18:32:38 +0200] "GET /%D0%B2%D0%B5%D0%BD%D1%86%D0%B8%D1%81%D0%BB%D0%B0%D0%B2%D0%B0-%D0%B2%D0%B5%D0%BB%D0%B8%D0%BA%D0%BE%D0%B2%D0%B0-%D0%BF%D1%80%D0%B5%D1%81%D1%8A%D0%B7%D0%B4%D0%B0%D0%B2%D0%B0-%D0%B1%D1%8A%D0%BB%D0%B3/ HTTP/1.1" 200 21610 "-" "Mozilla/5.0 (compatible; MJ12bot/v1.4.8; http://mj12bot.com/)"
51.195.215.79 - - [05/Apr/2026:18:32:40 +0200] "GET /tag/%D0%BF%D0%B0%D1%82%D1%80%D0%B8%D0%BE%D1%82%D0%B8-%D0%BD%D0%B0-%D0%B1%D1%8A%D0%BB%D0%B3%D0%B0%D1%80%D0%B8%D1%8F/page/367/ HTTP/1.1" 200 17474 "-" "Mozilla/5.0 (compatible; AhrefsBot/7.0; +http://ahrefs.com/robot/)"
216.73.216.22 - - [05/Apr/2026:18:32:40 +0200] "GET /category/%d0%bd%d0%b0-%d1%82%d0%be%d0%b7%d0%b8-%d0%b4%d0%b5%d0%bd/page/188 HTTP/1.1" 301 0 "-" "Mozilla/5.0 AppleWebKit/537.36 (KHTML, like Gecko; compatible; ClaudeBot/1.0; +claudebot@anthropic.com)"
216.73.216.22 - - [05/Apr/2026:18:32:41 +0200] "GET /category/%d0%bd%d0%b0-%d1%82%d0%be%d0%b7%d0%b8-%d0%b4%d0%b5%d0%bd/page/188/ HTTP/1.1" 200 19222 "https://patrioti.net/category/%d0%bd%d0%b0-%d1%82%d0%be%d0%b7%d0%b8-%d0%b4%d0%b5%d0%bd/page/188" "Mozilla/5.0 AppleWebKit/537.36 (KHTML, like Gecko; compatible; ClaudeBot/1.0; +claudebot@anthropic.com)"
216.73.216.22 - - [05/Apr/2026:18:32:41 +0200] "GET /wp-content/uploads/2019/05/60961959-324x160.jpg HTTP/1.1" 200 5521 "-" "Mozilla/5.0 AppleWebKit/537.36 (KHTML, like Gecko; compatible; ClaudeBot/1.0; +claudebot@anthropic.com)"
65.108.2.171 - - [05/Apr/2026:18:32:41 +0200] "GET /%D0%B2%D1%8A%D0%B7%D1%80%D0%BE%D0%B6%D0%B4%D0%B5%D0%BD%D1%81%D0%BA%D0%B0%D1%82%D0%B0-%D1%86%D1%8A%D1%80%D0%BA%D0%B2%D0%B0-%D1%83%D1%81%D0%BF%D0%B5%D0%BD%D0%B8%D0%B5-%D0%B1%D0%BE%D0%B3%D0%BE/ HTTP/1.1" 200 23017 "-" "Mozilla/5.0 (compatible; MJ12bot/v1.4.8; http://mj12bot.com/)"
216.73.216.22 - - [05/Apr/2026:18:32:41 +0200] "GET /wp-content/themes/Newspaper/includes/demos/blog_health/td_media_1.php HTTP/1.1" 500 0 "-" "Mozilla/5.0 AppleWebKit/537.36 (KHTML, like Gecko; compatible; ClaudeBot/1.0; +claudebot@anthropic.com)"
65.108.2.171 - - [05/Apr/2026:18:32:43 +0200] "GET /%D0%B4%D0%B0%D1%81%D0%BA%D0%B0%D0%BB-%D0%B1%D0%BE%D1%82%D1%8C%D0%BE-%D0%BF%D0%B5%D1%82%D0%BA%D0%BE%D0%B2-%D0%B7%D0%BD%D0%B0%D0%BC%D0%B5%D0%BD%D0%B8%D1%82-%D0%B1%D0%B0%D1%89%D0%B0-%D0%BD/ HTTP/1.1" 200 23649 "-" "Mozilla/5.0 (compatible; MJ12bot/v1.4.8; http://mj12bot.com/)"
65.108.2.171 - - [05/Apr/2026:18:32:45 +0200] "GET /%D0%B4%D0%B2%D0%B5-%D0%BE%D1%82-%D1%87%D1%83%D0%B4%D0%B5%D1%81%D0%B0%D1%82%D0%B0-%D0%BD%D0%B0-%D1%81%D0%B2-%D0%B4%D0%B8%D0%BC%D0%B8%D1%82%D1%8A%D1%80-%D1%81%D0%BE%D0%BB%D1%83%D0%BD%D1%81%D0%BA%D0%B8/ HTTP/1.1" 200 22278 "-" "Mozilla/5.0 (compatible; MJ12bot/v1.4.8; http://mj12bot.com/)"
65.108.2.171 - - [05/Apr/2026:18:32:47 +0200] "GET /%D0%B4%D0%BD%D0%B5%D1%81-14-%D1%82%D0%B8-%D1%84%D0%B5%D0%B2%D1%80%D1%83%D0%B0%D1%80%D0%B8-%D1%80%D0%BE%D0%B6%D0%B4%D0%B5%D0%BD-%D0%B4%D1%8F%D0%B4%D0%BE-%D0%B4%D0%BE%D0%B1%D1%80%D0%B8/ HTTP/1.1" 200 21585 "-" "Mozilla/5.0 (compatible; MJ12bot/v1.4.8; http://mj12bot.com/)"
52.167.144.211 - - [05/Apr/2026:18:32:49 +0200] "GET /%D0%BB%D0%B5%D0%B3%D0%B5%D0%BD%D0%B4%D0%B0%D1%82%D0%B0-%D0%B7%D0%B0-%D0%B2%D1%80%D1%8A%D1%85-%D0%BF%D0%B5%D1%82%D1%80%D0%B0%D1%85%D0%B8%D0%BB%D1%8F/ HTTP/1.1" 200 20581 "-" "Mozilla/5.0 (iPhone; CPU iPhone OS 7_0 like Mac OS X) AppleWebKit/537.51.1 (KHTML, like Gecko) Version/7.0 Mobile/11A465 Safari/9537.53 (compatible; bingbot/2.0; +http://www.bing.com/bingbot.htm)"
65.108.2.171 - - [05/Apr/2026:18:32:54 +0200] "GET /%D0%B1%D0%B0%D0%BB%D1%87%D0%BE-%D0%BA%D0%BE%D0%BB%D0%B5%D0%B2-%D0%BE%D1%82-%D0%B2%D0%B8%D1%88%D0%BE%D0%B2%D0%B3%D1%80%D0%B0%D0%B4-%D1%81%D0%B2%D0%B5%D1%89%D0%B5%D0%BD%D0%B8%D0%BA-%D0%B4/ HTTP/1.1" 200 25502 "-" "Mozilla/5.0 (compatible; MJ12bot/v1.4.8; http://mj12bot.com/)"
65.108.2.171 - - [05/Apr/2026:18:32:56 +0200] "GET /%D0%B1%D0%BE%D0%B6%D0%B8%D1%8F-%D1%83%D1%81%D0%BC%D0%B8%D0%B2%D0%BA%D0%B0-%D1%80%D0%BE%D0%B4%D0%B8%D0%BB%D0%B0-%D1%81%D1%82%D1%80%D0%B0%D0%BD%D0%B4%D0%B6%D0%B0/ HTTP/1.1" 200 22088 "-" "Mozilla/5.0 (compatible; MJ12bot/v1.4.8; http://mj12bot.com/)"
65.108.2.171 - - [05/Apr/2026:18:32:58 +0200] "GET /%D0%B1%D1%8A%D0%BB%D0%B3%D0%B0%D1%80%D0%B8%D1%8F-%D1%87%D0%B5%D1%81%D1%82%D0%B2%D0%B0-170-%D0%B3%D0%BE%D0%B4%D0%B8%D1%88%D0%BD%D0%B8%D0%BD%D0%B0%D1%82%D0%B0-%D1%80%D0%BE%D0%B6%D0%B4%D0%B5/ HTTP/1.1" 200 21222 "-" "Mozilla/5.0 (compatible; MJ12bot/v1.4.8; http://mj12bot.com/)"
66.249.69.134 - - [05/Apr/2026:18:32:58 +0200] "GET /%D0%B1%D1%8A%D0%BB%D0%B3%D0%B0%D1%80%D0%B8%D0%BD-%D0%B5-%D0%BD%D0%B5%D0%B1%D0%B5%D1%81%D0%BD%D0%B8%D1%8F%D1%82-%D0%BF%D0%BE%D0%BA%D1%80%D0%BE%D0%B2%D0%B8%D1%82%D0%B5%D0%BB-%D0%BD%D0%B0-%D0%B1%D1%83/ HTTP/1.1" 200 21578 "-" "Mozilla/5.0 (Linux; Android 6.0.1; Nexus 5X Build/MMB29P) AppleWebKit/537.36 (KHTML, like Gecko) Chrome/146.0.7680.177 Mobile Safari/537.36 (compatible; Googlebot/2.1; +http://www.google.com/bot.html)"
65.108.2.171 - - [05/Apr/2026:18:33:04 +0200] "GET /%D0%BD%D0%B0-24-%D0%BC%D0%B0%D0%B9-1914-%D0%B3-%D0%B5-%D0%BE%D1%81%D0%BD%D0%BE%D0%B2%D0%B0%D0%BD-%D0%BF%D1%84%D0%BA-%D0%BB%D0%B5%D0%B2%D1%81%D0%BA%D0%B8-%D1%81%D0%BE%D1%84%D0%B8%D1%8F/ HTTP/1.1" 502 150 "-" "Mozilla/5.0 (compatible; MJ12bot/v1.4.8; http://mj12bot.com/)"
85.208.96.196 - - [05/Apr/2026:18:33:04 +0200] "GET /tag/patrioti-net-%D0%B3%D0%BE%D1%80%D0%B4%D0%B5%D0%B9%D1%82%D0%B5-%D1%81%D0%B5-%D0%B1%D1%8A%D0%BB%D0%B3%D0%B0%D1%80%D0%B8/page/256/ HTTP/1.1" 502 150 "-" "Mozilla/5.0 (compatible; SemrushBot/7~bl; +http://www.semrush.com/bot.html)"
198.244.242.52 - - [05/Apr/2026:18:33:04 +0200] "GET /wp-content/uploads/2023/08/ HTTP/1.1" 502 150 "-" "Mozilla/5.0 (compatible; AhrefsBot/7.0; +http://ahrefs.com/robot/)"
65.108.2.171 - - [05/Apr/2026:18:33:06 +0200] "GET /%D0%BD%D0%B0-29-%D1%8E%D0%BD%D0%B8-1865-%D0%B3-%D0%B5-%D1%80%D0%BE%D0%B4%D0%B5%D0%BD-%D1%85%D1%83%D0%B4%D0%BE%D0%B6%D0%BD%D0%B8%D0%BA%D1%8A%D1%82-%D0%BF%D0%B5%D1%82%D0%BA%D0%BE-%D0%BA%D0%BB%D0%B8/ HTTP/1.1" 200 21572 "-" "Mozilla/5.0 (compatible; MJ12bot/v1.4.8; http://mj12bot.com/)"
116.179.32.112 - - [05/Apr/2026:18:33:07 +0200] "GET /?p=18901 HTTP/1.1" 301 0 "-" "Mozilla/5.0 (compatible; Baiduspider/2.0; +http://www.baidu.com/search/spider.html)"
52.167.144.211 - - [05/Apr/2026:18:33:07 +0200] "GET /wp-content/uploads/2019/01/20160316203422_65329-632x341.jpg HTTP/1.1" 200 56721 "-" "Mozilla/5.0 AppleWebKit/537.36 (KHTML, like Gecko; compatible; bingbot/2.0; +http://www.bing.com/bingbot.htm) Chrome/116.0.1938.76 Safari/537.36"
65.108.2.171 - - [05/Apr/2026:18:33:08 +0200] "GET /%D0%BD%D0%B0-4-%D0%B4%D0%B5%D0%BA%D0%B5%D0%BC%D0%B2%D1%80%D0%B8-%D1%86%D1%8A%D1%80%D0%BA%D0%B2%D0%B0%D1%82%D0%B0-%D0%BF%D0%BE%D1%87%D0%B8%D1%82%D0%B0-%D1%81%D0%B2-%D0%BF%D1%80%D0%B5%D0%BF%D0%BE%D0%B4/ HTTP/1.1" 200 21238 "-" "Mozilla/5.0 (compatible; MJ12bot/v1.4.8; http://mj12bot.com/)"
116.179.32.67 - - [05/Apr/2026:18:33:08 +0200] "GET /%D0%B4%D0%BD%D0%B5%D1%81-%D0%B5-%D1%80%D0%BE%D0%B4%D0%B5%D0%BD-%D0%B3%D0%BE%D0%BB%D0%B5%D0%BC%D0%B8%D1%8F%D1%82-%D0%B1%D1%8A%D0%BB%D0%B3%D0%B0%D1%80%D1%81%D0%BA%D0%B8-%D0%B0%D0%BA%D1%82%D1%8C%D0%BE/ HTTP/1.1" 200 23450 "-" "Mozilla/5.0 (compatible; Baiduspider/2.0; +http://www.baidu.com/search/spider.html)"
65.108.2.171 - - [05/Apr/2026:18:33:11 +0200] "GET /%D0%BD%D0%B0-5-%D0%B4%D0%B5%D0%BA%D0%B5%D0%BC%D0%B2%D1%80%D0%B8-1975-%D0%B3-%D0%B2-%D1%81%D0%BE%D1%84%D0%B8%D1%8F-%D0%B5-%D0%BE%D1%82%D0%BA%D1%80%D0%B8%D1%82-%D1%81%D1%82%D1%83%D0%B4%D0%B5%D0%BD/ HTTP/1.1" 200 21616 "-" "Mozilla/5.0 (compatible; MJ12bot/v1.4.8; http://mj12bot.com/)"
65.108.2.171 - - [05/Apr/2026:18:33:13 +0200] "GET /%D1%80%D0%BE%D0%B6%D0%B4%D0%B5%D0%BD-%D0%B4%D0%B5%D0%BD-%D0%BF%D1%80%D0%B0%D0%B7%D0%BD%D1%83%D0%B2%D0%B0-%D0%BA%D1%80%D0%B0%D1%81%D0%B8%D0%BC%D0%B8%D1%80-%D1%8F%D0%BD%D0%BA%D0%BE%D0%B2/ HTTP/1.1" 200 21669 "-" "Mozilla/5.0 (compatible; MJ12bot/v1.4.8; http://mj12bot.com/)"
65.108.2.171 - - [05/Apr/2026:18:33:15 +0200] "GET /%D1%81%D0%B8%D0%BC%D0%B2%D0%BE%D0%BB%D1%8A%D1%82-%D0%BD%D0%B0-%D1%81%D0%B5%D0%B2%D0%BB%D0%B8%D0%B5%D0%B2%D0%BE/feed/ HTTP/1.1" 200 516 "-" "Mozilla/5.0 (compatible; MJ12bot/v1.4.8; http://mj12bot.com/)"
161.97.137.93 - - [05/Apr/2026:18:33:17 +0200] "POST /wp-cron.php?doing_wp_cron=1775406797.3145790100097656250000 HTTP/1.1" 404 15247 "https://patrioti.net/wp-cron.php?doing_wp_cron=1775406797.3145790100097656250000" "WordPress/4.9.26; https://patrioti.net"
65.108.2.171 - - [05/Apr/2026:18:33:17 +0200] "GET /%D1%82%D0%B5%D0%BE%D0%B4%D0%BE%D1%80-%D1%81%D1%82%D1%83%D0%B4%D0%B8%D1%82-%D0%B8%D0%B7%D0%BF%D0%BE%D0%B2%D0%B5%D0%B4%D0%BD%D0%B8%D0%BA-%D0%BF%D1%80%D0%B5%D0%B4%D1%83%D0%BF%D1%80%D0%B5%D0%B4%D0%B8/feed/ HTTP/1.1" 200 627 "-" "Mozilla/5.0 (compatible; MJ12bot/v1.4.8; http://mj12bot.com/)"
124.156.198.248 - - [05/Apr/2026:18:33:25 +0200] "GET /category/%d0%bb%d0%b8%d1%87%d0%bd%d0%be%d1%81%d1%82%d0%b8/page/78/?filter_by=popular HTTP/1.1" 200 20017 "-" "Mozilla/5.0 (Macintosh; Intel Mac OS X 10_15_7) AppleWebKit/537.36 (KHTML, like Gecko) Chrome/141.0.0.0 Safari/537.36"
65.108.2.171 - - [05/Apr/2026:18:33:25 +0200] "GET /category/%D1%86%D1%8A%D1%80%D0%BA%D0%BE%D0%B2%D0%B5%D0%BD-%D0%BA%D0%B0%D0%BB%D0%B5%D0%BD%D0%B4%D0%B0%D1%80/feed/ HTTP/1.1" 200 26650 "-" "Mozilla/5.0 (compatible; MJ12bot/v1.4.8; http://mj12bot.com/)"
65.108.2.171 - - [05/Apr/2026:18:33:27 +0200] "GET /ix-x-%D0%B2%D0%B5%D0%BA-%D0%B7%D0%BB%D0%B0%D1%82%D0%B5%D0%BD-%D0%B2%D0%B5%D0%BA-%D0%BD%D0%B0-%D0%B1%D1%8A%D0%BB%D0%B3%D0%B0%D1%80%D1%81%D0%BA%D0%B0%D1%82%D0%B0-%D0%BA%D0%BD%D0%B8%D0%B6%D0%BD%D0%B8/ HTTP/1.1" 200 22115 "-" "Mozilla/5.0 (compatible; MJ12bot/v1.4.8; http://mj12bot.com/)"
216.73.216.22 - - [05/Apr/2026:18:33:27 +0200] "GET /%d1%88%d0%b8%d0%bf%d1%87%d0%b5%d0%bd%d1%81%d0%ba%d0%b8-%d0%bc%d0%b0%d0%bd%d0%b0%d1%81%d1%82%d0%b8%d1%80-%d1%80%d0%be%d0%b6%d0%b4%d0%b5%d1%81%d1%82%d0%b2%d0%be-%d1%85%d1%80%d0%b8%d1%81%d1%82%d0%be HTTP/1.1" 301 0 "-" "Mozilla/5.0 AppleWebKit/537.36 (KHTML, like Gecko; compatible; ClaudeBot/1.0; +claudebot@anthropic.com)"
216.73.216.22 - - [05/Apr/2026:18:33:27 +0200] "GET /category/%D0%BD%D0%B0-%D1%82%D0%BE%D0%B7%D0%B8-%D0%B4%D0%B5%D0%BD/page/188 HTTP/1.1" 301 0 "-" "Mozilla/5.0 AppleWebKit/537.36 (KHTML, like Gecko; compatible; ClaudeBot/1.0; +claudebot@anthropic.com)"
216.73.216.22 - - [05/Apr/2026:18:33:28 +0200] "GET /%d1%88%d0%b8%d0%bf%d1%87%d0%b5%d0%bd%d1%81%d0%ba%d0%b8-%d0%bc%d0%b0%d0%bd%d0%b0%d1%81%d1%82%d0%b8%d1%80-%d1%80%d0%be%d0%b6%d0%b4%d0%b5%d1%81%d1%82%d0%b2%d0%be-%d1%85%d1%80%d0%b8%d1%81%d1%82%d0%be/ HTTP/1.1" 200 21799 "https://patrioti.net/%d1%88%d0%b8%d0%bf%d1%87%d0%b5%d0%bd%d1%81%d0%ba%d0%b8-%d0%bc%d0%b0%d0%bd%d0%b0%d1%81%d1%82%d0%b8%d1%80-%d1%80%d0%be%d0%b6%d0%b4%d0%b5%d1%81%d1%82%d0%b2%d0%be-%d1%85%d1%80%d0%b8%d1%81%d1%82%d0%be" "Mozilla/5.0 AppleWebKit/537.36 (KHTML, like Gecko; compatible; ClaudeBot/1.0; +claudebot@anthropic.com)"
216.73.216.22 - - [05/Apr/2026:18:33:28 +0200] "GET /category/%D0%BD%D0%B0-%D1%82%D0%BE%D0%B7%D0%B8-%D0%B4%D0%B5%D0%BD/page/188/ HTTP/1.1" 200 19247 "https://patrioti.net/category/%D0%BD%D0%B0-%D1%82%D0%BE%D0%B7%D0%B8-%D0%B4%D0%B5%D0%BD/page/188" "Mozilla/5.0 AppleWebKit/537.36 (KHTML, like Gecko; compatible; ClaudeBot/1.0; +claudebot@anthropic.com)"
65.108.2.171 - - [05/Apr/2026:18:33:29 +0200] "GET /%D0%B2%D0%BE%D0%B9%D0%BD%D1%81%D0%BA%D0%B8-%D1%81%D1%8A%D1%8E%D0%B7-%D0%B2%D0%B0%D1%81%D0%B8%D0%BB-%D0%BB%D0%B5%D0%B2%D1%81%D0%BA%D0%B8-%D0%B8-%D0%B1%D0%BD%D0%BE-%D1%88/ HTTP/1.1" 200 21557 "-" "Mozilla/5.0 (compatible; MJ12bot/v1.4.8; http://mj12bot.com/)"
65.108.2.171 - - [05/Apr/2026:18:33:31 +0200] "GET /%D0%B4%D0%BD%D0%B5%D1%81-%D0%B5-%D1%80%D0%BE%D0%B4%D0%B5%D0%BD-%D0%B1%D1%8A%D0%BB%D0%B3%D0%B0%D1%80%D1%81%D0%BA%D0%B8%D1%8F%D1%82-%D1%84%D1%83%D1%82%D0%B1%D0%BE%D0%BB%D0%B8%D1%81%D1%82-%D0%BF%D0%BB-2/ HTTP/1.1" 200 20704 "-" "Mozilla/5.0 (compatible; MJ12bot/v1.4.8; http://mj12bot.com/)"
65.108.2.171 - - [05/Apr/2026:18:33:35 +0200] "GET /%D0%B4%D0%BD%D0%B5%D1%81-%D0%B5-%D1%80%D0%BE%D0%B4%D0%B5%D0%BD%D0%B0-%D0%B1%D1%8A%D0%BB%D0%B3%D0%B0%D1%80%D1%81%D0%BA%D0%B0%D1%82%D0%B0-%D0%BD%D0%B0%D1%80%D0%BE%D0%B4%D0%BD%D0%B0-%D0%BF%D0%B5%D0%B2-6/ HTTP/1.1" 200 22576 "-" "Mozilla/5.0 (compatible; MJ12bot/v1.4.8; http://mj12bot.com/)"
65.108.2.171 - - [05/Apr/2026:18:33:38 +0200] "GET /%D0%B2%D0%B0%D0%B7%D0%BE%D0%B2-%D0%B8-%D0%B1%D0%BE%D1%82%D0%B5%D0%B2-%D0%B1%D0%BB%D0%B8%D0%B7%D0%BA%D0%B8-%D0%B8-%D0%B4%D0%B0%D0%BB%D0%B5%D1%87%D0%BD%D0%B8/ HTTP/1.1" 200 24567 "-" "Mozilla/5.0 (compatible; MJ12bot/v1.4.8; http://mj12bot.com/)"
51.195.244.143 - - [05/Apr/2026:18:33:39 +0200] "GET /wp-content/cache/page_enhanced/patrioti.net/%D0%BD%D0%B0-18-%D1%8F%D0%BD%D1%83%D0%B0%D1%80%D0%B8-1990-%D0%B3-%D0%B5-%D0%B8%D0%B7%D0%B4%D0%B0%D0%B4%D0%B5%D0%BD%D0%B0-%D0%B7%D0%B0%D0%BF%D0%BE%D0%B2%D0%B5%D0%B4-%D0%B7%D0%B0-%D0%B0%D1%80%D0%B5/?C=S;O=A HTTP/1.1" 200 409 "-" "Mozilla/5.0 (compatible; AhrefsBot/7.0; +http://ahrefs.com/robot/)"
65.108.2.171 - - [05/Apr/2026:18:33:42 +0200] "GET /20-%D0%B4%D0%B5%D0%BA%D0%B5%D0%BC%D0%B2%D1%80%D0%B8-1943-%D0%B3-%D0%B2%D1%82%D0%BE%D1%80%D0%B0-%D1%81%D0%B2%D0%B5%D1%82%D0%BE%D0%B2%D0%BD%D0%B0-%D0%B2%D0%BE%D0%B9%D0%BD%D0%B0-%D1%87%D0%B5/feed/ HTTP/1.1" 200 621 "-" "Mozilla/5.0 (compatible; MJ12bot/v1.4.8; http://mj12bot.com/)"
185.191.171.15 - - [05/Apr/2026:18:33:43 +0200] "GET /tag/bulgaria/page/350/ HTTP/1.1" 403 218 "-" "Mozilla/5.0 (compatible; SemrushBot/7~bl; +http://www.semrush.com/bot.html)"
65.108.2.171 - - [05/Apr/2026:18:33:44 +0200] "GET /category/%D0%B2%D1%8F%D1%80%D0%B0/feed/ HTTP/1.1" 200 17550 "-" "Mozilla/5.0 (compatible; MJ12bot/v1.4.8; http://mj12bot.com/)"
65.108.2.171 - - [05/Apr/2026:18:33:48 +0200] "GET /%D0%B1%D1%8A%D0%BB%D0%B3%D0%B0%D1%80%D1%81%D0%BA%D0%B0%D1%82%D0%B0-%D0%B3%D0%BE%D1%80%D0%B0-%D0%B2%D0%B4%D1%8A%D1%85%D0%BD%D0%BE%D0%B2%D0%B5%D0%BD%D0%B8%D0%B5-%D0%B7%D0%B0-%D0%BC%D0%BD%D0%BE%D0%B3/ HTTP/1.1" 200 22073 "-" "Mozilla/5.0 (compatible; MJ12bot/v1.4.8; http://mj12bot.com/)"
52.167.144.211 - - [05/Apr/2026:18:33:48 +0200] "GET /%D1%81%D0%BB%D0%B0%D0%B2%D0%BD%D0%B0%D1%82%D0%B0-%D1%81%D1%82%D0%BE%D0%BB%D0%B8%D1%87%D0%BD%D0%B0-%D0%BF%D0%BE%D0%B6%D0%B0%D1%80%D0%BD%D0%B0/ HTTP/1.1" 200 22315 "-" "Mozilla/5.0 AppleWebKit/537.36 (KHTML, like Gecko; compatible; bingbot/2.0; +http://www.bing.com/bingbot.htm) Chrome/116.0.1938.76 Safari/537.36"
87.250.224.12 - - [05/Apr/2026:18:33:49 +0200] "GET /robots.txt HTTP/1.1" 200 66 "-" "Mozilla/5.0 (compatible; YandexBot/3.0; +http://yandex.com/bots)"
65.108.2.171 - - [05/Apr/2026:18:33:50 +0200] "GET /%D0%BD%D0%B0-5-%D0%B4%D0%B5%D0%BA%D0%B5%D0%BC%D0%B2%D1%80%D0%B8-%D1%86%D1%8A%D1%80%D0%BA%D0%B2%D0%B0%D1%82%D0%B0-%D0%BF%D0%BE%D1%87%D0%B8%D1%82%D0%B0-%D1%81%D0%B2-%D1%81%D0%B0%D0%B2%D0%B0-%D0%BE/ HTTP/1.1" 200 22889 "-" "Mozilla/5.0 (compatible; MJ12bot/v1.4.8; http://mj12bot.com/)"
65.108.2.171 - - [05/Apr/2026:18:33:51 +0200] "GET /%D1%85%D0%B0%D0%BD-%D1%82%D0%B5%D1%80%D0%B2%D0%B5%D0%BB-%D0%BF%D0%BE%D1%81%D1%80%D0%B5%D1%89%D0%B0-%D0%BF%D1%8A%D1%80%D0%B2%D0%B8%D1%82%D0%B5-%D0%B8%D1%81%D0%BB%D1%8F%D0%BC%D1%81%D0%BA%D0%B8-%D0%B1/ HTTP/1.1" 200 23335 "-" "Mozilla/5.0 (compatible; MJ12bot/v1.4.8; http://mj12bot.com/)"
40.77.167.27 - - [05/Apr/2026:18:33:52 +0200] "GET /tag/%D0%BC%D0%BE%D0%BF%D0%B0%D1%81%D0%B0%D0%BD/ HTTP/1.1" 200 15506 "-" "Mozilla/5.0 AppleWebKit/537.36 (KHTML, like Gecko; compatible; bingbot/2.0; +http://www.bing.com/bingbot.htm) Chrome/116.0.1938.76 Safari/537.36"
216.73.216.22 - - [05/Apr/2026:18:33:53 +0200] "GET /tag/%D0%B4%D0%B5%D1%81%D0%B5%D1%82%D0%B0-%D0%BF%D0%B5%D1%85%D0%BE%D1%82%D0%BD%D0%B0-%D0%B1%D0%B5%D0%BB%D0%BE%D0%BC%D0%BE%D1%80%D1%81%D0%BA%D0%B0-%D0%B4%D0%B8%D0%B2%D0%B8%D0%B7%D0%B8%D1%8F/ HTTP/1.1" 200 15590 "-" "Mozilla/5.0 AppleWebKit/537.36 (KHTML, like Gecko; compatible; ClaudeBot/1.0; +claudebot@anthropic.com)"
216.73.216.22 - - [05/Apr/2026:18:33:53 +0200] "GET /%D0%B1%D0%B5%D1%88%D0%B5-%D0%BD%D0%B0%D0%B8%D1%81%D1%82%D0%B8%D0%BD%D0%B0-%D0%BF%D0%BE%D1%80%D0%B0%D0%B7%D0%B8%D1%82%D0%B5%D0%BB%D0%BD%D0%BE-%D0%B4%D0%BE%D0%BA%D0%BB%D0%B0%D0%B4%D0%B2%D0%B0/whatsapp:/send HTTP/1.1" 404 15247 "-" "Mozilla/5.0 AppleWebKit/537.36 (KHTML, like Gecko; compatible; ClaudeBot/1.0; +claudebot@anthropic.com)"
65.108.2.171 - - [05/Apr/2026:18:33:55 +0200] "GET /%D0%B4%D0%BD%D0%B5%D1%81-%D0%B5-%D1%80%D0%BE%D0%B4%D0%B5%D0%BD%D0%B0-%D0%B0%D0%BA%D1%82%D1%80%D0%B8%D1%81%D0%B0%D1%82%D0%B0-%D0%B7%D0%BB%D0%B0%D1%82%D0%B8%D0%BD%D0%B0-%D1%82%D0%BE%D0%B4%D0%B5%D0%B2/ HTTP/1.1" 200 21351 "-" "Mozilla/5.0 (compatible; MJ12bot/v1.4.8; http://mj12bot.com/)"
40.77.167.25 - - [05/Apr/2026:18:33:57 +0200] "GET /%D0%BD%D0%B0-%D1%82%D0%B8-%D0%BA%D1%83%D1%80%D1%88%D1%83%D0%BC%D0%B0-%D0%B0%D0%BC%D1%83%D0%B4%D0%B6%D0%B0-%D0%B2%D0%B8%D0%BA%D0%BD%D0%B0%D0%BB-%D0%BA%D0%B0%D1%80%D0%B0-%D1%82%D0%B0%D0%BD/ HTTP/1.1" 200 21602 "-" "Mozilla/5.0 AppleWebKit/537.36 (KHTML, like Gecko; compatible; bingbot/2.0; +http://www.bing.com/bingbot.htm) Chrome/116.0.1938.76 Safari/537.36"
43.128.108.54 - - [05/Apr/2026:18:34:16 +0200] "GET /category/%d0%b2%d1%8f%d1%80%d0%b0/page/11/?filter_by=popular HTTP/1.1" 200 19474 "-" "Mozilla/5.0 (Windows NT 10.0; Win64; x64) AppleWebKit/537.36 (KHTML, like Gecko) Chrome/141.0.0.0 Safari/537.36"
216.73.216.22 - - [05/Apr/2026:18:34:27 +0200] "GET /wp-content/uploads/2019/05/19-djurdjev-mu-plovdiv-324x235.jpg HTTP/1.1" 200 9888 "-" "Mozilla/5.0 AppleWebKit/537.36 (KHTML, like Gecko; compatible; ClaudeBot/1.0; +claudebot@anthropic.com)"
161.97.137.93 - - [05/Apr/2026:18:34:28 +0200] "POST /wp-cron.php?doing_wp_cron=1775406867.8576729297637939453125 HTTP/1.1" 404 15247 "https://patrioti.net/wp-cron.php?doing_wp_cron=1775406867.8576729297637939453125" "WordPress/4.9.26; https://patrioti.net"
216.73.216.22 - - [05/Apr/2026:18:34:28 +0200] "GET /tag/%d0%b1%d1%8a%d0%bb%d0%b3%d0%b0%d1%80%d0%b8%d1%82%d0%b5/page/188 HTTP/1.1" 301 0 "-" "Mozilla/5.0 AppleWebKit/537.36 (KHTML, like Gecko; compatible; ClaudeBot/1.0; +claudebot@anthropic.com)"
216.73.216.22 - - [05/Apr/2026:18:34:28 +0200] "GET /tag/%d0%b1%d1%8a%d0%bb%d0%b3%d0%b0%d1%80%d0%b8%d1%82%d0%b5/page/256 HTTP/1.1" 301 0 "-" "Mozilla/5.0 AppleWebKit/537.36 (KHTML, like Gecko; compatible; ClaudeBot/1.0; +claudebot@anthropic.com)"
216.73.216.22 - - [05/Apr/2026:18:34:28 +0200] "GET /tag/%d0%b1%d1%8a%d0%bb%d0%b3%d0%b0%d1%80%d0%b8%d1%82%d0%b5/page/188/ HTTP/1.1" 200 16886 "https://patrioti.net/tag/%d0%b1%d1%8a%d0%bb%d0%b3%d0%b0%d1%80%d0%b8%d1%82%d0%b5/page/188" "Mozilla/5.0 AppleWebKit/537.36 (KHTML, like Gecko; compatible; ClaudeBot/1.0; +claudebot@anthropic.com)"
216.73.216.22 - - [05/Apr/2026:18:34:28 +0200] "GET /tag/%d0%b1%d1%8a%d0%bb%d0%b3%d0%b0%d1%80%d0%b8%d1%82%d0%b5/page/256/ HTTP/1.1" 200 17074 "https://patrioti.net/tag/%d0%b1%d1%8a%d0%bb%d0%b3%d0%b0%d1%80%d0%b8%d1%82%d0%b5/page/256" "Mozilla/5.0 AppleWebKit/537.36 (KHTML, like Gecko; compatible; ClaudeBot/1.0; +claudebot@anthropic.com)"
54.38.147.216 - - [05/Apr/2026:18:34:37 +0200] "GET /%D0%BA%D0%BB%D0%B0%D0%BD%D0%B5%D1%82%D0%BE-%D0%B2-%D0%BB%D1%8E%D0%B1%D0%B5%D0%BD%D0%BE%D0%B2%D0%B0-%D0%BC%D0%B0%D1%85%D0%B0%D0%BB%D0%B0/ HTTP/1.1" 200 22152 "-" "Mozilla/5.0 (compatible; AhrefsBot/7.0; +http://ahrefs.com/robot/)"
51.195.183.45 - - [05/Apr/2026:18:34:53 +0200] "GET /wp-content/cache/page_enhanced/patrioti.net/%D0%BF%D0%B0%D1%82%D1%80%D0%B8%D0%BE%D1%82%D1%8A%D1%82-%D0%BC%D0%B0%D1%80%D0%B8%D0%BE-%D1%82%D0%BE%D0%BC%D0%BE%D0%B2-%D1%82%D1%80%D0%B0%D0%B9%D0%BA%D0%BE%D0%B2-%D1%81-%D0%BD%D0%B5%D0%BF%D1%83%D0%B1/?C=S;O=D HTTP/1.1" 200 401 "-" "Mozilla/5.0 (compatible; AhrefsBot/7.0; +http://ahrefs.com/robot/)"
66.249.69.133 - - [05/Apr/2026:18:34:59 +0200] "GET /%D0%BD%D0%B0-%D0%B4%D0%BD%D0%B5%D1%88%D0%BD%D0%B0%D1%82%D0%B0-%D0%B4%D0%B0%D1%82%D0%B0-%D1%83%D0%BC%D0%B8%D1%80%D0%B0-%D0%B1%D1%8A%D0%BB%D0%B3%D0%B0%D1%80%D1%81%D0%BA%D0%B8%D1%8F%D1%82-%D0%BF%D0%B8-14/ HTTP/1.1" 200 20970 "-" "Mozilla/5.0 (Linux; Android 6.0.1; Nexus 5X Build/MMB29P) AppleWebKit/537.36 (KHTML, like Gecko) Chrome/146.0.7680.177 Mobile Safari/537.36 (compatible; Googlebot/2.1; +http://www.google.com/bot.html)"
66.249.69.132 - - [05/Apr/2026:18:35:13 +0200] "GET /tag/%D0%B8%D0%B3%D0%BB%D0%B8%D0%BA%D0%B8%D0%BD%D0%B0-%D0%BF%D0%BE%D0%BB%D1%8F%D0%BD%D0%B0/ HTTP/1.1" 200 15598 "-" "Mozilla/5.0 (compatible; Googlebot/2.1; +http://www.google.com/bot.html)"
216.73.216.22 - - [05/Apr/2026:18:35:40 +0200] "GET /wp-content/uploads/2019/05/0905828001552035178_749028_600x458_actualno-324x235.jpg HTTP/1.1" 200 18216 "-" "Mozilla/5.0 AppleWebKit/537.36 (KHTML, like Gecko; compatible; ClaudeBot/1.0; +claudebot@anthropic.com)"
216.73.216.22 - - [05/Apr/2026:18:35:40 +0200] "GET /wp-content/uploads/2019/05/BASA_138K-1-102-39_Vasil_Kirkov_crop-324x235.jpg HTTP/1.1" 200 9655 "-" "Mozilla/5.0 AppleWebKit/537.36 (KHTML, like Gecko; compatible; ClaudeBot/1.0; +claudebot@anthropic.com)"
161.97.137.93 - - [05/Apr/2026:18:35:41 +0200] "POST /wp-cron.php?doing_wp_cron=1775406941.0465519428253173828125 HTTP/1.1" 404 15247 "https://patrioti.net/wp-cron.php?doing_wp_cron=1775406941.0465519428253173828125" "WordPress/4.9.26; https://patrioti.net"
216.73.216.22 - - [05/Apr/2026:18:35:41 +0200] "GET /tag/%D0%B1%D1%8A%D0%BB%D0%B3%D0%B0%D1%80%D0%B8%D1%82%D0%B5/page/416 HTTP/1.1" 301 0 "-" "Mozilla/5.0 AppleWebKit/537.36 (KHTML, like Gecko; compatible; ClaudeBot/1.0; +claudebot@anthropic.com)"
216.73.216.22 - - [05/Apr/2026:18:35:42 +0200] "GET /tag/%D0%B1%D1%8A%D0%BB%D0%B3%D0%B0%D1%80%D0%B8%D1%82%D0%B5/page/416/ HTTP/1.1" 200 17258 "https://patrioti.net/tag/%D0%B1%D1%8A%D0%BB%D0%B3%D0%B0%D1%80%D0%B8%D1%82%D0%B5/page/416" "Mozilla/5.0 AppleWebKit/537.36 (KHTML, like Gecko; compatible; ClaudeBot/1.0; +claudebot@anthropic.com)"
220.181.108.110 - - [05/Apr/2026:18:35:44 +0200] "GET /?p=46098 HTTP/1.1" 301 0 "-" "Mozilla/5.0 (compatible; Baiduspider/2.0; +http://www.baidu.com/search/spider.html)"
220.181.108.177 - - [05/Apr/2026:18:35:45 +0200] "GET /%D0%BD%D0%B0-3-%D1%8E%D0%BB%D0%B8-%D1%86%D1%8A%D1%80%D0%BA%D0%B2%D0%B0%D1%82%D0%B0-%D0%BF%D0%BE%D1%87%D0%B8%D1%82%D0%B0-%D1%81%D0%B2-%D0%B0%D0%BD%D0%B0%D1%82%D0%BE%D0%BB%D0%B8%D0%B9-%D0%BF%D0%B0/ HTTP/1.1" 200 21056 "-" "Mozilla/5.0 (compatible; Baiduspider/2.0; +http://www.baidu.com/search/spider.html)"
85.208.96.211 - - [05/Apr/2026:18:35:50 +0200] "GET /%D0%BD%D0%B0-5-%D1%84%D0%B5%D0%B2%D1%80%D1%83%D0%B0%D1%80%D0%B8-1923-%D0%B3-%D0%B5-%D1%80%D0%BE%D0%B4%D0%B5%D0%BD-%D0%BF%D0%B8%D1%81%D0%B0%D1%82%D0%B5%D0%BB%D1%8F%D1%82-%D0%B5%D0%B2%D0%B3%D0%B5%D0%BD/ HTTP/1.1" 200 20816 "-" "Mozilla/5.0 (compatible; SemrushBot/7~bl; +http://www.semrush.com/bot.html)"
54.38.147.162 - - [05/Apr/2026:18:35:53 +0200] "GET /tag/%D0%B1%D1%8A%D0%BB%D0%B3%D0%B0%D1%80%D1%81%D0%BA%D0%B8-%D1%84%D1%83%D1%82%D0%B1%D0%BE%D0%BB%D0%B8%D1%81%D1%82/page/5/ HTTP/1.1" 200 16744 "-" "Mozilla/5.0 (compatible; AhrefsBot/7.0; +http://ahrefs.com/robot/)"
216.73.216.22 - - [05/Apr/2026:18:35:58 +0200] "GET /wp-content/themes/Newspaper/includes/category_templates/td_category_template_8.php HTTP/1.1" 500 0 "-" "Mozilla/5.0 AppleWebKit/537.36 (KHTML, like Gecko; compatible; ClaudeBot/1.0; +claudebot@anthropic.com)"
216.73.216.22 - - [05/Apr/2026:18:35:58 +0200] "GET /wp-content/themes/Newspaper/includes/demos/church/td_import.php HTTP/1.1" 500 0 "-" "Mozilla/5.0 AppleWebKit/537.36 (KHTML, like Gecko; compatible; ClaudeBot/1.0; +claudebot@anthropic.com)"
216.73.216.22 - - [05/Apr/2026:18:35:59 +0200] "GET /wp-content/themes/Newspaper/includes/smart_lists/td_smart_list_7.php HTTP/1.1" 500 0 "-" "Mozilla/5.0 AppleWebKit/537.36 (KHTML, like Gecko; compatible; ClaudeBot/1.0; +claudebot@anthropic.com)"
40.77.167.27 - - [05/Apr/2026:18:36:01 +0200] "GET /?s=%D0%98%D0%BB%D1%8C%D1%8F+%D0%93%D0%BE%D1%80%D1%8F%D1%87%D0%B5%D0%B2+%D0%B2%D1%81%D0%BA%D1%80%D1%8B%D0%B2%D0%B0%D0%BB+%D1%81%D0%B5%D0%B1%D0%B5+%D0%B2%D0%B5%D0%BD%D1%8B+%D0%B2+%D0%BF%D1%80%D0%B5%D1%81%D1%81+%D1%85%D0%B0%D1%82%D0%B5 HTTP/1.1" 502 552 "-" "Mozilla/5.0 AppleWebKit/537.36 (KHTML, like Gecko; compatible; bingbot/2.0; +http://www.bing.com/bingbot.htm) Chrome/116.0.1938.76 Safari/537.36"
216.73.216.22 - - [05/Apr/2026:18:36:30 +0200] "GET /wp-content/themes/Newspaper/includes/shortcodes/td_block_big_grid_5.php HTTP/1.1" 500 0 "-" "Mozilla/5.0 AppleWebKit/537.36 (KHTML, like Gecko; compatible; ClaudeBot/1.0; +claudebot@anthropic.com)"
216.73.216.22 - - [05/Apr/2026:18:36:30 +0200] "GET /wp-content/themes/Newspaper/includes/wp_booster/td_cake.php HTTP/1.1" 500 0 "-" "Mozilla/5.0 AppleWebKit/537.36 (KHTML, like Gecko; compatible; ClaudeBot/1.0; +claudebot@anthropic.com)"
216.73.216.22 - - [05/Apr/2026:18:36:30 +0200] "GET /wp-content/themes/Newspaper/includes/wp_booster/td_first_install.php HTTP/1.1" 500 0 "-" "Mozilla/5.0 AppleWebKit/537.36 (KHTML, like Gecko; compatible; ClaudeBot/1.0; +claudebot@anthropic.com)"
161.97.137.93 - - [05/Apr/2026:18:36:46 +0200] "POST /wp-cron.php?doing_wp_cron=1775407005.9619159698486328125000 HTTP/1.1" 404 15248 "https://patrioti.net/wp-cron.php?doing_wp_cron=1775407005.9619159698486328125000" "WordPress/4.9.26; https://patrioti.net"
54.38.147.79 - - [05/Apr/2026:18:36:46 +0200] "GET /%D0%BF%D1%80%D0%BE%D1%84-%D0%B4-%D1%80-%D1%85%D1%80%D0%B8%D1%81%D1%82%D0%BE-%D0%BF%D0%B8%D0%BC%D0%BF%D0%B8%D1%80%D0%B5%D0%B2-%D0%BF%D1%8A%D1%80%D0%B2%D0%B8%D1%8F%D1%82-%D0%B1%D1%8A%D0%BB%D0%B3/ HTTP/1.1" 200 21668 "-" "Mozilla/5.0 (compatible; AhrefsBot/7.0; +http://ahrefs.com/robot/)"
216.73.216.22 - - [05/Apr/2026:18:36:53 +0200] "GET /wp-content/uploads/2019/05/Atanas_Burov-324x160.jpg HTTP/1.1" 200 9822 "-" "Mozilla/5.0 AppleWebKit/537.36 (KHTML, like Gecko; compatible; ClaudeBot/1.0; +claudebot@anthropic.com)"
216.73.216.22 - - [05/Apr/2026:18:36:53 +0200] "GET /wp-content/themes/Newspaper/includes/demos/craft_ideas/td_media_4.php HTTP/1.1" 500 0 "-" "Mozilla/5.0 AppleWebKit/537.36 (KHTML, like Gecko; compatible; ClaudeBot/1.0; +claudebot@anthropic.com)"
216.73.216.22 - - [05/Apr/2026:18:36:53 +0200] "GET /wp-content/themes/Newspaper/includes/demos/craft_ideas/td_media_3.php HTTP/1.1" 500 0 "-" "Mozilla/5.0 AppleWebKit/537.36 (KHTML, like Gecko; compatible; ClaudeBot/1.0; +claudebot@anthropic.com)"
2a00:4804:a000:ad2:9ec:10b5:6a4f:18b - - [05/Apr/2026:18:37:04 +0200] "GET /13-%d1%81%d0%b5%d0%bf%d1%82%d0%b5%d0%bc%d0%b2%d1%80%d0%b8-1923-%d0%b3-%d0%bc%d1%8a%d0%b3%d0%bb%d0%b8%d0%b6-%d0%b1%d0%b5%d1%88%d0%b5-%d0%bf%d1%80%d1%8a%d0%b2/ HTTP/1.1" 502 552 "https://www.bing.com/" "Mozilla/5.0 (Windows NT 10.0; Win64; x64) AppleWebKit/537.36 (KHTML, like Gecko) Chrome/146.0.0.0 Safari/537.36 Edg/146.0.0.0"
81.70.34.32 - - [05/Apr/2026:18:37:07 +0200] "GET /category/%d0%bd%d0%b0-%d1%82%d0%be%d0%b7%d0%b8-%d0%b4%d0%b5%d0%bd/page/17/?filter_by=random_posts HTTP/1.1" 200 19553 "-" "Mozilla/5.0 (Windows NT 10.0; Win64; x64) AppleWebKit/537.36 (KHTML, like Gecko) Chrome/142.0.0.0 Safari/537.36"
52.167.144.169 - - [05/Apr/2026:18:37:12 +0200] "GET /%D0%BA%D1%8A%D1%81%D1%87%D0%B5-%D0%B2%D0%B0%D1%82%D0%B8%D0%BA%D0%B0%D0%BD-%D0%B2-%D1%81%D1%8A%D1%80%D1%86%D0%B5%D1%82%D0%BE-%D0%BD%D0%B0-%D1%81%D0%BE%D1%84%D0%B8%D1%8F/saint_joseph_sofia/ HTTP/1.1" 200 16626 "-" "Mozilla/5.0 AppleWebKit/537.36 (KHTML, like Gecko; compatible; bingbot/2.0; +http://www.bing.com/bingbot.htm) Chrome/116.0.1938.76 Safari/537.36"
198.244.183.254 - - [05/Apr/2026:18:37:20 +0200] "GET /wp-content/uploads/2021/02/?C=S;O=A HTTP/1.1" 200 277 "-" "Mozilla/5.0 (compatible; AhrefsBot/7.0; +http://ahrefs.com/robot/)"
18.205.127.11 - - [05/Apr/2026:18:37:27 +0200] "GET /category/%D0%B8%D1%81%D1%82%D0%BE%D1%80%D0%B8%D1%87%D0%B5%D1%81%D0%BA%D0%B8-%D1%81%D1%8A%D0%B1%D0%B8%D1%82%D0%B8%D1%8F/page/14/ HTTP/1.1" 200 19636 "-" "Mozilla/5.0 AppleWebKit/537.36 (KHTML, like Gecko; compatible; Amazonbot/0.1; +https://developer.amazon.com/support/amazonbot) Chrome/119.0.6045.214 Safari/537.36"
216.73.216.22 - - [05/Apr/2026:18:37:29 +0200] "GET /wp-content/themes/Newspaper/includes/demos/lifestyle/pages/?C=D&O=A HTTP/1.1" 200 353 "-" "Mozilla/5.0 AppleWebKit/537.36 (KHTML, like Gecko; compatible; ClaudeBot/1.0; +claudebot@anthropic.com)"
216.73.216.22 - - [05/Apr/2026:18:37:29 +0200] "GET /wp-content/themes/Newspaper/includes/demos/lifestyle/pages/?C=S&O=A HTTP/1.1" 200 353 "-" "Mozilla/5.0 AppleWebKit/537.36 (KHTML, like Gecko; compatible; ClaudeBot/1.0; +claudebot@anthropic.com)"
216.73.216.22 - - [05/Apr/2026:18:37:30 +0200] "GET /wp-content/themes/Newspaper/includes/demos/lifestyle/pages/?C=M&O=A HTTP/1.1" 200 352 "-" "Mozilla/5.0 AppleWebKit/537.36 (KHTML, like Gecko; compatible; ClaudeBot/1.0; +claudebot@anthropic.com)"
54.83.240.58 - - [05/Apr/2026:18:37:31 +0200] "GET /wp-json/oembed/1.0/embed?url=https://patrioti.net/%25d0%25bd%25d0%25b0-%25d0%25b4%25d0%25bd%25d0%25b5%25d1%2588%25d0%25bd%25d0%25b0%25d1%2582%25d0%25b0-%25d0%25b4%25d0%25b0%25d1%2582%25d0%25b0-%25d1%2583%25d0%25bc%25d0%25b8%25d1%2580%25d0%25b0-%25d0%25b1%25d1%258a%25d0%25bb%25d0%25b3%25d0%25b0%25d1%2580%25d1%2581%25d0%25ba%25d0%25b8%25d1%258f%25d1%2582-%25d1%2585%25d1%2583-9/ HTTP/1.1" 200 1283 "-" "Mozilla/5.0 AppleWebKit/537.36 (KHTML, like Gecko; compatible; Amazonbot/0.1; +https://developer.amazon.com/support/amazonbot) Chrome/119.0.6045.214 Safari/537.36"
216.73.216.22 - - [05/Apr/2026:18:38:09 +0200] "GET /wp-content/themes/Newspaper/includes/modules/td_module_mx20.php HTTP/1.1" 500 0 "-" "Mozilla/5.0 AppleWebKit/537.36 (KHTML, like Gecko; compatible; ClaudeBot/1.0; +claudebot@anthropic.com)"
161.97.137.93 - - [05/Apr/2026:18:38:09 +0200] "POST /wp-cron.php?doing_wp_cron=1775407089.2451889514923095703125 HTTP/1.1" 404 15246 "https://patrioti.net/wp-cron.php?doing_wp_cron=1775407089.2451889514923095703125" "WordPress/4.9.26; https://patrioti.net"
216.73.216.22 - - [05/Apr/2026:18:38:09 +0200] "GET /%d0%b4%d0%bd%d0%b5%d1%81-%d0%bf%d0%be%d1%87%d0%b8%d1%82%d0%b0%d0%bc%d0%b5-%d0%bf%d0%b0%d0%bc%d0%b5%d1%82%d1%82%d0%b0-%d0%bd%d0%b0-%d0%b1%d1%8a%d0%bb%d0%b3%d0%b0%d1%80%d1%81%d0%ba%d0%b8%d1%8f-%d0%bd-5 HTTP/1.1" 301 0 "-" "Mozilla/5.0 AppleWebKit/537.36 (KHTML, like Gecko; compatible; ClaudeBot/1.0; +claudebot@anthropic.com)"
216.73.216.22 - - [05/Apr/2026:18:38:10 +0200] "GET /%d0%b4%d0%bd%d0%b5%d1%81-%d0%bf%d0%be%d1%87%d0%b8%d1%82%d0%b0%d0%bc%d0%b5-%d0%bf%d0%b0%d0%bc%d0%b5%d1%82%d1%82%d0%b0-%d0%bd%d0%b0-%d0%b1%d1%8a%d0%bb%d0%b3%d0%b0%d1%80%d1%81%d0%ba%d0%b8%d1%8f-%d0%bd-5/ HTTP/1.1" 200 22273 "https://patrioti.net/%d0%b4%d0%bd%d0%b5%d1%81-%d0%bf%d0%be%d1%87%d0%b8%d1%82%d0%b0%d0%bc%d0%b5-%d0%bf%d0%b0%d0%bc%d0%b5%d1%82%d1%82%d0%b0-%d0%bd%d0%b0-%d0%b1%d1%8a%d0%bb%d0%b3%d0%b0%d1%80%d1%81%d0%ba%d0%b8%d1%8f-%d0%bd-5" "Mozilla/5.0 AppleWebKit/537.36 (KHTML, like Gecko; compatible; ClaudeBot/1.0; +claudebot@anthropic.com)"
66.249.69.131 - - [05/Apr/2026:18:38:20 +0200] "GET /tag/%D0%B1%D0%B8%D0%BE%D0%B3%D1%80%D0%B0%D1%84%D0%B8%D1%8F-%D0%BD%D0%B0-%D1%80%D0%B0%D1%88%D0%BA%D0%BE-%D1%81%D1%83%D0%B3%D0%B0%D1%80%D0%B5%D0%B2/ HTTP/1.1" 200 15545 "-" "Mozilla/5.0 (compatible; Googlebot/2.1; +http://www.google.com/bot.html)"
116.179.32.148 - - [05/Apr/2026:18:38:25 +0200] "GET /?p=26890 HTTP/1.1" 301 0 "-" "Mozilla/5.0 (compatible; Baiduspider/2.0; +http://www.baidu.com/search/spider.html)"
116.179.32.26 - - [05/Apr/2026:18:38:27 +0200] "GET /%D0%BA%D0%B0%D0%BA-%D0%B8%D0%B2%D0%B0%D1%86-%D0%B3%D1%80%D0%BE%D0%BC%D0%B8-%D0%B2%D0%B8%D0%B7%D0%B0%D0%BD%D1%82%D0%B8%D0%B9%D1%86%D0%B8%D1%82%D0%B5-%D0%BF%D1%80%D0%B8-%D0%B1%D0%B8%D1%82%D0%BE%D0%BB/ HTTP/1.1" 200 21930 "-" "Mozilla/5.0 (compatible; Baiduspider/2.0; +http://www.baidu.com/search/spider.html)"
51.195.244.17 - - [05/Apr/2026:18:38:38 +0200] "GET /%D0%B4%D0%BD%D0%B5%D1%81-%D0%BF%D0%BE%D1%87%D0%B8%D1%82%D0%B0%D0%BC%D0%B5-%D0%BF%D0%B0%D0%BC%D0%B5%D1%82%D1%82%D0%B0-%D0%BD%D0%B0-%D0%B1%D1%8A%D0%BB%D0%B3%D0%B0%D1%80%D1%81%D0%BA%D0%B8%D1%8F-%D0%B8-2/ HTTP/1.1" 200 22960 "-" "Mozilla/5.0 (compatible; AhrefsBot/7.0; +http://ahrefs.com/robot/)"
198.244.183.131 - - [05/Apr/2026:18:38:45 +0200] "GET /%D0%BF%D0%B0%D0%BC%D0%B5%D1%82%D0%BD%D0%B8%D0%BA%D1%8A%D1%82-%D0%BD%D0%B0-%D1%85%D1%80%D0%B8%D1%81%D1%82%D0%BE-%D0%B1%D0%BE%D1%82%D0%B5%D0%B2-%D0%B5-%D0%B5%D0%B4%D0%BD%D0%B0-%D0%BE%D1%82-%D0%B7%D0%B0/feed/ HTTP/1.1" 200 620 "-" "Mozilla/5.0 (compatible; AhrefsBot/7.0; +http://ahrefs.com/robot/)"
88.198.64.173 - - [05/Apr/2026:18:38:53 +0200] "GET /wp-login.php HTTP/1.1" 200 1168 "-" "Mozilla/5.0 (Macintosh; Intel Mac OS X 10_10_5) AppleWebKit/537.36 (KHTML, like Gecko) Chrome/65.0.3325.162 Safari/537.36"
216.73.216.22 - - [05/Apr/2026:18:38:54 +0200] "GET /wp-content/uploads/2018/12/bnt2-20150321-rk-sofia-mihailovski-85557-400x219-324x160.jpg HTTP/1.1" 200 11195 "-" "Mozilla/5.0 AppleWebKit/537.36 (KHTML, like Gecko; compatible; ClaudeBot/1.0; +claudebot@anthropic.com)"
88.198.64.173 - - [05/Apr/2026:18:38:54 +0200] "POST /wp-login.php HTTP/1.1" 200 1565 "https://patrioti.net/wp-login.php" "Mozilla/5.0 (Macintosh; Intel Mac OS X 10_10_5) AppleWebKit/537.36 (KHTML, like Gecko) Chrome/65.0.3325.162 Safari/537.36"
105.76.189.190 - - [05/Apr/2026:18:38:56 +0200] "GET /%D0%B4%D0%BD%D0%B5%D1%81-%D1%86%D1%8A%D1%80%D0%BA%D0%B2%D0%B0%D1%82%D0%B0-%D0%BE%D1%82%D0%B1%D0%B5%D0%BB%D1%8F%D0%B7%D0%B2%D0%B0-%D0%BD%D0%B5%D0%B4%D0%B5%D0%BB%D1%8F-%D0%BD%D0%B0-%D0%B2%D1%81%D0%B8/ HTTP/1.1" 200 23869 "-" "Mozilla/5.0 (Windows NT 10.0; Win64; x64) AppleWebKit/537.36 (KHTML, like Gecko) Chrome/90.0.4430.85 Safari/537.36"
85.208.96.193 - - [05/Apr/2026:18:38:58 +0200] "GET /%D0%B4%D0%BD%D0%B5%D1%81-%D1%81%D0%B8-%D1%81%D0%BF%D0%BE%D0%BC%D0%BD%D1%8F%D0%BC%D0%B5-%D0%B7%D0%B0-%D0%BB%D1%8E%D0%B4%D0%BC%D0%B8%D0%BB-%D1%8F%D0%BD%D0%BA%D0%BE%D0%B2-%D0%B1%D1%8A%D0%BB%D0%B3%D0%B0/ HTTP/1.1" 200 21857 "-" "Mozilla/5.0 (compatible; SemrushBot/7~bl; +http://www.semrush.com/bot.html)"
159.203.25.209 - - [05/Apr/2026:18:39:26 +0200] "POST /wp-login.php HTTP/1.1" 200 1548 "-" "Mozilla/5.0"
159.203.25.209 - - [05/Apr/2026:18:39:26 +0200] "POST /wp-login.php HTTP/1.1" 200 1559 "-" "Mozilla/5.0"
159.203.25.209 - - [05/Apr/2026:18:39:27 +0200] "POST /wp-login.php HTTP/1.1" 200 1555 "-" "Mozilla/5.0"
159.203.25.209 - - [05/Apr/2026:18:39:27 +0200] "POST /wp-login.php HTTP/1.1" 200 1561 "-" "Mozilla/5.0"
159.203.25.209 - - [05/Apr/2026:18:39:27 +0200] "POST /wp-login.php HTTP/1.1" 200 1562 "-" "Mozilla/5.0"
159.203.25.209 - - [05/Apr/2026:18:39:27 +0200] "POST /wp-login.php HTTP/1.1" 200 1554 "-" "Mozilla/5.0"
159.203.25.209 - - [05/Apr/2026:18:39:27 +0200] "POST /wp-login.php HTTP/1.1" 200 1562 "-" "Mozilla/5.0"
159.203.25.209 - - [05/Apr/2026:18:39:27 +0200] "POST /wp-login.php HTTP/1.1" 200 1561 "-" "Mozilla/5.0"
159.203.25.209 - - [05/Apr/2026:18:39:27 +0200] "POST /wp-login.php HTTP/1.1" 200 1557 "-" "Mozilla/5.0"
159.203.25.209 - - [05/Apr/2026:18:39:27 +0200] "POST /wp-login.php HTTP/1.1" 200 1555 "-" "Mozilla/5.0"
159.203.25.209 - - [05/Apr/2026:18:39:27 +0200] "POST /wp-login.php HTTP/1.1" 200 1560 "-" "Mozilla/5.0"
161.97.137.93 - - [05/Apr/2026:18:39:27 +0200] "POST /wp-cron.php?doing_wp_cron=1775407165.9523940086364746093750 HTTP/1.1" 404 15247 "https://patrioti.net/wp-cron.php?doing_wp_cron=1775407165.9523940086364746093750" "WordPress/4.9.26; https://patrioti.net"
161.97.137.93 - - [05/Apr/2026:18:39:27 +0200] "POST /wp-cron.php?doing_wp_cron=1775407165.9955399036407470703125 HTTP/1.1" 404 15246 "https://patrioti.net/wp-cron.php?doing_wp_cron=1775407165.9955399036407470703125" "WordPress/4.9.26; https://patrioti.net"
161.97.137.93 - - [05/Apr/2026:18:39:27 +0200] "POST /wp-cron.php?doing_wp_cron=1775407166.0129160881042480468750 HTTP/1.1" 404 15247 "https://patrioti.net/wp-cron.php?doing_wp_cron=1775407166.0129160881042480468750" "WordPress/4.9.26; https://patrioti.net"
161.97.137.93 - - [05/Apr/2026:18:39:27 +0200] "POST /wp-cron.php?doing_wp_cron=1775407166.0184600353240966796875 HTTP/1.1" 404 15246 "https://patrioti.net/wp-cron.php?doing_wp_cron=1775407166.0184600353240966796875" "WordPress/4.9.26; https://patrioti.net"
161.97.137.93 - - [05/Apr/2026:18:39:27 +0200] "POST /wp-cron.php?doing_wp_cron=1775407165.9179489612579345703125 HTTP/1.1" 404 15247 "https://patrioti.net/wp-cron.php?doing_wp_cron=1775407165.9179489612579345703125" "WordPress/4.9.26; https://patrioti.net"
51.89.129.58 - - [05/Apr/2026:18:39:33 +0200] "GET /wp-content/cache/page_enhanced/patrioti.net/tag/%D0%B1%D1%8A%D0%BB%D0%B3%D0%B0%D1%80%D1%81%D0%BA%D0%B8-%D1%80%D0%B5%D0%B2%D0%BE%D0%BB%D1%8E%D1%86%D0%B8%D0%BE%D0%BD%D0%B5%D1%80/?C=S;O=A HTTP/1.1" 200 362 "-" "Mozilla/5.0 (compatible; AhrefsBot/7.0; +http://ahrefs.com/robot/)"
52.167.144.212 - - [05/Apr/2026:18:39:59 +0200] "GET /tag/%D0%B0%D0%BD%D0%B0%D1%85%D0%B8%D0%B4-%D1%82%D0%B0%D1%87%D0%B5%D0%B2%D0%B0/ HTTP/1.1" 200 15625 "-" "Mozilla/5.0 AppleWebKit/537.36 (KHTML, like Gecko; compatible; bingbot/2.0; +http://www.bing.com/bingbot.htm) Chrome/116.0.1938.76 Safari/537.36"
52.167.144.211 - - [05/Apr/2026:18:40:09 +0200] "GET /%D0%BD%D0%B0-%D0%B4%D0%BD%D0%B5%D1%88%D0%BD%D0%B0%D1%82%D0%B0-%D0%B4%D0%B0%D1%82%D0%B0-%D0%B7%D0%B0%D0%B3%D0%B8%D0%B2%D0%B0-%D0%B1%D1%8A%D0%BB%D0%B3%D0%B0%D1%80%D1%81%D0%BA%D0%B8%D1%8F%D1%82-%D1%80-2/ HTTP/1.1" 200 23405 "-" "Mozilla/5.0 AppleWebKit/537.36 (KHTML, like Gecko; compatible; bingbot/2.0; +http://www.bing.com/bingbot.htm) Chrome/116.0.1938.76 Safari/537.36"
52.167.144.169 - - [05/Apr/2026:18:40:14 +0200] "GET /%D0%BD%D0%B0-%D0%B4%D0%BD%D0%B5%D1%88%D0%BD%D0%B0%D1%82%D0%B0-%D0%B4%D0%B0%D1%82%D0%B0-%D1%83%D0%BC%D0%B8%D1%80%D0%B0-%D0%BF%D0%B8%D1%81%D0%B0%D1%82%D0%B5%D0%BB%D1%8F%D1%82-%D1%81%D1%82%D0%BE%D1%8F-2/ HTTP/1.1" 200 20615 "-" "Mozilla/5.0 AppleWebKit/537.36 (KHTML, like Gecko; compatible; bingbot/2.0; +http://www.bing.com/bingbot.htm) Chrome/116.0.1938.76 Safari/537.36"
161.97.137.93 - - [05/Apr/2026:18:40:29 +0200] "POST /wp-cron.php?doing_wp_cron=1775407229.0859529972076416015625 HTTP/1.1" 404 15247 "https://patrioti.net/wp-cron.php?doing_wp_cron=1775407229.0859529972076416015625" "WordPress/4.9.26; https://patrioti.net"
198.244.240.58 - - [05/Apr/2026:18:40:29 +0200] "GET /%D0%B8%D1%81%D1%82%D0%BE%D1%80%D0%B8%D1%8F%D1%82%D0%B0-%D0%BD%D0%B0-%D0%B2%D0%B0%D0%B3%D0%BE%D0%BD%D0%BD%D0%B8%D1%8F-%D0%B7%D0%B0%D0%B2%D0%BE%D0%B4-%D0%B2-%D0%B4%D1%80%D1%8F%D0%BD%D0%BE%D0%B2%D0%BE/ HTTP/1.1" 200 23034 "-" "Mozilla/5.0 (compatible; AhrefsBot/7.0; +http://ahrefs.com/robot/)"
185.191.171.10 - - [05/Apr/2026:18:40:40 +0200] "GET /%D0%B4%D0%BD%D0%B5%D1%81-%D1%81%D0%B8-%D1%81%D0%BF%D0%BE%D0%BC%D0%BD%D1%8F%D0%BC%D0%B5-%D0%B7%D0%B0-%D0%B1%D1%8A%D0%BB%D0%B3%D0%B0%D1%80%D1%81%D0%BA%D0%B8%D1%8F-%D0%B5%D0%B7%D0%B8%D0%BA%D0%BE%D0%B2/ HTTP/1.1" 200 21422 "-" "Mozilla/5.0 (compatible; SemrushBot/7~bl; +http://www.semrush.com/bot.html)"
37.63.6.100 - - [05/Apr/2026:18:40:55 +0200] "GET /%D0%B4%D0%BD%D0%B5%D1%81-%D0%B5-%D1%80%D0%BE%D0%B4%D0%B5%D0%BD%D0%B0-%D0%B1%D1%8A%D0%BB%D0%B3%D0%B0%D1%80%D1%81%D0%BA%D0%B0%D1%82%D0%B0-%D0%B0%D0%BA%D1%82%D1%80%D0%B8%D1%81%D0%B0-%D0%B8-%D1%80%D0%B0/ HTTP/1.1" 200 20795 "https://www.google.com/" "Mozilla/5.0 (Linux; Android 10; K) AppleWebKit/537.36 (KHTML, like Gecko) Chrome/146.0.0.0 Mobile Safari/537.36"
37.63.6.100 - - [05/Apr/2026:18:40:56 +0200] "GET /wp-content/plugins/onesignal-free-web-push-notifications/sdk_files/manifest.json.php?gcm_sender_id= HTTP/1.1" 200 91 "https://patrioti.net/%D0%B4%D0%BD%D0%B5%D1%81-%D0%B5-%D1%80%D0%BE%D0%B4%D0%B5%D0%BD%D0%B0-%D0%B1%D1%8A%D0%BB%D0%B3%D0%B0%D1%80%D1%81%D0%BA%D0%B0%D1%82%D0%B0-%D0%B0%D0%BA%D1%82%D1%80%D0%B8%D1%81%D0%B0-%D0%B8-%D1%80%D0%B0/" "Mozilla/5.0 (Linux; Android 10; K) AppleWebKit/537.36 (KHTML, like Gecko) Chrome/146.0.0.0 Mobile Safari/537.36"
116.179.32.115 - - [05/Apr/2026:18:41:04 +0200] "GET /?p=27962 HTTP/1.1" 301 0 "-" "Mozilla/5.0 (compatible; Baiduspider/2.0; +http://www.baidu.com/search/spider.html)"
51.89.129.24 - - [05/Apr/2026:18:41:05 +0200] "GET /wp-content/cache/page_enhanced/patrioti.net/tag/%D0%BF%D0%B0%D1%82%D1%80%D0%B8%D0%BE%D1%82%D0%B8%D1%82%D0%B5-%D0%BD%D0%B0-%D0%B1%D1%8A%D0%BB%D0%B3%D0%B0%D1%80%D0%B8%D1%8F/page/120/?C=N;O=A HTTP/1.1" 200 441 "-" "Mozilla/5.0 (compatible; AhrefsBot/7.0; +http://ahrefs.com/robot/)"
116.179.32.98 - - [05/Apr/2026:18:41:06 +0200] "GET /%D0%BD%D0%B0-%D0%B4%D0%BD%D0%B5%D1%88%D0%BD%D0%B0%D1%82%D0%B0-%D0%B4%D0%B0%D1%82%D0%B0-%D0%B5-%D1%83%D0%B1%D0%B8%D1%82-%D0%B1%D1%8A%D0%BB%D0%B3%D0%B0%D1%80%D1%81%D0%BA%D0%B8%D1%8F%D1%82-%D1%80%D0%B5-4/ HTTP/1.1" 200 21224 "-" "Mozilla/5.0 (compatible; Baiduspider/2.0; +http://www.baidu.com/search/spider.html)"
116.179.37.167 - - [05/Apr/2026:18:41:10 +0200] "GET /wp-content/uploads/2019/02/Yordan_Gyurkov_IMRO.jpg HTTP/1.1" 200 35138 "https://patrioti.net/%D0%BD%D0%B0-%D0%B4%D0%BD%D0%B5%D1%88%D0%BD%D0%B0%D1%82%D0%B0-%D0%B4%D0%B0%D1%82%D0%B0-%D0%B5-%D1%83%D0%B1%D0%B8%D1%82-%D0%B1%D1%8A%D0%BB%D0%B3%D0%B0%D1%80%D1%81%D0%BA%D0%B8%D1%8F%D1%82-%D1%80%D0%B5-4/" "Mozilla/5.0 (compatible; Baiduspider-render/2.0; +http://www.baidu.com/search/spider.html)"
216.73.216.22 - - [05/Apr/2026:18:41:26 +0200] "GET /wp-content/themes/Newspaper/includes/modules/td_module_mx19.php HTTP/1.1" 500 0 "-" "Mozilla/5.0 AppleWebKit/537.36 (KHTML, like Gecko; compatible; ClaudeBot/1.0; +claudebot@anthropic.com)"
216.73.216.22 - - [05/Apr/2026:18:41:27 +0200] "GET /wp-content/themes/Newspaper/includes/modules/td_module_mx16.php HTTP/1.1" 500 0 "-" "Mozilla/5.0 AppleWebKit/537.36 (KHTML, like Gecko; compatible; ClaudeBot/1.0; +claudebot@anthropic.com)"
2a01:4f9:fff1:68::1 - - [05/Apr/2026:18:41:28 +0200] "GET / HTTP/1.1" 200 26306 "-" "Mozilla/5.0 (compatible; research crawler)"
51.195.215.13 - - [05/Apr/2026:18:41:42 +0200] "GET /wp-content/cache/page_enhanced/patrioti.net/tag/%D1%81%D1%86%D0%B5%D0%BD%D0%B0%D1%80%D0%B8%D1%81%D1%82/page/?C=N;O=A HTTP/1.1" 200 375 "-" "Mozilla/5.0 (compatible; AhrefsBot/7.0; +http://ahrefs.com/robot/)"
161.97.137.93 - - [05/Apr/2026:18:41:43 +0200] "POST /wp-cron.php?doing_wp_cron=1775407302.4092090129852294921875 HTTP/1.1" 404 15246 "https://patrioti.net/wp-cron.php?doing_wp_cron=1775407302.4092090129852294921875" "WordPress/4.9.26; https://patrioti.net"
68.178.173.85 - - [05/Apr/2026:18:41:43 +0200] "GET /wp-login.php HTTP/1.1" 200 1168 "-" "Mozilla/5.0 (Windows NT 10.0; Win64; x64) AppleWebKit/537.36 (KHTML, like Gecko) Chrome/66.0.3359.170 Safari/537.36"
68.178.173.85 - - [05/Apr/2026:18:41:48 +0200] "POST /wp-login.php HTTP/1.1" 200 1563 "https://patrioti.net/wp-login.php" "Mozilla/5.0 (Windows NT 10.0; Win64; x64) AppleWebKit/537.36 (KHTML, like Gecko) Chrome/66.0.3359.170 Safari/537.36"
198.244.226.140 - - [05/Apr/2026:18:41:48 +0200] "GET /tag/patrioti-bulgaria/page/40/ HTTP/1.1" 200 17027 "-" "Mozilla/5.0 (compatible; AhrefsBot/7.0; +http://ahrefs.com/robot/)"
216.73.216.22 - - [05/Apr/2026:18:41:54 +0200] "GET /%d0%bc%d0%b0%d0%bd%d0%b0%d1%81%d1%82%d0%b8%d1%80%d1%8a%d1%82-%d1%81%d0%b2%d0%b5%d1%82%d0%b8-%d0%b0%d1%80%d1%85%d0%b0%d0%bd%d0%b3%d0%b5%d0%bb-%d0%bc%d0%b8%d1%85%d0%b0%d0%b8%d0%bb/whatsapp:/send HTTP/1.1" 404 15247 "-" "Mozilla/5.0 AppleWebKit/537.36 (KHTML, like Gecko; compatible; ClaudeBot/1.0; +claudebot@anthropic.com)"
216.73.216.22 - - [05/Apr/2026:18:42:01 +0200] "GET /wp-content/themes/Newspaper/includes/modules/td_module_mx1.php HTTP/1.1" 500 0 "-" "Mozilla/5.0 AppleWebKit/537.36 (KHTML, like Gecko; compatible; ClaudeBot/1.0; +claudebot@anthropic.com)"
123.28.251.27 - - [05/Apr/2026:18:42:02 +0200] "GET /%D0%B4%D0%BD%D0%B5%D1%81-%D0%B5-%D1%80%D0%BE%D0%B4%D0%B5%D0%BD-%D0%B1%D1%8A%D0%BB%D0%B3%D0%B0%D1%80%D1%81%D0%BA%D0%B8%D1%8F%D1%82-%D1%86%D0%B8%D0%B3%D1%83%D0%BB%D0%B0%D1%80-%D0%BF%D1%80%D0%BE%D1%84/ HTTP/1.1" 502 552 "-" "Mozilla/5.0 (Macintosh; Intel Mac OS X 10_12_6) AppleWebKit/537.36 (KHTML, like Gecko) Chrome/88.0.4324.182 Safari/537.36"
