65.21.108.15 - - [05/Apr/2026:15:32:26 +0200] "GET /th1s-p4th-d03s-n0t-3x1st-r34p3r HTTP/1.1" 404 15246 "-" "Mozilla/5.0 (Windows NT 10.0; Win64; x64) AppleWebKit/537.36 (KHTML, like Gecko) Chrome/129.0.0.0 Safari/537.36"
216.73.216.22 - - [05/Apr/2026:15:32:26 +0200] "GET /wp-content/themes/Newspaper/includes/shortcodes/td_block_2.php HTTP/1.1" 500 0 "-" "Mozilla/5.0 AppleWebKit/537.36 (KHTML, like Gecko; compatible; ClaudeBot/1.0; +claudebot@anthropic.com)"
65.21.108.15 - - [05/Apr/2026:15:32:26 +0200] "GET /__vite_ping HTTP/1.1" 404 15246 "-" "Mozilla/5.0 (Windows NT 10.0; Win64; x64) AppleWebKit/537.36 (KHTML, like Gecko) Chrome/130.0.0.0 Safari/537.36"
65.21.108.15 - - [05/Apr/2026:15:32:27 +0200] "GET /.env HTTP/1.1" 404 15248 "-" "Mozilla/5.0 (Macintosh; Intel Mac OS X 10_15_7) AppleWebKit/605.1.15 (KHTML, like Gecko) Version/18.1 Safari/605.1.15"
216.73.216.22 - - [05/Apr/2026:15:32:28 +0200] "GET /wp-content/themes/Newspaper/includes/shortcodes/td_block_1.php HTTP/1.1" 500 0 "-" "Mozilla/5.0 AppleWebKit/537.36 (KHTML, like Gecko; compatible; ClaudeBot/1.0; +claudebot@anthropic.com)"
65.21.108.15 - - [05/Apr/2026:15:32:28 +0200] "GET /.git/config HTTP/1.1" 404 15247 "-" "Mozilla/5.0 (Windows NT 10.0; Win64; x64) AppleWebKit/537.36 (KHTML, like Gecko) Chrome/131.0.0.0 Safari/537.36 Edg/131.0.0.0"
65.21.108.15 - - [05/Apr/2026:15:32:30 +0200] "GET /package.json HTTP/1.1" 404 15247 "-" "Mozilla/5.0 (Macintosh; Intel Mac OS X 10_15_7) AppleWebKit/537.36 (KHTML, like Gecko) Chrome/130.0.0.0 Safari/537.36"
216.73.216.22 - - [05/Apr/2026:15:32:31 +0200] "GET /wp-content/themes/Newspaper/includes/modules/td_module_trending_now.php HTTP/1.1" 500 0 "-" "Mozilla/5.0 AppleWebKit/537.36 (KHTML, like Gecko; compatible; ClaudeBot/1.0; +claudebot@anthropic.com)"
66.249.69.132 - - [05/Apr/2026:15:32:31 +0200] "GET /%D0%B2%D1%8A%D0%B7%D1%80%D0%BE%D0%B6%D0%B4%D0%B5%D0%BD%D1%81%D0%BA%D0%B0-%D1%86%D1%8A%D1%80%D0%BA%D0%B2%D0%B0-%D1%81%D0%B2-%D0%BF%D1%80%D0%BE%D1%80%D0%BE%D0%BA-%D0%B8%D0%BB%D0%B8%D1%8F/ HTTP/1.1" 200 21417 "-" "Mozilla/5.0 (Linux; Android 6.0.1; Nexus 5X Build/MMB29P) AppleWebKit/537.36 (KHTML, like Gecko) Chrome/146.0.7680.177 Mobile Safari/537.36 (compatible; Googlebot/2.1; +http://www.google.com/bot.html)"
65.21.108.15 - - [05/Apr/2026:15:32:32 +0200] "GET /actuator/health HTTP/1.1" 404 15246 "-" "Mozilla/5.0 (Macintosh; Intel Mac OS X 10.15; rv:132.0) Gecko/20100101 Firefox/132.0"
65.21.108.15 - - [05/Apr/2026:15:32:33 +0200] "GET /.well-known/security.txt HTTP/1.1" 404 15246 "-" "Mozilla/5.0 (iPhone; CPU iPhone OS 18_1 like Mac OS X) AppleWebKit/605.1.15 (KHTML, like Gecko) Version/18.1 Mobile/15E148 Safari/604.1"
216.73.216.22 - - [05/Apr/2026:15:32:33 +0200] "GET /wp-content/themes/Newspaper/includes/shortcodes/td_block_list_menu.php HTTP/1.1" 500 0 "-" "Mozilla/5.0 AppleWebKit/537.36 (KHTML, like Gecko; compatible; ClaudeBot/1.0; +claudebot@anthropic.com)"
65.21.108.15 - - [05/Apr/2026:15:32:33 +0200] "POST /graphql HTTP/1.1" 404 15246 "-" "Mozilla/5.0 (Macintosh; Intel Mac OS X 10_15_7) AppleWebKit/537.36 (KHTML, like Gecko) Chrome/130.0.0.0 Safari/537.36"
216.73.216.22 - - [05/Apr/2026:15:32:36 +0200] "GET /wp-content/themes/Newspaper/includes/shortcodes/td_block_7.php HTTP/1.1" 500 0 "-" "Mozilla/5.0 AppleWebKit/537.36 (KHTML, like Gecko; compatible; ClaudeBot/1.0; +claudebot@anthropic.com)"
51.89.129.166 - - [05/Apr/2026:15:32:37 +0200] "GET /wp-content/cache/page_enhanced/patrioti.net/tag/%D0%B1%D1%8A%D0%BB%D0%B3%D0%B0%D1%80%D1%81%D0%BA%D0%B8%D1%8F%D1%82-%D1%80%D0%B5%D0%B2%D0%BE%D0%BB%D1%8E%D1%86%D0%B8%D0%BE%D0%BD%D0%B5%D1%80/?C=S;O=A HTTP/1.1" 200 366 "-" "Mozilla/5.0 (compatible; AhrefsBot/7.0; +http://ahrefs.com/robot/)"
207.180.11.24 - - [05/Apr/2026:15:32:37 +0200] "GET /wp-content/uploads/2019/06/20150319100613_33186.jpeg HTTP/1.1" 200 229179 "-" "Mozilla/5.0 (iPhone; CPU iPhone OS 17_0 like Mac OS X) AppleWebKit/605.1.15 (KHTML, like Gecko) EdgiOS/119.0.2151.105 Version/17.0 Mobile/15E148 Safari/604.1"
216.73.216.22 - - [05/Apr/2026:15:32:38 +0200] "GET /wp-content/themes/Newspaper/includes/shortcodes/td_block_17.php HTTP/1.1" 500 0 "-" "Mozilla/5.0 AppleWebKit/537.36 (KHTML, like Gecko; compatible; ClaudeBot/1.0; +claudebot@anthropic.com)"
216.73.216.22 - - [05/Apr/2026:15:32:41 +0200] "GET /wp-content/themes/Newspaper/includes/wp_booster/wp-admin/tinymce/tinymce.php HTTP/1.1" 500 0 "-" "Mozilla/5.0 AppleWebKit/537.36 (KHTML, like Gecko; compatible; ClaudeBot/1.0; +claudebot@anthropic.com)"
216.73.216.22 - - [05/Apr/2026:15:32:43 +0200] "GET /wp-content/themes/Newspaper/includes/shortcodes/td_block_12.php HTTP/1.1" 500 0 "-" "Mozilla/5.0 AppleWebKit/537.36 (KHTML, like Gecko; compatible; ClaudeBot/1.0; +claudebot@anthropic.com)"
216.73.216.22 - - [05/Apr/2026:15:32:46 +0200] "GET /wp-content/themes/Newspaper/includes/wp_booster/td_js_buffer.php HTTP/1.1" 500 0 "-" "Mozilla/5.0 AppleWebKit/537.36 (KHTML, like Gecko; compatible; ClaudeBot/1.0; +claudebot@anthropic.com)"
216.73.216.22 - - [05/Apr/2026:15:32:51 +0200] "GET /wp-content/themes/Newspaper/includes/wp_booster/comments.php HTTP/1.1" 500 0 "-" "Mozilla/5.0 AppleWebKit/537.36 (KHTML, like Gecko; compatible; ClaudeBot/1.0; +claudebot@anthropic.com)"
216.73.216.22 - - [05/Apr/2026:15:33:01 +0200] "GET /wp-content/themes/Newspaper/includes/wp_booster/wp-admin/panel/td_view_theme_plugins.php HTTP/1.1" 500 0 "-" "Mozilla/5.0 AppleWebKit/537.36 (KHTML, like Gecko; compatible; ClaudeBot/1.0; +claudebot@anthropic.com)"
216.73.216.22 - - [05/Apr/2026:15:33:02 +0200] "GET /wp-content/themes/Newspaper/includes/wp_booster/wp-admin/external/wpalchemy/MetaBox.php HTTP/1.1" 502 150 "-" "Mozilla/5.0 AppleWebKit/537.36 (KHTML, like Gecko; compatible; ClaudeBot/1.0; +claudebot@anthropic.com)"
216.73.216.22 - - [05/Apr/2026:15:33:06 +0200] "GET /wp-content/themes/Newspaper/includes/wp_booster/td_util.php HTTP/1.1" 500 0 "-" "Mozilla/5.0 AppleWebKit/537.36 (KHTML, like Gecko; compatible; ClaudeBot/1.0; +claudebot@anthropic.com)"
216.73.216.22 - - [05/Apr/2026:15:33:11 +0200] "GET /wp-content/themes/Newspaper/includes/wp_booster/td_template_layout.php HTTP/1.1" 500 0 "-" "Mozilla/5.0 AppleWebKit/537.36 (KHTML, like Gecko; compatible; ClaudeBot/1.0; +claudebot@anthropic.com)"
216.73.216.22 - - [05/Apr/2026:15:33:16 +0200] "GET /wp-content/themes/Newspaper/includes/shortcodes/td_block_10.php HTTP/1.1" 500 0 "-" "Mozilla/5.0 AppleWebKit/537.36 (KHTML, like Gecko; compatible; ClaudeBot/1.0; +claudebot@anthropic.com)"
216.73.216.22 - - [05/Apr/2026:15:33:16 +0200] "GET /wp-content/themes/Newspaper/includes/shortcodes/td_block_related_posts.php HTTP/1.1" 500 0 "-" "Mozilla/5.0 AppleWebKit/537.36 (KHTML, like Gecko; compatible; ClaudeBot/1.0; +claudebot@anthropic.com)"
216.73.216.22 - - [05/Apr/2026:15:33:17 +0200] "GET /wp-content/themes/Newspaper/includes/shortcodes/td_block_16.php HTTP/1.1" 500 0 "-" "Mozilla/5.0 AppleWebKit/537.36 (KHTML, like Gecko; compatible; ClaudeBot/1.0; +claudebot@anthropic.com)"
216.73.216.22 - - [05/Apr/2026:15:33:21 +0200] "GET /wp-content/themes/Newspaper/includes/shortcodes/td_block_big_grid_2.php HTTP/1.1" 500 0 "-" "Mozilla/5.0 AppleWebKit/537.36 (KHTML, like Gecko; compatible; ClaudeBot/1.0; +claudebot@anthropic.com)"
216.73.216.22 - - [05/Apr/2026:15:33:22 +0200] "GET /wp-content/themes/Newspaper/includes/wp_booster/sidebar.php HTTP/1.1" 500 0 "-" "Mozilla/5.0 AppleWebKit/537.36 (KHTML, like Gecko; compatible; ClaudeBot/1.0; +claudebot@anthropic.com)"
216.73.216.22 - - [05/Apr/2026:15:33:27 +0200] "GET /wp-content/themes/Newspaper/includes/shortcodes/td_block_9.php HTTP/1.1" 500 0 "-" "Mozilla/5.0 AppleWebKit/537.36 (KHTML, like Gecko; compatible; ClaudeBot/1.0; +claudebot@anthropic.com)"
161.97.137.93 - - [05/Apr/2026:15:33:28 +0200] "POST /wp-cron.php?doing_wp_cron=1775396008.4386780261993408203125 HTTP/1.1" 404 15247 "https://patrioti.net/wp-cron.php?doing_wp_cron=1775396008.4386780261993408203125" "WordPress/4.9.26; https://patrioti.net"
52.167.144.198 - - [05/Apr/2026:15:33:29 +0200] "GET /?s=%60123-%2B HTTP/1.1" 200 15277 "-" "Mozilla/5.0 AppleWebKit/537.36 (KHTML, like Gecko; compatible; bingbot/2.0; +http://www.bing.com/bingbot.htm) Chrome/116.0.1938.76 Safari/537.36"
216.73.216.22 - - [05/Apr/2026:15:33:36 +0200] "GET /wp-content/themes/Newspaper/includes/shortcodes/td_block_21.php HTTP/1.1" 500 0 "-" "Mozilla/5.0 AppleWebKit/537.36 (KHTML, like Gecko; compatible; ClaudeBot/1.0; +claudebot@anthropic.com)"
216.73.216.22 - - [05/Apr/2026:15:33:37 +0200] "GET /wp-content/themes/Newspaper/includes/shortcodes/td_block_big_grid_7.php HTTP/1.1" 500 0 "-" "Mozilla/5.0 AppleWebKit/537.36 (KHTML, like Gecko; compatible; ClaudeBot/1.0; +claudebot@anthropic.com)"
65.21.108.15 - - [05/Apr/2026:15:33:41 +0200] "GET /config.php HTTP/1.1" 404 15248 "-" "Mozilla/5.0 (Windows NT 10.0; Win64; x64) AppleWebKit/537.36 (KHTML, like Gecko) Chrome/131.0.0.0 Safari/537.36 Edg/131.0.0.0"
216.73.216.22 - - [05/Apr/2026:15:33:42 +0200] "GET /wp-content/themes/Newspaper/includes/shortcodes/td_block_authors.php HTTP/1.1" 500 0 "-" "Mozilla/5.0 AppleWebKit/537.36 (KHTML, like Gecko; compatible; ClaudeBot/1.0; +claudebot@anthropic.com)"
65.21.108.15 - - [05/Apr/2026:15:33:43 +0200] "GET /configuration.php HTTP/1.1" 404 15247 "-" "Mozilla/5.0 (Macintosh; Intel Mac OS X 10_14_6) AppleWebKit/537.36 (KHTML, like Gecko) Chrome/131.0.0.0 Safari/537.36"
65.21.108.15 - - [05/Apr/2026:15:33:44 +0200] "GET /settings.php HTTP/1.1" 404 15247 "-" "Mozilla/5.0 (X11; Linux x86_64) AppleWebKit/537.36 (KHTML, like Gecko) Chrome/131.0.0.0 Safari/537.36"
65.21.108.15 - - [05/Apr/2026:15:33:45 +0200] "GET /local.php HTTP/1.1" 404 15247 "-" "Mozilla/5.0 (Windows NT 10.0; Win64; x64) AppleWebKit/537.36 (KHTML, like Gecko) Chrome/131.0.0.0 Safari/537.36"
65.21.108.15 - - [05/Apr/2026:15:33:46 +0200] "GET /database.php HTTP/1.1" 404 15247 "-" "Mozilla/5.0 (Macintosh; Intel Mac OS X 10_15_7) AppleWebKit/605.1.15 (KHTML, like Gecko) Version/18.1 Safari/605.1.15"
216.73.216.22 - - [05/Apr/2026:15:33:47 +0200] "GET /wp-content/themes/Newspaper/includes/shortcodes/td_block_18.php HTTP/1.1" 500 0 "-" "Mozilla/5.0 AppleWebKit/537.36 (KHTML, like Gecko; compatible; ClaudeBot/1.0; +claudebot@anthropic.com)"
65.21.108.15 - - [05/Apr/2026:15:33:48 +0200] "GET /db.php HTTP/1.1" 404 15247 "-" "Mozilla/5.0 (Windows NT 10.0; Win64; x64; rv:131.0) Gecko/20100101 Firefox/131.0"
65.21.108.15 - - [05/Apr/2026:15:33:48 +0200] "GET /connect.php HTTP/1.1" 404 15248 "-" "Mozilla/5.0 (Windows NT 10.0; Win64; x64; rv:132.0) Gecko/20100101 Firefox/132.0"
65.21.108.15 - - [05/Apr/2026:15:33:50 +0200] "GET /connection.php HTTP/1.1" 404 15246 "-" "Mozilla/5.0 (Windows NT 6.1; Win64; x64) AppleWebKit/537.36 (KHTML, like Gecko) Chrome/131.0.0.0 Safari/537.36"
65.21.108.15 - - [05/Apr/2026:15:33:51 +0200] "GET /config/database.php HTTP/1.1" 404 15245 "-" "Mozilla/5.0 (Windows NT 10.0; Win64; x64) AppleWebKit/537.36 (KHTML, like Gecko) Chrome/129.0.0.0 Safari/537.36"
65.21.108.15 - - [05/Apr/2026:15:33:51 +0200] "GET /config/app.php HTTP/1.1" 404 15248 "-" "Mozilla/5.0 (Macintosh; Intel Mac OS X 10.15; rv:132.0) Gecko/20100101 Firefox/132.0"
65.21.108.15 - - [05/Apr/2026:15:33:52 +0200] "GET /config/mail.php HTTP/1.1" 404 15247 "-" "Mozilla/5.0 (Windows NT 10.0; WOW64) AppleWebKit/537.36 (KHTML, like Gecko) Chrome/131.0.0.0 Safari/537.36"
65.21.108.15 - - [05/Apr/2026:15:33:53 +0200] "GET /config/services.php HTTP/1.1" 404 15248 "-" "Mozilla/5.0 (X11; Linux x86_64) AppleWebKit/537.36 (KHTML, like Gecko) Chrome/131.0.0.0 Safari/537.36 Vivaldi/7.0.3495.23"
65.21.108.15 - - [05/Apr/2026:15:33:54 +0200] "GET /patrioti.sql HTTP/1.1" 404 15247 "-" "Mozilla/5.0 (Macintosh; Intel Mac OS X 10_15_7) AppleWebKit/605.1.15 (KHTML, like Gecko) Version/18.1 Safari/605.1.15"
213.180.203.100 - - [05/Apr/2026:15:33:54 +0200] "GET /%D0%BD%D0%B0-30-%D1%81%D0%B5%D0%BF%D1%82%D0%B5%D0%BC%D0%B2%D1%80%D0%B8-1923-%D0%B3-%D0%B5-%D0%BF%D0%BE%D1%82%D1%83%D1%88%D0%B5%D0%BD%D0%BE-%D1%81%D0%B5%D0%BF%D1%82%D0%B5%D0%BC%D0%B2%D1%80%D0%B8%D0%B9/ HTTP/1.1" 200 21868 "-" "Mozilla/5.0 (compatible; YandexBot/3.0; +http://yandex.com/bots)"
65.21.108.15 - - [05/Apr/2026:15:33:54 +0200] "GET /config/auth.php HTTP/1.1" 404 15247 "-" "Mozilla/5.0 (Macintosh; Intel Mac OS X 10_14_6) AppleWebKit/537.36 (KHTML, like Gecko) Chrome/131.0.0.0 Safari/537.36"
65.21.108.15 - - [05/Apr/2026:15:33:55 +0200] "GET /config/filesystems.php HTTP/1.1" 404 15247 "-" "Mozilla/5.0 (compatible; Googlebot/2.1; +http://www.google.com/bot.html)"
216.73.216.22 - - [05/Apr/2026:15:33:55 +0200] "GET /wp-content/themes/Newspaper/includes/block_templates/td_block_template_1.php HTTP/1.1" 500 0 "-" "Mozilla/5.0 AppleWebKit/537.36 (KHTML, like Gecko; compatible; ClaudeBot/1.0; +claudebot@anthropic.com)"
65.21.108.15 - - [05/Apr/2026:15:33:56 +0200] "GET /app/config.php HTTP/1.1" 404 15247 "-" "Mozilla/5.0 (iPad; CPU OS 18_1 like Mac OS X) AppleWebKit/605.1.15 (KHTML, like Gecko) Version/18.1 Mobile/15E148 Safari/604.1"
129.226.89.54 - - [05/Apr/2026:15:33:57 +0200] "GET /%D0%BF%D1%8A%D1%80%D0%B2%D0%B0%D1%82%D0%B0-%D0%B1%D0%B8%D1%80%D0%B5%D0%BD%D0%B0-%D1%84%D0%B0%D0%B1%D1%80%D0%B8%D0%BA%D0%B0-%D0%B8-%D0%BF%D1%8A%D1%80%D0%B2%D0%B0%D1%82%D0%B0-%D0%BA%D0%BE%D0%BE%D0%BF/ HTTP/1.1" 200 22498 "-" "Mozilla/5.0 (Windows NT 10.0; Win64; x64) AppleWebKit/537.36 (KHTML, like Gecko) Chrome/145.0.0.0 Safari/537.36"
65.21.108.15 - - [05/Apr/2026:15:33:57 +0200] "GET /app/database.php HTTP/1.1" 404 15247 "-" "Mozilla/5.0 (Windows NT 10.0; Win64; x64) AppleWebKit/537.36 (KHTML, like Gecko) Chrome/130.0.0.0 Safari/537.36"
216.73.216.22 - - [05/Apr/2026:15:33:58 +0200] "GET /wp-content/themes/Newspaper/includes/block_templates/td_block_template_16.php HTTP/1.1" 500 0 "-" "Mozilla/5.0 AppleWebKit/537.36 (KHTML, like Gecko; compatible; ClaudeBot/1.0; +claudebot@anthropic.com)"
40.77.167.144 - - [05/Apr/2026:15:33:58 +0200] "GET /wp-content/uploads/2018/08/m-sveta-troitsa_139.jpg HTTP/1.1" 200 248567 "-" "Mozilla/5.0 AppleWebKit/537.36 (KHTML, like Gecko; compatible; bingbot/2.0; +http://www.bing.com/bingbot.htm) Chrome/116.0.1938.76 Safari/537.36"
65.21.108.15 - - [05/Apr/2026:15:33:58 +0200] "GET /includes/config.php HTTP/1.1" 404 15246 "-" "Mozilla/5.0 (Windows NT 10.0; Win64; x64; rv:131.0) Gecko/20100101 Firefox/131.0"
85.208.96.195 - - [05/Apr/2026:15:33:59 +0200] "GET /%D0%B4%D0%BD%D0%B5%D1%81-%D0%BF%D0%BE%D1%87%D0%B8%D1%82%D0%B0%D0%BC%D0%B5-%D0%BF%D0%B0%D0%BC%D0%B5%D1%82%D1%82%D0%B0-%D0%BD%D0%B0-%D0%B1%D1%8A%D0%BB%D0%B3%D0%B0%D1%80%D1%81%D0%BA%D0%B8%D1%8F-%D1%80-17/ HTTP/1.1" 200 21616 "-" "Mozilla/5.0 (compatible; SemrushBot/7~bl; +http://www.semrush.com/bot.html)"
65.21.108.15 - - [05/Apr/2026:15:33:59 +0200] "GET /includes/db.php HTTP/1.1" 404 15247 "-" "Mozilla/5.0 (Macintosh; Intel Mac OS X 10.15; rv:132.0) Gecko/20100101 Firefox/132.0"
65.21.108.15 - - [05/Apr/2026:15:34:00 +0200] "GET /include/config.php HTTP/1.1" 404 15247 "-" "Mozilla/5.0 (Windows NT 10.0; Win64; x64) AppleWebKit/537.36 (KHTML, like Gecko) Chrome/131.0.0.0 Safari/537.36"
65.21.108.15 - - [05/Apr/2026:15:34:01 +0200] "GET /include/db.php HTTP/1.1" 502 552 "-" "Mozilla/5.0 (Windows NT 10.0; Win64; x64) AppleWebKit/537.36 (KHTML, like Gecko) Chrome/129.0.0.0 Safari/537.36"
216.73.216.22 - - [05/Apr/2026:15:34:03 +0200] "GET /wp-content/themes/Newspaper/includes/smart_lists/td_smart_list_1.php HTTP/1.1" 500 0 "-" "Mozilla/5.0 AppleWebKit/537.36 (KHTML, like Gecko; compatible; ClaudeBot/1.0; +claudebot@anthropic.com)"
65.21.108.15 - - [05/Apr/2026:15:34:03 +0200] "GET /lib/config.php HTTP/1.1" 404 15248 "-" "Mozilla/5.0 (Macintosh; Intel Mac OS X 10_15_7) AppleWebKit/537.36 (KHTML, like Gecko) Chrome/130.0.0.0 Safari/537.36"
129.226.89.54 - - [05/Apr/2026:15:34:04 +0200] "GET /wp-content/uploads/2019/01/original_cities_312_1-632x362.jpg HTTP/1.1" 200 64157 "-" "Mozilla/5.0 (Windows NT 10.0; Win64; x64) AppleWebKit/537.36 (KHTML, like Gecko) Chrome/145.0.0.0 Safari/537.36"
65.21.108.15 - - [05/Apr/2026:15:34:05 +0200] "GET /lib/db.php HTTP/1.1" 404 15247 "-" "Mozilla/5.0 (Macintosh; Intel Mac OS X 10_15_7) AppleWebKit/605.1.15 (KHTML, like Gecko) Version/18.1 Safari/605.1.15"
65.21.108.15 - - [05/Apr/2026:15:34:06 +0200] "GET /conf.php HTTP/1.1" 404 15247 "-" "Mozilla/5.0 (Macintosh; Intel Mac OS X 10_15_7) AppleWebKit/537.36 (KHTML, like Gecko) Chrome/131.0.0.0 Safari/537.36"
65.21.108.15 - - [05/Apr/2026:15:34:08 +0200] "GET /conf/config.php HTTP/1.1" 404 15246 "-" "Mozilla/5.0 (X11; Ubuntu; Linux x86_64; rv:132.0) Gecko/20100101 Firefox/132.0"
216.73.216.22 - - [05/Apr/2026:15:34:08 +0200] "GET /wp-content/themes/Newspaper/includes/block_templates/td_block_template_9.php HTTP/1.1" 500 0 "-" "Mozilla/5.0 AppleWebKit/537.36 (KHTML, like Gecko; compatible; ClaudeBot/1.0; +claudebot@anthropic.com)"
65.21.108.15 - - [05/Apr/2026:15:34:09 +0200] "GET /sites/default/settings.php HTTP/1.1" 404 15247 "-" "Mozilla/5.0 (Windows NT 10.0; Win64; x64; rv:131.0) Gecko/20100101 Firefox/131.0"
137.184.158.143 - - [05/Apr/2026:15:34:09 +0200] "GET /%d0%bd%d0%b0-%d0%b4%d0%bd%d0%b5%d1%88%d0%bd%d0%b0%d1%82%d0%b0-%d0%b4%d0%b0%d1%82%d0%b0-%d1%83%d0%bc%d0%b8%d1%80%d0%b0-%d0%b0%d0%ba%d1%82%d1%8c%d0%be%d1%80%d1%8a%d1%82-%d0%bd%d0%b0%d1%83%d0%bc-%d1%88/25182101/ HTTP/1.1" 200 20649 "http://patrioti.net/" "Mozilla/5.0 (Windows NT 10.0; Win64; x64) AppleWebKit/537.36 (KHTML, like Gecko) Chrome/116.0.0.0 Safari/537.36"
155.117.163.248 - - [05/Apr/2026:15:34:10 +0200] "GET /wp-content/uploads/2019/07/BASA-1284K-1-506a-Aleksander_Krastev_crop-324x160.jpg HTTP/1.1" 200 7409 "http://patrioti.net/" "Mozilla/5.0 (Windows NT 10.0; Win64; x64) AppleWebKit/537.36 (KHTML, like Gecko) Chrome/103.0.0.0 Safari/537.36"
216.73.216.22 - - [05/Apr/2026:15:34:13 +0200] "GET /wp-content/themes/Newspaper/includes/block_templates/td_block_template_6.php HTTP/1.1" 500 0 "-" "Mozilla/5.0 AppleWebKit/537.36 (KHTML, like Gecko; compatible; ClaudeBot/1.0; +claudebot@anthropic.com)"
216.73.216.22 - - [05/Apr/2026:15:34:18 +0200] "GET /wp-content/themes/Newspaper/includes/block_templates/td_block_template_5.php HTTP/1.1" 500 0 "-" "Mozilla/5.0 AppleWebKit/537.36 (KHTML, like Gecko; compatible; ClaudeBot/1.0; +claudebot@anthropic.com)"
216.73.216.22 - - [05/Apr/2026:15:34:23 +0200] "GET /wp-content/themes/Newspaper/includes/shortcodes/td_block_video_vimeo.php HTTP/1.1" 500 0 "-" "Mozilla/5.0 AppleWebKit/537.36 (KHTML, like Gecko; compatible; ClaudeBot/1.0; +claudebot@anthropic.com)"
222.252.92.248 - - [05/Apr/2026:15:34:24 +0200] "GET /%d0%b4%d0%bd%d0%b5%d1%81-%d1%81%d0%b8-%d1%81%d0%bf%d0%be%d0%bc%d0%bd%d1%8f%d0%bc%d0%b5-%d0%b7%d0%b0-%d0%b1%d1%8a%d0%bb%d0%b3%d0%b0%d1%80%d1%81%d0%ba%d0%b8%d1%8f-%d0%bf%d0%be%d0%b5%d1%82-%d0%bc%d0%b8/25487652 HTTP/1.1" 301 0 "https://patrioti.net/" "Mozilla/5.0 (Windows NT 10.0; Win64; x64) AppleWebKit/537.36 (KHTML, like Gecko) Chrome/104.0.5112.81 Safari/537.36"
113.165.55.242 - - [05/Apr/2026:15:34:26 +0200] "GET /%d0%b4%d0%bd%d0%b5%d1%81-%d1%81%d0%b8-%d1%81%d0%bf%d0%be%d0%bc%d0%bd%d1%8f%d0%bc%d0%b5-%d0%b7%d0%b0-%d0%b1%d1%8a%d0%bb%d0%b3%d0%b0%d1%80%d1%81%d0%ba%d0%b8%d1%8f-%d0%bf%d0%be%d0%b5%d1%82-%d0%bc%d0%b8/25487652/ HTTP/1.1" 200 21081 "https://patrioti.net/" "Mozilla/5.0 (Windows NT 10.0; Win64; x64) AppleWebKit/537.36 (KHTML, like Gecko) Chrome/104.0.5112.81 Safari/537.36"
216.73.216.22 - - [05/Apr/2026:15:34:28 +0200] "GET /wp-content/themes/Newspaper/includes/wp_booster/td_translate.php HTTP/1.1" 500 0 "-" "Mozilla/5.0 AppleWebKit/537.36 (KHTML, like Gecko; compatible; ClaudeBot/1.0; +claudebot@anthropic.com)"
216.73.216.22 - - [05/Apr/2026:15:34:33 +0200] "GET /wp-content/themes/Newspaper/includes/smart_lists/td_smart_list_8.php HTTP/1.1" 500 0 "-" "Mozilla/5.0 AppleWebKit/537.36 (KHTML, like Gecko; compatible; ClaudeBot/1.0; +claudebot@anthropic.com)"
161.97.137.93 - - [05/Apr/2026:15:34:37 +0200] "POST /wp-cron.php?doing_wp_cron=1775396076.7850329875946044921875 HTTP/1.1" 404 15247 "https://patrioti.net/wp-cron.php?doing_wp_cron=1775396076.7850329875946044921875" "WordPress/4.9.26; https://patrioti.net"
66.249.69.133 - - [05/Apr/2026:15:34:37 +0200] "GET /%D1%86%D0%B0%D1%80-%D0%B8%D0%B2%D0%B0%D0%BD-%D1%88%D0%B8%D1%88%D0%BC%D0%B0%D0%BD-%D0%BA%D0%BD%D1%8F%D0%B7-%D0%BB%D0%B0%D0%B7%D0%B0%D1%80-%D0%B8-%D0%BA%D1%80%D0%B0%D0%BB-%D1%82%D0%B2%D1%8A%D1%80%D0%B4/ HTTP/1.1" 200 21592 "-" "Mozilla/5.0 (Linux; Android 6.0.1; Nexus 5X Build/MMB29P) AppleWebKit/537.36 (KHTML, like Gecko) Chrome/146.0.7680.177 Mobile Safari/537.36 (compatible; Googlebot/2.1; +http://www.google.com/bot.html)"
216.73.216.22 - - [05/Apr/2026:15:34:38 +0200] "GET /wp-content/themes/Newspaper/includes/smart_lists/td_smart_list_6.php HTTP/1.1" 500 0 "-" "Mozilla/5.0 AppleWebKit/537.36 (KHTML, like Gecko; compatible; ClaudeBot/1.0; +claudebot@anthropic.com)"
216.73.216.22 - - [05/Apr/2026:15:34:47 +0200] "GET /wp-content/themes/Newspaper/includes/wp_booster/external/td-old-class-tgm-plugin-activation.php HTTP/1.1" 500 0 "-" "Mozilla/5.0 AppleWebKit/537.36 (KHTML, like Gecko; compatible; ClaudeBot/1.0; +claudebot@anthropic.com)"
216.73.216.22 - - [05/Apr/2026:15:34:48 +0200] "GET /wp-content/themes/Newspaper/includes/demos/recipes/td_import.php HTTP/1.1" 500 0 "-" "Mozilla/5.0 AppleWebKit/537.36 (KHTML, like Gecko; compatible; ClaudeBot/1.0; +claudebot@anthropic.com)"
216.73.216.22 - - [05/Apr/2026:15:34:53 +0200] "GET /wp-content/themes/Newspaper/includes/demos/erotic/td_import.php HTTP/1.1" 500 0 "-" "Mozilla/5.0 AppleWebKit/537.36 (KHTML, like Gecko; compatible; ClaudeBot/1.0; +claudebot@anthropic.com)"
216.73.216.22 - - [05/Apr/2026:15:34:58 +0200] "GET /wp-content/themes/Newspaper/includes/demos/retro/td_media_4.php HTTP/1.1" 500 0 "-" "Mozilla/5.0 AppleWebKit/537.36 (KHTML, like Gecko; compatible; ClaudeBot/1.0; +claudebot@anthropic.com)"
216.73.216.22 - - [05/Apr/2026:15:34:58 +0200] "GET /wp-content/themes/Newspaper/includes/category_templates/td_category_template_4.php HTTP/1.1" 500 0 "-" "Mozilla/5.0 AppleWebKit/537.36 (KHTML, like Gecko; compatible; ClaudeBot/1.0; +claudebot@anthropic.com)"
216.73.216.22 - - [05/Apr/2026:15:34:58 +0200] "GET /wp-content/themes/Newspaper/includes/demos/retro/td_media_3.php HTTP/1.1" 500 0 "-" "Mozilla/5.0 AppleWebKit/537.36 (KHTML, like Gecko; compatible; ClaudeBot/1.0; +claudebot@anthropic.com)"
116.179.32.154 - - [05/Apr/2026:15:35:04 +0200] "GET /?p=4729 HTTP/1.1" 502 150 "-" "Mozilla/5.0 (compatible; Baiduspider/2.0; +http://www.baidu.com/search/spider.html)"
216.73.216.22 - - [05/Apr/2026:15:35:04 +0200] "GET /wp-content/themes/Newspaper/includes/category_templates/td_category_template_3.php HTTP/1.1" 502 150 "-" "Mozilla/5.0 AppleWebKit/537.36 (KHTML, like Gecko; compatible; ClaudeBot/1.0; +claudebot@anthropic.com)"
216.73.216.22 - - [05/Apr/2026:15:35:04 +0200] "GET /wp-content/themes/Newspaper/includes/demos/video/td_media_3.php HTTP/1.1" 502 150 "-" "Mozilla/5.0 AppleWebKit/537.36 (KHTML, like Gecko; compatible; ClaudeBot/1.0; +claudebot@anthropic.com)"
119.249.100.113 - - [05/Apr/2026:15:35:05 +0200] "GET /?p=4729 HTTP/1.1" 301 0 "-" "Mozilla/5.0 (Windows NT 10.0; WOW64) AppleWebKit/537.36 (KHTML, like Gecko) Chrome/48.0.2564.116 Safari/537.36"
40.77.167.144 - - [05/Apr/2026:15:35:06 +0200] "GET /%D0%BD%D0%B0-26-%D0%BC%D0%B0%D1%80%D1%82-1946-%D0%B3-%D0%B5-%D1%80%D0%BE%D0%B4%D0%B5%D0%BD-%D0%B1%D1%8A%D0%BB%D0%B3%D0%B0%D1%80%D1%81%D0%BA%D0%B8%D1%8F%D1%82-%D1%84%D1%83%D1%82%D0%B1%D0%BE%D0%BB/simeon_simeonov_1969-2/ HTTP/1.1" 200 16664 "-" "Mozilla/5.0 AppleWebKit/537.36 (KHTML, like Gecko; compatible; bingbot/2.0; +http://www.bing.com/bingbot.htm) Chrome/116.0.1938.76 Safari/537.36"
119.249.100.106 - - [05/Apr/2026:15:35:08 +0200] "GET /%D0%BD%D0%B0-%D1%82%D0%BE%D0%B7%D0%B8-%D0%B4%D0%B5%D0%BD-%D0%BF%D1%80%D0%B5%D0%B7-1960-%D0%B3-%D1%83%D0%BC%D0%B8%D1%80%D0%B0-%D0%B1%D1%8A%D0%BB%D0%B3%D0%B0%D1%80%D1%81%D0%BA%D0%B8%D1%8F%D1%82-%D1%82/ HTTP/1.1" 200 23829 "-" "Mozilla/5.0 (Windows NT 10.0; WOW64) AppleWebKit/537.36 (KHTML, like Gecko) Chrome/48.0.2564.116 Safari/537.36"
216.73.216.22 - - [05/Apr/2026:15:35:08 +0200] "GET /wp-content/themes/Newspaper/includes/demos/default/td_media_4.php HTTP/1.1" 500 0 "-" "Mozilla/5.0 AppleWebKit/537.36 (KHTML, like Gecko; compatible; ClaudeBot/1.0; +claudebot@anthropic.com)"
216.73.216.22 - - [05/Apr/2026:15:35:08 +0200] "GET /wp-content/themes/Newspaper/includes/demos/sound_radar/td_import.php HTTP/1.1" 500 0 "-" "Mozilla/5.0 AppleWebKit/537.36 (KHTML, like Gecko; compatible; ClaudeBot/1.0; +claudebot@anthropic.com)"
66.249.69.133 - - [05/Apr/2026:15:35:09 +0200] "GET /%D0%BA%D1%80%D0%B5%D0%BF%D0%BE%D1%81%D1%82%D1%82%D0%B0-%D1%82%D1%80%D0%B0%D1%8F%D0%BD%D0%BE%D0%B2%D0%B8-%D0%B2%D1%80%D0%B0%D1%82%D0%B0-%D0%B1%D0%BB%D0%B5%D1%81%D1%82%D0%B8-%D0%B2/ HTTP/1.1" 200 20957 "-" "Mozilla/5.0 (Linux; Android 6.0.1; Nexus 5X Build/MMB29P) AppleWebKit/537.36 (KHTML, like Gecko) Chrome/146.0.7680.177 Mobile Safari/537.36 (compatible; Googlebot/2.1; +http://www.google.com/bot.html)"
216.73.216.22 - - [05/Apr/2026:15:35:13 +0200] "GET /wp-content/themes/Newspaper/includes/wp_booster/td_single_template_vars.php HTTP/1.1" 500 0 "-" "Mozilla/5.0 AppleWebKit/537.36 (KHTML, like Gecko; compatible; ClaudeBot/1.0; +claudebot@anthropic.com)"
216.73.216.22 - - [05/Apr/2026:15:35:13 +0200] "GET /wp-content/themes/Newspaper/includes/demos/retro/td_media_2.php HTTP/1.1" 500 0 "-" "Mozilla/5.0 AppleWebKit/537.36 (KHTML, like Gecko; compatible; ClaudeBot/1.0; +claudebot@anthropic.com)"
216.73.216.22 - - [05/Apr/2026:15:35:18 +0200] "GET /wp-content/themes/Newspaper/includes/block_templates/td_block_template_15.php HTTP/1.1" 500 0 "-" "Mozilla/5.0 AppleWebKit/537.36 (KHTML, like Gecko; compatible; ClaudeBot/1.0; +claudebot@anthropic.com)"
216.73.216.22 - - [05/Apr/2026:15:35:18 +0200] "GET /wp-content/themes/Newspaper/includes/demos/photography/td_import.php HTTP/1.1" 500 0 "-" "Mozilla/5.0 AppleWebKit/537.36 (KHTML, like Gecko; compatible; ClaudeBot/1.0; +claudebot@anthropic.com)"
216.73.216.22 - - [05/Apr/2026:15:35:23 +0200] "GET /wp-content/themes/Newspaper/includes/block_templates/td_block_template_11.php HTTP/1.1" 500 0 "-" "Mozilla/5.0 AppleWebKit/537.36 (KHTML, like Gecko; compatible; ClaudeBot/1.0; +claudebot@anthropic.com)"
216.73.216.22 - - [05/Apr/2026:15:35:28 +0200] "GET /wp-content/themes/Newspaper/includes/block_templates/td_block_template_14.php HTTP/1.1" 500 0 "-" "Mozilla/5.0 AppleWebKit/537.36 (KHTML, like Gecko; compatible; ClaudeBot/1.0; +claudebot@anthropic.com)"
198.244.240.7 - - [05/Apr/2026:15:35:33 +0200] "GET /wp-content/cache/page_enhanced/patrioti.net/tag/%D0%B1%D1%8A%D0%BB%D0%B3%D0%B0%D1%80%D1%81%D0%BA%D0%B8%D1%8F%D1%82-%D1%80%D0%B5%D0%B2%D0%BE%D0%BB%D1%8E%D1%86%D0%B8%D0%BE%D0%BD%D0%B5%D1%80/?C=M;O=A HTTP/1.1" 200 366 "-" "Mozilla/5.0 (compatible; AhrefsBot/7.0; +http://ahrefs.com/robot/)"
216.73.216.22 - - [05/Apr/2026:15:35:39 +0200] "GET /wp-content/themes/Newspaper/includes/demos/blog/td_media_2.php HTTP/1.1" 500 0 "-" "Mozilla/5.0 AppleWebKit/537.36 (KHTML, like Gecko; compatible; ClaudeBot/1.0; +claudebot@anthropic.com)"
216.73.216.22 - - [05/Apr/2026:15:35:39 +0200] "GET /wp-content/themes/Newspaper/includes/demos/college/td_media_2.php HTTP/1.1" 500 0 "-" "Mozilla/5.0 AppleWebKit/537.36 (KHTML, like Gecko; compatible; ClaudeBot/1.0; +claudebot@anthropic.com)"
216.73.216.22 - - [05/Apr/2026:15:35:44 +0200] "GET /wp-content/themes/Newspaper/includes/demos/craft_ideas/td_media_2.php HTTP/1.1" 500 0 "-" "Mozilla/5.0 AppleWebKit/537.36 (KHTML, like Gecko; compatible; ClaudeBot/1.0; +claudebot@anthropic.com)"
161.97.137.93 - - [05/Apr/2026:15:35:45 +0200] "POST /wp-cron.php?doing_wp_cron=1775396144.7041130065917968750000 HTTP/1.1" 404 15246 "https://patrioti.net/wp-cron.php?doing_wp_cron=1775396144.7041130065917968750000" "WordPress/4.9.26; https://patrioti.net"
77.83.36.161 - - [05/Apr/2026:15:35:45 +0200] "GET /wp-login.php HTTP/1.1" 200 1168 "-" "Mozilla/4.0 (compatible; MSIE 7.0; Windows NT 6.0)"
77.83.36.161 - - [05/Apr/2026:15:35:45 +0200] "POST /wp-login.php HTTP/1.1" 200 1530 "-" "Mozilla/4.0 (compatible; MSIE 7.0; Windows NT 6.0)"
77.83.36.161 - - [05/Apr/2026:15:35:45 +0200] "POST /wp-login.php HTTP/1.1" 200 1530 "-" "Mozilla/4.0 (compatible; MSIE 7.0; Windows NT 6.0)"
77.83.36.161 - - [05/Apr/2026:15:35:46 +0200] "POST /wp-login.php HTTP/1.1" 200 1530 "-" "Mozilla/4.0 (compatible; MSIE 7.0; Windows NT 6.0)"
66.249.69.132 - - [05/Apr/2026:15:35:47 +0200] "GET /%D0%BD%D0%B0-15-%D0%B0%D0%BF%D1%80%D0%B8%D0%BB-1861-%D0%B3-%D0%BC%D0%B8%D1%82%D1%80%D0%BE%D0%BF%D0%BE%D0%BB%D0%B8%D1%82-%D0%BF%D0%B0%D0%B8%D1%81%D0%B8%D0%B9-%D0%BF%D0%BB%D0%BE%D0%B2%D0%B4%D0%B8%D0%B2/ HTTP/1.1" 200 20587 "-" "Mozilla/5.0 (Linux; Android 6.0.1; Nexus 5X Build/MMB29P) AppleWebKit/537.36 (KHTML, like Gecko) Chrome/146.0.7680.177 Mobile Safari/537.36 (compatible; Googlebot/2.1; +http://www.google.com/bot.html)"
216.73.216.22 - - [05/Apr/2026:15:35:47 +0200] "GET /wp-content/themes/Newspaper/includes/demos/business/td_media_2.php HTTP/1.1" 500 0 "-" "Mozilla/5.0 AppleWebKit/537.36 (KHTML, like Gecko; compatible; ClaudeBot/1.0; +claudebot@anthropic.com)"
216.73.216.22 - - [05/Apr/2026:15:35:49 +0200] "GET /wp-content/themes/Newspaper/includes/demos/church/td_media_3.php HTTP/1.1" 500 0 "-" "Mozilla/5.0 AppleWebKit/537.36 (KHTML, like Gecko; compatible; ClaudeBot/1.0; +claudebot@anthropic.com)"
216.73.216.22 - - [05/Apr/2026:15:35:49 +0200] "GET /wp-content/themes/Newspaper/includes/demos/recipes/td_media_2.php HTTP/1.1" 500 0 "-" "Mozilla/5.0 AppleWebKit/537.36 (KHTML, like Gecko; compatible; ClaudeBot/1.0; +claudebot@anthropic.com)"
216.137.185.158 - - [05/Apr/2026:15:35:53 +0200] "GET /wp-login.php HTTP/1.1" 200 1168 "-" "Mozilla/5.0 (compatible; MSIE 10.0; Windows NT 6.2; Trident/7.0)"
216.73.216.22 - - [05/Apr/2026:15:35:54 +0200] "GET /wp-content/themes/Newspaper/includes/demos/magazine/td_media_2.php HTTP/1.1" 500 0 "-" "Mozilla/5.0 AppleWebKit/537.36 (KHTML, like Gecko; compatible; ClaudeBot/1.0; +claudebot@anthropic.com)"
216.73.216.22 - - [05/Apr/2026:15:35:54 +0200] "GET /wp-content/themes/Newspaper/includes/demos/local_news/td_import.php HTTP/1.1" 500 0 "-" "Mozilla/5.0 AppleWebKit/537.36 (KHTML, like Gecko; compatible; ClaudeBot/1.0; +claudebot@anthropic.com)"
216.73.216.22 - - [05/Apr/2026:15:35:59 +0200] "GET /wp-content/themes/Newspaper/includes/demos/church/td_media_2.php HTTP/1.1" 500 0 "-" "Mozilla/5.0 AppleWebKit/537.36 (KHTML, like Gecko; compatible; ClaudeBot/1.0; +claudebot@anthropic.com)"
216.73.216.22 - - [05/Apr/2026:15:35:59 +0200] "GET /wp-content/themes/Newspaper/includes/wp_booster/wp-admin/content-metaboxes/td_templates_settings.php HTTP/1.1" 500 0 "-" "Mozilla/5.0 AppleWebKit/537.36 (KHTML, like Gecko; compatible; ClaudeBot/1.0; +claudebot@anthropic.com)"
216.73.216.22 - - [05/Apr/2026:15:36:04 +0200] "GET /wp-content/themes/Newspaper/includes/demos/blog/td_media_6.php HTTP/1.1" 500 0 "-" "Mozilla/5.0 AppleWebKit/537.36 (KHTML, like Gecko; compatible; ClaudeBot/1.0; +claudebot@anthropic.com)"
216.73.216.22 - - [05/Apr/2026:15:36:04 +0200] "GET /wp-content/themes/Newspaper/includes/demos/video/td_media_6.php HTTP/1.1" 500 0 "-" "Mozilla/5.0 AppleWebKit/537.36 (KHTML, like Gecko; compatible; ClaudeBot/1.0; +claudebot@anthropic.com)"
216.73.216.22 - - [05/Apr/2026:15:36:09 +0200] "GET /wp-content/themes/Newspaper/includes/demos/college/td_media_6.php HTTP/1.1" 500 0 "-" "Mozilla/5.0 AppleWebKit/537.36 (KHTML, like Gecko; compatible; ClaudeBot/1.0; +claudebot@anthropic.com)"
216.73.216.22 - - [05/Apr/2026:15:36:09 +0200] "GET /wp-content/themes/Newspaper/includes/demos/video/td_media_5.php HTTP/1.1" 500 0 "-" "Mozilla/5.0 AppleWebKit/537.36 (KHTML, like Gecko; compatible; ClaudeBot/1.0; +claudebot@anthropic.com)"
216.73.216.22 - - [05/Apr/2026:15:36:14 +0200] "GET /wp-content/themes/Newspaper/includes/demos/gadgets/td_media_6.php HTTP/1.1" 500 0 "-" "Mozilla/5.0 AppleWebKit/537.36 (KHTML, like Gecko; compatible; ClaudeBot/1.0; +claudebot@anthropic.com)"
216.73.216.22 - - [05/Apr/2026:15:36:19 +0200] "GET /wp-content/themes/Newspaper/includes/demos/voice/td_media_3.php HTTP/1.1" 500 0 "-" "Mozilla/5.0 AppleWebKit/537.36 (KHTML, like Gecko; compatible; ClaudeBot/1.0; +claudebot@anthropic.com)"
216.73.216.22 - - [05/Apr/2026:15:36:29 +0200] "GET /wp-content/themes/Newspaper/includes/demos/sport/td_media_1.php HTTP/1.1" 500 0 "-" "Mozilla/5.0 AppleWebKit/537.36 (KHTML, like Gecko; compatible; ClaudeBot/1.0; +claudebot@anthropic.com)"
165.22.61.33 - - [05/Apr/2026:15:36:30 +0200] "GET /%d0%b4%d0%bd%d0%b5%d1%81-%d0%bf%d0%be%d1%87%d0%b8%d1%82%d0%b0%d0%bc%d0%b5-%d0%bf%d0%b0%d0%bc%d0%b5%d1%82%d1%82%d0%b0-%d0%bd%d0%b0-%d0%b1%d1%8a%d0%bb%d0%b3%d0%b0%d1%80%d1%81%d0%ba%d0%b8%d1%8f-%d1%80-2/17943435 HTTP/1.1" 301 0 "https://patrioti.net/" "Mozilla/5.0 (Windows NT 10.0; Win64; x64) AppleWebKit/537.36 (KHTML, like Gecko) Chrome/131.0.0.0 Safari/537.36"
216.73.216.22 - - [05/Apr/2026:15:36:30 +0200] "GET /wp-content/themes/Newspaper/includes/demos/lifestyle/td_media_6.php HTTP/1.1" 500 0 "-" "Mozilla/5.0 AppleWebKit/537.36 (KHTML, like Gecko; compatible; ClaudeBot/1.0; +claudebot@anthropic.com)"
165.22.61.33 - - [05/Apr/2026:15:36:31 +0200] "GET /%d0%b4%d0%bd%d0%b5%d1%81-%d0%bf%d0%be%d1%87%d0%b8%d1%82%d0%b0%d0%bc%d0%b5-%d0%bf%d0%b0%d0%bc%d0%b5%d1%82%d1%82%d0%b0-%d0%bd%d0%b0-%d0%b1%d1%8a%d0%bb%d0%b3%d0%b0%d1%80%d1%81%d0%ba%d0%b8%d1%8f-%d1%80-2/17943435/ HTTP/1.1" 200 21240 "https://patrioti.net/" "Mozilla/5.0 (Windows NT 10.0; Win64; x64) AppleWebKit/537.36 (KHTML, like Gecko) Chrome/131.0.0.0 Safari/537.36"
216.73.216.22 - - [05/Apr/2026:15:36:35 +0200] "GET /wp-content/themes/Newspaper/includes/demos/lifestyle/td_media_5.php HTTP/1.1" 500 0 "-" "Mozilla/5.0 AppleWebKit/537.36 (KHTML, like Gecko; compatible; ClaudeBot/1.0; +claudebot@anthropic.com)"
87.250.224.10 - - [05/Apr/2026:15:36:39 +0200] "GET /%D0%BD%D0%B0-%D0%B4%D0%BD%D0%B5%D1%88%D0%BD%D0%B8%D1%8F-%D0%B4%D0%B5%D0%BD-%D0%B5-%D1%80%D0%BE%D0%B4%D0%B5%D0%BD-%D0%BF%D0%BE%D0%B5%D1%82%D1%8A%D1%82-%D0%B3%D0%B5%D0%BE%D1%80%D0%B3%D0%B8-%D0%BA%D0%BE/ HTTP/1.1" 200 21659 "-" "Mozilla/5.0 (compatible; YandexBot/3.0; +http://yandex.com/bots)"
216.73.216.22 - - [05/Apr/2026:15:36:40 +0200] "GET /wp-content/themes/Newspaper/includes/demos/art_creek/td_media_2.php HTTP/1.1" 500 0 "-" "Mozilla/5.0 AppleWebKit/537.36 (KHTML, like Gecko; compatible; ClaudeBot/1.0; +claudebot@anthropic.com)"
5.255.231.125 - - [05/Apr/2026:15:36:40 +0200] "GET /?p=36147 HTTP/1.1" 301 0 "-" "Mozilla/5.0 (compatible; YandexBot/3.0; +http://yandex.com/bots)"
5.255.231.193 - - [05/Apr/2026:15:36:41 +0200] "GET /%D0%BD%D0%B0-6-%D0%B0%D0%BF%D1%80%D0%B8%D0%BB-%D0%B5-%D1%80%D0%BE%D0%B4%D0%B5%D0%BD%D0%B0-%D0%BE%D0%BB%D0%B8%D0%BC%D0%BF%D0%B8%D0%B9%D1%81%D0%BA%D0%B0%D1%82%D0%B0-%D1%88%D0%B0%D0%BC%D0%BF%D0%B8%D0%BE/ HTTP/1.1" 200 21190 "-" "Mozilla/5.0 (compatible; YandexBot/3.0; +http://yandex.com/bots)"
216.73.216.22 - - [05/Apr/2026:15:36:43 +0200] "GET /wp-content/themes/Newspaper/includes/demos/blog/td_media_5.php HTTP/1.1" 500 0 "-" "Mozilla/5.0 AppleWebKit/537.36 (KHTML, like Gecko; compatible; ClaudeBot/1.0; +claudebot@anthropic.com)"
216.73.216.22 - - [05/Apr/2026:15:36:43 +0200] "GET /wp-content/themes/Newspaper/includes/demos/college/td_media_5.php HTTP/1.1" 500 0 "-" "Mozilla/5.0 AppleWebKit/537.36 (KHTML, like Gecko; compatible; ClaudeBot/1.0; +claudebot@anthropic.com)"
216.73.216.22 - - [05/Apr/2026:15:36:45 +0200] "GET /wp-content/themes/Newspaper/includes/demos/blog_travel/td_import.php HTTP/1.1" 500 0 "-" "Mozilla/5.0 AppleWebKit/537.36 (KHTML, like Gecko; compatible; ClaudeBot/1.0; +claudebot@anthropic.com)"
216.73.216.22 - - [05/Apr/2026:15:36:48 +0200] "GET /wp-content/themes/Newspaper/includes/demos/fashion/td_import.php HTTP/1.1" 500 0 "-" "Mozilla/5.0 AppleWebKit/537.36 (KHTML, like Gecko; compatible; ClaudeBot/1.0; +claudebot@anthropic.com)"
216.73.216.22 - - [05/Apr/2026:15:36:50 +0200] "GET /wp-content/themes/Newspaper/includes/demos/sport/td_media_4.php HTTP/1.1" 500 0 "-" "Mozilla/5.0 AppleWebKit/537.36 (KHTML, like Gecko; compatible; ClaudeBot/1.0; +claudebot@anthropic.com)"
161.97.137.93 - - [05/Apr/2026:15:36:51 +0200] "POST /wp-cron.php?doing_wp_cron=1775396210.9885690212249755859375 HTTP/1.1" 404 15245 "https://patrioti.net/wp-cron.php?doing_wp_cron=1775396210.9885690212249755859375" "WordPress/4.9.26; https://patrioti.net"
185.191.171.14 - - [05/Apr/2026:15:36:51 +0200] "GET /tag/%D0%BF%D0%B0%D1%82%D1%80%D0%B8%D0%BE%D1%82%D0%B8%D1%82%D0%B5-%D0%BD%D0%B0-%D0%B1%D1%8A%D0%BB%D0%B3%D0%B0%D1%80%D0%B8%D1%8F/page/119/ HTTP/1.1" 200 17036 "-" "Mozilla/5.0 (compatible; SemrushBot/7~bl; +http://www.semrush.com/bot.html)"
66.249.69.132 - - [05/Apr/2026:15:36:52 +0200] "GET /%D1%81%D1%80%D0%B5%D0%B4%D0%BD%D0%BE%D0%B2%D0%B5%D0%BA%D0%BE%D0%B2%D0%BD%D0%B8-%D1%86%D1%8A%D1%80%D0%BA%D0%B2%D0%B8-%D0%B2-%D0%B1%D1%8A%D0%BB%D0%B3%D0%B0%D1%80%D0%B8%D1%8F-%D1%86%D1%8A%D1%80%D0%BA/ HTTP/1.1" 200 22215 "-" "Mozilla/5.0 (Linux; Android 6.0.1; Nexus 5X Build/MMB29P) AppleWebKit/537.36 (KHTML, like Gecko) Chrome/146.0.7680.177 Mobile Safari/537.36 (compatible; Googlebot/2.1; +http://www.google.com/bot.html)"
216.73.216.22 - - [05/Apr/2026:15:36:53 +0200] "GET /wp-content/themes/Newspaper/includes/demos/recipes/td_media_4.php HTTP/1.1" 500 0 "-" "Mozilla/5.0 AppleWebKit/537.36 (KHTML, like Gecko; compatible; ClaudeBot/1.0; +claudebot@anthropic.com)"
216.73.216.22 - - [05/Apr/2026:15:37:01 +0200] "GET /wp-content/themes/Newspaper/includes/demos/blog_beauty/td_media_1.php HTTP/1.1" 500 0 "-" "Mozilla/5.0 AppleWebKit/537.36 (KHTML, like Gecko; compatible; ClaudeBot/1.0; +claudebot@anthropic.com)"
216.73.216.22 - - [05/Apr/2026:15:37:03 +0200] "GET /wp-content/uploads/2019/05/20150626145100_73910-324x160.jpeg HTTP/1.1" 200 20892 "-" "Mozilla/5.0 AppleWebKit/537.36 (KHTML, like Gecko; compatible; ClaudeBot/1.0; +claudebot@anthropic.com)"
216.73.216.22 - - [05/Apr/2026:15:37:08 +0200] "GET /wp-content/themes/Newspaper/includes/demos/book_club/td_media_6.php HTTP/1.1" 500 0 "-" "Mozilla/5.0 AppleWebKit/537.36 (KHTML, like Gecko; compatible; ClaudeBot/1.0; +claudebot@anthropic.com)"
216.73.216.22 - - [05/Apr/2026:15:37:13 +0200] "GET /wp-content/themes/Newspaper/includes/demos/book_club/td_media_5.php HTTP/1.1" 500 0 "-" "Mozilla/5.0 AppleWebKit/537.36 (KHTML, like Gecko; compatible; ClaudeBot/1.0; +claudebot@anthropic.com)"
216.73.216.22 - - [05/Apr/2026:15:37:13 +0200] "GET /wp-content/themes/Newspaper/includes/demos/church/td_media_1.php HTTP/1.1" 500 0 "-" "Mozilla/5.0 AppleWebKit/537.36 (KHTML, like Gecko; compatible; ClaudeBot/1.0; +claudebot@anthropic.com)"
216.73.216.22 - - [05/Apr/2026:15:37:18 +0200] "GET /wp-content/themes/Newspaper/includes/demos/sport/td_media_3.php HTTP/1.1" 500 0 "-" "Mozilla/5.0 AppleWebKit/537.36 (KHTML, like Gecko; compatible; ClaudeBot/1.0; +claudebot@anthropic.com)"
216.73.216.22 - - [05/Apr/2026:15:37:18 +0200] "GET /wp-content/themes/Newspaper/includes/demos/book_club/td_media_4.php HTTP/1.1" 500 0 "-" "Mozilla/5.0 AppleWebKit/537.36 (KHTML, like Gecko; compatible; ClaudeBot/1.0; +claudebot@anthropic.com)"
216.73.216.22 - - [05/Apr/2026:15:37:23 +0200] "GET /wp-content/themes/Newspaper/includes/demos/business/td_media_6.php HTTP/1.1" 500 0 "-" "Mozilla/5.0 AppleWebKit/537.36 (KHTML, like Gecko; compatible; ClaudeBot/1.0; +claudebot@anthropic.com)"
216.73.216.22 - - [05/Apr/2026:15:37:23 +0200] "GET /wp-content/themes/Newspaper/includes/demos/fashion/td_media_6.php HTTP/1.1" 500 0 "-" "Mozilla/5.0 AppleWebKit/537.36 (KHTML, like Gecko; compatible; ClaudeBot/1.0; +claudebot@anthropic.com)"
51.195.215.177 - - [05/Apr/2026:15:37:26 +0200] "GET /%D0%BD%D0%B0-23-%D1%8E%D0%BD%D0%B8-1882-%D0%B3-%D0%BA%D0%BD%D1%8F%D0%B7-%D0%B0%D0%BB%D0%B5%D0%BA%D1%81%D0%B0%D0%BD%D0%B4%D1%8A%D1%80-%D0%B1%D0%B0%D1%82%D0%B5%D0%BD%D0%B1%D0%B5%D1%80%D0%B3-%D0%BD/ HTTP/1.1" 200 20631 "-" "Mozilla/5.0 (compatible; AhrefsBot/7.0; +http://ahrefs.com/robot/)"
216.73.216.22 - - [05/Apr/2026:15:37:28 +0200] "GET /wp-content/themes/Newspaper/includes/demos/photography/td_media_6.php HTTP/1.1" 500 0 "-" "Mozilla/5.0 AppleWebKit/537.36 (KHTML, like Gecko; compatible; ClaudeBot/1.0; +claudebot@anthropic.com)"
2a03:2880:f806:41:: - - [05/Apr/2026:15:37:30 +0200] "GET /%d0%b0%d0%ba%d0%be-%d0%bd%d0%b5-%d1%81%d0%b8-%d0%b3%d0%be%d1%82%d0%be%d0%b2-%d0%b4%d0%b0-%d1%83%d0%bc%d1%80%d0%b5%d1%88-%d0%b7%d0%b0-%d0%be%d1%82%d0%b5%d1%87%d0%b5%d1%81%d1%82%d0%b2%d0%be/ HTTP/1.1" 200 21660 "-" "meta-externalagent/1.1 (+https://developers.facebook.com/docs/sharing/webmasters/crawler)"
216.73.216.22 - - [05/Apr/2026:15:37:42 +0200] "GET /wp-content/themes/Newspaper/includes/demos/business/td_media_5.php HTTP/1.1" 500 0 "-" "Mozilla/5.0 AppleWebKit/537.36 (KHTML, like Gecko; compatible; ClaudeBot/1.0; +claudebot@anthropic.com)"
216.73.216.22 - - [05/Apr/2026:15:37:43 +0200] "GET /wp-content/themes/Newspaper/includes/demos/photography/td_media_5.php HTTP/1.1" 500 0 "-" "Mozilla/5.0 AppleWebKit/537.36 (KHTML, like Gecko; compatible; ClaudeBot/1.0; +claudebot@anthropic.com)"
166.108.194.147 - - [05/Apr/2026:15:37:46 +0200] "GET /2019/05/28/page/2/ HTTP/1.1" 200 16076 "-" "Mozilla/5.0 (Windows NT 10.0; Win64; x64) AppleWebKit/537.36 (KHTML, like Gecko) Chrome/144.0.0.0 Safari/537.36"
161.97.137.93 - - [05/Apr/2026:15:37:57 +0200] "POST /wp-cron.php?doing_wp_cron=1775396277.6020269393920898437500 HTTP/1.1" 404 15247 "https://patrioti.net/wp-cron.php?doing_wp_cron=1775396277.6020269393920898437500" "WordPress/4.9.26; https://patrioti.net"
216.73.216.22 - - [05/Apr/2026:15:37:58 +0200] "GET /%d0%bf%d0%b0%d0%bc%d0%b5%d1%82%d0%bd%d0%b8%d0%ba%d1%8a%d1%82-%d0%bd%d0%b0-%d0%b0%d1%81%d0%b5%d0%bd%d0%b5%d0%b2%d1%86%d0%b8-%d0%b2%d1%8a%d0%b2-%d0%b2%d0%b5%d0%bb%d0%b8%d0%ba%d0%be-%d1%82%d1%8a%d1%80 HTTP/1.1" 301 0 "-" "Mozilla/5.0 AppleWebKit/537.36 (KHTML, like Gecko; compatible; ClaudeBot/1.0; +claudebot@anthropic.com)"
66.249.69.134 - - [05/Apr/2026:15:37:58 +0200] "GET /tag/%D0%BF%D0%B0%D1%82%D1%80%D0%B8%D0%BE%D1%82%D0%B8/page/201/ HTTP/1.1" 200 17026 "-" "Mozilla/5.0 (Linux; Android 6.0.1; Nexus 5X Build/MMB29P) AppleWebKit/537.36 (KHTML, like Gecko) Chrome/146.0.7680.177 Mobile Safari/537.36 (compatible; Googlebot/2.1; +http://www.google.com/bot.html)"
216.73.216.22 - - [05/Apr/2026:15:37:58 +0200] "GET /%d0%bf%d0%b0%d0%bc%d0%b5%d1%82%d0%bd%d0%b8%d0%ba%d1%8a%d1%82-%d0%bd%d0%b0-%d0%b0%d1%81%d0%b5%d0%bd%d0%b5%d0%b2%d1%86%d0%b8-%d0%b2%d1%8a%d0%b2-%d0%b2%d0%b5%d0%bb%d0%b8%d0%ba%d0%be-%d1%82%d1%8a%d1%80/ HTTP/1.1" 200 23841 "https://patrioti.net/%d0%bf%d0%b0%d0%bc%d0%b5%d1%82%d0%bd%d0%b8%d0%ba%d1%8a%d1%82-%d0%bd%d0%b0-%d0%b0%d1%81%d0%b5%d0%bd%d0%b5%d0%b2%d1%86%d0%b8-%d0%b2%d1%8a%d0%b2-%d0%b2%d0%b5%d0%bb%d0%b8%d0%ba%d0%be-%d1%82%d1%8a%d1%80" "Mozilla/5.0 AppleWebKit/537.36 (KHTML, like Gecko; compatible; ClaudeBot/1.0; +claudebot@anthropic.com)"
216.73.216.22 - - [05/Apr/2026:15:37:59 +0200] "GET /%d0%b4%d0%b8%d0%bc%d0%b8%d1%82%d1%8a%d1%80-%d1%86%d0%b5%d0%bd%d0%be%d0%b2-%d1%81%d0%ba%d1%80%d0%be%d0%bc%d0%bd%d0%b8%d1%8f%d1%82-%d0%bc%d0%b8%d0%bb%d0%b8%d0%be%d0%bd%d0%b5%d1%80-%d0%ba HTTP/1.1" 301 0 "-" "Mozilla/5.0 AppleWebKit/537.36 (KHTML, like Gecko; compatible; ClaudeBot/1.0; +claudebot@anthropic.com)"
216.73.216.22 - - [05/Apr/2026:15:37:59 +0200] "GET /%d0%b4%d0%b8%d0%bc%d0%b8%d1%82%d1%8a%d1%80-%d1%86%d0%b5%d0%bd%d0%be%d0%b2-%d1%81%d0%ba%d1%80%d0%be%d0%bc%d0%bd%d0%b8%d1%8f%d1%82-%d0%bc%d0%b8%d0%bb%d0%b8%d0%be%d0%bd%d0%b5%d1%80-%d0%ba/ HTTP/1.1" 200 22416 "https://patrioti.net/%d0%b4%d0%b8%d0%bc%d0%b8%d1%82%d1%8a%d1%80-%d1%86%d0%b5%d0%bd%d0%be%d0%b2-%d1%81%d0%ba%d1%80%d0%be%d0%bc%d0%bd%d0%b8%d1%8f%d1%82-%d0%bc%d0%b8%d0%bb%d0%b8%d0%be%d0%bd%d0%b5%d1%80-%d0%ba" "Mozilla/5.0 AppleWebKit/537.36 (KHTML, like Gecko; compatible; ClaudeBot/1.0; +claudebot@anthropic.com)"
68.221.67.160 - - [05/Apr/2026:15:38:04 +0200] "GET / HTTP/1.1" 200 26305 "-" "Mozilla/5.0 AppleWebKit/537.36 (KHTML, like Gecko); compatible; ChatGPT-User/1.0; +https://openai.com/bot"
216.73.216.22 - - [05/Apr/2026:15:38:04 +0200] "GET /%d0%ba%d0%be%d0%b9-%d0%be%d0%b1%d0%b5%d1%81%d0%b8-%d0%b0%d0%bf%d0%be%d1%81%d1%82%d0%be%d0%bb%d0%b0-%d0%bd%d0%b0-%d1%81%d0%b2%d0%be%d0%b1%d0%be%d0%b4%d0%b0%d1%82%d0%b0/whatsapp:/send HTTP/1.1" 404 15247 "-" "Mozilla/5.0 AppleWebKit/537.36 (KHTML, like Gecko; compatible; ClaudeBot/1.0; +claudebot@anthropic.com)"
185.191.171.2 - - [05/Apr/2026:15:38:08 +0200] "GET /tag/%D0%BF%D0%B0%D1%82%D1%80%D0%B8%D0%BE%D1%82%D0%B8%D1%87%D0%BD%D0%B8%D1%8F%D1%82-%D1%81%D0%B0%D0%B9%D1%82-%D0%BD%D0%B0-%D0%B1%D1%8A%D0%BB%D0%B3%D0%B0%D1%80%D0%B8%D1%8F/page/181/ HTTP/1.1" 200 17110 "-" "Mozilla/5.0 (compatible; SemrushBot/7~bl; +http://www.semrush.com/bot.html)"
216.73.216.22 - - [05/Apr/2026:15:38:09 +0200] "GET /wp-content/uploads/2019/06/BASA_914K-1-71-1_Gavril_Katsarov_crop-324x235.jpg HTTP/1.1" 200 12618 "-" "Mozilla/5.0 AppleWebKit/537.36 (KHTML, like Gecko; compatible; ClaudeBot/1.0; +claudebot@anthropic.com)"
216.73.216.22 - - [05/Apr/2026:15:38:14 +0200] "GET /tag/%d0%b1%d1%8a%d0%bb%d0%b3%d0%b0%d1%80%d1%81%d0%ba%d0%b8-%d1%80%d0%b5%d0%b2%d0%be%d0%bb%d1%8e%d1%86%d0%b8%d0%be%d0%bd%d0%b5%d1%80/page/26 HTTP/1.1" 301 0 "-" "Mozilla/5.0 AppleWebKit/537.36 (KHTML, like Gecko; compatible; ClaudeBot/1.0; +claudebot@anthropic.com)"
216.73.216.22 - - [05/Apr/2026:15:38:15 +0200] "GET /tag/%d0%b1%d1%8a%d0%bb%d0%b3%d0%b0%d1%80%d1%81%d0%ba%d0%b8-%d1%80%d0%b5%d0%b2%d0%be%d0%bb%d1%8e%d1%86%d0%b8%d0%be%d0%bd%d0%b5%d1%80/page/26/ HTTP/1.1" 200 17073 "https://patrioti.net/tag/%d0%b1%d1%8a%d0%bb%d0%b3%d0%b0%d1%80%d1%81%d0%ba%d0%b8-%d1%80%d0%b5%d0%b2%d0%be%d0%bb%d1%8e%d1%86%d0%b8%d0%be%d0%bd%d0%b5%d1%80/page/26" "Mozilla/5.0 AppleWebKit/537.36 (KHTML, like Gecko; compatible; ClaudeBot/1.0; +claudebot@anthropic.com)"
216.73.216.22 - - [05/Apr/2026:15:38:19 +0200] "GET /%d0%b4%d0%bd%d0%b5%d1%81-%d0%b5-%d1%80%d0%be%d0%b4%d0%b5%d0%bd-%d0%b0%d0%ba%d0%b0%d0%b4-%d0%b4%d0%b8%d0%bc%d0%b8%d1%82%d1%8a%d1%80-%d0%bc%d0%be%d0%bb%d0%bb%d0%be%d0%b2/whatsapp:/send HTTP/1.1" 404 15248 "-" "Mozilla/5.0 AppleWebKit/537.36 (KHTML, like Gecko; compatible; ClaudeBot/1.0; +claudebot@anthropic.com)"
185.191.171.4 - - [05/Apr/2026:15:38:23 +0200] "GET /%D0%BD%D0%B0-22-%D1%84%D0%B5%D0%B2%D1%80%D1%83%D0%B0%D1%80%D0%B8-1965-%D0%B3-%D1%83%D0%BC%D0%B8%D1%80%D0%B0-%D0%B1%D1%8A%D0%BB%D0%B3%D0%B0%D1%80%D1%81%D0%BA%D0%B8%D1%8F%D1%82-%D1%83%D1%87%D0%B8%D1%82/ HTTP/1.1" 200 20997 "-" "Mozilla/5.0 (compatible; SemrushBot/7~bl; +http://www.semrush.com/bot.html)"
216.73.216.22 - - [05/Apr/2026:15:38:24 +0200] "GET /%d0%b1%d0%be%d1%80%d0%b8%d0%bb-%d0%b2%d0%be%d0%b9%d0%bd%d1%81%d1%82%d0%b2%d0%b5%d0%bd%d0%b8%d1%8f%d1%82-%d0%b2%d0%bb%d0%b0%d0%b4%d0%b5%d1%82%d0%b5%d0%bb HTTP/1.1" 301 0 "-" "Mozilla/5.0 AppleWebKit/537.36 (KHTML, like Gecko; compatible; ClaudeBot/1.0; +claudebot@anthropic.com)"
216.73.216.22 - - [05/Apr/2026:15:38:25 +0200] "GET /%d0%b1%d0%be%d1%80%d0%b8%d0%bb-%d0%b2%d0%be%d0%b9%d0%bd%d1%81%d1%82%d0%b2%d0%b5%d0%bd%d0%b8%d1%8f%d1%82-%d0%b2%d0%bb%d0%b0%d0%b4%d0%b5%d1%82%d0%b5%d0%bb/ HTTP/1.1" 200 22449 "https://patrioti.net/%d0%b1%d0%be%d1%80%d0%b8%d0%bb-%d0%b2%d0%be%d0%b9%d0%bd%d1%81%d1%82%d0%b2%d0%b5%d0%bd%d0%b8%d1%8f%d1%82-%d0%b2%d0%bb%d0%b0%d0%b4%d0%b5%d1%82%d0%b5%d0%bb" "Mozilla/5.0 AppleWebKit/537.36 (KHTML, like Gecko; compatible; ClaudeBot/1.0; +claudebot@anthropic.com)"
216.73.216.22 - - [05/Apr/2026:15:38:29 +0200] "GET /%d0%b4%d1%80%d1%83%d0%b3%d0%b0%d1%82%d0%b0-%d0%b1%d1%8a%d0%bb%d0%b3%d0%b0%d1%80%d0%b8%d1%8f-%d0%bd%d0%b0-%d0%b2%d0%be%d0%bb%d0%b3%d0%b0 HTTP/1.1" 301 0 "-" "Mozilla/5.0 AppleWebKit/537.36 (KHTML, like Gecko; compatible; ClaudeBot/1.0; +claudebot@anthropic.com)"
216.73.216.22 - - [05/Apr/2026:15:38:30 +0200] "GET /%d0%b4%d1%80%d1%83%d0%b3%d0%b0%d1%82%d0%b0-%d0%b1%d1%8a%d0%bb%d0%b3%d0%b0%d1%80%d0%b8%d1%8f-%d0%bd%d0%b0-%d0%b2%d0%be%d0%bb%d0%b3%d0%b0/ HTTP/1.1" 200 26468 "https://patrioti.net/%d0%b4%d1%80%d1%83%d0%b3%d0%b0%d1%82%d0%b0-%d0%b1%d1%8a%d0%bb%d0%b3%d0%b0%d1%80%d0%b8%d1%8f-%d0%bd%d0%b0-%d0%b2%d0%be%d0%bb%d0%b3%d0%b0" "Mozilla/5.0 AppleWebKit/537.36 (KHTML, like Gecko; compatible; ClaudeBot/1.0; +claudebot@anthropic.com)"
216.73.216.22 - - [05/Apr/2026:15:38:34 +0200] "GET /%d0%ba%d0%b0%d0%bd-%d0%b8%d1%80%d0%bd%d0%b8%d0%ba-%d0%be%d1%82-%d1%80%d0%be%d0%b4%d0%b0-%d0%b4%d1%83%d0%bb%d0%be-453-489/whatsapp:/send HTTP/1.1" 404 15247 "-" "Mozilla/5.0 AppleWebKit/537.36 (KHTML, like Gecko; compatible; ClaudeBot/1.0; +claudebot@anthropic.com)"
52.167.144.149 - - [05/Apr/2026:15:38:39 +0200] "GET /?s=Cliff+Rathburn HTTP/1.1" 200 15280 "-" "Mozilla/5.0 AppleWebKit/537.36 (KHTML, like Gecko; compatible; bingbot/2.0; +http://www.bing.com/bingbot.htm) Chrome/116.0.1938.76 Safari/537.36"
216.73.216.22 - - [05/Apr/2026:15:38:39 +0200] "GET /category/%D0%BF%D0%B0%D0%BC%D0%B5%D1%82%D0%BD%D0%B8%D1%86%D0%B8/?filter_by=random_posts HTTP/1.1" 200 19566 "-" "Mozilla/5.0 AppleWebKit/537.36 (KHTML, like Gecko; compatible; ClaudeBot/1.0; +claudebot@anthropic.com)"
87.250.224.99 - - [05/Apr/2026:15:38:39 +0200] "GET /%D1%81%D0%BA%D0%B0%D0%BB%D0%BD%D0%BE%D1%82%D0%BE-%D1%81%D0%B2%D0%B5%D1%82%D0%B8%D0%BB%D0%B8%D1%89%D0%B5-%D1%81%D0%BA%D1%80%D0%B8%D0%B1%D0%B8%D0%BD%D0%B0-%D0%B8-%D0%BB%D0%B5%D0%B3%D0%B5%D0%BD%D0%B4/ HTTP/1.1" 200 21725 "-" "Mozilla/5.0 (compatible; YandexBot/3.0; +http://yandex.com/bots)"
198.244.242.224 - - [05/Apr/2026:15:38:48 +0200] "GET /wp-content/cache/page_enhanced/patrioti.net/%D0%BD%D0%B0-3-%D1%8E%D0%BB%D0%B8-1924-%D0%B3-%D0%B5-%D1%80%D0%BE%D0%B4%D0%B5%D0%BD-%D0%B1%D1%8A%D0%BB%D0%B3%D0%B0%D1%80%D1%81%D0%BA%D0%B8%D1%8F%D1%82-%D0%BF%D0%B8%D1%81%D0%B0%D1%82%D0%B5%D0%BB/?C=S;O=A HTTP/1.1" 200 410 "-" "Mozilla/5.0 (compatible; AhrefsBot/7.0; +http://ahrefs.com/robot/)"
