2a02:c207:3018:3705::1 - - [05/Apr/2026:15:55:07 +0200] "GET /%D0%BD%D0%B0-5-%D1%81%D0%B5%D0%BF%D1%82%D0%B5%D0%BC%D0%B2%D1%80%D0%B8-%D1%86%D1%8A%D1%80%D0%BA%D0%B2%D0%B0%D1%82%D0%B0-%D0%BF%D0%BE%D1%87%D0%B8%D1%82%D0%B0-%D1%81%D0%B2-%D0%BF%D1%80%D0%BE%D1%80%D0%BE/ HTTP/1.1" 200 21503 "-" "Mozilla/5.0 (compatible; MJ12bot/v1.4.8; http://mj12bot.com/)"
2a02:c207:3018:3705::1 - - [05/Apr/2026:15:55:10 +0200] "GET /%D0%BD%D0%B0-5-%D1%8E%D0%BB%D0%B8-%D1%86%D1%8A%D1%80%D0%BA%D0%B2%D0%B0%D1%82%D0%B0-%D0%BF%D0%BE%D1%87%D0%B8%D1%82%D0%B0-%D1%81%D0%B2-%D0%BF%D1%80%D0%B5%D0%BF%D0%BE%D0%B4%D0%BE%D0%B1%D0%BD%D0%B8/ HTTP/1.1" 200 20783 "-" "Mozilla/5.0 (compatible; MJ12bot/v1.4.8; http://mj12bot.com/)"
52.167.144.175 - - [05/Apr/2026:15:55:11 +0200] "GET /tag/%D0%B6%D0%B5%D0%BD%D0%B0%D1%82%D0%B0/ HTTP/1.1" 200 15747 "-" "Mozilla/5.0 AppleWebKit/537.36 (KHTML, like Gecko; compatible; bingbot/2.0; +http://www.bing.com/bingbot.htm) Chrome/116.0.1938.76 Safari/537.36"
2a02:c207:3018:3705::1 - - [05/Apr/2026:15:55:12 +0200] "GET /%D0%BD%D0%B0-6-%D0%BC%D0%B0%D0%B9-1864-%D0%B3-%D0%B2%D0%B0%D1%81%D0%B8%D0%BB-%D0%BB%D0%B5%D0%B2%D1%81%D0%BA%D0%B8-%D1%81%D1%82%D0%B0%D0%B2%D0%B0-%D1%83%D1%87%D0%B8%D1%82%D0%B5%D0%BB-%D0%B2-%D1%81/ HTTP/1.1" 200 21386 "-" "Mozilla/5.0 (compatible; MJ12bot/v1.4.8; http://mj12bot.com/)"
2a02:c207:3018:3705::1 - - [05/Apr/2026:15:55:14 +0200] "GET /%D0%BD%D0%B0-6-%D1%81%D0%B5%D0%BF%D1%82%D0%B5%D0%BC%D0%B2%D1%80%D0%B8-1985-%D0%B3-%D0%B5-%D0%BE%D1%82%D0%BA%D1%80%D0%B8%D1%82-%D0%BF%D0%B0%D0%BC%D0%B5%D1%82%D0%BD%D0%B8%D0%BA%D1%8A%D1%82-%D0%BD%D0%B0/ HTTP/1.1" 200 21246 "-" "Mozilla/5.0 (compatible; MJ12bot/v1.4.8; http://mj12bot.com/)"
161.97.137.93 - - [05/Apr/2026:15:55:17 +0200] "POST /wp-cron.php?doing_wp_cron=1775397316.6818599700927734375000 HTTP/1.1" 404 15247 "https://patrioti.net/wp-cron.php?doing_wp_cron=1775397316.6818599700927734375000" "WordPress/4.9.26; https://patrioti.net"
2a02:c207:3018:3705::1 - - [05/Apr/2026:15:55:17 +0200] "GET /%D0%BD%D0%B0-6-%D1%84%D0%B5%D0%B2%D1%80%D1%83%D0%B0%D1%80%D0%B8-%D1%86%D1%8A%D1%80%D0%BA%D0%B2%D0%B0%D1%82%D0%B0-%D0%BF%D0%BE%D1%87%D0%B8%D1%82%D0%B0-%D1%81%D0%B2-%D0%BF%D1%80%D0%B5%D0%BF-%D0%B2/ HTTP/1.1" 200 21039 "-" "Mozilla/5.0 (compatible; MJ12bot/v1.4.8; http://mj12bot.com/)"
2a02:c207:3018:3705::1 - - [05/Apr/2026:15:55:19 +0200] "GET /%D0%BD%D0%B0-7-%D0%B0%D0%B2%D0%B3%D1%83%D1%81%D1%82-1865-%D0%B3-%D1%82%D0%BE%D0%B4%D0%BE%D1%80-%D0%B1%D1%83%D1%80%D0%BC%D0%BE%D0%B2-%D0%B7%D0%B0%D0%BF%D0%BE%D1%87%D0%B2%D0%B0-%D0%B4%D0%B0-%D0%B8/ HTTP/1.1" 200 21152 "-" "Mozilla/5.0 (compatible; MJ12bot/v1.4.8; http://mj12bot.com/)"
2a02:c207:3018:3705::1 - - [05/Apr/2026:15:55:21 +0200] "GET /%D0%BD%D0%B0-7-%D0%B4%D0%B5%D0%BA%D0%B5%D0%BC%D0%B2%D1%80%D0%B8-%D1%86%D1%8A%D1%80%D0%BA%D0%B2%D0%B0%D1%82%D0%B0-%D0%BF%D0%BE%D1%87%D0%B8%D1%82%D0%B0-%D1%81%D0%B2-%D0%B0%D0%BC%D0%B2%D1%80%D0%BE%D1%81/ HTTP/1.1" 200 25199 "-" "Mozilla/5.0 (compatible; MJ12bot/v1.4.8; http://mj12bot.com/)"
2a02:c207:3018:3705::1 - - [05/Apr/2026:15:55:23 +0200] "GET /%D0%BD%D0%B0-7-%D0%B4%D0%B5%D0%BA%D0%B5%D0%BC%D0%B2%D1%80%D0%B8-%D1%86%D1%8A%D1%80%D0%BA%D0%B2%D0%B0%D1%82%D0%B0-%D0%BF%D0%BE%D1%87%D0%B8%D1%82%D0%B0-%D1%81%D0%B2-%D1%84%D0%B8%D0%BB%D0%BE%D1%82%D0%B5/ HTTP/1.1" 200 21283 "-" "Mozilla/5.0 (compatible; MJ12bot/v1.4.8; http://mj12bot.com/)"
2a02:c207:3018:3705::1 - - [05/Apr/2026:15:55:25 +0200] "GET /%D0%BD%D0%B0-7-%D1%81%D0%B5%D0%BF%D1%82%D0%B5%D0%BC%D0%B2%D1%80%D0%B8-1886-%D0%B3-%D0%BA%D0%BD%D1%8F%D0%B7-%D0%B0%D0%BB%D0%B5%D0%BA%D1%81%D0%B0%D0%BD%D0%B4%D1%8A%D1%80-i-%D0%B1%D0%B0%D1%82%D0%B5/ HTTP/1.1" 200 21732 "-" "Mozilla/5.0 (compatible; MJ12bot/v1.4.8; http://mj12bot.com/)"
216.73.216.22 - - [05/Apr/2026:15:55:25 +0200] "GET /%d0%bd%d0%b0-8-%d1%8f%d0%bd%d1%83%d0%b0%d1%80%d0%b8-%d1%86%d1%8a%d1%80%d0%ba%d0%b2%d0%b0%d1%82%d0%b0-%d0%bf%d0%be%d1%87%d0%b8%d1%82%d0%b0-%d1%81%d0%b2-%d0%b5%d0%bc%d0%b8%d0%bb%d0%b8%d0%b0%d0%bd HTTP/1.1" 301 0 "-" "Mozilla/5.0 AppleWebKit/537.36 (KHTML, like Gecko; compatible; ClaudeBot/1.0; +claudebot@anthropic.com)"
216.73.216.22 - - [05/Apr/2026:15:55:26 +0200] "GET /%d0%bd%d0%b0-8-%d1%8f%d0%bd%d1%83%d0%b0%d1%80%d0%b8-%d1%86%d1%8a%d1%80%d0%ba%d0%b2%d0%b0%d1%82%d0%b0-%d0%bf%d0%be%d1%87%d0%b8%d1%82%d0%b0-%d1%81%d0%b2-%d0%b5%d0%bc%d0%b8%d0%bb%d0%b8%d0%b0%d0%bd/ HTTP/1.1" 200 20665 "https://patrioti.net/%d0%bd%d0%b0-8-%d1%8f%d0%bd%d1%83%d0%b0%d1%80%d0%b8-%d1%86%d1%8a%d1%80%d0%ba%d0%b2%d0%b0%d1%82%d0%b0-%d0%bf%d0%be%d1%87%d0%b8%d1%82%d0%b0-%d1%81%d0%b2-%d0%b5%d0%bc%d0%b8%d0%bb%d0%b8%d0%b0%d0%bd" "Mozilla/5.0 AppleWebKit/537.36 (KHTML, like Gecko; compatible; ClaudeBot/1.0; +claudebot@anthropic.com)"
2a02:c207:3018:3705::1 - - [05/Apr/2026:15:55:26 +0200] "GET /%D0%BD%D0%B0-7-%D1%8E%D0%BB%D0%B8-%D1%86%D1%8A%D1%80%D0%BA%D0%B2%D0%B0%D1%82%D0%B0-%D0%BF%D0%BE%D1%87%D0%B8%D1%82%D0%B0-%D1%81%D0%B2-%D0%BC%D1%8A%D1%87%D0%B5%D0%BD%D0%B8%D1%86%D0%B0-%D0%BD%D0%B5/ HTTP/1.1" 200 21002 "-" "Mozilla/5.0 (compatible; MJ12bot/v1.4.8; http://mj12bot.com/)"
2a02:c207:3018:3705::1 - - [05/Apr/2026:15:55:28 +0200] "GET /%D0%BD%D0%B0-7-%D1%8E%D0%BB%D0%B8-%D1%86%D1%8A%D1%80%D0%BA%D0%B2%D0%B0%D1%82%D0%B0-%D0%BF%D0%BE%D1%87%D0%B8%D1%82%D0%B0-%D1%81%D0%B2-%D0%BF%D1%80%D0%B5%D0%BF%D0%BE%D0%B4%D0%BE%D0%B1%D0%BD%D0%B8/ HTTP/1.1" 200 21320 "-" "Mozilla/5.0 (compatible; MJ12bot/v1.4.8; http://mj12bot.com/)"
2a02:c207:3018:3705::1 - - [05/Apr/2026:15:55:30 +0200] "GET /%D0%BD%D0%B0-8-%D0%BE%D0%BA%D1%82%D0%BE%D0%BC%D0%B2%D1%80%D0%B8-%D0%B5-%D1%80%D0%BE%D0%B4%D0%B5%D0%BD-%D0%B1%D1%8A%D0%BB%D0%B3%D0%B0%D1%80%D1%81%D0%BA%D0%B8%D1%8F%D1%82-%D1%84%D0%B8%D0%B7%D0%B8%D0%BA/ HTTP/1.1" 200 22807 "-" "Mozilla/5.0 (compatible; MJ12bot/v1.4.8; http://mj12bot.com/)"
2a02:c207:3018:3705::1 - - [05/Apr/2026:15:55:32 +0200] "GET /%D0%BD%D0%B0-8-%D1%81%D0%B5%D0%BF%D1%82%D0%B5%D0%BC%D0%B2%D1%80%D0%B8-1898-%D0%B3-%D0%B5%D0%BA%D0%B7%D0%B0%D1%80%D1%85-%D0%B9%D0%BE%D1%81%D0%B8%D1%84-i-%D0%BE%D1%81%D0%B2%D0%B5%D1%89%D0%B0%D0%B2/ HTTP/1.1" 200 22254 "-" "Mozilla/5.0 (compatible; MJ12bot/v1.4.8; http://mj12bot.com/)"
2a02:c207:3018:3705::1 - - [05/Apr/2026:15:55:34 +0200] "GET /%D0%BD%D0%B0-8-%D1%81%D0%B5%D0%BF%D1%82%D0%B5%D0%BC%D0%B2%D1%80%D0%B8-1976-%D0%B3-%D0%B2%D1%8A%D0%B2-%D0%B2%D0%B0%D1%80%D0%BD%D0%B0-%D0%B5-%D0%BE%D1%82%D0%BA%D1%80%D0%B8%D1%82-%D0%B0%D1%81%D0%BF/ HTTP/1.1" 200 21567 "-" "Mozilla/5.0 (compatible; MJ12bot/v1.4.8; http://mj12bot.com/)"
2a02:c207:3018:3705::1 - - [05/Apr/2026:15:55:37 +0200] "GET /%D0%BD%D0%B5-%D0%B5-%D0%B2%D1%8F%D1%80%D0%BD%D0%BE-%D1%87%D0%B5-%D1%81%D0%B0%D0%BC%D1%83%D0%B8%D0%BB%D0%BE%D0%B2%D0%B8%D1%82%D0%B5-%D0%B2%D0%BE%D0%B8%D0%BD%D0%B8-%D1%81%D0%B0-%D0%B1%D0%B8%D0%BB%D0%B8/ HTTP/1.1" 200 22610 "-" "Mozilla/5.0 (compatible; MJ12bot/v1.4.8; http://mj12bot.com/)"
2a02:c207:3018:3705::1 - - [05/Apr/2026:15:55:39 +0200] "GET /%D0%BD%D0%B5-%D1%81%D0%B5-%D0%BE%D1%82%D1%87%D0%B0%D0%B9%D0%B2%D0%B0%D0%B9%D1%82%D0%B5-%D0%B6%D0%B8%D0%B2-%D0%B5-%D0%B1%D1%8A%D0%BB%D0%B3%D0%B0%D1%80%D1%81%D0%BA%D0%B8%D1%8F%D1%82-%D0%B1%D0%BE%D0%B3/ HTTP/1.1" 200 23042 "-" "Mozilla/5.0 (compatible; MJ12bot/v1.4.8; http://mj12bot.com/)"
2a02:c207:3018:3705::1 - - [05/Apr/2026:15:55:40 +0200] "GET /%D0%BD%D0%B8%D0%B9-%D0%BD%D0%B5-%D1%81%D0%BC%D0%B5-%D0%B2%D0%B5%D0%BA%D0%B5-%D1%80%D0%B0%D1%8F-%D0%BF%D0%BE%D0%BA%D0%BE%D1%80%D0%BD%D0%B0-%D0%BF%D0%BE%D0%BA%D0%BB%D0%BE%D0%BD-%D0%BF%D1%80%D0%B5/ HTTP/1.1" 200 22095 "-" "Mozilla/5.0 (compatible; MJ12bot/v1.4.8; http://mj12bot.com/)"
2a02:c207:3018:3705::1 - - [05/Apr/2026:15:55:42 +0200] "GET /%D0%BD%D0%B8%D0%BA%D0%BE%D0%B9-%D0%BD%D0%B5-%D0%BC%D0%BE%D0%B6%D0%B5%D1%88%D0%B5-%D0%B4%D0%B0-%D0%B3%D0%BE-%D0%B7%D0%B0%D0%BB%D0%BE%D0%B2%D0%B8-%D0%B4%D0%BE%D1%80%D0%B8-%D0%B4%D0%B0-%D0%B3%D0%BE/ HTTP/1.1" 200 23598 "-" "Mozilla/5.0 (compatible; MJ12bot/v1.4.8; http://mj12bot.com/)"
198.244.240.93 - - [05/Apr/2026:15:55:42 +0200] "GET /%D0%B1%D1%8A%D0%BB%D0%B3%D0%B0%D1%80%D1%81%D0%BA%D0%B8-%D0%BB%D0%B5%D0%B3%D0%B5%D0%BD%D0%B4%D0%B8-%D0%BD%D0%B5%D0%B2%D1%8A%D0%B7%D0%BC%D0%BE%D0%B6%D0%BD%D0%B0-%D0%BB%D1%8E%D0%B1%D0%BE%D0%B2-%D1%80/ HTTP/1.1" 200 21551 "-" "Mozilla/5.0 (compatible; AhrefsBot/7.0; +http://ahrefs.com/robot/)"
2a02:c207:3018:3705::1 - - [05/Apr/2026:15:55:44 +0200] "GET /%D0%BE%D0%B4%D1%80%D0%B0%D0%BD%D0%B8%D1%88%D0%BA%D0%B8-%D0%BC%D0%B0%D0%BD%D0%B0%D1%81%D1%82%D0%B8%D1%80-%D1%81%D0%B2-%D1%81%D0%B2-%D0%B0%D0%BF-%D0%BF%D0%B5%D1%82%D1%8A%D1%80-%D0%B8-%D0%BF/ HTTP/1.1" 200 20833 "-" "Mozilla/5.0 (compatible; MJ12bot/v1.4.8; http://mj12bot.com/)"
2a02:c207:3018:3705::1 - - [05/Apr/2026:15:55:46 +0200] "GET /%D0%BE%D1%82%D0%B1%D0%B5%D0%BB%D1%8F%D0%B7%D0%B2%D0%B0%D0%BC%D0%B5-14-%D1%81%D0%B5%D0%BF%D1%82%D0%B5%D0%BC%D0%B2%D1%80%D0%B8-%D0%BF%D1%80%D0%BE%D1%84%D0%B5%D1%81%D0%B8%D0%BE%D0%BD%D0%B0%D0%BB%D0%BD/ HTTP/1.1" 200 21930 "-" "Mozilla/5.0 (compatible; MJ12bot/v1.4.8; http://mj12bot.com/)"
2a02:c207:3018:3705::1 - - [05/Apr/2026:15:55:48 +0200] "GET /%D0%BE%D1%82%D0%BA%D1%80%D0%B8%D1%85%D0%B0-%D0%B2%D0%BE%D0%B4%D0%BE%D0%BF%D1%80%D0%BE%D0%B2%D0%BE%D0%B4-%D0%BE%D1%82-%D0%B2%D1%80%D0%B5%D0%BC%D0%B5%D1%82%D0%BE-%D0%BD%D0%B0-%D1%81%D0%B8%D0%BC%D0%B5/ HTTP/1.1" 200 21926 "-" "Mozilla/5.0 (compatible; MJ12bot/v1.4.8; http://mj12bot.com/)"
2a02:c207:3018:3705::1 - - [05/Apr/2026:15:55:49 +0200] "GET /%D0%BE%D1%82%D0%BC%D1%8A%D1%89%D0%B5%D0%BD%D0%B8%D0%B5%D1%82%D0%BE-%D0%BD%D0%B0-%D0%BC%D0%B0%D0%B9%D0%BA%D0%B0%D1%82%D0%B0-%D0%B7%D0%B0-%D1%81%D0%BC%D1%8A%D1%80%D1%82%D1%82%D0%B0-%D0%BD%D0%B0-%D0%B2/ HTTP/1.1" 200 21981 "-" "Mozilla/5.0 (compatible; MJ12bot/v1.4.8; http://mj12bot.com/)"
2a02:c207:3018:3705::1 - - [05/Apr/2026:15:55:51 +0200] "GET /%D0%BE-%D1%88%D0%B8%D0%BF%D0%BA%D0%B0-%D1%82%D1%80%D0%B8-%D0%B4%D0%B5%D0%BD%D1%8F-%D0%BC%D0%BB%D0%B0%D0%B4%D0%B8%D1%82%D0%B5-%D0%B4%D1%80%D1%83%D0%B6%D0%B8%D0%BD%D0%B8-%D0%BA%D0%B0%D0%BA-%D0%BF/ HTTP/1.1" 200 28170 "-" "Mozilla/5.0 (compatible; MJ12bot/v1.4.8; http://mj12bot.com/)"
2a02:c207:3018:3705::1 - - [05/Apr/2026:15:55:53 +0200] "GET /%D0%BF%D0%B0%D0%BC%D0%B5%D1%82%D0%BD%D0%B8%D0%BA%D1%8A%D1%82-%D0%BD%D0%B0-%D0%B1%D0%B0%D1%87%D0%BE-%D0%BA%D0%B8%D1%80%D0%BE-%D0%B2-%D0%B1%D1%8F%D0%BB%D0%B0-%D1%87%D0%B5%D1%80%D0%BA%D0%B2%D0%B0/ HTTP/1.1" 200 21820 "-" "Mozilla/5.0 (compatible; MJ12bot/v1.4.8; http://mj12bot.com/)"
2a02:c207:3018:3705::1 - - [05/Apr/2026:15:55:55 +0200] "GET /%D0%BF%D0%B0%D0%BC%D0%B5%D1%82%D0%BD%D0%B8%D0%BA%D1%8A%D1%82-%D0%BD%D0%B0-%D0%B1%D1%83%D0%B7%D0%BB%D1%83%D0%B4%D0%B6%D0%B0/ HTTP/1.1" 200 21477 "-" "Mozilla/5.0 (compatible; MJ12bot/v1.4.8; http://mj12bot.com/)"
2a02:c207:3018:3705::1 - - [05/Apr/2026:15:55:57 +0200] "GET /%D0%BF%D0%B0%D0%BC%D0%B5%D1%82%D0%BD%D0%B8%D0%BA%D1%8A%D1%82-%D0%BD%D0%B0-%D0%B5%D0%BC%D0%B8%D0%BB-%D0%B4%D0%B8%D0%BC%D0%B8%D1%82%D1%80%D0%BE%D0%B2-%D0%B2-%D0%BF%D0%BB%D0%B5%D0%B2%D0%B5%D0%BD/ HTTP/1.1" 200 20611 "-" "Mozilla/5.0 (compatible; MJ12bot/v1.4.8; http://mj12bot.com/)"
2a02:c207:3018:3705::1 - - [05/Apr/2026:15:55:59 +0200] "GET /%D0%BF%D0%B0%D0%BC%D0%B5%D1%82%D0%BD%D0%B8%D0%BA%D1%8A%D1%82-%D0%BD%D0%B0-%D0%BD%D0%B8%D0%BA%D0%BE%D0%BB%D0%B0-%D0%BF%D0%B8%D0%BA%D0%BE%D0%BB%D0%BE-%D0%B2%D1%8A%D0%B2-%D0%B2%D0%B5%D0%BB%D0%B8%D0%BA/ HTTP/1.1" 200 20527 "-" "Mozilla/5.0 (compatible; MJ12bot/v1.4.8; http://mj12bot.com/)"
2a02:c207:3018:3705::1 - - [05/Apr/2026:15:56:00 +0200] "GET /%D0%BF%D0%B0%D0%BC%D0%B5%D1%82%D0%BD%D0%B8%D0%BA%D1%8A%D1%82-%D0%BD%D0%B0-%D1%81%D1%82%D0%BE%D0%B8%D0%BB-%D1%84%D0%B8%D0%BD%D0%B4%D0%B6%D0%B5%D0%BA%D0%BE%D0%B2-%D0%B2-%D0%BF%D0%B0%D0%BD%D0%B0%D0%B3/ HTTP/1.1" 200 20227 "-" "Mozilla/5.0 (compatible; MJ12bot/v1.4.8; http://mj12bot.com/)"
52.167.144.214 - - [05/Apr/2026:15:56:02 +0200] "GET /wp-content/uploads/2019/05/20151104163037_82084-265x198.jpeg HTTP/1.1" 200 19646 "-" "Mozilla/5.0 AppleWebKit/537.36 (KHTML, like Gecko; compatible; bingbot/2.0; +http://www.bing.com/bingbot.htm) Chrome/116.0.1938.76 Safari/537.36"
2a02:c207:3018:3705::1 - - [05/Apr/2026:15:56:03 +0200] "GET /%D0%BF%D0%B0%D0%BC%D0%B5%D1%82%D0%BD%D0%B8%D0%BA%D1%8A%D1%82-%D0%BD%D0%B0-%D1%81%D1%8A%D0%B2%D0%B5%D1%82%D1%81%D0%BA%D0%B0%D1%82%D0%B0-%D0%B0%D1%80%D0%BC%D0%B8%D1%8F-%D0%B2-%D1%81%D0%BE%D1%84%D0%B8/ HTTP/1.1" 200 21746 "-" "Mozilla/5.0 (compatible; MJ12bot/v1.4.8; http://mj12bot.com/)"
2a02:c207:3018:3705::1 - - [05/Apr/2026:15:56:05 +0200] "GET /%D0%BF%D0%B0%D1%80%D0%B0%D0%BA%D0%BB%D0%B8%D1%81%D1%8A%D1%82-%D1%81%D0%B2-%D1%82%D1%80%D0%BE%D0%B8%D1%86%D0%B0-%D0%B1%D0%BB%D0%B8%D0%B7%D0%BE-%D0%B4%D0%BE-%D1%81%D0%B5%D0%BB%D0%BE-%D0%B3%D1%80/ HTTP/1.1" 200 21106 "-" "Mozilla/5.0 (compatible; MJ12bot/v1.4.8; http://mj12bot.com/)"
51.195.183.207 - - [05/Apr/2026:15:56:05 +0200] "GET /11-%D0%BC%D0%B0%D0%B9-%D0%B5-%D1%81%D0%B2%D0%B5%D1%82%D0%BE%D0%B2%D0%B5%D0%BD-%D0%B4%D0%B5%D0%BD-%D0%BD%D0%B0-%D0%BC%D0%BE%D0%BB%D0%B8%D1%82%D0%B2%D0%B0%D1%82%D0%B0/ HTTP/1.1" 200 21046 "-" "Mozilla/5.0 (compatible; AhrefsBot/7.0; +http://ahrefs.com/robot/)"
216.73.216.22 - - [05/Apr/2026:15:56:06 +0200] "GET /wp-content/themes/Newspaper/includes/category_templates/td_category_template_5.php HTTP/1.1" 500 0 "-" "Mozilla/5.0 AppleWebKit/537.36 (KHTML, like Gecko; compatible; ClaudeBot/1.0; +claudebot@anthropic.com)"
216.73.216.22 - - [05/Apr/2026:15:56:06 +0200] "GET /%d0%bd%d0%b0-%d0%b4%d0%bd%d0%b5%d1%88%d0%bd%d0%b0%d1%82%d0%b0-%d0%b4%d0%b0%d1%82%d0%b0-%d1%83%d0%bc%d0%b8%d1%80%d0%b0-%d0%bf%d0%be%d0%bb%d0%ba%d0%be%d0%b2%d0%bd%d0%b8%d0%ba-%d0%b8%d0%bb%d0%b8%d1%8f/whatsapp:/send HTTP/1.1" 404 15247 "-" "Mozilla/5.0 AppleWebKit/537.36 (KHTML, like Gecko; compatible; ClaudeBot/1.0; +claudebot@anthropic.com)"
2a02:c207:3018:3705::1 - - [05/Apr/2026:15:56:07 +0200] "GET /%D0%BF%D0%BE%D1%87%D0%B8%D0%BD%D0%B0-%D0%B3%D0%BE%D0%BB%D0%B5%D0%BC%D0%B8%D1%8F%D1%82-%D0%B2%D0%B0%D1%80%D0%BD%D0%B5%D0%BD%D1%81%D0%BA%D0%B8-%D0%B6%D1%83%D1%80%D0%BD%D0%B0%D0%BB%D0%B8%D1%81%D1%82/ HTTP/1.1" 200 21346 "-" "Mozilla/5.0 (compatible; MJ12bot/v1.4.8; http://mj12bot.com/)"
2a02:c207:3018:3705::1 - - [05/Apr/2026:15:56:08 +0200] "GET /%D0%BF%D1%80%D0%B5%D0%B7-716-%D0%B3%D0%BE%D0%B4%D0%B8%D0%BD%D0%B0-%D0%B1%D1%8A%D0%BB%D0%B3%D0%B0%D1%80%D0%B8%D1%8F-%D1%81%D0%BF%D0%B0%D1%81%D1%8F%D0%B2%D0%B0-%D0%B5%D0%B2%D1%80%D0%BE%D0%BF%D0%B0/ HTTP/1.1" 200 24609 "-" "Mozilla/5.0 (compatible; MJ12bot/v1.4.8; http://mj12bot.com/)"
2a02:c207:3018:3705::1 - - [05/Apr/2026:15:56:10 +0200] "GET /%D0%BF%D1%80%D0%BE%D1%84%D0%B5%D1%81%D0%B8%D0%BE%D0%BD%D0%B0%D0%BB%D0%BD%D0%B0%D1%82%D0%B0-%D0%B3%D0%B8%D0%BC%D0%BD%D0%B0%D0%B7%D0%B8%D1%8F-%D0%BF%D0%BE-%D0%B7%D0%B5%D0%BC%D0%B5%D0%B4%D0%B5%D0%BB/ HTTP/1.1" 200 22701 "-" "Mozilla/5.0 (compatible; MJ12bot/v1.4.8; http://mj12bot.com/)"
2a02:c207:3018:3705::1 - - [05/Apr/2026:15:56:12 +0200] "GET /%D1%80%D0%BE%D0%B6%D0%B4%D0%B5%D0%BD-%D0%B4%D0%B5%D0%BD-%D0%BF%D1%80%D0%B0%D0%B7%D0%BD%D1%83%D0%B2%D0%B0-%D0%BA%D1%80%D0%B0%D1%81%D0%B8%D0%BC%D0%B8%D1%80-%D1%8F%D0%BD%D0%BA%D0%BE%D0%B2/ HTTP/1.1" 200 21667 "-" "Mozilla/5.0 (compatible; MJ12bot/v1.4.8; http://mj12bot.com/)"
2a02:c207:3018:3705::1 - - [05/Apr/2026:15:56:14 +0200] "GET /%D1%81%D0%B2%D0%B5%D1%82%D0%B8-%D0%BA%D0%BB%D0%B8%D0%BC%D0%B5%D0%BD%D1%82-%D0%BA%D0%BD%D0%B8%D0%B6%D0%BE%D0%B2%D0%BD%D0%B8%D0%BA%D1%8A%D1%82-%D0%BF%D0%BE%D1%81%D0%B2%D0%B5%D1%82%D0%B8%D0%BB/ HTTP/1.1" 200 23035 "-" "Mozilla/5.0 (compatible; MJ12bot/v1.4.8; http://mj12bot.com/)"
198.244.242.116 - - [05/Apr/2026:15:56:15 +0200] "GET /%D1%81%D1%80%D1%8A%D0%B1%D1%81%D0%BA%D0%BE-%D0%B1%D1%8A%D0%BB%D0%B3%D0%B0%D1%80%D1%81%D0%BA%D0%B0%D1%82%D0%B0-%D0%B2%D0%BE%D0%B9%D0%BD%D0%B0-%D0%BF%D1%80%D0%B5%D0%B7-%D0%BF%D0%BE%D0%B3%D0%BB%D0%B5/ HTTP/1.1" 200 24386 "-" "Mozilla/5.0 (compatible; AhrefsBot/7.0; +http://ahrefs.com/robot/)"
2a02:c207:3018:3705::1 - - [05/Apr/2026:15:56:16 +0200] "GET /%D1%81%D0%B2%D0%B5%D1%82%D0%B8-%D0%BA%D0%BB%D0%B8%D0%BC%D0%B5%D0%BD%D1%82-%D0%BA%D0%BD%D0%B8%D0%B6%D0%BE%D0%B2%D0%BD%D0%B8%D0%BA%D1%8A%D1%82-%D0%BF%D0%BE%D1%81%D0%B2%D0%B5%D1%82%D0%B8%D0%BB/feed/ HTTP/1.1" 200 612 "-" "Mozilla/5.0 (compatible; MJ12bot/v1.4.8; http://mj12bot.com/)"
161.97.137.93 - - [05/Apr/2026:15:56:18 +0200] "POST /wp-cron.php?doing_wp_cron=1775397378.4648079872131347656250 HTTP/1.1" 404 15248 "https://patrioti.net/wp-cron.php?doing_wp_cron=1775397378.4648079872131347656250" "WordPress/4.9.26; https://patrioti.net"
2a02:c207:3018:3705::1 - - [05/Apr/2026:15:56:19 +0200] "GET /%D1%81%D0%B2%D0%B5%D1%82%D0%BB%D0%BE%D0%B7%D0%B0%D1%80-%D0%BC%D0%B8%D0%BD%D0%BE%D0%B2%D1%82%D1%8A%D1%80%D1%81%D1%8F%D1%82-%D1%81%D0%B5-%D0%B0%D0%BF%D0%BE%D1%81%D1%82%D0%BE%D0%BB%D0%B8/ HTTP/1.1" 200 24617 "-" "Mozilla/5.0 (compatible; MJ12bot/v1.4.8; http://mj12bot.com/)"
198.244.226.127 - - [05/Apr/2026:15:56:19 +0200] "GET /wp-content/plugins/quick-adsense/?C=D;O=A HTTP/1.1" 200 389 "-" "Mozilla/5.0 (compatible; AhrefsBot/7.0; +http://ahrefs.com/robot/)"
2a02:c207:3018:3705::1 - - [05/Apr/2026:15:56:20 +0200] "GET /%D1%81%D0%B2%D0%B8%D0%B4%D0%B5%D1%82%D0%B5%D0%BB%D1%81%D1%82%D0%B2%D0%B0%D1%82%D0%B0-%D0%BD%D0%B0-%D0%B4%D0%B0%D1%81%D0%BA%D0%B0%D0%BB-%D0%BF%D0%B5%D1%82%D1%8A%D1%80-%D0%B8%D0%B2%D0%B0%D0%BD%D0%BE/ HTTP/1.1" 200 23140 "-" "Mozilla/5.0 (compatible; MJ12bot/v1.4.8; http://mj12bot.com/)"
2a02:c207:3018:3705::1 - - [05/Apr/2026:15:56:22 +0200] "GET /%D1%81%D0%B2-%D1%81%D1%82%D0%B5%D1%84%D0%B0%D0%BD-%D0%BF%D1%8A%D1%80%D0%B2%D0%B8%D1%8F%D1%82-%D0%BC%D1%8A%D1%87%D0%B5%D0%BD%D0%B8%D0%BA-%D0%BD%D0%B0-%D1%86%D1%8A%D1%80%D0%BA%D0%B2%D0%B0%D1%82%D0%B0/ HTTP/1.1" 200 27342 "-" "Mozilla/5.0 (compatible; MJ12bot/v1.4.8; http://mj12bot.com/)"
46.250.173.189 - - [05/Apr/2026:15:56:23 +0200] "GET /tag/%d1%85%d1%80%d0%b8%d1%81%d1%82%d0%be-%d0%b1%d0%be%d1%82%d0%b5%d0%b2/page/9/ HTTP/1.1" 200 17149 "-" "Mozilla/5.0 (Macintosh; Intel Mac OS X 10_15_7) AppleWebKit/537.36 (KHTML, like Gecko) Chrome/144.0.0.0 Safari/537.36"
2a02:c207:3018:3705::1 - - [05/Apr/2026:15:56:24 +0200] "GET /%D1%81%D0%B2-%D1%81%D1%82%D0%B5%D1%84%D0%B0%D0%BD-%D0%BF%D1%8A%D1%80%D0%B2%D0%B8%D1%8F%D1%82-%D0%BC%D1%8A%D1%87%D0%B5%D0%BD%D0%B8%D0%BA-%D0%BD%D0%B0-%D1%86%D1%8A%D1%80%D0%BA%D0%B2%D0%B0%D1%82%D0%B0/feed/ HTTP/1.1" 200 607 "-" "Mozilla/5.0 (compatible; MJ12bot/v1.4.8; http://mj12bot.com/)"
2a02:c207:3018:3705::1 - - [05/Apr/2026:15:56:26 +0200] "GET /%D1%81%D0%B8%D0%BC%D0%B2%D0%BE%D0%BB%D1%8A%D1%82-%D0%BD%D0%B0-%D1%81%D0%B5%D0%B2%D0%BB%D0%B8%D0%B5%D0%B2%D0%BE/feed/ HTTP/1.1" 200 516 "-" "Mozilla/5.0 (compatible; MJ12bot/v1.4.8; http://mj12bot.com/)"
2a02:c207:3018:3705::1 - - [05/Apr/2026:15:56:29 +0200] "GET /%D1%81%D0%BF%D0%B0%D1%81%D1%8F%D0%B2%D0%B0%D0%BD%D0%B5%D1%82%D0%BE-%D0%BD%D0%B0-%D1%87%D0%B5%D1%82%D0%BD%D0%B8%D0%BA-%D1%81%D0%B8%D0%BC%D0%BE-%D1%80%D0%B0%D0%B4%D0%BA%D0%BE%D0%B2/ HTTP/1.1" 200 22981 "-" "Mozilla/5.0 (compatible; MJ12bot/v1.4.8; http://mj12bot.com/)"
2a02:c207:3018:3705::1 - - [05/Apr/2026:15:56:31 +0200] "GET /%D1%81%D1%80%D0%B5%D0%B4%D0%BD%D0%BE%D0%B2%D0%B5%D0%BA%D0%BE%D0%B2%D0%BD%D0%B0%D1%82%D0%B0-%D0%B1%D0%B0%D1%88%D0%BE%D0%B2%D0%B8%D1%88%D0%BA%D0%B0-%D1%86%D1%8A%D1%80%D0%BA%D0%B2%D0%B0-%D0%B2-%D1%81/ HTTP/1.1" 200 21585 "-" "Mozilla/5.0 (compatible; MJ12bot/v1.4.8; http://mj12bot.com/)"
2a02:c207:3018:3705::1 - - [05/Apr/2026:15:56:33 +0200] "GET /%D1%81%D1%82%D1%8A%D0%BF%D0%BA%D0%B0%D1%82%D0%B0-%D0%BD%D0%B0-%D0%B1%D0%BE%D0%B3%D0%BE%D1%80%D0%BE%D0%B4%D0%B8%D1%86%D0%B0-%D0%B2-%D1%81%D0%B5%D0%BB%D0%BE-%D0%BC%D0%B8%D0%BD%D0%B5%D1%80%D0%B0%D0%BB/ HTTP/1.1" 200 21999 "-" "Mozilla/5.0 (compatible; MJ12bot/v1.4.8; http://mj12bot.com/)"
2a02:c207:3018:3705::1 - - [05/Apr/2026:15:56:34 +0200] "GET /%D1%81%D1%8A%D0%B1%D0%B0-%D0%B2%D0%B0%D0%B7%D0%BE%D0%B2%D0%B0-%D0%B7%D0%B0-%D1%81%D1%82%D1%80%D0%B0%D1%88%D0%BD%D0%BE%D1%82%D0%BE-%D0%BB%D1%8F%D1%82%D0%BE-%D0%BD%D0%B0-1877-%D1%81%D0%BE%D0%BF%D0%BE/ HTTP/1.1" 200 24767 "-" "Mozilla/5.0 (compatible; MJ12bot/v1.4.8; http://mj12bot.com/)"
2a02:c207:3018:3705::1 - - [05/Apr/2026:15:56:37 +0200] "GET /%D1%81%D1%8A%D0%B2%D1%80%D0%B5%D0%BC%D0%B5%D0%BD%D0%BD%D0%B8-%D0%B1%D1%8A%D0%BB%D0%B3%D0%B0%D1%80%D1%81%D0%BA%D0%B8-%D1%85%D1%83%D0%B4%D0%BE%D0%B6%D0%BD%D0%B8%D1%86%D0%B8-%D0%BD%D0%B8%D0%BA%D0%BE/ HTTP/1.1" 200 21453 "-" "Mozilla/5.0 (compatible; MJ12bot/v1.4.8; http://mj12bot.com/)"
2a02:c207:3018:3705::1 - - [05/Apr/2026:15:56:39 +0200] "GET /%D1%81%D1%8A%D0%BA%D1%80%D0%BE%D0%B2%D0%B8%D1%89%D0%B5%D1%82%D0%BE-%D0%BD%D0%B0-%D0%BA%D1%80%D0%B5%D0%BF%D0%BE%D1%81%D1%82%D1%82%D0%B0-%D1%83%D1%80%D0%B2%D0%B8%D1%87/ HTTP/1.1" 200 23222 "-" "Mozilla/5.0 (compatible; MJ12bot/v1.4.8; http://mj12bot.com/)"
51.89.129.11 - - [05/Apr/2026:15:56:39 +0200] "GET /tag/%D0%B1%D1%8A%D0%BB%D0%B3%D0%B0%D1%80%D0%B8%D1%8F/page/240/ HTTP/1.1" 200 17139 "-" "Mozilla/5.0 (compatible; AhrefsBot/7.0; +http://ahrefs.com/robot/)"
2a02:c207:3018:3705::1 - - [05/Apr/2026:15:56:40 +0200] "GET /%D1%82%D0%B5%D0%BE%D0%B4%D0%BE%D1%80-%D1%81%D1%82%D1%83%D0%B4%D0%B8%D1%82-%D0%B8%D0%B7%D0%BF%D0%BE%D0%B2%D0%B5%D0%B4%D0%BD%D0%B8%D0%BA-%D0%BF%D1%80%D0%B5%D0%B4%D1%83%D0%BF%D1%80%D0%B5%D0%B4%D0%B8/ HTTP/1.1" 200 22483 "-" "Mozilla/5.0 (compatible; MJ12bot/v1.4.8; http://mj12bot.com/)"
216.73.216.22 - - [05/Apr/2026:15:56:42 +0200] "GET /tag/%d0%b1%d1%8a%d0%bb%d0%b3%d0%b0%d1%80%d0%b8%d1%82%d0%b5/page/22 HTTP/1.1" 301 0 "-" "Mozilla/5.0 AppleWebKit/537.36 (KHTML, like Gecko; compatible; ClaudeBot/1.0; +claudebot@anthropic.com)"
216.73.216.22 - - [05/Apr/2026:15:56:42 +0200] "GET /tag/%d0%b1%d1%8a%d0%bb%d0%b3%d0%b0%d1%80%d0%b8%d1%82%d0%b5/page/22/ HTTP/1.1" 200 16842 "https://patrioti.net/tag/%d0%b1%d1%8a%d0%bb%d0%b3%d0%b0%d1%80%d0%b8%d1%82%d0%b5/page/22" "Mozilla/5.0 AppleWebKit/537.36 (KHTML, like Gecko; compatible; ClaudeBot/1.0; +claudebot@anthropic.com)"
2a02:c207:3018:3705::1 - - [05/Apr/2026:15:56:42 +0200] "GET /%D1%82%D0%B5%D0%BE%D0%B4%D0%BE%D1%80-%D1%81%D1%82%D1%83%D0%B4%D0%B8%D1%82-%D0%B8%D0%B7%D0%BF%D0%BE%D0%B2%D0%B5%D0%B4%D0%BD%D0%B8%D0%BA-%D0%BF%D1%80%D0%B5%D0%B4%D1%83%D0%BF%D1%80%D0%B5%D0%B4%D0%B8/feed/ HTTP/1.1" 200 628 "-" "Mozilla/5.0 (compatible; MJ12bot/v1.4.8; http://mj12bot.com/)"
2a02:c207:3018:3705::1 - - [05/Apr/2026:15:56:44 +0200] "GET /%D1%82%D1%80%D0%B0%D0%BA%D0%B8%D0%B9%D1%81%D0%BA%D0%B8%D1%82%D0%B5-%D0%B3%D1%80%D0%BE%D0%B1%D0%BD%D0%B8%D1%86%D0%B8-%D0%BA%D1%80%D0%B0%D0%B9-%D1%81%D0%B5%D0%BB%D0%BE-%D0%B8%D0%B2%D0%B0%D0%BD%D1%81/ HTTP/1.1" 200 20818 "-" "Mozilla/5.0 (compatible; MJ12bot/v1.4.8; http://mj12bot.com/)"
2a02:c207:3018:3705::1 - - [05/Apr/2026:15:56:46 +0200] "GET /%D1%82%D1%80%D0%B5%D1%82%D0%B8-%D0%BC%D0%B0%D1%80%D1%82-%D0%B4%D0%B5%D0%BD%D1%8F%D1%82-%D0%BD%D0%B0-%D1%81%D0%B2%D0%BE%D0%B1%D0%BE%D0%B4%D0%B0%D1%82%D0%B0/ HTTP/1.1" 200 22746 "-" "Mozilla/5.0 (compatible; MJ12bot/v1.4.8; http://mj12bot.com/)"
2a02:c207:3018:3705::1 - - [05/Apr/2026:15:56:48 +0200] "GET /%D1%85%D0%B0%D0%BD-%D0%BA%D1%80%D1%83%D0%BC-%D0%BD%D0%B0%D0%BF%D1%80%D0%B0%D0%B2%D0%B8%D0%BB-%D1%87%D0%B0%D1%88%D0%B0-%D0%BE%D1%82-%D1%87%D0%B5%D1%80%D0%B5%D0%BF-%D0%BA%D0%B0%D1%82%D0%BE-%D1%81%D0%B8/ HTTP/1.1" 200 21578 "-" "Mozilla/5.0 (compatible; MJ12bot/v1.4.8; http://mj12bot.com/)"
2a02:c207:3018:3705::1 - - [05/Apr/2026:15:56:49 +0200] "GET /%D1%85%D0%B0%D0%BD-%D1%82%D0%B5%D1%80%D0%B2%D0%B5%D0%BB-%D0%BF%D0%BE%D1%81%D1%80%D0%B5%D1%89%D0%B0-%D0%BF%D1%8A%D1%80%D0%B2%D0%B8%D1%82%D0%B5-%D0%B8%D1%81%D0%BB%D1%8F%D0%BC%D1%81%D0%BA%D0%B8-%D0%B1/ HTTP/1.1" 200 23336 "-" "Mozilla/5.0 (compatible; MJ12bot/v1.4.8; http://mj12bot.com/)"
2a02:c207:3018:3705::1 - - [05/Apr/2026:15:56:51 +0200] "GET /%D1%85%D0%B0%D0%BD-%D1%82%D0%B5%D1%80%D0%B2%D0%B5%D0%BB-%D0%BF%D0%BE%D1%81%D1%80%D0%B5%D1%89%D0%B0-%D0%BF%D1%8A%D1%80%D0%B2%D0%B8%D1%82%D0%B5-%D0%B8%D1%81%D0%BB%D1%8F%D0%BC%D1%81%D0%BA%D0%B8-%D0%B1/feed/ HTTP/1.1" 200 603 "-" "Mozilla/5.0 (compatible; MJ12bot/v1.4.8; http://mj12bot.com/)"
2a02:c207:3018:3705::1 - - [05/Apr/2026:15:56:53 +0200] "GET /%D1%86%D0%B2%D0%B5%D1%82%D0%BD%D0%B8%D1%86%D0%B0-%D0%B5/ HTTP/1.1" 200 21637 "-" "Mozilla/5.0 (compatible; MJ12bot/v1.4.8; http://mj12bot.com/)"
2a02:c207:3018:3705::1 - - [05/Apr/2026:15:56:55 +0200] "GET /%D1%86%D0%B2%D0%B5%D1%82%D0%BD%D0%B8%D1%86%D0%B0-%D0%B5/feed/ HTTP/1.1" 200 469 "-" "Mozilla/5.0 (compatible; MJ12bot/v1.4.8; http://mj12bot.com/)"
2a02:c207:3018:3705::1 - - [05/Apr/2026:15:56:57 +0200] "GET /%D1%87%D0%B5%D1%81%D1%82%D0%B2%D0%B0%D0%BC%D0%B5-%D1%80%D0%BE%D0%B6%D0%B4%D0%B5%D0%BD%D0%B8%D0%B5%D1%82%D0%BE-%D0%B0%D0%BF%D0%BE%D1%81%D1%82%D0%BE%D0%BB%D0%B0-%D1%81%D0%B2/ HTTP/1.1" 200 22251 "-" "Mozilla/5.0 (compatible; MJ12bot/v1.4.8; http://mj12bot.com/)"
2a02:c207:3018:3705::1 - - [05/Apr/2026:15:56:59 +0200] "GET /%D1%87%D0%B5%D1%81%D1%82%D0%B2%D0%B0%D0%BC%D0%B5-%D1%80%D0%BE%D0%B6%D0%B4%D0%B5%D0%BD%D0%B8%D0%B5%D1%82%D0%BE-%D0%B0%D0%BF%D0%BE%D1%81%D1%82%D0%BE%D0%BB%D0%B0-%D1%81%D0%B2/feed/ HTTP/1.1" 200 602 "-" "Mozilla/5.0 (compatible; MJ12bot/v1.4.8; http://mj12bot.com/)"
2a02:c207:3018:3705::1 - - [05/Apr/2026:15:57:00 +0200] "GET /%D1%87%D1%83%D0%B4%D0%BE%D1%82%D0%B2%D0%BE%D1%80%D0%BD%D0%B0%D1%82%D0%B0-%D0%B8%D0%BA%D0%BE%D0%BD%D0%B0-%D0%BD%D0%B0-%D1%81%D0%B2-%D0%BD%D0%B8%D0%BA%D0%BE%D0%BB%D0%B0%D0%B9-%D1%87%D1%83%D0%B4%D0%BE/ HTTP/1.1" 200 20757 "-" "Mozilla/5.0 (compatible; MJ12bot/v1.4.8; http://mj12bot.com/)"
2a02:c207:3018:3705::1 - - [05/Apr/2026:15:57:02 +0200] "GET /%D1%87%D1%83%D1%87%D1%83%D0%BB-%D0%BA%D0%B0%D0%BC%D1%8A%D0%BA-%D0%B5%D0%B4%D0%B8%D0%BD%D1%81%D1%82%D0%B2%D0%B5%D0%BD%D0%B8%D1%8F%D1%82-%D0%BC%D0%B5%D0%BD%D1%85%D0%B8%D1%80-%D0%B2-%D0%B1%D1%8A%D0%BB/ HTTP/1.1" 200 21177 "-" "Mozilla/5.0 (compatible; MJ12bot/v1.4.8; http://mj12bot.com/)"
51.195.244.170 - - [05/Apr/2026:15:57:03 +0200] "GET /tag/%D0%B8%D1%81%D1%82%D0%BE%D1%80%D0%B8%D1%8F%D1%82%D0%B0-%D0%B1%D1%8A%D0%BB%D0%B3%D0%B0%D1%80%D1%81%D0%BA%D0%B0-%D0%BF%D0%BE%D0%BC%D0%BD%D0%B5%D1%82%D0%B5-%D0%B8%D1%81%D1%82%D0%BE%D1%80%D0%B8%D1%8F/ HTTP/1.1" 200 17411 "-" "Mozilla/5.0 (compatible; AhrefsBot/7.0; +http://ahrefs.com/robot/)"
2a02:c207:3018:3705::1 - - [05/Apr/2026:15:57:04 +0200] "GET /%D1%88%D0%B8%D1%88%D0%BC%D0%B0%D0%BD%D0%BE%D0%B2%D1%81%D0%BA%D0%B8%D1%8F%D1%82-%D0%BC%D0%B0%D0%BD%D0%B0%D1%81%D1%82%D0%B8%D1%80-%D1%83%D1%81%D0%BF%D0%B5%D0%BD%D0%B8%D0%B5-%D0%B1%D0%BE%D0%B3/ HTTP/1.1" 200 20932 "-" "Mozilla/5.0 (compatible; MJ12bot/v1.4.8; http://mj12bot.com/)"
159.203.25.209 - - [05/Apr/2026:15:57:04 +0200] "POST /wp-login.php HTTP/1.1" 200 1562 "-" "Mozilla/5.0"
159.203.25.209 - - [05/Apr/2026:15:57:04 +0200] "POST /wp-login.php HTTP/1.1" 200 1555 "-" "Mozilla/5.0"
159.203.25.209 - - [05/Apr/2026:15:57:04 +0200] "POST /wp-login.php HTTP/1.1" 200 1561 "-" "Mozilla/5.0"
159.203.25.209 - - [05/Apr/2026:15:57:04 +0200] "POST /wp-login.php HTTP/1.1" 200 1548 "-" "Mozilla/5.0"
159.203.25.209 - - [05/Apr/2026:15:57:04 +0200] "POST /wp-login.php HTTP/1.1" 200 1559 "-" "Mozilla/5.0"
159.203.25.209 - - [05/Apr/2026:15:57:04 +0200] "POST /wp-login.php HTTP/1.1" 200 1554 "-" "Mozilla/5.0"
159.203.25.209 - - [05/Apr/2026:15:57:04 +0200] "POST /wp-login.php HTTP/1.1" 200 1561 "-" "Mozilla/5.0"
159.203.25.209 - - [05/Apr/2026:15:57:04 +0200] "POST /wp-login.php HTTP/1.1" 200 1555 "-" "Mozilla/5.0"
159.203.25.209 - - [05/Apr/2026:15:57:04 +0200] "POST /wp-login.php HTTP/1.1" 200 1557 "-" "Mozilla/5.0"
159.203.25.209 - - [05/Apr/2026:15:57:04 +0200] "POST /wp-login.php HTTP/1.1" 200 1562 "-" "Mozilla/5.0"
159.203.25.209 - - [05/Apr/2026:15:57:04 +0200] "POST /wp-login.php HTTP/1.1" 200 1560 "-" "Mozilla/5.0"
2a02:c207:3018:3705::1 - - [05/Apr/2026:15:57:05 +0200] "GET /11-%D0%BC%D0%B0%D0%B9-%D0%B5-%D1%81%D0%B2%D0%B5%D1%82%D0%BE%D0%B2%D0%B5%D0%BD-%D0%B4%D0%B5%D0%BD-%D0%BD%D0%B0-%D0%BC%D0%BE%D0%BB%D0%B8%D1%82%D0%B2%D0%B0%D1%82%D0%B0/ HTTP/1.1" 200 21046 "-" "Mozilla/5.0 (compatible; MJ12bot/v1.4.8; http://mj12bot.com/)"
216.73.216.22 - - [05/Apr/2026:15:57:06 +0200] "GET /%d0%b1%d0%bb%d0%b0%d0%b3%d0%be%d0%b4%d0%b5%d1%82%d0%b5%d0%bb%d1%8f%d1%82-%d0%be%d1%82-%d1%81%d0%b2%d0%b8%d1%89%d0%be%d0%b2 HTTP/1.1" 301 0 "-" "Mozilla/5.0 AppleWebKit/537.36 (KHTML, like Gecko; compatible; ClaudeBot/1.0; +claudebot@anthropic.com)"
216.73.216.22 - - [05/Apr/2026:15:57:06 +0200] "GET /%d0%b1%d0%bb%d0%b0%d0%b3%d0%be%d0%b4%d0%b5%d1%82%d0%b5%d0%bb%d1%8f%d1%82-%d0%be%d1%82-%d1%81%d0%b2%d0%b8%d1%89%d0%be%d0%b2/ HTTP/1.1" 200 21036 "https://patrioti.net/%d0%b1%d0%bb%d0%b0%d0%b3%d0%be%d0%b4%d0%b5%d1%82%d0%b5%d0%bb%d1%8f%d1%82-%d0%be%d1%82-%d1%81%d0%b2%d0%b8%d1%89%d0%be%d0%b2" "Mozilla/5.0 AppleWebKit/537.36 (KHTML, like Gecko; compatible; ClaudeBot/1.0; +claudebot@anthropic.com)"
2a02:c207:3018:3705::1 - - [05/Apr/2026:15:57:10 +0200] "GET /13-%D0%B3%D0%BE%D0%B4%D0%B8%D1%88%D0%BD%D0%B0-%D0%BF%D0%BB%D1%83%D0%B2%D0%BA%D0%B8%D0%BD%D1%8F-%D1%81%D0%BF%D0%B5%D1%87%D0%B5%D0%BB%D0%B8-42-%D0%BC%D0%B5%D0%B4%D0%B0%D0%BB%D0%B0-%D1%86%D1%8F/ HTTP/1.1" 200 22556 "-" "Mozilla/5.0 (compatible; MJ12bot/v1.4.8; http://mj12bot.com/)"
2a02:c207:3018:3705::1 - - [05/Apr/2026:15:57:12 +0200] "GET /20-%D0%B4%D0%B5%D0%BA%D0%B5%D0%BC%D0%B2%D1%80%D0%B8-1943-%D0%B3-%D0%B2%D1%82%D0%BE%D1%80%D0%B0-%D1%81%D0%B2%D0%B5%D1%82%D0%BE%D0%B2%D0%BD%D0%B0-%D0%B2%D0%BE%D0%B9%D0%BD%D0%B0-%D1%87%D0%B5/ HTTP/1.1" 200 22347 "-" "Mozilla/5.0 (compatible; MJ12bot/v1.4.8; http://mj12bot.com/)"
2a02:c207:3018:3705::1 - - [05/Apr/2026:15:57:14 +0200] "GET /20-%D0%B4%D0%B5%D0%BA%D0%B5%D0%BC%D0%B2%D1%80%D0%B8-1943-%D0%B3-%D0%B2%D1%82%D0%BE%D1%80%D0%B0-%D1%81%D0%B2%D0%B5%D1%82%D0%BE%D0%B2%D0%BD%D0%B0-%D0%B2%D0%BE%D0%B9%D0%BD%D0%B0-%D1%87%D0%B5/feed/ HTTP/1.1" 200 621 "-" "Mozilla/5.0 (compatible; MJ12bot/v1.4.8; http://mj12bot.com/)"
2a02:c207:3018:3705::1 - - [05/Apr/2026:15:57:15 +0200] "GET /24-%D0%BC%D0%B0%D0%B9-%D0%B7%D0%B0%D1%89%D0%BE-%D0%B5-%D0%B2%D0%B0%D0%B6%D0%BD%D0%BE-%D0%B4%D0%B5%D1%86%D0%B0%D1%82%D0%B0-%D0%BD%D0%B8-%D0%B4%D0%B0-%D1%81%D0%B5-%D0%B3%D0%BE%D1%80%D0%B4%D0%B5%D1%8F/ HTTP/1.1" 200 22256 "-" "Mozilla/5.0 (compatible; MJ12bot/v1.4.8; http://mj12bot.com/)"
2a02:c207:3018:3705::1 - - [05/Apr/2026:15:57:17 +0200] "GET /26-%D0%B0%D0%B2%D0%B3%D1%83%D1%81%D1%82-1944-%D0%B3-%D1%86%D0%B0%D1%80%D1%81%D1%82%D0%B2%D0%BE-%D0%B1%D1%8A%D0%BB%D0%B3%D0%B0%D1%80%D0%B8%D1%8F-%D0%BE%D0%B1%D1%8F%D0%B2%D1%8F%D0%B2%D0%B0-%D0%BD%D0%B5/ HTTP/1.1" 200 21560 "-" "Mozilla/5.0 (compatible; MJ12bot/v1.4.8; http://mj12bot.com/)"
161.97.137.93 - - [05/Apr/2026:15:57:19 +0200] "POST /wp-cron.php?doing_wp_cron=1775397438.7221930027008056640625 HTTP/1.1" 404 15246 "https://patrioti.net/wp-cron.php?doing_wp_cron=1775397438.7221930027008056640625" "WordPress/4.9.26; https://patrioti.net"
66.249.69.134 - - [05/Apr/2026:15:57:19 +0200] "GET /tag/patrioti/page/93/ HTTP/1.1" 200 16917 "-" "Mozilla/5.0 (Linux; Android 6.0.1; Nexus 5X Build/MMB29P) AppleWebKit/537.36 (KHTML, like Gecko) Chrome/146.0.7680.177 Mobile Safari/537.36 (compatible; GoogleOther)"
2a02:c207:3018:3705::1 - - [05/Apr/2026:15:57:19 +0200] "GET /6-%D0%BC%D0%B0%D0%B9-%D0%B5-%D0%B4%D0%B5%D0%BD-%D0%BD%D0%B0-%D1%85%D1%80%D0%B0%D0%B1%D1%80%D0%BE%D1%81%D1%82%D1%82%D0%B0-%D0%B8-%D0%BF%D1%80%D0%B0%D0%B7%D0%BD%D0%B8%D0%BA-%D0%BD%D0%B0-%D0%B1%D1%8A/ HTTP/1.1" 200 23832 "-" "Mozilla/5.0 (compatible; MJ12bot/v1.4.8; http://mj12bot.com/)"
2a02:c207:3018:3705::1 - - [05/Apr/2026:15:57:21 +0200] "GET /7-%D1%81%D0%B5%D0%BF%D1%82%D0%B5%D0%BC%D0%B2%D1%80%D0%B8-1964-%D0%B3-%D0%BE%D1%82%D0%B2%D0%B0%D1%80%D1%8F-%D0%B2%D1%80%D0%B0%D1%82%D0%B8-%D0%B0%D1%80%D1%85%D0%B8%D1%82%D0%B5%D0%BA%D1%82/ HTTP/1.1" 200 22782 "-" "Mozilla/5.0 (compatible; MJ12bot/v1.4.8; http://mj12bot.com/)"
2a02:c207:3018:3705::1 - - [05/Apr/2026:15:57:23 +0200] "GET /8-%D0%BC%D0%B5%D1%81%D1%82%D0%B0-%D0%BA%D1%80%D0%B0%D0%B9-%D0%BA%D1%8A%D1%80%D0%B4%D0%B6%D0%B0%D0%BB%D0%B8-%D0%BA%D0%BE%D0%B8%D1%82%D0%BE-%D1%81%D0%BF%D0%B8%D1%80%D0%B0%D1%82-%D0%B4%D1%8A%D1%85%D0%B0/ HTTP/1.1" 200 24551 "-" "Mozilla/5.0 (compatible; MJ12bot/v1.4.8; http://mj12bot.com/)"
2a02:c207:3018:3705::1 - - [05/Apr/2026:15:57:25 +0200] "GET /category/%D0%B2%D1%8F%D1%80%D0%B0/ HTTP/1.1" 200 19745 "-" "Mozilla/5.0 (compatible; MJ12bot/v1.4.8; http://mj12bot.com/)"
51.195.215.215 - - [05/Apr/2026:15:57:26 +0200] "GET /tag/patrioti-net-%D0%B3%D0%BE%D1%80%D0%B4%D0%B5%D0%B9%D1%82%D0%B5-%D1%81%D0%B5-%D0%B1%D1%8A%D0%BB%D0%B3%D0%B0%D1%80%D0%B8/page/110/ HTTP/1.1" 200 17195 "-" "Mozilla/5.0 (compatible; AhrefsBot/7.0; +http://ahrefs.com/robot/)"
2a02:c207:3018:3705::1 - - [05/Apr/2026:15:57:27 +0200] "GET /category/%D0%B2%D1%8F%D1%80%D0%B0/feed/ HTTP/1.1" 200 17550 "-" "Mozilla/5.0 (compatible; MJ12bot/v1.4.8; http://mj12bot.com/)"
2a02:c207:3018:3705::1 - - [05/Apr/2026:15:57:29 +0200] "GET /category/%D0%B3%D0%BE%D1%80%D0%B4%D0%B5%D0%B9-%D1%81%D0%B5-%D0%B1%D1%8A%D0%BB%D0%B3%D0%B0%D1%80%D0%B8%D0%BD%D0%BE/ HTTP/1.1" 200 20061 "-" "Mozilla/5.0 (compatible; MJ12bot/v1.4.8; http://mj12bot.com/)"
5.255.231.78 - - [05/Apr/2026:15:57:31 +0200] "GET /%D0%B8%D0%B2%D0%B0%D0%BD-%D0%B0%D1%81%D0%B5%D0%BD-ii-%D0%B2%D0%B5%D0%BB%D0%B8%D0%BA-%D0%B4%D1%8A%D1%80%D0%B6%D0%B0%D0%B2%D0%BD%D0%B8%D0%BA-%D0%B8-%D1%81%D1%82%D1%80%D0%BE%D0%B8%D1%82%D0%B5%D0%BB/ HTTP/1.1" 200 22491 "-" "Mozilla/5.0 (compatible; YandexBot/3.0; +http://yandex.com/bots)"
2a02:c207:3018:3705::1 - - [05/Apr/2026:15:57:31 +0200] "GET /category/%D0%B3%D0%BE%D1%80%D0%B4%D0%B5%D0%B9-%D1%81%D0%B5-%D0%B1%D1%8A%D0%BB%D0%B3%D0%B0%D1%80%D0%B8%D0%BD%D0%BE/feed/ HTTP/1.1" 200 26917 "-" "Mozilla/5.0 (compatible; MJ12bot/v1.4.8; http://mj12bot.com/)"
66.116.226.103 - - [05/Apr/2026:15:57:37 +0200] "GET /wp-login.php HTTP/1.1" 200 1168 "-" "Mozilla/5.0 (Macintosh; Intel Mac OS X 10_13_4) AppleWebKit/537.36 (KHTML, like Gecko) Chrome/66.0.3359.117 Safari/537.36"
66.116.226.103 - - [05/Apr/2026:15:57:38 +0200] "POST /wp-login.php HTTP/1.1" 200 1563 "https://patrioti.net/wp-login.php" "Mozilla/5.0 (Macintosh; Intel Mac OS X 10_13_4) AppleWebKit/537.36 (KHTML, like Gecko) Chrome/66.0.3359.117 Safari/537.36"
216.73.216.22 - - [05/Apr/2026:15:57:50 +0200] "GET /wp-content/themes/Newspaper/includes/wp_booster/wp-admin/panel/td_view_panel.php HTTP/1.1" 500 0 "-" "Mozilla/5.0 AppleWebKit/537.36 (KHTML, like Gecko; compatible; ClaudeBot/1.0; +claudebot@anthropic.com)"
216.73.216.22 - - [05/Apr/2026:15:57:50 +0200] "GET /category/%D0%BD%D0%B0-%D1%82%D0%BE%D0%B7%D0%B8-%D0%B4%D0%B5%D0%BD/?filter_by=random_posts HTTP/1.1" 200 19710 "-" "Mozilla/5.0 AppleWebKit/537.36 (KHTML, like Gecko; compatible; ClaudeBot/1.0; +claudebot@anthropic.com)"
161.132.49.90 - - [05/Apr/2026:15:57:53 +0200] "GET /wp-login.php HTTP/1.1" 200 1168 "-" "Mozilla/4.0 (compatible; MSIE 7.0; Windows NT 6.2; Trident/7.0; .NET4.0C; .NET4.0E; .NET CLR 2.0.50727; .NET CLR 3.0.30729; .NET CLR 3.5.30729)"
161.132.49.90 - - [05/Apr/2026:15:57:55 +0200] "POST /wp-login.php HTTP/1.1" 200 1565 "https://patrioti.net/wp-login.php" "Mozilla/4.0 (compatible; MSIE 7.0; Windows NT 6.2; Trident/7.0; .NET4.0C; .NET4.0E; .NET CLR 2.0.50727; .NET CLR 3.0.30729; .NET CLR 3.5.30729)"
198.244.226.157 - - [05/Apr/2026:15:58:00 +0200] "GET /wp-content/cache/page_enhanced/patrioti.net/%D0%BD%D0%B0-%D0%B4%D0%BD%D0%B5%D1%88%D0%BD%D0%B0%D1%82%D0%B0-%D0%B4%D0%B0%D1%82%D0%B0-%D1%83%D0%BC%D0%B8%D1%80%D0%B0-%D0%BA%D0%BD%D1%8F%D0%B7-%D0%BD%D0%B8%D0%BA%D0%BE%D0%BB%D0%B0-%D0%B1%D0%BE%D0%B3/?C=D;O=A HTTP/1.1" 200 407 "-" "Mozilla/5.0 (compatible; AhrefsBot/7.0; +http://ahrefs.com/robot/)"
52.167.144.203 - - [05/Apr/2026:15:58:02 +0200] "GET /tag/%D0%BD%D0%B0-3-%D0%BD%D0%BE%D0%B5%D0%BC%D0%B2%D1%80%D0%B8-%D1%86%D1%8A%D1%80%D0%BA%D0%B2%D0%B0%D1%82%D0%B0-%D0%BF%D0%BE%D1%87%D0%B8%D1%82%D0%B0-%D1%81%D0%B2-%D0%BF%D0%B8%D0%BC%D0%B5%D0%BD-%D0%B7%D0%BE/ HTTP/1.1" 502 552 "-" "Mozilla/5.0 AppleWebKit/537.36 (KHTML, like Gecko; compatible; bingbot/2.0; +http://www.bing.com/bingbot.htm) Chrome/116.0.1938.76 Safari/537.36"
2a02:c207:3018:3705::1 - - [05/Apr/2026:15:58:08 +0200] "GET /category/%D0%B4%D0%B5%D0%BB%D0%B0/ HTTP/1.1" 200 19927 "-" "Mozilla/5.0 (compatible; MJ12bot/v1.4.8; http://mj12bot.com/)"
2a02:c207:3018:3705::1 - - [05/Apr/2026:15:58:10 +0200] "GET /category/%D0%B4%D0%B5%D0%BB%D0%B0/feed/ HTTP/1.1" 200 23464 "-" "Mozilla/5.0 (compatible; MJ12bot/v1.4.8; http://mj12bot.com/)"
2a02:c207:3018:3705::1 - - [05/Apr/2026:15:58:13 +0200] "GET /category/%D0%B8%D1%81%D1%82%D0%BE%D1%80%D0%B8%D1%87%D0%B5%D1%81%D0%BA%D0%B8-%D1%81%D1%8A%D0%B1%D0%B8%D1%82%D0%B8%D1%8F/ HTTP/1.1" 200 19801 "-" "Mozilla/5.0 (compatible; MJ12bot/v1.4.8; http://mj12bot.com/)"
2a02:c207:3018:3705::1 - - [05/Apr/2026:15:58:15 +0200] "GET /category/%D0%B8%D1%81%D1%82%D0%BE%D1%80%D0%B8%D1%87%D0%B5%D1%81%D0%BA%D0%B8-%D1%81%D1%8A%D0%B1%D0%B8%D1%82%D0%B8%D1%8F/feed/ HTTP/1.1" 200 24246 "-" "Mozilla/5.0 (compatible; MJ12bot/v1.4.8; http://mj12bot.com/)"
116.179.32.72 - - [05/Apr/2026:15:58:16 +0200] "GET /?p=25708 HTTP/1.1" 301 0 "-" "Mozilla/5.0 (compatible; Baiduspider/2.0; +http://www.baidu.com/search/spider.html)"
2a02:c207:3018:3705::1 - - [05/Apr/2026:15:58:17 +0200] "GET /category/%D0%BB%D0%B8%D1%87%D0%BD%D0%BE%D1%81%D1%82%D0%B8/ HTTP/1.1" 200 20100 "-" "Mozilla/5.0 (compatible; MJ12bot/v1.4.8; http://mj12bot.com/)"
116.179.32.133 - - [05/Apr/2026:15:58:18 +0200] "GET /%D0%B4%D0%BD%D0%B5%D1%81-%D0%B5-%D1%80%D0%BE%D0%B4%D0%B5%D0%BD-%D0%B1%D1%8A%D0%BB%D0%B3%D0%B0%D1%80%D1%81%D0%BA%D0%B8%D1%8F%D1%82-%D1%81%D0%BA%D1%83%D0%BB%D0%BF%D1%82%D0%BE%D1%80-%D0%B3%D0%B5%D0%BE/ HTTP/1.1" 200 21521 "-" "Mozilla/5.0 (compatible; Baiduspider/2.0; +http://www.baidu.com/search/spider.html)"
161.97.137.93 - - [05/Apr/2026:15:58:20 +0200] "POST /wp-cron.php?doing_wp_cron=1775397500.0585510730743408203125 HTTP/1.1" 404 15248 "https://patrioti.net/wp-cron.php?doing_wp_cron=1775397500.0585510730743408203125" "WordPress/4.9.26; https://patrioti.net"
2a02:c207:3018:3705::1 - - [05/Apr/2026:15:58:20 +0200] "GET /category/%D0%BB%D0%B8%D1%87%D0%BD%D0%BE%D1%81%D1%82%D0%B8/feed/ HTTP/1.1" 200 46610 "-" "Mozilla/5.0 (compatible; MJ12bot/v1.4.8; http://mj12bot.com/)"
116.179.37.20 - - [05/Apr/2026:15:58:22 +0200] "GET /wp-content/uploads/2019/01/Image_7186875_308_0-632x388.jpg HTTP/1.1" 200 36154 "https://patrioti.net/%D0%B4%D0%BD%D0%B5%D1%81-%D0%B5-%D1%80%D0%BE%D0%B4%D0%B5%D0%BD-%D0%B1%D1%8A%D0%BB%D0%B3%D0%B0%D1%80%D1%81%D0%BA%D0%B8%D1%8F%D1%82-%D1%81%D0%BA%D1%83%D0%BB%D0%BF%D1%82%D0%BE%D1%80-%D0%B3%D0%B5%D0%BE/" "Mozilla/5.0 (compatible; Baiduspider-render/2.0; +http://www.baidu.com/search/spider.html)"
2a02:c207:3018:3705::1 - - [05/Apr/2026:15:58:23 +0200] "GET /category/%D0%BC%D0%B0%D0%BD%D0%B0%D1%81%D1%82%D0%B8%D1%80%D0%B8/ HTTP/1.1" 200 19838 "-" "Mozilla/5.0 (compatible; MJ12bot/v1.4.8; http://mj12bot.com/)"
2a02:c207:3018:3705::1 - - [05/Apr/2026:15:58:25 +0200] "GET /category/%D0%BC%D0%B0%D0%BD%D0%B0%D1%81%D1%82%D0%B8%D1%80%D0%B8/feed/ HTTP/1.1" 200 24028 "-" "Mozilla/5.0 (compatible; MJ12bot/v1.4.8; http://mj12bot.com/)"
2a02:c207:3018:3705::1 - - [05/Apr/2026:15:58:26 +0200] "GET /category/%D0%BD%D0%B0-%D1%82%D0%BE%D0%B7%D0%B8-%D0%B4%D0%B5%D0%BD/ HTTP/1.1" 200 19579 "-" "Mozilla/5.0 (compatible; MJ12bot/v1.4.8; http://mj12bot.com/)"
85.208.96.206 - - [05/Apr/2026:15:58:28 +0200] "GET /%D0%BD%D0%B0-%D0%B4%D0%BD%D0%B5%D1%88%D0%BD%D0%B0%D1%82%D0%B0-%D0%B4%D0%B0%D1%82%D0%B0-%D1%83%D0%BC%D0%B8%D1%80%D0%B0-%D0%B1%D1%8A%D0%BB%D0%B3%D0%B0%D1%80%D1%81%D0%BA%D0%B8%D1%8F%D1%82-%D1%81%D1%8A/ HTTP/1.1" 200 20787 "-" "Mozilla/5.0 (compatible; SemrushBot/7~bl; +http://www.semrush.com/bot.html)"
2a02:c207:3018:3705::1 - - [05/Apr/2026:15:58:29 +0200] "GET /category/%D0%BD%D0%B0-%D1%82%D0%BE%D0%B7%D0%B8-%D0%B4%D0%B5%D0%BD/feed/ HTTP/1.1" 200 18192 "-" "Mozilla/5.0 (compatible; MJ12bot/v1.4.8; http://mj12bot.com/)"
2a02:c207:3018:3705::1 - - [05/Apr/2026:15:58:31 +0200] "GET /category/%D0%BF%D0%B0%D0%BC%D0%B5%D1%82%D0%BD%D0%B8%D1%86%D0%B8/ HTTP/1.1" 200 19806 "-" "Mozilla/5.0 (compatible; MJ12bot/v1.4.8; http://mj12bot.com/)"
2a02:c207:3018:3705::1 - - [05/Apr/2026:15:58:33 +0200] "GET /category/%D0%BF%D0%B0%D0%BC%D0%B5%D1%82%D0%BD%D0%B8%D1%86%D0%B8/feed/ HTTP/1.1" 200 19606 "-" "Mozilla/5.0 (compatible; MJ12bot/v1.4.8; http://mj12bot.com/)"
216.73.216.22 - - [05/Apr/2026:15:58:33 +0200] "GET /wp-content/themes/Newspaper/includes/demos/sound_radar/td_media_1.php HTTP/1.1" 500 0 "-" "Mozilla/5.0 AppleWebKit/537.36 (KHTML, like Gecko; compatible; ClaudeBot/1.0; +claudebot@anthropic.com)"
2a02:c207:3018:3705::1 - - [05/Apr/2026:15:58:35 +0200] "GET /category/%D1%86%D1%8A%D1%80%D0%BA%D0%BE%D0%B2%D0%B5%D0%BD-%D0%BA%D0%B0%D0%BB%D0%B5%D0%BD%D0%B4%D0%B0%D1%80/ HTTP/1.1" 200 19250 "-" "Mozilla/5.0 (compatible; MJ12bot/v1.4.8; http://mj12bot.com/)"
2a02:c207:3018:3705::1 - - [05/Apr/2026:15:58:37 +0200] "GET /category/%D1%86%D1%8A%D1%80%D0%BA%D0%BE%D0%B2%D0%B5%D0%BD-%D0%BA%D0%B0%D0%BB%D0%B5%D0%BD%D0%B4%D0%B0%D1%80/feed/ HTTP/1.1" 200 26650 "-" "Mozilla/5.0 (compatible; MJ12bot/v1.4.8; http://mj12bot.com/)"
45.145.138.10 - - [05/Apr/2026:15:58:39 +0200] "GET /%D0%BD%D0%B0-26-%D0%BD%D0%BE%D0%B5%D0%BC%D0%B2%D1%80%D0%B8-1956-%D0%B3-%D0%B5-%D0%BF%D1%80%D0%B5%D0%BC%D0%B8%D0%B5%D1%80%D0%B0%D1%82%D0%B0-%D0%BD%D0%B0-%D0%BF%D1%8A%D1%80%D0%B2%D0%B8%D1%8F-%D0%B1/ HTTP/1.1" 200 21405 "-" "Mozilla/5.0 (Macintosh; Intel Mac OS X 10_15_7) AppleWebKit/537.36 (KHTML, like Gecko) Chrome/143.0.0.0 Safari/537.36"
51.195.215.255 - - [05/Apr/2026:15:58:39 +0200] "GET /wp-content/plugins/td-composer/plugins/css-live/assets/external/ace_old/?C=S;O=A HTTP/1.1" 200 480 "-" "Mozilla/5.0 (compatible; AhrefsBot/7.0; +http://ahrefs.com/robot/)"
2a02:c207:3018:3705::1 - - [05/Apr/2026:15:58:40 +0200] "GET /ix-x-%D0%B2%D0%B5%D0%BA-%D0%B7%D0%BB%D0%B0%D1%82%D0%B5%D0%BD-%D0%B2%D0%B5%D0%BA-%D0%BD%D0%B0-%D0%B1%D1%8A%D0%BB%D0%B3%D0%B0%D1%80%D1%81%D0%BA%D0%B0%D1%82%D0%B0-%D0%BA%D0%BD%D0%B8%D0%B6%D0%BD%D0%B8/ HTTP/1.1" 200 22111 "-" "Mozilla/5.0 (compatible; MJ12bot/v1.4.8; http://mj12bot.com/)"
2a02:c207:3018:3705::1 - - [05/Apr/2026:15:58:44 +0200] "GET /%D0%B1%D1%8A%D0%BB%D0%B3%D0%B0%D1%80%D0%B8%D1%8F-%D0%BD%D0%B5-%D0%B5-%D1%81%D1%8A%D0%B7%D0%B4%D0%B0%D0%B4%D0%B5%D0%BD%D0%B0-%D0%BF%D1%80%D0%B5%D0%B7-681-%D0%B3/ HTTP/1.1" 200 32974 "-" "Mozilla/5.0 (compatible; MJ12bot/v1.4.8; http://mj12bot.com/)"
2a02:c207:3018:3705::1 - - [05/Apr/2026:15:58:46 +0200] "GET /%D0%B1%D1%8A%D0%BB%D0%B3%D0%B0%D1%80%D0%BA%D0%B0%D1%82%D0%B0-%D0%B5%D0%BB%D0%B5%D0%BD%D0%B0-%D0%BD%D0%B8%D0%BA%D0%BE%D0%BB%D0%B0%D0%B9-%D0%B5-%D0%BD%D0%B0%D0%B9-%D0%B2%D0%B5%D0%BB%D0%B8%D0%BA%D0%BE/ HTTP/1.1" 200 28978 "-" "Mozilla/5.0 (compatible; MJ12bot/v1.4.8; http://mj12bot.com/)"
2a02:c207:3018:3705::1 - - [05/Apr/2026:15:58:48 +0200] "GET /%D0%B2%D0%B0%D1%81%D0%B8%D0%BB-%D0%BB%D0%B5%D0%B2%D1%81%D0%BA%D0%B8-%D0%B2%D1%81%D0%B5%D0%BA%D0%B8%D0%BC%D1%83-%D1%89%D0%B5-%D1%81%D0%B5-%D0%B4%D1%8A%D1%80%D0%B6%D0%B8-%D1%81%D0%BC%D0%B5%D1%82%D0%BA/ HTTP/1.1" 200 23417 "-" "Mozilla/5.0 (compatible; MJ12bot/v1.4.8; http://mj12bot.com/)"
198.244.168.186 - - [05/Apr/2026:15:58:49 +0200] "GET /tag/%D0%BF%D0%B0%D1%82%D1%80%D0%B8%D0%BE%D1%82%D0%B8/page/63/ HTTP/1.1" 200 17106 "-" "Mozilla/5.0 (compatible; AhrefsBot/7.0; +http://ahrefs.com/robot/)"
2a02:c207:3018:3705::1 - - [05/Apr/2026:15:58:50 +0200] "GET /%D0%B2%D0%B5%D0%BD%D1%86%D0%B8%D1%81%D0%BB%D0%B0%D0%B2%D0%B0-%D0%B2%D0%B5%D0%BB%D0%B8%D0%BA%D0%BE%D0%B2%D0%B0-%D0%BF%D1%80%D0%B5%D1%81%D1%8A%D0%B7%D0%B4%D0%B0%D0%B2%D0%B0-%D0%B1%D1%8A%D0%BB%D0%B3/ HTTP/1.1" 200 21606 "-" "Mozilla/5.0 (compatible; MJ12bot/v1.4.8; http://mj12bot.com/)"
2a02:c207:3018:3705::1 - - [05/Apr/2026:15:58:52 +0200] "GET /%D0%B2%D0%BE%D0%B9%D0%BD%D1%81%D0%BA%D0%B8-%D1%81%D1%8A%D1%8E%D0%B7-%D0%B2%D0%B0%D1%81%D0%B8%D0%BB-%D0%BB%D0%B5%D0%B2%D1%81%D0%BA%D0%B8-%D0%B8-%D0%B1%D0%BD%D0%BE-%D1%88/ HTTP/1.1" 200 21559 "-" "Mozilla/5.0 (compatible; MJ12bot/v1.4.8; http://mj12bot.com/)"
2001:4860:7:1408::fd - - [05/Apr/2026:15:58:53 +0200] "GET /%D0%B4%D0%B8%D0%B2%D0%BE%D1%82%D0%B8%D0%BD%D1%81%D0%BA%D0%B8%D1%8F%D1%82-%D0%BC%D0%B0%D0%BD%D0%B0%D1%81%D1%82%D0%B8%D1%80-%D0%BF%D0%B0%D0%B7%D0%B8-%D1%87%D1%83%D0%B4%D0%BE%D1%82%D0%B2%D0%BE%D1%80/ HTTP/1.1" 200 22783 "https://www.google.com/" "Mozilla/5.0 (Linux; Android 10; K) AppleWebKit/537.36 (KHTML, like Gecko) Chrome/146.0.0.0 Mobile Safari/537.36"
2a02:c207:3018:3705::1 - - [05/Apr/2026:15:58:54 +0200] "GET /%D0%B2%D1%87%D0%B5%D1%80%D0%B0-%D1%81-%D0%B2%D1%8A%D0%B7%D1%80%D0%BE%D0%B6%D0%B4%D0%B5%D0%BD%D1%81%D0%BA%D0%B8-%D0%BF%D0%B5%D1%81%D0%BD%D0%B8-%D0%B8-%D0%BC%D0%BE%D0%BB%D0%B8%D1%82%D0%B2%D0%B0-%D1%80/ HTTP/1.1" 200 21374 "-" "Mozilla/5.0 (compatible; MJ12bot/v1.4.8; http://mj12bot.com/)"
2a02:c207:3018:3705::1 - - [05/Apr/2026:15:58:56 +0200] "GET /%D0%B2%D1%8A%D0%B7%D1%80%D0%BE%D0%B6%D0%B4%D0%B5%D0%BD%D1%81%D0%BA%D0%B0%D1%82%D0%B0-%D1%86%D1%8A%D1%80%D0%BA%D0%B2%D0%B0-%D1%83%D1%81%D0%BF%D0%B5%D0%BD%D0%B8%D0%B5-%D0%B1%D0%BE%D0%B3%D0%BE/ HTTP/1.1" 200 23014 "-" "Mozilla/5.0 (compatible; MJ12bot/v1.4.8; http://mj12bot.com/)"
2a02:c207:3018:3705::1 - - [05/Apr/2026:15:58:58 +0200] "GET /%D0%B4%D0%BD%D0%B5%D1%81-14-%D1%82%D0%B8-%D1%84%D0%B5%D0%B2%D1%80%D1%83%D0%B0%D1%80%D0%B8-%D1%80%D0%BE%D0%B6%D0%B4%D0%B5%D0%BD-%D0%B4%D1%8F%D0%B4%D0%BE-%D0%B4%D0%BE%D0%B1%D1%80%D0%B8/ HTTP/1.1" 200 21583 "-" "Mozilla/5.0 (compatible; MJ12bot/v1.4.8; http://mj12bot.com/)"
2a02:c207:3018:3705::1 - - [05/Apr/2026:15:59:00 +0200] "GET /%D0%B4%D0%BD%D0%B5%D1%81-%D0%B5-%D1%80%D0%BE%D0%B4%D0%B5%D0%BD-%D0%B1%D1%8A%D0%BB%D0%B3%D0%B0%D1%80%D1%81%D0%BA%D0%B8%D1%8F%D1%82-%D0%B0%D0%BA%D1%82%D1%8C%D0%BE%D1%80-%D1%81%D1%82%D0%BE%D0%B9%D0%BA/ HTTP/1.1" 200 21691 "-" "Mozilla/5.0 (compatible; MJ12bot/v1.4.8; http://mj12bot.com/)"
2a02:c207:3018:3705::1 - - [05/Apr/2026:15:59:02 +0200] "GET /%D0%B4%D0%BD%D0%B5%D1%81-%D0%B5-%D1%80%D0%BE%D0%B4%D0%B5%D0%BD-%D0%B1%D1%8A%D0%BB%D0%B3%D0%B0%D1%80%D1%81%D0%BA%D0%B8%D1%8F%D1%82-%D1%85%D1%83%D0%B4%D0%BE%D0%B6%D0%BD%D0%B8%D0%BA-%D1%81%D0%B0%D1%88/ HTTP/1.1" 502 150 "-" "Mozilla/5.0 (compatible; MJ12bot/v1.4.8; http://mj12bot.com/)"
213.130.64.158 - - [05/Apr/2026:15:59:03 +0200] "GET /wp-content/uploads/2018/08/544e809f602d4.jpg HTTP/1.1" 502 552 "https://patrioti.net/%D0%B4%D0%B8%D0%B2%D0%BE%D1%82%D0%B8%D0%BD%D1%81%D0%BA%D0%B8%D1%8F%D1%82-%D0%BC%D0%B0%D0%BD%D0%B0%D1%81%D1%82%D0%B8%D1%80-%D0%BF%D0%B0%D0%B7%D0%B8-%D1%87%D1%83%D0%B4%D0%BE%D1%82%D0%B2%D0%BE%D1%80/" "Mozilla/5.0 (Linux; Android 10; K) AppleWebKit/537.36 (KHTML, like Gecko) Chrome/146.0.0.0 Mobile Safari/537.36"
213.130.64.158 - - [05/Apr/2026:15:59:03 +0200] "GET /wp-content/uploads/2018/11/IMGP1744-218x150.jpg HTTP/1.1" 502 552 "https://patrioti.net/%D0%B4%D0%B8%D0%B2%D0%BE%D1%82%D0%B8%D0%BD%D1%81%D0%BA%D0%B8%D1%8F%D1%82-%D0%BC%D0%B0%D0%BD%D0%B0%D1%81%D1%82%D0%B8%D1%80-%D0%BF%D0%B0%D0%B7%D0%B8-%D1%87%D1%83%D0%B4%D0%BE%D1%82%D0%B2%D0%BE%D1%80/" "Mozilla/5.0 (Linux; Android 10; K) AppleWebKit/537.36 (KHTML, like Gecko) Chrome/146.0.0.0 Mobile Safari/537.36"
213.130.64.158 - - [05/Apr/2026:15:59:03 +0200] "GET /wp-content/uploads/2018/09/2-218x150.jpg HTTP/1.1" 200 14629 "https://patrioti.net/%D0%B4%D0%B8%D0%B2%D0%BE%D1%82%D0%B8%D0%BD%D1%81%D0%BA%D0%B8%D1%8F%D1%82-%D0%BC%D0%B0%D0%BD%D0%B0%D1%81%D1%82%D0%B8%D1%80-%D0%BF%D0%B0%D0%B7%D0%B8-%D1%87%D1%83%D0%B4%D0%BE%D1%82%D0%B2%D0%BE%D1%80/" "Mozilla/5.0 (Linux; Android 10; K) AppleWebKit/537.36 (KHTML, like Gecko) Chrome/146.0.0.0 Mobile Safari/537.36"
2a02:c207:3018:3705::1 - - [05/Apr/2026:15:59:04 +0200] "GET /%D0%B4%D0%BD%D0%B5%D1%81-%D0%B5-%D1%82%D1%80%D0%B5%D1%82%D0%B8-%D0%BC%D0%B0%D1%80%D1%82-%D0%BD%D0%B0%D1%86%D0%B8%D0%BE%D0%BD%D0%B0%D0%BB%D0%BD%D0%B8%D1%8F%D1%82-%D0%BF%D1%80%D0%B0%D0%B7%D0%BD%D0%B8/ HTTP/1.1" 200 21426 "-" "Mozilla/5.0 (compatible; MJ12bot/v1.4.8; http://mj12bot.com/)"
213.130.64.158 - - [05/Apr/2026:15:59:05 +0200] "GET /wp-content/plugins/onesignal-free-web-push-notifications/sdk_files/manifest.json.php?gcm_sender_id= HTTP/1.1" 200 91 "https://patrioti.net/%D0%B4%D0%B8%D0%B2%D0%BE%D1%82%D0%B8%D0%BD%D1%81%D0%BA%D0%B8%D1%8F%D1%82-%D0%BC%D0%B0%D0%BD%D0%B0%D1%81%D1%82%D0%B8%D1%80-%D0%BF%D0%B0%D0%B7%D0%B8-%D1%87%D1%83%D0%B4%D0%BE%D1%82%D0%B2%D0%BE%D1%80/" "Mozilla/5.0 (Linux; Android 10; K) AppleWebKit/537.36 (KHTML, like Gecko) Chrome/146.0.0.0 Mobile Safari/537.36"
2a02:c207:3018:3705::1 - - [05/Apr/2026:15:59:06 +0200] "GET /%D0%B4%D0%BD%D0%B5%D1%81-%D1%81%D0%B8-%D1%81%D0%BF%D0%BE%D0%BC%D0%BD%D1%8F%D0%BC%D0%B5-%D0%B7%D0%B0-%D0%B0%D0%BA%D1%82%D1%80%D0%B8%D1%81%D0%B0%D1%82%D0%B0-%D1%81%D0%B5%D0%B2%D0%B5%D1%80%D0%B8%D0%BD/ HTTP/1.1" 200 21067 "-" "Mozilla/5.0 (compatible; MJ12bot/v1.4.8; http://mj12bot.com/)"
2a02:c207:3018:3705::1 - - [05/Apr/2026:15:59:10 +0200] "GET /%D0%B5%D0%B4%D0%B8%D0%BD-%D1%81%D1%82%D0%B0%D1%80-%D1%87%D0%B5%D1%82%D0%BD%D0%B8%D0%BA-%D1%80%D0%B0%D0%B7%D0%BA%D0%B0%D0%B7%D0%B2%D0%B0-%D0%B0%D0%B7-%D0%B6%D0%B5%D0%BB%D0%B0%D1%8F-%D0%B3/ HTTP/1.1" 200 23797 "-" "Mozilla/5.0 (compatible; MJ12bot/v1.4.8; http://mj12bot.com/)"
2a02:c207:3018:3705::1 - - [05/Apr/2026:15:59:14 +0200] "GET /%D0%B5%D0%B7%D0%B5%D1%80%D0%B0%D1%82%D0%B0-%D0%BD%D0%B0-%D1%80%D0%B8%D0%BB%D0%B0/ HTTP/1.1" 200 21729 "-" "Mozilla/5.0 (compatible; MJ12bot/v1.4.8; http://mj12bot.com/)"
2a02:c207:3018:3705::1 - - [05/Apr/2026:15:59:17 +0200] "GET /%D0%B8%D0%BB%D1%8C%D0%BE-%D0%B2%D0%BE%D0%B9%D0%B2%D0%BE%D0%B4%D0%B0-%D0%B8%D0%BB%D0%B8%D1%8F-%D0%BF%D0%BE%D0%BF%D0%B3%D0%B5%D0%BE%D1%80%D0%B3%D0%B8%D0%B5%D0%B2/ HTTP/1.1" 200 37495 "-" "Mozilla/5.0 (compatible; MJ12bot/v1.4.8; http://mj12bot.com/)"
161.97.137.93 - - [05/Apr/2026:15:59:21 +0200] "POST /wp-cron.php?doing_wp_cron=1775397561.5711719989776611328125 HTTP/1.1" 404 15246 "https://patrioti.net/wp-cron.php?doing_wp_cron=1775397561.5711719989776611328125" "WordPress/4.9.26; https://patrioti.net"
2a02:c207:3018:3705::1 - - [05/Apr/2026:15:59:22 +0200] "GET /%D0%BA%D0%B0%D0%BA-%D0%B1%D1%8A%D0%BB%D0%B3%D0%B0%D1%80%D0%B8%D1%82%D0%B5-%D0%BF%D1%80%D0%B5%D0%B4%D0%B8-1300-%D0%B3%D0%BE%D0%B4%D0%B8%D0%BD%D0%B8-%D1%83%D1%81%D0%BF%D1%8F%D1%85%D0%B0-%D0%B4%D0%B0/ HTTP/1.1" 200 25102 "-" "Mozilla/5.0 (compatible; MJ12bot/v1.4.8; http://mj12bot.com/)"
66.249.69.134 - - [05/Apr/2026:15:59:23 +0200] "GET /%D0%BD%D0%B0-25-%D1%8F%D0%BD%D1%83%D0%B0%D1%80%D0%B8-1902-%D0%B3-%D0%B5-%D1%80%D0%BE%D0%B4%D0%B5%D0%BD-%D0%B3%D0%B5%D0%BD-%D0%BF%D0%B5%D1%82%D1%8A%D1%80-%D0%BF%D0%B0%D0%BD%D1%87%D0%B5%D0%B2%D1%81/ HTTP/1.1" 200 21744 "-" "Mozilla/5.0 (Linux; Android 6.0.1; Nexus 5X Build/MMB29P) AppleWebKit/537.36 (KHTML, like Gecko) Chrome/146.0.7680.177 Mobile Safari/537.36 (compatible; Googlebot/2.1; +http://www.google.com/bot.html)"
