65.108.2.171 - - [05/Apr/2026:18:15:13 +0200] "GET /%D0%B1%D1%8A%D0%BB%D0%B3%D0%B0%D1%80%D0%B8%D1%8F-%D0%BD%D0%B5-%D0%B5-%D1%81%D1%8A%D0%B7%D0%B4%D0%B0%D0%B4%D0%B5%D0%BD%D0%B0-%D0%BF%D1%80%D0%B5%D0%B7-681-%D0%B3/ HTTP/1.1" 200 32975 "-" "Mozilla/5.0 (compatible; MJ12bot/v1.4.8; http://mj12bot.com/)"
198.244.183.230 - - [05/Apr/2026:18:15:22 +0200] "GET /%D0%B9%D0%BE%D1%80%D0%B4%D0%B0%D0%BD%D0%BA%D0%B0-%D1%84%D0%B8%D0%BB%D0%B0%D1%80%D0%B5%D1%82%D0%BE%D0%B2%D0%B0-%D0%B1%D0%BB%D0%B0%D0%B3%D0%BE%D0%B4%D0%B5%D1%82%D0%B5%D0%BB%D0%BA%D0%B0-%D0%B8/ HTTP/1.1" 200 22861 "-" "Mozilla/5.0 (compatible; AhrefsBot/7.0; +http://ahrefs.com/robot/)"
2a03:2880:32ff:7:: - - [05/Apr/2026:18:15:34 +0200] "GET /wp-content/uploads/2019/06/hans.png HTTP/1.1" 200 367678 "-" "facebookexternalhit/1.1 (+http://www.facebook.com/externalhit_uatext.php)"
161.97.137.93 - - [05/Apr/2026:18:15:58 +0200] "POST /wp-cron.php?doing_wp_cron=1775405758.3727591037750244140625 HTTP/1.1" 404 15247 "https://patrioti.net/wp-cron.php?doing_wp_cron=1775405758.3727591037750244140625" "WordPress/4.9.26; https://patrioti.net"
93.158.213.25 - - [05/Apr/2026:18:15:58 +0200] "GET /robots.txt HTTP/1.1" 200 66 "-" "Mozilla/5.0 (compatible; MJ12bot/v1.4.8; http://mj12bot.com/)"
40.77.167.48 - - [05/Apr/2026:18:15:59 +0200] "GET /%D0%B1%D1%8A%D0%BB%D0%B3%D0%B0%D1%80%D1%81%D0%BA%D0%B8%D1%82%D0%B5-%D1%84%D0%BE%D0%BB%D0%BA%D0%BB%D0%BE%D1%80%D0%B8%D1%81%D1%82%D0%B8-%D0%B1%D1%80%D0%B0%D1%82%D1%8F-%D0%BC%D0%B8%D0%BB%D0%B0/ HTTP/1.1" 200 22570 "-" "Mozilla/5.0 (iPhone; CPU iPhone OS 7_0 like Mac OS X) AppleWebKit/537.51.1 (KHTML, like Gecko) Version/7.0 Mobile/11A465 Safari/9537.53 (compatible; bingbot/2.0; +http://www.bing.com/bingbot.htm)"
85.208.96.198 - - [05/Apr/2026:18:16:02 +0200] "GET /tag/%D0%BF%D0%B0%D1%82%D1%80%D0%B8%D0%BE%D1%82%D0%B8-%D0%BD%D0%B0-%D0%B1%D1%8A%D0%BB%D0%B3%D0%B0%D1%80%D0%B8%D1%8F/page/202/ HTTP/1.1" 502 150 "-" "Mozilla/5.0 (compatible; SemrushBot/7~bl; +http://www.semrush.com/bot.html)"
52.167.144.24 - - [05/Apr/2026:18:16:05 +0200] "GET /wp-content/uploads/2019/06/Stoyan_djudjev.jpg HTTP/1.1" 200 170257 "-" "Mozilla/5.0 AppleWebKit/537.36 (KHTML, like Gecko; compatible; bingbot/2.0; +http://www.bing.com/bingbot.htm) Chrome/116.0.1938.76 Safari/537.36"
91.136.11.83 - - [05/Apr/2026:18:16:07 +0200] "GET /wp-login.php HTTP/1.1" 200 1168 "-" "Mozilla/5.0 (Windows NT 6.1; WOW64; Trident/7.0; MDDRJS; rv:11.0) like Gecko"
91.136.11.83 - - [05/Apr/2026:18:16:09 +0200] "POST /wp-login.php HTTP/1.1" 200 1554 "https://patrioti.net/wp-login.php" "Mozilla/5.0 (Windows NT 6.1; WOW64; Trident/7.0; MDDRJS; rv:11.0) like Gecko"
40.77.167.48 - - [05/Apr/2026:18:16:10 +0200] "GET /%D0%BD%D0%B0-%D0%B4%D0%BD%D0%B5%D1%88%D0%BD%D0%B0%D1%82%D0%B0-%D0%B4%D0%B0%D1%82%D0%B0-%D1%83%D0%BC%D0%B8%D1%80%D0%B0-%D0%B3%D0%B5%D0%BD-%D1%80%D0%B0%D1%87%D0%BE-%D0%BF%D0%B5%D1%82%D1%80%D0%BE%D0%B2/ HTTP/1.1" 200 25698 "-" "Mozilla/5.0 (iPhone; CPU iPhone OS 7_0 like Mac OS X) AppleWebKit/537.51.1 (KHTML, like Gecko) Version/7.0 Mobile/11A465 Safari/9537.53 (compatible; bingbot/2.0; +http://www.bing.com/bingbot.htm)"
52.167.144.24 - - [05/Apr/2026:18:16:15 +0200] "GET /%D0%BD%D0%B0-8-%D1%84%D0%B5%D0%B2%D1%80%D1%83%D0%B0%D1%80%D0%B8-%D0%B5-%D1%80%D0%BE%D0%B4%D0%B5%D0%BD-%D0%B3%D0%BE%D0%BB%D0%B5%D0%BC%D0%B8%D1%8F%D1%82-%D0%B1%D1%8A%D0%BB%D0%B3%D0%B0%D1%80%D1%81%D0%BA/ HTTP/1.1" 200 23010 "-" "Mozilla/5.0 (iPhone; CPU iPhone OS 7_0 like Mac OS X) AppleWebKit/537.51.1 (KHTML, like Gecko) Version/7.0 Mobile/11A465 Safari/9537.53 (compatible; bingbot/2.0; +http://www.bing.com/bingbot.htm)"
198.244.242.162 - - [05/Apr/2026:18:16:18 +0200] "GET /tag/%D1%80%D0%BE%D0%B4%D0%BE%D0%BB%D1%8E%D0%B1%D0%B5%D1%86/page/322/ HTTP/1.1" 200 17304 "-" "Mozilla/5.0 (compatible; AhrefsBot/7.0; +http://ahrefs.com/robot/)"
87.250.224.246 - - [05/Apr/2026:18:16:23 +0200] "GET /%D0%BD%D0%B0-%D0%B4%D0%BD%D0%B5%D1%88%D0%BD%D0%B8%D1%8F-%D0%B4%D0%B5%D0%BD-%D0%B5-%D1%80%D0%BE%D0%B4%D0%B5%D0%BD%D0%B0-%D0%B0%D0%BA%D1%82%D1%80%D0%B8%D1%81%D0%B0%D1%82%D0%B0-%D0%B5%D0%BB%D0%B5%D0%BD/ HTTP/1.1" 200 20670 "-" "Mozilla/5.0 (compatible; YandexBot/3.0; +http://yandex.com/bots)"
85.208.96.200 - - [05/Apr/2026:18:16:26 +0200] "GET /%D0%BF%D0%BE%D0%BF-%D0%BC%D0%B0%D1%80%D1%82%D0%B8%D0%BD-%D0%B2%D0%B7%D0%B5%D1%85%D0%BC%D0%B5-%D0%BC%D0%BD%D0%BE%D0%B3%D0%BE-%D1%85%D0%B0%D0%B7%D0%BD%D0%B8-%D0%B8-%D1%83%D0%B1%D1%80%D0%B0%D1%85/ HTTP/1.1" 200 22057 "-" "Mozilla/5.0 (compatible; SemrushBot/7~bl; +http://www.semrush.com/bot.html)"
216.73.216.22 - - [05/Apr/2026:18:16:29 +0200] "GET /page/606/?fb_comment_id=920161751390721_1113434572063437 HTTP/1.1" 200 17736 "-" "Mozilla/5.0 AppleWebKit/537.36 (KHTML, like Gecko; compatible; ClaudeBot/1.0; +claudebot@anthropic.com)"
3.218.103.254 - - [05/Apr/2026:18:16:39 +0200] "GET /%D0%BD%D0%B0-20-%D0%BE%D0%BA%D1%82%D0%BE%D0%BC%D0%B2%D1%80%D0%B8-1912-%D0%B3-%D0%BF%D1%80%D0%B8%D0%BA%D0%BB%D1%8E%D1%87%D0%B2%D0%B0-%D0%BB%D1%8E%D0%BB%D0%B5%D0%B1%D1%83%D1%80%D0%B3%D0%B0%D1%81%D0%BA/ HTTP/1.1" 200 21792 "-" "Mozilla/5.0 AppleWebKit/537.36 (KHTML, like Gecko; compatible; Amazonbot/0.1; +https://developer.amazon.com/support/amazonbot) Chrome/119.0.6045.214 Safari/537.36"
161.97.137.93 - - [05/Apr/2026:18:17:04 +0200] "POST /wp-cron.php?doing_wp_cron=1775405824.1587109565734863281250 HTTP/1.1" 404 15247 "https://patrioti.net/wp-cron.php?doing_wp_cron=1775405824.1587109565734863281250" "WordPress/4.9.26; https://patrioti.net"
220.181.108.157 - - [05/Apr/2026:18:17:04 +0200] "GET /?p=44289 HTTP/1.1" 301 0 "-" "Mozilla/5.0 (compatible; Baiduspider/2.0; +http://www.baidu.com/search/spider.html)"
220.181.51.92 - - [05/Apr/2026:18:17:11 +0200] "GET /?p=44289 HTTP/1.1" 301 0 "-" "Mozilla/5.0 (Windows NT 10.0; WOW64) AppleWebKit/537.36 (KHTML, like Gecko) Chrome/48.0.2564.116 Safari/537.36"
220.181.51.113 - - [05/Apr/2026:18:17:12 +0200] "GET /%D1%81%D1%82%D1%80%D0%B5%D0%BB%D1%87%D0%B0%D0%BD%D0%B8-%D0%B7%D0%B0%D0%B5%D0%BC%D0%B0%D1%82-%D0%B4%D0%BE%D1%81%D1%82%D0%BE%D0%B9%D0%BD%D0%BE-%D0%BC%D1%8F%D1%81%D1%82%D0%BE-%D0%B2-%D1%81%D1%8A%D0%B1/ HTTP/1.1" 200 22107 "-" "Mozilla/5.0 (Windows NT 10.0; WOW64) AppleWebKit/537.36 (KHTML, like Gecko) Chrome/48.0.2564.116 Safari/537.36"
116.179.33.72 - - [05/Apr/2026:18:17:16 +0200] "GET /wp-content/uploads/2019/06/1IMG_0851.jpg HTTP/1.1" 200 139895 "https://patrioti.net/%D1%81%D1%82%D1%80%D0%B5%D0%BB%D1%87%D0%B0%D0%BD%D0%B8-%D0%B7%D0%B0%D0%B5%D0%BC%D0%B0%D1%82-%D0%B4%D0%BE%D1%81%D1%82%D0%BE%D0%B9%D0%BD%D0%BE-%D0%BC%D1%8F%D1%81%D1%82%D0%BE-%D0%B2-%D1%81%D1%8A%D0%B1/" "Mozilla/5.0 (Windows NT 10.0; Win64; x64) AppleWebKit/537.36 (KHTML, like Gecko) Chrome/99.0.4844.51 Safari/537.36"
54.38.147.170 - - [05/Apr/2026:18:17:17 +0200] "GET /wp-content/cache/page_enhanced/patrioti.net/%D1%81%D1%8A%D0%B7%D0%B4%D0%B0%D0%B2%D0%B0%D0%BD%D0%B5%D1%82%D0%BE-%D0%BD%D0%B0-%D0%B3%D0%BB%D0%B0%D0%B3%D0%BE%D0%BB%D0%B8%D1%86%D0%B0%D1%82%D0%B0/?C=M;O=A HTTP/1.1" 200 388 "-" "Mozilla/5.0 (compatible; AhrefsBot/7.0; +http://ahrefs.com/robot/)"
66.249.69.131 - - [05/Apr/2026:18:17:18 +0200] "GET /%D0%BB%D0%B5%D0%B3%D0%B5%D0%BD%D0%B4%D0%B0-%D0%B7%D0%B0-%D0%B7%D0%BC%D0%B5%D1%8F-%D1%87%D0%B5%D1%80%D0%BD%D0%BE%D0%B3%D0%BB%D0%B0%D0%B2/ HTTP/1.1" 200 21382 "-" "Mozilla/5.0 (Linux; Android 6.0.1; Nexus 5X Build/MMB29P) AppleWebKit/537.36 (KHTML, like Gecko) Chrome/146.0.7680.177 Mobile Safari/537.36 (compatible; Googlebot/2.1; +http://www.google.com/bot.html)"
216.73.216.22 - - [05/Apr/2026:18:17:22 +0200] "GET /tag/%D0%B7%D0%B0-%D0%BF%D0%B0%D1%82%D1%80%D0%B8%D0%BE%D1%82%D0%B8%D0%B7%D0%BC%D1%8A%D1%82/page/129 HTTP/1.1" 301 0 "-" "Mozilla/5.0 AppleWebKit/537.36 (KHTML, like Gecko; compatible; ClaudeBot/1.0; +claudebot@anthropic.com)"
216.73.216.22 - - [05/Apr/2026:18:17:22 +0200] "GET /tag/%D0%B7%D0%B0-%D0%BF%D0%B0%D1%82%D1%80%D0%B8%D0%BE%D1%82%D0%B8%D0%B7%D0%BC%D1%8A%D1%82/page/129/ HTTP/1.1" 200 17157 "https://patrioti.net/tag/%D0%B7%D0%B0-%D0%BF%D0%B0%D1%82%D1%80%D0%B8%D0%BE%D1%82%D0%B8%D0%B7%D0%BC%D1%8A%D1%82/page/129" "Mozilla/5.0 AppleWebKit/537.36 (KHTML, like Gecko; compatible; ClaudeBot/1.0; +claudebot@anthropic.com)"
52.167.144.140 - - [05/Apr/2026:18:17:22 +0200] "GET /?s=%E9%9D%92%E5%B2%9B%E5%A4%A7%E5%AD%A6%E5%BC%A0%E8%95%BE HTTP/1.1" 200 15330 "-" "Mozilla/5.0 AppleWebKit/537.36 (KHTML, like Gecko; compatible; bingbot/2.0; +http://www.bing.com/bingbot.htm) Chrome/116.0.1938.76 Safari/537.36"
52.167.144.24 - - [05/Apr/2026:18:17:26 +0200] "GET /%D1%87%D0%B5%D1%81%D1%82%D0%B8%D1%82-%D1%80%D0%BE%D0%B6%D0%B4%D0%B5%D0%BD-%D0%B4%D0%B5%D0%BD-%D0%BD%D0%B0-%D0%B1%D1%8A%D0%BB%D0%B3%D0%B0%D1%80%D1%81%D0%BA%D0%B0%D1%82%D0%B0-%D0%B0%D0%BA%D1%82%D1%80/ HTTP/1.1" 200 21163 "-" "Mozilla/5.0 (iPhone; CPU iPhone OS 7_0 like Mac OS X) AppleWebKit/537.51.1 (KHTML, like Gecko) Version/7.0 Mobile/11A465 Safari/9537.53 (compatible; bingbot/2.0; +http://www.bing.com/bingbot.htm)"
85.208.96.195 - - [05/Apr/2026:18:17:58 +0200] "GET /tag/%D0%B8%D1%81%D1%82%D0%BE%D1%80%D0%B8%D1%8F%D1%82%D0%B0-%D0%B1%D1%8A%D0%BB%D0%B3%D0%B0%D1%80%D1%81%D0%BA%D0%B0-%D0%BF%D0%BE%D0%BC%D0%BD%D0%B5%D1%82%D0%B5-%D0%B8%D1%81%D1%82%D0%BE%D1%80%D0%B8%D1%8F/page/189/ HTTP/1.1" 200 17286 "-" "Mozilla/5.0 (compatible; SemrushBot/7~bl; +http://www.semrush.com/bot.html)"
161.97.137.93 - - [05/Apr/2026:18:18:09 +0200] "POST /wp-cron.php?doing_wp_cron=1775405888.7201359272003173828125 HTTP/1.1" 404 15247 "https://patrioti.net/wp-cron.php?doing_wp_cron=1775405888.7201359272003173828125" "WordPress/4.9.26; https://patrioti.net"
51.89.129.48 - - [05/Apr/2026:18:18:09 +0200] "GET /tag/%D0%BD%D0%B8%D0%B5-%D0%BE%D1%82-patrioti-net-%D0%B2%D0%B8-%D0%BA%D0%B0%D0%B7%D0%B2%D0%B0%D0%BC%D0%B5-%D0%BF%D0%BE%D0%BC%D0%BD%D0%B5%D1%82%D0%B5-%D0%B8%D1%81%D1%82%D0%BE%D1%80%D0%B8%D1%8F%D1%82%D0%B0/page/330/ HTTP/1.1" 200 17351 "-" "Mozilla/5.0 (compatible; AhrefsBot/7.0; +http://ahrefs.com/robot/)"
52.167.144.24 - - [05/Apr/2026:18:18:15 +0200] "GET /?s=%E5%9B%BD%E5%AE%B6%E5%8D%AB%E7%94%9F%E5%81%A5%E5%BA%B7%E5%A7%94%EF%BC%8C%E5%85%B3%E4%BA%8E%E6%94%BF%E5%8D%8F%E7%AC%AC%E5%8D%81%E5%9B%9B%E5%B1%8A%E5%85%A8%E5%9B%BD%E5%A7%94%E5%91%98%E4%BC%9A%E7%AC%AC%E4%B8%89%E6%AC%A1%E4%BC%9A%E8%AE%AE%E7%AC%AC03843%E5%8F%B7%E6%8F%90%E6%A1%88%E7%AD%94%E5%A4%8D%E7%9A%84%E5%87%BD HTTP/1.1" 200 15542 "-" "Mozilla/5.0 AppleWebKit/537.36 (KHTML, like Gecko; compatible; bingbot/2.0; +http://www.bing.com/bingbot.htm) Chrome/116.0.1938.76 Safari/537.36"
52.167.144.24 - - [05/Apr/2026:18:18:16 +0200] "GET /%D0%BD%D0%B0-15-%D0%BC%D0%B0%D1%80%D1%82-1942-%D0%B3-%D0%B5-%D1%80%D0%BE%D0%B4%D0%B5%D0%BD-%D0%B1%D1%8A%D0%BB%D0%B3%D0%B0%D1%80%D1%81%D0%BA%D0%B8%D1%8F%D1%82-%D0%BA%D1%83%D0%BB%D1%82%D1%83%D1%80/ HTTP/1.1" 200 21198 "-" "Mozilla/5.0 AppleWebKit/537.36 (KHTML, like Gecko; compatible; bingbot/2.0; +http://www.bing.com/bingbot.htm) Chrome/116.0.1938.76 Safari/537.36"
52.167.144.24 - - [05/Apr/2026:18:18:25 +0200] "GET /%D0%BD%D0%B0-%D0%B4%D0%BD%D0%B5%D1%88%D0%BD%D0%B0%D1%82%D0%B0-%D0%B4%D0%B0%D1%82%D0%B0-%D1%83%D0%BC%D0%B8%D1%80%D0%B0-%D0%B1%D1%8A%D0%BB%D0%B3%D0%B0%D1%80%D1%81%D0%BA%D0%B8%D1%8F%D1%82-%D1%80%D0%B5-17/ HTTP/1.1" 200 24225 "-" "Mozilla/5.0 AppleWebKit/537.36 (KHTML, like Gecko; compatible; bingbot/2.0; +http://www.bing.com/bingbot.htm) Chrome/116.0.1938.76 Safari/537.36"
66.249.69.132 - - [05/Apr/2026:18:18:25 +0200] "GET /about-us/ HTTP/1.1" 200 16983 "-" "Mozilla/5.0 (Linux; Android 6.0.1; Nexus 5X Build/MMB29P) AppleWebKit/537.36 (KHTML, like Gecko) Chrome/146.0.7680.177 Mobile Safari/537.36 (compatible; Googlebot/2.1; +http://www.google.com/bot.html)"
40.77.167.48 - - [05/Apr/2026:18:18:31 +0200] "GET /%D0%BD%D0%B0-5-%D0%B0%D0%BF%D1%80%D0%B8%D0%BB-%D1%86%D1%8A%D1%80%D0%BA%D0%B2%D0%B0%D1%82%D0%B0-%D0%BF%D0%BE%D1%87%D0%B8%D1%82%D0%B0-%D1%81%D0%B2-%D0%BC%D1%8A%D1%87%D0%B5%D0%BD%D0%B8%D1%86%D0%B8/ HTTP/1.1" 200 25394 "-" "Mozilla/5.0 AppleWebKit/537.36 (KHTML, like Gecko; compatible; bingbot/2.0; +http://www.bing.com/bingbot.htm) Chrome/116.0.1938.76 Safari/537.36"
65.108.2.171 - - [05/Apr/2026:18:18:38 +0200] "GET /%D0%B3%D0%B5%D0%BD%D0%BE-%D1%87%D0%BE%D0%BB%D0%B0%D0%BA%D0%BE%D0%B2-%D0%B2%D1%8A%D0%B7%D1%80%D0%B0%D0%B6%D0%B4%D0%B0-%D0%B4%D1%83%D1%85%D0%B0-%D0%BD%D0%B0-%D0%B1%D1%8A%D0%BB%D0%B3%D0%B0%D1%80%D1%89/ HTTP/1.1" 200 21834 "-" "Mozilla/5.0 (compatible; MJ12bot/v1.4.8; http://mj12bot.com/)"
65.108.2.171 - - [05/Apr/2026:18:18:40 +0200] "GET /%D0%B3%D0%B5%D1%80%D0%BC%D0%B0%D0%BD%D1%81%D0%BA%D0%B8%D1%8F%D1%82-%D0%BC%D0%B0%D0%BD%D0%B0%D1%81%D1%82%D0%B8%D1%80-%D1%81%D0%B2-%D0%B9%D0%BE%D0%B0%D0%BD-%D1%80%D0%B8%D0%BB%D1%81%D0%BA%D0%B8/feed/ HTTP/1.1" 200 639 "-" "Mozilla/5.0 (compatible; MJ12bot/v1.4.8; http://mj12bot.com/)"
65.108.2.171 - - [05/Apr/2026:18:18:43 +0200] "GET /%D0%B3%D1%80%D0%B0%D0%B4%D0%B8%D0%BB%D0%B8-%D1%81%D0%BC%D0%B5-%D0%B5%D0%B7%D0%B8%D0%BA%D0%B0-%D1%81%D0%B8-%D0%B2%D1%8A%D0%B2-%D0%B2%D1%80%D0%B5%D0%BC%D0%B5-%D0%BD%D0%B0-%D0%BD%D0%B0%D1%86%D0%B8%D0%BE/ HTTP/1.1" 200 25189 "-" "Mozilla/5.0 (compatible; MJ12bot/v1.4.8; http://mj12bot.com/)"
2a03:2880:22ff:2:: - - [05/Apr/2026:18:18:53 +0200] "GET /wp-content/uploads/2019/04/222192.jpg HTTP/1.1" 200 36041 "-" "facebookexternalhit/1.1 (+http://www.facebook.com/externalhit_uatext.php)"
65.108.2.171 - - [05/Apr/2026:18:18:53 +0200] "GET /%D0%B4%D0%BD%D0%B5%D1%81-%D0%B5-%D1%80%D0%BE%D0%B4%D0%B5%D0%BD-%D0%B1%D1%8A%D0%BB%D0%B3%D0%B0%D1%80%D1%81%D0%BA%D0%B8%D1%8F%D1%82-%D0%B0%D0%BA%D1%82%D1%8C%D0%BE%D1%80-%D1%81%D1%82%D0%BE%D0%B9%D0%BA/ HTTP/1.1" 200 21694 "-" "Mozilla/5.0 (compatible; MJ12bot/v1.4.8; http://mj12bot.com/)"
51.195.183.32 - - [05/Apr/2026:18:19:06 +0200] "GET /tag/%D0%B8%D1%81%D1%82%D0%BE%D1%80%D0%B8%D1%8F%D1%82%D0%B0-%D0%B1%D1%8A%D0%BB%D0%B3%D0%B0%D1%80%D1%81%D0%BA%D0%B0-%D0%BF%D0%BE%D0%BC%D0%BD%D0%B5%D1%82%D0%B5-%D0%B8%D1%81%D1%82%D0%BE%D1%80%D0%B8%D1%8F/page/272/ HTTP/1.1" 200 17027 "-" "Mozilla/5.0 (compatible; AhrefsBot/7.0; +http://ahrefs.com/robot/)"
161.97.137.93 - - [05/Apr/2026:18:19:46 +0200] "POST /wp-cron.php?doing_wp_cron=1775405985.9900550842285156250000 HTTP/1.1" 404 15247 "https://patrioti.net/wp-cron.php?doing_wp_cron=1775405985.9900550842285156250000" "WordPress/4.9.26; https://patrioti.net"
116.179.32.88 - - [05/Apr/2026:18:19:46 +0200] "GET /?p=48146 HTTP/1.1" 301 0 "-" "Mozilla/5.0 (compatible; Baiduspider/2.0; +http://www.baidu.com/search/spider.html)"
52.167.144.24 - - [05/Apr/2026:18:19:46 +0200] "GET /%D0%BD%D0%B0-%D0%B4%D0%BD%D0%B5%D1%88%D0%BD%D0%B0%D1%82%D0%B0-%D0%B4%D0%B0%D1%82%D0%B0-%D0%B5-%D1%80%D0%BE%D0%B4%D0%B5%D0%BD%D0%B0-%D0%B1%D1%8A%D0%BB%D0%B3%D0%B0%D1%80%D1%81%D0%BA%D0%B0%D1%82%D0%B0-12/ HTTP/1.1" 200 21657 "-" "Mozilla/5.0 AppleWebKit/537.36 (KHTML, like Gecko; compatible; bingbot/2.0; +http://www.bing.com/bingbot.htm) Chrome/116.0.1938.76 Safari/537.36"
52.167.144.24 - - [05/Apr/2026:18:19:47 +0200] "GET /%D0%BB%D0%B5%D0%B3%D0%B5%D0%BD%D0%B4%D0%B0-%D0%B7%D0%B0-%D0%B4%D0%B0%D0%B9%D1%87%D0%BE-%D0%B2%D0%BE%D0%B9%D0%B2%D0%BE%D0%B4%D0%B0/ HTTP/1.1" 200 20910 "-" "Mozilla/5.0 AppleWebKit/537.36 (KHTML, like Gecko; compatible; bingbot/2.0; +http://www.bing.com/bingbot.htm) Chrome/116.0.1938.76 Safari/537.36"
116.179.32.236 - - [05/Apr/2026:18:19:48 +0200] "GET /%D0%B4%D0%BD%D0%B5%D1%81-%D0%BE%D1%82%D0%B1%D0%B5%D0%BB%D1%8F%D0%B7%D0%B2%D0%B0%D0%BC%D0%B5-%D1%80%D0%BE%D0%B6%D0%B4%D0%B5%D0%BD%D0%B8%D0%B5%D1%82%D0%BE-%D0%BD%D0%B0-%D0%B3%D0%B5%D0%BD%D0%B5%D1%80-49/ HTTP/1.1" 200 21174 "-" "Mozilla/5.0 (compatible; Baiduspider/2.0; +http://www.baidu.com/search/spider.html)"
78.129.140.139 - - [05/Apr/2026:18:19:57 +0200] "GET /wp-login.php HTTP/1.1" 200 1168 "-" "Mozilla/5.0 (Windows NT 6.1; Trident/7.0; MATP; rv:11.0) like Gecko"
78.129.140.139 - - [05/Apr/2026:18:19:58 +0200] "POST /wp-login.php HTTP/1.1" 200 1530 "https://patrioti.net/wp-login.php" "Mozilla/5.0 (Windows NT 6.1; Trident/7.0; MATP; rv:11.0) like Gecko"
216.73.216.22 - - [05/Apr/2026:18:19:58 +0200] "GET /%d0%bd%d0%b0-%d0%b4%d0%bd%d0%b5%d1%88%d0%bd%d0%b0%d1%82%d0%b0-%d0%b4%d0%b0%d1%82%d0%b0-%d0%b5-%d1%80%d0%be%d0%b4%d0%b5%d0%bd-%d0%b1%d1%8a%d0%bb%d0%b3%d0%b0%d1%80%d1%81%d0%ba%d0%b8%d1%8f%d1%82-27/whatsapp:/send HTTP/1.1" 404 15246 "-" "Mozilla/5.0 AppleWebKit/537.36 (KHTML, like Gecko; compatible; ClaudeBot/1.0; +claudebot@anthropic.com)"
66.249.69.131 - - [05/Apr/2026:18:20:12 +0200] "GET /tag/%D0%B1%D1%8A%D0%BB%D0%B3%D0%B0%D1%80%D0%B8%D1%82%D0%B5/page/153/ HTTP/1.1" 502 552 "-" "Mozilla/5.0 (Linux; Android 6.0.1; Nexus 5X Build/MMB29P) AppleWebKit/537.36 (KHTML, like Gecko) Chrome/146.0.7680.177 Mobile Safari/537.36 (compatible; Googlebot/2.1; +http://www.google.com/bot.html)"
216.73.216.22 - - [05/Apr/2026:18:20:29 +0200] "GET /%d0%b4%d0%bd%d0%b5%d1%81-%d1%81%d0%b5-%d0%bd%d0%b0%d0%b2%d1%8a%d1%80%d1%88%d0%b2%d0%b0%d1%82-104-%d0%b3%d0%be%d0%b4%d0%b8%d0%bd%d0%b8-%d0%be%d1%82-%d1%80%d0%be%d0%b6%d0%b4%d0%b5%d0%bd%d0%b8%d0%b5 HTTP/1.1" 301 0 "-" "Mozilla/5.0 AppleWebKit/537.36 (KHTML, like Gecko; compatible; ClaudeBot/1.0; +claudebot@anthropic.com)"
216.73.216.22 - - [05/Apr/2026:18:20:29 +0200] "GET /%D0%BD%D0%B0-%D1%85%D0%B0%D0%B9%D0%B4%D1%83%D1%88%D0%BA%D0%BE%D1%82%D0%BE-%D1%81%D0%B1%D0%BE%D1%80%D0%B8%D1%89%D0%B5-%D0%BF%D0%B5%D1%81%D0%BD%D0%B8-%D0%B8-%D0%BF%D1%80%D0%B5%D0%B4%D0%B0/whatsapp:/send HTTP/1.1" 404 15247 "-" "Mozilla/5.0 AppleWebKit/537.36 (KHTML, like Gecko; compatible; ClaudeBot/1.0; +claudebot@anthropic.com)"
216.73.216.22 - - [05/Apr/2026:18:20:30 +0200] "GET /%d0%b4%d0%bd%d0%b5%d1%81-%d1%81%d0%b5-%d0%bd%d0%b0%d0%b2%d1%8a%d1%80%d1%88%d0%b2%d0%b0%d1%82-104-%d0%b3%d0%be%d0%b4%d0%b8%d0%bd%d0%b8-%d0%be%d1%82-%d1%80%d0%be%d0%b6%d0%b4%d0%b5%d0%bd%d0%b8%d0%b5/ HTTP/1.1" 200 21549 "https://patrioti.net/%d0%b4%d0%bd%d0%b5%d1%81-%d1%81%d0%b5-%d0%bd%d0%b0%d0%b2%d1%8a%d1%80%d1%88%d0%b2%d0%b0%d1%82-104-%d0%b3%d0%be%d0%b4%d0%b8%d0%bd%d0%b8-%d0%be%d1%82-%d1%80%d0%be%d0%b6%d0%b4%d0%b5%d0%bd%d0%b8%d0%b5" "Mozilla/5.0 AppleWebKit/537.36 (KHTML, like Gecko; compatible; ClaudeBot/1.0; +claudebot@anthropic.com)"
51.195.244.241 - - [05/Apr/2026:18:20:37 +0200] "GET /%D0%BD%D0%B0-%D0%B4%D0%BD%D0%B5%D1%88%D0%BD%D0%B0%D1%82%D0%B0-%D0%B4%D0%B0%D1%82%D0%B0-%D0%B5-%D1%80%D0%BE%D0%B4%D0%B5%D0%BD-%D0%B1%D1%8A%D0%BB%D0%B3%D0%B0%D1%80%D1%81%D0%BA%D0%B8%D1%8F%D1%82-%D1%80-2/ HTTP/1.1" 200 21318 "-" "Mozilla/5.0 (compatible; AhrefsBot/7.0; +http://ahrefs.com/robot/)"
40.77.167.48 - - [05/Apr/2026:18:20:41 +0200] "GET /tag/%D0%BF%D1%80%D0%BE%D1%81%D0%BB%D0%B0%D0%B2%D0%B5%D0%BD%D0%B8-%D0%B2%D0%BE%D0%B5%D0%BD%D0%B0%D1%87%D0%B0%D0%BB%D0%BD%D0%B8%D1%86%D0%B8/ HTTP/1.1" 200 15581 "-" "Mozilla/5.0 AppleWebKit/537.36 (KHTML, like Gecko; compatible; bingbot/2.0; +http://www.bing.com/bingbot.htm) Chrome/116.0.1938.76 Safari/537.36"
40.77.167.48 - - [05/Apr/2026:18:20:42 +0200] "GET /tag/%D0%B1%D0%B8%D0%BD%D0%BA%D0%B0-%D0%B2%D0%B0%D0%B7%D0%BE%D0%B2%D0%B0/ HTTP/1.1" 200 15573 "-" "Mozilla/5.0 AppleWebKit/537.36 (KHTML, like Gecko; compatible; bingbot/2.0; +http://www.bing.com/bingbot.htm) Chrome/116.0.1938.76 Safari/537.36"
52.167.144.24 - - [05/Apr/2026:18:20:45 +0200] "GET /tag/%D1%81%D1%82%D0%BE%D0%B8%D0%BC%D0%B5%D0%BD-%D1%82%D0%B5%D1%80%D0%B7%D0%B8%D1%8F%D1%82%D0%B0/ HTTP/1.1" 200 15574 "-" "Mozilla/5.0 AppleWebKit/537.36 (KHTML, like Gecko; compatible; bingbot/2.0; +http://www.bing.com/bingbot.htm) Chrome/116.0.1938.76 Safari/537.36"
52.167.144.140 - - [05/Apr/2026:18:20:45 +0200] "GET /tag/%D0%BC%D1%8E%D1%81%D1%8E%D0%BB%D0%BC%D0%B0%D0%BD%D1%81%D0%BA%D0%B0%D1%82%D0%B0-%D0%B2%D1%8F%D1%80%D0%B0/ HTTP/1.1" 200 15568 "-" "Mozilla/5.0 AppleWebKit/537.36 (KHTML, like Gecko; compatible; bingbot/2.0; +http://www.bing.com/bingbot.htm) Chrome/116.0.1938.76 Safari/537.36"
161.97.137.93 - - [05/Apr/2026:18:20:52 +0200] "POST /wp-cron.php?doing_wp_cron=1775406052.2225289344787597656250 HTTP/1.1" 404 15247 "https://patrioti.net/wp-cron.php?doing_wp_cron=1775406052.2225289344787597656250" "WordPress/4.9.26; https://patrioti.net"
198.244.183.34 - - [05/Apr/2026:18:20:52 +0200] "GET /%D0%BD%D0%B0-%D0%B4%D0%BD%D0%B5%D1%88%D0%BD%D0%B0%D1%82%D0%B0-%D0%B4%D0%B0%D1%82%D0%B0-%D0%B5-%D1%80%D0%BE%D0%B4%D0%B5%D0%BD-%D1%84%D1%83%D1%82%D0%B1%D0%BE%D0%BB%D0%B8%D1%81%D1%82%D1%8A%D1%82-%D0%B3/ HTTP/1.1" 200 20439 "-" "Mozilla/5.0 (compatible; AhrefsBot/7.0; +http://ahrefs.com/robot/)"
65.108.2.171 - - [05/Apr/2026:18:20:55 +0200] "GET /%D0%B4%D0%BD%D0%B5%D1%81-%D0%B5-%D1%80%D0%BE%D0%B4%D0%B5%D0%BD-%D0%B1%D1%8A%D0%BB%D0%B3%D0%B0%D1%80%D1%81%D0%BA%D0%B8%D1%8F%D1%82-%D1%84%D1%83%D1%82%D0%B1%D0%BE%D0%BB%D0%B8%D1%81%D1%82-%D0%B8%D0%BB/ HTTP/1.1" 200 21278 "-" "Mozilla/5.0 (compatible; MJ12bot/v1.4.8; http://mj12bot.com/)"
159.203.25.209 - - [05/Apr/2026:18:20:56 +0200] "POST /wp-login.php HTTP/1.1" 200 1559 "-" "Mozilla/5.0"
159.203.25.209 - - [05/Apr/2026:18:20:56 +0200] "POST /wp-login.php HTTP/1.1" 200 1548 "-" "Mozilla/5.0"
159.203.25.209 - - [05/Apr/2026:18:20:56 +0200] "POST /wp-login.php HTTP/1.1" 200 1561 "-" "Mozilla/5.0"
159.203.25.209 - - [05/Apr/2026:18:20:56 +0200] "POST /wp-login.php HTTP/1.1" 200 1562 "-" "Mozilla/5.0"
159.203.25.209 - - [05/Apr/2026:18:20:56 +0200] "POST /wp-login.php HTTP/1.1" 200 1555 "-" "Mozilla/5.0"
159.203.25.209 - - [05/Apr/2026:18:20:56 +0200] "POST /wp-login.php HTTP/1.1" 200 1561 "-" "Mozilla/5.0"
159.203.25.209 - - [05/Apr/2026:18:20:56 +0200] "POST /wp-login.php HTTP/1.1" 200 1554 "-" "Mozilla/5.0"
159.203.25.209 - - [05/Apr/2026:18:20:57 +0200] "POST /wp-login.php HTTP/1.1" 200 1555 "-" "Mozilla/5.0"
159.203.25.209 - - [05/Apr/2026:18:20:57 +0200] "POST /wp-login.php HTTP/1.1" 200 1557 "-" "Mozilla/5.0"
159.203.25.209 - - [05/Apr/2026:18:20:57 +0200] "POST /wp-login.php HTTP/1.1" 200 1562 "-" "Mozilla/5.0"
159.203.25.209 - - [05/Apr/2026:18:20:57 +0200] "POST /wp-login.php HTTP/1.1" 200 1560 "-" "Mozilla/5.0"
65.108.2.171 - - [05/Apr/2026:18:20:57 +0200] "GET /%D0%B4%D0%BD%D0%B5%D1%81-%D0%B5-%D1%80%D0%BE%D0%B4%D0%B5%D0%BD-%D0%B1%D1%8A%D0%BB%D0%B3%D0%B0%D1%80%D1%81%D0%BA%D0%B8%D1%8F%D1%82-%D1%84%D1%83%D1%82%D0%B1%D0%BE%D0%BB%D0%B8%D1%81%D1%82-%D1%81%D1%82-5/ HTTP/1.1" 200 20906 "-" "Mozilla/5.0 (compatible; MJ12bot/v1.4.8; http://mj12bot.com/)"
65.108.2.171 - - [05/Apr/2026:18:20:59 +0200] "GET /%D0%B4%D0%BD%D0%B5%D1%81-%D0%B5-%D1%80%D0%BE%D0%B4%D0%B5%D0%BD-%D0%B1%D1%8A%D0%BB%D0%B3%D0%B0%D1%80%D1%81%D0%BA%D0%B8%D1%8F%D1%82-%D1%85%D1%83%D0%B4%D0%BE%D0%B6%D0%BD%D0%B8%D0%BA-%D1%81%D0%B0%D1%88/ HTTP/1.1" 200 20894 "-" "Mozilla/5.0 (compatible; MJ12bot/v1.4.8; http://mj12bot.com/)"
65.108.2.171 - - [05/Apr/2026:18:21:03 +0200] "GET /%D0%B4%D0%BD%D0%B5%D1%81-%D0%B5-%D1%82%D1%80%D0%B5%D1%82%D0%B8-%D0%BC%D0%B0%D1%80%D1%82-%D0%BD%D0%B0%D1%86%D0%B8%D0%BE%D0%BD%D0%B0%D0%BB%D0%BD%D0%B8%D1%8F%D1%82-%D0%BF%D1%80%D0%B0%D0%B7%D0%BD%D0%B8/ HTTP/1.1" 502 150 "-" "Mozilla/5.0 (compatible; MJ12bot/v1.4.8; http://mj12bot.com/)"
65.108.2.171 - - [05/Apr/2026:18:21:05 +0200] "GET /%D0%B4%D0%BD%D0%B5%D1%81-%D0%BE%D1%82%D0%B1%D0%B5%D0%BB%D1%8F%D0%B7%D0%B2%D0%B0%D0%BC%D0%B5-%D1%80%D0%BE%D0%B6%D0%B4%D0%B5%D0%BD%D0%B8%D0%B5%D1%82%D0%BE-%D0%BD%D0%B0-%D0%B3%D0%B5%D0%BD%D0%B5%D1%80-44/ HTTP/1.1" 200 21788 "-" "Mozilla/5.0 (compatible; MJ12bot/v1.4.8; http://mj12bot.com/)"
65.108.2.171 - - [05/Apr/2026:18:21:07 +0200] "GET /%D0%B4%D0%BD%D0%B5%D1%81-%D0%BE%D1%82%D0%B1%D0%B5%D0%BB%D1%8F%D0%B7%D0%B2%D0%B0%D0%BC%D0%B5-%D1%80%D0%BE%D0%B6%D0%B4%D0%B5%D0%BD%D0%B8%D0%B5%D1%82%D0%BE-%D0%BD%D0%B0-%D0%BF%D0%B5%D0%B2%D0%B8%D1%86/ HTTP/1.1" 200 21867 "-" "Mozilla/5.0 (compatible; MJ12bot/v1.4.8; http://mj12bot.com/)"
65.108.2.171 - - [05/Apr/2026:18:21:09 +0200] "GET /%D0%B4%D0%BD%D0%B5%D1%81-%D0%BE%D1%82%D0%B1%D0%B5%D0%BB%D1%8F%D0%B7%D0%B2%D0%B0%D0%BC%D0%B5-%D1%80%D0%BE%D0%B6%D0%B4%D0%B5%D0%BD%D0%B8%D0%B5%D1%82%D0%BE-%D0%BD%D0%B0-%D0%BF%D0%BE%D0%BB%D0%BA-%D0%B1/ HTTP/1.1" 200 22252 "-" "Mozilla/5.0 (compatible; MJ12bot/v1.4.8; http://mj12bot.com/)"
65.108.2.171 - - [05/Apr/2026:18:21:12 +0200] "GET /%D0%B4%D0%BD%D0%B5%D1%81-%D0%BF%D0%BE%D1%87%D0%B8%D1%82%D0%B0%D0%BC%D0%B5-%D0%BF%D0%B0%D0%BC%D0%B5%D1%82%D1%82%D0%B0-%D0%BD%D0%B0-%D1%81%D1%8A%D1%81%D1%82%D0%B5%D0%B7%D0%B0%D1%82%D0%B5%D0%BB%D1%8F/feed/ HTTP/1.1" 200 595 "-" "Mozilla/5.0 (compatible; MJ12bot/v1.4.8; http://mj12bot.com/)"
65.108.2.171 - - [05/Apr/2026:18:21:16 +0200] "GET /%D0%B4%D0%BD%D0%B5%D1%81-%D1%81%D0%B8-%D1%81%D0%BF%D0%BE%D0%BC%D0%BD%D1%8F%D0%BC%D0%B5-%D0%B7%D0%B0-%D0%B1%D1%8A%D0%BB%D0%B3%D0%B0%D1%80%D1%81%D0%BA%D0%B0%D1%82%D0%B0-%D0%B0%D0%BA%D1%82%D1%80%D0%B8-3/feed/ HTTP/1.1" 200 612 "-" "Mozilla/5.0 (compatible; MJ12bot/v1.4.8; http://mj12bot.com/)"
65.108.2.171 - - [05/Apr/2026:18:21:31 +0200] "GET /%D0%B4%D1%8A%D0%BB%D0%B1%D0%BE%D0%BA%D0%BE%D1%82%D0%BE-%D0%B2%D1%8A%D0%B7%D1%80%D0%B0%D0%B6%D0%B4%D0%B0%D0%BD%D0%B5-%D0%BD%D0%B0-%D0%B1%D1%8A%D0%BB%D0%B3%D0%B0%D1%80%D0%B8%D1%8F-%D0%B2%D1%80%D0%B5/ HTTP/1.1" 200 27103 "-" "Mozilla/5.0 (compatible; MJ12bot/v1.4.8; http://mj12bot.com/)"
65.108.2.171 - - [05/Apr/2026:18:21:33 +0200] "GET /%D0%B5%D0%B4%D0%B8%D0%BD-%D1%81%D1%82%D0%B0%D1%80-%D1%87%D0%B5%D1%82%D0%BD%D0%B8%D0%BA-%D1%80%D0%B0%D0%B7%D0%BA%D0%B0%D0%B7%D0%B2%D0%B0-%D0%B0%D0%B7-%D0%B6%D0%B5%D0%BB%D0%B0%D1%8F-%D0%B3/ HTTP/1.1" 200 23791 "-" "Mozilla/5.0 (compatible; MJ12bot/v1.4.8; http://mj12bot.com/)"
65.108.2.171 - - [05/Apr/2026:18:21:37 +0200] "GET /%D0%B5%D0%B4%D0%BD%D0%B0-%D0%BB%D0%B5%D0%B3%D0%B5%D0%BD%D0%B4%D0%B0-%D1%81%D0%B2%D1%8A%D1%80%D0%B7%D0%B2%D0%B0-%D1%80%D0%B8%D0%BC%D1%81%D0%BA%D0%B0-%D0%B8%D0%BC%D0%BF%D0%B5%D1%80%D0%B0%D1%82%D1%80/ HTTP/1.1" 200 21708 "-" "Mozilla/5.0 (compatible; MJ12bot/v1.4.8; http://mj12bot.com/)"
65.108.2.171 - - [05/Apr/2026:18:21:42 +0200] "GET /%D0%B5%D1%84%D1%80%D0%BE%D1%81%D0%B8%D0%BD%D0%B0-%D0%B1%D0%BB%D0%B0%D0%B3%D0%BE%D1%87%D0%B5%D1%81%D1%82%D0%B8%D0%B2%D0%B0-%D1%86%D0%B0%D1%80%D0%B8%D1%86%D0%B0-%D0%BD%D0%B0-%D1%86%D0%B0%D1%80-%D1%81/ HTTP/1.1" 200 21379 "-" "Mozilla/5.0 (compatible; MJ12bot/v1.4.8; http://mj12bot.com/)"
216.73.216.22 - - [05/Apr/2026:18:21:43 +0200] "GET /tag/%d0%b7%d0%b0-%d0%bf%d0%b0%d1%82%d1%80%d0%b8%d0%be%d1%82%d0%b8%d0%b7%d0%bc%d1%8a%d1%82/page/129 HTTP/1.1" 301 0 "-" "Mozilla/5.0 AppleWebKit/537.36 (KHTML, like Gecko; compatible; ClaudeBot/1.0; +claudebot@anthropic.com)"
216.73.216.22 - - [05/Apr/2026:18:21:43 +0200] "GET /tag/%d0%b7%d0%b0-%d0%bf%d0%b0%d1%82%d1%80%d0%b8%d0%be%d1%82%d0%b8%d0%b7%d0%bc%d1%8a%d1%82/page/129/ HTTP/1.1" 200 17124 "https://patrioti.net/tag/%d0%b7%d0%b0-%d0%bf%d0%b0%d1%82%d1%80%d0%b8%d0%be%d1%82%d0%b8%d0%b7%d0%bc%d1%8a%d1%82/page/129" "Mozilla/5.0 AppleWebKit/537.36 (KHTML, like Gecko; compatible; ClaudeBot/1.0; +claudebot@anthropic.com)"
65.108.2.171 - - [05/Apr/2026:18:21:45 +0200] "GET /%D0%B7%D0%B0-%D0%BD%D0%B0%D0%B9-%D0%B3%D0%BE%D0%BB%D1%8F%D0%BC%D0%B0-%D1%82%D1%83%D1%80%D1%81%D0%BA%D0%B0-%D1%85%D1%80%D0%B0%D0%B1%D1%80%D0%BE%D1%81%D1%82-%D0%B2-%D1%81%D0%BB%D0%B8%D0%B2%D0%B5%D0%BD/ HTTP/1.1" 200 21607 "-" "Mozilla/5.0 (compatible; MJ12bot/v1.4.8; http://mj12bot.com/)"
65.108.2.171 - - [05/Apr/2026:18:21:47 +0200] "GET /%D0%B7%D0%B3%D0%BE%D1%80%D0%B8%D0%B3%D1%80%D0%B0%D0%B4-%D1%81%D0%B5%D0%BB%D0%BE%D1%82%D0%BE-%D1%81-%D0%BA%D1%80%D0%B0%D1%81%D0%B8%D0%B2%D0%B8%D1%82%D0%B5-%D0%B3%D0%BB%D0%B5%D0%B4%D0%BA%D0%B8/feed/ HTTP/1.1" 200 582 "-" "Mozilla/5.0 (compatible; MJ12bot/v1.4.8; http://mj12bot.com/)"
65.108.2.171 - - [05/Apr/2026:18:21:49 +0200] "GET /%D0%B8%D0%B2%D0%B0%D0%BD-%D0%B1%D0%BE%D0%B3%D0%BE%D1%80%D0%BE%D0%B2-%D0%B6%D0%B8%D0%B2%D0%BE%D1%82-%D0%BE%D1%82%D0%B4%D0%B0%D0%B4%D0%B5%D0%BD-%D0%BD%D0%B0-%D1%83%D1%87%D0%B5%D0%BD%D0%B8/ HTTP/1.1" 200 23082 "-" "Mozilla/5.0 (compatible; MJ12bot/v1.4.8; http://mj12bot.com/)"
64.89.160.178 - - [05/Apr/2026:18:21:49 +0200] "GET /wp-login.php HTTP/1.1" 200 1168 "-" "Mozilla/5.0 (Macintosh; Intel Mac OS X 14_2_1) AppleWebKit/605.1.15 (KHTML, like Gecko) Version/17.1 Safari/605.1.15"
65.108.2.171 - - [05/Apr/2026:18:21:51 +0200] "GET /%D0%B8%D0%BA%D0%BE%D0%BD%D0%B0%D1%82%D0%B0-%D0%BD%D0%B0-%D1%81%D0%B2%D0%B5%D1%82%D0%B0-%D0%B1%D0%BE%D0%B3%D0%BE%D1%80%D0%BE%D0%B4%D0%B8%D1%86%D0%B0-%D0%BA%D0%BE%D1%8F%D1%82%D0%BE-%D0%BF%D0%BB%D0%B0/ HTTP/1.1" 200 21392 "-" "Mozilla/5.0 (compatible; MJ12bot/v1.4.8; http://mj12bot.com/)"
40.77.167.48 - - [05/Apr/2026:18:21:52 +0200] "GET /%D0%BF%D1%8A%D1%80%D0%B2%D0%BE%D1%82%D0%BE-%D1%82%D1%8A%D1%80%D0%BD%D0%BE%D0%B2%D1%81%D0%BA%D0%BE-%D0%B2%D1%8A%D1%81%D1%82%D0%B0%D0%BD%D0%B8%D0%B5/ HTTP/1.1" 200 22162 "-" "Mozilla/5.0 AppleWebKit/537.36 (KHTML, like Gecko; compatible; bingbot/2.0; +http://www.bing.com/bingbot.htm) Chrome/116.0.1938.76 Safari/537.36"
161.97.137.93 - - [05/Apr/2026:18:21:53 +0200] "POST /wp-cron.php?doing_wp_cron=1775406112.9929869174957275390625 HTTP/1.1" 404 15247 "https://patrioti.net/wp-cron.php?doing_wp_cron=1775406112.9929869174957275390625" "WordPress/4.9.26; https://patrioti.net"
65.108.2.171 - - [05/Apr/2026:18:21:53 +0200] "GET /%D0%B8%D0%BB%D1%8C%D0%BE-%D0%B2%D0%BE%D0%B9%D0%B2%D0%BE%D0%B4%D0%B0-%D0%B8%D0%BB%D0%B8%D1%8F-%D0%BF%D0%BE%D0%BF%D0%B3%D0%B5%D0%BE%D1%80%D0%B3%D0%B8%D0%B5%D0%B2/ HTTP/1.1" 200 37494 "-" "Mozilla/5.0 (compatible; MJ12bot/v1.4.8; http://mj12bot.com/)"
65.108.2.171 - - [05/Apr/2026:18:21:55 +0200] "GET /%D0%B8%D0%BB%D1%8C%D0%BE-%D0%B2%D0%BE%D0%B9%D0%B2%D0%BE%D0%B4%D0%B0-%D0%B8%D0%BB%D0%B8%D1%8F-%D0%BF%D0%BE%D0%BF%D0%B3%D0%B5%D0%BE%D1%80%D0%B3%D0%B8%D0%B5%D0%B2/feed/ HTTP/1.1" 200 558 "-" "Mozilla/5.0 (compatible; MJ12bot/v1.4.8; http://mj12bot.com/)"
52.167.144.140 - - [05/Apr/2026:18:21:56 +0200] "GET /%D0%BD%D0%B0%D0%B9-%D0%B7%D0%B0%D0%B3%D0%B0%D0%B4%D1%8A%D1%87%D0%BD%D0%BE%D1%82%D0%BE-%D0%B1%D1%8A%D0%BB%D0%B3%D0%B0%D1%80%D1%81%D0%BA%D0%BE-%D0%B2%D1%8A%D1%81%D1%82%D0%B0%D0%BD%D0%B8%D0%B5/ HTTP/1.1" 200 22307 "-" "Mozilla/5.0 AppleWebKit/537.36 (KHTML, like Gecko; compatible; bingbot/2.0; +http://www.bing.com/bingbot.htm) Chrome/116.0.1938.76 Safari/537.36"
65.108.2.171 - - [05/Apr/2026:18:21:57 +0200] "GET /%D0%B8%D1%81%D1%82%D0%BE%D1%80%D0%B8%D1%8F%D1%82%D0%B0-%D0%BD%D0%B0-%D0%BA%D0%B0%D1%80%D0%BB%D1%83%D0%BA%D0%BE%D0%B2%D1%81%D0%BA%D0%B8-%D0%BC%D0%B0%D0%BD%D0%B0%D1%81%D1%82%D0%B8%D1%80-%D1%83%D1%81/ HTTP/1.1" 200 22356 "-" "Mozilla/5.0 (compatible; MJ12bot/v1.4.8; http://mj12bot.com/)"
65.108.2.171 - - [05/Apr/2026:18:21:58 +0200] "GET /%D0%BA%D0%B0%D0%BA%D0%B2%D0%BE-%D0%BA%D0%B0%D0%B7%D0%B2%D0%B0-%D1%83%D0%B8%D0%BB%D1%8F%D0%BC-%D0%B3%D0%BB%D0%B0%D0%B4%D1%81%D1%82%D0%BE%D0%BD-%D0%BD%D0%B0-%D0%B1%D1%8A%D0%BB%D0%B3%D0%B0%D1%80%D0%B8/ HTTP/1.1" 200 21901 "-" "Mozilla/5.0 (compatible; MJ12bot/v1.4.8; http://mj12bot.com/)"
65.108.2.171 - - [05/Apr/2026:18:22:03 +0200] "GET /%D0%BA%D0%B0%D0%BA-%D0%B5-%D0%B2%D1%8A%D0%B7%D0%BD%D0%B8%D0%BA%D0%BD%D0%B0%D0%BB-%D0%BE%D1%81%D0%B5%D0%BD%D0%BE%D0%B2%D0%BB%D0%B0%D1%88%D0%BA%D0%B8%D1%8F%D1%82-%D0%BC%D0%B0%D0%BD%D0%B0%D1%81%D1%82/ HTTP/1.1" 502 150 "-" "Mozilla/5.0 (compatible; MJ12bot/v1.4.8; http://mj12bot.com/)"
65.108.2.171 - - [05/Apr/2026:18:22:07 +0200] "GET /%D0%BA%D0%BE%D0%BD%D1%81%D0%BA%D0%B8%D1%8F-%D0%B2%D0%B5%D0%BB%D0%B8%D0%BA%D0%B4%D0%B5%D0%BD-%D1%82%D0%BE%D0%B4%D0%BE%D1%80%D0%BE%D0%B2%D0%B4%D0%B5%D0%BD/ HTTP/1.1" 200 21638 "-" "Mozilla/5.0 (compatible; MJ12bot/v1.4.8; http://mj12bot.com/)"
65.108.2.171 - - [05/Apr/2026:18:22:09 +0200] "GET /%D0%BA%D1%80%D0%B0%D1%81%D0%BE%D1%82%D0%B0%D1%82%D0%B0-%D0%B1%D1%8A%D0%BB%D0%B3%D0%B0%D1%80%D1%81%D0%BA%D0%BE%D1%82%D0%BE-%D0%B5%D0%BB%D0%B5%D0%BD%D0%B8%D0%BD%D0%BE-%D1%85%D0%BE%D1%80%D0%BE/ HTTP/1.1" 200 21011 "-" "Mozilla/5.0 (compatible; MJ12bot/v1.4.8; http://mj12bot.com/)"
65.108.2.171 - - [05/Apr/2026:18:22:11 +0200] "GET /%D0%BA%D1%80%D0%B0%D1%81%D0%BE%D1%82%D0%B0%D1%82%D0%B0-%D0%BD%D0%B0-%D0%BF%D1%80%D0%B8%D1%80%D0%BE%D0%B4%D0%B5%D0%BD-%D0%BF%D0%B0%D1%80%D0%BA-%D0%B2%D1%80%D0%B0%D1%87%D0%B0%D0%BD%D1%81%D0%BA%D0%B8/ HTTP/1.1" 200 22606 "-" "Mozilla/5.0 (compatible; MJ12bot/v1.4.8; http://mj12bot.com/)"
65.108.2.171 - - [05/Apr/2026:18:22:13 +0200] "GET /%D0%BA%D1%80%D0%B5%D0%BC%D0%B8%D0%BA%D0%BE%D0%B2%D1%81%D0%BA%D0%B8%D1%8F%D1%82-%D0%BC%D0%B0%D0%BD%D0%B0%D1%81%D1%82%D0%B8%D1%80-%D1%81%D0%B2%D0%B5%D1%82%D0%B8-%D0%B3%D0%B5%D0%BE%D1%80%D0%B3/ HTTP/1.1" 200 21985 "-" "Mozilla/5.0 (compatible; MJ12bot/v1.4.8; http://mj12bot.com/)"
65.108.2.171 - - [05/Apr/2026:18:22:15 +0200] "GET /%D0%BA%D1%80%D1%8A%D1%81%D1%82%D0%BE%D0%B2%D0%B0-%D0%B3%D0%BE%D1%80%D0%B0-%D0%BA%D0%B0%D1%80%D0%B0%D0%B4%D0%B6%D0%BE%D0%B2-%D0%BA%D0%B0%D0%BC%D1%8A%D0%BA-%D0%B8-%D0%B1%D0%B5%D0%BB%D0%B8%D0%BD%D1%82/ HTTP/1.1" 200 22406 "-" "Mozilla/5.0 (compatible; MJ12bot/v1.4.8; http://mj12bot.com/)"
79.132.8.38 - - [05/Apr/2026:18:22:16 +0200] "GET /%D0%BD%D0%B0-24-%D0%BC%D0%B0%D0%B9-1949-%D0%B3-%D0%B2-%D0%BD%D0%B0%D1%80%D0%BE%D0%B4%D0%BD%D0%B0-%D1%80%D0%B5%D0%BF%D1%83%D0%B1%D0%BB%D0%B8%D0%BA%D0%B0-%D0%B1%D1%8A%D0%BB%D0%B3%D0%B0%D1%80%D0%B8/%D0%BB%D0%B0%D1%83%D1%80%D0%B5%D0%B0%D1%82_%D0%BD%D0%B0_%D0%B4%D0%B8%D0%BC%D0%B8%D1%82%D1%80%D0%BE%D0%B2%D1%81%D0%BA%D0%B0_%D0%BD%D0%B0%D0%B3%D1%80%D0%B0%D0%B4%D0%B0_iii_%D1%81%D1%82/ HTTP/1.1" 200 16772 "https://www.google.com/" "Mozilla/5.0 (Windows NT 10.0; Win64; x64; rv:149.0) Gecko/20100101 Firefox/149.0"
79.132.8.38 - - [05/Apr/2026:18:22:16 +0200] "GET /wp-content/uploads/2019/05/%D0%9B%D0%B0%D1%83%D1%80%D0%B5%D0%B0%D1%82_%D0%BD%D0%B0_%D0%94%D0%B8%D0%BC%D0%B8%D1%82%D1%80%D0%BE%D0%B2%D1%81%D0%BA%D0%B0_%D0%BD%D0%B0%D0%B3%D1%80%D0%B0%D0%B4%D0%B0_III_%D1%81%D1%82..jpg HTTP/1.1" 200 180887 "https://patrioti.net/%D0%BD%D0%B0-24-%D0%BC%D0%B0%D0%B9-1949-%D0%B3-%D0%B2-%D0%BD%D0%B0%D1%80%D0%BE%D0%B4%D0%BD%D0%B0-%D1%80%D0%B5%D0%BF%D1%83%D0%B1%D0%BB%D0%B8%D0%BA%D0%B0-%D0%B1%D1%8A%D0%BB%D0%B3%D0%B0%D1%80%D0%B8/%D0%BB%D0%B0%D1%83%D1%80%D0%B5%D0%B0%D1%82_%D0%BD%D0%B0_%D0%B4%D0%B8%D0%BC%D0%B8%D1%82%D1%80%D0%BE%D0%B2%D1%81%D0%BA%D0%B0_%D0%BD%D0%B0%D0%B3%D1%80%D0%B0%D0%B4%D0%B0_iii_%D1%81%D1%82/" "Mozilla/5.0 (Windows NT 10.0; Win64; x64; rv:149.0) Gecko/20100101 Firefox/149.0"
65.108.2.171 - - [05/Apr/2026:18:22:17 +0200] "GET /%D0%BA%D1%80%D1%8A%D1%81%D1%82%D0%BE%D0%B2%D0%B4%D0%B5%D0%BD-%D0%B5-%D0%B4%D0%B5%D0%BD%D1%8F%D1%82-%D0%B8-%D0%BD%D0%BE%D1%89%D1%82%D0%B0-%D1%81%D0%B5-%D0%BA%D1%80%D1%8A%D1%81%D1%82%D0%BE%D1%81%D0%B2/ HTTP/1.1" 200 22564 "-" "Mozilla/5.0 (compatible; MJ12bot/v1.4.8; http://mj12bot.com/)"
65.108.2.171 - - [05/Apr/2026:18:22:19 +0200] "GET /%D0%BA%D1%83%D0%BB%D0%B0%D1%82%D0%B0-%D1%81-%D1%87%D0%B5%D1%80%D0%B5%D0%BF%D0%B8%D1%82%D0%B5-%D0%BC%D0%BE%D0%BD%D1%83%D0%BC%D0%B5%D0%BD%D1%82%D1%8A%D1%82-%D0%BD%D0%B0-%D0%BE%D1%81%D0%BC/ HTTP/1.1" 200 23928 "-" "Mozilla/5.0 (compatible; MJ12bot/v1.4.8; http://mj12bot.com/)"
65.108.2.171 - - [05/Apr/2026:18:22:21 +0200] "GET /%D0%BA%D1%8A%D1%89%D0%B0-%D0%BC%D1%83%D0%B7%D0%B5%D0%B9-%D0%BE%D1%81%D0%B2%D0%BE%D0%B1%D0%BE%D0%B4%D0%B8%D1%82%D0%B5%D0%BB%D0%BD%D0%B0-%D0%B2%D0%BE%D0%B9%D0%BD%D0%B0-%D0%B3%D1%80%D0%B0/ HTTP/1.1" 200 21486 "-" "Mozilla/5.0 (compatible; MJ12bot/v1.4.8; http://mj12bot.com/)"
52.167.144.140 - - [05/Apr/2026:18:22:22 +0200] "GET /%D0%BA%D0%BE%D0%B9-%D0%B5-%D0%B1%D1%8A%D0%BB%D0%B3%D0%B0%D1%80%D1%81%D0%BA%D0%B8%D1%8F%D1%82-%D0%B8%D0%BD%D0%B4%D0%B8%D0%B0%D0%BD%D0%B0-%D0%B4%D0%B6%D0%BE%D1%83%D0%BD%D1%81/orig-15/ HTTP/1.1" 200 16708 "-" "Mozilla/5.0 AppleWebKit/537.36 (KHTML, like Gecko; compatible; bingbot/2.0; +http://www.bing.com/bingbot.htm) Chrome/116.0.1938.76 Safari/537.36"
216.73.216.22 - - [05/Apr/2026:18:22:23 +0200] "GET /tag/%D0%B1%D1%8A%D0%BB%D0%B3%D0%B0%D1%80%D0%B8%D1%82%D0%B5/page/252 HTTP/1.1" 301 0 "-" "Mozilla/5.0 AppleWebKit/537.36 (KHTML, like Gecko; compatible; ClaudeBot/1.0; +claudebot@anthropic.com)"
65.108.2.171 - - [05/Apr/2026:18:22:23 +0200] "GET /%D0%BB%D0%B0%D0%B7%D0%B0%D1%80-%D0%B4%D0%BE%D0%BD%D0%BA%D0%BE%D0%B2-%D1%81%D1%8A%D0%B7%D0%B4%D0%B0%D1%82%D0%B5%D0%BB%D1%8F%D1%82-%D0%BD%D0%B0-%D0%B5%D1%82%D0%BD%D0%BE%D0%B3%D1%80%D0%B0%D1%84%D1%81/ HTTP/1.1" 200 21729 "-" "Mozilla/5.0 (compatible; MJ12bot/v1.4.8; http://mj12bot.com/)"
216.73.216.22 - - [05/Apr/2026:18:22:23 +0200] "GET /tag/%D0%B1%D1%8A%D0%BB%D0%B3%D0%B0%D1%80%D0%B8%D1%82%D0%B5/page/252/ HTTP/1.1" 200 17012 "https://patrioti.net/tag/%D0%B1%D1%8A%D0%BB%D0%B3%D0%B0%D1%80%D0%B8%D1%82%D0%B5/page/252" "Mozilla/5.0 AppleWebKit/537.36 (KHTML, like Gecko; compatible; ClaudeBot/1.0; +claudebot@anthropic.com)"
51.89.129.47 - - [05/Apr/2026:18:22:24 +0200] "GET /%D0%B4%D0%B5%D0%BD-%D0%BD%D0%B0-%D1%82%D1%80%D0%B0%D0%BA%D0%B8%D0%B9%D1%81%D0%BA%D0%BE%D1%82%D0%BE-%D0%B4%D0%B5%D1%82%D0%B5-%D0%B2-%D0%BF%D0%B0%D0%BC%D0%B5%D1%82-%D0%BD%D0%B0-%D1%81%D1%8A%D0%B1%D0%B8/ HTTP/1.1" 200 21510 "-" "Mozilla/5.0 (compatible; AhrefsBot/7.0; +http://ahrefs.com/robot/)"
220.181.108.166 - - [05/Apr/2026:18:22:25 +0200] "GET /?p=18224 HTTP/1.1" 301 0 "-" "Mozilla/5.0 (compatible; Baiduspider/2.0; +http://www.baidu.com/search/spider.html)"
65.108.2.171 - - [05/Apr/2026:18:22:25 +0200] "GET /%D0%BB%D0%B5%D0%B3%D0%B5%D0%BD%D0%B4%D0%B0%D1%80%D0%BD%D0%B8%D1%8F%D1%82-%D1%82%D0%B0%D0%BD%D0%B5-%D0%B2%D0%BE%D0%B9%D0%B2%D0%BE%D0%B4%D0%B0-%D0%B8%D0%B7%D0%B4%D1%8A%D1%85%D0%B2%D0%B0-%D0%B2-%D0%B7/ HTTP/1.1" 200 21459 "-" "Mozilla/5.0 (compatible; MJ12bot/v1.4.8; http://mj12bot.com/)"
65.108.2.171 - - [05/Apr/2026:18:22:27 +0200] "GET /%D0%BB%D0%B5%D0%B3%D0%B5%D0%BD%D0%B4%D0%B0%D1%82%D0%B0-%D0%B7%D0%B0-%D0%BA%D0%B0%D0%BB%D0%BE%D1%8F%D0%BD%D0%B8%D1%86%D0%B0/feed/ HTTP/1.1" 200 522 "-" "Mozilla/5.0 (compatible; MJ12bot/v1.4.8; http://mj12bot.com/)"
220.181.108.155 - - [05/Apr/2026:18:22:27 +0200] "GET /%D0%BD%D0%B0-4-%D0%B4%D0%B5%D0%BA%D0%B5%D0%BC%D0%B2%D1%80%D0%B8-%D1%86%D1%8A%D1%80%D0%BA%D0%B2%D0%B0%D1%82%D0%B0-%D0%BF%D0%BE%D1%87%D0%B8%D1%82%D0%B0-%D1%81%D0%B2%D0%B5%D1%82%D0%B0-%D0%B2%D0%B0%D1%80/ HTTP/1.1" 200 20869 "-" "Mozilla/5.0 (compatible; Baiduspider/2.0; +http://www.baidu.com/search/spider.html)"
65.108.2.171 - - [05/Apr/2026:18:22:29 +0200] "GET /%D0%BB%D0%B5%D0%B3%D0%B5%D0%BD%D0%B4%D0%B0-%D0%B7%D0%B0-%D0%B4%D1%80%D0%B0%D0%B3%D0%B8%D0%B5%D0%B2%D0%B0%D1%82%D0%B0-%D1%87%D0%B5%D1%88%D0%BC%D0%B0/ HTTP/1.1" 200 20807 "-" "Mozilla/5.0 (compatible; MJ12bot/v1.4.8; http://mj12bot.com/)"
65.108.2.171 - - [05/Apr/2026:18:22:30 +0200] "GET /%D0%BB%D0%B5%D0%B3%D0%B5%D0%BD%D0%B4%D0%B8%D1%82%D0%B5-%D0%B7%D0%B0-%D1%81%D0%B5%D0%BB%D0%BE-%D0%B7%D0%BB%D0%B0%D1%82%D0%B8%D0%BD%D0%B8%D1%86%D0%B0/ HTTP/1.1" 200 21006 "-" "Mozilla/5.0 (compatible; MJ12bot/v1.4.8; http://mj12bot.com/)"
65.108.2.171 - - [05/Apr/2026:18:22:32 +0200] "GET /%D0%BB%D0%B5%D0%B3%D0%B5%D0%BD%D0%B4%D0%B8-%D0%B7%D0%B0-%D0%B3%D0%BB%D0%BE%D0%B6%D0%B5%D0%BD%D1%81%D0%BA%D0%B8%D1%8F-%D0%BC%D0%B0%D0%BD%D0%B0%D1%81%D1%82%D0%B8%D1%80/ HTTP/1.1" 200 21441 "-" "Mozilla/5.0 (compatible; MJ12bot/v1.4.8; http://mj12bot.com/)"
65.108.2.171 - - [05/Apr/2026:18:22:35 +0200] "GET /%D0%BC%D0%B0%D0%B3%D0%B8%D1%87%D0%B5%D1%81%D0%BA%D0%B8%D1%82%D0%B5-%D0%BA%D0%BE%D1%80%D0%B5%D0%BD%D0%B8-%D0%BD%D0%B0-%D1%81%D1%82%D1%80%D0%B0%D0%BD%D0%B4%D0%B6%D0%B0/ HTTP/1.1" 200 22228 "-" "Mozilla/5.0 (compatible; MJ12bot/v1.4.8; http://mj12bot.com/)"
65.108.2.171 - - [05/Apr/2026:18:22:37 +0200] "GET /%D0%BC%D0%B0%D0%B3%D0%B8%D1%8F%D1%82%D0%B0-%D0%BD%D0%B0-%D0%B1%D0%B0%D0%BA%D0%B0%D0%B4%D0%B6%D0%B8%D1%86%D0%B8%D1%82%D0%B5/ HTTP/1.1" 200 20707 "-" "Mozilla/5.0 (compatible; MJ12bot/v1.4.8; http://mj12bot.com/)"
95.111.15.127 - - [05/Apr/2026:18:22:38 +0200] "GET /%D0%BD%D0%B0-%D0%B4%D0%BD%D0%B5%D1%88%D0%BD%D0%B0%D1%82%D0%B0-%D0%B4%D0%B0%D1%82%D0%B0-%D1%83%D0%BC%D0%B8%D1%80%D0%B0-%D0%B1%D1%8A%D0%BB%D0%B3%D0%B0%D1%80%D1%81%D0%BA%D0%B8%D1%8F%D1%82-%D1%80%D0%B5/ HTTP/1.1" 200 21871 "https://www.google.com/" "Mozilla/5.0 (Linux; Android 10; K) AppleWebKit/537.36 (KHTML, like Gecko) Chrome/146.0.0.0 Mobile Safari/537.36"
95.111.15.127 - - [05/Apr/2026:18:22:38 +0200] "GET /wp-content/uploads/2018/08/Nikola_Andreev.jpg HTTP/1.1" 200 232945 "https://patrioti.net/%D0%BD%D0%B0-%D0%B4%D0%BD%D0%B5%D1%88%D0%BD%D0%B0%D1%82%D0%B0-%D0%B4%D0%B0%D1%82%D0%B0-%D1%83%D0%BC%D0%B8%D1%80%D0%B0-%D0%B1%D1%8A%D0%BB%D0%B3%D0%B0%D1%80%D1%81%D0%BA%D0%B8%D1%8F%D1%82-%D1%80%D0%B5/" "Mozilla/5.0 (Linux; Android 10; K) AppleWebKit/537.36 (KHTML, like Gecko) Chrome/146.0.0.0 Mobile Safari/537.36"
95.111.15.127 - - [05/Apr/2026:18:22:39 +0200] "GET /wp-content/plugins/onesignal-free-web-push-notifications/sdk_files/manifest.json.php?gcm_sender_id= HTTP/1.1" 200 91 "https://patrioti.net/%D0%BD%D0%B0-%D0%B4%D0%BD%D0%B5%D1%88%D0%BD%D0%B0%D1%82%D0%B0-%D0%B4%D0%B0%D1%82%D0%B0-%D1%83%D0%BC%D0%B8%D1%80%D0%B0-%D0%B1%D1%8A%D0%BB%D0%B3%D0%B0%D1%80%D1%81%D0%BA%D0%B8%D1%8F%D1%82-%D1%80%D0%B5/" "Mozilla/5.0 (Linux; Android 10; K) AppleWebKit/537.36 (KHTML, like Gecko) Chrome/146.0.0.0 Mobile Safari/537.36"
65.108.2.171 - - [05/Apr/2026:18:22:39 +0200] "GET /%D0%BC%D0%B0%D0%BD%D0%B0%D1%81%D1%82%D0%B8%D1%80%D1%8A%D1%82-%D1%81%D0%B2%D0%B5%D1%82%D0%B8-%D0%B0%D1%82%D0%B0%D0%BD%D0%B0%D1%81%D0%B8%D0%B9-%D0%BD%D0%B0%D0%B4-%D1%81%D0%B5%D0%BB%D0%BE-%D0%B7/ HTTP/1.1" 200 21168 "-" "Mozilla/5.0 (compatible; MJ12bot/v1.4.8; http://mj12bot.com/)"
65.108.2.171 - - [05/Apr/2026:18:22:41 +0200] "GET /%D0%BC%D0%B0%D1%80%D1%82%D0%B5%D0%BD%D0%B8%D1%86%D0%B0%D1%82%D0%B0-%D0%BD%D0%B8%D1%88%D0%BA%D0%B0%D1%82%D0%B0-%D0%BA%D0%BE%D1%8F%D1%82%D0%BE-%D0%BD%D0%B8-%D1%81%D0%B2%D1%8A%D1%80%D0%B7%D0%B2%D0%B0/ HTTP/1.1" 200 21018 "-" "Mozilla/5.0 (compatible; MJ12bot/v1.4.8; http://mj12bot.com/)"
65.108.2.171 - - [05/Apr/2026:18:22:44 +0200] "GET /%D0%BC%D0%B5%D1%82%D0%BE%D1%85%D1%8A%D1%82-%D0%BE%D1%80%D0%BB%D0%B8%D1%86%D0%B0-%D0%B5%D0%B4%D0%B8%D0%BD-%D0%BE%D1%82-%D0%BD%D0%B0%D0%B9-%D1%81%D1%82%D0%B0%D1%80%D0%B8%D1%82%D0%B5-%D0%BC%D0%B5%D1%82/ HTTP/1.1" 200 22862 "-" "Mozilla/5.0 (compatible; MJ12bot/v1.4.8; http://mj12bot.com/)"
65.108.2.171 - - [05/Apr/2026:18:22:49 +0200] "GET /%D0%BC%D1%83%D0%B7%D0%B5%D0%B9-%D0%BA%D0%BE%D0%BB%D1%8C%D0%BE-%D1%84%D0%B8%D1%87%D0%B5%D1%82%D0%BE-%D0%B2-%D0%B3%D1%80%D0%B0%D0%B4-%D0%B4%D1%80%D1%8F%D0%BD%D0%BE%D0%B2%D0%BE/ HTTP/1.1" 200 20814 "-" "Mozilla/5.0 (compatible; MJ12bot/v1.4.8; http://mj12bot.com/)"
65.108.2.171 - - [05/Apr/2026:18:22:51 +0200] "GET /%D0%BD%D0%B0%D0%B9-%D0%B3%D0%BE%D0%BB%D1%8F%D0%BC%D0%B0%D1%82%D0%B0-%D0%B1%D1%8A%D0%BB%D0%B3%D0%B0%D1%80%D1%81%D0%BA%D0%B0-%D0%B2%D0%BE%D0%B5%D0%BD%D0%BD%D0%B0-%D0%BF%D0%BE%D0%B1%D0%B5%D0%B4%D0%B0/ HTTP/1.1" 200 23696 "-" "Mozilla/5.0 (compatible; MJ12bot/v1.4.8; http://mj12bot.com/)"
161.97.137.93 - - [05/Apr/2026:18:22:54 +0200] "POST /wp-cron.php?doing_wp_cron=1775406174.4265029430389404296875 HTTP/1.1" 404 15247 "https://patrioti.net/wp-cron.php?doing_wp_cron=1775406174.4265029430389404296875" "WordPress/4.9.26; https://patrioti.net"
65.108.2.171 - - [05/Apr/2026:18:22:54 +0200] "GET /%D0%BD%D0%B0-%D0%B4%D0%BD%D0%B5%D1%88%D0%BD%D0%B0%D1%82%D0%B0-%D0%B4%D0%B0%D1%82%D0%B0-%D0%B5-%D1%83%D0%B1%D0%B8%D1%82-%D0%B1%D1%8A%D0%BB%D0%B3%D0%B0%D1%80%D1%81%D0%BA%D0%B8%D1%8F%D1%82-%D0%B3%D0%B5/ HTTP/1.1" 200 22841 "-" "Mozilla/5.0 (compatible; MJ12bot/v1.4.8; http://mj12bot.com/)"
65.108.2.171 - - [05/Apr/2026:18:22:59 +0200] "GET /%D0%BD%D0%B0-%D0%B4%D0%BD%D0%B5%D1%88%D0%BD%D0%B0%D1%82%D0%B0-%D0%B4%D0%B0%D1%82%D0%B0-%D1%83%D0%BC%D0%B8%D1%80%D0%B0-%D0%B1%D1%8A%D0%BB%D0%B3%D0%B0%D1%80%D1%81%D0%BA%D0%B8%D1%8F%D1%82-%D0%BE%D0%B1-2/feed/ HTTP/1.1" 200 592 "-" "Mozilla/5.0 (compatible; MJ12bot/v1.4.8; http://mj12bot.com/)"
65.108.2.171 - - [05/Apr/2026:18:23:01 +0200] "GET /%D0%BD%D0%B0-%D0%B4%D0%BD%D0%B5%D1%88%D0%BD%D0%B0%D1%82%D0%B0-%D0%B4%D0%B0%D1%82%D0%B0-%D1%83%D0%BC%D0%B8%D1%80%D0%B0-%D0%B1%D1%8A%D0%BB%D0%B3%D0%B0%D1%80%D1%81%D0%BA%D0%B8%D1%8F%D1%82-%D0%BF%D0%B8-18/ HTTP/1.1" 200 21568 "-" "Mozilla/5.0 (compatible; MJ12bot/v1.4.8; http://mj12bot.com/)"
65.108.2.171 - - [05/Apr/2026:18:23:03 +0200] "GET /%D0%BD%D0%B0-%D0%B4%D0%BD%D0%B5%D1%88%D0%BD%D0%B0%D1%82%D0%B0-%D0%B4%D0%B0%D1%82%D0%B0-%D1%83%D0%BC%D0%B8%D1%80%D0%B0-%D0%B1%D1%8A%D0%BB%D0%B3%D0%B0%D1%80%D1%81%D0%BA%D0%B8%D1%8F%D1%82-%D1%80%D0%B5-34/ HTTP/1.1" 200 22376 "-" "Mozilla/5.0 (compatible; MJ12bot/v1.4.8; http://mj12bot.com/)"
198.244.226.205 - - [05/Apr/2026:18:23:05 +0200] "GET /%D0%BD%D0%B0-20-%D1%84%D0%B5%D0%B2%D1%80%D1%83%D0%B0%D1%80%D0%B8-1962-%D0%B3-%D1%83%D0%BC%D0%B8%D1%80%D0%B0-%D0%B1%D1%8A%D0%BB%D0%B3%D0%B0%D1%80%D1%81%D0%BA%D0%B8%D1%8F%D1%82-%D1%80%D0%B5%D0%B2%D0%BE/ HTTP/1.1" 200 23497 "-" "Mozilla/5.0 (compatible; AhrefsBot/7.0; +http://ahrefs.com/robot/)"
65.108.2.171 - - [05/Apr/2026:18:23:05 +0200] "GET /%D0%BD%D0%B0-%D0%B4%D0%BD%D0%B5%D1%88%D0%BD%D0%B0%D1%82%D0%B0-%D0%B4%D0%B0%D1%82%D0%B0-%D1%83%D0%BC%D0%B8%D1%80%D0%B0-%D0%B1%D1%8A%D0%BB%D0%B3%D0%B0%D1%80%D1%81%D0%BA%D0%B8%D1%8F%D1%82-%D1%88%D0%B0/ HTTP/1.1" 200 21031 "-" "Mozilla/5.0 (compatible; MJ12bot/v1.4.8; http://mj12bot.com/)"
65.108.2.171 - - [05/Apr/2026:18:23:07 +0200] "GET /%D0%BD%D0%B0-%D0%B4%D0%BD%D0%B5%D1%88%D0%BD%D0%B0%D1%82%D0%B0-%D0%B4%D0%B0%D1%82%D0%B0-%D1%87%D0%B5%D1%81%D1%82%D0%B2%D0%B0%D0%BC%D0%B5-%D0%BB%D0%B0%D0%B7%D0%B0%D1%80%D0%BE%D0%B2%D0%B4%D0%B5%D0%BD/ HTTP/1.1" 200 22482 "-" "Mozilla/5.0 (compatible; MJ12bot/v1.4.8; http://mj12bot.com/)"
65.108.2.171 - - [05/Apr/2026:18:23:09 +0200] "GET /%D0%BD%D0%B0-%D0%B4%D0%BD%D0%B5%D1%88%D0%BD%D0%B0%D1%82%D0%B0-%D0%B4%D0%B0%D1%82%D0%B0-28-%D0%BC%D0%B8-%D0%BD%D0%BE%D0%B5%D0%BC%D0%B2%D1%80%D0%B8-%D1%80%D0%BE%D0%B6%D0%B4%D0%B5%D0%BD-%D0%B4%D0%B5/ HTTP/1.1" 200 21974 "-" "Mozilla/5.0 (compatible; MJ12bot/v1.4.8; http://mj12bot.com/)"
65.108.2.171 - - [05/Apr/2026:18:23:14 +0200] "GET /%D0%BD%D0%B0-1-%D0%B2%D0%B8-%D0%BC%D0%B0%D0%B9-%D0%BE%D1%82%D0%B1%D0%B5%D0%BB%D1%8F%D0%B7%D0%B2%D0%B0%D0%BC%D0%B5-%D0%B4%D0%B5%D0%BD-%D0%BD%D0%B0-%D1%82%D1%80%D1%83%D0%B4%D0%B0/ HTTP/1.1" 200 22322 "-" "Mozilla/5.0 (compatible; MJ12bot/v1.4.8; http://mj12bot.com/)"
65.108.2.171 - - [05/Apr/2026:18:23:16 +0200] "GET /%D0%BD%D0%B0-1-%D0%B4%D0%B5%D0%BA%D0%B5%D0%BC%D0%B2%D1%80%D0%B8-1347-%D0%B3-%D1%86%D0%B0%D1%80-%D0%B8%D0%B2%D0%B0%D0%BD-%D0%B0%D0%BB%D0%B5%D0%BA%D1%81%D0%B0%D0%BD%D0%B4%D1%8A%D1%80-%D1%81%D0%B5/ HTTP/1.1" 200 21426 "-" "Mozilla/5.0 (compatible; MJ12bot/v1.4.8; http://mj12bot.com/)"
216.73.216.22 - - [05/Apr/2026:18:23:16 +0200] "GET /26-%d0%bc%d0%b0%d1%80%d1%82-%d0%b5-%d0%b4%d0%b5%d0%bd-%d0%bd%d0%b0-%d1%82%d1%80%d0%b0%d0%ba%d0%b8%d1%8f-%d0%b8-%d0%bf%d1%80%d0%b0%d0%b7%d0%bd%d0%b8%d0%ba-%d0%bd%d0%b0-%d0%ba%d0%be%d0%bc%d0%b0%d0%bd HTTP/1.1" 301 0 "-" "Mozilla/5.0 AppleWebKit/537.36 (KHTML, like Gecko; compatible; ClaudeBot/1.0; +claudebot@anthropic.com)"
216.73.216.22 - - [05/Apr/2026:18:23:16 +0200] "GET /%d0%b4%d0%bd%d0%b5%d1%81-%d0%b5-%d1%80%d0%be%d0%b4%d0%b5%d0%bd-%d0%b1%d1%8a%d0%bb%d0%b3%d0%b0%d1%80%d1%81%d0%ba%d0%b8%d1%8f%d1%82-%d0%b8%d1%81%d1%82%d0%be%d1%80%d0%b8%d0%ba-%d0%bf%d1%80%d0%be%d1%84-3/whatsapp:/send HTTP/1.1" 404 15247 "-" "Mozilla/5.0 AppleWebKit/537.36 (KHTML, like Gecko; compatible; ClaudeBot/1.0; +claudebot@anthropic.com)"
216.73.216.22 - - [05/Apr/2026:18:23:16 +0200] "GET /26-%d0%bc%d0%b0%d1%80%d1%82-%d0%b5-%d0%b4%d0%b5%d0%bd-%d0%bd%d0%b0-%d1%82%d1%80%d0%b0%d0%ba%d0%b8%d1%8f-%d0%b8-%d0%bf%d1%80%d0%b0%d0%b7%d0%bd%d0%b8%d0%ba-%d0%bd%d0%b0-%d0%ba%d0%be%d0%bc%d0%b0%d0%bd/ HTTP/1.1" 200 21324 "https://patrioti.net/26-%d0%bc%d0%b0%d1%80%d1%82-%d0%b5-%d0%b4%d0%b5%d0%bd-%d0%bd%d0%b0-%d1%82%d1%80%d0%b0%d0%ba%d0%b8%d1%8f-%d0%b8-%d0%bf%d1%80%d0%b0%d0%b7%d0%bd%d0%b8%d0%ba-%d0%bd%d0%b0-%d0%ba%d0%be%d0%bc%d0%b0%d0%bd" "Mozilla/5.0 AppleWebKit/537.36 (KHTML, like Gecko; compatible; ClaudeBot/1.0; +claudebot@anthropic.com)"
65.108.2.171 - - [05/Apr/2026:18:23:18 +0200] "GET /%D0%BD%D0%B0-1-%D0%BC%D0%B0%D0%B9-%D1%86%D1%8A%D1%80%D0%BA%D0%B2%D0%B0%D1%82%D0%B0-%D0%BF%D0%BE%D1%87%D0%B8%D1%82%D0%B0-%D1%81%D0%B2-%D0%BF%D1%80%D0%B5%D0%BF%D0%BE%D0%B4%D0%BE%D0%B1%D0%BD%D0%BE%D0%BC/ HTTP/1.1" 200 22469 "-" "Mozilla/5.0 (compatible; MJ12bot/v1.4.8; http://mj12bot.com/)"
65.108.2.171 - - [05/Apr/2026:18:23:19 +0200] "GET /%D0%BD%D0%B0-1-%D0%BC%D0%B0%D0%B9-1872-%D0%B3-%D1%81%D0%B5-%D1%81%D1%8A%D1%81%D1%82%D0%BE%D0%B8-%D0%B2%D1%82%D0%BE%D1%80%D0%BE%D1%82%D0%BE-%D0%B7%D0%B0%D1%81%D0%B5%D0%B4%D0%B0%D0%BD%D0%B8%D0%B5/ HTTP/1.1" 200 21757 "-" "Mozilla/5.0 (compatible; MJ12bot/v1.4.8; http://mj12bot.com/)"
198.244.240.241 - - [05/Apr/2026:18:23:20 +0200] "GET /wp-content/cache/page_enhanced/patrioti.net/tag/%D0%BD%D0%B0%D1%86%D0%B8%D0%BE%D0%BD%D0%B0%D0%BB/?C=N;O=A HTTP/1.1" 200 372 "-" "Mozilla/5.0 (compatible; AhrefsBot/7.0; +http://ahrefs.com/robot/)"
65.108.2.171 - - [05/Apr/2026:18:23:21 +0200] "GET /%D0%BD%D0%B0-1-%D0%BD%D0%BE%D0%B5%D0%BC%D0%B2%D1%80%D0%B8-%D0%BA%D1%83%D0%BA%D0%BB%D0%B5%D0%BD%D1%81%D0%BA%D0%B8%D1%8F%D1%82-%D0%BC%D0%B0%D0%BD%D0%B0%D1%81%D1%82%D0%B8%D1%80-%D0%BF%D1%80%D0%B0%D0%B7/ HTTP/1.1" 200 23124 "-" "Mozilla/5.0 (compatible; MJ12bot/v1.4.8; http://mj12bot.com/)"
65.108.2.171 - - [05/Apr/2026:18:23:23 +0200] "GET /%D0%BD%D0%B0-1-%D0%BD%D0%BE%D0%B5%D0%BC%D0%B2%D1%80%D0%B8-%D0%BA%D1%83%D0%BA%D0%BB%D0%B5%D0%BD%D1%81%D0%BA%D0%B8%D1%8F%D1%82-%D0%BC%D0%B0%D0%BD%D0%B0%D1%81%D1%82%D0%B8%D1%80-%D0%BF%D1%80%D0%B0%D0%B7/feed/ HTTP/1.1" 200 612 "-" "Mozilla/5.0 (compatible; MJ12bot/v1.4.8; http://mj12bot.com/)"
65.108.2.171 - - [05/Apr/2026:18:23:28 +0200] "GET /%D0%BD%D0%B0-1-%D0%BD%D0%BE%D0%B5%D0%BC%D0%B2%D1%80%D0%B8-1929-%D0%B3-%D0%B5-%D1%80%D0%BE%D0%B4%D0%B5%D0%BD-%D0%B1%D1%8A%D0%BB%D0%B3%D0%B0%D1%80%D1%81%D0%BA%D0%B8%D1%8F%D1%82-%D1%84%D1%83%D1%82%D0%B1/ HTTP/1.1" 200 21039 "-" "Mozilla/5.0 (compatible; MJ12bot/v1.4.8; http://mj12bot.com/)"
65.108.2.171 - - [05/Apr/2026:18:23:33 +0200] "GET /%D0%BD%D0%B0-11-%D0%BD%D0%BE%D0%B5%D0%BC%D0%B2%D1%80%D0%B8-%D1%86%D1%8A%D1%80%D0%BA%D0%B2%D0%B0%D1%82%D0%B0-%D0%BF%D0%BE%D1%87%D0%B8%D1%82%D0%B0-%D1%81%D0%B2-%D1%82%D0%B5%D0%BE%D0%B4%D0%BE%D1%80/ HTTP/1.1" 200 25473 "-" "Mozilla/5.0 (compatible; MJ12bot/v1.4.8; http://mj12bot.com/)"
65.108.2.171 - - [05/Apr/2026:18:23:35 +0200] "GET /%D0%BD%D0%B0-11-%D0%BD%D0%BE%D0%B5%D0%BC%D0%B2%D1%80%D0%B8-1952-%D0%B3-%D1%81%D0%B0-%D0%B5%D0%BA%D0%B7%D0%B5%D0%BA%D1%83%D1%82%D0%B8%D1%80%D0%B0%D0%BD%D0%B8-%D0%B5%D0%BF%D0%B8%D1%81%D0%BA%D0%BE%D0%BF/feed/ HTTP/1.1" 200 670 "-" "Mozilla/5.0 (compatible; MJ12bot/v1.4.8; http://mj12bot.com/)"
65.108.2.171 - - [05/Apr/2026:18:23:37 +0200] "GET /%D0%BD%D0%B0-12-%D0%BD%D0%BE%D0%B5%D0%BC%D0%B2%D1%80%D0%B8-%D1%86%D1%8A%D1%80%D0%BA%D0%B2%D0%B0%D1%82%D0%B0-%D0%BF%D0%BE%D1%87%D0%B8%D1%82%D0%B0-%D1%81%D0%B2-%D0%BF%D1%80%D0%B5%D0%BF%D0%BE%D0%B4/ HTTP/1.1" 200 21383 "-" "Mozilla/5.0 (compatible; MJ12bot/v1.4.8; http://mj12bot.com/)"
