52.243.57.116 - - [05/Apr/2026:18:29:04 +0200] "GET /about.php HTTP/1.1" 404 15251 "-" "Mozilla/5.0 (Windows NT 10.0; Win64; x64) AppleWebKit/537.36 (KHTML, like Gecko) Chrome/120.0.0.0 Safari/537.36"
65.108.2.171 - - [05/Apr/2026:18:29:04 +0200] "GET /%D0%B1%D1%8A%D0%BB%D0%B3%D0%B0%D1%80%D0%BA%D0%B0%D1%82%D0%B0-%D0%B5%D0%BB%D0%B5%D0%BD%D0%B0-%D0%BD%D0%B8%D0%BA%D0%BE%D0%BB%D0%B0%D0%B9-%D0%B5-%D0%BD%D0%B0%D0%B9-%D0%B2%D0%B5%D0%BB%D0%B8%D0%BA%D0%BE/ HTTP/1.1" 200 28979 "-" "Mozilla/5.0 (compatible; MJ12bot/v1.4.8; http://mj12bot.com/)"
52.243.57.116 - - [05/Apr/2026:18:29:04 +0200] "GET /0x.php HTTP/1.1" 404 15251 "-" "Mozilla/5.0 (Windows NT 10.0; Win64; x64) AppleWebKit/537.36 (KHTML, like Gecko) Chrome/120.0.0.0 Safari/537.36"
52.243.57.116 - - [05/Apr/2026:18:29:05 +0200] "GET /fff.php HTTP/1.1" 404 15249 "-" "Mozilla/5.0 (Windows NT 10.0; Win64; x64) AppleWebKit/537.36 (KHTML, like Gecko) Chrome/120.0.0.0 Safari/537.36"
52.243.57.116 - - [05/Apr/2026:18:29:06 +0200] "GET /ff1.php HTTP/1.1" 404 15249 "-" "Mozilla/5.0 (Windows NT 10.0; Win64; x64) AppleWebKit/537.36 (KHTML, like Gecko) Chrome/120.0.0.0 Safari/537.36"
52.243.57.116 - - [05/Apr/2026:18:29:07 +0200] "GET /wp-themes.php HTTP/1.1" 404 15250 "-" "Mozilla/5.0 (Windows NT 10.0; Win64; x64) AppleWebKit/537.36 (KHTML, like Gecko) Chrome/120.0.0.0 Safari/537.36"
65.108.2.171 - - [05/Apr/2026:18:29:07 +0200] "GET /%D0%B1%D1%8A%D0%BB%D0%B3%D0%B0%D1%80%D1%81%D0%BA%D0%B8%D1%82%D0%B5-%D1%86%D0%B0%D1%80%D0%B5-%D0%B0%D1%81%D0%B5%D0%BD-%D0%B8-%D0%BF%D0%B5%D1%82%D1%8A%D1%80-%D0%B7%D0%B0%D0%B1%D0%B5%D0%BB%D0%B5%D0%B6/ HTTP/1.1" 200 23666 "-" "Mozilla/5.0 (compatible; MJ12bot/v1.4.8; http://mj12bot.com/)"
52.243.57.116 - - [05/Apr/2026:18:29:07 +0200] "GET /adminfuns.php HTTP/1.1" 404 15251 "-" "Mozilla/5.0 (Windows NT 10.0; Win64; x64) AppleWebKit/537.36 (KHTML, like Gecko) Chrome/120.0.0.0 Safari/537.36"
52.243.57.116 - - [05/Apr/2026:18:29:08 +0200] "GET /class-t.api.php HTTP/1.1" 404 15250 "-" "Mozilla/5.0 (Windows NT 10.0; Win64; x64) AppleWebKit/537.36 (KHTML, like Gecko) Chrome/120.0.0.0 Safari/537.36"
52.243.57.116 - - [05/Apr/2026:18:29:09 +0200] "GET /content.php HTTP/1.1" 404 15250 "-" "Mozilla/5.0 (Windows NT 10.0; Win64; x64) AppleWebKit/537.36 (KHTML, like Gecko) Chrome/120.0.0.0 Safari/537.36"
52.243.57.116 - - [05/Apr/2026:18:29:10 +0200] "GET /r.php HTTP/1.1" 404 15250 "-" "Mozilla/5.0 (Windows NT 10.0; Win64; x64) AppleWebKit/537.36 (KHTML, like Gecko) Chrome/120.0.0.0 Safari/537.36"
65.108.2.171 - - [05/Apr/2026:18:29:11 +0200] "GET /%D0%B2%D0%B5%D0%BB%D0%B8%D0%BA%D0%B8%D1%8F%D1%82-%D0%BA%D0%B0%D0%BD-%D0%BA%D1%80%D1%83%D0%BC-%D0%B5-%D0%B3%D0%BE%D1%80%D0%B4%D0%BE%D1%81%D1%82-%D0%B7%D0%B0-%D0%B1%D1%8A%D0%BB%D0%B3%D0%B0%D1%80%D0%B8/ HTTP/1.1" 200 21852 "-" "Mozilla/5.0 (compatible; MJ12bot/v1.4.8; http://mj12bot.com/)"
52.243.57.116 - - [05/Apr/2026:18:29:11 +0200] "GET /w.php HTTP/1.1" 404 15250 "-" "Mozilla/5.0 (Windows NT 10.0; Win64; x64) AppleWebKit/537.36 (KHTML, like Gecko) Chrome/120.0.0.0 Safari/537.36"
52.243.57.116 - - [05/Apr/2026:18:29:11 +0200] "GET /classwithtostring.php HTTP/1.1" 404 15250 "-" "Mozilla/5.0 (Windows NT 10.0; Win64; x64) AppleWebKit/537.36 (KHTML, like Gecko) Chrome/120.0.0.0 Safari/537.36"
160.30.137.9 - - [05/Apr/2026:18:29:12 +0200] "GET /wp-login.php HTTP/1.1" 200 1168 "https://wordpress.org/" "Mozilla/5.0 (Windows NT 10.0; Win64; x64; rv:120.0) Gecko/20100101 Firefox/120.0"
161.97.137.93 - - [05/Apr/2026:18:29:13 +0200] "POST /wp-cron.php?doing_wp_cron=1775406552.6088190078735351562500 HTTP/1.1" 404 15247 "https://patrioti.net/wp-cron.php?doing_wp_cron=1775406552.6088190078735351562500" "WordPress/4.9.26; https://patrioti.net"
160.30.137.9 - - [05/Apr/2026:18:29:13 +0200] "GET /wp-login.php HTTP/1.1" 200 1168 "https://www.google.com/search?q=wordpress" "Mozilla/5.0 (Macintosh; Intel Mac OS X 10_15_7) AppleWebKit/537.36 (KHTML, like Gecko) Chrome/118.0.0.0 Safari/537.36"
65.108.2.171 - - [05/Apr/2026:18:29:13 +0200] "GET /%D0%B2%D0%B5%D0%BB%D0%B8%D0%BA%D0%BE%D0%BB%D0%B5%D0%BF%D0%BD%D0%B0%D1%82%D0%B0-%D0%BA%D0%BE%D0%BB%D0%B5%D0%BA%D1%86%D0%B8%D1%8F-%D0%B1%D1%8A%D0%BB%D0%B3%D0%B0%D1%80%D1%81%D0%BA%D0%B8-%D0%BF%D1%80/ HTTP/1.1" 200 22389 "-" "Mozilla/5.0 (compatible; MJ12bot/v1.4.8; http://mj12bot.com/)"
52.243.57.116 - - [05/Apr/2026:18:29:13 +0200] "GET /edit.php HTTP/1.1" 404 15250 "-" "Mozilla/5.0 (Windows NT 10.0; Win64; x64) AppleWebKit/537.36 (KHTML, like Gecko) Chrome/120.0.0.0 Safari/537.36"
160.30.137.9 - - [05/Apr/2026:18:29:13 +0200] "GET /wp-admin/ HTTP/1.1" 302 0 "https://duckduckgo.com/" "Mozilla/5.0 (Windows NT 10.0; Win64; x64) AppleWebKit/537.36 (KHTML, like Gecko) Chrome/120.0.0.0 Safari/537.36"
52.243.57.116 - - [05/Apr/2026:18:29:14 +0200] "GET /wp-blog.php HTTP/1.1" 404 15251 "-" "Mozilla/5.0 (Windows NT 10.0; Win64; x64) AppleWebKit/537.36 (KHTML, like Gecko) Chrome/120.0.0.0 Safari/537.36"
160.30.137.9 - - [05/Apr/2026:18:29:14 +0200] "GET /wp-login.php?redirect_to=https%3A%2F%2Fpatrioti.net%2Fwp-admin%2F&reauth=1 HTTP/1.1" 200 1168 "https://duckduckgo.com/" "Mozilla/5.0 (Windows NT 10.0; Win64; x64) AppleWebKit/537.36 (KHTML, like Gecko) Chrome/120.0.0.0 Safari/537.36"
52.243.57.116 - - [05/Apr/2026:18:29:14 +0200] "GET /php8.php HTTP/1.1" 404 15250 "-" "Mozilla/5.0 (Windows NT 10.0; Win64; x64) AppleWebKit/537.36 (KHTML, like Gecko) Chrome/120.0.0.0 Safari/537.36"
65.108.2.171 - - [05/Apr/2026:18:29:15 +0200] "GET /%D0%B2%D0%B5%D1%87%D0%B5-%D0%BD%D0%B0%D0%B4-115-%D0%B3%D0%BE%D0%B4%D0%B8%D0%BD%D0%B8-%D0%BD%D0%B0-1-%D0%BC%D0%B0%D0%B9-%D0%B7%D0%B2%D1%83%D1%87%D0%B8-%D0%B4%D1%80%D1%83%D0%B6%D0%BD%D0%B0/ HTTP/1.1" 200 23090 "-" "Mozilla/5.0 (compatible; MJ12bot/v1.4.8; http://mj12bot.com/)"
52.243.57.116 - - [05/Apr/2026:18:29:15 +0200] "GET /10.php HTTP/1.1" 404 15249 "-" "Mozilla/5.0 (Windows NT 10.0; Win64; x64) AppleWebKit/537.36 (KHTML, like Gecko) Chrome/120.0.0.0 Safari/537.36"
52.243.57.116 - - [05/Apr/2026:18:29:16 +0200] "GET /manager.php HTTP/1.1" 404 15251 "-" "Mozilla/5.0 (Windows NT 10.0; Win64; x64) AppleWebKit/537.36 (KHTML, like Gecko) Chrome/120.0.0.0 Safari/537.36"
65.108.2.171 - - [05/Apr/2026:18:29:17 +0200] "GET /%D0%B2%D1%81%D0%B8%D1%87%D0%BA%D0%B8-%D0%BF%D0%B0%D0%B4%D0%B0%D1%85%D0%B0-%D0%BD%D0%B0-%D0%BA%D0%BE%D0%BB%D0%B5%D0%BD%D0%B5-%D0%B8-%D1%86%D0%B5%D0%BB%D1%83%D0%B2%D0%B0%D1%85%D0%B0-%D0%B4%D1%80%D0%B5/ HTTP/1.1" 200 22125 "-" "Mozilla/5.0 (compatible; MJ12bot/v1.4.8; http://mj12bot.com/)"
52.243.57.116 - - [05/Apr/2026:18:29:17 +0200] "GET /p.php HTTP/1.1" 404 15250 "-" "Mozilla/5.0 (Windows NT 10.0; Win64; x64) AppleWebKit/537.36 (KHTML, like Gecko) Chrome/120.0.0.0 Safari/537.36"
66.249.69.132 - - [05/Apr/2026:18:29:17 +0200] "GET /wp-includes/images/wlw/wp-comments.png HTTP/1.1" 200 1373 "-" "Googlebot-Image/1.0"
52.243.57.116 - - [05/Apr/2026:18:29:18 +0200] "GET /hplfuns.php HTTP/1.1" 404 15250 "-" "Mozilla/5.0 (Windows NT 10.0; Win64; x64) AppleWebKit/537.36 (KHTML, like Gecko) Chrome/120.0.0.0 Safari/537.36"
52.243.57.116 - - [05/Apr/2026:18:29:18 +0200] "GET /bless.php HTTP/1.1" 404 15249 "-" "Mozilla/5.0 (Windows NT 10.0; Win64; x64) AppleWebKit/537.36 (KHTML, like Gecko) Chrome/120.0.0.0 Safari/537.36"
65.108.2.171 - - [05/Apr/2026:18:29:19 +0200] "GET /%D0%B2%D1%87%D0%B5%D1%80%D0%B0-%D1%81-%D0%B2%D1%8A%D0%B7%D1%80%D0%BE%D0%B6%D0%B4%D0%B5%D0%BD%D1%81%D0%BA%D0%B8-%D0%BF%D0%B5%D1%81%D0%BD%D0%B8-%D0%B8-%D0%BC%D0%BE%D0%BB%D0%B8%D1%82%D0%B2%D0%B0-%D1%80/ HTTP/1.1" 200 21373 "-" "Mozilla/5.0 (compatible; MJ12bot/v1.4.8; http://mj12bot.com/)"
52.243.57.116 - - [05/Apr/2026:18:29:19 +0200] "GET /php.php HTTP/1.1" 404 15250 "-" "Mozilla/5.0 (Windows NT 10.0; Win64; x64) AppleWebKit/537.36 (KHTML, like Gecko) Chrome/120.0.0.0 Safari/537.36"
52.243.57.116 - - [05/Apr/2026:18:29:20 +0200] "GET /chosen.php HTTP/1.1" 404 15250 "-" "Mozilla/5.0 (Windows NT 10.0; Win64; x64) AppleWebKit/537.36 (KHTML, like Gecko) Chrome/120.0.0.0 Safari/537.36"
65.108.2.171 - - [05/Apr/2026:18:29:20 +0200] "GET /%D0%B2%D1%87%D0%B5%D1%80%D0%B0-%D1%81-%D0%B2%D1%8A%D0%B7%D1%80%D0%BE%D0%B6%D0%B4%D0%B5%D0%BD%D1%81%D0%BA%D0%B8-%D0%BF%D0%B5%D1%81%D0%BD%D0%B8-%D0%B8-%D0%BC%D0%BE%D0%BB%D0%B8%D1%82%D0%B2%D0%B0-%D1%80/feed/ HTTP/1.1" 200 650 "-" "Mozilla/5.0 (compatible; MJ12bot/v1.4.8; http://mj12bot.com/)"
52.243.57.116 - - [05/Apr/2026:18:29:21 +0200] "GET /ioxi-o.php HTTP/1.1" 404 15249 "-" "Mozilla/5.0 (Windows NT 10.0; Win64; x64) AppleWebKit/537.36 (KHTML, like Gecko) Chrome/120.0.0.0 Safari/537.36"
52.243.57.116 - - [05/Apr/2026:18:29:21 +0200] "GET /cache.php HTTP/1.1" 404 15250 "-" "Mozilla/5.0 (Windows NT 10.0; Win64; x64) AppleWebKit/537.36 (KHTML, like Gecko) Chrome/120.0.0.0 Safari/537.36"
52.243.57.116 - - [05/Apr/2026:18:29:22 +0200] "GET /jquery.php HTTP/1.1" 404 15251 "-" "Mozilla/5.0 (Windows NT 10.0; Win64; x64) AppleWebKit/537.36 (KHTML, like Gecko) Chrome/120.0.0.0 Safari/537.36"
51.195.215.223 - - [05/Apr/2026:18:29:22 +0200] "GET /category/%D0%BB%D0%B8%D1%87%D0%BD%D0%BE%D1%81%D1%82%D0%B8/page/63/ HTTP/1.1" 200 19751 "-" "Mozilla/5.0 (compatible; AhrefsBot/7.0; +http://ahrefs.com/robot/)"
65.108.2.171 - - [05/Apr/2026:18:29:22 +0200] "GET /%D0%B2-%D0%B1%D1%8A%D0%BB%D0%B3%D0%B0%D1%80%D0%B8%D1%8F-%D0%BE%D1%81%D1%82%D0%B0%D0%BD%D0%B0%D1%85%D0%B0-%D1%81%D0%B8%D0%BB%D0%BD%D0%B8%D1%82%D0%B5-%D0%B8%D1%81%D1%82%D0%B8%D0%BD%D1%81%D0%BA%D0%B8/ HTTP/1.1" 200 21479 "-" "Mozilla/5.0 (compatible; MJ12bot/v1.4.8; http://mj12bot.com/)"
216.73.216.22 - - [05/Apr/2026:18:29:23 +0200] "GET /wp-content/themes/Newspaper/includes/shortcodes/td_block_author.php HTTP/1.1" 500 0 "-" "Mozilla/5.0 AppleWebKit/537.36 (KHTML, like Gecko; compatible; ClaudeBot/1.0; +claudebot@anthropic.com)"
216.73.216.22 - - [05/Apr/2026:18:29:23 +0200] "GET /wp-content/themes/Newspaper/includes/shortcodes/td_block_22.php HTTP/1.1" 500 0 "-" "Mozilla/5.0 AppleWebKit/537.36 (KHTML, like Gecko; compatible; ClaudeBot/1.0; +claudebot@anthropic.com)"
52.243.57.116 - - [05/Apr/2026:18:29:23 +0200] "GET /av.php HTTP/1.1" 404 15250 "-" "Mozilla/5.0 (Windows NT 10.0; Win64; x64) AppleWebKit/537.36 (KHTML, like Gecko) Chrome/120.0.0.0 Safari/537.36"
216.73.216.22 - - [05/Apr/2026:18:29:24 +0200] "GET /wp-content/themes/Newspaper/includes/widgets/td_page_builder_widgets.php HTTP/1.1" 500 0 "-" "Mozilla/5.0 AppleWebKit/537.36 (KHTML, like Gecko; compatible; ClaudeBot/1.0; +claudebot@anthropic.com)"
52.243.57.116 - - [05/Apr/2026:18:29:24 +0200] "GET /doc.php HTTP/1.1" 404 15250 "-" "Mozilla/5.0 (Windows NT 10.0; Win64; x64) AppleWebKit/537.36 (KHTML, like Gecko) Chrome/120.0.0.0 Safari/537.36"
65.108.2.171 - - [05/Apr/2026:18:29:24 +0200] "GET /%D0%B3%D0%BE%D1%81%D0%BF%D0%BE%D0%B4-%D1%81%D0%B5-%D1%80%D0%B0%D0%B7%D1%85%D0%BE%D0%B6%D0%B4%D0%B0-%D0%B8%D0%B7-%D0%BA%D1%80%D1%8A%D1%81%D1%82%D0%BE%D0%B2%D0%B0-%D0%B3%D0%BE%D1%80%D0%B0/ HTTP/1.1" 200 24785 "-" "Mozilla/5.0 (compatible; MJ12bot/v1.4.8; http://mj12bot.com/)"
52.243.57.116 - - [05/Apr/2026:18:29:25 +0200] "GET /elp.php HTTP/1.1" 404 15251 "-" "Mozilla/5.0 (Windows NT 10.0; Win64; x64) AppleWebKit/537.36 (KHTML, like Gecko) Chrome/120.0.0.0 Safari/537.36"
52.243.57.116 - - [05/Apr/2026:18:29:25 +0200] "GET /wp-user.php HTTP/1.1" 404 15249 "-" "Mozilla/5.0 (Windows NT 10.0; Win64; x64) AppleWebKit/537.36 (KHTML, like Gecko) Chrome/120.0.0.0 Safari/537.36"
52.243.57.116 - - [05/Apr/2026:18:29:26 +0200] "GET /root.php HTTP/1.1" 404 15250 "-" "Mozilla/5.0 (Windows NT 10.0; Win64; x64) AppleWebKit/537.36 (KHTML, like Gecko) Chrome/120.0.0.0 Safari/537.36"
52.243.57.116 - - [05/Apr/2026:18:29:27 +0200] "GET /alfa.php HTTP/1.1" 404 15250 "-" "Mozilla/5.0 (Windows NT 10.0; Win64; x64) AppleWebKit/537.36 (KHTML, like Gecko) Chrome/120.0.0.0 Safari/537.36"
52.243.57.116 - - [05/Apr/2026:18:29:28 +0200] "GET /autoload_classmap.php HTTP/1.1" 404 15249 "-" "Mozilla/5.0 (Windows NT 10.0; Win64; x64) AppleWebKit/537.36 (KHTML, like Gecko) Chrome/120.0.0.0 Safari/537.36"
65.108.2.171 - - [05/Apr/2026:18:29:28 +0200] "GET /%D0%B4%D0%B2%D0%B0%D0%BC%D0%B0-%D0%B2%D0%BE%D0%B9%D0%B2%D0%BE%D0%B4%D0%B8-%D1%83%D0%BF%D1%80%D0%B0%D0%B2%D0%BB%D1%8F%D0%B2%D0%B0%D0%BB%D0%B8-%D0%B4%D0%B2%D0%B0-%D0%BC%D0%B5%D1%81%D0%B5%D1%86%D0%B0/ HTTP/1.1" 200 24535 "-" "Mozilla/5.0 (compatible; MJ12bot/v1.4.8; http://mj12bot.com/)"
52.243.57.116 - - [05/Apr/2026:18:29:29 +0200] "GET /file.php HTTP/1.1" 404 15250 "-" "Mozilla/5.0 (Windows NT 10.0; Win64; x64) AppleWebKit/537.36 (KHTML, like Gecko) Chrome/120.0.0.0 Safari/537.36"
52.243.57.116 - - [05/Apr/2026:18:29:29 +0200] "GET /new.php HTTP/1.1" 404 15250 "-" "Mozilla/5.0 (Windows NT 10.0; Win64; x64) AppleWebKit/537.36 (KHTML, like Gecko) Chrome/120.0.0.0 Safari/537.36"
65.108.2.171 - - [05/Apr/2026:18:29:30 +0200] "GET /%D0%B4%D0%B5%D1%86%D0%B0-%D1%86%D1%8F%D0%BB%D0%B0-%D0%B1%D1%8A%D0%BB%D0%B3%D0%B0%D1%80%D0%B8%D1%8F-%D1%89%D0%B5-%D0%B4%D0%B0%D0%B2%D0%B0%D1%82-%D0%BF%D0%BE%D1%87%D0%B5%D1%82%D0%B5%D0%BD/ HTTP/1.1" 200 20889 "-" "Mozilla/5.0 (compatible; MJ12bot/v1.4.8; http://mj12bot.com/)"
52.243.57.116 - - [05/Apr/2026:18:29:30 +0200] "GET /ioxi-o.php HTTP/1.1" 404 15251 "-" "Mozilla/5.0 (Windows NT 10.0; Win64; x64) AppleWebKit/537.36 (KHTML, like Gecko) Chrome/120.0.0.0 Safari/537.36"
52.243.57.116 - - [05/Apr/2026:18:29:31 +0200] "GET /mm.php HTTP/1.1" 404 15250 "-" "Mozilla/5.0 (Windows NT 10.0; Win64; x64) AppleWebKit/537.36 (KHTML, like Gecko) Chrome/120.0.0.0 Safari/537.36"
52.243.57.116 - - [05/Apr/2026:18:29:32 +0200] "GET /oxshell.php HTTP/1.1" 404 15251 "-" "Mozilla/5.0 (Windows NT 10.0; Win64; x64) AppleWebKit/537.36 (KHTML, like Gecko) Chrome/120.0.0.0 Safari/537.36"
65.108.2.171 - - [05/Apr/2026:18:29:32 +0200] "GET /%D0%B4%D0%BD%D0%B5%D1%81-%D0%B5-%D0%B0%D1%80%D1%85%D0%B0%D0%BD%D0%B3%D0%B5%D0%BB%D0%BE%D0%B2%D0%B4%D0%B5%D0%BD-%D1%86%D1%8A%D1%80%D0%BA%D0%B2%D0%B0%D1%82%D0%B0-%D0%BF%D0%BE%D1%87%D0%B8%D1%82%D0%B0/ HTTP/1.1" 200 22011 "-" "Mozilla/5.0 (compatible; MJ12bot/v1.4.8; http://mj12bot.com/)"
52.243.57.116 - - [05/Apr/2026:18:29:33 +0200] "GET /load.php HTTP/1.1" 404 15250 "-" "Mozilla/5.0 (Windows NT 10.0; Win64; x64) AppleWebKit/537.36 (KHTML, like Gecko) Chrome/120.0.0.0 Safari/537.36"
52.243.57.116 - - [05/Apr/2026:18:29:33 +0200] "GET /k.php HTTP/1.1" 404 15251 "-" "Mozilla/5.0 (Windows NT 10.0; Win64; x64) AppleWebKit/537.36 (KHTML, like Gecko) Chrome/120.0.0.0 Safari/537.36"
65.108.2.171 - - [05/Apr/2026:18:29:34 +0200] "GET /%D0%B4%D0%BD%D0%B5%D1%81-%D0%B5-%D1%80%D0%BE%D0%B4%D0%B5%D0%BD%D0%B0-%D0%B1%D1%8A%D0%BB%D0%B3%D0%B0%D1%80%D1%81%D0%BA%D0%B0%D1%82%D0%B0-%D1%81%D1%8A%D1%81%D1%82%D0%B5%D0%B7%D0%B0%D1%82%D0%B5%D0%BB-5/ HTTP/1.1" 200 21005 "-" "Mozilla/5.0 (compatible; MJ12bot/v1.4.8; http://mj12bot.com/)"
52.243.57.116 - - [05/Apr/2026:18:29:34 +0200] "GET /atomlib.php HTTP/1.1" 404 15251 "-" "Mozilla/5.0 (Windows NT 10.0; Win64; x64) AppleWebKit/537.36 (KHTML, like Gecko) Chrome/120.0.0.0 Safari/537.36"
52.243.57.116 - - [05/Apr/2026:18:29:35 +0200] "GET /wp-links-opml HTTP/1.1" 404 15251 "-" "Mozilla/5.0 (Windows NT 10.0; Win64; x64) AppleWebKit/537.36 (KHTML, like Gecko) Chrome/120.0.0.0 Safari/537.36"
52.243.57.116 - - [05/Apr/2026:18:29:36 +0200] "GET /buy.php HTTP/1.1" 404 15251 "-" "Mozilla/5.0 (Windows NT 10.0; Win64; x64) AppleWebKit/537.36 (KHTML, like Gecko) Chrome/120.0.0.0 Safari/537.36"
65.108.2.171 - - [05/Apr/2026:18:29:36 +0200] "GET /%D0%B4%D0%BD%D0%B5%D1%81-%D0%B5-%D1%80%D0%BE%D0%B4%D0%B5%D0%BD-%D0%B1%D1%8A%D0%BB%D0%B3%D0%B0%D1%80%D1%81%D0%BA%D0%B8%D1%8F%D1%82-%D0%BF%D0%BE%D0%B5%D1%82-%D0%B8-%D0%BF%D0%BE%D0%BB%D0%B8%D1%82%D0%B8/ HTTP/1.1" 200 21892 "-" "Mozilla/5.0 (compatible; MJ12bot/v1.4.8; http://mj12bot.com/)"
52.243.57.116 - - [05/Apr/2026:18:29:36 +0200] "GET /info.php HTTP/1.1" 404 15250 "-" "Mozilla/5.0 (Windows NT 10.0; Win64; x64) AppleWebKit/537.36 (KHTML, like Gecko) Chrome/120.0.0.0 Safari/537.36"
52.243.57.116 - - [05/Apr/2026:18:29:37 +0200] "GET /goods.php HTTP/1.1" 404 15251 "-" "Mozilla/5.0 (Windows NT 10.0; Win64; x64) AppleWebKit/537.36 (KHTML, like Gecko) Chrome/120.0.0.0 Safari/537.36"
65.108.2.171 - - [05/Apr/2026:18:29:38 +0200] "GET /%D0%B4%D0%BD%D0%B5%D1%81-%D0%B5-%D1%80%D0%BE%D0%B4%D0%B5%D0%BD-%D0%B1%D1%8A%D0%BB%D0%B3%D0%B0%D1%80%D1%81%D0%BA%D0%B8%D1%8F%D1%82-%D1%84%D1%83%D1%82%D0%B1%D0%BE%D0%BB%D0%B8%D1%81%D1%82-%D0%B6%D0%B8/ HTTP/1.1" 200 21988 "-" "Mozilla/5.0 (compatible; MJ12bot/v1.4.8; http://mj12bot.com/)"
52.243.57.116 - - [05/Apr/2026:18:29:38 +0200] "GET /setup-config.php HTTP/1.1" 404 15250 "-" "Mozilla/5.0 (Windows NT 10.0; Win64; x64) AppleWebKit/537.36 (KHTML, like Gecko) Chrome/120.0.0.0 Safari/537.36"
52.243.57.116 - - [05/Apr/2026:18:29:39 +0200] "GET /ss.php HTTP/1.1" 404 15250 "-" "Mozilla/5.0 (Windows NT 10.0; Win64; x64) AppleWebKit/537.36 (KHTML, like Gecko) Chrome/120.0.0.0 Safari/537.36"
65.108.2.171 - - [05/Apr/2026:18:29:40 +0200] "GET /%D0%B4%D0%BD%D0%B5%D1%81-%D0%B5-%D1%80%D0%BE%D0%B4%D0%B5%D0%BD-%D0%B3%D0%BE%D0%BB%D0%B5%D0%BC%D0%B8%D1%8F%D1%82-%D1%81%D0%BA%D1%83%D0%BB%D0%BF%D1%82%D0%BE%D1%80-%D0%B8-%D1%85%D1%83%D0%B4%D0%BE%D0%B6/feed/ HTTP/1.1" 200 623 "-" "Mozilla/5.0 (compatible; MJ12bot/v1.4.8; http://mj12bot.com/)"
52.243.57.116 - - [05/Apr/2026:18:29:40 +0200] "GET /xmlrpc.php HTTP/1.1" 404 15250 "-" "Mozilla/5.0 (Windows NT 10.0; Win64; x64) AppleWebKit/537.36 (KHTML, like Gecko) Chrome/120.0.0.0 Safari/537.36"
52.243.57.116 - - [05/Apr/2026:18:29:40 +0200] "GET /flower.php HTTP/1.1" 404 15250 "-" "Mozilla/5.0 (Windows NT 10.0; Win64; x64) AppleWebKit/537.36 (KHTML, like Gecko) Chrome/120.0.0.0 Safari/537.36"
52.243.57.116 - - [05/Apr/2026:18:29:41 +0200] "GET /al.php HTTP/1.1" 404 15250 "-" "Mozilla/5.0 (Windows NT 10.0; Win64; x64) AppleWebKit/537.36 (KHTML, like Gecko) Chrome/120.0.0.0 Safari/537.36"
65.108.2.171 - - [05/Apr/2026:18:29:42 +0200] "GET /%D0%B4%D0%BD%D0%B5%D1%81-%D0%BE%D1%82%D0%B1%D0%B5%D0%BB%D1%8F%D0%B7%D0%B2%D0%B0%D0%BC%D0%B5-%D1%80%D0%BE%D0%B6%D0%B4%D0%B5%D0%BD%D0%B8%D0%B5%D1%82%D0%BE-%D0%BD%D0%B0-%D1%86%D0%B0%D0%BD%D0%BA%D0%BE/ HTTP/1.1" 200 22463 "-" "Mozilla/5.0 (compatible; MJ12bot/v1.4.8; http://mj12bot.com/)"
52.243.57.116 - - [05/Apr/2026:18:29:42 +0200] "GET /vv.php HTTP/1.1" 404 15249 "-" "Mozilla/5.0 (Windows NT 10.0; Win64; x64) AppleWebKit/537.36 (KHTML, like Gecko) Chrome/120.0.0.0 Safari/537.36"
52.243.57.116 - - [05/Apr/2026:18:29:43 +0200] "GET /wp-signin.php HTTP/1.1" 404 15250 "-" "Mozilla/5.0 (Windows NT 10.0; Win64; x64) AppleWebKit/537.36 (KHTML, like Gecko) Chrome/120.0.0.0 Safari/537.36"
52.243.57.116 - - [05/Apr/2026:18:29:43 +0200] "GET /wsa.php HTTP/1.1" 404 15251 "-" "Mozilla/5.0 (Windows NT 10.0; Win64; x64) AppleWebKit/537.36 (KHTML, like Gecko) Chrome/120.0.0.0 Safari/537.36"
65.108.2.171 - - [05/Apr/2026:18:29:43 +0200] "GET /%D0%B4%D0%BD%D0%B5%D1%81-%D1%81%D0%B8-%D1%81%D0%BF%D0%BE%D0%BC%D0%BD%D1%8F%D0%BC%D0%B5-%D0%B7%D0%B0-%D0%B0%D0%BA%D1%82%D1%80%D0%B8%D1%81%D0%B0%D1%82%D0%B0-%D1%81%D0%B5%D0%B2%D0%B5%D1%80%D0%B8%D0%BD/ HTTP/1.1" 200 21070 "-" "Mozilla/5.0 (compatible; MJ12bot/v1.4.8; http://mj12bot.com/)"
65.108.2.171 - - [05/Apr/2026:18:29:45 +0200] "GET /%D0%B4%D0%BD%D0%B5%D1%81-%D1%81%D0%B8-%D1%81%D0%BF%D0%BE%D0%BC%D0%BD%D1%8F%D0%BC%D0%B5-%D0%B7%D0%B0-%D0%B1%D1%8A%D0%BB%D0%B3%D0%B0%D1%80%D1%81%D0%BA%D0%B0%D1%82%D0%B0-%D0%B0%D0%BA%D1%82%D1%80%D0%B8-3/ HTTP/1.1" 200 21122 "-" "Mozilla/5.0 (compatible; MJ12bot/v1.4.8; http://mj12bot.com/)"
65.108.2.171 - - [05/Apr/2026:18:29:47 +0200] "GET /%D0%B4%D0%BD%D0%B5%D1%81-%D1%81%D0%B8-%D1%81%D0%BF%D0%BE%D0%BC%D0%BD%D1%8F%D0%BC%D0%B5-%D0%B7%D0%B0-%D0%B2%D0%B5%D0%BB%D0%B0-%D0%BF%D0%B5%D0%B5%D0%B2%D0%B0/ HTTP/1.1" 200 23469 "-" "Mozilla/5.0 (compatible; MJ12bot/v1.4.8; http://mj12bot.com/)"
65.108.2.171 - - [05/Apr/2026:18:29:49 +0200] "GET /%D0%B4%D0%BD%D0%B5%D1%81-%D1%81%D0%B8-%D1%81%D0%BF%D0%BE%D0%BC%D0%BD%D1%8F%D0%BC%D0%B5-%D0%B7%D0%B0-%D0%BF%D0%B8%D1%81%D0%B0%D1%82%D0%B5%D0%BB%D1%8F-%D0%B0%D0%BB%D0%B5%D0%BA%D1%81%D0%B0%D0%BD%D0%B4/ HTTP/1.1" 200 22292 "-" "Mozilla/5.0 (compatible; MJ12bot/v1.4.8; http://mj12bot.com/)"
65.108.2.171 - - [05/Apr/2026:18:29:51 +0200] "GET /%D0%B4%D0%BD%D0%B5%D1%81-1-%D0%B2%D0%B8-%D1%84%D0%B5%D0%B2%D1%80%D1%83%D0%B0%D1%80%D0%B8-%D0%B5-%D0%BD%D0%B0%D0%B9-%D0%B2%D0%B5%D1%81%D0%B5%D0%BB%D0%B8%D1%8F%D1%82-%D0%BF%D1%80%D0%B0%D0%B7%D0%BD%D0%B8/feed/ HTTP/1.1" 200 616 "-" "Mozilla/5.0 (compatible; MJ12bot/v1.4.8; http://mj12bot.com/)"
65.108.2.171 - - [05/Apr/2026:18:29:53 +0200] "GET /%D0%B4%D0%BD%D0%B5%D1%81-1-%D0%BD%D0%BE%D0%B5%D0%BC%D0%B2%D1%80%D0%B8-%D0%B5-%D0%BD%D0%B0%D0%B9-%D1%81%D0%B2%D0%B5%D1%82%D0%B8%D1%8F%D1%82-%D0%BF%D1%80%D0%B0%D0%B7%D0%BD%D0%B8%D0%BA/ HTTP/1.1" 200 22243 "-" "Mozilla/5.0 (compatible; MJ12bot/v1.4.8; http://mj12bot.com/)"
65.108.2.171 - - [05/Apr/2026:18:29:55 +0200] "GET /%D0%B4%D1%80%D1%8F%D0%BD%D0%BE%D0%B2%D1%86%D0%B8%D1%82%D0%B5-%D0%BA%D0%BE%D0%B8%D1%82%D0%BE-%D0%B8%D0%B7%D0%B4%D0%B8%D0%B3%D0%B0%D1%82-%D0%BF%D0%B0%D0%BC%D0%B5%D1%82%D0%BD%D0%B8%D0%BA%D0%B0-%D0%BD/ HTTP/1.1" 200 22570 "-" "Mozilla/5.0 (compatible; MJ12bot/v1.4.8; http://mj12bot.com/)"
65.108.2.171 - - [05/Apr/2026:18:29:57 +0200] "GET /%D0%B5%D0%B4%D0%BD%D0%B0-%D0%BB%D0%B5%D0%B3%D0%B5%D0%BD%D0%B4%D0%B0-%D0%BE%D1%82-%D1%81%D1%82%D1%80%D0%B0%D0%BD%D0%B4%D0%B6%D0%B0%D0%BD%D1%81%D0%BA%D0%BE%D1%82%D0%BE-%D1%81%D0%B5%D0%BB%D0%BE-%D0%B1/ HTTP/1.1" 200 22170 "-" "Mozilla/5.0 (compatible; MJ12bot/v1.4.8; http://mj12bot.com/)"
65.108.2.171 - - [05/Apr/2026:18:29:59 +0200] "GET /%D0%B5%D0%B4%D0%BD%D0%B0-%D0%BE%D0%B1%D0%B8%D1%82%D0%B5%D0%BB-%D0%BF%D1%80%D0%B5%D0%B6%D0%B8%D0%B2%D1%8F%D0%BB%D0%B0-%D0%B8-%D1%81%D0%BB%D0%B0%D0%B2%D0%BD%D0%B8-%D0%B8-%D0%BA%D1%8A%D1%80%D0%B2%D0%B0/ HTTP/1.1" 200 25183 "-" "Mozilla/5.0 (compatible; MJ12bot/v1.4.8; http://mj12bot.com/)"
65.108.2.171 - - [05/Apr/2026:18:30:01 +0200] "GET /%D0%B5%D0%B4%D0%BD%D0%BE-%D0%BF%D1%80%D0%B8%D0%BA%D0%B0%D0%B7%D0%BD%D0%BE-%D0%BA%D1%8A%D1%82%D1%87%D0%B5-%D0%B2-%D1%81%D1%8A%D1%80%D1%86%D0%B5%D1%82%D0%BE-%D0%BD%D0%B0-%D1%80%D0%BE%D0%B7%D0%BE%D0%B2/ HTTP/1.1" 200 20756 "-" "Mozilla/5.0 (compatible; MJ12bot/v1.4.8; http://mj12bot.com/)"
65.108.2.171 - - [05/Apr/2026:18:30:03 +0200] "GET /%D0%B7%D0%B0%D0%B3%D1%83%D0%B1%D0%B5%D0%BD%D0%B8%D1%82%D0%B5-%D1%81%D0%BE%D1%84%D0%B8%D0%B9%D1%81%D0%BA%D0%B8-%D1%85%D1%80%D0%B0%D0%BC%D0%BE%D0%B2%D0%B5/ HTTP/1.1" 502 150 "-" "Mozilla/5.0 (compatible; MJ12bot/v1.4.8; http://mj12bot.com/)"
65.108.2.171 - - [05/Apr/2026:18:30:05 +0200] "GET /%D0%BA%D0%B0%D0%BA-%D0%B1%D1%8A%D0%BB%D0%B3%D0%B0%D1%80%D0%B8%D1%82%D0%B5-%D0%BF%D1%80%D0%B5%D0%B4%D0%B8-1300-%D0%B3%D0%BE%D0%B4%D0%B8%D0%BD%D0%B8-%D1%83%D1%81%D0%BF%D1%8F%D1%85%D0%B0-%D0%B4%D0%B0/ HTTP/1.1" 200 25099 "-" "Mozilla/5.0 (compatible; MJ12bot/v1.4.8; http://mj12bot.com/)"
51.195.215.100 - - [05/Apr/2026:18:30:05 +0200] "GET /wp-content/cache/page_enhanced/patrioti.net/tag/bulgaria/?C=N;O=A HTTP/1.1" 200 327 "-" "Mozilla/5.0 (compatible; AhrefsBot/7.0; +http://ahrefs.com/robot/)"
5.255.231.183 - - [05/Apr/2026:18:30:06 +0200] "GET /%D0%BD%D0%B0-24-%D0%B0%D0%BF%D1%80%D0%B8%D0%BB-1932-%D0%B3-%D1%83%D0%BC%D0%B8%D1%80%D0%B0-%D0%B1%D1%8A%D0%BB%D0%B3%D0%B0%D1%80%D1%81%D0%BA%D0%B8%D1%8F%D1%82-%D0%BF%D0%BE%D0%BB%D0%B8%D1%82%D0%B8%D0%BA/ HTTP/1.1" 200 20686 "-" "Mozilla/5.0 (compatible; YandexBot/3.0; +http://yandex.com/bots)"
65.108.2.171 - - [05/Apr/2026:18:30:06 +0200] "GET /%D0%BA%D0%B0%D0%BA-%D0%B1%D1%8A%D0%BB%D0%B3%D0%B0%D1%80%D0%B8%D1%82%D0%B5-%D0%BF%D1%80%D0%B5%D0%B4%D0%B8-1300-%D0%B3%D0%BE%D0%B4%D0%B8%D0%BD%D0%B8-%D1%83%D1%81%D0%BF%D1%8F%D1%85%D0%B0-%D0%B4%D0%B0/feed/ HTTP/1.1" 200 628 "-" "Mozilla/5.0 (compatible; MJ12bot/v1.4.8; http://mj12bot.com/)"
216.73.216.22 - - [05/Apr/2026:18:30:07 +0200] "GET /wp-content/themes/Newspaper/includes/demos/voice/td_media_5.php HTTP/1.1" 500 0 "-" "Mozilla/5.0 AppleWebKit/537.36 (KHTML, like Gecko; compatible; ClaudeBot/1.0; +claudebot@anthropic.com)"
216.73.216.22 - - [05/Apr/2026:18:30:07 +0200] "GET /wp-content/themes/Newspaper/includes/demos/voice/td_media_6.php HTTP/1.1" 500 0 "-" "Mozilla/5.0 AppleWebKit/537.36 (KHTML, like Gecko; compatible; ClaudeBot/1.0; +claudebot@anthropic.com)"
216.73.216.22 - - [05/Apr/2026:18:30:08 +0200] "GET /wp-content/themes/Newspaper/includes/demos/sport/td_import.php HTTP/1.1" 500 0 "-" "Mozilla/5.0 AppleWebKit/537.36 (KHTML, like Gecko; compatible; ClaudeBot/1.0; +claudebot@anthropic.com)"
65.108.2.171 - - [05/Apr/2026:18:30:08 +0200] "GET /%D0%BA%D0%B0%D0%BF%D0%B8%D1%82%D0%B0%D0%BD-%D1%81%D0%B8%D0%BC%D0%BE-%D1%81%D0%BE%D0%BA%D0%BE%D0%BB%D0%BE%D0%B2-%D0%BF%D0%BE%D0%B1%D0%BE%D1%80%D0%BD%D0%B8%D0%BA-%D0%B7%D0%B0-%D1%81%D0%B2%D0%BE%D0%B1/ HTTP/1.1" 200 21883 "-" "Mozilla/5.0 (compatible; MJ12bot/v1.4.8; http://mj12bot.com/)"
65.108.2.171 - - [05/Apr/2026:18:30:10 +0200] "GET /%D0%BA%D0%BE%D0%B8-%D1%81%D0%BB%D0%BE%D0%B6%D0%B8%D1%85%D0%B0-%D0%BF%D0%BE%D0%B4%D0%BF%D0%B8%D1%81%D0%B0-%D1%81%D0%B8-%D0%BF%D0%BE%D0%B4-%D0%BC%D0%B8%D1%80%D0%B0-%D0%B2-%D1%81%D0%B0%D0%BD-%D1%81%D1%82/ HTTP/1.1" 200 24512 "-" "Mozilla/5.0 (compatible; MJ12bot/v1.4.8; http://mj12bot.com/)"
65.108.2.171 - - [05/Apr/2026:18:30:12 +0200] "GET /%D0%BB%D0%B5%D0%B3%D0%B5%D0%BD%D0%B4%D0%B8-%D0%B7%D0%B0-%D0%BC%D0%B8%D1%81%D1%82%D0%B8%D1%87%D0%BD%D0%B8%D1%8F-%D0%BA%D0%B0%D1%80%D0%B0%D0%B4%D0%B6%D0%BE%D0%B2-%D0%BA%D0%B0%D0%BC%D1%8A%D0%BA/ HTTP/1.1" 200 21665 "-" "Mozilla/5.0 (compatible; MJ12bot/v1.4.8; http://mj12bot.com/)"
161.97.137.93 - - [05/Apr/2026:18:30:14 +0200] "POST /wp-cron.php?doing_wp_cron=1775406614.5892200469970703125000 HTTP/1.1" 404 15247 "https://patrioti.net/wp-cron.php?doing_wp_cron=1775406614.5892200469970703125000" "WordPress/4.9.26; https://patrioti.net"
65.108.2.171 - - [05/Apr/2026:18:30:15 +0200] "GET /%D0%BC%D0%B5%D0%B4%D0%B8%D1%8F-%D0%BC%D0%BE%D1%81%D1%82-%D0%B4%D0%B5%D0%B3%D0%B5%D1%81%D1%82%D0%B0%D0%BD-%D0%B8-%D0%B3%D0%BE%D1%86%D0%B5-%D0%B4%D0%B5%D0%BB%D1%87%D0%B5%D0%B2/feed/ HTTP/1.1" 200 575 "-" "Mozilla/5.0 (compatible; MJ12bot/v1.4.8; http://mj12bot.com/)"
198.244.226.66 - - [05/Apr/2026:18:30:16 +0200] "GET /wp-content/cache/page_enhanced/patrioti.net/%D0%BD%D0%B0-15-%D0%BC%D0%B0%D1%80%D1%82-%D0%B5-%D1%80%D0%BE%D0%B4%D0%B5%D0%BD-%D0%B1%D1%8A%D0%BB%D0%B3%D0%B0%D1%80%D1%81%D0%BA%D0%B8%D1%8F%D1%82-%D0%B3%D1%80%D0%BE%D1%81%D0%BC%D0%B0%D0%B9%D1%81%D1%82/?C=N;O=A HTTP/1.1" 200 405 "-" "Mozilla/5.0 (compatible; AhrefsBot/7.0; +http://ahrefs.com/robot/)"
65.108.2.171 - - [05/Apr/2026:18:30:17 +0200] "GET /%D0%BC%D0%B8%D1%81%D0%B8%D0%BE%D0%BD%D0%B8%D1%81-%D0%B4%D1%80%D0%B5%D0%B2%D0%BD%D0%B8%D1%8F%D1%82-%D0%B3%D1%80%D0%B0%D0%B4-%D0%BA%D1%80%D0%B0%D0%B9-%D1%82%D1%8A%D1%80%D0%B3%D0%BE%D0%B2%D0%B8%D1%89/ HTTP/1.1" 200 23516 "-" "Mozilla/5.0 (compatible; MJ12bot/v1.4.8; http://mj12bot.com/)"
65.108.2.171 - - [05/Apr/2026:18:30:19 +0200] "GET /%D0%BC%D0%B8%D1%81%D1%82%D0%B5%D1%80%D0%B8%D0%B8%D1%82%D0%B5-%D0%BC%D0%B0%D1%80%D1%8F%D0%BD%D1%81%D0%BA%D0%B8%D1%8F-%D0%BC%D0%B0%D0%BD%D0%B0%D1%81%D1%82%D0%B8%D1%80-%D0%B5%D0%BB/ HTTP/1.1" 200 23199 "-" "Mozilla/5.0 (compatible; MJ12bot/v1.4.8; http://mj12bot.com/)"
65.108.2.171 - - [05/Apr/2026:18:30:20 +0200] "GET /%D0%BD%D0%B0-%D0%B4%D0%BD%D0%B5%D1%88%D0%BD%D0%B0%D1%82%D0%B0-%D0%B4%D0%B0%D1%82%D0%B0-%D0%B5-%D1%80%D0%BE%D0%B4%D0%B5%D0%BD-%D0%B1%D1%8A%D0%BB%D0%B3%D0%B0%D1%80%D1%81%D0%BA%D0%B8%D1%8F%D1%82-%D1%80-9/ HTTP/1.1" 200 21070 "-" "Mozilla/5.0 (compatible; MJ12bot/v1.4.8; http://mj12bot.com/)"
65.108.2.171 - - [05/Apr/2026:18:30:22 +0200] "GET /%D0%BD%D0%B0-%D0%B4%D0%BD%D0%B5%D1%88%D0%BD%D0%B0%D1%82%D0%B0-%D0%B4%D0%B0%D1%82%D0%B0-%D1%81%D0%B5-%D1%80%D0%B0%D0%B6%D0%B4%D0%B0-%D0%B1%D1%8A%D0%BB%D0%B3%D0%B0%D1%80%D1%81%D0%BA%D0%B8%D1%8F%D1%82-6/ HTTP/1.1" 200 21189 "-" "Mozilla/5.0 (compatible; MJ12bot/v1.4.8; http://mj12bot.com/)"
65.108.2.171 - - [05/Apr/2026:18:30:24 +0200] "GET /%D0%BD%D0%B0-%D0%B4%D0%BD%D0%B5%D1%88%D0%BD%D0%B0%D1%82%D0%B0-%D0%B4%D0%B0%D1%82%D0%B0-%D1%83%D0%BC%D0%B8%D1%80%D0%B0-%D0%B1%D1%8A%D0%BB%D0%B3%D0%B0%D1%80%D1%81%D0%BA%D0%B8%D1%8F%D1%82-%D0%BE%D0%B1-2/ HTTP/1.1" 200 22178 "-" "Mozilla/5.0 (compatible; MJ12bot/v1.4.8; http://mj12bot.com/)"
116.179.32.196 - - [05/Apr/2026:18:30:25 +0200] "GET /?p=8793 HTTP/1.1" 301 0 "-" "Mozilla/5.0 (compatible; Baiduspider/2.0; +http://www.baidu.com/search/spider.html)"
65.108.2.171 - - [05/Apr/2026:18:30:26 +0200] "GET /%D0%BD%D0%B0-%D0%BF%D0%B0%D0%B4%D0%BD%D0%B0%D0%BB%D0%B8%D1%8F-%D0%B4%D1%80%D1%83%D0%B3%D0%B0%D1%80-%D0%B4%D0%B8%D0%BC%D1%87%D0%BE-%D0%B4%D0%B5%D0%B1%D0%B5%D0%BB%D1%8F%D0%BD%D0%BE%D0%B2/ HTTP/1.1" 200 22224 "-" "Mozilla/5.0 (compatible; MJ12bot/v1.4.8; http://mj12bot.com/)"
116.179.32.113 - - [05/Apr/2026:18:30:27 +0200] "GET /%D0%B4%D0%BD%D0%B5%D1%81-%D0%BE%D1%82%D0%B1%D0%B5%D0%BB%D1%8F%D0%B7%D0%B2%D0%B0%D0%BC%D0%B5-%D1%80%D0%BE%D0%B6%D0%B4%D0%B5%D0%BD%D0%B8%D0%B5%D1%82%D0%BE-%D0%BD%D0%B0-%D0%B1%D1%8A%D0%BB%D0%B3%D0%B0-9/ HTTP/1.1" 200 22016 "-" "Mozilla/5.0 (compatible; Baiduspider/2.0; +http://www.baidu.com/search/spider.html)"
65.108.2.171 - - [05/Apr/2026:18:30:28 +0200] "GET /%D0%BD%D0%B0-%D1%82%D0%BE%D0%B7%D0%B8-%D0%B4%D0%B5%D0%BD-4-%D0%BE%D0%BA%D1%82%D0%BE%D0%BC%D0%B2%D1%80%D0%B8-%D0%B5-%D1%80%D0%BE%D0%B4%D0%B5%D0%BD-%D1%82%D0%B0%D1%81%D0%BA%D0%BE-%D0%BC%D0%B8%D1%85/ HTTP/1.1" 200 21358 "-" "Mozilla/5.0 (compatible; MJ12bot/v1.4.8; http://mj12bot.com/)"
65.108.2.171 - - [05/Apr/2026:18:30:30 +0200] "GET /%D0%BD%D0%B0-1-%D0%BD%D0%BE%D0%B5%D0%BC%D0%B2%D1%80%D0%B8-%D1%86%D1%8A%D1%80%D0%BA%D0%B2%D0%B0%D1%82%D0%B0-%D0%BF%D0%BE%D1%87%D0%B8%D1%82%D0%B0-%D1%81%D0%B2-%D0%BF%D1%80%D0%B5%D0%BF%D0%BE%D0%B4%D0%BE/ HTTP/1.1" 200 22948 "-" "Mozilla/5.0 (compatible; MJ12bot/v1.4.8; http://mj12bot.com/)"
65.108.2.171 - - [05/Apr/2026:18:30:32 +0200] "GET /%D0%BD%D0%B0-1-%D0%BD%D0%BE%D0%B5%D0%BC%D0%B2%D1%80%D0%B8-1924-%D0%B3-%D0%B5-%D1%80%D0%BE%D0%B4%D0%B5%D0%BD-%D0%B1%D1%8A%D0%BB%D0%B3%D0%B0%D1%80%D1%81%D0%BA%D0%B8%D1%8F%D1%82-%D0%BA%D0%B8%D0%BD%D0%BE/ HTTP/1.1" 200 22986 "-" "Mozilla/5.0 (compatible; MJ12bot/v1.4.8; http://mj12bot.com/)"
65.108.2.171 - - [05/Apr/2026:18:30:34 +0200] "GET /%D0%BD%D0%B0-1-%D0%BD%D0%BE%D0%B5%D0%BC%D0%B2%D1%80%D0%B8-1989-%D0%B3-%D0%B2-%D0%BE%D0%B4%D0%B5%D1%81%D0%B0-%D0%B5-%D0%BE%D1%81%D0%BD%D0%BE%D0%B2%D0%B0%D0%BD-%D0%B1%D1%8A%D0%BB%D0%B3%D0%B0%D1%80/ HTTP/1.1" 200 21673 "-" "Mozilla/5.0 (compatible; MJ12bot/v1.4.8; http://mj12bot.com/)"
198.244.242.218 - - [05/Apr/2026:18:30:34 +0200] "GET /wp-content/cache/page_enhanced/patrioti.net/tag/%D0%BF%D0%B5%D1%82%D0%BA%D0%BE-%D0%BA%D0%B0%D1%80%D0%B0%D0%B2%D0%B5%D0%BB%D0%BE%D0%B2/page/?C=M;O=D HTTP/1.1" 200 397 "-" "Mozilla/5.0 (compatible; AhrefsBot/7.0; +http://ahrefs.com/robot/)"
65.108.2.171 - - [05/Apr/2026:18:30:36 +0200] "GET /%D0%BD%D0%B0-12-%D0%BE%D0%BA%D1%82%D0%BE%D0%BC%D0%B2%D1%80%D0%B8-%D1%86%D1%8A%D1%80%D0%BA%D0%B2%D0%B0%D1%82%D0%B0-%D0%BF%D0%BE%D1%87%D0%B8%D1%82%D0%B0-%D1%81%D0%B2-%D0%BC%D1%8A%D1%87%D0%B5%D0%BD/ HTTP/1.1" 200 23514 "-" "Mozilla/5.0 (compatible; MJ12bot/v1.4.8; http://mj12bot.com/)"
216.73.216.22 - - [05/Apr/2026:18:30:38 +0200] "GET /wp-content/themes/Newspaper/includes/demos/erotic/td_media_4.php HTTP/1.1" 500 0 "-" "Mozilla/5.0 AppleWebKit/537.36 (KHTML, like Gecko; compatible; ClaudeBot/1.0; +claudebot@anthropic.com)"
216.73.216.22 - - [05/Apr/2026:18:30:38 +0200] "GET /wp-content/themes/Newspaper/includes/demos/retro/td_media_1.php HTTP/1.1" 500 0 "-" "Mozilla/5.0 AppleWebKit/537.36 (KHTML, like Gecko; compatible; ClaudeBot/1.0; +claudebot@anthropic.com)"
216.73.216.22 - - [05/Apr/2026:18:30:38 +0200] "GET /wp-content/themes/Newspaper/includes/demos/gadgets/td_media_1.php HTTP/1.1" 500 0 "-" "Mozilla/5.0 AppleWebKit/537.36 (KHTML, like Gecko; compatible; ClaudeBot/1.0; +claudebot@anthropic.com)"
65.108.2.171 - - [05/Apr/2026:18:30:38 +0200] "GET /%D0%BD%D0%B0-16-%D1%81%D0%B5%D0%BF%D1%82%D0%B5%D0%BC%D0%B2%D1%80%D0%B8-%D1%86%D1%8A%D1%80%D0%BA%D0%B2%D0%B0%D1%82%D0%B0-%D0%BF%D0%BE%D1%87%D0%B8%D1%82%D0%B0-%D1%81%D0%B2%D0%B5%D1%82%D0%B8-%D0%BA%D0%B8/ HTTP/1.1" 200 21524 "-" "Mozilla/5.0 (compatible; MJ12bot/v1.4.8; http://mj12bot.com/)"
65.108.2.171 - - [05/Apr/2026:18:30:40 +0200] "GET /%D0%BD%D0%B0-16-%D1%81%D0%B5%D0%BF%D1%82%D0%B5%D0%BC%D0%B2%D1%80%D0%B8-1875-%D0%B3-%D0%B8%D0%B7%D0%B1%D1%83%D1%85%D0%B2%D0%B0-%D1%81%D1%82%D0%B0%D1%80%D0%BE%D0%B7%D0%B0%D0%B3%D0%BE%D1%80%D1%81%D0%BA/ HTTP/1.1" 200 21479 "-" "Mozilla/5.0 (compatible; MJ12bot/v1.4.8; http://mj12bot.com/)"
65.108.2.171 - - [05/Apr/2026:18:30:42 +0200] "GET /%D0%BD%D0%B0-18-%D0%B4%D0%B5%D0%BA%D0%B5%D0%BC%D0%B2%D1%80%D0%B8-%D1%86%D1%8A%D1%80%D0%BA%D0%B2%D0%B0%D1%82%D0%B0-%D0%BF%D0%BE%D1%87%D0%B8%D1%82%D0%B0-%D1%81%D0%B2-%D0%BC%D0%BE%D0%B4%D0%B5%D1%81/ HTTP/1.1" 200 21116 "-" "Mozilla/5.0 (compatible; MJ12bot/v1.4.8; http://mj12bot.com/)"
65.108.2.171 - - [05/Apr/2026:18:30:44 +0200] "GET /%D0%BD%D0%B0-19-%D1%8F%D0%BD%D1%83%D0%B0%D1%80%D0%B8-1931-%D0%B3-%D1%83%D0%BC%D0%B8%D1%80%D0%B0-%D0%B1%D1%8A%D0%BB%D0%B3%D0%B0%D1%80%D1%81%D0%BA%D0%B8%D1%8F%D1%82-%D0%BF%D1%83%D0%B1%D0%BB%D0%B8%D1%86/ HTTP/1.1" 200 20682 "-" "Mozilla/5.0 (compatible; MJ12bot/v1.4.8; http://mj12bot.com/)"
65.108.2.171 - - [05/Apr/2026:18:30:46 +0200] "GET /%D0%BD%D0%B0-2-%D0%B4%D0%B5%D0%BA%D0%B5%D0%BC%D0%B2%D1%80%D0%B8-1375-%D0%B3-%D0%B1%D1%8A%D0%BB%D0%B3%D0%B0%D1%80%D1%81%D0%BA%D0%B8%D1%8F%D1%82-%D0%BC%D0%BE%D0%BD%D0%B0%D1%85-%D0%BA%D0%B8/ HTTP/1.1" 200 21968 "-" "Mozilla/5.0 (compatible; MJ12bot/v1.4.8; http://mj12bot.com/)"
65.108.2.171 - - [05/Apr/2026:18:30:48 +0200] "GET /%D0%BD%D0%B0-20-%D0%B4%D0%B5%D0%BA%D0%B5%D0%BC%D0%B2%D1%80%D0%B8-1944-%D0%B3-%D0%B2-%D0%B1%D1%8A%D0%BB%D0%B3%D0%B0%D1%80%D0%B8%D1%8F-%D0%B7%D0%B0%D0%BF%D0%BE%D1%87%D0%B2%D0%B0%D1%82-%D0%B7%D0%B0/ HTTP/1.1" 200 22055 "-" "Mozilla/5.0 (compatible; MJ12bot/v1.4.8; http://mj12bot.com/)"
216.73.216.22 - - [05/Apr/2026:18:30:49 +0200] "GET /%d0%ba%d1%8a%d1%89%d0%b0-%d0%bc%d1%83%d0%b7%d0%b5%d0%b9-%d0%bf%d0%b5%d0%b9%d0%be-%d1%8f%d0%b2%d0%be%d1%80%d0%be%d0%b2-%d1%87%d0%b8%d1%80%d0%bf%d0%b0%d0%bd-%d0%be%d1%89%d0%b5-%d0%bf%d0%b0 HTTP/1.1" 301 0 "-" "Mozilla/5.0 AppleWebKit/537.36 (KHTML, like Gecko; compatible; ClaudeBot/1.0; +claudebot@anthropic.com)"
65.108.2.171 - - [05/Apr/2026:18:30:49 +0200] "GET /%D0%BD%D0%B0-20-%D0%B4%D0%B5%D0%BA%D0%B5%D0%BC%D0%B2%D1%80%D0%B8-1944-%D0%B3-%D0%B2-%D0%B1%D1%8A%D0%BB%D0%B3%D0%B0%D1%80%D0%B8%D1%8F-%D0%B7%D0%B0%D0%BF%D0%BE%D1%87%D0%B2%D0%B0%D1%82-%D0%B7%D0%B0/feed/ HTTP/1.1" 200 604 "-" "Mozilla/5.0 (compatible; MJ12bot/v1.4.8; http://mj12bot.com/)"
216.73.216.22 - - [05/Apr/2026:18:30:50 +0200] "GET /%d0%bb%d0%b5%d0%b3%d0%b5%d0%bd%d0%b4%d0%b0-%d0%b7%d0%b0-%d0%be%d1%81%d0%bd%d0%be%d0%b2%d0%b0%d0%b2%d0%b0%d0%bd%d0%b5%d1%82%d0%be-%d0%bd%d0%b0-%d0%bf%d0%b0%d0%bd%d1%87%d0%b0%d1%80%d0%b5%d0%b2%d0%be/whatsapp:/send HTTP/1.1" 404 15247 "-" "Mozilla/5.0 AppleWebKit/537.36 (KHTML, like Gecko; compatible; ClaudeBot/1.0; +claudebot@anthropic.com)"
216.73.216.22 - - [05/Apr/2026:18:30:50 +0200] "GET /%d0%ba%d1%8a%d1%89%d0%b0-%d0%bc%d1%83%d0%b7%d0%b5%d0%b9-%d0%bf%d0%b5%d0%b9%d0%be-%d1%8f%d0%b2%d0%be%d1%80%d0%be%d0%b2-%d1%87%d0%b8%d1%80%d0%bf%d0%b0%d0%bd-%d0%be%d1%89%d0%b5-%d0%bf%d0%b0/ HTTP/1.1" 200 22574 "https://patrioti.net/%d0%ba%d1%8a%d1%89%d0%b0-%d0%bc%d1%83%d0%b7%d0%b5%d0%b9-%d0%bf%d0%b5%d0%b9%d0%be-%d1%8f%d0%b2%d0%be%d1%80%d0%be%d0%b2-%d1%87%d0%b8%d1%80%d0%bf%d0%b0%d0%bd-%d0%be%d1%89%d0%b5-%d0%bf%d0%b0" "Mozilla/5.0 AppleWebKit/537.36 (KHTML, like Gecko; compatible; ClaudeBot/1.0; +claudebot@anthropic.com)"
65.108.2.171 - - [05/Apr/2026:18:30:51 +0200] "GET /%D0%BD%D0%B0-21-%D1%81%D0%B5%D0%BF%D1%82%D0%B5%D0%BC%D0%B2%D1%80%D0%B8-1378-%D0%B3-%D1%86%D0%B0%D1%80-%D0%B8%D0%B2%D0%B0%D0%BD-%D1%88%D0%B8%D1%88%D0%BC%D0%B0%D0%BD-%D0%B8%D0%B7%D0%B4%D0%B0%D0%B2/ HTTP/1.1" 200 21531 "-" "Mozilla/5.0 (compatible; MJ12bot/v1.4.8; http://mj12bot.com/)"
65.108.2.171 - - [05/Apr/2026:18:30:53 +0200] "GET /%D0%BD%D0%B0-22-%D0%B4%D0%B5%D0%BA%D0%B5%D0%BC%D0%B2%D1%80%D0%B8-1926-%D0%B3-%D1%86%D0%B0%D1%80%D1%81%D1%82%D0%B2%D0%BE-%D0%B1%D1%8A%D0%BB%D0%B3%D0%B0%D1%80%D0%B8%D1%8F-%D1%81%D0%BA%D0%BB%D1%8E%D1%87/ HTTP/1.1" 200 21414 "-" "Mozilla/5.0 (compatible; MJ12bot/v1.4.8; http://mj12bot.com/)"
216.73.216.22 - - [05/Apr/2026:18:30:55 +0200] "GET /%d0%b4%d0%bd%d0%b5%d1%88%d0%bd%d0%b0%d1%82%d0%b0-%d0%b4%d0%b0%d1%82%d0%b0-20-%d1%82%d0%b8-%d0%b0%d0%bf%d1%80%d0%b8%d0%bb-%d1%87%d0%b5%d1%81%d1%82%d0%b2%d0%b0%d0%bc%d0%b5-%d0%b0%d0%bf/feed HTTP/1.1" 301 0 "-" "Mozilla/5.0 AppleWebKit/537.36 (KHTML, like Gecko; compatible; ClaudeBot/1.0; +claudebot@anthropic.com)"
216.73.216.22 - - [05/Apr/2026:18:30:55 +0200] "GET /%d0%bd%d0%b0-%d0%b4%d0%bd%d0%b5%d1%88%d0%bd%d0%b0%d1%82%d0%b0-%d0%b4%d0%b0%d1%82%d0%b0-%d1%83%d0%bc%d0%b8%d1%80%d0%b0-%d0%b1%d1%8a%d0%bb%d0%b3%d0%b0%d1%80%d1%81%d0%ba%d0%b8%d1%8f%d1%82-%d1%84%d1%83-4/whatsapp:/send HTTP/1.1" 404 15247 "-" "Mozilla/5.0 AppleWebKit/537.36 (KHTML, like Gecko; compatible; ClaudeBot/1.0; +claudebot@anthropic.com)"
65.108.2.171 - - [05/Apr/2026:18:30:55 +0200] "GET /%D0%BD%D0%B0-22-%D0%B4%D0%B5%D0%BA%D0%B5%D0%BC%D0%B2%D1%80%D0%B8-1926-%D0%B3-%D1%86%D0%B0%D1%80%D1%81%D1%82%D0%B2%D0%BE-%D0%B1%D1%8A%D0%BB%D0%B3%D0%B0%D1%80%D0%B8%D1%8F-%D1%81%D0%BA%D0%BB%D1%8E%D1%87/feed/ HTTP/1.1" 200 665 "-" "Mozilla/5.0 (compatible; MJ12bot/v1.4.8; http://mj12bot.com/)"
51.89.129.11 - - [05/Apr/2026:18:30:55 +0200] "GET /wp-content/cache/page_enhanced/patrioti.net/%D0%BD%D0%B0-18-%D1%8F%D0%BD%D1%83%D0%B0%D1%80%D0%B8-1990-%D0%B3-%D0%B5-%D0%B8%D0%B7%D0%B4%D0%B0%D0%B4%D0%B5%D0%BD%D0%B0-%D0%B7%D0%B0%D0%BF%D0%BE%D0%B2%D0%B5%D0%B4-%D0%B7%D0%B0-%D0%B0%D1%80%D0%B5/?C=D;O=A HTTP/1.1" 200 411 "-" "Mozilla/5.0 (compatible; AhrefsBot/7.0; +http://ahrefs.com/robot/)"
216.73.216.22 - - [05/Apr/2026:18:30:55 +0200] "GET /%d0%b4%d0%bd%d0%b5%d1%88%d0%bd%d0%b0%d1%82%d0%b0-%d0%b4%d0%b0%d1%82%d0%b0-20-%d1%82%d0%b8-%d0%b0%d0%bf%d1%80%d0%b8%d0%bb-%d1%87%d0%b5%d1%81%d1%82%d0%b2%d0%b0%d0%bc%d0%b5-%d0%b0%d0%bf/feed/ HTTP/1.1" 200 532 "https://patrioti.net/%d0%b4%d0%bd%d0%b5%d1%88%d0%bd%d0%b0%d1%82%d0%b0-%d0%b4%d0%b0%d1%82%d0%b0-20-%d1%82%d0%b8-%d0%b0%d0%bf%d1%80%d0%b8%d0%bb-%d1%87%d0%b5%d1%81%d1%82%d0%b2%d0%b0%d0%bc%d0%b5-%d0%b0%d0%bf/feed" "Mozilla/5.0 AppleWebKit/537.36 (KHTML, like Gecko; compatible; ClaudeBot/1.0; +claudebot@anthropic.com)"
65.108.2.171 - - [05/Apr/2026:18:30:57 +0200] "GET /%D0%BD%D0%B0-23-%D0%B4%D0%B5%D0%BA%D0%B5%D0%BC%D0%B2%D1%80%D0%B8-%D1%86%D1%8A%D1%80%D0%BA%D0%B2%D0%B0%D1%82%D0%B0-%D0%BF%D0%BE%D1%87%D0%B8%D1%82%D0%B0-%D1%81%D0%B2-%D0%B4%D0%B5%D1%81%D0%B5%D1%82/ HTTP/1.1" 200 21656 "-" "Mozilla/5.0 (compatible; MJ12bot/v1.4.8; http://mj12bot.com/)"
65.108.2.171 - - [05/Apr/2026:18:30:59 +0200] "GET /%D0%BD%D0%B0-23-%D0%BE%D0%BA%D1%82%D0%BE%D0%BC%D0%B2%D1%80%D0%B8-%D1%86%D1%8A%D1%80%D0%BA%D0%B2%D0%B0%D1%82%D0%B0-%D0%BF%D0%BE%D1%87%D0%B8%D1%82%D0%B0-%D1%81%D0%B2-%D0%B0%D0%BF%D0%BE%D1%81%D1%82/ HTTP/1.1" 200 24197 "-" "Mozilla/5.0 (compatible; MJ12bot/v1.4.8; http://mj12bot.com/)"
65.108.2.171 - - [05/Apr/2026:18:31:01 +0200] "GET /%D0%BD%D0%B0-23-%D1%81%D0%B5%D0%BF%D1%82%D0%B5%D0%BC%D0%B2%D1%80%D0%B8-%D1%86%D1%8A%D1%80%D0%BA%D0%B2%D0%B0%D1%82%D0%B0-%D0%BF%D0%BE%D1%87%D0%B8%D1%82%D0%B0-%D1%81%D0%B2-%D0%BC%D1%8A%D1%87%D0%B5/ HTTP/1.1" 200 21756 "-" "Mozilla/5.0 (compatible; MJ12bot/v1.4.8; http://mj12bot.com/)"
65.108.2.171 - - [05/Apr/2026:18:31:05 +0200] "GET /%D0%BD%D0%B0-23-%D1%81%D0%B5%D0%BF%D1%82%D0%B5%D0%BC%D0%B2%D1%80%D0%B8-1902-%D0%B3-%D0%B8%D0%B7%D0%B1%D1%83%D1%85%D0%B2%D0%B0-%D0%B3%D0%BE%D1%80%D0%BD%D0%BE%D0%B4%D0%B6%D1%83%D0%BC%D0%B0%D0%B9%D1%81/ HTTP/1.1" 502 150 "-" "Mozilla/5.0 (compatible; MJ12bot/v1.4.8; http://mj12bot.com/)"
17.22.245.53 - - [05/Apr/2026:18:31:05 +0200] "GET /wp-content/uploads/2018/11/154168342138896-324x235.jpg HTTP/1.1" 502 150 "-" "Mozilla/5.0 (Macintosh; Intel Mac OS X 10_15_7) AppleWebKit/605.1.15 (KHTML, like Gecko) Version/17.4 Safari/605.1.15 (Applebot/0.1; +http://www.apple.com/go/applebot)"
65.108.2.171 - - [05/Apr/2026:18:31:07 +0200] "GET /%D0%BD%D0%B0-23-%D1%8E%D0%BD%D0%B8-%D1%81%D0%B5-%D0%BE%D1%82%D0%B1%D0%B5%D0%BB%D1%8F%D0%B7%D0%B2%D0%B0-%D0%BC%D0%B5%D0%B6%D0%B4%D1%83%D0%BD%D0%B0%D1%80%D0%BE%D0%B4%D0%BD%D0%B8%D1%8F-%D0%B4%D0%B5%D0%BD/ HTTP/1.1" 200 21273 "-" "Mozilla/5.0 (compatible; MJ12bot/v1.4.8; http://mj12bot.com/)"
65.108.2.171 - - [05/Apr/2026:18:31:09 +0200] "GET /%D0%BD%D0%B0-24-%D0%B4%D0%B5%D0%BA%D0%B5%D0%BC%D0%B2%D1%80%D0%B8-1940-%D0%B3-%D0%B2-%D0%B1%D1%8A%D0%BB%D0%B3%D0%B0%D1%80%D0%B8%D1%8F-%D0%B5-%D0%BF%D1%80%D0%B8%D0%B5%D1%82-%D0%B7%D0%B0%D0%BA%D0%BE/ HTTP/1.1" 200 22895 "-" "Mozilla/5.0 (compatible; MJ12bot/v1.4.8; http://mj12bot.com/)"
65.108.2.171 - - [05/Apr/2026:18:31:12 +0200] "GET /%D0%BD%D0%B0-29-%D1%81%D0%B5%D0%BF%D1%82%D0%B5%D0%BC%D0%B2%D1%80%D0%B8-%D1%86%D1%8A%D1%80%D0%BA%D0%B2%D0%B0%D1%82%D0%B0-%D0%BF%D0%BE%D1%87%D0%B8%D1%82%D0%B0-%D1%81%D0%B2-%D0%BF%D1%80%D0%B5%D0%BF/ HTTP/1.1" 200 21967 "-" "Mozilla/5.0 (compatible; MJ12bot/v1.4.8; http://mj12bot.com/)"
161.97.137.93 - - [05/Apr/2026:18:31:16 +0200] "POST /wp-cron.php?doing_wp_cron=1775406675.9432270526885986328125 HTTP/1.1" 404 15247 "https://patrioti.net/wp-cron.php?doing_wp_cron=1775406675.9432270526885986328125" "WordPress/4.9.26; https://patrioti.net"
65.108.2.171 - - [05/Apr/2026:18:31:16 +0200] "GET /%D0%BD%D0%B0-3-%D0%B4%D0%B5%D0%BA%D0%B5%D0%BC%D0%B2%D1%80%D0%B8-%D1%86%D1%8A%D1%80%D0%BA%D0%B2%D0%B0%D1%82%D0%B0-%D0%BF%D0%BE%D1%87%D0%B8%D1%82%D0%B0-%D1%81%D0%B2-%D0%BF%D1%80%D0%BE%D1%80%D0%BE%D0%BA/ HTTP/1.1" 200 20703 "-" "Mozilla/5.0 (compatible; MJ12bot/v1.4.8; http://mj12bot.com/)"
65.108.2.171 - - [05/Apr/2026:18:31:19 +0200] "GET /%D0%BD%D0%B0-4-%D0%B4%D0%B5%D0%BA%D0%B5%D0%BC%D0%B2%D1%80%D0%B8-1908-%D0%B3-%D0%B2-%D1%81%D0%BE%D1%84%D0%B8%D1%8F-%D0%B5-%D0%BE%D1%82%D0%BA%D1%80%D0%B8%D1%82-%D0%BF%D1%8A%D1%80%D0%B2%D0%B8%D1%8F/ HTTP/1.1" 200 21534 "-" "Mozilla/5.0 (compatible; MJ12bot/v1.4.8; http://mj12bot.com/)"
65.108.2.171 - - [05/Apr/2026:18:31:21 +0200] "GET /%D0%BD%D0%B0-4-%D0%BC%D0%B0%D1%80%D1%82-%D1%86%D1%8A%D1%80%D0%BA%D0%B2%D0%B0%D1%82%D0%B0-%D0%BF%D0%BE%D1%87%D0%B8%D1%82%D0%B0-%D1%81%D0%B2-%D0%BF%D1%80%D0%B5%D0%BF%D0%BE%D0%B4%D0%BE%D0%B1%D0%BD%D0%B8/ HTTP/1.1" 200 21935 "-" "Mozilla/5.0 (compatible; MJ12bot/v1.4.8; http://mj12bot.com/)"
198.244.183.40 - - [05/Apr/2026:18:31:22 +0200] "GET /wp-content/cache/page_enhanced/patrioti.net/%D1%80%D0%BE%D0%B4%D1%8A%D1%82-%D0%BD%D0%B0-%D0%B8%D0%B2%D0%B0%D0%BD-%D0%BF%D0%B5%D0%B5%D0%B2-%D0%B1%D0%B0%D0%B9%D1%80%D0%B0%D0%BA%D1%82%D0%B0%D1%80%D1%8F-%D0%BD%D0%B0-%D0%BA%D0%B0%D1%80/?C=D;O=A HTTP/1.1" 200 413 "-" "Mozilla/5.0 (compatible; AhrefsBot/7.0; +http://ahrefs.com/robot/)"
65.108.2.171 - - [05/Apr/2026:18:31:26 +0200] "GET /%D0%BD%D0%B0-5-%D0%BC%D0%B0%D0%B9-1898-%D0%B3-%D0%B5-%D1%80%D0%BE%D0%B4%D0%B5%D0%BD-%D0%B3%D0%B5%D0%BD%D0%B5%D1%80%D0%B0%D0%BB-%D0%BB%D0%B5%D0%B9%D1%82%D0%B5%D0%BD%D0%B0%D0%BD%D1%82-%D0%BA%D1%80/ HTTP/1.1" 200 21500 "-" "Mozilla/5.0 (compatible; MJ12bot/v1.4.8; http://mj12bot.com/)"
85.208.96.194 - - [05/Apr/2026:18:31:28 +0200] "GET /tag/bulgaria/page/367/ HTTP/1.1" 200 17170 "-" "Mozilla/5.0 (compatible; SemrushBot/7~bl; +http://www.semrush.com/bot.html)"
65.108.2.171 - - [05/Apr/2026:18:31:28 +0200] "GET /%D0%BD%D0%B0-5-%D1%81%D0%B5%D0%BF%D1%82%D0%B5%D0%BC%D0%B2%D1%80%D0%B8-%D1%86%D1%8A%D1%80%D0%BA%D0%B2%D0%B0%D1%82%D0%B0-%D0%BF%D0%BE%D1%87%D0%B8%D1%82%D0%B0-%D1%81%D0%B2-%D0%BF%D1%80%D0%BE%D1%80%D0%BE/ HTTP/1.1" 200 21506 "-" "Mozilla/5.0 (compatible; MJ12bot/v1.4.8; http://mj12bot.com/)"
65.108.2.171 - - [05/Apr/2026:18:31:30 +0200] "GET /%D0%BD%D0%B0-5-%D1%8E%D0%BB%D0%B8-%D1%86%D1%8A%D1%80%D0%BA%D0%B2%D0%B0%D1%82%D0%B0-%D0%BF%D0%BE%D1%87%D0%B8%D1%82%D0%B0-%D1%81%D0%B2-%D0%BF%D1%80%D0%B5%D0%BF%D0%BE%D0%B4%D0%BE%D0%B1%D0%BD%D0%B8/ HTTP/1.1" 200 20788 "-" "Mozilla/5.0 (compatible; MJ12bot/v1.4.8; http://mj12bot.com/)"
65.108.2.171 - - [05/Apr/2026:18:31:32 +0200] "GET /%D0%BD%D0%B0-6-%D0%BC%D0%B0%D0%B9-1864-%D0%B3-%D0%B2%D0%B0%D1%81%D0%B8%D0%BB-%D0%BB%D0%B5%D0%B2%D1%81%D0%BA%D0%B8-%D1%81%D1%82%D0%B0%D0%B2%D0%B0-%D1%83%D1%87%D0%B8%D1%82%D0%B5%D0%BB-%D0%B2-%D1%81/ HTTP/1.1" 200 21389 "-" "Mozilla/5.0 (compatible; MJ12bot/v1.4.8; http://mj12bot.com/)"
65.108.2.171 - - [05/Apr/2026:18:31:33 +0200] "GET /%D0%BD%D0%B0-6-%D1%81%D0%B5%D0%BF%D1%82%D0%B5%D0%BC%D0%B2%D1%80%D0%B8-1985-%D0%B3-%D0%B5-%D0%BE%D1%82%D0%BA%D1%80%D0%B8%D1%82-%D0%BF%D0%B0%D0%BC%D0%B5%D1%82%D0%BD%D0%B8%D0%BA%D1%8A%D1%82-%D0%BD%D0%B0/ HTTP/1.1" 200 21249 "-" "Mozilla/5.0 (compatible; MJ12bot/v1.4.8; http://mj12bot.com/)"
65.108.2.171 - - [05/Apr/2026:18:31:35 +0200] "GET /%D0%BD%D0%B0-7-%D0%B4%D0%B5%D0%BA%D0%B5%D0%BC%D0%B2%D1%80%D0%B8-%D1%86%D1%8A%D1%80%D0%BA%D0%B2%D0%B0%D1%82%D0%B0-%D0%BF%D0%BE%D1%87%D0%B8%D1%82%D0%B0-%D1%81%D0%B2-%D0%B0%D0%BC%D0%B2%D1%80%D0%BE%D1%81/ HTTP/1.1" 200 25197 "-" "Mozilla/5.0 (compatible; MJ12bot/v1.4.8; http://mj12bot.com/)"
65.108.2.171 - - [05/Apr/2026:18:31:37 +0200] "GET /%D0%BD%D0%B0-7-%D0%B4%D0%B5%D0%BA%D0%B5%D0%BC%D0%B2%D1%80%D0%B8-%D1%86%D1%8A%D1%80%D0%BA%D0%B2%D0%B0%D1%82%D0%B0-%D0%BF%D0%BE%D1%87%D0%B8%D1%82%D0%B0-%D1%81%D0%B2-%D1%84%D0%B8%D0%BB%D0%BE%D1%82%D0%B5/ HTTP/1.1" 200 21283 "-" "Mozilla/5.0 (compatible; MJ12bot/v1.4.8; http://mj12bot.com/)"
65.108.2.171 - - [05/Apr/2026:18:31:39 +0200] "GET /%D0%BD%D0%B0-7-%D1%81%D0%B5%D0%BF%D1%82%D0%B5%D0%BC%D0%B2%D1%80%D0%B8-1886-%D0%B3-%D0%BA%D0%BD%D1%8F%D0%B7-%D0%B0%D0%BB%D0%B5%D0%BA%D1%81%D0%B0%D0%BD%D0%B4%D1%8A%D1%80-i-%D0%B1%D0%B0%D1%82%D0%B5/ HTTP/1.1" 200 21733 "-" "Mozilla/5.0 (compatible; MJ12bot/v1.4.8; http://mj12bot.com/)"
65.108.2.171 - - [05/Apr/2026:18:31:41 +0200] "GET /%D0%BD%D0%B0-8-%D1%81%D0%B5%D0%BF%D1%82%D0%B5%D0%BC%D0%B2%D1%80%D0%B8-1976-%D0%B3-%D0%B2%D1%8A%D0%B2-%D0%B2%D0%B0%D1%80%D0%BD%D0%B0-%D0%B5-%D0%BE%D1%82%D0%BA%D1%80%D0%B8%D1%82-%D0%B0%D1%81%D0%BF/ HTTP/1.1" 200 21567 "-" "Mozilla/5.0 (compatible; MJ12bot/v1.4.8; http://mj12bot.com/)"
185.191.171.4 - - [05/Apr/2026:18:31:42 +0200] "GET /%D0%B1%D1%8A%D0%BB%D0%B3%D0%B0%D1%80%D1%81%D0%BA%D0%B0%D1%82%D0%B0-%D0%BF%D1%80%D0%B8%D0%BD%D1%86%D0%B5%D1%81%D0%B0-%D0%BD%D0%B0-%D1%81%D0%B2%D0%BE%D0%B1%D0%BE%D0%B4%D0%B0%D1%82%D0%B0/ HTTP/1.1" 200 22097 "-" "Mozilla/5.0 (compatible; SemrushBot/7~bl; +http://www.semrush.com/bot.html)"
65.108.2.171 - - [05/Apr/2026:18:31:43 +0200] "GET /%D0%BD%D0%B8%D0%B9-%D0%BD%D0%B5-%D1%81%D0%BC%D0%B5-%D0%B2%D0%B5%D0%BA%D0%B5-%D1%80%D0%B0%D1%8F-%D0%BF%D0%BE%D0%BA%D0%BE%D1%80%D0%BD%D0%B0-%D0%BF%D0%BE%D0%BA%D0%BB%D0%BE%D0%BD-%D0%BF%D1%80%D0%B5/ HTTP/1.1" 200 22094 "-" "Mozilla/5.0 (compatible; MJ12bot/v1.4.8; http://mj12bot.com/)"
198.244.242.36 - - [05/Apr/2026:18:31:45 +0200] "GET /wp-content/uploads/2017/06/?C=S;O=A HTTP/1.1" 200 2302 "-" "Mozilla/5.0 (compatible; AhrefsBot/7.0; +http://ahrefs.com/robot/)"
65.108.2.171 - - [05/Apr/2026:18:31:45 +0200] "GET /%D0%BD%D0%B8%D0%BA%D0%BE%D0%B9-%D0%BD%D0%B5-%D0%BC%D0%BE%D0%B6%D0%B5%D1%88%D0%B5-%D0%B4%D0%B0-%D0%B3%D0%BE-%D0%B7%D0%B0%D0%BB%D0%BE%D0%B2%D0%B8-%D0%B4%D0%BE%D1%80%D0%B8-%D0%B4%D0%B0-%D0%B3%D0%BE/ HTTP/1.1" 200 23595 "-" "Mozilla/5.0 (compatible; MJ12bot/v1.4.8; http://mj12bot.com/)"
65.108.2.171 - - [05/Apr/2026:18:31:47 +0200] "GET /%D0%BE%D1%80%D0%BB%D0%BE%D0%B2-%D0%BC%D0%BE%D1%81%D1%82-%D0%B5%D0%BC%D0%B1%D0%BB%D0%B5%D0%BC%D0%B0%D1%82%D0%B8%D1%87%D0%BD%D0%BE%D1%82%D0%BE-%D0%B4%D0%B5%D0%BB%D0%BE-%D0%BD%D0%B0-%D0%B1%D1%80%D0%B0/ HTTP/1.1" 200 21383 "-" "Mozilla/5.0 (compatible; MJ12bot/v1.4.8; http://mj12bot.com/)"
65.108.2.171 - - [05/Apr/2026:18:31:49 +0200] "GET /%D0%BF%D0%B0%D0%BC%D0%B5%D1%82%D0%BD%D0%B8%D0%BA%D1%8A%D1%82-%D0%BD%D0%B0-%D1%81%D1%8A%D0%B2%D0%B5%D1%82%D1%81%D0%BA%D0%B0%D1%82%D0%B0-%D0%B0%D1%80%D0%BC%D0%B8%D1%8F-%D0%B2-%D1%81%D0%BE%D1%84%D0%B8/ HTTP/1.1" 200 21742 "-" "Mozilla/5.0 (compatible; MJ12bot/v1.4.8; http://mj12bot.com/)"
172.182.216.104 - - [05/Apr/2026:18:31:49 +0200] "GET /wp-content/uploads/2019/01/143937331043289.jpg HTTP/1.1" 200 104555 "-" "Mozilla/5.0 (compatible; BingIndexCrawler/1.0)"
65.108.2.171 - - [05/Apr/2026:18:31:51 +0200] "GET /%D0%BF%D0%B0%D1%80%D0%B0%D0%BA%D0%BB%D0%B8%D1%81%D1%8A%D1%82-%D1%81%D0%B2-%D1%82%D1%80%D0%BE%D0%B8%D1%86%D0%B0-%D0%B1%D0%BB%D0%B8%D0%B7%D0%BE-%D0%B4%D0%BE-%D1%81%D0%B5%D0%BB%D0%BE-%D0%B3%D1%80/ HTTP/1.1" 200 21105 "-" "Mozilla/5.0 (compatible; MJ12bot/v1.4.8; http://mj12bot.com/)"
65.108.2.171 - - [05/Apr/2026:18:31:53 +0200] "GET /%D0%BF%D0%BE-%D1%81%D0%BB%D0%B5%D0%B4%D0%B8%D1%82%D0%B5-%D0%BD%D0%B0-%D0%B8%D0%B7%D0%B3%D1%83%D0%B1%D0%B5%D0%BD%D0%B0%D1%82%D0%B0-%D1%81%D0%BA%D0%B0%D0%BB%D0%BD%D0%B0-%D1%86%D1%8A%D1%80%D0%BA%D0%B2/ HTTP/1.1" 200 22609 "-" "Mozilla/5.0 (compatible; MJ12bot/v1.4.8; http://mj12bot.com/)"
65.108.2.171 - - [05/Apr/2026:18:31:54 +0200] "GET /%D0%BF%D1%80%D0%BE%D1%84%D0%B5%D1%81%D0%B8%D0%BE%D0%BD%D0%B0%D0%BB%D0%BD%D0%B0%D1%82%D0%B0-%D0%B3%D0%B8%D0%BC%D0%BD%D0%B0%D0%B7%D0%B8%D1%8F-%D0%BF%D0%BE-%D0%B7%D0%B5%D0%BC%D0%B5%D0%B4%D0%B5%D0%BB/ HTTP/1.1" 200 22703 "-" "Mozilla/5.0 (compatible; MJ12bot/v1.4.8; http://mj12bot.com/)"
40.77.167.25 - - [05/Apr/2026:18:31:55 +0200] "GET /tag/%D1%80%D0%BE%D0%B6%D0%B4%D0%B5%D0%BD-%D0%B4%D0%B5%D0%BD-%D0%BD%D0%B0-%D0%B3%D0%B5%D1%80%D0%B3%D0%B8%D0%BD%D0%B0-%D1%82%D0%BE%D0%BD%D1%87%D0%B5%D0%B2%D0%B0/ HTTP/1.1" 200 15567 "-" "Mozilla/5.0 AppleWebKit/537.36 (KHTML, like Gecko; compatible; bingbot/2.0; +http://www.bing.com/bingbot.htm) Chrome/116.0.1938.76 Safari/537.36"
65.108.2.171 - - [05/Apr/2026:18:31:58 +0200] "GET /%D1%81%D0%B2%D0%B5%D1%82%D0%B8-%D0%BA%D0%BB%D0%B8%D0%BC%D0%B5%D0%BD%D1%82-%D0%BA%D0%BD%D0%B8%D0%B6%D0%BE%D0%B2%D0%BD%D0%B8%D0%BA%D1%8A%D1%82-%D0%BF%D0%BE%D1%81%D0%B2%D0%B5%D1%82%D0%B8%D0%BB/ HTTP/1.1" 200 23035 "-" "Mozilla/5.0 (compatible; MJ12bot/v1.4.8; http://mj12bot.com/)"
65.108.2.171 - - [05/Apr/2026:18:31:59 +0200] "GET /%D1%81%D0%B2%D0%B8%D0%B4%D0%B5%D1%82%D0%B5%D0%BB%D1%81%D1%82%D0%B2%D0%B0%D1%82%D0%B0-%D0%BD%D0%B0-%D0%B4%D0%B0%D1%81%D0%BA%D0%B0%D0%BB-%D0%BF%D0%B5%D1%82%D1%8A%D1%80-%D0%B8%D0%B2%D0%B0%D0%BD%D0%BE/ HTTP/1.1" 200 23145 "-" "Mozilla/5.0 (compatible; MJ12bot/v1.4.8; http://mj12bot.com/)"
216.73.216.22 - - [05/Apr/2026:18:32:00 +0200] "GET /%d1%86%d0%b2%d1%8f%d1%82%d0%ba%d0%be-%d0%b7%d0%bb%d0%b0%d1%82%d0%b5%d0%b2-%d0%b5%d0%b4%d0%b8%d0%bd-%d0%be%d1%82-%d0%b3%d0%be%d0%bb%d0%b5%d0%bc%d0%b8%d1%82%d0%b5-%d0%b1%d1%83%d0%b4%d0%b8%d1%82%d0%b5/whatsapp:/send HTTP/1.1" 404 15247 "-" "Mozilla/5.0 AppleWebKit/537.36 (KHTML, like Gecko; compatible; ClaudeBot/1.0; +claudebot@anthropic.com)"
