185.191.171.8 - - [05/Apr/2026:18:50:30 +0200] "GET /category/%D0%BD%D0%B0-%D1%82%D0%BE%D0%B7%D0%B8-%D0%B4%D0%B5%D0%BD/page/369/ HTTP/1.1" 200 19560 "-" "Mozilla/5.0 (compatible; SemrushBot/7~bl; +http://www.semrush.com/bot.html)"
66.249.69.132 - - [05/Apr/2026:18:50:31 +0200] "GET /%D1%80%D0%B0%D0%B7%D1%81%D1%82%D1%80%D0%B5%D0%BB%D1%8A%D1%82-%D0%BD%D0%B0-%D0%BF%D0%B0%D1%80%D0%B0%D1%88%D1%83%D1%82%D0%BD%D0%B0%D1%82%D0%B0-%D0%B4%D1%80%D1%83%D0%B6%D0%B8%D0%BD%D0%B0/ HTTP/1.1" 200 23722 "-" "Mozilla/5.0 (Linux; Android 6.0.1; Nexus 5X Build/MMB29P) AppleWebKit/537.36 (KHTML, like Gecko) Chrome/146.0.7680.177 Mobile Safari/537.36 (compatible; Googlebot/2.1; +http://www.google.com/bot.html)"
66.249.69.132 - - [05/Apr/2026:18:50:32 +0200] "GET /tag/%D0%B1%D0%B8%D0%BE%D0%B3%D1%80%D0%B0%D1%84%D0%B8%D1%8F-%D0%BD%D0%B0-%D0%B4%D0%BE%D0%B1%D1%80%D0%B8%D0%BD-%D0%B4%D0%BE%D0%B1%D1%80%D0%B5%D0%B2/ HTTP/1.1" 200 15529 "-" "Mozilla/5.0 (Linux; Android 6.0.1; Nexus 5X Build/MMB29P) AppleWebKit/537.36 (KHTML, like Gecko) Chrome/146.0.7680.177 Mobile Safari/537.36 (compatible; Googlebot/2.1; +http://www.google.com/bot.html)"
66.249.69.130 - - [05/Apr/2026:18:50:33 +0200] "GET /%D0%BD%D0%B0-20-%D1%8F%D0%BD%D1%83%D0%B0%D1%80%D0%B8-1972-%D0%B3-%D0%B5-%D1%80%D0%BE%D0%B4%D0%B5%D0%BD-%D0%B1%D1%8A%D0%BB%D0%B3%D0%B0%D1%80%D1%81%D0%BA%D0%B8%D1%8F%D1%82-%D1%84%D1%83%D1%82%D0%B1/800px-georgi_markov/ HTTP/1.1" 200 16671 "-" "Mozilla/5.0 (Linux; Android 6.0.1; Nexus 5X Build/MMB29P) AppleWebKit/537.36 (KHTML, like Gecko) Chrome/146.0.7680.177 Mobile Safari/537.36 (compatible; Googlebot/2.1; +http://www.google.com/bot.html)"
216.73.216.22 - - [05/Apr/2026:18:50:37 +0200] "GET /?p=14266 HTTP/1.1" 301 0 "-" "Mozilla/5.0 AppleWebKit/537.36 (KHTML, like Gecko; compatible; ClaudeBot/1.0; +claudebot@anthropic.com)"
216.73.216.22 - - [05/Apr/2026:18:50:38 +0200] "GET /?p=12606 HTTP/1.1" 301 0 "-" "Mozilla/5.0 AppleWebKit/537.36 (KHTML, like Gecko; compatible; ClaudeBot/1.0; +claudebot@anthropic.com)"
216.73.216.22 - - [05/Apr/2026:18:50:38 +0200] "GET /%d0%bd%d0%b8%d0%ba%d0%be%d0%bb%d0%b0-%d0%bf%d0%b8%d0%ba%d0%be%d0%bb%d0%be-%d0%b2%d0%b8%d1%81%d0%be%d0%ba%d0%be%d1%83%d1%87%d0%b5%d0%bd-%d0%b8-%d0%b4%d0%be%d0%b1%d1%80%d0%be%d0%b4%d0%b5%d1%82%d0%b5/ HTTP/1.1" 200 22544 "https://patrioti.net/?p=14266" "Mozilla/5.0 AppleWebKit/537.36 (KHTML, like Gecko; compatible; ClaudeBot/1.0; +claudebot@anthropic.com)"
216.73.216.22 - - [05/Apr/2026:18:50:38 +0200] "GET /%d0%be%d1%84%d0%b8%d1%86%d0%b5%d1%80%d1%8a%d1%82-%d0%bf%d0%b5%d1%82%d1%8a%d1%80-%d0%bf%d0%b0%d1%80%d0%bc%d0%b0%d0%ba%d0%be%d0%b2-%d0%b2%d0%be%d0%b5%d0%bd%d0%bd%d0%b8%d1%8f%d1%82-%d1%81%d1%82%d1%80/ HTTP/1.1" 200 26777 "https://patrioti.net/?p=12606" "Mozilla/5.0 AppleWebKit/537.36 (KHTML, like Gecko; compatible; ClaudeBot/1.0; +claudebot@anthropic.com)"
216.73.216.22 - - [05/Apr/2026:18:50:39 +0200] "GET /?p=1711 HTTP/1.1" 301 0 "-" "Mozilla/5.0 AppleWebKit/537.36 (KHTML, like Gecko; compatible; ClaudeBot/1.0; +claudebot@anthropic.com)"
216.73.216.22 - - [05/Apr/2026:18:50:39 +0200] "GET /%d0%b4%d0%b2%d0%b5-%d0%b4%d0%b5%d1%81%d0%b5%d1%82%d0%b8%d0%bb%d0%b5%d1%82%d0%b8%d1%8f-%d0%bd%d0%b5%d1%83%d1%81%d0%bf%d0%b5%d1%88%d0%bd%d0%b8-%d0%b2%d0%be%d0%b9%d0%bd%d0%b8-%d0%ba%d0%be%d0%bd%d1%81/ HTTP/1.1" 200 21681 "https://patrioti.net/?p=1711" "Mozilla/5.0 AppleWebKit/537.36 (KHTML, like Gecko; compatible; ClaudeBot/1.0; +claudebot@anthropic.com)"
216.73.216.22 - - [05/Apr/2026:18:50:39 +0200] "GET /?p=35267 HTTP/1.1" 301 0 "-" "Mozilla/5.0 AppleWebKit/537.36 (KHTML, like Gecko; compatible; ClaudeBot/1.0; +claudebot@anthropic.com)"
216.73.216.22 - - [05/Apr/2026:18:50:40 +0200] "GET /%d0%bd%d0%b0-31-%d0%bc%d0%b0%d1%80%d1%82-%d1%86%d1%8a%d1%80%d0%ba%d0%b2%d0%b0%d1%82%d0%b0-%d0%bf%d0%be%d1%87%d0%b8%d1%82%d0%b0-%d1%81%d0%b2-%d0%bf%d1%80%d0%b5%d0%bf-%d0%b8%d0%bf%d0%b0%d1%82%d0%b8/ HTTP/1.1" 200 24013 "https://patrioti.net/?p=35267" "Mozilla/5.0 AppleWebKit/537.36 (KHTML, like Gecko; compatible; ClaudeBot/1.0; +claudebot@anthropic.com)"
216.73.216.22 - - [05/Apr/2026:18:50:40 +0200] "GET /?p=37088 HTTP/1.1" 301 0 "-" "Mozilla/5.0 AppleWebKit/537.36 (KHTML, like Gecko; compatible; ClaudeBot/1.0; +claudebot@anthropic.com)"
216.73.216.22 - - [05/Apr/2026:18:50:40 +0200] "GET /%d0%b4%d1%8a%d0%bb%d0%b3%d0%be%d0%b3%d0%be%d0%b4%d0%b8%d1%88%d0%bd%d0%b8%d1%82%d0%b5-%d0%b2%d0%be%d0%b9%d0%bd%d0%b8-%d0%b7%d0%b0-%d0%be%d0%b2%d0%bb%d0%b0%d0%b4%d1%8f%d0%b2%d0%b0%d0%bd%d0%b5-%d0%bd/ HTTP/1.1" 200 23414 "https://patrioti.net/?p=37088" "Mozilla/5.0 AppleWebKit/537.36 (KHTML, like Gecko; compatible; ClaudeBot/1.0; +claudebot@anthropic.com)"
216.73.216.22 - - [05/Apr/2026:18:50:40 +0200] "GET /?p=44250 HTTP/1.1" 301 0 "-" "Mozilla/5.0 AppleWebKit/537.36 (KHTML, like Gecko; compatible; ClaudeBot/1.0; +claudebot@anthropic.com)"
216.73.216.22 - - [05/Apr/2026:18:50:41 +0200] "GET /%d0%bd%d0%b0-17-%d1%8e%d0%bd%d0%b8-%d1%81%d0%b8-%d1%81%d0%bf%d0%be%d0%bc%d0%bd%d1%8f%d0%bc%d0%b5-%d0%b7%d0%b0-%d1%80%d0%b5%d0%b6%d0%b8%d1%81%d1%8c%d0%be%d1%80%d0%b0-%d0%b4%d0%b8%d0%bc%d0%b8%d1%82/ HTTP/1.1" 200 20926 "https://patrioti.net/?p=44250" "Mozilla/5.0 AppleWebKit/537.36 (KHTML, like Gecko; compatible; ClaudeBot/1.0; +claudebot@anthropic.com)"
51.195.244.177 - - [05/Apr/2026:18:50:47 +0200] "GET /wp-content/cache/page_enhanced/patrioti.net/%D0%BB%D0%B5%D0%B3%D0%B5%D0%BD%D0%B4%D0%B0-%D0%B7%D0%B0-%D1%81%D0%BE%D0%BA%D0%BE%D0%BB%D0%BE%D0%B2-%D0%B7%D1%8A%D0%B1/?C=D;O=D HTTP/1.1" 200 385 "-" "Mozilla/5.0 (compatible; AhrefsBot/7.0; +http://ahrefs.com/robot/)"
51.195.244.89 - - [05/Apr/2026:18:51:04 +0200] "GET /%D0%BD%D0%B0-25-%D1%81%D0%B5%D0%BF%D1%82%D0%B5%D0%BC%D0%B2%D1%80%D0%B8-%D0%B5-%D1%80%D0%BE%D0%B4%D0%B5%D0%BD-%D0%B1%D1%8A%D0%BB%D0%B3%D0%B0%D1%80%D1%81%D0%BA%D0%B8%D1%8F-%D1%80%D0%B5%D0%B2%D0%BE%D0%BB/ HTTP/1.1" 200 22241 "-" "Mozilla/5.0 (compatible; AhrefsBot/7.0; +http://ahrefs.com/robot/)"
52.167.144.173 - - [05/Apr/2026:18:51:05 +0200] "GET /tag/%D0%B1%D0%B8%D0%BE%D0%B3%D1%80%D0%B0%D1%84%D0%B8%D1%8F-%D0%BD%D0%B0-%D0%B9%D0%BE%D1%80%D0%B4%D0%B0%D0%BD-%D1%81%D1%82%D0%B5%D1%84%D0%B0%D0%BD%D0%BE%D0%B2-%D1%81%D1%82%D1%80%D0%B0%D1%82%D0%B8%D0%B5/ HTTP/1.1" 200 15595 "-" "Mozilla/5.0 AppleWebKit/537.36 (KHTML, like Gecko; compatible; bingbot/2.0; +http://www.bing.com/bingbot.htm) Chrome/116.0.1938.76 Safari/537.36"
98.82.66.172 - - [05/Apr/2026:18:51:15 +0200] "GET /wp-content/themes/Newspaper/includes/demos/photography/td_panel_settings.txt HTTP/1.1" 200 15060 "-" "Mozilla/5.0 AppleWebKit/537.36 (KHTML, like Gecko; compatible; Amazonbot/0.1; +https://developer.amazon.com/support/amazonbot) Chrome/119.0.6045.214 Safari/537.36"
216.73.216.22 - - [05/Apr/2026:18:51:17 +0200] "GET /wp-content/themes/Newspaper/includes/shortcodes/td_block_big_grid_8.php HTTP/1.1" 500 0 "-" "Mozilla/5.0 AppleWebKit/537.36 (KHTML, like Gecko; compatible; ClaudeBot/1.0; +claudebot@anthropic.com)"
216.73.216.22 - - [05/Apr/2026:18:51:17 +0200] "GET /wp-content/themes/Newspaper/includes/demos/default/td_import.php HTTP/1.1" 500 0 "-" "Mozilla/5.0 AppleWebKit/537.36 (KHTML, like Gecko; compatible; ClaudeBot/1.0; +claudebot@anthropic.com)"
216.73.216.22 - - [05/Apr/2026:18:51:17 +0200] "GET /wp-content/themes/Newspaper/includes/shortcodes/td_block_big_grid_9.php HTTP/1.1" 500 0 "-" "Mozilla/5.0 AppleWebKit/537.36 (KHTML, like Gecko; compatible; ClaudeBot/1.0; +claudebot@anthropic.com)"
216.73.216.22 - - [05/Apr/2026:18:51:18 +0200] "GET /wp-content/themes/Newspaper/includes/shortcodes/td_block_big_grid_6.php HTTP/1.1" 500 0 "-" "Mozilla/5.0 AppleWebKit/537.36 (KHTML, like Gecko; compatible; ClaudeBot/1.0; +claudebot@anthropic.com)"
216.73.216.22 - - [05/Apr/2026:18:51:18 +0200] "GET /wp-content/themes/Newspaper/includes/wp_booster/td_menu_back.php HTTP/1.1" 500 0 "-" "Mozilla/5.0 AppleWebKit/537.36 (KHTML, like Gecko; compatible; ClaudeBot/1.0; +claudebot@anthropic.com)"
161.97.137.93 - - [05/Apr/2026:18:51:19 +0200] "POST /wp-cron.php?doing_wp_cron=1775407879.4198479652404785156250 HTTP/1.1" 404 15247 "https://patrioti.net/wp-cron.php?doing_wp_cron=1775407879.4198479652404785156250" "WordPress/4.9.26; https://patrioti.net"
216.73.216.22 - - [05/Apr/2026:18:51:19 +0200] "GET /?p=45460 HTTP/1.1" 301 0 "-" "Mozilla/5.0 AppleWebKit/537.36 (KHTML, like Gecko; compatible; ClaudeBot/1.0; +claudebot@anthropic.com)"
216.73.216.22 - - [05/Apr/2026:18:51:20 +0200] "GET /%d0%bf%d0%b5%d1%82%d1%8a%d1%80-%d0%b1%d0%be%d0%b3%d0%b4%d0%b0%d0%bd-%d0%b1%d0%b0%d0%ba%d1%88%d0%b5%d0%b2-%d1%87%d0%be%d0%b2%d0%b5%d0%ba%d1%8a%d1%82-%d0%ba%d0%be%d0%b9%d1%82%d0%be-%d0%bf/ HTTP/1.1" 200 25286 "https://patrioti.net/?p=45460" "Mozilla/5.0 AppleWebKit/537.36 (KHTML, like Gecko; compatible; ClaudeBot/1.0; +claudebot@anthropic.com)"
185.191.171.19 - - [05/Apr/2026:18:51:20 +0200] "GET /%D0%B4%D1%80%D0%B5%D0%B2%D0%BD%D0%B0-%D0%B8%D1%81%D1%82%D0%BE%D1%80%D0%B8%D1%8F-%D0%B8-%D0%B2%D1%8A%D0%B7%D1%80%D0%BE%D0%B6%D0%B4%D0%B5%D0%BD%D1%81%D0%BA%D0%B8-%D0%B4%D1%83%D1%85-%D0%B2-%D1%81%D1%8A/ HTTP/1.1" 200 24034 "-" "Mozilla/5.0 (compatible; SemrushBot/7~bl; +http://www.semrush.com/bot.html)"
85.208.96.211 - - [05/Apr/2026:18:51:37 +0200] "GET /%D1%80%D0%BE%D0%B4%D0%BE%D0%BB%D1%8E%D0%B1%D0%B8%D0%B2%D0%B8-%D0%BD%D0%B0%D1%87%D0%B8%D0%BD%D0%B0%D0%BD%D0%B8%D1%8F-%D0%BD%D0%B0-%D0%B1%D1%80%D0%B0%D0%B8%D0%BB%D1%81%D0%BA%D0%B8%D1%82%D0%B5-%D0%B1/ HTTP/1.1" 200 23446 "-" "Mozilla/5.0 (compatible; SemrushBot/7~bl; +http://www.semrush.com/bot.html)"
185.191.171.5 - - [05/Apr/2026:18:51:43 +0200] "GET /tag/%D0%BD%D0%B0%D1%80%D0%BE%D0%B4%D0%BD%D0%B0%D1%82%D0%B0-%D0%BF%D0%B0%D0%BC%D0%B5%D1%82/page/159/ HTTP/1.1" 200 17098 "-" "Mozilla/5.0 (compatible; SemrushBot/7~bl; +http://www.semrush.com/bot.html)"
119.249.100.116 - - [05/Apr/2026:18:51:49 +0200] "GET /?p=31762 HTTP/1.1" 301 0 "-" "Mozilla/5.0 (Windows NT 10.0; WOW64) AppleWebKit/537.36 (KHTML, like Gecko) Chrome/48.0.2564.116 Safari/537.36"
119.249.100.52 - - [05/Apr/2026:18:51:50 +0200] "GET /%D0%BD%D0%B0-6-%D0%BC%D0%B0%D1%80%D1%82-%D1%86%D1%8A%D1%80%D0%BA%D0%B2%D0%B0%D1%82%D0%B0-%D0%BF%D0%BE%D1%87%D0%B8%D1%82%D0%B0-%D1%81%D0%B2-%D1%87%D0%B5%D1%82%D0%B8%D1%80%D0%B8%D0%B4%D0%B5%D1%81%D0%B5/ HTTP/1.1" 200 21525 "-" "Mozilla/5.0 (Windows NT 10.0; WOW64) AppleWebKit/537.36 (KHTML, like Gecko) Chrome/48.0.2564.116 Safari/537.36"
54.38.147.181 - - [05/Apr/2026:18:51:54 +0200] "GET /%D0%BF%D1%8A%D1%80%D0%B2%D0%BE%D1%82%D0%BE-%D0%B1%D1%8A%D0%BB%D0%B3%D0%B0%D1%80%D1%81%D0%BA%D0%BE-%D0%B1%D0%BE%D0%B3%D0%BE%D1%81%D0%BB%D0%BE%D0%B2%D1%81%D0%BA%D0%BE-%D1%83%D1%87%D0%B8%D0%BB%D0%B8/ HTTP/1.1" 200 22148 "-" "Mozilla/5.0 (compatible; AhrefsBot/7.0; +http://ahrefs.com/robot/)"
116.179.33.140 - - [05/Apr/2026:18:51:59 +0200] "GET /wp-content/uploads/2019/03/148878589113456.jpg HTTP/1.1" 200 222034 "https://patrioti.net/%D0%BD%D0%B0-6-%D0%BC%D0%B0%D1%80%D1%82-%D1%86%D1%8A%D1%80%D0%BA%D0%B2%D0%B0%D1%82%D0%B0-%D0%BF%D0%BE%D1%87%D0%B8%D1%82%D0%B0-%D1%81%D0%B2-%D1%87%D0%B5%D1%82%D0%B8%D1%80%D0%B8%D0%B4%D0%B5%D1%81%D0%B5/" "Mozilla/5.0 (Windows NT 10.0; Win64; x64) AppleWebKit/537.36 (KHTML, like Gecko) Chrome/99.0.4844.51 Safari/537.36"
216.73.216.22 - - [05/Apr/2026:18:52:06 +0200] "GET /wp-content/themes/Newspaper/includes/modules/td_module_9.php HTTP/1.1" 502 150 "-" "Mozilla/5.0 AppleWebKit/537.36 (KHTML, like Gecko; compatible; ClaudeBot/1.0; +claudebot@anthropic.com)"
216.73.216.22 - - [05/Apr/2026:18:52:06 +0200] "GET /?p=18200 HTTP/1.1" 502 150 "-" "Mozilla/5.0 AppleWebKit/537.36 (KHTML, like Gecko; compatible; ClaudeBot/1.0; +claudebot@anthropic.com)"
216.73.216.22 - - [05/Apr/2026:18:52:06 +0200] "GET /?p=45505 HTTP/1.1" 502 150 "-" "Mozilla/5.0 AppleWebKit/537.36 (KHTML, like Gecko; compatible; ClaudeBot/1.0; +claudebot@anthropic.com)"
216.73.216.22 - - [05/Apr/2026:18:52:07 +0200] "GET /?p=44198 HTTP/1.1" 301 0 "-" "Mozilla/5.0 AppleWebKit/537.36 (KHTML, like Gecko; compatible; ClaudeBot/1.0; +claudebot@anthropic.com)"
216.73.216.22 - - [05/Apr/2026:18:52:07 +0200] "GET /%d0%b2%d1%8a%d0%b7%d1%80%d0%be%d0%b6%d0%b4%d0%b5%d0%bd%d1%81%d0%ba%d0%b8%d1%8f%d1%82-%d1%87%d0%b0%d1%80-%d0%bd%d0%b0-%d0%b3%d1%80%d0%b0%d0%b4-%d0%b5%d0%bb%d0%b5%d0%bd%d0%b0/ HTTP/1.1" 200 24104 "https://patrioti.net/?p=44198" "Mozilla/5.0 AppleWebKit/537.36 (KHTML, like Gecko; compatible; ClaudeBot/1.0; +claudebot@anthropic.com)"
216.73.216.22 - - [05/Apr/2026:18:52:07 +0200] "GET /?p=21372 HTTP/1.1" 301 0 "-" "Mozilla/5.0 AppleWebKit/537.36 (KHTML, like Gecko; compatible; ClaudeBot/1.0; +claudebot@anthropic.com)"
216.73.216.22 - - [05/Apr/2026:18:52:08 +0200] "GET /wp-content/themes/Newspaper/includes/modules/td_module_6.php HTTP/1.1" 500 0 "-" "Mozilla/5.0 AppleWebKit/537.36 (KHTML, like Gecko; compatible; ClaudeBot/1.0; +claudebot@anthropic.com)"
216.73.216.22 - - [05/Apr/2026:18:52:08 +0200] "GET /%d0%bd%d0%b0-27-%d0%b4%d0%b5%d0%ba%d0%b5%d0%bc%d0%b2%d1%80%d0%b8-1902-%d0%b3-%d0%b5-%d1%80%d0%be%d0%b4%d0%b5%d0%bd-%d0%b1%d1%8a%d0%bb%d0%b3%d0%b0%d1%80%d1%81%d0%ba%d0%b8%d1%8f%d1%82-%d1%81%d0%ba/ HTTP/1.1" 200 23781 "https://patrioti.net/?p=21372" "Mozilla/5.0 AppleWebKit/537.36 (KHTML, like Gecko; compatible; ClaudeBot/1.0; +claudebot@anthropic.com)"
216.73.216.22 - - [05/Apr/2026:18:52:08 +0200] "GET /?p=40457 HTTP/1.1" 301 0 "-" "Mozilla/5.0 AppleWebKit/537.36 (KHTML, like Gecko; compatible; ClaudeBot/1.0; +claudebot@anthropic.com)"
216.73.216.22 - - [05/Apr/2026:18:52:09 +0200] "GET /%d0%bd%d0%b0-15-%d0%bc%d0%b0%d0%b9-1926-%d0%b3-%d0%b5-%d1%80%d0%be%d0%b4%d0%b5%d0%bd-%d0%bf%d0%b8%d1%81%d0%b0%d1%82%d0%b5%d0%bb%d1%8f%d1%82-%d0%b8-%d0%b4%d1%80%d0%b0%d0%bc%d0%b0%d1%82%d1%83%d1%80/ HTTP/1.1" 200 20713 "https://patrioti.net/?p=40457" "Mozilla/5.0 AppleWebKit/537.36 (KHTML, like Gecko; compatible; ClaudeBot/1.0; +claudebot@anthropic.com)"
216.73.216.22 - - [05/Apr/2026:18:52:11 +0200] "GET /wp-content/themes/Newspaper/includes/shortcodes/td_block_homepage_full_1.php HTTP/1.1" 500 0 "-" "Mozilla/5.0 AppleWebKit/537.36 (KHTML, like Gecko; compatible; ClaudeBot/1.0; +claudebot@anthropic.com)"
216.73.216.22 - - [05/Apr/2026:18:52:11 +0200] "GET /wp-content/themes/Newspaper/includes/demos/business/td_import.php HTTP/1.1" 500 0 "-" "Mozilla/5.0 AppleWebKit/537.36 (KHTML, like Gecko; compatible; ClaudeBot/1.0; +claudebot@anthropic.com)"
198.244.242.46 - - [05/Apr/2026:18:52:13 +0200] "GET /%D1%81%D1%82%D1%80%D0%BE%D0%B8%D1%82%D0%B5%D0%BB%D1%81%D1%82%D0%B2%D0%BE%D1%82%D0%BE-%D0%BD%D0%B0-%D0%BD%D0%B0%D1%80%D0%BE%D0%B4%D0%BD%D0%BE%D1%82%D0%BE-%D1%81%D1%8A%D0%B1%D1%80%D0%B0%D0%BD%D0%B8/ HTTP/1.1" 200 21551 "-" "Mozilla/5.0 (compatible; AhrefsBot/7.0; +http://ahrefs.com/robot/)"
216.73.216.22 - - [05/Apr/2026:18:52:14 +0200] "GET /wp-content/themes/Newspaper/includes/wp_booster/wp-admin/panel/td_demo_installer.php HTTP/1.1" 500 0 "-" "Mozilla/5.0 AppleWebKit/537.36 (KHTML, like Gecko; compatible; ClaudeBot/1.0; +claudebot@anthropic.com)"
216.73.216.22 - - [05/Apr/2026:18:52:19 +0200] "GET /wp-content/themes/Newspaper/includes/category_templates/td_category_template_1.php HTTP/1.1" 500 0 "-" "Mozilla/5.0 AppleWebKit/537.36 (KHTML, like Gecko; compatible; ClaudeBot/1.0; +claudebot@anthropic.com)"
161.97.137.93 - - [05/Apr/2026:18:52:19 +0200] "POST /wp-cron.php?doing_wp_cron=1775407939.5560369491577148437500 HTTP/1.1" 404 15248 "https://patrioti.net/wp-cron.php?doing_wp_cron=1775407939.5560369491577148437500" "WordPress/4.9.26; https://patrioti.net"
107.172.157.196 - - [05/Apr/2026:18:52:19 +0200] "GET /wp-login.php HTTP/1.1" 200 1168 "-" "Mozilla/5.0 (Macintosh; Intel Mac OS X 10_12) AppleWebKit/602.1.50 (KHTML, like Gecko) Version/10.0 Safari/602.1.50"
107.172.157.196 - - [05/Apr/2026:18:52:20 +0200] "POST /wp-login.php HTTP/1.1" 200 1530 "https://patrioti.net/wp-login.php" "Mozilla/5.0 (Macintosh; Intel Mac OS X 10_12) AppleWebKit/602.1.50 (KHTML, like Gecko) Version/10.0 Safari/602.1.50"
216.73.216.22 - - [05/Apr/2026:18:52:24 +0200] "GET /wp-content/themes/Newspaper/includes/shortcodes/td_block_text_with_title.php HTTP/1.1" 500 0 "-" "Mozilla/5.0 AppleWebKit/537.36 (KHTML, like Gecko; compatible; ClaudeBot/1.0; +claudebot@anthropic.com)"
52.167.144.173 - - [05/Apr/2026:18:52:26 +0200] "GET /%D0%BD%D0%B0-23-%D1%8E%D0%BB%D0%B8-1942-%D0%B3-%D1%83%D0%BC%D0%B8%D1%80%D0%B0-%D0%B0%D0%BD%D1%82%D0%BE%D0%BD-%D0%B8%D0%B2%D0%B0%D0%BD%D0%BE%D0%B2/ HTTP/1.1" 200 21386 "-" "Mozilla/5.0 (iPhone; CPU iPhone OS 7_0 like Mac OS X) AppleWebKit/537.51.1 (KHTML, like Gecko) Version/7.0 Mobile/11A465 Safari/9537.53 (compatible; bingbot/2.0; +http://www.bing.com/bingbot.htm)"
216.73.216.22 - - [05/Apr/2026:18:52:29 +0200] "GET /wp-content/themes/Newspaper/includes/shortcodes/td_block_big_grid_fl_7.php HTTP/1.1" 500 0 "-" "Mozilla/5.0 AppleWebKit/537.36 (KHTML, like Gecko; compatible; ClaudeBot/1.0; +claudebot@anthropic.com)"
66.249.69.131 - - [05/Apr/2026:18:52:33 +0200] "GET /tag/%D0%B1%D0%BE%D0%B3%D0%BE%D1%80%D0%B8%D0%B4%D0%B8/ HTTP/1.1" 200 15488 "-" "Mozilla/5.0 (Linux; Android 6.0.1; Nexus 5X Build/MMB29P) AppleWebKit/537.36 (KHTML, like Gecko) Chrome/146.0.7680.177 Mobile Safari/537.36 (compatible; Googlebot/2.1; +http://www.google.com/bot.html)"
198.244.226.13 - - [05/Apr/2026:18:52:43 +0200] "GET /%D0%B4%D0%BD%D0%B5%D1%81-%D1%81%D0%B8-%D1%81%D0%BF%D0%BE%D0%BC%D0%BD%D1%8F%D0%BC%D0%B5-%D0%B7%D0%B0-%D1%80%D0%B0%D0%BD%D0%B3%D0%B5%D0%BB-%D0%B2%D1%8A%D0%BB%D1%87%D0%B0%D0%BD%D0%BE%D0%B2/feed/ HTTP/1.1" 200 586 "-" "Mozilla/5.0 (compatible; AhrefsBot/7.0; +http://ahrefs.com/robot/)"
216.73.216.22 - - [05/Apr/2026:18:52:46 +0200] "GET /wp-content/themes/Newspaper/includes/demos/fashion/td_media_5.php HTTP/1.1" 500 0 "-" "Mozilla/5.0 AppleWebKit/537.36 (KHTML, like Gecko; compatible; ClaudeBot/1.0; +claudebot@anthropic.com)"
216.73.216.22 - - [05/Apr/2026:18:52:49 +0200] "GET /wp-content/themes/Newspaper/includes/demos/fashion/td_media_3.php HTTP/1.1" 500 0 "-" "Mozilla/5.0 AppleWebKit/537.36 (KHTML, like Gecko; compatible; ClaudeBot/1.0; +claudebot@anthropic.com)"
27.106.116.227 - - [05/Apr/2026:18:52:51 +0200] "GET /category/%d1%86%d1%8a%d1%80%d0%ba%d0%be%d0%b2%d0%b5%d0%bd-%d0%ba%d0%b0%d0%bb%d0%b5%d0%bd%d0%b4%d0%b0%d1%80/page/42/?filter_by=popular HTTP/1.1" 200 19202 "-" "Mozilla/5.0 (Windows NT 10.0; Win64; x64) AppleWebKit/537.36 (KHTML, like Gecko) Chrome/143.0.0.0 Safari/537.36"
216.73.216.22 - - [05/Apr/2026:18:52:54 +0200] "GET /wp-content/themes/Newspaper/includes/demos/art_creek/td_media_6.php HTTP/1.1" 500 0 "-" "Mozilla/5.0 AppleWebKit/537.36 (KHTML, like Gecko; compatible; ClaudeBot/1.0; +claudebot@anthropic.com)"
66.249.69.131 - - [05/Apr/2026:18:52:59 +0200] "GET /%D0%B4%D0%BD%D0%B5%D1%81-%D0%B5-%D1%80%D0%BE%D0%B4%D0%B5%D0%BD-%D0%B1%D1%8A%D0%BB%D0%B3%D0%B0%D1%80%D1%81%D0%BA%D0%B8%D1%8F%D1%82-%D1%85%D0%B8%D0%BC%D0%B8%D0%BA-%D0%B4-%D1%80-%D1%81%D0%B5%D1%80%D0%B3/ HTTP/1.1" 200 21079 "-" "Mozilla/5.0 (Linux; Android 6.0.1; Nexus 5X Build/MMB29P) AppleWebKit/537.36 (KHTML, like Gecko) Chrome/146.0.7680.177 Mobile Safari/537.36 (compatible; Googlebot/2.1; +http://www.google.com/bot.html)"
216.73.216.22 - - [05/Apr/2026:18:52:59 +0200] "GET /wp-content/themes/Newspaper/includes/demos/art_creek/td_media_4.php HTTP/1.1" 500 0 "-" "Mozilla/5.0 AppleWebKit/537.36 (KHTML, like Gecko; compatible; ClaudeBot/1.0; +claudebot@anthropic.com)"
216.73.216.22 - - [05/Apr/2026:18:53:04 +0200] "GET /wp-content/themes/Newspaper/includes/demos/magazine/td_media_5.php HTTP/1.1" 500 0 "-" "Mozilla/5.0 AppleWebKit/537.36 (KHTML, like Gecko; compatible; ClaudeBot/1.0; +claudebot@anthropic.com)"
198.244.168.20 - - [05/Apr/2026:18:53:06 +0200] "GET /wp-content/cache/page_enhanced/patrioti.net/tag/%D0%BD%D0%B0%D1%86%D0%B8%D0%BE%D0%BD%D0%B0%D0%BB%D0%BD%D0%BE-%D0%BF%D0%B0%D1%82%D1%80%D0%B8%D0%BE%D1%82%D0%B8%D1%87%D0%BD%D0%BE-%D0%BE%D0%B1%D0%B5%D0%B4%D0%B8%D0%BD%D0%B5%D0%BD%D0%B8%D0%B5/page/16/?C=D;O=D HTTP/1.1" 200 467 "-" "Mozilla/5.0 (compatible; AhrefsBot/7.0; +http://ahrefs.com/robot/)"
52.167.144.173 - - [05/Apr/2026:18:53:15 +0200] "GET /?s=riot+gaMES+SIGN+IN HTTP/1.1" 200 15291 "-" "Mozilla/5.0 AppleWebKit/537.36 (KHTML, like Gecko; compatible; bingbot/2.0; +http://www.bing.com/bingbot.htm) Chrome/116.0.1938.76 Safari/537.36"
161.97.137.93 - - [05/Apr/2026:18:53:23 +0200] "POST /wp-cron.php?doing_wp_cron=1775408002.9289879798889160156250 HTTP/1.1" 404 15247 "https://patrioti.net/wp-cron.php?doing_wp_cron=1775408002.9289879798889160156250" "WordPress/4.9.26; https://patrioti.net"
159.138.130.146 - - [05/Apr/2026:18:53:23 +0200] "GET /category/%d0%b4%d0%b5%d0%bb%d0%b0/page/54/?filter_by=popular HTTP/1.1" 200 20195 "-" "Mozilla/5.0 (Macintosh; Intel Mac OS X 10_15_7) AppleWebKit/537.36 (KHTML, like Gecko) Chrome/142.0.0.0 Safari/537.36"
216.73.216.22 - - [05/Apr/2026:18:53:24 +0200] "GET /wp-content/themes/Newspaper/includes/demos/photography/td_media_4.php HTTP/1.1" 500 0 "-" "Mozilla/5.0 AppleWebKit/537.36 (KHTML, like Gecko; compatible; ClaudeBot/1.0; +claudebot@anthropic.com)"
216.73.216.22 - - [05/Apr/2026:18:53:27 +0200] "GET /wp-content/themes/Newspaper/includes/demos/magazine/td_media_4.php HTTP/1.1" 500 0 "-" "Mozilla/5.0 AppleWebKit/537.36 (KHTML, like Gecko; compatible; ClaudeBot/1.0; +claudebot@anthropic.com)"
198.244.242.222 - - [05/Apr/2026:18:53:28 +0200] "GET /wp-content/cache/page_enhanced/patrioti.net/tag/%D1%87%D0%BB%D0%B5%D0%BD-%D0%BA%D0%BE%D1%80%D0%B5%D1%81%D0%BF%D0%BE%D0%BD%D0%B4%D0%B5%D0%BD%D1%82-%D0%BD%D0%B0-%D0%B1%D0%B0%D0%BD/page/?C=D;O=A HTTP/1.1" 200 426 "-" "Mozilla/5.0 (compatible; AhrefsBot/7.0; +http://ahrefs.com/robot/)"
216.73.216.22 - - [05/Apr/2026:18:53:32 +0200] "GET /wp-content/themes/Newspaper/includes/demos/church/td_media_5.php HTTP/1.1" 500 0 "-" "Mozilla/5.0 AppleWebKit/537.36 (KHTML, like Gecko; compatible; ClaudeBot/1.0; +claudebot@anthropic.com)"
216.73.216.22 - - [05/Apr/2026:18:53:37 +0200] "GET /wp-content/themes/Newspaper/includes/demos/photography/td_media_3.php HTTP/1.1" 500 0 "-" "Mozilla/5.0 AppleWebKit/537.36 (KHTML, like Gecko; compatible; ClaudeBot/1.0; +claudebot@anthropic.com)"
216.73.216.22 - - [05/Apr/2026:18:53:42 +0200] "GET /wp-content/themes/Newspaper/includes/demos/magazine/td_media_3.php HTTP/1.1" 500 0 "-" "Mozilla/5.0 AppleWebKit/537.36 (KHTML, like Gecko; compatible; ClaudeBot/1.0; +claudebot@anthropic.com)"
54.38.147.187 - - [05/Apr/2026:18:53:51 +0200] "GET /wp-content/cache/page_enhanced/patrioti.net/tag/%D1%87%D0%BB%D0%B5%D0%BD-%D0%BA%D0%BE%D1%80%D0%B5%D1%81%D0%BF%D0%BE%D0%BD%D0%B4%D0%B5%D0%BD%D1%82-%D0%BD%D0%B0-%D0%B1%D0%B0%D0%BD/page/?C=S;O=A HTTP/1.1" 200 426 "-" "Mozilla/5.0 (compatible; AhrefsBot/7.0; +http://ahrefs.com/robot/)"
20.194.110.188 - - [05/Apr/2026:18:54:00 +0200] "GET /admin.php HTTP/1.1" 404 15250 "-" "Mozilla/5.0 (Windows NT 10.0; Win64; x64) AppleWebKit/537.36 (KHTML, like Gecko) Chrome/120.0.0.0 Safari/537.36"
20.194.110.188 - - [05/Apr/2026:18:54:01 +0200] "GET /about.php HTTP/1.1" 404 7789 "-" "Mozilla/5.0 (Windows NT 10.0; Win64; x64) AppleWebKit/537.36 (KHTML, like Gecko) Chrome/120.0.0.0 Safari/537.36"
216.73.216.22 - - [05/Apr/2026:18:54:01 +0200] "GET /category/%d0%bc%d0%b0%d0%bd%d0%b0%d1%81%d1%82%d0%b8%d1%80%d0%b8/page/19 HTTP/1.1" 502 150 "-" "Mozilla/5.0 AppleWebKit/537.36 (KHTML, like Gecko; compatible; ClaudeBot/1.0; +claudebot@anthropic.com)"
20.194.110.188 - - [05/Apr/2026:18:54:01 +0200] "GET /cgi-bin/ HTTP/1.1" 502 552 "-" "Mozilla/5.0 (Windows NT 10.0; Win64; x64) AppleWebKit/537.36 (KHTML, like Gecko) Chrome/120.0.0.0 Safari/537.36"
20.194.110.188 - - [05/Apr/2026:18:54:02 +0200] "GET /wp-content/themes/ HTTP/1.1" 502 552 "-" "Mozilla/5.0 (Windows NT 10.0; Win64; x64) AppleWebKit/537.36 (KHTML, like Gecko) Chrome/120.0.0.0 Safari/537.36"
216.73.216.22 - - [05/Apr/2026:18:54:02 +0200] "GET /category/%d0%bd%d0%b0-%d1%82%d0%be%d0%b7%d0%b8-%d0%b4%d0%b5%d0%bd/page/32 HTTP/1.1" 502 150 "-" "Mozilla/5.0 AppleWebKit/537.36 (KHTML, like Gecko; compatible; ClaudeBot/1.0; +claudebot@anthropic.com)"
20.194.110.188 - - [05/Apr/2026:18:54:03 +0200] "GET /adminfuns.php HTTP/1.1" 404 15251 "-" "Mozilla/5.0 (Windows NT 10.0; Win64; x64) AppleWebKit/537.36 (KHTML, like Gecko) Chrome/120.0.0.0 Safari/537.36"
17.22.253.70 - - [05/Apr/2026:18:54:03 +0200] "GET /%D0%BD%D0%B0-28-%D0%BC%D0%B0%D1%80%D1%82-%D1%81%D0%B8-%D1%81%D0%BF%D0%BE%D0%BC%D0%BD%D1%8F%D0%BC%D0%B5-%D0%B7%D0%B0-%D0%BA%D0%B8%D0%BD%D0%BE%D1%80%D0%B5%D0%B6%D0%B8%D1%81%D1%8C%D0%BE%D1%80%D0%B0/ HTTP/1.1" 200 20767 "-" "Mozilla/5.0 (Macintosh; Intel Mac OS X 10_15_7) AppleWebKit/605.1.15 (KHTML, like Gecko) Version/17.4 Safari/605.1.15 (Applebot/0.1; +http://www.apple.com/go/applebot)"
20.194.110.188 - - [05/Apr/2026:18:54:03 +0200] "GET /edit.php HTTP/1.1" 404 15251 "-" "Mozilla/5.0 (Windows NT 10.0; Win64; x64) AppleWebKit/537.36 (KHTML, like Gecko) Chrome/120.0.0.0 Safari/537.36"
20.194.110.188 - - [05/Apr/2026:18:54:04 +0200] "GET /.well-known/logs233/index.php HTTP/1.1" 301 0 "-" "Mozilla/5.0 (Windows NT 10.0; Win64; x64) AppleWebKit/537.36 (KHTML, like Gecko) Chrome/120.0.0.0 Safari/537.36"
20.194.110.188 - - [05/Apr/2026:18:54:05 +0200] "GET /wp-admin/maint/ HTTP/1.1" 200 308 "-" "Mozilla/5.0 (Windows NT 10.0; Win64; x64) AppleWebKit/537.36 (KHTML, like Gecko) Chrome/120.0.0.0 Safari/537.36"
20.194.110.188 - - [05/Apr/2026:18:54:05 +0200] "GET /wp-admin/ HTTP/1.1" 302 0 "-" "Mozilla/5.0 (Windows NT 10.0; Win64; x64) AppleWebKit/537.36 (KHTML, like Gecko) Chrome/120.0.0.0 Safari/537.36"
20.194.110.188 - - [05/Apr/2026:18:54:06 +0200] "GET /lite.php HTTP/1.1" 404 15250 "-" "Mozilla/5.0 (Windows NT 10.0; Win64; x64) AppleWebKit/537.36 (KHTML, like Gecko) Chrome/120.0.0.0 Safari/537.36"
20.194.110.188 - - [05/Apr/2026:18:54:06 +0200] "GET /wp-admin/js/ HTTP/1.1" 200 1829 "-" "Mozilla/5.0 (Windows NT 10.0; Win64; x64) AppleWebKit/537.36 (KHTML, like Gecko) Chrome/120.0.0.0 Safari/537.36"
20.194.110.188 - - [05/Apr/2026:18:54:07 +0200] "GET /wp-includes/ HTTP/1.1" 200 3572 "-" "Mozilla/5.0 (Windows NT 10.0; Win64; x64) AppleWebKit/537.36 (KHTML, like Gecko) Chrome/120.0.0.0 Safari/537.36"
20.194.110.188 - - [05/Apr/2026:18:54:07 +0200] "GET /wp-content/uploads/ HTTP/1.1" 200 423 "-" "Mozilla/5.0 (Windows NT 10.0; Win64; x64) AppleWebKit/537.36 (KHTML, like Gecko) Chrome/120.0.0.0 Safari/537.36"
216.73.216.22 - - [05/Apr/2026:18:54:07 +0200] "GET /wp-content/uploads/2019/05/Tseko_Petkov_2-324x160.jpg HTTP/1.1" 200 10265 "-" "Mozilla/5.0 AppleWebKit/537.36 (KHTML, like Gecko; compatible; ClaudeBot/1.0; +claudebot@anthropic.com)"
20.194.110.188 - - [05/Apr/2026:18:54:07 +0200] "GET /wp-admin/js/widgets/ HTTP/1.1" 200 557 "-" "Mozilla/5.0 (Windows NT 10.0; Win64; x64) AppleWebKit/537.36 (KHTML, like Gecko) Chrome/120.0.0.0 Safari/537.36"
20.194.110.188 - - [05/Apr/2026:18:54:08 +0200] "GET /wp-content/themes/admin.php HTTP/1.1" 404 15249 "-" "Mozilla/5.0 (Windows NT 10.0; Win64; x64) AppleWebKit/537.36 (KHTML, like Gecko) Chrome/120.0.0.0 Safari/537.36"
20.194.110.188 - - [05/Apr/2026:18:54:09 +0200] "GET /wk/index.php HTTP/1.1" 301 0 "-" "Mozilla/5.0 (Windows NT 10.0; Win64; x64) AppleWebKit/537.36 (KHTML, like Gecko) Chrome/120.0.0.0 Safari/537.36"
20.194.110.188 - - [05/Apr/2026:18:54:09 +0200] "GET /wp-content/plugins/plugin/index.php HTTP/1.1" 301 0 "-" "Mozilla/5.0 (Windows NT 10.0; Win64; x64) AppleWebKit/537.36 (KHTML, like Gecko) Chrome/120.0.0.0 Safari/537.36"
20.194.110.188 - - [05/Apr/2026:18:54:10 +0200] "GET /wp-content/themes/index.php HTTP/1.1" 301 0 "-" "Mozilla/5.0 (Windows NT 10.0; Win64; x64) AppleWebKit/537.36 (KHTML, like Gecko) Chrome/120.0.0.0 Safari/537.36"
20.194.110.188 - - [05/Apr/2026:18:54:10 +0200] "GET /wp-content/themes/theme/about.php HTTP/1.1" 404 15251 "-" "Mozilla/5.0 (Windows NT 10.0; Win64; x64) AppleWebKit/537.36 (KHTML, like Gecko) Chrome/120.0.0.0 Safari/537.36"
20.194.110.188 - - [05/Apr/2026:18:54:11 +0200] "GET /file.php HTTP/1.1" 404 15251 "-" "Mozilla/5.0 (Windows NT 10.0; Win64; x64) AppleWebKit/537.36 (KHTML, like Gecko) Chrome/120.0.0.0 Safari/537.36"
216.73.216.22 - - [05/Apr/2026:18:54:12 +0200] "GET /wp-content/themes/Newspaper/includes/demos/blog_health/td_media_6.php HTTP/1.1" 500 0 "-" "Mozilla/5.0 AppleWebKit/537.36 (KHTML, like Gecko; compatible; ClaudeBot/1.0; +claudebot@anthropic.com)"
20.194.110.188 - - [05/Apr/2026:18:54:12 +0200] "GET /inputs.php HTTP/1.1" 404 15251 "-" "Mozilla/5.0 (Windows NT 10.0; Win64; x64) AppleWebKit/537.36 (KHTML, like Gecko) Chrome/120.0.0.0 Safari/537.36"
20.194.110.188 - - [05/Apr/2026:18:54:12 +0200] "GET /wp-includes/js/crop/ HTTP/1.1" 200 391 "-" "Mozilla/5.0 (Windows NT 10.0; Win64; x64) AppleWebKit/537.36 (KHTML, like Gecko) Chrome/120.0.0.0 Safari/537.36"
216.73.216.22 - - [05/Apr/2026:18:54:16 +0200] "GET /%d0%b1%d0%b0%d1%89%d0%b0%d1%82%d0%b0-%d0%bd%d0%b0-%d0%bf%d1%8a%d1%80%d0%b2%d0%b8%d1%8f-%d0%b1%d1%8a%d0%bb%d0%b3%d0%b0%d1%80%d1%81%d0%ba%d0%b8-%d0%b0%d0%bd%d1%81%d0%b0%d0%bc%d0%b1%d1%8a%d0%bb/whatsapp:/send HTTP/1.1" 404 15247 "-" "Mozilla/5.0 AppleWebKit/537.36 (KHTML, like Gecko; compatible; ClaudeBot/1.0; +claudebot@anthropic.com)"
216.73.216.22 - - [05/Apr/2026:18:54:17 +0200] "GET /wp-content/themes/Newspaper/includes/demos/blog_health/td_media_5.php HTTP/1.1" 500 0 "-" "Mozilla/5.0 AppleWebKit/537.36 (KHTML, like Gecko; compatible; ClaudeBot/1.0; +claudebot@anthropic.com)"
216.73.216.22 - - [05/Apr/2026:18:54:21 +0200] "GET /%d0%bf%d0%b5%d1%82%d1%8a%d1%80-%d0%b1%d0%be%d0%b3%d0%b4%d0%b0%d0%bd-%d0%b1%d0%b0%d0%ba%d1%88%d0%b5%d0%b2-%d1%87%d0%be%d0%b2%d0%b5%d0%ba%d1%8a%d1%82-%d0%ba%d0%be%d0%b9%d1%82%d0%be-%d0%bf/whatsapp:/send HTTP/1.1" 404 15247 "-" "Mozilla/5.0 AppleWebKit/537.36 (KHTML, like Gecko; compatible; ClaudeBot/1.0; +claudebot@anthropic.com)"
216.73.216.22 - - [05/Apr/2026:18:54:22 +0200] "GET /wp-content/themes/Newspaper/includes/demos/blog_travel/td_media_1.php HTTP/1.1" 500 0 "-" "Mozilla/5.0 AppleWebKit/537.36 (KHTML, like Gecko; compatible; ClaudeBot/1.0; +claudebot@anthropic.com)"
161.97.137.93 - - [05/Apr/2026:18:54:26 +0200] "POST /wp-cron.php?doing_wp_cron=1775408066.0297110080718994140625 HTTP/1.1" 404 15247 "https://patrioti.net/wp-cron.php?doing_wp_cron=1775408066.0297110080718994140625" "WordPress/4.9.26; https://patrioti.net"
116.179.32.17 - - [05/Apr/2026:18:54:26 +0200] "GET /?p=31590 HTTP/1.1" 301 0 "-" "Mozilla/5.0 (compatible; Baiduspider/2.0; +http://www.baidu.com/search/spider.html)"
161.97.137.93 - - [05/Apr/2026:18:54:26 +0200] "POST /wp-cron.php?doing_wp_cron=1775408066.1903541088104248046875 HTTP/1.1" 404 15247 "https://patrioti.net/wp-cron.php?doing_wp_cron=1775408066.1903541088104248046875" "WordPress/4.9.26; https://patrioti.net"
216.73.216.22 - - [05/Apr/2026:18:54:26 +0200] "GET /%d0%bb%d0%b5%d0%b3%d0%b5%d0%bd%d0%b4%d0%b0-%d0%b7%d0%b0-%d1%86%d1%8a%d1%80%d0%ba%d0%b2%d0%b0%d1%82%d0%b0-%d0%b2-%d1%81%d0%b5%d0%bb%d0%be-%d0%ba%d0%b0%d0%bc%d0%b5%d0%bd%d0%b8%d0%ba/whatsapp:/send HTTP/1.1" 404 15247 "-" "Mozilla/5.0 AppleWebKit/537.36 (KHTML, like Gecko; compatible; ClaudeBot/1.0; +claudebot@anthropic.com)"
116.179.32.130 - - [05/Apr/2026:18:54:29 +0200] "GET /%D0%B4%D0%BD%D0%B5%D1%81-%D1%81%D0%B8-%D1%81%D0%BF%D0%BE%D0%BC%D0%BD%D1%8F%D0%BC%D0%B5-%D0%B7%D0%B0-%D0%B2%D0%BE%D0%B9%D0%B2%D0%BE%D0%B4%D0%B0%D1%82%D0%B0-%D1%81%D0%BC%D0%B8%D0%BB%D0%B5-%D0%B2%D0%BE/ HTTP/1.1" 200 21561 "-" "Mozilla/5.0 (compatible; Baiduspider/2.0; +http://www.baidu.com/search/spider.html)"
216.73.216.22 - - [05/Apr/2026:18:54:31 +0200] "GET /%d0%b8%d1%81%d1%82%d0%be%d1%80%d0%b8%d1%8f%d1%82%d0%b0-%d0%bd%d0%b0-%d0%b1%d0%be%d1%8f%d0%bd%d1%81%d0%ba%d0%b0%d1%82%d0%b0-%d1%86%d1%8a%d1%80%d0%ba%d0%b2%d0%b0/whatsapp:/send HTTP/1.1" 404 15247 "-" "Mozilla/5.0 AppleWebKit/537.36 (KHTML, like Gecko; compatible; ClaudeBot/1.0; +claudebot@anthropic.com)"
216.73.216.22 - - [05/Apr/2026:18:54:36 +0200] "GET /%d0%b3%d0%b5%d1%80%d0%be%d1%8f%d1%82-%d0%be%d1%82-%d0%b1%d1%83%d0%bb%d0%b0%d0%b8%d1%80-%d0%b8-%d0%ba%d0%b0%d0%bb%d0%b8%d0%bc%d0%b0%d0%bd%d1%86%d0%b8 HTTP/1.1" 301 0 "-" "Mozilla/5.0 AppleWebKit/537.36 (KHTML, like Gecko; compatible; ClaudeBot/1.0; +claudebot@anthropic.com)"
198.244.242.209 - - [05/Apr/2026:18:54:36 +0200] "GET /%D0%B4%D0%BD%D0%B5%D1%81-%D0%B5-%D1%80%D0%BE%D0%B4%D0%B5%D0%BD-%D0%B1%D1%8A%D0%BB%D0%B3%D0%B0%D1%80%D1%81%D0%BA%D0%B8%D1%8F%D1%82-%D0%B0%D0%BA%D1%82%D1%8C%D0%BE%D1%80-%D0%B3%D0%B5%D0%BE%D1%80%D0%B3/%D0%B3%D0%B5%D0%BE%D1%80%D0%B3%D0%B8-%D0%B3%D0%B5%D0%BE%D1%80%D0%B3%D0%B8%D0%B5%D0%B2-%D0%B3%D0%BE%D0%B3%D0%BE/feed/ HTTP/1.1" 200 633 "-" "Mozilla/5.0 (compatible; AhrefsBot/7.0; +http://ahrefs.com/robot/)"
216.73.216.22 - - [05/Apr/2026:18:54:36 +0200] "GET /%d0%b3%d0%b5%d1%80%d0%be%d1%8f%d1%82-%d0%be%d1%82-%d0%b1%d1%83%d0%bb%d0%b0%d0%b8%d1%80-%d0%b8-%d0%ba%d0%b0%d0%bb%d0%b8%d0%bc%d0%b0%d0%bd%d1%86%d0%b8/ HTTP/1.1" 200 26969 "https://patrioti.net/%d0%b3%d0%b5%d1%80%d0%be%d1%8f%d1%82-%d0%be%d1%82-%d0%b1%d1%83%d0%bb%d0%b0%d0%b8%d1%80-%d0%b8-%d0%ba%d0%b0%d0%bb%d0%b8%d0%bc%d0%b0%d0%bd%d1%86%d0%b8" "Mozilla/5.0 AppleWebKit/537.36 (KHTML, like Gecko; compatible; ClaudeBot/1.0; +claudebot@anthropic.com)"
216.73.216.22 - - [05/Apr/2026:18:54:37 +0200] "GET /%d0%bd%d0%b0-%d0%b4%d0%bd%d0%b5%d1%88%d0%bd%d0%b0%d1%82%d0%b0-%d0%b4%d0%b0%d1%82%d0%b0-%d1%83%d0%bc%d0%b8%d1%80%d0%b0-%d0%bf%d0%be%d0%b5%d1%82%d1%8a%d1%82-%d0%ba%d1%80%d1%8a%d1%81%d1%82%d1%8c%d0%be/whatsapp:/send HTTP/1.1" 404 15247 "-" "Mozilla/5.0 AppleWebKit/537.36 (KHTML, like Gecko; compatible; ClaudeBot/1.0; +claudebot@anthropic.com)"
216.73.216.22 - - [05/Apr/2026:18:54:37 +0200] "GET /%d0%bd%d0%b0-31-%d0%bc%d0%b0%d1%80%d1%82-%d1%86%d1%8a%d1%80%d0%ba%d0%b2%d0%b0%d1%82%d0%b0-%d0%bf%d0%be%d1%87%d0%b8%d1%82%d0%b0-%d1%81%d0%b2-%d0%bf%d1%80%d0%b5%d0%bf-%d0%b8%d0%bf%d0%b0%d1%82%d0%b8/whatsapp:/send HTTP/1.1" 404 15247 "-" "Mozilla/5.0 AppleWebKit/537.36 (KHTML, like Gecko; compatible; ClaudeBot/1.0; +claudebot@anthropic.com)"
216.73.216.22 - - [05/Apr/2026:18:54:41 +0200] "GET /%d0%ba%d0%b0%d0%bc%d0%b5%d0%bd%d0%bd%d0%b8%d1%82%d0%b5-%d1%81%d1%82%d0%b5%d0%bb%d0%b8-%d0%be%d1%82-%d0%bf%d0%bb%d0%b0%d1%87%d0%b8%d0%b4%d0%be%d0%bb/whatsapp:/send HTTP/1.1" 404 15248 "-" "Mozilla/5.0 AppleWebKit/537.36 (KHTML, like Gecko; compatible; ClaudeBot/1.0; +claudebot@anthropic.com)"
216.73.216.22 - - [05/Apr/2026:18:54:43 +0200] "GET /%d0%bd%d0%b0-27-%d0%b4%d0%b5%d0%ba%d0%b5%d0%bc%d0%b2%d1%80%d0%b8-1921-%d0%b3-%d0%b5-%d1%80%d0%be%d0%b4%d0%b5%d0%bd-%d0%b1%d1%8a%d0%bb%d0%b3%d0%b0%d1%80%d1%81%d0%ba%d0%b8%d1%8f%d1%82-%d0%b4%d0%b5/whatsapp:/send HTTP/1.1" 404 15246 "-" "Mozilla/5.0 AppleWebKit/537.36 (KHTML, like Gecko; compatible; ClaudeBot/1.0; +claudebot@anthropic.com)"
85.208.96.200 - - [05/Apr/2026:18:54:46 +0200] "GET /%D0%B4%D0%BD%D0%B5%D1%81-%D0%B5-%D1%80%D0%BE%D0%B4%D0%B5%D0%BD-%D0%B3%D0%B5%D0%BD%D0%B5%D1%80%D0%B0%D0%BB-%D0%BC%D0%B0%D0%B9%D0%BE%D1%80-%D0%B3%D0%B5%D0%BE%D1%80%D0%B3%D0%B8-%D1%82%D0%B0%D0%BD%D0%BE/ HTTP/1.1" 200 20895 "-" "Mozilla/5.0 (compatible; SemrushBot/7~bl; +http://www.semrush.com/bot.html)"
216.73.216.22 - - [05/Apr/2026:18:54:47 +0200] "GET /%d0%b4%d0%bd%d0%b5%d1%81-%d0%b5-%d1%80%d0%be%d0%b4%d0%b5%d0%bd-%d0%b1%d1%8a%d0%bb%d0%b3%d0%b0%d1%80%d1%81%d0%ba%d0%b8%d1%8f%d1%82-%d0%b0%d0%ba%d1%82%d1%8c%d0%be%d1%80-%d0%bf%d0%b5%d1%82%d1%8c%d0%be/whatsapp:/send HTTP/1.1" 404 15247 "-" "Mozilla/5.0 AppleWebKit/537.36 (KHTML, like Gecko; compatible; ClaudeBot/1.0; +claudebot@anthropic.com)"
51.195.183.178 - - [05/Apr/2026:18:54:50 +0200] "GET /wp-content/cache/page_enhanced/patrioti.net/%D0%BD%D0%B0-21-%D0%B0%D0%B2%D0%B3%D1%83%D1%81%D1%82-%D1%86%D1%8A%D1%80%D0%BA%D0%B2%D0%B0%D1%82%D0%B0-%D0%BF%D0%BE%D1%87%D0%B8%D1%82%D0%B0-%D1%81%D0%B2-%D0%B0%D0%BF%D0%BE%D1%81%D1%82%D0%BE%D0%BB/?C=M;O=A HTTP/1.1" 200 415 "-" "Mozilla/5.0 (compatible; AhrefsBot/7.0; +http://ahrefs.com/robot/)"
216.73.216.22 - - [05/Apr/2026:18:55:00 +0200] "GET /%d0%bd%d0%b0-17-%d1%8e%d0%bd%d0%b8-%d1%81%d0%b8-%d1%81%d0%bf%d0%be%d0%bc%d0%bd%d1%8f%d0%bc%d0%b5-%d0%b7%d0%b0-%d1%80%d0%b5%d0%b6%d0%b8%d1%81%d1%8c%d0%be%d1%80%d0%b0-%d0%b4%d0%b8%d0%bc%d0%b8%d1%82/whatsapp:/send HTTP/1.1" 404 15248 "-" "Mozilla/5.0 AppleWebKit/537.36 (KHTML, like Gecko; compatible; ClaudeBot/1.0; +claudebot@anthropic.com)"
52.167.144.206 - - [05/Apr/2026:18:55:01 +0200] "GET /?s=%D7%94%D7%98%D7%A7%D7%A1%D7%95%D7%A0%D7%95%D7%9E%D7%99%D7%94+%D7%A9%D7%9C+%D7%91%D7%9C%D7%95%D7%9D HTTP/1.1" 502 552 "-" "Mozilla/5.0 AppleWebKit/537.36 (KHTML, like Gecko; compatible; bingbot/2.0; +http://www.bing.com/bingbot.htm) Chrome/116.0.1938.76 Safari/537.36"
216.73.216.22 - - [05/Apr/2026:18:55:04 +0200] "GET /%d0%bd%d0%b0%d0%b4%d0%bf%d0%b8%d1%81%d0%b8%d1%82%d0%b5-%d0%be%d1%82%d0%ba%d1%80%d0%b8%d1%82%d0%b8-%d0%b2-%d1%85%d1%80%d0%b0%d0%bc%d0%b0-%d1%81%d0%b2-%d1%81%d0%be%d1%84%d0%b8%d1%8f-%d0%b2-%d0%ba/whatsapp:/send HTTP/1.1" 404 15246 "-" "Mozilla/5.0 AppleWebKit/537.36 (KHTML, like Gecko; compatible; ClaudeBot/1.0; +claudebot@anthropic.com)"
216.73.216.22 - - [05/Apr/2026:18:55:08 +0200] "GET /%d0%b4%d0%bd%d0%b5%d1%81-%d0%b5-%d1%80%d0%be%d0%b4%d0%b5%d0%bd-%d0%b1%d1%8a%d0%bb%d0%b3%d0%b0%d1%80%d1%81%d0%ba%d0%b8%d1%8f%d1%82-%d0%ba%d0%be%d0%bc%d0%bf%d0%be%d0%b7%d0%b8%d1%82%d0%be%d1%80-%d0%b8-3 HTTP/1.1" 301 0 "-" "Mozilla/5.0 AppleWebKit/537.36 (KHTML, like Gecko; compatible; ClaudeBot/1.0; +claudebot@anthropic.com)"
216.73.216.22 - - [05/Apr/2026:18:55:09 +0200] "GET /%d0%b4%d0%bd%d0%b5%d1%81-%d0%b5-%d1%80%d0%be%d0%b4%d0%b5%d0%bd-%d0%b1%d1%8a%d0%bb%d0%b3%d0%b0%d1%80%d1%81%d0%ba%d0%b8%d1%8f%d1%82-%d0%ba%d0%be%d0%bc%d0%bf%d0%be%d0%b7%d0%b8%d1%82%d0%be%d1%80-%d0%b8-3/ HTTP/1.1" 200 21122 "https://patrioti.net/%d0%b4%d0%bd%d0%b5%d1%81-%d0%b5-%d1%80%d0%be%d0%b4%d0%b5%d0%bd-%d0%b1%d1%8a%d0%bb%d0%b3%d0%b0%d1%80%d1%81%d0%ba%d0%b8%d1%8f%d1%82-%d0%ba%d0%be%d0%bc%d0%bf%d0%be%d0%b7%d0%b8%d1%82%d0%be%d1%80-%d0%b8-3" "Mozilla/5.0 AppleWebKit/537.36 (KHTML, like Gecko; compatible; ClaudeBot/1.0; +claudebot@anthropic.com)"
51.89.129.65 - - [05/Apr/2026:18:55:13 +0200] "GET /%D1%85%D1%80%D0%B0%D0%BC-%D0%BF%D0%B0%D0%BC%D0%B5%D1%82%D0%BD%D0%B8%D0%BA-%D1%81%D0%B2-%D0%B3%D0%B5%D0%BE%D1%80%D0%B3%D0%B8-%D0%BF%D0%BE%D0%B1%D0%B5%D0%B4%D0%BE%D0%BD%D0%BE%D1%81%D0%B5%D1%86/feed/ HTTP/1.1" 200 611 "-" "Mozilla/5.0 (compatible; AhrefsBot/7.0; +http://ahrefs.com/robot/)"
216.73.216.22 - - [05/Apr/2026:18:55:14 +0200] "GET /%d0%bd%d0%b0-6-%d1%8e%d0%bb%d0%b8-1899-%d0%b3-%d0%b5-%d1%80%d0%be%d0%b4%d0%b5%d0%bd-%d0%b1%d1%8a%d0%bb%d0%b3%d0%b0%d1%80%d1%81%d0%ba%d0%b8%d1%8f%d1%82-%d0%be%d0%b1%d1%89%d0%b5%d1%81%d1%82%d0%b2%d0%b5/whatsapp:/send HTTP/1.1" 404 15246 "-" "Mozilla/5.0 AppleWebKit/537.36 (KHTML, like Gecko; compatible; ClaudeBot/1.0; +claudebot@anthropic.com)"
216.73.216.22 - - [05/Apr/2026:18:55:19 +0200] "GET /%d0%bd%d0%b0-16-%d0%b0%d0%bf%d1%80%d0%b8%d0%bb-1890-%d0%b3-%d0%b5-%d1%80%d0%be%d0%b4%d0%b5%d0%bd-%d0%b1%d1%8a%d0%bb%d0%b3%d0%b0%d1%80%d1%81%d0%ba%d0%b8%d1%8f%d1%82-%d0%bf%d0%be%d0%bb%d0%b8%d1%82%d0%b8/whatsapp:/send HTTP/1.1" 404 15247 "-" "Mozilla/5.0 AppleWebKit/537.36 (KHTML, like Gecko; compatible; ClaudeBot/1.0; +claudebot@anthropic.com)"
198.244.183.79 - - [05/Apr/2026:18:55:19 +0200] "GET /category/%D0%BD%D0%B0-%D1%82%D0%BE%D0%B7%D0%B8-%D0%B4%D0%B5%D0%BD/page/529/ HTTP/1.1" 200 18042 "-" "Mozilla/5.0 (compatible; AhrefsBot/7.0; +http://ahrefs.com/robot/)"
101.32.109.165 - - [05/Apr/2026:18:55:21 +0200] "GET /category/%d0%bc%d0%b0%d0%bd%d0%b0%d1%81%d1%82%d0%b8%d1%80%d0%b8/page/13/?filter_by=popular HTTP/1.1" 200 19810 "-" "Mozilla/5.0 (Macintosh; Intel Mac OS X 10_15_7) AppleWebKit/537.36 (KHTML, like Gecko) Chrome/145.0.0.0 Safari/537.36"
185.191.171.6 - - [05/Apr/2026:18:55:21 +0200] "GET /robots.txt HTTP/1.1" 200 66 "-" "Mozilla/5.0 (compatible; SemrushBot/7~bl; +http://www.semrush.com/bot.html)"
185.191.171.14 - - [05/Apr/2026:18:55:23 +0200] "GET /%D0%BD%D0%B0-%D0%B4%D0%BD%D0%B5%D1%88%D0%BD%D0%B0%D1%82%D0%B0-%D0%B4%D0%B0%D1%82%D0%B0-%D1%83%D0%BC%D0%B8%D1%80%D0%B0-%D0%BF%D0%B8%D1%81%D0%B0%D1%82%D0%B5%D0%BB%D1%8F%D1%82-%D0%B0%D1%82%D0%B0%D0%BD/ HTTP/1.1" 200 22216 "-" "Mozilla/5.0 (compatible; SemrushBot/7~bl; +http://www.semrush.com/bot.html)"
198.244.183.162 - - [05/Apr/2026:18:55:34 +0200] "GET /wp-content/cache/page_enhanced/patrioti.net/%D0%BD%D0%B0-7-%D1%8F%D0%BD%D1%83%D0%B0%D1%80%D0%B8-1858-%D0%B3-%D0%B5-%D1%80%D0%BE%D0%B4%D0%B5%D0%BD-%D0%BA%D0%BE%D0%BC%D0%BF%D0%BE%D0%B7%D0%B8%D1%82%D0%BE%D1%80%D1%8A%D1%82-%D0%B5%D0%BC%D0%B0%D0%BD/?C=S;O=A HTTP/1.1" 200 427 "-" "Mozilla/5.0 (compatible; AhrefsBot/7.0; +http://ahrefs.com/robot/)"
161.97.137.93 - - [05/Apr/2026:18:55:35 +0200] "POST /wp-cron.php?doing_wp_cron=1775408135.0999701023101806640625 HTTP/1.1" 404 15246 "https://patrioti.net/wp-cron.php?doing_wp_cron=1775408135.0999701023101806640625" "WordPress/4.9.26; https://patrioti.net"
92.53.96.141 - - [05/Apr/2026:18:55:35 +0200] "GET /wp-login.php HTTP/1.1" 200 1168 "-" "Mozilla/5.0 (Windows NT 6.1; WOW64; Trident/7.0; MAAU; rv:11.0) like Gecko"
52.167.144.173 - - [05/Apr/2026:18:55:37 +0200] "GET /%D0%BD%D0%B0-%D0%B4%D0%BD%D0%B5%D1%88%D0%BD%D0%B0%D1%82%D0%B0-%D0%B4%D0%B0%D1%82%D0%B0-%D1%83%D0%BC%D0%B8%D1%80%D0%B0-%D0%BF%D0%BE%D0%B5%D1%82%D1%8A%D1%82-%D1%81%D1%82%D0%B5%D1%84%D0%B0%D0%BD-%D0%B3/ HTTP/1.1" 200 21831 "-" "Mozilla/5.0 (iPhone; CPU iPhone OS 7_0 like Mac OS X) AppleWebKit/537.51.1 (KHTML, like Gecko) Version/7.0 Mobile/11A465 Safari/9537.53 (compatible; bingbot/2.0; +http://www.bing.com/bingbot.htm)"
198.244.240.173 - - [05/Apr/2026:18:55:59 +0200] "GET /%D0%BD%D0%B0-24-%D1%84%D0%B5%D0%B2%D1%80%D1%83%D0%B0%D1%80%D0%B8-%D1%81%D0%B8-%D1%81%D0%BF%D0%BE%D0%BC%D0%BD%D1%8F%D0%BC%D0%B5-%D0%B7%D0%B0-%D0%B1%D1%8A%D0%BB%D0%B3%D0%B0%D1%80%D1%81%D0%BA%D0%B8%D1%8F/ HTTP/1.1" 200 20400 "-" "Mozilla/5.0 (compatible; AhrefsBot/7.0; +http://ahrefs.com/robot/)"
216.73.216.22 - - [05/Apr/2026:18:56:00 +0200] "GET /%d1%80%d0%b0%d0%b7%d0%b1%d0%be%d0%b8%d1%88%d0%ba%d0%b8-%d0%bc%d0%b0%d0%bd%d0%b0%d1%81%d1%82%d0%b8%d1%80-%d0%b8%d1%81%d1%82%d0%be%d1%80%d0%b8%d1%8f-%d0%b8-%d0%bb%d0%b5%d0%b3%d0%b5%d0%bd%d0%b4 HTTP/1.1" 301 0 "-" "Mozilla/5.0 AppleWebKit/537.36 (KHTML, like Gecko; compatible; ClaudeBot/1.0; +claudebot@anthropic.com)"
216.73.216.22 - - [05/Apr/2026:18:56:00 +0200] "GET /%d1%80%d0%b0%d0%b7%d0%b1%d0%be%d0%b8%d1%88%d0%ba%d0%b8-%d0%bc%d0%b0%d0%bd%d0%b0%d1%81%d1%82%d0%b8%d1%80-%d0%b8%d1%81%d1%82%d0%be%d1%80%d0%b8%d1%8f-%d0%b8-%d0%bb%d0%b5%d0%b3%d0%b5%d0%bd%d0%b4/ HTTP/1.1" 200 24615 "https://patrioti.net/%d1%80%d0%b0%d0%b7%d0%b1%d0%be%d0%b8%d1%88%d0%ba%d0%b8-%d0%bc%d0%b0%d0%bd%d0%b0%d1%81%d1%82%d0%b8%d1%80-%d0%b8%d1%81%d1%82%d0%be%d1%80%d0%b8%d1%8f-%d0%b8-%d0%bb%d0%b5%d0%b3%d0%b5%d0%bd%d0%b4" "Mozilla/5.0 AppleWebKit/537.36 (KHTML, like Gecko; compatible; ClaudeBot/1.0; +claudebot@anthropic.com)"
216.73.216.22 - - [05/Apr/2026:18:56:01 +0200] "GET /%d0%bd%d0%b0-27-%d1%8e%d0%bd%d0%b8-1985-%d0%b3-%d0%b2-%d1%81%d0%be%d1%84%d0%b8%d1%8f-%d0%b5-%d0%be%d1%81%d0%bd%d0%be%d0%b2%d0%b0%d0%bd-%d0%b1%d1%8a%d0%bb%d0%b3%d0%b0%d1%80%d1%81%d0%ba%d0%b8%d1%8f HTTP/1.1" 301 0 "-" "Mozilla/5.0 AppleWebKit/537.36 (KHTML, like Gecko; compatible; ClaudeBot/1.0; +claudebot@anthropic.com)"
216.73.216.22 - - [05/Apr/2026:18:56:01 +0200] "GET /%d0%bd%d0%b0-27-%d1%8e%d0%bd%d0%b8-1985-%d0%b3-%d0%b2-%d1%81%d0%be%d1%84%d0%b8%d1%8f-%d0%b5-%d0%be%d1%81%d0%bd%d0%be%d0%b2%d0%b0%d0%bd-%d0%b1%d1%8a%d0%bb%d0%b3%d0%b0%d1%80%d1%81%d0%ba%d0%b8%d1%8f/ HTTP/1.1" 502 150 "https://patrioti.net/%d0%bd%d0%b0-27-%d1%8e%d0%bd%d0%b8-1985-%d0%b3-%d0%b2-%d1%81%d0%be%d1%84%d0%b8%d1%8f-%d0%b5-%d0%be%d1%81%d0%bd%d0%be%d0%b2%d0%b0%d0%bd-%d0%b1%d1%8a%d0%bb%d0%b3%d0%b0%d1%80%d1%81%d0%ba%d0%b8%d1%8f" "Mozilla/5.0 AppleWebKit/537.36 (KHTML, like Gecko; compatible; ClaudeBot/1.0; +claudebot@anthropic.com)"
66.249.69.132 - - [05/Apr/2026:18:56:02 +0200] "GET /%D0%B4%D0%BD%D0%B5%D1%81-%D0%B5-%D1%80%D0%BE%D0%B4%D0%B5%D0%BD%D0%B0-%D0%B1%D1%8A%D0%BB%D0%B3%D0%B0%D1%80%D1%81%D0%BA%D0%B0%D1%82%D0%B0-%D0%B6%D1%83%D1%80%D0%BD%D0%B0%D0%BB%D0%B8%D1%81%D1%82%D0%BA-3/ HTTP/1.1" 502 552 "-" "Mozilla/5.0 (Linux; Android 6.0.1; Nexus 5X Build/MMB29P) AppleWebKit/537.36 (KHTML, like Gecko) Chrome/146.0.7680.177 Mobile Safari/537.36 (compatible; Googlebot/2.1; +http://www.google.com/bot.html)"
216.73.216.22 - - [05/Apr/2026:18:56:06 +0200] "GET /%d0%bd%d0%b0-19-%d0%bc%d0%b0%d1%80%d1%82-%d1%86%d1%8a%d1%80%d0%ba%d0%b2%d0%b0%d1%82%d0%b0-%d0%bf%d0%be%d1%87%d0%b8%d1%82%d0%b0-%d1%81%d0%b2-%d0%bc%d1%8a%d1%87%d0%b5%d0%bd%d0%b8%d1%86%d0%b8-%d1%85 HTTP/1.1" 301 0 "-" "Mozilla/5.0 AppleWebKit/537.36 (KHTML, like Gecko; compatible; ClaudeBot/1.0; +claudebot@anthropic.com)"
216.73.216.22 - - [05/Apr/2026:18:56:06 +0200] "GET /%d0%bd%d0%b0-19-%d0%bc%d0%b0%d1%80%d1%82-%d1%86%d1%8a%d1%80%d0%ba%d0%b2%d0%b0%d1%82%d0%b0-%d0%bf%d0%be%d1%87%d0%b8%d1%82%d0%b0-%d1%81%d0%b2-%d0%bc%d1%8a%d1%87%d0%b5%d0%bd%d0%b8%d1%86%d0%b8-%d1%85/ HTTP/1.1" 200 24698 "https://patrioti.net/%d0%bd%d0%b0-19-%d0%bc%d0%b0%d1%80%d1%82-%d1%86%d1%8a%d1%80%d0%ba%d0%b2%d0%b0%d1%82%d0%b0-%d0%bf%d0%be%d1%87%d0%b8%d1%82%d0%b0-%d1%81%d0%b2-%d0%bc%d1%8a%d1%87%d0%b5%d0%bd%d0%b8%d1%86%d0%b8-%d1%85" "Mozilla/5.0 AppleWebKit/537.36 (KHTML, like Gecko; compatible; ClaudeBot/1.0; +claudebot@anthropic.com)"
52.167.144.173 - - [05/Apr/2026:18:56:08 +0200] "GET /%D0%B4%D0%BE%D0%B1%D1%80%D0%B8-%D0%B2%D0%BE%D0%B9%D0%BD%D0%B8%D0%BA%D0%BE%D0%B2-%D0%B8-%D0%BD%D0%B5%D0%B3%D0%BE%D0%B2%D0%B0%D1%82%D0%B0-150-%D0%B3%D0%BE%D0%B4%D0%B8%D1%88%D0%BD%D0%B0-%D0%BF%D0%B8/ HTTP/1.1" 200 24254 "-" "Mozilla/5.0 AppleWebKit/537.36 (KHTML, like Gecko; compatible; bingbot/2.0; +http://www.bing.com/bingbot.htm) Chrome/116.0.1938.76 Safari/537.36"
52.167.144.173 - - [05/Apr/2026:18:56:09 +0200] "GET /%D0%BD%D0%B0-1-%D0%BC%D0%B0%D0%B9-%D1%86%D1%8A%D1%80%D0%BA%D0%B2%D0%B0%D1%82%D0%B0-%D0%BF%D0%BE%D1%87%D0%B8%D1%82%D0%B0-%D1%81%D0%B2-%D1%82%D0%B0%D0%BC%D0%B0%D1%80%D0%B0-%D0%B3%D1%80%D1%83%D0%B7/ HTTP/1.1" 200 20862 "-" "Mozilla/5.0 AppleWebKit/537.36 (KHTML, like Gecko; compatible; bingbot/2.0; +http://www.bing.com/bingbot.htm) Chrome/116.0.1938.76 Safari/537.36"
216.73.216.22 - - [05/Apr/2026:18:56:11 +0200] "GET /%d0%b4%d0%bd%d0%b5%d1%81-%d1%81%d0%b8-%d1%81%d0%bf%d0%be%d0%bc%d0%bd%d1%8f%d0%bc%d0%b5-%d0%b7%d0%b0-%d0%b0%d0%ba%d1%82%d1%8c%d0%be%d1%80%d0%b0-%d0%b8%d0%b2%d0%b0%d0%bd-%d0%b1%d1%80%d0%b0%d1%82%d0%b0/whatsapp:/send HTTP/1.1" 404 15247 "-" "Mozilla/5.0 AppleWebKit/537.36 (KHTML, like Gecko; compatible; ClaudeBot/1.0; +claudebot@anthropic.com)"
119.8.27.134 - - [05/Apr/2026:18:56:12 +0200] "GET /category/%d0%b8%d1%81%d1%82%d0%be%d1%80%d0%b8%d1%87%d0%b5%d1%81%d0%ba%d0%b8-%d1%81%d1%8a%d0%b1%d0%b8%d1%82%d0%b8%d1%8f/page/58/?filter_by=random_posts HTTP/1.1" 200 20065 "-" "Mozilla/5.0 (Macintosh; Intel Mac OS X 10_15_7) AppleWebKit/537.36 (KHTML, like Gecko) Chrome/144.0.0.0 Safari/537.36"
52.167.144.206 - - [05/Apr/2026:18:56:13 +0200] "GET /%D0%BD%D0%B0-%D0%B4%D0%BD%D0%B5%D1%88%D0%BD%D0%B0%D1%82%D0%B0-%D0%B4%D0%B0%D1%82%D0%B0-%D0%BF%D1%80%D0%B5%D0%B7-1970-%D0%B3-%D1%83%D0%BC%D0%B8%D1%80%D0%B0-%D1%85%D1%83%D0%B4%D0%BE%D0%B6%D0%BD%D0%B8/ HTTP/1.1" 200 21115 "-" "Mozilla/5.0 (iPhone; CPU iPhone OS 7_0 like Mac OS X) AppleWebKit/537.51.1 (KHTML, like Gecko) Version/7.0 Mobile/11A465 Safari/9537.53 (compatible; bingbot/2.0; +http://www.bing.com/bingbot.htm)"
40.77.167.44 - - [05/Apr/2026:18:56:14 +0200] "GET /%D0%BD%D0%B0-8-%D0%BC%D0%B0%D0%B9-%D1%86%D1%8A%D1%80%D0%BA%D0%B2%D0%B0%D1%82%D0%B0-%D0%BF%D0%BE%D1%87%D0%B8%D1%82%D0%B0-%D0%BF%D1%80%D0%B5%D0%BF%D0%BE%D0%B4%D0%BE%D0%B1%D0%BD%D0%B8-%D0%B0%D1%80%D1%81/ HTTP/1.1" 200 23521 "-" "Mozilla/5.0 AppleWebKit/537.36 (KHTML, like Gecko; compatible; bingbot/2.0; +http://www.bing.com/bingbot.htm) Chrome/116.0.1938.76 Safari/537.36"
216.73.216.22 - - [05/Apr/2026:18:56:14 +0200] "GET /%d0%ba%d0%be%d0%bb%d0%ba%d0%be-%d0%b5-%d1%87%d0%b0%d1%81%d1%8a%d1%82-%d1%81%d0%be%d1%84%d0%b8%d1%8f-%d1%81%d1%82%d0%b0%d1%80%d0%b8%d1%82%d0%b5-%d1%87%d0%b0%d1%81%d0%be%d0%b2%d0%bd%d0%b8%d1%86%d0%b8 HTTP/1.1" 301 0 "-" "Mozilla/5.0 AppleWebKit/537.36 (KHTML, like Gecko; compatible; ClaudeBot/1.0; +claudebot@anthropic.com)"
216.73.216.22 - - [05/Apr/2026:18:56:15 +0200] "GET /%d0%ba%d0%be%d0%bb%d0%ba%d0%be-%d0%b5-%d1%87%d0%b0%d1%81%d1%8a%d1%82-%d1%81%d0%be%d1%84%d0%b8%d1%8f-%d1%81%d1%82%d0%b0%d1%80%d0%b8%d1%82%d0%b5-%d1%87%d0%b0%d1%81%d0%be%d0%b2%d0%bd%d0%b8%d1%86%d0%b8/ HTTP/1.1" 200 23161 "https://patrioti.net/%d0%ba%d0%be%d0%bb%d0%ba%d0%be-%d0%b5-%d1%87%d0%b0%d1%81%d1%8a%d1%82-%d1%81%d0%be%d1%84%d0%b8%d1%8f-%d1%81%d1%82%d0%b0%d1%80%d0%b8%d1%82%d0%b5-%d1%87%d0%b0%d1%81%d0%be%d0%b2%d0%bd%d0%b8%d1%86%d0%b8" "Mozilla/5.0 AppleWebKit/537.36 (KHTML, like Gecko; compatible; ClaudeBot/1.0; +claudebot@anthropic.com)"
216.73.216.22 - - [05/Apr/2026:18:56:16 +0200] "GET /%d0%bd%d0%b0-6-%d1%81%d0%b5%d0%bf%d1%82%d0%b5%d0%bc%d0%b2%d1%80%d0%b8-%d0%b2-%d1%81%d0%b0%d0%bc%d0%be%d0%ba%d0%be%d0%b2-%d1%81%d0%b0-%d1%80%d0%be%d0%b4%d0%b5%d0%bd%d0%b8-%d1%81%d0%b5%d1%81%d1%82%d1%80/whatsapp:/send HTTP/1.1" 404 15247 "-" "Mozilla/5.0 AppleWebKit/537.36 (KHTML, like Gecko; compatible; ClaudeBot/1.0; +claudebot@anthropic.com)"
216.73.216.22 - - [05/Apr/2026:18:56:17 +0200] "GET /%d1%85%d1%80%d0%b8%d1%81%d1%82%d0%be%d1%81-%d0%b2%d0%be%d1%81%d0%ba%d1%80%d0%b5%d1%81%d0%b5-%d0%b5%d0%bb%d0%b8%d1%81%d0%b0%d0%b2%d0%b5%d1%82%d0%b0-%d0%b1%d0%b0%d0%b3%d1%80%d1%8f%d0%bd%d0%b0/feed HTTP/1.1" 301 0 "-" "Mozilla/5.0 AppleWebKit/537.36 (KHTML, like Gecko; compatible; ClaudeBot/1.0; +claudebot@anthropic.com)"
216.73.216.22 - - [05/Apr/2026:18:56:17 +0200] "GET /%d1%85%d1%80%d0%b8%d1%81%d1%82%d0%be%d1%81-%d0%b2%d0%be%d1%81%d0%ba%d1%80%d0%b5%d1%81%d0%b5-%d0%b5%d0%bb%d0%b8%d1%81%d0%b0%d0%b2%d0%b5%d1%82%d0%b0-%d0%b1%d0%b0%d0%b3%d1%80%d1%8f%d0%bd%d0%b0/feed/ HTTP/1.1" 200 526 "https://patrioti.net/%d1%85%d1%80%d0%b8%d1%81%d1%82%d0%be%d1%81-%d0%b2%d0%be%d1%81%d0%ba%d1%80%d0%b5%d1%81%d0%b5-%d0%b5%d0%bb%d0%b8%d1%81%d0%b0%d0%b2%d0%b5%d1%82%d0%b0-%d0%b1%d0%b0%d0%b3%d1%80%d1%8f%d0%bd%d0%b0/feed" "Mozilla/5.0 AppleWebKit/537.36 (KHTML, like Gecko; compatible; ClaudeBot/1.0; +claudebot@anthropic.com)"
