216.73.216.22 - - [05/Apr/2026:15:38:48 +0200] "GET /%d0%b4%d0%bd%d0%b5%d1%81-%d0%be%d1%82%d0%b1%d0%b5%d0%bb%d1%8f%d0%b7%d0%b2%d0%b0%d0%bc%d0%b5-%d1%80%d0%be%d0%b6%d0%b4%d0%b5%d0%bd%d0%b8%d0%b5%d1%82%d0%be-%d0%bd%d0%b0-%d0%ba%d0%be%d0%bc%d0%bf%d0%be HTTP/1.1" 301 0 "-" "Mozilla/5.0 AppleWebKit/537.36 (KHTML, like Gecko; compatible; ClaudeBot/1.0; +claudebot@anthropic.com)"
216.73.216.22 - - [05/Apr/2026:15:38:49 +0200] "GET /%d0%b4%d0%bd%d0%b5%d1%81-%d0%be%d1%82%d0%b1%d0%b5%d0%bb%d1%8f%d0%b7%d0%b2%d0%b0%d0%bc%d0%b5-%d1%80%d0%be%d0%b6%d0%b4%d0%b5%d0%bd%d0%b8%d0%b5%d1%82%d0%be-%d0%bd%d0%b0-%d0%ba%d0%be%d0%bc%d0%bf%d0%be/ HTTP/1.1" 200 20517 "https://patrioti.net/%d0%b4%d0%bd%d0%b5%d1%81-%d0%be%d1%82%d0%b1%d0%b5%d0%bb%d1%8f%d0%b7%d0%b2%d0%b0%d0%bc%d0%b5-%d1%80%d0%be%d0%b6%d0%b4%d0%b5%d0%bd%d0%b8%d0%b5%d1%82%d0%be-%d0%bd%d0%b0-%d0%ba%d0%be%d0%bc%d0%bf%d0%be" "Mozilla/5.0 AppleWebKit/537.36 (KHTML, like Gecko; compatible; ClaudeBot/1.0; +claudebot@anthropic.com)"
216.73.216.22 - - [05/Apr/2026:15:38:50 +0200] "GET /%d0%b1%d0%be%d0%bb%d1%8f%d1%80%d0%b8%d0%bd%d1%8a%d1%82-%d0%ba%d1%8a%d1%80%d1%88%d0%be-%d0%b8-%d0%bd%d0%b5%d0%b3%d0%be%d0%b2%d0%b8%d1%82%d0%b5-%d0%bd%d0%b0%d1%81%d0%bb%d0%b5%d0%b4%d0%bd%d0%b8%d1%86 HTTP/1.1" 301 0 "-" "Mozilla/5.0 AppleWebKit/537.36 (KHTML, like Gecko; compatible; ClaudeBot/1.0; +claudebot@anthropic.com)"
216.73.216.22 - - [05/Apr/2026:15:38:50 +0200] "GET /%d0%b1%d0%be%d0%bb%d1%8f%d1%80%d0%b8%d0%bd%d1%8a%d1%82-%d0%ba%d1%8a%d1%80%d1%88%d0%be-%d0%b8-%d0%bd%d0%b5%d0%b3%d0%be%d0%b2%d0%b8%d1%82%d0%b5-%d0%bd%d0%b0%d1%81%d0%bb%d0%b5%d0%b4%d0%bd%d0%b8%d1%86/ HTTP/1.1" 200 21949 "https://patrioti.net/%d0%b1%d0%be%d0%bb%d1%8f%d1%80%d0%b8%d0%bd%d1%8a%d1%82-%d0%ba%d1%8a%d1%80%d1%88%d0%be-%d0%b8-%d0%bd%d0%b5%d0%b3%d0%be%d0%b2%d0%b8%d1%82%d0%b5-%d0%bd%d0%b0%d1%81%d0%bb%d0%b5%d0%b4%d0%bd%d0%b8%d1%86" "Mozilla/5.0 AppleWebKit/537.36 (KHTML, like Gecko; compatible; ClaudeBot/1.0; +claudebot@anthropic.com)"
216.73.216.22 - - [05/Apr/2026:15:38:55 +0200] "GET /%d0%bf%d0%b5%d1%82%d1%80%d0%b8%d1%87%d0%ba%d0%b8-%d0%b8%d0%bd%d1%86%d0%b8%d0%b4%d0%b5%d0%bd%d1%82-%d0%b3%d1%80%d1%8a%d1%86%d0%ba%d0%be%d1%82%d0%be-%d0%bd%d0%b0%d1%85%d0%bb%d1%83 HTTP/1.1" 301 0 "-" "Mozilla/5.0 AppleWebKit/537.36 (KHTML, like Gecko; compatible; ClaudeBot/1.0; +claudebot@anthropic.com)"
216.73.216.22 - - [05/Apr/2026:15:38:55 +0200] "GET /%d0%bf%d0%b5%d1%82%d1%80%d0%b8%d1%87%d0%ba%d0%b8-%d0%b8%d0%bd%d1%86%d0%b8%d0%b4%d0%b5%d0%bd%d1%82-%d0%b3%d1%80%d1%8a%d1%86%d0%ba%d0%be%d1%82%d0%be-%d0%bd%d0%b0%d1%85%d0%bb%d1%83/ HTTP/1.1" 200 23010 "https://patrioti.net/%d0%bf%d0%b5%d1%82%d1%80%d0%b8%d1%87%d0%ba%d0%b8-%d0%b8%d0%bd%d1%86%d0%b8%d0%b4%d0%b5%d0%bd%d1%82-%d0%b3%d1%80%d1%8a%d1%86%d0%ba%d0%be%d1%82%d0%be-%d0%bd%d0%b0%d1%85%d0%bb%d1%83" "Mozilla/5.0 AppleWebKit/537.36 (KHTML, like Gecko; compatible; ClaudeBot/1.0; +claudebot@anthropic.com)"
220.181.108.146 - - [05/Apr/2026:15:38:56 +0200] "GET /?p=22208 HTTP/1.1" 301 0 "-" "Mozilla/5.0 (compatible; Baiduspider/2.0; +http://www.baidu.com/search/spider.html)"
220.181.108.175 - - [05/Apr/2026:15:38:57 +0200] "GET /%D0%B2%D1%80%D0%B0%D1%82%D0%B0%D1%82%D0%B0-%D0%BD%D0%B0-%D0%B1%D0%BE%D0%B3%D0%B8%D0%BD%D1%8F%D1%82%D0%B0-%D0%BA%D1%80%D0%B0%D0%B9-%D1%81%D0%B5%D0%BB%D0%BE-%D0%B1%D1%83%D0%B7%D0%BE%D0%B2%D0%B3/ HTTP/1.1" 200 20894 "-" "Mozilla/5.0 (compatible; Baiduspider/2.0; +http://www.baidu.com/search/spider.html)"
216.73.216.22 - - [05/Apr/2026:15:38:59 +0200] "GET /wp-content/themes/Newspaper/includes/shortcodes/td_block_big_grid_fl_2.php HTTP/1.1" 500 0 "-" "Mozilla/5.0 AppleWebKit/537.36 (KHTML, like Gecko; compatible; ClaudeBot/1.0; +claudebot@anthropic.com)"
216.73.216.22 - - [05/Apr/2026:15:39:00 +0200] "GET /wp-content/themes/Newspaper/includes/shortcodes/td_block_big_grid_slide.php HTTP/1.1" 500 0 "-" "Mozilla/5.0 AppleWebKit/537.36 (KHTML, like Gecko; compatible; ClaudeBot/1.0; +claudebot@anthropic.com)"
161.97.137.93 - - [05/Apr/2026:15:39:00 +0200] "POST /wp-cron.php?doing_wp_cron=1775396340.2508320808410644531250 HTTP/1.1" 404 15247 "https://patrioti.net/wp-cron.php?doing_wp_cron=1775396340.2508320808410644531250" "WordPress/4.9.26; https://patrioti.net"
216.73.216.22 - - [05/Apr/2026:15:39:00 +0200] "GET /%d1%86%d0%b0%d1%80%d0%b8%d1%86%d0%b0-%d0%b5%d0%bb%d0%b5%d0%be%d0%bd%d0%be%d1%80%d0%b0-%d1%81%d0%b5%d1%81%d1%82%d1%80%d0%b0-%d0%bd%d0%b0-%d0%b3%d0%b5%d1%80%d0%be%d0%b8/whatsapp:/send HTTP/1.1" 404 15248 "-" "Mozilla/5.0 AppleWebKit/537.36 (KHTML, like Gecko; compatible; ClaudeBot/1.0; +claudebot@anthropic.com)"
66.249.69.132 - - [05/Apr/2026:15:39:04 +0200] "GET /tag/%D0%BF%D0%B0%D1%82%D1%80%D0%B8%D0%BE%D1%82%D0%B8/page/205/ HTTP/1.1" 502 552 "-" "Mozilla/5.0 (Linux; Android 6.0.1; Nexus 5X Build/MMB29P) AppleWebKit/537.36 (KHTML, like Gecko) Chrome/146.0.7680.177 Mobile Safari/537.36 (compatible; Googlebot/2.1; +http://www.google.com/bot.html)"
216.73.216.22 - - [05/Apr/2026:15:39:05 +0200] "GET /wp-content/themes/Newspaper/includes/shortcodes/td_block_big_grid_12.php HTTP/1.1" 500 0 "-" "Mozilla/5.0 AppleWebKit/537.36 (KHTML, like Gecko; compatible; ClaudeBot/1.0; +claudebot@anthropic.com)"
216.73.216.22 - - [05/Apr/2026:15:39:05 +0200] "GET /%d0%b2%d0%be%d0%b9%d0%b2%d0%be%d0%b4%d0%b0%d1%82%d0%b0-%d0%b0%d0%bb%d1%82%d1%8a%d0%bd%d0%bb%d1%8a-%d1%81%d1%82%d0%be%d1%8f%d0%bd-%d1%81%d1%82%d1%80%d0%b0%d1%88%d0%b8%d0%bb%d0%b8%d1%89%d0%b5 HTTP/1.1" 301 0 "-" "Mozilla/5.0 AppleWebKit/537.36 (KHTML, like Gecko; compatible; ClaudeBot/1.0; +claudebot@anthropic.com)"
216.73.216.22 - - [05/Apr/2026:15:39:05 +0200] "GET /%d0%b2%d0%be%d0%b9%d0%b2%d0%be%d0%b4%d0%b0%d1%82%d0%b0-%d0%b0%d0%bb%d1%82%d1%8a%d0%bd%d0%bb%d1%8a-%d1%81%d1%82%d0%be%d1%8f%d0%bd-%d1%81%d1%82%d1%80%d0%b0%d1%88%d0%b8%d0%bb%d0%b8%d1%89%d0%b5/ HTTP/1.1" 200 21683 "https://patrioti.net/%d0%b2%d0%be%d0%b9%d0%b2%d0%be%d0%b4%d0%b0%d1%82%d0%b0-%d0%b0%d0%bb%d1%82%d1%8a%d0%bd%d0%bb%d1%8a-%d1%81%d1%82%d0%be%d1%8f%d0%bd-%d1%81%d1%82%d1%80%d0%b0%d1%88%d0%b8%d0%bb%d0%b8%d1%89%d0%b5" "Mozilla/5.0 AppleWebKit/537.36 (KHTML, like Gecko; compatible; ClaudeBot/1.0; +claudebot@anthropic.com)"
216.73.216.22 - - [05/Apr/2026:15:39:10 +0200] "GET /tag/%d0%b1%d0%b8%d0%be%d0%b3%d1%80%d0%b0%d1%84%d0%b8%d1%8f-%d0%bd%d0%b0-%d0%ba%d0%be%d0%bd%d1%81%d1%82%d0%b0%d0%bd%d1%82%d0%b8%d0%bd-%d0%bb%d1%83%d0%ba%d0%b0%d1%88/feed HTTP/1.1" 301 0 "-" "Mozilla/5.0 AppleWebKit/537.36 (KHTML, like Gecko; compatible; ClaudeBot/1.0; +claudebot@anthropic.com)"
216.73.216.22 - - [05/Apr/2026:15:39:10 +0200] "GET /%d0%bd%d0%b0-%d0%b4%d0%bd%d0%b5%d1%88%d0%bd%d0%b8%d1%8f-%d0%b4%d0%b5%d0%bd-%d0%bf%d0%be%d1%87%d0%b8%d1%82%d0%b0%d0%bc%d0%b5-%d0%bf%d0%b0%d0%bc%d0%b5%d1%82%d1%82%d0%b0-%d0%bd%d0%b0-%d0%bf%d0%be%d0%bb-2/whatsapp:/send HTTP/1.1" 404 15247 "-" "Mozilla/5.0 AppleWebKit/537.36 (KHTML, like Gecko; compatible; ClaudeBot/1.0; +claudebot@anthropic.com)"
216.73.216.22 - - [05/Apr/2026:15:39:10 +0200] "GET /tag/%d0%b1%d0%b8%d0%be%d0%b3%d1%80%d0%b0%d1%84%d0%b8%d1%8f-%d0%bd%d0%b0-%d0%ba%d0%be%d0%bd%d1%81%d1%82%d0%b0%d0%bd%d1%82%d0%b8%d0%bd-%d0%bb%d1%83%d0%ba%d0%b0%d1%88/feed/ HTTP/1.1" 200 1831 "https://patrioti.net/tag/%d0%b1%d0%b8%d0%be%d0%b3%d1%80%d0%b0%d1%84%d0%b8%d1%8f-%d0%bd%d0%b0-%d0%ba%d0%be%d0%bd%d1%81%d1%82%d0%b0%d0%bd%d1%82%d0%b8%d0%bd-%d0%bb%d1%83%d0%ba%d0%b0%d1%88/feed" "Mozilla/5.0 AppleWebKit/537.36 (KHTML, like Gecko; compatible; ClaudeBot/1.0; +claudebot@anthropic.com)"
216.73.216.22 - - [05/Apr/2026:15:39:11 +0200] "GET /18-%d1%8e%d0%bd%d0%b8-%d0%b5-%d1%81%d0%b2%d0%b5%d1%82%d0%be%d0%b2%d0%b5%d0%bd-%d0%b4%d0%b5%d0%bd-%d0%bd%d0%b0-%d0%b4%d0%be%d1%81%d1%82%d0%be%d0%b9%d0%bd%d1%81%d1%82%d0%b2%d0%be-%d0%bd%d0%b0-%d0%b1/whatsapp:/send HTTP/1.1" 404 15248 "-" "Mozilla/5.0 AppleWebKit/537.36 (KHTML, like Gecko; compatible; ClaudeBot/1.0; +claudebot@anthropic.com)"
185.191.171.12 - - [05/Apr/2026:15:39:11 +0200] "GET /%D0%B4%D0%BD%D0%B5%D1%81-%D0%B5-%D1%80%D0%BE%D0%B4%D0%B5%D0%BD-%D1%80%D0%B5%D0%B6%D0%B8%D1%81%D1%8C%D0%BE%D1%80%D1%8A%D1%82-%D1%82%D0%B5%D0%B4%D0%B8-%D0%BC%D0%BE%D1%81%D0%BA%D0%BE%D0%B2/ HTTP/1.1" 200 21557 "-" "Mozilla/5.0 (compatible; SemrushBot/7~bl; +http://www.semrush.com/bot.html)"
216.73.216.22 - - [05/Apr/2026:15:39:15 +0200] "GET /%d0%bd%d0%b0-27-%d1%8e%d0%bd%d0%b8-1944-%d0%b3-%d0%b7%d0%b0%d0%b3%d0%b8%d0%b2%d0%b0-%d0%bb%d0%b8%d0%bb%d1%8f%d0%bd%d0%b0-%d0%b4%d0%b8%d0%bc%d0%b8%d1%82%d1%80%d0%be%d0%b2%d0%b0 HTTP/1.1" 301 0 "-" "Mozilla/5.0 AppleWebKit/537.36 (KHTML, like Gecko; compatible; ClaudeBot/1.0; +claudebot@anthropic.com)"
216.73.216.22 - - [05/Apr/2026:15:39:15 +0200] "GET /%d0%bd%d0%b0-27-%d1%8e%d0%bd%d0%b8-1944-%d0%b3-%d0%b7%d0%b0%d0%b3%d0%b8%d0%b2%d0%b0-%d0%bb%d0%b8%d0%bb%d1%8f%d0%bd%d0%b0-%d0%b4%d0%b8%d0%bc%d0%b8%d1%82%d1%80%d0%be%d0%b2%d0%b0/ HTTP/1.1" 200 21508 "https://patrioti.net/%d0%bd%d0%b0-27-%d1%8e%d0%bd%d0%b8-1944-%d0%b3-%d0%b7%d0%b0%d0%b3%d0%b8%d0%b2%d0%b0-%d0%bb%d0%b8%d0%bb%d1%8f%d0%bd%d0%b0-%d0%b4%d0%b8%d0%bc%d0%b8%d1%82%d1%80%d0%be%d0%b2%d0%b0" "Mozilla/5.0 AppleWebKit/537.36 (KHTML, like Gecko; compatible; ClaudeBot/1.0; +claudebot@anthropic.com)"
216.73.216.22 - - [05/Apr/2026:15:39:16 +0200] "GET /%d0%bd%d0%b0-19-%d1%8e%d0%bd%d0%b8-%d1%86%d1%8a%d1%80%d0%ba%d0%b2%d0%b0%d1%82%d0%b0-%d0%bf%d0%be%d1%87%d0%b8%d1%82%d0%b0-%d1%81%d0%b2-%d0%b0%d0%bf%d0%be%d1%81%d1%82%d0%be%d0%bb-%d1%8e%d0%b4%d0%b0 HTTP/1.1" 301 0 "-" "Mozilla/5.0 AppleWebKit/537.36 (KHTML, like Gecko; compatible; ClaudeBot/1.0; +claudebot@anthropic.com)"
216.73.216.22 - - [05/Apr/2026:15:39:16 +0200] "GET /%d0%bd%d0%b0-19-%d1%8e%d0%bd%d0%b8-%d1%86%d1%8a%d1%80%d0%ba%d0%b2%d0%b0%d1%82%d0%b0-%d0%bf%d0%be%d1%87%d0%b8%d1%82%d0%b0-%d1%81%d0%b2-%d0%b0%d0%bf%d0%be%d1%81%d1%82%d0%be%d0%bb-%d1%8e%d0%b4%d0%b0/ HTTP/1.1" 200 20970 "https://patrioti.net/%d0%bd%d0%b0-19-%d1%8e%d0%bd%d0%b8-%d1%86%d1%8a%d1%80%d0%ba%d0%b2%d0%b0%d1%82%d0%b0-%d0%bf%d0%be%d1%87%d0%b8%d1%82%d0%b0-%d1%81%d0%b2-%d0%b0%d0%bf%d0%be%d1%81%d1%82%d0%be%d0%bb-%d1%8e%d0%b4%d0%b0" "Mozilla/5.0 AppleWebKit/537.36 (KHTML, like Gecko; compatible; ClaudeBot/1.0; +claudebot@anthropic.com)"
40.77.167.18 - - [05/Apr/2026:15:39:17 +0200] "GET /?s=MILFI+BIGTITS HTTP/1.1" 200 15281 "-" "Mozilla/5.0 AppleWebKit/537.36 (KHTML, like Gecko; compatible; bingbot/2.0; +http://www.bing.com/bingbot.htm) Chrome/116.0.1938.76 Safari/537.36"
43.132.153.249 - - [05/Apr/2026:15:39:18 +0200] "GET /tag/%d0%b1%d1%8a%d0%bb%d0%b3%d0%b0%d1%80%d1%81%d0%ba%d0%b8-%d0%bf%d0%b0%d1%82%d1%80%d0%b8%d0%be%d1%82%d0%b8/page/11/ HTTP/1.1" 200 17350 "-" "Mozilla/5.0 (Windows NT 10.0; Win64; x64) AppleWebKit/537.36 (KHTML, like Gecko) Chrome/141.0.0.0 Safari/537.36"
216.73.216.22 - - [05/Apr/2026:15:39:20 +0200] "GET /%d0%bf%d0%b5%d1%82%d1%8a%d1%80-%d0%b1%d0%be%d0%b3%d0%b4%d0%b0%d0%bd-%d0%b1%d0%b0%d0%ba%d1%88%d0%b5%d0%b2-%d1%87%d0%be%d0%b2%d0%b5%d0%ba%d1%8a%d1%82-%d0%ba%d0%be%d0%b9%d1%82%d0%be-%d0%bf HTTP/1.1" 301 0 "-" "Mozilla/5.0 AppleWebKit/537.36 (KHTML, like Gecko; compatible; ClaudeBot/1.0; +claudebot@anthropic.com)"
216.73.216.22 - - [05/Apr/2026:15:39:20 +0200] "GET /%d0%bf%d0%b5%d1%82%d1%8a%d1%80-%d0%b1%d0%be%d0%b3%d0%b4%d0%b0%d0%bd-%d0%b1%d0%b0%d0%ba%d1%88%d0%b5%d0%b2-%d1%87%d0%be%d0%b2%d0%b5%d0%ba%d1%8a%d1%82-%d0%ba%d0%be%d0%b9%d1%82%d0%be-%d0%bf/ HTTP/1.1" 200 25287 "https://patrioti.net/%d0%bf%d0%b5%d1%82%d1%8a%d1%80-%d0%b1%d0%be%d0%b3%d0%b4%d0%b0%d0%bd-%d0%b1%d0%b0%d0%ba%d1%88%d0%b5%d0%b2-%d1%87%d0%be%d0%b2%d0%b5%d0%ba%d1%8a%d1%82-%d0%ba%d0%be%d0%b9%d1%82%d0%be-%d0%bf" "Mozilla/5.0 AppleWebKit/537.36 (KHTML, like Gecko; compatible; ClaudeBot/1.0; +claudebot@anthropic.com)"
216.73.216.22 - - [05/Apr/2026:15:39:21 +0200] "GET /%d0%b4%d0%bd%d0%b5%d1%81-%d0%bf%d0%be%d1%87%d0%b8%d1%82%d0%b0%d0%bc%d0%b5-%d0%bf%d0%b0%d0%bc%d0%b5%d1%82%d1%82%d0%b0-%d0%bd%d0%b0-%d0%b3%d0%b5%d0%bd%d0%b5%d1%80%d0%b0%d0%bb-%d0%bc%d0%b0%d0%b9%d0%be-12/whatsapp:/send HTTP/1.1" 404 15247 "-" "Mozilla/5.0 AppleWebKit/537.36 (KHTML, like Gecko; compatible; ClaudeBot/1.0; +claudebot@anthropic.com)"
216.73.216.22 - - [05/Apr/2026:15:39:25 +0200] "GET /%d0%b1%d0%be%d0%bb%d1%8f%d1%80%d0%b8%d0%bd%d1%8a%d1%82-%d0%ba%d1%8a%d1%80%d1%88%d0%be-%d0%b8-%d0%bd%d0%b5%d0%b3%d0%be%d0%b2%d0%b8%d1%82%d0%b5-%d0%bd%d0%b0%d1%81%d0%bb%d0%b5%d0%b4%d0%bd%d0%b8%d1%86/whatsapp:/send HTTP/1.1" 404 15247 "-" "Mozilla/5.0 AppleWebKit/537.36 (KHTML, like Gecko; compatible; ClaudeBot/1.0; +claudebot@anthropic.com)"
216.73.216.22 - - [05/Apr/2026:15:39:26 +0200] "GET /%d0%ba%d0%b0%d0%ba-%d1%84%d0%b5%d1%80%d0%b4%d0%b8%d0%bd%d0%b0%d0%bd%d0%b4-%d0%bf%d0%be%d1%81%d1%82%d1%80%d0%be%d0%b8-%d0%b4%d0%b2%d0%be%d1%80%d0%b5%d1%86%d0%b0-%d0%b2%d1%8a%d0%b2-%d0%b2%d1%80%d0%b0 HTTP/1.1" 301 0 "-" "Mozilla/5.0 AppleWebKit/537.36 (KHTML, like Gecko; compatible; ClaudeBot/1.0; +claudebot@anthropic.com)"
216.73.216.22 - - [05/Apr/2026:15:39:26 +0200] "GET /%d0%ba%d0%b0%d0%ba-%d1%84%d0%b5%d1%80%d0%b4%d0%b8%d0%bd%d0%b0%d0%bd%d0%b4-%d0%bf%d0%be%d1%81%d1%82%d1%80%d0%be%d0%b8-%d0%b4%d0%b2%d0%be%d1%80%d0%b5%d1%86%d0%b0-%d0%b2%d1%8a%d0%b2-%d0%b2%d1%80%d0%b0/ HTTP/1.1" 200 24645 "https://patrioti.net/%d0%ba%d0%b0%d0%ba-%d1%84%d0%b5%d1%80%d0%b4%d0%b8%d0%bd%d0%b0%d0%bd%d0%b4-%d0%bf%d0%be%d1%81%d1%82%d1%80%d0%be%d0%b8-%d0%b4%d0%b2%d0%be%d1%80%d0%b5%d1%86%d0%b0-%d0%b2%d1%8a%d0%b2-%d0%b2%d1%80%d0%b0" "Mozilla/5.0 AppleWebKit/537.36 (KHTML, like Gecko; compatible; ClaudeBot/1.0; +claudebot@anthropic.com)"
216.73.216.22 - - [05/Apr/2026:15:39:30 +0200] "GET /%d0%b8%d1%81%d1%82%d0%be%d1%80%d0%b8%d1%8f%d1%82%d0%b0-%d0%bd%d0%b0-%d0%b1%d0%be%d1%8f%d0%bd%d1%81%d0%ba%d0%b0%d1%82%d0%b0-%d1%86%d1%8a%d1%80%d0%ba%d0%b2%d0%b0 HTTP/1.1" 301 0 "-" "Mozilla/5.0 AppleWebKit/537.36 (KHTML, like Gecko; compatible; ClaudeBot/1.0; +claudebot@anthropic.com)"
216.73.216.22 - - [05/Apr/2026:15:39:30 +0200] "GET /%d0%b8%d1%81%d1%82%d0%be%d1%80%d0%b8%d1%8f%d1%82%d0%b0-%d0%bd%d0%b0-%d0%b1%d0%be%d1%8f%d0%bd%d1%81%d0%ba%d0%b0%d1%82%d0%b0-%d1%86%d1%8a%d1%80%d0%ba%d0%b2%d0%b0/ HTTP/1.1" 200 22991 "https://patrioti.net/%d0%b8%d1%81%d1%82%d0%be%d1%80%d0%b8%d1%8f%d1%82%d0%b0-%d0%bd%d0%b0-%d0%b1%d0%be%d1%8f%d0%bd%d1%81%d0%ba%d0%b0%d1%82%d0%b0-%d1%86%d1%8a%d1%80%d0%ba%d0%b2%d0%b0" "Mozilla/5.0 AppleWebKit/537.36 (KHTML, like Gecko; compatible; ClaudeBot/1.0; +claudebot@anthropic.com)"
216.73.216.22 - - [05/Apr/2026:15:39:31 +0200] "GET /%d0%b4%d0%bd%d0%b5%d1%81-%d0%b5-%d1%80%d0%be%d0%b4%d0%b5%d0%bd-%d0%b1%d1%8a%d0%bb%d0%b3%d0%b0%d1%80%d1%81%d0%ba%d0%b8%d1%8f%d1%82-%d0%ba%d0%be%d0%bc%d0%bf%d0%be%d0%b7%d0%b8%d1%82%d0%be%d1%80-%d0%b8-3/whatsapp:/send HTTP/1.1" 404 15246 "-" "Mozilla/5.0 AppleWebKit/537.36 (KHTML, like Gecko; compatible; ClaudeBot/1.0; +claudebot@anthropic.com)"
2a00:4804:e000:24b0:4c17:29a7:1e7e:2d45 - - [05/Apr/2026:15:39:34 +0200] "GET /%d0%b4%d0%bd%d0%b5%d1%81-%d1%81%d0%b8-%d1%81%d0%bf%d0%be%d0%bc%d0%bd%d1%8f%d0%bc%d0%b5-%d0%b7%d0%b0-%d0%b1%d1%8a%d0%bb%d0%b3%d0%b0%d1%80%d1%81%d0%ba%d0%b8%d1%8f-%d0%b0%d0%ba%d1%82%d1%8c%d0%be%d1%80-7/ HTTP/1.1" 200 20461 "https://www.bing.com/" "Mozilla/5.0 (Linux; Android 10; JNY-LX1; HMSCore 6.15.4.342) AppleWebKit/537.36 (KHTML, like Gecko) Chrome/114.0.5735.196 HuaweiBrowser/16.0.9.302 Mobile Safari/537.36"
54.38.147.142 - - [05/Apr/2026:15:39:35 +0200] "GET /wp-content/cache/page_enhanced/patrioti.net/tag/%D0%B1%D1%8A%D0%BB%D0%B3%D0%B0%D1%80%D1%81%D0%BA%D0%B8%D1%8F%D1%82-%D1%80%D0%B5%D0%B2%D0%BE%D0%BB%D1%8E%D1%86%D0%B8%D0%BE%D0%BD%D0%B5%D1%80/?C=D;O=A HTTP/1.1" 200 366 "-" "Mozilla/5.0 (compatible; AhrefsBot/7.0; +http://ahrefs.com/robot/)"
2a00:4804:e000:24b0:4c17:29a7:1e7e:2d45 - - [05/Apr/2026:15:39:35 +0200] "GET /wp-content/uploads/2019/06/stoyanov-l.png HTTP/1.1" 200 458390 "https://patrioti.net/%d0%b4%d0%bd%d0%b5%d1%81-%d1%81%d0%b8-%d1%81%d0%bf%d0%be%d0%bc%d0%bd%d1%8f%d0%bc%d0%b5-%d0%b7%d0%b0-%d0%b1%d1%8a%d0%bb%d0%b3%d0%b0%d1%80%d1%81%d0%ba%d0%b8%d1%8f-%d0%b0%d0%ba%d1%82%d1%8c%d0%be%d1%80-7/" "Mozilla/5.0 (Linux; Android 10; JNY-LX1; HMSCore 6.15.4.342) AppleWebKit/537.36 (KHTML, like Gecko) Chrome/114.0.5735.196 HuaweiBrowser/16.0.9.302 Mobile Safari/537.36"
2a00:4804:e000:24b0:4c17:29a7:1e7e:2d45 - - [05/Apr/2026:15:39:37 +0200] "GET /wp-content/plugins/onesignal-free-web-push-notifications/sdk_files/manifest.json.php?gcm_sender_id= HTTP/1.1" 200 91 "https://patrioti.net/%d0%b4%d0%bd%d0%b5%d1%81-%d1%81%d0%b8-%d1%81%d0%bf%d0%be%d0%bc%d0%bd%d1%8f%d0%bc%d0%b5-%d0%b7%d0%b0-%d0%b1%d1%8a%d0%bb%d0%b3%d0%b0%d1%80%d1%81%d0%ba%d0%b8%d1%8f-%d0%b0%d0%ba%d1%82%d1%8c%d0%be%d1%80-7/" "Mozilla/5.0 (Linux; Android 10; JNY-LX1; HMSCore 6.15.4.342) AppleWebKit/537.36 (KHTML, like Gecko) Chrome/114.0.5735.196 HuaweiBrowser/16.0.9.302 Mobile Safari/537.36"
216.73.216.22 - - [05/Apr/2026:15:39:39 +0200] "GET /%d0%bd%d0%b0-30-%d0%bc%d0%b0%d1%80%d1%82-1946-%d0%b3-%d0%b5-%d1%80%d0%be%d0%b4%d0%b5%d0%bd-%d0%bf%d0%be%d0%b5%d1%82%d1%8a%d1%82-%d0%b8%d0%b2%d0%b0%d0%bd-%d0%b1%d0%be%d1%80%d0%b8%d1%81%d0%bb%d0%b0/whatsapp:/send HTTP/1.1" 404 15246 "-" "Mozilla/5.0 AppleWebKit/537.36 (KHTML, like Gecko; compatible; ClaudeBot/1.0; +claudebot@anthropic.com)"
216.73.216.22 - - [05/Apr/2026:15:39:40 +0200] "GET /%d0%b4%d0%b2%d0%b5-%d0%b4%d0%b5%d1%81%d0%b5%d1%82%d0%b8%d0%bb%d0%b5%d1%82%d0%b8%d1%8f-%d0%bd%d0%b5%d1%83%d1%81%d0%bf%d0%b5%d1%88%d0%bd%d0%b8-%d0%b2%d0%be%d0%b9%d0%bd%d0%b8-%d0%ba%d0%be%d0%bd%d1%81 HTTP/1.1" 301 0 "-" "Mozilla/5.0 AppleWebKit/537.36 (KHTML, like Gecko; compatible; ClaudeBot/1.0; +claudebot@anthropic.com)"
216.73.216.22 - - [05/Apr/2026:15:39:41 +0200] "GET /%d0%b4%d0%b2%d0%b5-%d0%b4%d0%b5%d1%81%d0%b5%d1%82%d0%b8%d0%bb%d0%b5%d1%82%d0%b8%d1%8f-%d0%bd%d0%b5%d1%83%d1%81%d0%bf%d0%b5%d1%88%d0%bd%d0%b8-%d0%b2%d0%be%d0%b9%d0%bd%d0%b8-%d0%ba%d0%be%d0%bd%d1%81/ HTTP/1.1" 200 21687 "https://patrioti.net/%d0%b4%d0%b2%d0%b5-%d0%b4%d0%b5%d1%81%d0%b5%d1%82%d0%b8%d0%bb%d0%b5%d1%82%d0%b8%d1%8f-%d0%bd%d0%b5%d1%83%d1%81%d0%bf%d0%b5%d1%88%d0%bd%d0%b8-%d0%b2%d0%be%d0%b9%d0%bd%d0%b8-%d0%ba%d0%be%d0%bd%d1%81" "Mozilla/5.0 AppleWebKit/537.36 (KHTML, like Gecko; compatible; ClaudeBot/1.0; +claudebot@anthropic.com)"
216.73.216.22 - - [05/Apr/2026:15:39:45 +0200] "GET /%d1%87%d0%b0%d0%ba%d1%8a%d1%80-%d0%b2%d0%be%d0%b9%d0%b2%d0%be%d0%b4%d0%b0-%d0%b7%d0%b0%d1%81%d0%bb%d1%83%d0%b6%d0%b0%d0%b2%d0%b0-%d0%be%d1%89%d0%b5-%d0%b5%d0%b4%d0%b8%d0%bd-%d0%b0%d0%ba%d1%82-%d0%bd/whatsapp:/send HTTP/1.1" 404 15247 "-" "Mozilla/5.0 AppleWebKit/537.36 (KHTML, like Gecko; compatible; ClaudeBot/1.0; +claudebot@anthropic.com)"
216.73.216.22 - - [05/Apr/2026:15:39:50 +0200] "GET /%d0%bd%d0%b0-9-%d0%b0%d0%bf%d1%80%d0%b8%d0%bb-1926-%d0%b3-%d1%83%d0%bc%d0%b8%d1%80%d0%b0-%d0%b1%d1%8a%d0%bb%d0%b3%d0%b0%d1%80%d1%81%d0%ba%d0%b8%d1%8f%d1%82-%d0%bf%d0%be%d0%bb%d0%b8%d1%82%d0%b8%d0%ba/whatsapp:/send HTTP/1.1" 404 15247 "-" "Mozilla/5.0 AppleWebKit/537.36 (KHTML, like Gecko; compatible; ClaudeBot/1.0; +claudebot@anthropic.com)"
216.73.216.22 - - [05/Apr/2026:15:39:55 +0200] "GET /%d0%b4%d0%bd%d0%b5%d1%88%d0%bd%d0%b0%d1%82%d0%b0-%d0%b4%d0%b0%d1%82%d0%b0-2-%d1%80%d0%b8-%d0%bc%d0%b0%d0%b9-%d0%bf%d0%be%d1%87%d0%b8%d1%82%d0%b0%d0%bc%d0%b5-%d0%b2%d0%b5%d0%bb%d0%b8%d0%ba/feed HTTP/1.1" 301 0 "-" "Mozilla/5.0 AppleWebKit/537.36 (KHTML, like Gecko; compatible; ClaudeBot/1.0; +claudebot@anthropic.com)"
216.73.216.22 - - [05/Apr/2026:15:39:56 +0200] "GET /%d0%b4%d0%bd%d0%b5%d1%88%d0%bd%d0%b0%d1%82%d0%b0-%d0%b4%d0%b0%d1%82%d0%b0-2-%d1%80%d0%b8-%d0%bc%d0%b0%d0%b9-%d0%bf%d0%be%d1%87%d0%b8%d1%82%d0%b0%d0%bc%d0%b5-%d0%b2%d0%b5%d0%bb%d0%b8%d0%ba/feed/ HTTP/1.1" 200 564 "https://patrioti.net/%d0%b4%d0%bd%d0%b5%d1%88%d0%bd%d0%b0%d1%82%d0%b0-%d0%b4%d0%b0%d1%82%d0%b0-2-%d1%80%d0%b8-%d0%bc%d0%b0%d0%b9-%d0%bf%d0%be%d1%87%d0%b8%d1%82%d0%b0%d0%bc%d0%b5-%d0%b2%d0%b5%d0%bb%d0%b8%d0%ba/feed" "Mozilla/5.0 AppleWebKit/537.36 (KHTML, like Gecko; compatible; ClaudeBot/1.0; +claudebot@anthropic.com)"
159.203.25.209 - - [05/Apr/2026:15:39:56 +0200] "POST /wp-login.php HTTP/1.1" 200 1548 "-" "Mozilla/5.0"
159.203.25.209 - - [05/Apr/2026:15:39:56 +0200] "POST /wp-login.php HTTP/1.1" 200 1555 "-" "Mozilla/5.0"
159.203.25.209 - - [05/Apr/2026:15:39:56 +0200] "POST /wp-login.php HTTP/1.1" 200 1559 "-" "Mozilla/5.0"
159.203.25.209 - - [05/Apr/2026:15:39:57 +0200] "POST /wp-login.php HTTP/1.1" 200 1562 "-" "Mozilla/5.0"
159.203.25.209 - - [05/Apr/2026:15:39:57 +0200] "POST /wp-login.php HTTP/1.1" 200 1554 "-" "Mozilla/5.0"
159.203.25.209 - - [05/Apr/2026:15:39:57 +0200] "POST /wp-login.php HTTP/1.1" 200 1561 "-" "Mozilla/5.0"
159.203.25.209 - - [05/Apr/2026:15:39:57 +0200] "POST /wp-login.php HTTP/1.1" 200 1561 "-" "Mozilla/5.0"
159.203.25.209 - - [05/Apr/2026:15:39:57 +0200] "POST /wp-login.php HTTP/1.1" 200 1555 "-" "Mozilla/5.0"
159.203.25.209 - - [05/Apr/2026:15:39:57 +0200] "POST /wp-login.php HTTP/1.1" 200 1557 "-" "Mozilla/5.0"
159.203.25.209 - - [05/Apr/2026:15:39:57 +0200] "POST /wp-login.php HTTP/1.1" 200 1560 "-" "Mozilla/5.0"
159.203.25.209 - - [05/Apr/2026:15:39:57 +0200] "POST /wp-login.php HTTP/1.1" 200 1562 "-" "Mozilla/5.0"
161.97.137.93 - - [05/Apr/2026:15:40:01 +0200] "POST /wp-cron.php?doing_wp_cron=1775396400.7824609279632568359375 HTTP/1.1" 404 15247 "https://patrioti.net/wp-cron.php?doing_wp_cron=1775396400.7824609279632568359375" "WordPress/4.9.26; https://patrioti.net"
216.73.216.22 - - [05/Apr/2026:15:40:01 +0200] "GET /%d0%bd%d0%b0-27-%d1%8e%d0%bd%d0%b8-1985-%d0%b3-%d0%b2-%d1%81%d0%be%d1%84%d0%b8%d1%8f-%d0%b5-%d0%be%d1%81%d0%bd%d0%be%d0%b2%d0%b0%d0%bd-%d0%b1%d1%8a%d0%bb%d0%b3%d0%b0%d1%80%d1%81%d0%ba%d0%b8%d1%8f/whatsapp:/send HTTP/1.1" 404 15246 "-" "Mozilla/5.0 AppleWebKit/537.36 (KHTML, like Gecko; compatible; ClaudeBot/1.0; +claudebot@anthropic.com)"
51.195.244.44 - - [05/Apr/2026:15:40:06 +0200] "GET /wp-content/cache/page_enhanced/patrioti.net/%D0%B4%D0%BE%D0%B1%D1%80%D0%B8-%D0%B3%D0%B0%D0%BD%D1%87%D0%B5%D0%B2-%D1%83%D1%87%D0%B8%D1%82%D0%B5%D0%BB%D1%8F%D1%82-%D0%BF%D0%BE-%D0%B1%D1%8A%D0%BB%D0%B3%D0%B0%D1%80%D1%81%D0%BA%D0%B8-%D0%B5%D0%B7/?C=N;O=A HTTP/1.1" 502 150 "-" "Mozilla/5.0 (compatible; AhrefsBot/7.0; +http://ahrefs.com/robot/)"
216.73.216.22 - - [05/Apr/2026:15:40:06 +0200] "GET /%d0%bd%d0%b0-7-%d1%8f%d0%bd%d1%83%d0%b0%d1%80%d0%b8-%d0%b5-%d1%80%d0%be%d0%b4%d0%b5%d0%bd-%d0%bf%d0%b8%d1%81%d0%b0%d1%82%d0%b5%d0%bb%d1%8f%d1%82-%d0%b3%d0%b5%d0%be%d1%80%d0%b3%d0%b8-%d0%b3%d0%be%d1%81/whatsapp:/send HTTP/1.1" 502 150 "-" "Mozilla/5.0 AppleWebKit/537.36 (KHTML, like Gecko; compatible; ClaudeBot/1.0; +claudebot@anthropic.com)"
66.249.69.132 - - [05/Apr/2026:15:40:08 +0200] "GET /tag/patrioti-bulgaria/page/308/ HTTP/1.1" 200 17041 "-" "Mozilla/5.0 (Linux; Android 6.0.1; Nexus 5X Build/MMB29P) AppleWebKit/537.36 (KHTML, like Gecko) Chrome/146.0.7680.177 Mobile Safari/537.36 (compatible; Googlebot/2.1; +http://www.google.com/bot.html)"
216.73.216.22 - - [05/Apr/2026:15:40:10 +0200] "GET /%d0%bd%d0%b0-%d0%b4%d0%bd%d0%b5%d1%88%d0%bd%d0%b0%d1%82%d0%b0-%d0%b4%d0%b0%d1%82%d0%b0-%d1%83%d0%bc%d0%b8%d1%80%d0%b0-%d0%bf%d0%be%d0%b5%d1%82%d1%8a%d1%82-%d0%ba%d1%80%d1%8a%d1%81%d1%82%d1%8c%d0%be HTTP/1.1" 301 0 "-" "Mozilla/5.0 AppleWebKit/537.36 (KHTML, like Gecko; compatible; ClaudeBot/1.0; +claudebot@anthropic.com)"
216.73.216.22 - - [05/Apr/2026:15:40:10 +0200] "GET /%d0%bd%d0%b0-%d0%b4%d0%bd%d0%b5%d1%88%d0%bd%d0%b0%d1%82%d0%b0-%d0%b4%d0%b0%d1%82%d0%b0-%d1%83%d0%bc%d0%b8%d1%80%d0%b0-%d0%bf%d0%be%d0%b5%d1%82%d1%8a%d1%82-%d0%ba%d1%80%d1%8a%d1%81%d1%82%d1%8c%d0%be/ HTTP/1.1" 200 22558 "https://patrioti.net/%d0%bd%d0%b0-%d0%b4%d0%bd%d0%b5%d1%88%d0%bd%d0%b0%d1%82%d0%b0-%d0%b4%d0%b0%d1%82%d0%b0-%d1%83%d0%bc%d0%b8%d1%80%d0%b0-%d0%bf%d0%be%d0%b5%d1%82%d1%8a%d1%82-%d0%ba%d1%80%d1%8a%d1%81%d1%82%d1%8c%d0%be" "Mozilla/5.0 AppleWebKit/537.36 (KHTML, like Gecko; compatible; ClaudeBot/1.0; +claudebot@anthropic.com)"
216.73.216.22 - - [05/Apr/2026:15:40:15 +0200] "GET /%d0%bd%d0%b0-%d0%b4%d0%bd%d0%b5%d1%88%d0%bd%d0%b0%d1%82%d0%b0-%d0%b4%d0%b0%d1%82%d0%b0-%d0%b5-%d1%80%d0%be%d0%b4%d0%b5%d0%bd-%d0%bf%d0%b0%d1%82%d1%80%d0%b8%d0%b0%d1%80%d1%85-%d0%ba%d0%b8%d1%80%d0%b8/whatsapp:/send HTTP/1.1" 404 15247 "-" "Mozilla/5.0 AppleWebKit/537.36 (KHTML, like Gecko; compatible; ClaudeBot/1.0; +claudebot@anthropic.com)"
216.73.216.22 - - [05/Apr/2026:15:40:20 +0200] "GET /%d0%bd%d0%b0-27-%d0%b4%d0%b5%d0%ba%d0%b5%d0%bc%d0%b2%d1%80%d0%b8-1921-%d0%b3-%d0%b5-%d1%80%d0%be%d0%b4%d0%b5%d0%bd-%d0%b1%d1%8a%d0%bb%d0%b3%d0%b0%d1%80%d1%81%d0%ba%d0%b8%d1%8f%d1%82-%d0%b4%d0%b5 HTTP/1.1" 301 0 "-" "Mozilla/5.0 AppleWebKit/537.36 (KHTML, like Gecko; compatible; ClaudeBot/1.0; +claudebot@anthropic.com)"
216.73.216.22 - - [05/Apr/2026:15:40:20 +0200] "GET /%d0%bd%d0%b0-27-%d0%b4%d0%b5%d0%ba%d0%b5%d0%bc%d0%b2%d1%80%d0%b8-1921-%d0%b3-%d0%b5-%d1%80%d0%be%d0%b4%d0%b5%d0%bd-%d0%b1%d1%8a%d0%bb%d0%b3%d0%b0%d1%80%d1%81%d0%ba%d0%b8%d1%8f%d1%82-%d0%b4%d0%b5/ HTTP/1.1" 200 21125 "https://patrioti.net/%d0%bd%d0%b0-27-%d0%b4%d0%b5%d0%ba%d0%b5%d0%bc%d0%b2%d1%80%d0%b8-1921-%d0%b3-%d0%b5-%d1%80%d0%be%d0%b4%d0%b5%d0%bd-%d0%b1%d1%8a%d0%bb%d0%b3%d0%b0%d1%80%d1%81%d0%ba%d0%b8%d1%8f%d1%82-%d0%b4%d0%b5" "Mozilla/5.0 AppleWebKit/537.36 (KHTML, like Gecko; compatible; ClaudeBot/1.0; +claudebot@anthropic.com)"
216.73.216.22 - - [05/Apr/2026:15:40:20 +0200] "GET /%d0%bd%d0%b0-10-%d1%84%d0%b5%d0%b2%d1%80%d1%83%d0%b0%d1%80%d0%b8-%d0%bf%d1%80%d0%b5%d0%b7-1891-%d0%b3-%d0%b5-%d1%80%d0%be%d0%b4%d0%b5%d0%bd-%d0%b1%d1%8a%d0%bb%d0%b3%d0%b0%d1%80%d1%81%d0%ba%d0%b8/whatsapp:/send HTTP/1.1" 404 15247 "-" "Mozilla/5.0 AppleWebKit/537.36 (KHTML, like Gecko; compatible; ClaudeBot/1.0; +claudebot@anthropic.com)"
216.73.216.22 - - [05/Apr/2026:15:40:21 +0200] "GET /%d1%85%d1%80%d0%b8%d1%81%d1%82%d0%be%d1%81-%d0%b2%d0%be%d1%81%d0%ba%d1%80%d0%b5%d1%81%d0%b5-%d0%b5%d0%bb%d0%b8%d1%81%d0%b0%d0%b2%d0%b5%d1%82%d0%b0-%d0%b1%d0%b0%d0%b3%d1%80%d1%8f%d0%bd%d0%b0 HTTP/1.1" 301 0 "-" "Mozilla/5.0 AppleWebKit/537.36 (KHTML, like Gecko; compatible; ClaudeBot/1.0; +claudebot@anthropic.com)"
216.73.216.22 - - [05/Apr/2026:15:40:21 +0200] "GET /%d1%85%d1%80%d0%b8%d1%81%d1%82%d0%be%d1%81-%d0%b2%d0%be%d1%81%d0%ba%d1%80%d0%b5%d1%81%d0%b5-%d0%b5%d0%bb%d0%b8%d1%81%d0%b0%d0%b2%d0%b5%d1%82%d0%b0-%d0%b1%d0%b0%d0%b3%d1%80%d1%8f%d0%bd%d0%b0/ HTTP/1.1" 200 20545 "https://patrioti.net/%d1%85%d1%80%d0%b8%d1%81%d1%82%d0%be%d1%81-%d0%b2%d0%be%d1%81%d0%ba%d1%80%d0%b5%d1%81%d0%b5-%d0%b5%d0%bb%d0%b8%d1%81%d0%b0%d0%b2%d0%b5%d1%82%d0%b0-%d0%b1%d0%b0%d0%b3%d1%80%d1%8f%d0%bd%d0%b0" "Mozilla/5.0 AppleWebKit/537.36 (KHTML, like Gecko; compatible; ClaudeBot/1.0; +claudebot@anthropic.com)"
216.73.216.22 - - [05/Apr/2026:15:40:26 +0200] "GET /%d0%bd%d0%b0-8-%d1%8f%d0%bd%d1%83%d0%b0%d1%80%d0%b8-1996-%d0%b3-%d0%b2-%d0%b1%d1%8a%d0%bb%d0%b3%d0%b0%d1%80%d0%b8%d1%8f-%d1%81%d1%82%d0%b0%d1%80%d1%82%d0%b8%d1%80%d0%b0-%d0%bc%d0%b0%d1%81%d0%be%d0%b2/whatsapp:/send HTTP/1.1" 404 15246 "-" "Mozilla/5.0 AppleWebKit/537.36 (KHTML, like Gecko; compatible; ClaudeBot/1.0; +claudebot@anthropic.com)"
216.73.216.22 - - [05/Apr/2026:15:40:31 +0200] "GET /%d0%bd%d0%b0-16-%d0%b0%d0%bf%d1%80%d0%b8%d0%bb-1890-%d0%b3-%d0%b5-%d1%80%d0%be%d0%b4%d0%b5%d0%bd-%d0%b1%d1%8a%d0%bb%d0%b3%d0%b0%d1%80%d1%81%d0%ba%d0%b8%d1%8f%d1%82-%d0%bf%d0%be%d0%bb%d0%b8%d1%82%d0%b8 HTTP/1.1" 301 0 "-" "Mozilla/5.0 AppleWebKit/537.36 (KHTML, like Gecko; compatible; ClaudeBot/1.0; +claudebot@anthropic.com)"
216.73.216.22 - - [05/Apr/2026:15:40:31 +0200] "GET /%d0%bd%d0%b0-16-%d0%b0%d0%bf%d1%80%d0%b8%d0%bb-1890-%d0%b3-%d0%b5-%d1%80%d0%be%d0%b4%d0%b5%d0%bd-%d0%b1%d1%8a%d0%bb%d0%b3%d0%b0%d1%80%d1%81%d0%ba%d0%b8%d1%8f%d1%82-%d0%bf%d0%be%d0%bb%d0%b8%d1%82%d0%b8/ HTTP/1.1" 200 21564 "https://patrioti.net/%d0%bd%d0%b0-16-%d0%b0%d0%bf%d1%80%d0%b8%d0%bb-1890-%d0%b3-%d0%b5-%d1%80%d0%be%d0%b4%d0%b5%d0%bd-%d0%b1%d1%8a%d0%bb%d0%b3%d0%b0%d1%80%d1%81%d0%ba%d0%b8%d1%8f%d1%82-%d0%bf%d0%be%d0%bb%d0%b8%d1%82%d0%b8" "Mozilla/5.0 AppleWebKit/537.36 (KHTML, like Gecko; compatible; ClaudeBot/1.0; +claudebot@anthropic.com)"
198.244.240.140 - - [05/Apr/2026:15:40:32 +0200] "GET /tag/%D0%B8%D1%81%D1%82%D0%BE%D1%80%D0%B8%D1%8F%D1%82%D0%B0-%D0%B1%D1%8A%D0%BB%D0%B3%D0%B0%D1%80%D1%81%D0%BA%D0%B0-%D0%BF%D0%BE%D0%BC%D0%BD%D0%B5%D1%82%D0%B5-%D0%B8%D1%81%D1%82%D0%BE%D1%80%D0%B8%D1%8F/page/292/ HTTP/1.1" 200 17219 "-" "Mozilla/5.0 (compatible; AhrefsBot/7.0; +http://ahrefs.com/robot/)"
216.73.216.22 - - [05/Apr/2026:15:40:33 +0200] "GET /%d0%b4%d0%bd%d0%b5%d1%81-%d1%81%d0%b8-%d1%81%d0%bf%d0%be%d0%bc%d0%bd%d1%8f%d0%bc%d0%b5-%d0%b7%d0%b0-%d1%85%d1%83%d0%b4%d0%be%d0%b6%d0%bd%d0%b8%d0%ba%d0%b0-%d0%b8%d0%bb%d0%b8%d1%8f-%d0%bf%d0%b5%d0%b9/whatsapp:/send HTTP/1.1" 404 15248 "-" "Mozilla/5.0 AppleWebKit/537.36 (KHTML, like Gecko; compatible; ClaudeBot/1.0; +claudebot@anthropic.com)"
216.73.216.22 - - [05/Apr/2026:15:40:34 +0200] "GET /%d0%bd%d0%b0-19-%d1%8e%d0%bd%d0%b8-%d1%81%d0%b8-%d1%81%d0%bf%d0%be%d0%bc%d0%bd%d1%8f%d0%bc%d0%b5-%d0%b7%d0%b0-%d0%b0%d0%ba%d1%82%d1%8c%d0%be%d1%80%d0%b0-%d0%b0%d0%bd%d1%82%d0%be%d0%bd-%d0%b3%d0%be/whatsapp:/send HTTP/1.1" 404 15248 "-" "Mozilla/5.0 AppleWebKit/537.36 (KHTML, like Gecko; compatible; ClaudeBot/1.0; +claudebot@anthropic.com)"
216.73.216.22 - - [05/Apr/2026:15:40:36 +0200] "GET /%d0%bd%d0%b0-17-%d1%8e%d0%bd%d0%b8-%d1%81%d0%b8-%d1%81%d0%bf%d0%be%d0%bc%d0%bd%d1%8f%d0%bc%d0%b5-%d0%b7%d0%b0-%d1%80%d0%b5%d0%b6%d0%b8%d1%81%d1%8c%d0%be%d1%80%d0%b0-%d0%b4%d0%b8%d0%bc%d0%b8%d1%82 HTTP/1.1" 301 0 "-" "Mozilla/5.0 AppleWebKit/537.36 (KHTML, like Gecko; compatible; ClaudeBot/1.0; +claudebot@anthropic.com)"
216.73.216.22 - - [05/Apr/2026:15:40:36 +0200] "GET /%d0%bd%d0%b0-17-%d1%8e%d0%bd%d0%b8-%d1%81%d0%b8-%d1%81%d0%bf%d0%be%d0%bc%d0%bd%d1%8f%d0%bc%d0%b5-%d0%b7%d0%b0-%d1%80%d0%b5%d0%b6%d0%b8%d1%81%d1%8c%d0%be%d1%80%d0%b0-%d0%b4%d0%b8%d0%bc%d0%b8%d1%82/ HTTP/1.1" 200 20920 "https://patrioti.net/%d0%bd%d0%b0-17-%d1%8e%d0%bd%d0%b8-%d1%81%d0%b8-%d1%81%d0%bf%d0%be%d0%bc%d0%bd%d1%8f%d0%bc%d0%b5-%d0%b7%d0%b0-%d1%80%d0%b5%d0%b6%d0%b8%d1%81%d1%8c%d0%be%d1%80%d0%b0-%d0%b4%d0%b8%d0%bc%d0%b8%d1%82" "Mozilla/5.0 AppleWebKit/537.36 (KHTML, like Gecko; compatible; ClaudeBot/1.0; +claudebot@anthropic.com)"
216.73.216.22 - - [05/Apr/2026:15:40:39 +0200] "GET /%d0%b4%d0%bd%d0%b5%d1%81-%d0%bf%d0%be%d1%87%d0%b8%d1%82%d0%b0%d0%bc%d0%b5-%d0%bf%d0%b0%d0%bc%d0%b5%d1%82%d1%82%d0%b0-%d0%bd%d0%b0-%d0%bf%d1%80%d0%be%d1%84-%d0%b2%d0%b0%d1%81%d0%b8%d0%bb-%d0%b0%d1%80/whatsapp:/send HTTP/1.1" 404 15247 "-" "Mozilla/5.0 AppleWebKit/537.36 (KHTML, like Gecko; compatible; ClaudeBot/1.0; +claudebot@anthropic.com)"
5.255.231.202 - - [05/Apr/2026:15:40:39 +0200] "GET /%D1%86%D0%B0%D1%80-%D0%B1%D0%BE%D1%80%D0%B8%D1%81-i-%D0%BC%D0%B8%D1%85%D0%B0%D0%B8%D0%BB-%D0%BF%D0%BE%D0%BA%D1%80%D1%8A%D1%81%D1%82%D0%B8%D1%82%D0%B5%D0%BB%D1%8F%D1%82/ HTTP/1.1" 200 24531 "-" "Mozilla/5.0 (compatible; YandexBot/3.0; +http://yandex.com/bots)"
216.73.216.22 - - [05/Apr/2026:15:40:41 +0200] "GET /%d0%bd%d0%b0%d0%b4%d0%bf%d0%b8%d1%81%d0%b8%d1%82%d0%b5-%d0%be%d1%82%d0%ba%d1%80%d0%b8%d1%82%d0%b8-%d0%b2-%d1%85%d1%80%d0%b0%d0%bc%d0%b0-%d1%81%d0%b2-%d1%81%d0%be%d1%84%d0%b8%d1%8f-%d0%b2-%d0%ba HTTP/1.1" 301 0 "-" "Mozilla/5.0 AppleWebKit/537.36 (KHTML, like Gecko; compatible; ClaudeBot/1.0; +claudebot@anthropic.com)"
216.73.216.22 - - [05/Apr/2026:15:40:41 +0200] "GET /%d0%bd%d0%b0%d0%b4%d0%bf%d0%b8%d1%81%d0%b8%d1%82%d0%b5-%d0%be%d1%82%d0%ba%d1%80%d0%b8%d1%82%d0%b8-%d0%b2-%d1%85%d1%80%d0%b0%d0%bc%d0%b0-%d1%81%d0%b2-%d1%81%d0%be%d1%84%d0%b8%d1%8f-%d0%b2-%d0%ba/ HTTP/1.1" 200 21263 "https://patrioti.net/%d0%bd%d0%b0%d0%b4%d0%bf%d0%b8%d1%81%d0%b8%d1%82%d0%b5-%d0%be%d1%82%d0%ba%d1%80%d0%b8%d1%82%d0%b8-%d0%b2-%d1%85%d1%80%d0%b0%d0%bc%d0%b0-%d1%81%d0%b2-%d1%81%d0%be%d1%84%d0%b8%d1%8f-%d0%b2-%d0%ba" "Mozilla/5.0 AppleWebKit/537.36 (KHTML, like Gecko; compatible; ClaudeBot/1.0; +claudebot@anthropic.com)"
2a00:4804:e000:24b0:4c17:29a7:1e7e:2d45 - - [05/Apr/2026:15:40:42 +0200] "GET /%d0%b4%d0%bd%d0%b5%d1%81-%d1%81%d0%b8-%d1%81%d0%bf%d0%be%d0%bc%d0%bd%d1%8f%d0%bc%d0%b5-%d0%b7%d0%b0-%d0%b1%d1%8a%d0%bb%d0%b3%d0%b0%d1%80%d1%81%d0%ba%d0%b8%d1%8f-%d0%b0%d0%ba%d1%82%d1%8c%d0%be%d1%80-7/ HTTP/1.1" 200 20461 "https://www.bing.com/" "Mozilla/5.0 (Linux; Android 10; JNY-LX1; HMSCore 6.15.4.342) AppleWebKit/537.36 (KHTML, like Gecko) Chrome/114.0.5735.196 HuaweiBrowser/16.0.9.302 Mobile Safari/537.36"
216.73.216.22 - - [05/Apr/2026:15:40:44 +0200] "GET /%d0%b3%d0%b0%d0%b1%d1%80%d0%b5%d0%bd%d1%81%d0%ba%d0%b8-%d0%bc%d0%b0%d0%bd%d0%b0%d1%81%d1%82%d0%b8%d1%80-%d1%81%d0%b2%d0%b5%d1%82%d0%b8-%d0%b4%d0%b8%d0%bc%d0%b8%d1%82%d1%8a%d1%80/feed HTTP/1.1" 301 0 "-" "Mozilla/5.0 AppleWebKit/537.36 (KHTML, like Gecko; compatible; ClaudeBot/1.0; +claudebot@anthropic.com)"
216.73.216.22 - - [05/Apr/2026:15:40:45 +0200] "GET /%d0%b3%d0%b0%d0%b1%d1%80%d0%b5%d0%bd%d1%81%d0%ba%d0%b8-%d0%bc%d0%b0%d0%bd%d0%b0%d1%81%d1%82%d0%b8%d1%80-%d1%81%d0%b2%d0%b5%d1%82%d0%b8-%d0%b4%d0%b8%d0%bc%d0%b8%d1%82%d1%8a%d1%80/feed/ HTTP/1.1" 200 542 "https://patrioti.net/%d0%b3%d0%b0%d0%b1%d1%80%d0%b5%d0%bd%d1%81%d0%ba%d0%b8-%d0%bc%d0%b0%d0%bd%d0%b0%d1%81%d1%82%d0%b8%d1%80-%d1%81%d0%b2%d0%b5%d1%82%d0%b8-%d0%b4%d0%b8%d0%bc%d0%b8%d1%82%d1%8a%d1%80/feed" "Mozilla/5.0 AppleWebKit/537.36 (KHTML, like Gecko; compatible; ClaudeBot/1.0; +claudebot@anthropic.com)"
85.208.96.210 - - [05/Apr/2026:15:40:54 +0200] "GET /%D0%BF%D1%8A%D1%82%D1%8F%D1%82-%D0%BD%D0%B0-%D1%85%D0%B0%D0%B4%D0%B6%D0%B8-%D0%B4%D0%B8%D0%BC%D0%B8%D1%82%D1%8A%D1%80/ HTTP/1.1" 200 24447 "-" "Mozilla/5.0 (compatible; SemrushBot/7~bl; +http://www.semrush.com/bot.html)"
216.73.216.22 - - [05/Apr/2026:15:40:55 +0200] "GET /%d0%ba%d1%80%d0%b0%d1%81%d0%b8%d0%b2%d0%be%d1%82%d0%be-%d1%81%d0%b5%d0%bb%d0%be-%d1%87%d0%b0%d0%b2%d0%b4%d0%b0%d1%80-%d0%b2-%d0%b7%d0%bb%d0%b0%d1%82%d0%b8%d1%88%d0%ba%d0%be-%d0%bf%d0%b8%d1%80%d0%b4/feed HTTP/1.1" 301 0 "-" "Mozilla/5.0 AppleWebKit/537.36 (KHTML, like Gecko; compatible; ClaudeBot/1.0; +claudebot@anthropic.com)"
216.73.216.22 - - [05/Apr/2026:15:40:55 +0200] "GET /%d0%ba%d1%80%d0%b0%d1%81%d0%b8%d0%b2%d0%be%d1%82%d0%be-%d1%81%d0%b5%d0%bb%d0%be-%d1%87%d0%b0%d0%b2%d0%b4%d0%b0%d1%80-%d0%b2-%d0%b7%d0%bb%d0%b0%d1%82%d0%b8%d1%88%d0%ba%d0%be-%d0%bf%d0%b8%d1%80%d0%b4/feed/ HTTP/1.1" 200 552 "https://patrioti.net/%d0%ba%d1%80%d0%b0%d1%81%d0%b8%d0%b2%d0%be%d1%82%d0%be-%d1%81%d0%b5%d0%bb%d0%be-%d1%87%d0%b0%d0%b2%d0%b4%d0%b0%d1%80-%d0%b2-%d0%b7%d0%bb%d0%b0%d1%82%d0%b8%d1%88%d0%ba%d0%be-%d0%bf%d0%b8%d1%80%d0%b4/feed" "Mozilla/5.0 AppleWebKit/537.36 (KHTML, like Gecko; compatible; ClaudeBot/1.0; +claudebot@anthropic.com)"
216.73.216.22 - - [05/Apr/2026:15:40:56 +0200] "GET /%d0%bd%d0%b0-30-%d1%81%d0%b5%d0%bf%d1%82%d0%b5%d0%bc%d0%b2%d1%80%d0%b8-1945-%d0%b3-%d0%b5-%d1%80%d0%be%d0%b4%d0%b5%d0%bd%d0%b0-%d0%b0%d0%ba%d1%82%d1%80%d0%b8%d1%81%d0%b0%d1%82%d0%b0-%d1%81%d0%b5/whatsapp:/send HTTP/1.1" 404 15247 "-" "Mozilla/5.0 AppleWebKit/537.36 (KHTML, like Gecko; compatible; ClaudeBot/1.0; +claudebot@anthropic.com)"
161.97.137.93 - - [05/Apr/2026:15:41:01 +0200] "POST /wp-cron.php?doing_wp_cron=1775396461.3138120174407958984375 HTTP/1.1" 404 15247 "https://patrioti.net/wp-cron.php?doing_wp_cron=1775396461.3138120174407958984375" "WordPress/4.9.26; https://patrioti.net"
216.73.216.22 - - [05/Apr/2026:15:41:01 +0200] "GET /%d1%81%d1%82%d1%80%d0%b0%d0%bd%d0%b4%d0%b6%d0%b0%d0%bd%d1%81%d0%ba%d0%b8%d1%82%d0%b5-%d1%80%d1%83%d0%bf%d1%86%d0%b8-%d0%be%d1%82-%d1%8f%d1%81%d0%bd%d0%b0-%d0%bf%d0%be%d0%bb%d1%8f%d0%bd%d0%b0-%d0%be HTTP/1.1" 301 0 "-" "Mozilla/5.0 AppleWebKit/537.36 (KHTML, like Gecko; compatible; ClaudeBot/1.0; +claudebot@anthropic.com)"
216.73.216.22 - - [05/Apr/2026:15:41:01 +0200] "GET /%d1%81%d1%82%d1%80%d0%b0%d0%bd%d0%b4%d0%b6%d0%b0%d0%bd%d1%81%d0%ba%d0%b8%d1%82%d0%b5-%d1%80%d1%83%d0%bf%d1%86%d0%b8-%d0%be%d1%82-%d1%8f%d1%81%d0%bd%d0%b0-%d0%bf%d0%be%d0%bb%d1%8f%d0%bd%d0%b0-%d0%be/ HTTP/1.1" 200 23062 "https://patrioti.net/%d1%81%d1%82%d1%80%d0%b0%d0%bd%d0%b4%d0%b6%d0%b0%d0%bd%d1%81%d0%ba%d0%b8%d1%82%d0%b5-%d1%80%d1%83%d0%bf%d1%86%d0%b8-%d0%be%d1%82-%d1%8f%d1%81%d0%bd%d0%b0-%d0%bf%d0%be%d0%bb%d1%8f%d0%bd%d0%b0-%d0%be" "Mozilla/5.0 AppleWebKit/537.36 (KHTML, like Gecko; compatible; ClaudeBot/1.0; +claudebot@anthropic.com)"
18.205.231.47 - - [05/Apr/2026:15:41:04 +0200] "GET /wp-login.php HTTP/1.1" 200 1168 "-" "Mozilla/5.0 (Windows NT 6.1; WOW64; Trident/7.0; EIE10;ENGBWOL; rv:11.0) like Gecko"
216.73.216.22 - - [05/Apr/2026:15:41:06 +0200] "GET /%d0%b4%d0%bd%d0%b5%d1%81-%d1%81%d0%b8-%d1%81%d0%bf%d0%be%d0%bc%d0%bd%d1%8f%d0%bc%d0%b5-%d0%b7%d0%b0-%d0%b0%d0%ba%d1%82%d1%8c%d0%be%d1%80%d0%b0-%d0%b8%d0%b2%d0%b0%d0%bd-%d0%b1%d1%80%d0%b0%d1%82%d0%b0 HTTP/1.1" 301 0 "-" "Mozilla/5.0 AppleWebKit/537.36 (KHTML, like Gecko; compatible; ClaudeBot/1.0; +claudebot@anthropic.com)"
198.244.240.62 - - [05/Apr/2026:15:41:06 +0200] "GET /wp-content/cache/page_enhanced/patrioti.net/tag/%D0%B2%D0%BE%D0%B9%D0%B2%D0%BE%D0%B4%D0%B8%D1%82%D0%B5/?C=M;O=D HTTP/1.1" 200 370 "-" "Mozilla/5.0 (compatible; AhrefsBot/7.0; +http://ahrefs.com/robot/)"
216.73.216.22 - - [05/Apr/2026:15:41:06 +0200] "GET /%d0%b4%d0%bd%d0%b5%d1%81-%d1%81%d0%b8-%d1%81%d0%bf%d0%be%d0%bc%d0%bd%d1%8f%d0%bc%d0%b5-%d0%b7%d0%b0-%d0%b0%d0%ba%d1%82%d1%8c%d0%be%d1%80%d0%b0-%d0%b8%d0%b2%d0%b0%d0%bd-%d0%b1%d1%80%d0%b0%d1%82%d0%b0/ HTTP/1.1" 200 21516 "https://patrioti.net/%d0%b4%d0%bd%d0%b5%d1%81-%d1%81%d0%b8-%d1%81%d0%bf%d0%be%d0%bc%d0%bd%d1%8f%d0%bc%d0%b5-%d0%b7%d0%b0-%d0%b0%d0%ba%d1%82%d1%8c%d0%be%d1%80%d0%b0-%d0%b8%d0%b2%d0%b0%d0%bd-%d0%b1%d1%80%d0%b0%d1%82%d0%b0" "Mozilla/5.0 AppleWebKit/537.36 (KHTML, like Gecko; compatible; ClaudeBot/1.0; +claudebot@anthropic.com)"
18.205.231.47 - - [05/Apr/2026:15:41:07 +0200] "POST /wp-login.php HTTP/1.1" 200 1530 "https://patrioti.net/wp-login.php" "Mozilla/5.0 (Windows NT 6.1; WOW64; Trident/7.0; EIE10;ENGBWOL; rv:11.0) like Gecko"
216.73.216.22 - - [05/Apr/2026:15:41:07 +0200] "GET /%d0%bd%d0%b0-9-%d0%b0%d0%bf%d1%80%d0%b8%d0%bb-1889-%d0%b3%d0%be%d0%b4%d0%b8%d0%bd%d0%b0-%d0%b2-%d1%81%d0%be%d0%bb%d1%83%d0%bd-%d0%b5-%d0%be%d1%81%d0%bd%d0%be%d0%b2%d0%b0%d0%bd%d0%be-%d0%be%d0%b1%d1%89 HTTP/1.1" 301 0 "-" "Mozilla/5.0 AppleWebKit/537.36 (KHTML, like Gecko; compatible; ClaudeBot/1.0; +claudebot@anthropic.com)"
216.73.216.22 - - [05/Apr/2026:15:41:08 +0200] "GET /%d0%bd%d0%b0-9-%d0%b0%d0%bf%d1%80%d0%b8%d0%bb-1889-%d0%b3%d0%be%d0%b4%d0%b8%d0%bd%d0%b0-%d0%b2-%d1%81%d0%be%d0%bb%d1%83%d0%bd-%d0%b5-%d0%be%d1%81%d0%bd%d0%be%d0%b2%d0%b0%d0%bd%d0%be-%d0%be%d0%b1%d1%89/ HTTP/1.1" 200 21928 "https://patrioti.net/%d0%bd%d0%b0-9-%d0%b0%d0%bf%d1%80%d0%b8%d0%bb-1889-%d0%b3%d0%be%d0%b4%d0%b8%d0%bd%d0%b0-%d0%b2-%d1%81%d0%be%d0%bb%d1%83%d0%bd-%d0%b5-%d0%be%d1%81%d0%bd%d0%be%d0%b2%d0%b0%d0%bd%d0%be-%d0%be%d0%b1%d1%89" "Mozilla/5.0 AppleWebKit/537.36 (KHTML, like Gecko; compatible; ClaudeBot/1.0; +claudebot@anthropic.com)"
216.73.216.22 - - [05/Apr/2026:15:41:09 +0200] "GET /%d0%bd%d0%b0-6-%d1%8e%d0%bb%d0%b8-1899-%d0%b3-%d0%b5-%d1%80%d0%be%d0%b4%d0%b5%d0%bd-%d0%b1%d1%8a%d0%bb%d0%b3%d0%b0%d1%80%d1%81%d0%ba%d0%b8%d1%8f%d1%82-%d0%be%d0%b1%d1%89%d0%b5%d1%81%d1%82%d0%b2%d0%b5 HTTP/1.1" 301 0 "-" "Mozilla/5.0 AppleWebKit/537.36 (KHTML, like Gecko; compatible; ClaudeBot/1.0; +claudebot@anthropic.com)"
216.73.216.22 - - [05/Apr/2026:15:41:09 +0200] "GET /%d0%bd%d0%b0-6-%d1%8e%d0%bb%d0%b8-1899-%d0%b3-%d0%b5-%d1%80%d0%be%d0%b4%d0%b5%d0%bd-%d0%b1%d1%8a%d0%bb%d0%b3%d0%b0%d1%80%d1%81%d0%ba%d0%b8%d1%8f%d1%82-%d0%be%d0%b1%d1%89%d0%b5%d1%81%d1%82%d0%b2%d0%b5/ HTTP/1.1" 200 20388 "https://patrioti.net/%d0%bd%d0%b0-6-%d1%8e%d0%bb%d0%b8-1899-%d0%b3-%d0%b5-%d1%80%d0%be%d0%b4%d0%b5%d0%bd-%d0%b1%d1%8a%d0%bb%d0%b3%d0%b0%d1%80%d1%81%d0%ba%d0%b8%d1%8f%d1%82-%d0%be%d0%b1%d1%89%d0%b5%d1%81%d1%82%d0%b2%d0%b5" "Mozilla/5.0 AppleWebKit/537.36 (KHTML, like Gecko; compatible; ClaudeBot/1.0; +claudebot@anthropic.com)"
52.167.144.149 - - [05/Apr/2026:15:41:09 +0200] "GET /?s=%E4%B8%AD%E9%AB%98%E5%BE%B7%E5%AD%A6%E9%99%A2%E3%80%82 HTTP/1.1" 200 15339 "-" "Mozilla/5.0 AppleWebKit/537.36 (KHTML, like Gecko; compatible; bingbot/2.0; +http://www.bing.com/bingbot.htm) Chrome/116.0.1938.76 Safari/537.36"
216.73.216.22 - - [05/Apr/2026:15:41:11 +0200] "GET /%d0%bd%d0%b0-19-%d0%bc%d0%b0%d1%80%d1%82-1945-%d0%b3-%d0%b7%d0%b0%d0%b2%d1%8a%d1%80%d1%88%d0%b2%d0%b0-%d0%b4%d1%80%d0%b0%d0%b2%d1%81%d0%ba%d0%b0%d1%82%d0%b0-%d0%be%d1%82%d0%b1%d1%80%d0%b0%d0%bd%d0%b8/whatsapp:/send HTTP/1.1" 404 15245 "-" "Mozilla/5.0 AppleWebKit/537.36 (KHTML, like Gecko; compatible; ClaudeBot/1.0; +claudebot@anthropic.com)"
216.73.216.22 - - [05/Apr/2026:15:41:14 +0200] "GET /%d1%88%d0%b8%d0%bf%d1%87%d0%b5%d0%bd%d1%81%d0%ba%d0%b8-%d0%bc%d0%b0%d0%bd%d0%b0%d1%81%d1%82%d0%b8%d1%80-%d1%80%d0%be%d0%b6%d0%b4%d0%b5%d1%81%d1%82%d0%b2%d0%be-%d1%85%d1%80%d0%b8%d1%81%d1%82%d0%be/whatsapp:/send HTTP/1.1" 404 15246 "-" "Mozilla/5.0 AppleWebKit/537.36 (KHTML, like Gecko; compatible; ClaudeBot/1.0; +claudebot@anthropic.com)"
216.73.216.22 - - [05/Apr/2026:15:41:16 +0200] "GET /%d0%bd%d0%b0-27-%d1%8e%d0%bd%d0%b8-1946-%d0%b3-%d0%b5-%d0%be%d1%81%d0%bd%d0%be%d0%b2%d0%b0%d0%bd-%d0%b4%d1%8a%d1%80%d0%b6%d0%b0%d0%b2%d0%bd%d0%b8%d1%8f%d1%82-%d0%b7%d0%b0%d1%81%d1%82%d1%80%d0%b0 HTTP/1.1" 301 0 "-" "Mozilla/5.0 AppleWebKit/537.36 (KHTML, like Gecko; compatible; ClaudeBot/1.0; +claudebot@anthropic.com)"
216.73.216.22 - - [05/Apr/2026:15:41:16 +0200] "GET /%d0%bd%d0%b0-27-%d1%8e%d0%bd%d0%b8-1946-%d0%b3-%d0%b5-%d0%be%d1%81%d0%bd%d0%be%d0%b2%d0%b0%d0%bd-%d0%b4%d1%8a%d1%80%d0%b6%d0%b0%d0%b2%d0%bd%d0%b8%d1%8f%d1%82-%d0%b7%d0%b0%d1%81%d1%82%d1%80%d0%b0/ HTTP/1.1" 200 21026 "https://patrioti.net/%d0%bd%d0%b0-27-%d1%8e%d0%bd%d0%b8-1946-%d0%b3-%d0%b5-%d0%be%d1%81%d0%bd%d0%be%d0%b2%d0%b0%d0%bd-%d0%b4%d1%8a%d1%80%d0%b6%d0%b0%d0%b2%d0%bd%d0%b8%d1%8f%d1%82-%d0%b7%d0%b0%d1%81%d1%82%d1%80%d0%b0" "Mozilla/5.0 AppleWebKit/537.36 (KHTML, like Gecko; compatible; ClaudeBot/1.0; +claudebot@anthropic.com)"
216.73.216.22 - - [05/Apr/2026:15:41:22 +0200] "GET /%D0%BD%D0%B0-10-%D1%84%D0%B5%D0%B2%D1%80%D1%83%D0%B0%D1%80%D0%B8-1933-%D0%B3-%D1%81%D0%B5-%D1%80%D0%B0%D0%B6%D0%B4%D0%B0-%D0%B1%D1%8A%D0%BB%D0%B3%D0%B0%D1%80%D1%81%D0%BA%D0%B8%D1%8F%D1%82-%D1%84/0501-2/ HTTP/1.1" 200 16649 "-" "Mozilla/5.0 AppleWebKit/537.36 (KHTML, like Gecko; compatible; ClaudeBot/1.0; +claudebot@anthropic.com)"
43.156.3.12 - - [05/Apr/2026:15:41:23 +0200] "GET /%D0%BD%D0%B8%D0%BA%D0%BE%D0%BB%D0%B0-%D0%B2%D0%B0%D0%BF%D1%86%D0%B0%D1%80%D0%BE%D0%B2-%D0%B1%D0%BE%D1%80%D0%B1%D0%B0%D1%82%D0%B0-%D0%B5-%D0%B1%D0%B5%D0%B7%D0%BC%D0%B8%D0%BB%D0%BE/ HTTP/1.1" 200 20809 "-" "Mozilla/5.0 (Windows NT 10.0; Win64; x64) AppleWebKit/537.36 (KHTML, like Gecko) Chrome/144.0.0.0 Safari/537.36"
216.73.216.22 - - [05/Apr/2026:15:41:24 +0200] "GET /%D0%BD%D0%B0-10-%D1%84%D0%B5%D0%B2%D1%80%D1%83%D0%B0%D1%80%D0%B8-1933-%D0%B3-%D1%81%D0%B5-%D1%80%D0%B0%D0%B6%D0%B4%D0%B0-%D0%B1%D1%8A%D0%BB%D0%B3%D0%B0%D1%80%D1%81%D0%BA%D0%B8%D1%8F%D1%82-%D1%84/ HTTP/1.1" 200 20457 "-" "Mozilla/5.0 AppleWebKit/537.36 (KHTML, like Gecko; compatible; ClaudeBot/1.0; +claudebot@anthropic.com)"
40.77.167.18 - - [05/Apr/2026:15:41:27 +0200] "GET /?s=what+is+the+yellow+S+with+recipies+in+the+corner+of+windows HTTP/1.1" 200 15322 "-" "Mozilla/5.0 AppleWebKit/537.36 (KHTML, like Gecko; compatible; bingbot/2.0; +http://www.bing.com/bingbot.htm) Chrome/116.0.1938.76 Safari/537.36"
216.73.216.22 - - [05/Apr/2026:15:41:34 +0200] "GET /%D0%B4%D0%BD%D0%B5%D1%81-%D0%B5-%D1%80%D0%BE%D0%B4%D0%B5%D0%BD-%D0%BF%D0%B8%D1%81%D0%B0%D1%82%D0%B5%D0%BB%D1%8F%D1%82-%D1%81%D1%82%D0%B5%D1%84%D0%B0%D0%BD-%D1%82%D0%B8%D0%BD%D1%82%D0%B5%D1%80%D0%BE/ventin/ HTTP/1.1" 200 16669 "-" "Mozilla/5.0 AppleWebKit/537.36 (KHTML, like Gecko; compatible; ClaudeBot/1.0; +claudebot@anthropic.com)"
40.77.167.42 - - [05/Apr/2026:15:41:34 +0200] "GET /tag/%D0%B7%D0%B0%D0%B5%D0%BA%D0%B2%D0%B0%D0%BD%D0%B5/ HTTP/1.1" 200 15542 "-" "Mozilla/5.0 AppleWebKit/537.36 (KHTML, like Gecko; compatible; bingbot/2.0; +http://www.bing.com/bingbot.htm) Chrome/116.0.1938.76 Safari/537.36"
216.73.216.22 - - [05/Apr/2026:15:41:35 +0200] "GET /%D0%B4%D1%8A%D0%BB%D0%B3%D0%BE%D0%B3%D0%BE%D0%B4%D0%B8%D1%88%D0%BD%D0%B8%D1%82%D0%B5-%D0%B2%D0%BE%D0%B9%D0%BD%D0%B8-%D0%B7%D0%B0-%D0%BE%D0%B2%D0%BB%D0%B0%D0%B4%D1%8F%D0%B2%D0%B0%D0%BD%D0%B5-%D0%BD/ HTTP/1.1" 200 23410 "-" "Mozilla/5.0 AppleWebKit/537.36 (KHTML, like Gecko; compatible; ClaudeBot/1.0; +claudebot@anthropic.com)"
216.73.216.22 - - [05/Apr/2026:15:41:37 +0200] "GET /%d0%bd%d0%b0-14-%d1%8e%d0%bd%d0%b8-1872-%d0%b3-%d0%b5-%d1%80%d0%be%d0%b4%d0%b5%d0%bd-%d0%b1%d1%8a%d0%bb%d0%b3%d0%b0%d1%80%d1%81%d0%ba%d0%b8%d1%8f%d1%82-%d0%bf%d0%be%d0%b5%d1%82-%d0%b8-%d1%80%d0%b5 HTTP/1.1" 301 0 "-" "Mozilla/5.0 AppleWebKit/537.36 (KHTML, like Gecko; compatible; ClaudeBot/1.0; +claudebot@anthropic.com)"
216.73.216.22 - - [05/Apr/2026:15:41:37 +0200] "GET /%d0%bd%d0%b0-14-%d1%8e%d0%bd%d0%b8-1872-%d0%b3-%d0%b5-%d1%80%d0%be%d0%b4%d0%b5%d0%bd-%d0%b1%d1%8a%d0%bb%d0%b3%d0%b0%d1%80%d1%81%d0%ba%d0%b8%d1%8f%d1%82-%d0%bf%d0%be%d0%b5%d1%82-%d0%b8-%d1%80%d0%b5/ HTTP/1.1" 200 21266 "https://patrioti.net/%d0%bd%d0%b0-14-%d1%8e%d0%bd%d0%b8-1872-%d0%b3-%d0%b5-%d1%80%d0%be%d0%b4%d0%b5%d0%bd-%d0%b1%d1%8a%d0%bb%d0%b3%d0%b0%d1%80%d1%81%d0%ba%d0%b8%d1%8f%d1%82-%d0%bf%d0%be%d0%b5%d1%82-%d0%b8-%d1%80%d0%b5" "Mozilla/5.0 AppleWebKit/537.36 (KHTML, like Gecko; compatible; ClaudeBot/1.0; +claudebot@anthropic.com)"
216.73.216.22 - - [05/Apr/2026:15:41:38 +0200] "GET /%d0%bd%d0%b0-%d0%b4%d0%bd%d0%b5%d1%88%d0%bd%d0%b8%d1%8f-%d0%b4%d0%b5%d0%bd-%d0%b5-%d1%80%d0%be%d0%b4%d0%b5%d0%bd-%d0%b1%d1%8a%d0%bb%d0%b3%d0%b0%d1%80%d1%81%d0%ba%d0%b8%d1%8f%d1%82-%d0%b8%d1%81%d1%82/feed HTTP/1.1" 301 0 "-" "Mozilla/5.0 AppleWebKit/537.36 (KHTML, like Gecko; compatible; ClaudeBot/1.0; +claudebot@anthropic.com)"
216.73.216.22 - - [05/Apr/2026:15:41:38 +0200] "GET /%d0%bd%d0%b0-%d0%b4%d0%bd%d0%b5%d1%88%d0%bd%d0%b8%d1%8f-%d0%b4%d0%b5%d0%bd-%d0%b5-%d1%80%d0%be%d0%b4%d0%b5%d0%bd-%d0%b1%d1%8a%d0%bb%d0%b3%d0%b0%d1%80%d1%81%d0%ba%d0%b8%d1%8f%d1%82-%d0%b8%d1%81%d1%82/feed/ HTTP/1.1" 200 551 "https://patrioti.net/%d0%bd%d0%b0-%d0%b4%d0%bd%d0%b5%d1%88%d0%bd%d0%b8%d1%8f-%d0%b4%d0%b5%d0%bd-%d0%b5-%d1%80%d0%be%d0%b4%d0%b5%d0%bd-%d0%b1%d1%8a%d0%bb%d0%b3%d0%b0%d1%80%d1%81%d0%ba%d0%b8%d1%8f%d1%82-%d0%b8%d1%81%d1%82/feed" "Mozilla/5.0 AppleWebKit/537.36 (KHTML, like Gecko; compatible; ClaudeBot/1.0; +claudebot@anthropic.com)"
216.73.216.22 - - [05/Apr/2026:15:41:40 +0200] "GET /%D0%BD%D0%B0-%D0%B4%D0%BD%D0%B5%D1%88%D0%BD%D0%B8%D1%8F-%D0%B4%D0%B5%D0%BD-%D0%B5-%D1%80%D0%BE%D0%B4%D0%B5%D0%BD-%D0%BF%D1%80%D0%BE%D1%84-%D0%B4-%D1%84-%D0%BD-%D0%B0%D0%BB%D0%B5%D0%BA%D1%81%D0%B0/whatsapp:/send HTTP/1.1" 404 15247 "-" "Mozilla/5.0 AppleWebKit/537.36 (KHTML, like Gecko; compatible; ClaudeBot/1.0; +claudebot@anthropic.com)"
216.73.216.22 - - [05/Apr/2026:15:41:43 +0200] "GET /%d0%b0%d1%80%d1%85%d0%b8%d1%82%d0%b5%d0%ba%d1%82%d1%83%d1%80%d0%b5%d0%bd-%d1%80%d0%b5%d0%b7%d0%b5%d1%80%d0%b2%d0%b0%d1%82-%d1%81%d0%b5%d0%bb%d0%be-%d1%88%d0%b8%d1%80%d0%be%d0%ba%d0%b0-%d0%bb%d1%8a HTTP/1.1" 301 0 "-" "Mozilla/5.0 AppleWebKit/537.36 (KHTML, like Gecko; compatible; ClaudeBot/1.0; +claudebot@anthropic.com)"
216.73.216.22 - - [05/Apr/2026:15:41:43 +0200] "GET /%d0%b0%d1%80%d1%85%d0%b8%d1%82%d0%b5%d0%ba%d1%82%d1%83%d1%80%d0%b5%d0%bd-%d1%80%d0%b5%d0%b7%d0%b5%d1%80%d0%b2%d0%b0%d1%82-%d1%81%d0%b5%d0%bb%d0%be-%d1%88%d0%b8%d1%80%d0%be%d0%ba%d0%b0-%d0%bb%d1%8a/ HTTP/1.1" 200 21880 "https://patrioti.net/%d0%b0%d1%80%d1%85%d0%b8%d1%82%d0%b5%d0%ba%d1%82%d1%83%d1%80%d0%b5%d0%bd-%d1%80%d0%b5%d0%b7%d0%b5%d1%80%d0%b2%d0%b0%d1%82-%d1%81%d0%b5%d0%bb%d0%be-%d1%88%d0%b8%d1%80%d0%be%d0%ba%d0%b0-%d0%bb%d1%8a" "Mozilla/5.0 AppleWebKit/537.36 (KHTML, like Gecko; compatible; ClaudeBot/1.0; +claudebot@anthropic.com)"
216.73.216.22 - - [05/Apr/2026:15:41:48 +0200] "GET /%d0%b2-%d0%b1%d1%8a%d0%bb%d0%b3%d0%b0%d1%80%d0%b8%d1%8f-%d0%be%d1%81%d1%82%d0%b0%d0%bd%d0%b0%d1%85%d0%b0-%d1%81%d0%b8%d0%bb%d0%bd%d0%b8%d1%82%d0%b5-%d0%b8%d1%81%d1%82%d0%b8%d0%bd%d1%81%d0%ba%d0%b8/feed HTTP/1.1" 301 0 "-" "Mozilla/5.0 AppleWebKit/537.36 (KHTML, like Gecko; compatible; ClaudeBot/1.0; +claudebot@anthropic.com)"
216.73.216.22 - - [05/Apr/2026:15:41:48 +0200] "GET /%d0%b2-%d0%b1%d1%8a%d0%bb%d0%b3%d0%b0%d1%80%d0%b8%d1%8f-%d0%be%d1%81%d1%82%d0%b0%d0%bd%d0%b0%d1%85%d0%b0-%d1%81%d0%b8%d0%bb%d0%bd%d0%b8%d1%82%d0%b5-%d0%b8%d1%81%d1%82%d0%b8%d0%bd%d1%81%d0%ba%d0%b8/feed/ HTTP/1.1" 200 570 "https://patrioti.net/%d0%b2-%d0%b1%d1%8a%d0%bb%d0%b3%d0%b0%d1%80%d0%b8%d1%8f-%d0%be%d1%81%d1%82%d0%b0%d0%bd%d0%b0%d1%85%d0%b0-%d1%81%d0%b8%d0%bb%d0%bd%d0%b8%d1%82%d0%b5-%d0%b8%d1%81%d1%82%d0%b8%d0%bd%d1%81%d0%ba%d0%b8/feed" "Mozilla/5.0 AppleWebKit/537.36 (KHTML, like Gecko; compatible; ClaudeBot/1.0; +claudebot@anthropic.com)"
51.195.215.8 - - [05/Apr/2026:15:41:51 +0200] "GET /%D0%BD%D0%B0-%D0%B4%D0%BD%D0%B5%D1%88%D0%BD%D0%B0%D1%82%D0%B0-%D0%B4%D0%B0%D1%82%D0%B0-%D0%B5-%D1%80%D0%BE%D0%B4%D0%B5%D0%BD%D0%B0-%D0%B1%D1%8A%D0%BB%D0%B3%D0%B0%D1%80%D1%81%D0%BA%D0%B0%D1%82%D0%B0-4/feed/ HTTP/1.1" 200 578 "-" "Mozilla/5.0 (compatible; AhrefsBot/7.0; +http://ahrefs.com/robot/)"
52.167.144.149 - - [05/Apr/2026:15:42:29 +0200] "GET /?s=qol+%E4%B8%8A%E3%81%8C%E3%82%8B HTTP/1.1" 200 15310 "-" "Mozilla/5.0 AppleWebKit/537.36 (KHTML, like Gecko; compatible; bingbot/2.0; +http://www.bing.com/bingbot.htm) Chrome/116.0.1938.76 Safari/537.36"
216.73.216.22 - - [05/Apr/2026:15:42:38 +0200] "GET /%d0%bf%d0%b5%d0%b9%d0%be-%d1%8f%d0%b2%d0%be%d1%80%d0%be%d0%b2-%d1%89%d0%b5-%d0%b1%d1%8a%d0%b4%d0%b5%d1%88-%d0%b2-%d0%b1%d1%8f%d0%bb%d0%be/whatsapp:/send HTTP/1.1" 404 15247 "-" "Mozilla/5.0 AppleWebKit/537.36 (KHTML, like Gecko; compatible; ClaudeBot/1.0; +claudebot@anthropic.com)"
216.73.216.22 - - [05/Apr/2026:15:42:39 +0200] "GET /%d0%bf%d1%8a%d1%80%d0%b2%d0%b8%d1%8f%d1%82-%d0%bf%d0%b0%d0%bc%d0%b5%d1%82%d0%bd%d0%b8%d0%ba-%d0%bd%d0%b0-%d0%b1%d0%be%d1%82%d0%b5%d0%b2/whatsapp:/send HTTP/1.1" 404 15247 "-" "Mozilla/5.0 AppleWebKit/537.36 (KHTML, like Gecko; compatible; ClaudeBot/1.0; +claudebot@anthropic.com)"
216.73.216.22 - - [05/Apr/2026:15:42:44 +0200] "GET /wp-content/uploads/2018/12/640_b3e20a37044ae7ad14e4f2676a8731b6-324x160.jpg HTTP/1.1" 200 26387 "-" "Mozilla/5.0 AppleWebKit/537.36 (KHTML, like Gecko; compatible; ClaudeBot/1.0; +claudebot@anthropic.com)"
216.73.216.22 - - [05/Apr/2026:15:42:47 +0200] "GET /%d0%be%d1%84%d0%b8%d1%86%d0%b5%d1%80%d1%8a%d1%82-%d0%bf%d0%b5%d1%82%d1%8a%d1%80-%d0%bf%d0%b0%d1%80%d0%bc%d0%b0%d0%ba%d0%be%d0%b2-%d0%b2%d0%be%d0%b5%d0%bd%d0%bd%d0%b8%d1%8f%d1%82-%d1%81%d1%82%d1%80 HTTP/1.1" 301 0 "-" "Mozilla/5.0 AppleWebKit/537.36 (KHTML, like Gecko; compatible; ClaudeBot/1.0; +claudebot@anthropic.com)"
