130.185.216.21 - - [05/Apr/2026:19:34:14 +0200] "GET /%d1%82%d0%be%d0%bf%d0%bb%d0%b8%d1%88%d0%ba%d0%be%d1%82%d0%be-%d0%b2%d1%8a%d1%81%d1%82%d0%b0%d0%bd%d0%b8%d0%b5-%d0%be%d1%82-1917-%d0%b3-%d1%81%d1%80%d1%8a%d0%b1%d1%81%d0%ba%d0%b8-%d0%b2%d0%be%d0%b9/?fbclid=IwY2xjawQ_fGVleHRuA2FlbQIxMQBzcnRjBmFwcF9pZAwzNTA2ODU1MzE3MjgAAR6S0seBJqTPpLMmaZhXym5DPalXXMOOwIcGZ3F25OkbMsNJ8LRLcGZfO8Zpvg_aem_U4xEbU9JuF12RmTYJrldTA HTTP/1.1" 200 22013 "https://lm.facebook.com/" "Mozilla/5.0 (Linux; Android 10; M2006C3MNG Build/QP1A.190711.020; wv) AppleWebKit/537.36 (KHTML, like Gecko) Version/4.0 Chrome/146.0.7680.164 Mobile Safari/537.36 [FB_IAB/FB4A;FBAV/554.0.0.57.70;IABMV/1;]"
198.244.242.92 - - [05/Apr/2026:19:34:14 +0200] "GET /tag/%D0%B1%D1%8A%D0%BB%D0%B3%D0%B0%D1%80%D1%81%D0%BA%D0%B8-%D1%85%D1%83%D0%B4%D0%BE%D0%B6%D0%BD%D0%B8%D0%BA/page/10/ HTTP/1.1" 200 16931 "-" "Mozilla/5.0 (compatible; AhrefsBot/7.0; +http://ahrefs.com/robot/)"
130.185.216.21 - - [05/Apr/2026:19:34:14 +0200] "GET /wp-content/uploads/2019/04/Tane_Nikolov_at_First_world_war.jpg HTTP/1.1" 200 170308 "https://patrioti.net/%d1%82%d0%be%d0%bf%d0%bb%d0%b8%d1%88%d0%ba%d0%be%d1%82%d0%be-%d0%b2%d1%8a%d1%81%d1%82%d0%b0%d0%bd%d0%b8%d0%b5-%d0%be%d1%82-1917-%d0%b3-%d1%81%d1%80%d1%8a%d0%b1%d1%81%d0%ba%d0%b8-%d0%b2%d0%be%d0%b9/?fbclid=IwY2xjawQ_fGVleHRuA2FlbQIxMQBzcnRjBmFwcF9pZAwzNTA2ODU1MzE3MjgAAR6S0seBJqTPpLMmaZhXym5DPalXXMOOwIcGZ3F25OkbMsNJ8LRLcGZfO8Zpvg_aem_U4xEbU9JuF12RmTYJrldTA" "Mozilla/5.0 (Linux; Android 10; M2006C3MNG Build/QP1A.190711.020; wv) AppleWebKit/537.36 (KHTML, like Gecko) Version/4.0 Chrome/146.0.7680.164 Mobile Safari/537.36 [FB_IAB/FB4A;FBAV/554.0.0.57.70;IABMV/1;]"
130.185.216.21 - - [05/Apr/2026:19:34:15 +0200] "GET /wp-content/uploads/2016/07/13734771_1063599090400374_1210912749_n.jpg HTTP/1.1" 200 24319 "https://patrioti.net/%d1%82%d0%be%d0%bf%d0%bb%d0%b8%d1%88%d0%ba%d0%be%d1%82%d0%be-%d0%b2%d1%8a%d1%81%d1%82%d0%b0%d0%bd%d0%b8%d0%b5-%d0%be%d1%82-1917-%d0%b3-%d1%81%d1%80%d1%8a%d0%b1%d1%81%d0%ba%d0%b8-%d0%b2%d0%be%d0%b9/?fbclid=IwY2xjawQ_fGVleHRuA2FlbQIxMQBzcnRjBmFwcF9pZAwzNTA2ODU1MzE3MjgAAR6S0seBJqTPpLMmaZhXym5DPalXXMOOwIcGZ3F25OkbMsNJ8LRLcGZfO8Zpvg_aem_U4xEbU9JuF12RmTYJrldTA" "Mozilla/5.0 (Linux; Android 10; M2006C3MNG Build/QP1A.190711.020; wv) AppleWebKit/537.36 (KHTML, like Gecko) Version/4.0 Chrome/146.0.7680.164 Mobile Safari/537.36 [FB_IAB/FB4A;FBAV/554.0.0.57.70;IABMV/1;]"
130.185.216.21 - - [05/Apr/2026:19:34:15 +0200] "GET /wp-content/uploads/2018/11/00182-218x150.jpg HTTP/1.1" 200 7110 "https://patrioti.net/%d1%82%d0%be%d0%bf%d0%bb%d0%b8%d1%88%d0%ba%d0%be%d1%82%d0%be-%d0%b2%d1%8a%d1%81%d1%82%d0%b0%d0%bd%d0%b8%d0%b5-%d0%be%d1%82-1917-%d0%b3-%d1%81%d1%80%d1%8a%d0%b1%d1%81%d0%ba%d0%b8-%d0%b2%d0%be%d0%b9/?fbclid=IwY2xjawQ_fGVleHRuA2FlbQIxMQBzcnRjBmFwcF9pZAwzNTA2ODU1MzE3MjgAAR6S0seBJqTPpLMmaZhXym5DPalXXMOOwIcGZ3F25OkbMsNJ8LRLcGZfO8Zpvg_aem_U4xEbU9JuF12RmTYJrldTA" "Mozilla/5.0 (Linux; Android 10; M2006C3MNG Build/QP1A.190711.020; wv) AppleWebKit/537.36 (KHTML, like Gecko) Version/4.0 Chrome/146.0.7680.164 Mobile Safari/537.36 [FB_IAB/FB4A;FBAV/554.0.0.57.70;IABMV/1;]"
130.185.216.21 - - [05/Apr/2026:19:34:15 +0200] "GET /wp-content/uploads/2018/11/%D0%9A%D0%93%D0%B5%D0%BE%D1%80%D0%B3%D0%B8%D0%B5%D0%B2-218x150.jpg HTTP/1.1" 200 11430 "https://patrioti.net/%d1%82%d0%be%d0%bf%d0%bb%d0%b8%d1%88%d0%ba%d0%be%d1%82%d0%be-%d0%b2%d1%8a%d1%81%d1%82%d0%b0%d0%bd%d0%b8%d0%b5-%d0%be%d1%82-1917-%d0%b3-%d1%81%d1%80%d1%8a%d0%b1%d1%81%d0%ba%d0%b8-%d0%b2%d0%be%d0%b9/?fbclid=IwY2xjawQ_fGVleHRuA2FlbQIxMQBzcnRjBmFwcF9pZAwzNTA2ODU1MzE3MjgAAR6S0seBJqTPpLMmaZhXym5DPalXXMOOwIcGZ3F25OkbMsNJ8LRLcGZfO8Zpvg_aem_U4xEbU9JuF12RmTYJrldTA" "Mozilla/5.0 (Linux; Android 10; M2006C3MNG Build/QP1A.190711.020; wv) AppleWebKit/537.36 (KHTML, like Gecko) Version/4.0 Chrome/146.0.7680.164 Mobile Safari/537.36 [FB_IAB/FB4A;FBAV/554.0.0.57.70;IABMV/1;]"
2a03:2880:11ff:70:: - - [05/Apr/2026:19:34:16 +0200] "GET /%d1%82%d0%be%d0%bf%d0%bb%d0%b8%d1%88%d0%ba%d0%be%d1%82%d0%be-%d0%b2%d1%8a%d1%81%d1%82%d0%b0%d0%bd%d0%b8%d0%b5-%d0%be%d1%82-1917-%d0%b3-%d1%81%d1%80%d1%8a%d0%b1%d1%81%d0%ba%d0%b8-%d0%b2%d0%be%d0%b9/ HTTP/1.1" 200 22014 "-" "facebookexternalhit/1.1 (+http://www.facebook.com/externalhit_uatext.php)"
130.185.216.21 - - [05/Apr/2026:19:34:19 +0200] "GET /wp-content/uploads/2018/09/cropped-patrioti-net-192x192.jpg HTTP/1.1" 200 11805 "https://patrioti.net/%d1%82%d0%be%d0%bf%d0%bb%d0%b8%d1%88%d0%ba%d0%be%d1%82%d0%be-%d0%b2%d1%8a%d1%81%d1%82%d0%b0%d0%bd%d0%b8%d0%b5-%d0%be%d1%82-1917-%d0%b3-%d1%81%d1%80%d1%8a%d0%b1%d1%81%d0%ba%d0%b8-%d0%b2%d0%be%d0%b9/?fbclid=IwY2xjawQ_fGVleHRuA2FlbQIxMQBzcnRjBmFwcF9pZAwzNTA2ODU1MzE3MjgAAR6S0seBJqTPpLMmaZhXym5DPalXXMOOwIcGZ3F25OkbMsNJ8LRLcGZfO8Zpvg_aem_U4xEbU9JuF12RmTYJrldTA" "Mozilla/5.0 (Linux; Android 10; M2006C3MNG Build/QP1A.190711.020; wv) AppleWebKit/537.36 (KHTML, like Gecko) Version/4.0 Chrome/146.0.7680.164 Mobile Safari/537.36 [FB_IAB/FB4A;FBAV/554.0.0.57.70;IABMV/1;]"
216.73.216.22 - - [05/Apr/2026:19:34:20 +0200] "GET /tag/%d0%bd%d0%b0%d1%80%d0%be%d0%b4%d0%bd%d0%b0%d1%82%d0%b0-%d0%bf%d0%b0%d0%bc%d0%b5%d1%82/page/231 HTTP/1.1" 301 0 "-" "Mozilla/5.0 AppleWebKit/537.36 (KHTML, like Gecko; compatible; ClaudeBot/1.0; +claudebot@anthropic.com)"
216.73.216.22 - - [05/Apr/2026:19:34:20 +0200] "GET /tag/%d0%bd%d0%b0%d1%80%d0%be%d0%b4%d0%bd%d0%b0%d1%82%d0%b0-%d0%bf%d0%b0%d0%bc%d0%b5%d1%82/page/237 HTTP/1.1" 301 0 "-" "Mozilla/5.0 AppleWebKit/537.36 (KHTML, like Gecko; compatible; ClaudeBot/1.0; +claudebot@anthropic.com)"
216.73.216.22 - - [05/Apr/2026:19:34:21 +0200] "GET /tag/%d0%bd%d0%b0%d1%80%d0%be%d0%b4%d0%bd%d0%b0%d1%82%d0%b0-%d0%bf%d0%b0%d0%bc%d0%b5%d1%82/page/231/ HTTP/1.1" 200 17156 "https://patrioti.net/tag/%d0%bd%d0%b0%d1%80%d0%be%d0%b4%d0%bd%d0%b0%d1%82%d0%b0-%d0%bf%d0%b0%d0%bc%d0%b5%d1%82/page/231" "Mozilla/5.0 AppleWebKit/537.36 (KHTML, like Gecko; compatible; ClaudeBot/1.0; +claudebot@anthropic.com)"
216.73.216.22 - - [05/Apr/2026:19:34:21 +0200] "GET /tag/%d0%bd%d0%b0%d1%80%d0%be%d0%b4%d0%bd%d0%b0%d1%82%d0%b0-%d0%bf%d0%b0%d0%bc%d0%b5%d1%82/page/237/ HTTP/1.1" 200 17102 "https://patrioti.net/tag/%d0%bd%d0%b0%d1%80%d0%be%d0%b4%d0%bd%d0%b0%d1%82%d0%b0-%d0%bf%d0%b0%d0%bc%d0%b5%d1%82/page/237" "Mozilla/5.0 AppleWebKit/537.36 (KHTML, like Gecko; compatible; ClaudeBot/1.0; +claudebot@anthropic.com)"
198.244.240.220 - - [05/Apr/2026:19:34:22 +0200] "GET /%D0%B4%D0%BD%D0%B5%D1%81-%D0%BE%D1%82%D0%B1%D0%B5%D0%BB%D1%8F%D0%B7%D0%B2%D0%B0%D0%BC%D0%B5-%D1%80%D0%BE%D0%B6%D0%B4%D0%B5%D0%BD%D0%B8%D0%B5%D1%82%D0%BE-%D0%BD%D0%B0-%D0%B1%D1%8A%D0%BB%D0%B3%D0%B0-3/ HTTP/1.1" 200 22026 "-" "Mozilla/5.0 (compatible; AhrefsBot/7.0; +http://ahrefs.com/robot/)"
159.203.25.209 - - [05/Apr/2026:19:34:35 +0200] "POST /wp-login.php HTTP/1.1" 200 1559 "-" "Mozilla/5.0"
159.203.25.209 - - [05/Apr/2026:19:34:35 +0200] "POST /wp-login.php HTTP/1.1" 200 1562 "-" "Mozilla/5.0"
159.203.25.209 - - [05/Apr/2026:19:34:35 +0200] "POST /wp-login.php HTTP/1.1" 200 1548 "-" "Mozilla/5.0"
159.203.25.209 - - [05/Apr/2026:19:34:35 +0200] "POST /wp-login.php HTTP/1.1" 200 1555 "-" "Mozilla/5.0"
159.203.25.209 - - [05/Apr/2026:19:34:35 +0200] "POST /wp-login.php HTTP/1.1" 200 1555 "-" "Mozilla/5.0"
159.203.25.209 - - [05/Apr/2026:19:34:35 +0200] "POST /wp-login.php HTTP/1.1" 200 1554 "-" "Mozilla/5.0"
159.203.25.209 - - [05/Apr/2026:19:34:35 +0200] "POST /wp-login.php HTTP/1.1" 200 1561 "-" "Mozilla/5.0"
159.203.25.209 - - [05/Apr/2026:19:34:35 +0200] "POST /wp-login.php HTTP/1.1" 200 1557 "-" "Mozilla/5.0"
159.203.25.209 - - [05/Apr/2026:19:34:35 +0200] "POST /wp-login.php HTTP/1.1" 200 1561 "-" "Mozilla/5.0"
159.203.25.209 - - [05/Apr/2026:19:34:35 +0200] "POST /wp-login.php HTTP/1.1" 200 1562 "-" "Mozilla/5.0"
159.203.25.209 - - [05/Apr/2026:19:34:35 +0200] "POST /wp-login.php HTTP/1.1" 200 1560 "-" "Mozilla/5.0"
2a03:2880:f806:42:: - - [05/Apr/2026:19:34:36 +0200] "GET /%d1%81%d0%b2%d0%b5%d1%82%d0%b8%d0%bb%d0%b8%d1%89%d0%b5%d1%82%d0%be-%d0%bd%d0%b0-%d0%b0%d1%81%d0%ba%d0%bb%d0%b5%d0%bf%d0%b8%d0%b9-%d0%ba%d1%80%d0%b0%d0%b9-%d1%81%d0%b5%d0%bb%d0%be-%d0%bf%d0%b0%d1%82/ HTTP/1.1" 200 21543 "-" "meta-externalagent/1.1 (+https://developers.facebook.com/docs/sharing/webmasters/crawler)"
43.163.117.15 - - [05/Apr/2026:19:34:37 +0200] "GET /category/%D0%BD%D0%B0-%D1%82%D0%BE%D0%B7%D0%B8-%D0%B4%D0%B5%D0%BD/page/328/ HTTP/1.1" 200 19522 "-" "Mozilla/5.0 (Macintosh; Intel Mac OS X 10_15_7) AppleWebKit/537.36 (KHTML, like Gecko) Chrome/144.0.0.0 Safari/537.36"
2a03:2880:f806:d:: - - [05/Apr/2026:19:34:37 +0200] "GET /%d0%b4%d0%bd%d0%b5%d1%81-%d0%b5-%d1%80%d0%be%d0%b4%d0%b5%d0%bd-%d0%b1%d1%8a%d0%bb%d0%b3%d0%b0%d1%80%d1%81%d0%ba%d0%b8%d1%8f%d1%82-%d1%84%d1%83%d1%82%d0%b1%d0%be%d0%bb%d0%b8%d1%81%d1%82-%d0%b8%d0%b2-9/ HTTP/1.1" 200 20428 "-" "meta-externalagent/1.1 (+https://developers.facebook.com/docs/sharing/webmasters/crawler)"
51.195.183.88 - - [05/Apr/2026:19:34:40 +0200] "GET /%D0%BD%D0%B0-14-%D0%BC%D0%B0%D1%80%D1%82-%D1%81%D0%B8-%D1%81%D0%BF%D0%BE%D0%BC%D0%BD%D1%8F%D0%BC%D0%B5-%D0%B7%D0%B0-%D0%B0%D0%BA%D1%82%D1%8C%D0%BE%D1%80%D0%B0-%D0%BF%D0%B5%D1%82%D1%8A%D1%80-%D1%87/ HTTP/1.1" 200 21091 "-" "Mozilla/5.0 (compatible; AhrefsBot/7.0; +http://ahrefs.com/robot/)"
216.73.216.22 - - [05/Apr/2026:19:34:41 +0200] "GET /tag/%D0%BD%D0%B0%D1%80%D0%BE%D0%B4%D0%BD%D0%B0%D1%82%D0%B0-%D0%BF%D0%B0%D0%BC%D0%B5%D1%82/page/421 HTTP/1.1" 301 0 "-" "Mozilla/5.0 AppleWebKit/537.36 (KHTML, like Gecko; compatible; ClaudeBot/1.0; +claudebot@anthropic.com)"
216.73.216.22 - - [05/Apr/2026:19:34:41 +0200] "GET /tag/%D0%BD%D0%B0%D1%80%D0%BE%D0%B4%D0%BD%D0%B0%D1%82%D0%B0-%D0%BF%D0%B0%D0%BC%D0%B5%D1%82/page/237 HTTP/1.1" 301 0 "-" "Mozilla/5.0 AppleWebKit/537.36 (KHTML, like Gecko; compatible; ClaudeBot/1.0; +claudebot@anthropic.com)"
52.167.144.216 - - [05/Apr/2026:19:34:41 +0200] "GET /%D0%B4%D0%BD%D0%B5%D1%81-%D0%BF%D0%BE%D1%87%D0%B8%D1%82%D0%B0%D0%BC%D0%B5-%D0%BF%D0%B0%D0%BC%D0%B5%D1%82%D1%82%D0%B0-%D0%BD%D0%B0-%D0%BA%D0%BE%D0%BC%D0%BF%D0%BE%D0%B7%D0%B8%D1%82%D0%BE%D1%80%D0%B0/ HTTP/1.1" 200 22798 "-" "Mozilla/5.0 AppleWebKit/537.36 (KHTML, like Gecko; compatible; bingbot/2.0; +http://www.bing.com/bingbot.htm) Chrome/116.0.1938.76 Safari/537.36"
216.73.216.22 - - [05/Apr/2026:19:34:42 +0200] "GET /tag/%D0%BD%D0%B0%D1%80%D0%BE%D0%B4%D0%BD%D0%B0%D1%82%D0%B0-%D0%BF%D0%B0%D0%BC%D0%B5%D1%82/page/237/ HTTP/1.1" 200 17137 "https://patrioti.net/tag/%D0%BD%D0%B0%D1%80%D0%BE%D0%B4%D0%BD%D0%B0%D1%82%D0%B0-%D0%BF%D0%B0%D0%BC%D0%B5%D1%82/page/237" "Mozilla/5.0 AppleWebKit/537.36 (KHTML, like Gecko; compatible; ClaudeBot/1.0; +claudebot@anthropic.com)"
216.73.216.22 - - [05/Apr/2026:19:34:42 +0200] "GET /tag/%D0%BD%D0%B0%D1%80%D0%BE%D0%B4%D0%BD%D0%B0%D1%82%D0%B0-%D0%BF%D0%B0%D0%BC%D0%B5%D1%82/page/421/ HTTP/1.1" 200 17572 "https://patrioti.net/tag/%D0%BD%D0%B0%D1%80%D0%BE%D0%B4%D0%BD%D0%B0%D1%82%D0%B0-%D0%BF%D0%B0%D0%BC%D0%B5%D1%82/page/421" "Mozilla/5.0 AppleWebKit/537.36 (KHTML, like Gecko; compatible; ClaudeBot/1.0; +claudebot@anthropic.com)"
161.97.137.93 - - [05/Apr/2026:19:34:53 +0200] "POST /wp-cron.php?doing_wp_cron=1775410492.7148900032043457031250 HTTP/1.1" 404 15247 "https://patrioti.net/wp-cron.php?doing_wp_cron=1775410492.7148900032043457031250" "WordPress/4.9.26; https://patrioti.net"
40.77.177.93 - - [05/Apr/2026:19:34:53 +0200] "GET /%d0%b4%d0%bd%d0%b5%d1%81-%d1%80%d0%be%d0%b6%d0%b4%d0%b5%d0%bd-%d0%b4%d0%b5%d0%bd-%d0%bf%d1%80%d0%b0%d0%b7%d0%bd%d1%83%d0%b2%d0%b0-%d0%bf%d0%b8%d1%81%d0%b0%d1%82%d0%b5%d0%bb/ HTTP/1.1" 200 21861 "-" "Mozilla/5.0 (Linux; Android 6.0.1; Nexus 5X Build/MMB29P) AppleWebKit/537.36 (KHTML, like Gecko) Chrome/136.0.0.0 Mobile Safari/537.36 (compatible; bingbot/2.0; +http://www.bing.com/bingbot.htm)"
198.244.183.20 - - [05/Apr/2026:19:34:55 +0200] "GET /wp-content/cache/page_enhanced/patrioti.net/%D0%BF%D0%B0%D0%BC%D0%B5%D1%82%D0%BD%D0%B8%D0%BA%D1%8A%D1%82-%D1%81%D1%8A%D0%B7%D0%B4%D0%B0%D1%82%D0%B5%D0%BB%D0%B8-%D0%BD%D0%B0-%D0%B1%D1%8A%D0%BB%D0%B3%D0%B0%D1%80%D1%81%D0%BA%D0%B0%D1%82%D0%B0/?C=S;O=D HTTP/1.1" 200 406 "-" "Mozilla/5.0 (compatible; AhrefsBot/7.0; +http://ahrefs.com/robot/)"
220.181.108.84 - - [05/Apr/2026:19:35:07 +0200] "GET /?p=41669 HTTP/1.1" 301 0 "-" "Mozilla/5.0 (compatible; Baiduspider/2.0; +http://www.baidu.com/search/spider.html)"
18.212.32.58 - - [05/Apr/2026:19:35:09 +0200] "GET /%D1%82%D0%BE%D0%BF%D0%BB%D0%B8%D1%88%D0%BA%D0%BE%D1%82%D0%BE-%D0%B2%D1%8A%D1%81%D1%82%D0%B0%D0%BD%D0%B8%D0%B5-%D0%BE%D1%82-1917-%D0%B3-%D1%81%D1%80%D1%8A%D0%B1%D1%81%D0%BA%D0%B8-%D0%B2%D0%BE%D0%B9/ HTTP/1.1" 200 22014 "http://www.google.com/" "Mozilla/5.0 AppleWebKit/537.36 (KHTML, like Gecko; compatible; AudigentAdBot; +http://www.audigent.com/bot.html) Chrome/W.X.Y.Z Safari/537.36"
52.167.144.206 - - [05/Apr/2026:19:35:09 +0200] "GET /?s=smart+watch+%E0%B8%88%E0%B8%AD%E0%B9%80%E0%B8%AB%E0%B8%A5%E0%B8%B5%E0%B9%88%E0%B8%A2%E0%B8%A1 HTTP/1.1" 200 15350 "-" "Mozilla/5.0 AppleWebKit/537.36 (KHTML, like Gecko; compatible; bingbot/2.0; +http://www.bing.com/bingbot.htm) Chrome/116.0.1938.76 Safari/537.36"
220.181.108.158 - - [05/Apr/2026:19:35:09 +0200] "GET /%D0%BD%D0%B0-25-%D0%BC%D0%B0%D0%B9-1996-%D0%B3-%D1%83%D0%BC%D0%B8%D1%80%D0%B0-%D1%84%D1%83%D1%82%D0%B1%D0%BE%D0%BB%D0%B8%D1%81%D1%82%D1%8A%D1%82-%D0%B4%D0%B8%D0%BC%D0%B8%D1%82%D1%8A%D1%80-%D0%B9/ HTTP/1.1" 200 21023 "-" "Mozilla/5.0 (compatible; Baiduspider/2.0; +http://www.baidu.com/search/spider.html)"
52.167.144.206 - - [05/Apr/2026:19:35:11 +0200] "GET /tag/%D1%82%D1%80%D0%B5%D1%81%D0%BA%D0%B0%D0%B2%D0%B5%D1%86/ HTTP/1.1" 200 15515 "-" "Mozilla/5.0 AppleWebKit/537.36 (KHTML, like Gecko; compatible; bingbot/2.0; +http://www.bing.com/bingbot.htm) Chrome/116.0.1938.76 Safari/537.36"
66.249.69.134 - - [05/Apr/2026:19:35:11 +0200] "GET /tag/patrioti/page/391/ HTTP/1.1" 200 17193 "-" "Mozilla/5.0 (Linux; Android 6.0.1; Nexus 5X Build/MMB29P) AppleWebKit/537.36 (KHTML, like Gecko) Chrome/146.0.7680.177 Mobile Safari/537.36 (compatible; GoogleOther)"
220.181.51.113 - - [05/Apr/2026:19:35:11 +0200] "GET /?p=37077 HTTP/1.1" 301 0 "-" "Mozilla/5.0 (Windows NT 10.0; WOW64) AppleWebKit/537.36 (KHTML, like Gecko) Chrome/48.0.2564.116 Safari/537.36"
220.181.51.92 - - [05/Apr/2026:19:35:12 +0200] "GET /%D0%B2-%D0%B1%D0%B0%D0%B8%D1%80-%D0%BB%D0%BE%D0%B7%D0%B5-%D1%81%D0%B0%D0%B4%D0%B8-%D0%BD%D0%B8%D0%BA%D0%BE%D0%BB%D0%B0-%D1%87%D0%B8%D1%87%D0%BE%D0%B2%D1%81%D0%BA%D0%B8/ HTTP/1.1" 200 22298 "-" "Mozilla/5.0 (Windows NT 10.0; WOW64) AppleWebKit/537.36 (KHTML, like Gecko) Chrome/48.0.2564.116 Safari/537.36"
52.167.144.206 - - [05/Apr/2026:19:35:12 +0200] "GET /tag/%D1%81%D1%83%D0%B1%D0%B8%D0%B3%D0%B8/ HTTP/1.1" 200 15479 "-" "Mozilla/5.0 AppleWebKit/537.36 (KHTML, like Gecko; compatible; bingbot/2.0; +http://www.bing.com/bingbot.htm) Chrome/116.0.1938.76 Safari/537.36"
198.244.242.41 - - [05/Apr/2026:19:35:15 +0200] "GET /wp-content/uploads/2021/03/?C=S;O=A HTTP/1.1" 200 277 "-" "Mozilla/5.0 (compatible; AhrefsBot/7.0; +http://ahrefs.com/robot/)"
40.77.167.38 - - [05/Apr/2026:19:35:27 +0200] "GET /%D0%BD%D0%B0-20-%D1%8E%D0%BD%D0%B8-1944-%D0%B3-%D0%B5-%D1%80%D0%BE%D0%B4%D0%B5%D0%BD-%D0%B0%D0%BA%D1%82%D1%8C%D0%BE%D1%80%D1%8A%D1%82-%D0%B8%D0%B2%D0%B0%D0%BD-%D0%B3%D1%80%D0%B8%D0%B3%D0%BE%D1%80/ HTTP/1.1" 200 20638 "-" "Mozilla/5.0 (iPhone; CPU iPhone OS 7_0 like Mac OS X) AppleWebKit/537.51.1 (KHTML, like Gecko) Version/7.0 Mobile/11A465 Safari/9537.53 (compatible; bingbot/2.0; +http://www.bing.com/bingbot.htm)"
66.249.69.133 - - [05/Apr/2026:19:35:36 +0200] "GET /tag/%D0%B4%D0%BE%D0%B1%D1%80%D0%B8%D0%BD%D0%BA%D0%B0-%D1%88%D0%B0%D0%BB%D0%B0%D0%BC%D0%B0%D0%BD%D0%BE%D0%B2%D0%B0/ HTTP/1.1" 200 15588 "-" "Mozilla/5.0 (Linux; Android 6.0.1; Nexus 5X Build/MMB29P) AppleWebKit/537.36 (KHTML, like Gecko) Chrome/146.0.7680.177 Mobile Safari/537.36 (compatible; Googlebot/2.1; +http://www.google.com/bot.html)"
52.167.144.206 - - [05/Apr/2026:19:35:39 +0200] "GET /wp-content/uploads/2018/10/general_christo_tsonev_loukov_large-406x420.jpg HTTP/1.1" 200 30954 "-" "Mozilla/5.0 AppleWebKit/537.36 (KHTML, like Gecko; compatible; bingbot/2.0; +http://www.bing.com/bingbot.htm) Chrome/116.0.1938.76 Safari/537.36"
198.244.183.105 - - [05/Apr/2026:19:35:40 +0200] "GET /%D0%BB%D0%B5%D0%B3%D0%B5%D0%BD%D0%B4%D0%B8%D1%82%D0%B5-%D0%B7%D0%B0-%D1%81%D0%B5%D0%BB%D0%BE-%D0%B7%D0%BB%D0%B0%D1%82%D0%B8%D0%BD%D0%B8%D1%86%D0%B0/ HTTP/1.1" 200 21002 "-" "Mozilla/5.0 (compatible; AhrefsBot/7.0; +http://ahrefs.com/robot/)"
66.249.69.132 - - [05/Apr/2026:19:35:42 +0200] "GET /tag/patrioti/page/391/ HTTP/1.1" 200 17193 "-" "Mozilla/5.0 (Linux; Android 6.0.1; Nexus 5X Build/MMB29P) AppleWebKit/537.36 (KHTML, like Gecko) Chrome/146.0.7680.177 Mobile Safari/537.36 (compatible; Googlebot/2.1; +http://www.google.com/bot.html)"
161.97.137.93 - - [05/Apr/2026:19:35:58 +0200] "POST /wp-cron.php?doing_wp_cron=1775410558.0331449508666992187500 HTTP/1.1" 404 15247 "https://patrioti.net/wp-cron.php?doing_wp_cron=1775410558.0331449508666992187500" "WordPress/4.9.26; https://patrioti.net"
97.74.93.106 - - [05/Apr/2026:19:35:58 +0200] "GET /wp-login.php HTTP/1.1" 200 1168 "-" "Mozilla/5.0 (Windows NT 6.1; Win64; x64) AppleWebKit/537.36 (KHTML, like Gecko) Chrome/52.0.2743.116 Safari/537.36 Edge/15.15063"
198.244.168.134 - - [05/Apr/2026:19:35:59 +0200] "GET /%D0%B1%D0%B0%D1%82%D0%B1%D0%B0%D1%8F%D0%BD-%D0%BE%D1%82-%D1%80%D0%BE%D0%B4%D0%B0-%D0%B4%D1%83%D0%BB%D0%BE/ HTTP/1.1" 200 21640 "-" "Mozilla/5.0 (compatible; AhrefsBot/7.0; +http://ahrefs.com/robot/)"
97.74.93.106 - - [05/Apr/2026:19:36:02 +0200] "POST /wp-login.php HTTP/1.1" 502 552 "https://patrioti.net/wp-login.php" "Mozilla/5.0 (Windows NT 6.1; Win64; x64) AppleWebKit/537.36 (KHTML, like Gecko) Chrome/52.0.2743.116 Safari/537.36 Edge/15.15063"
216.73.216.22 - - [05/Apr/2026:19:36:05 +0200] "GET /wp-content/uploads/2018/12/Petar_Beron_-_Bukvar_s_razlichni_pouchenija_Riben_bukvar_1824.pdf-324x160.jpg HTTP/1.1" 200 13222 "-" "Mozilla/5.0 AppleWebKit/537.36 (KHTML, like Gecko; compatible; ClaudeBot/1.0; +claudebot@anthropic.com)"
216.73.216.22 - - [05/Apr/2026:19:36:05 +0200] "GET /tag/%d0%bd%d0%b8%d0%b5-%d0%be%d1%82-patrioti-net-%d0%b2%d0%b8-%d0%ba%d0%b0%d0%b7%d0%b2%d0%b0%d0%bc%d0%b5-%d0%bf%d0%be%d0%bc%d0%bd%d0%b5%d1%82%d0%b5-%d0%b8%d1%81%d1%82%d0%be%d1%80%d0%b8%d1%8f%d1%82%d0%b0/page/335 HTTP/1.1" 301 0 "-" "Mozilla/5.0 AppleWebKit/537.36 (KHTML, like Gecko; compatible; ClaudeBot/1.0; +claudebot@anthropic.com)"
216.73.216.22 - - [05/Apr/2026:19:36:05 +0200] "GET /tag/%d0%bd%d0%b8%d0%b5-%d0%be%d1%82-patrioti-net-%d0%b2%d0%b8-%d0%ba%d0%b0%d0%b7%d0%b2%d0%b0%d0%bc%d0%b5-%d0%bf%d0%be%d0%bc%d0%bd%d0%b5%d1%82%d0%b5-%d0%b8%d1%81%d1%82%d0%be%d1%80%d0%b8%d1%8f%d1%82%d0%b0/page/335/ HTTP/1.1" 200 17354 "https://patrioti.net/tag/%d0%bd%d0%b8%d0%b5-%d0%be%d1%82-patrioti-net-%d0%b2%d0%b8-%d0%ba%d0%b0%d0%b7%d0%b2%d0%b0%d0%bc%d0%b5-%d0%bf%d0%be%d0%bc%d0%bd%d0%b5%d1%82%d0%b5-%d0%b8%d1%81%d1%82%d0%be%d1%80%d0%b8%d1%8f%d1%82%d0%b0/page/335" "Mozilla/5.0 AppleWebKit/537.36 (KHTML, like Gecko; compatible; ClaudeBot/1.0; +claudebot@anthropic.com)"
216.73.216.22 - - [05/Apr/2026:19:36:19 +0200] "GET /tag/%D0%BD%D0%B8%D0%B5-%D0%BE%D1%82-patrioti-net-%D0%B2%D0%B8-%D0%BA%D0%B0%D0%B7%D0%B2%D0%B0%D0%BC%D0%B5-%D0%BF%D0%BE%D0%BC%D0%BD%D0%B5%D1%82%D0%B5-%D0%B8%D1%81%D1%82%D0%BE%D1%80%D0%B8%D1%8F%D1%82%D0%B0/page/329 HTTP/1.1" 301 0 "-" "Mozilla/5.0 AppleWebKit/537.36 (KHTML, like Gecko; compatible; ClaudeBot/1.0; +claudebot@anthropic.com)"
216.73.216.22 - - [05/Apr/2026:19:36:19 +0200] "GET /tag/%D0%BD%D0%B8%D0%B5-%D0%BE%D1%82-patrioti-net-%D0%B2%D0%B8-%D0%BA%D0%B0%D0%B7%D0%B2%D0%B0%D0%BC%D0%B5-%D0%BF%D0%BE%D0%BC%D0%BD%D0%B5%D1%82%D0%B5-%D0%B8%D1%81%D1%82%D0%BE%D1%80%D0%B8%D1%8F%D1%82%D0%B0/page/417 HTTP/1.1" 301 0 "-" "Mozilla/5.0 AppleWebKit/537.36 (KHTML, like Gecko; compatible; ClaudeBot/1.0; +claudebot@anthropic.com)"
216.73.216.22 - - [05/Apr/2026:19:36:19 +0200] "GET /tag/%D0%BD%D0%B8%D0%B5-%D0%BE%D1%82-patrioti-net-%D0%B2%D0%B8-%D0%BA%D0%B0%D0%B7%D0%B2%D0%B0%D0%BC%D0%B5-%D0%BF%D0%BE%D0%BC%D0%BD%D0%B5%D1%82%D0%B5-%D0%B8%D1%81%D1%82%D0%BE%D1%80%D0%B8%D1%8F%D1%82%D0%B0/page/417/ HTTP/1.1" 200 17651 "https://patrioti.net/tag/%D0%BD%D0%B8%D0%B5-%D0%BE%D1%82-patrioti-net-%D0%B2%D0%B8-%D0%BA%D0%B0%D0%B7%D0%B2%D0%B0%D0%BC%D0%B5-%D0%BF%D0%BE%D0%BC%D0%BD%D0%B5%D1%82%D0%B5-%D0%B8%D1%81%D1%82%D0%BE%D1%80%D0%B8%D1%8F%D1%82%D0%B0/page/417" "Mozilla/5.0 AppleWebKit/537.36 (KHTML, like Gecko; compatible; ClaudeBot/1.0; +claudebot@anthropic.com)"
216.73.216.22 - - [05/Apr/2026:19:36:19 +0200] "GET /tag/%D0%BD%D0%B8%D0%B5-%D0%BE%D1%82-patrioti-net-%D0%B2%D0%B8-%D0%BA%D0%B0%D0%B7%D0%B2%D0%B0%D0%BC%D0%B5-%D0%BF%D0%BE%D0%BC%D0%BD%D0%B5%D1%82%D0%B5-%D0%B8%D1%81%D1%82%D0%BE%D1%80%D0%B8%D1%8F%D1%82%D0%B0/page/329/ HTTP/1.1" 200 17547 "https://patrioti.net/tag/%D0%BD%D0%B8%D0%B5-%D0%BE%D1%82-patrioti-net-%D0%B2%D0%B8-%D0%BA%D0%B0%D0%B7%D0%B2%D0%B0%D0%BC%D0%B5-%D0%BF%D0%BE%D0%BC%D0%BD%D0%B5%D1%82%D0%B5-%D0%B8%D1%81%D1%82%D0%BE%D1%80%D0%B8%D1%8F%D1%82%D0%B0/page/329" "Mozilla/5.0 AppleWebKit/537.36 (KHTML, like Gecko; compatible; ClaudeBot/1.0; +claudebot@anthropic.com)"
119.13.77.87 - - [05/Apr/2026:19:36:23 +0200] "GET /category/%d0%bf%d0%b0%d0%bc%d0%b5%d1%82%d0%bd%d0%b8%d1%86%d0%b8/page/49/?filter_by=popular HTTP/1.1" 200 19975 "-" "Mozilla/5.0 (Windows NT 10.0; Win64; x64) AppleWebKit/537.36 (KHTML, like Gecko) Chrome/144.0.0.0 Safari/537.36"
51.195.215.138 - - [05/Apr/2026:19:36:25 +0200] "GET /wp-content/plugins/td-composer/css-live/assets/external/ace_old/?C=D;O=A HTTP/1.1" 200 478 "-" "Mozilla/5.0 (compatible; AhrefsBot/7.0; +http://ahrefs.com/robot/)"
216.73.216.22 - - [05/Apr/2026:19:36:34 +0200] "GET /tag/%D0%BD%D0%B8%D0%B5-%D0%BE%D1%82-patrioti-net-%D0%B2%D0%B8-%D0%BA%D0%B0%D0%B7%D0%B2%D0%B0%D0%BC%D0%B5-%D0%BF%D0%BE%D0%BC%D0%BD%D0%B5%D1%82%D0%B5-%D0%B8%D1%81%D1%82%D0%BE%D1%80%D0%B8%D1%8F%D1%82%D0%B0/page/335 HTTP/1.1" 301 0 "-" "Mozilla/5.0 AppleWebKit/537.36 (KHTML, like Gecko; compatible; ClaudeBot/1.0; +claudebot@anthropic.com)"
216.73.216.22 - - [05/Apr/2026:19:36:34 +0200] "GET /sitemap.xml HTTP/1.1" 301 0 "-" "Mozilla/5.0 AppleWebKit/537.36 (KHTML, like Gecko; compatible; ClaudeBot/1.0; +claudebot@anthropic.com)"
216.73.216.22 - - [05/Apr/2026:19:36:34 +0200] "GET /tag/%D0%BD%D0%B8%D0%B5-%D0%BE%D1%82-patrioti-net-%D0%B2%D0%B8-%D0%BA%D0%B0%D0%B7%D0%B2%D0%B0%D0%BC%D0%B5-%D0%BF%D0%BE%D0%BC%D0%BD%D0%B5%D1%82%D0%B5-%D0%B8%D1%81%D1%82%D0%BE%D1%80%D0%B8%D1%8F%D1%82%D0%B0/page/335/ HTTP/1.1" 200 17411 "https://patrioti.net/tag/%D0%BD%D0%B8%D0%B5-%D0%BE%D1%82-patrioti-net-%D0%B2%D0%B8-%D0%BA%D0%B0%D0%B7%D0%B2%D0%B0%D0%BC%D0%B5-%D0%BF%D0%BE%D0%BC%D0%BD%D0%B5%D1%82%D0%B5-%D0%B8%D1%81%D1%82%D0%BE%D1%80%D0%B8%D1%8F%D1%82%D0%B0/page/335" "Mozilla/5.0 AppleWebKit/537.36 (KHTML, like Gecko; compatible; ClaudeBot/1.0; +claudebot@anthropic.com)"
5.255.231.105 - - [05/Apr/2026:19:36:36 +0200] "GET /wp-content/uploads/2019/04/Yane_Sandanski2.png HTTP/1.1" 200 213266 "-" "Mozilla/5.0 (compatible; YandexImages/3.0; +http://yandex.com/bots)"
198.244.183.90 - - [05/Apr/2026:19:36:41 +0200] "GET /wp-content/cache/page_enhanced/patrioti.net/%D0%B4%D0%BD%D0%B5%D1%81-%D1%81%D0%B0-%D1%80%D0%BE%D0%B4%D0%B5%D0%BD%D0%B8-%D0%B1%D1%80%D0%B0%D1%82%D1%8F-%D0%B0%D1%80%D0%B3%D0%B8%D1%80%D0%BE%D0%B2%D0%B8/?C=D;O=D HTTP/1.1" 200 397 "-" "Mozilla/5.0 (compatible; AhrefsBot/7.0; +http://ahrefs.com/robot/)"
216.73.216.22 - - [05/Apr/2026:19:36:43 +0200] "GET /sitemap_index.xml HTTP/1.1" 200 0 "https://patrioti.net/sitemap.xml" "Mozilla/5.0 AppleWebKit/537.36 (KHTML, like Gecko; compatible; ClaudeBot/1.0; +claudebot@anthropic.com)"
40.77.167.38 - - [05/Apr/2026:19:36:57 +0200] "GET /%D0%BD%D0%B0-1-%D1%8E%D0%BD%D0%B8-1937-%D0%B3-%D1%83%D0%BC%D0%B8%D1%80%D0%B0-%D0%B1%D1%8A%D0%BB%D0%B3%D0%B0%D1%80%D1%81%D0%BA%D0%B8%D1%8F%D1%82-%D0%B5%D0%B7%D0%B8%D0%BA%D0%BE%D0%B2%D0%B5%D0%B4-%D0%BB/ HTTP/1.1" 200 22179 "-" "Mozilla/5.0 AppleWebKit/537.36 (KHTML, like Gecko; compatible; bingbot/2.0; +http://www.bing.com/bingbot.htm) Chrome/116.0.1938.76 Safari/537.36"
52.167.144.206 - - [05/Apr/2026:19:37:01 +0200] "GET /tag/%D0%BF%D1%8A%D1%80%D0%B2%D0%BE%D1%82%D0%BE-%D0%BF%D1%80%D0%B0%D0%B2%D0%B8%D1%82%D0%B5%D0%BB%D1%81%D1%82%D0%B2%D0%BE/ HTTP/1.1" 502 552 "-" "Mozilla/5.0 AppleWebKit/537.36 (KHTML, like Gecko; compatible; bingbot/2.0; +http://www.bing.com/bingbot.htm) Chrome/116.0.1938.76 Safari/537.36"
52.167.144.206 - - [05/Apr/2026:19:37:03 +0200] "GET /tag/%D1%80%D0%B0%D0%B1%D0%BE%D1%82%D0%BD%D0%B8%D1%87%D0%B5%D1%81%D0%BA%D0%B0-%D0%B1%D0%BE%D0%BB%D0%BD%D0%B8%D1%86%D0%B0/ HTTP/1.1" 502 552 "-" "Mozilla/5.0 AppleWebKit/537.36 (KHTML, like Gecko; compatible; bingbot/2.0; +http://www.bing.com/bingbot.htm) Chrome/116.0.1938.76 Safari/537.36"
161.97.137.93 - - [05/Apr/2026:19:37:03 +0200] "POST /wp-cron.php?doing_wp_cron=1775410621.9945030212402343750000 HTTP/1.1" 502 150 "https://patrioti.net/wp-cron.php?doing_wp_cron=1775410621.9945030212402343750000" "WordPress/4.9.26; https://patrioti.net"
198.244.242.165 - - [05/Apr/2026:19:37:03 +0200] "GET /wp-content/plugins/ultimate-subscribe/inc/api/MailChimp/Batch.php HTTP/1.1" 502 150 "-" "Mozilla/5.0 (compatible; AhrefsBot/7.0; +http://ahrefs.com/robot/)"
66.249.69.133 - - [05/Apr/2026:19:37:10 +0200] "GET /attachment-sitemap1.xml HTTP/1.1" 200 88191 "-" "Mozilla/5.0 (compatible; Googlebot/2.1; +http://www.google.com/bot.html)"
66.249.69.132 - - [05/Apr/2026:19:37:16 +0200] "GET /tag/%D0%BD%D0%B0%D1%86%D0%B8%D0%BE%D0%BD%D0%B0%D0%BB%D0%BD%D0%BE-%D0%BF%D0%B0%D1%82%D1%80%D0%B8%D0%BE%D1%82%D0%B8%D1%87%D0%BD%D0%BE-%D0%BE%D0%B1%D0%B5%D0%B4%D0%B8%D0%BD%D0%B5%D0%BD%D0%B8%D0%B5/page/357/ HTTP/1.1" 200 17358 "-" "Mozilla/5.0 (Linux; Android 6.0.1; Nexus 5X Build/MMB29P) AppleWebKit/537.36 (KHTML, like Gecko) Chrome/146.0.7680.177 Mobile Safari/537.36 (compatible; Googlebot/2.1; +http://www.google.com/bot.html)"
51.89.129.219 - - [05/Apr/2026:19:37:32 +0200] "GET /wp-content/cache/page_enhanced/patrioti.net/%D0%BF%D0%B5%D0%BD%D1%8C%D0%BE-%D0%B2%D0%BE%D0%B9%D0%B2%D0%BE%D0%B4%D0%B0-%D0%B7%D0%B0%D0%BA%D1%80%D0%B8%D0%BB%D0%BD%D0%B8%D0%BA%D1%8A%D1%82-%D0%BD%D0%B0-%D0%B1%D0%B5%D0%B4%D0%BD%D0%B8%D1%82%D0%B5/feed/?C=S;O=A HTTP/1.1" 200 478 "-" "Mozilla/5.0 (compatible; AhrefsBot/7.0; +http://ahrefs.com/robot/)"
216.73.216.22 - - [05/Apr/2026:19:37:42 +0200] "GET /page/418 HTTP/1.1" 200 17691 "-" "Mozilla/5.0 AppleWebKit/537.36 (KHTML, like Gecko; compatible; ClaudeBot/1.0; +claudebot@anthropic.com)"
216.73.216.22 - - [05/Apr/2026:19:37:42 +0200] "GET /?p=18784 HTTP/1.1" 301 0 "-" "Mozilla/5.0 AppleWebKit/537.36 (KHTML, like Gecko; compatible; ClaudeBot/1.0; +claudebot@anthropic.com)"
216.73.216.22 - - [05/Apr/2026:19:37:42 +0200] "GET /%d0%bd%d0%b0-8-%d0%b4%d0%b5%d0%ba%d0%b5%d0%bc%d0%b2%d1%80%d0%b8-1966-%d0%b3-%d1%83%d0%bc%d0%b8%d1%80%d0%b0-%d0%b1%d1%8a%d0%bb%d0%b3%d0%b0%d1%80%d1%81%d0%ba%d0%b8%d1%8f%d1%82-%d0%b0%d0%ba%d1%82%d1%8c/ HTTP/1.1" 200 21747 "https://patrioti.net/?p=18784" "Mozilla/5.0 AppleWebKit/537.36 (KHTML, like Gecko; compatible; ClaudeBot/1.0; +claudebot@anthropic.com)"
216.73.216.22 - - [05/Apr/2026:19:37:50 +0200] "GET /wp-content/themes/Newspaper/includes/shortcodes/td_block_big_grid_10.php HTTP/1.1" 500 0 "-" "Mozilla/5.0 AppleWebKit/537.36 (KHTML, like Gecko; compatible; ClaudeBot/1.0; +claudebot@anthropic.com)"
216.73.216.22 - - [05/Apr/2026:19:37:50 +0200] "GET /tag/%d0%bd%d0%b0%d1%80%d0%be%d0%b4%d0%bd%d0%b0%d1%82%d0%b0-%d0%bf%d0%b0%d0%bc%d0%b5%d1%82/page/4 HTTP/1.1" 301 0 "-" "Mozilla/5.0 AppleWebKit/537.36 (KHTML, like Gecko; compatible; ClaudeBot/1.0; +claudebot@anthropic.com)"
216.73.216.22 - - [05/Apr/2026:19:37:51 +0200] "GET /tag/%d0%bd%d0%b0%d1%80%d0%be%d0%b4%d0%bd%d0%b0%d1%82%d0%b0-%d0%bf%d0%b0%d0%bc%d0%b5%d1%82/page/4/ HTTP/1.1" 200 17139 "https://patrioti.net/tag/%d0%bd%d0%b0%d1%80%d0%be%d0%b4%d0%bd%d0%b0%d1%82%d0%b0-%d0%bf%d0%b0%d0%bc%d0%b5%d1%82/page/4" "Mozilla/5.0 AppleWebKit/537.36 (KHTML, like Gecko; compatible; ClaudeBot/1.0; +claudebot@anthropic.com)"
52.167.144.216 - - [05/Apr/2026:19:37:53 +0200] "GET /tag/%D0%B2%D0%B5%D1%81%D1%82%D0%BD%D0%B8%D0%BA-%D1%89%D0%B0%D1%81%D1%82%D0%BB%D0%B8%D0%B2%D0%B5%D1%86/ HTTP/1.1" 200 15525 "-" "Mozilla/5.0 AppleWebKit/537.36 (KHTML, like Gecko; compatible; bingbot/2.0; +http://www.bing.com/bingbot.htm) Chrome/116.0.1938.76 Safari/537.36"
66.249.69.132 - - [05/Apr/2026:19:37:55 +0200] "GET /%D0%B4%D0%BD%D0%B5%D1%81-%D0%BF%D0%BE%D1%87%D0%B8%D1%82%D0%B0%D0%BC%D0%B5-%D0%BF%D0%B0%D0%BC%D0%B5%D1%82%D1%82%D0%B0-%D0%BD%D0%B0-%D0%B1%D1%8A%D0%BB%D0%B3%D0%B0%D1%80%D1%81%D0%BA%D0%B8%D1%8F-%D0%BD-7/attachment/194679/feed/ HTTP/1.1" 200 611 "-" "Mozilla/5.0 (Linux; Android 6.0.1; Nexus 5X Build/MMB29P) AppleWebKit/537.36 (KHTML, like Gecko) Chrome/146.0.7680.177 Mobile Safari/537.36 (compatible; Googlebot/2.1; +http://www.google.com/bot.html)"
216.73.216.22 - - [05/Apr/2026:19:38:00 +0200] "GET /tag/%d0%bd%d0%b0%d1%80%d0%be%d0%b4%d0%bd%d0%b0%d1%82%d0%b0-%d0%bf%d0%b0%d0%bc%d0%b5%d1%82/page/422 HTTP/1.1" 301 0 "-" "Mozilla/5.0 AppleWebKit/537.36 (KHTML, like Gecko; compatible; ClaudeBot/1.0; +claudebot@anthropic.com)"
216.73.216.22 - - [05/Apr/2026:19:38:01 +0200] "GET /%d0%bb%d0%b5%d0%b3%d0%b5%d0%bd%d0%b4%d0%b0%d1%82%d0%b0-%d0%b7%d0%b0-%d1%81%d0%b8%d1%80%d0%bc%d0%b0-%d0%b2%d0%be%d0%b9%d0%b2%d0%be%d0%b4%d0%b0/whatsapp:/send HTTP/1.1" 404 15248 "-" "Mozilla/5.0 AppleWebKit/537.36 (KHTML, like Gecko; compatible; ClaudeBot/1.0; +claudebot@anthropic.com)"
216.73.216.22 - - [05/Apr/2026:19:38:01 +0200] "GET /tag/%d0%bd%d0%b0%d1%80%d0%be%d0%b4%d0%bd%d0%b0%d1%82%d0%b0-%d0%bf%d0%b0%d0%bc%d0%b5%d1%82/page/422/ HTTP/1.1" 200 17362 "https://patrioti.net/tag/%d0%bd%d0%b0%d1%80%d0%be%d0%b4%d0%bd%d0%b0%d1%82%d0%b0-%d0%bf%d0%b0%d0%bc%d0%b5%d1%82/page/422" "Mozilla/5.0 AppleWebKit/537.36 (KHTML, like Gecko; compatible; ClaudeBot/1.0; +claudebot@anthropic.com)"
161.97.137.93 - - [05/Apr/2026:19:38:26 +0200] "POST /wp-cron.php?doing_wp_cron=1775410706.3401429653167724609375 HTTP/1.1" 404 15247 "https://patrioti.net/wp-cron.php?doing_wp_cron=1775410706.3401429653167724609375" "WordPress/4.9.26; https://patrioti.net"
116.179.32.159 - - [05/Apr/2026:19:38:26 +0200] "GET /?p=39366 HTTP/1.1" 301 0 "-" "Mozilla/5.0 (compatible; Baiduspider/2.0; +http://www.baidu.com/search/spider.html)"
116.179.32.201 - - [05/Apr/2026:19:38:28 +0200] "GET /?p=21162 HTTP/1.1" 301 0 "-" "Mozilla/5.0 (compatible; Baiduspider/2.0; +http://www.baidu.com/search/spider.html)"
116.179.32.24 - - [05/Apr/2026:19:38:28 +0200] "GET /4-%D0%BC%D0%B0%D0%B9-%D0%B5-%D0%BC%D0%B5%D0%B6%D0%B4%D1%83%D0%BD%D0%B0%D1%80%D0%BE%D0%B4%D0%B5%D0%BD-%D0%B4%D0%B5%D0%BD-%D0%BD%D0%B0-%D0%BC%D0%B5%D1%82%D0%B0%D0%BB%D1%83%D1%80%D0%B3%D0%B0-%D0%BF/ HTTP/1.1" 200 21083 "-" "Mozilla/5.0 (compatible; Baiduspider/2.0; +http://www.baidu.com/search/spider.html)"
116.179.32.79 - - [05/Apr/2026:19:38:29 +0200] "GET /%D0%BD%D0%B0-26-%D0%B4%D0%B5%D0%BA%D0%B5%D0%BC%D0%B2%D1%80%D0%B8-1947-%D0%B3-%D0%B2-%D0%B1%D1%8A%D0%BB%D0%B3%D0%B0%D1%80%D0%B8%D1%8F-%D0%B5-%D0%B8%D0%B7%D0%B2%D1%8A%D1%80%D1%88%D0%B5%D0%BD%D0%B0/ HTTP/1.1" 200 20632 "-" "Mozilla/5.0 (compatible; Baiduspider/2.0; +http://www.baidu.com/search/spider.html)"
47.128.124.53 - - [05/Apr/2026:19:38:33 +0200] "GET /wp-content/themes/Newspaper/includes/block_templates/td_block_template_11.php HTTP/1.1" 500 0 "-" "Mozilla/5.0 (Linux; Android 5.0) AppleWebKit/537.36 (KHTML, like Gecko) Mobile Safari/537.36 (compatible; Bytespider; spider-feedback@bytedance.com)"
4.193.168.228 - - [05/Apr/2026:19:38:43 +0200] "GET /100.php HTTP/1.1" 301 0 "-" "Mozilla/5.0 (Windows NT 10.0; Win64; x64) AppleWebKit/537.36 (KHTML, like Gecko) Chrome/120.0.0.0 Safari/537.36"
4.193.168.228 - - [05/Apr/2026:19:38:44 +0200] "GET /7.php HTTP/1.1" 301 0 "-" "Mozilla/5.0 (Windows NT 10.0; Win64; x64) AppleWebKit/537.36 (KHTML, like Gecko) Chrome/120.0.0.0 Safari/537.36"
4.193.168.228 - - [05/Apr/2026:19:38:45 +0200] "GET /aa.php HTTP/1.1" 301 0 "-" "Mozilla/5.0 (Windows NT 10.0; Win64; x64) AppleWebKit/537.36 (KHTML, like Gecko) Chrome/120.0.0.0 Safari/537.36"
4.193.168.228 - - [05/Apr/2026:19:38:45 +0200] "GET /wp.php HTTP/1.1" 301 0 "-" "Mozilla/5.0 (Windows NT 10.0; Win64; x64) AppleWebKit/537.36 (KHTML, like Gecko) Chrome/120.0.0.0 Safari/537.36"
4.193.168.228 - - [05/Apr/2026:19:38:46 +0200] "GET /chosen.php HTTP/1.1" 301 0 "-" "Mozilla/5.0 (Windows NT 10.0; Win64; x64) AppleWebKit/537.36 (KHTML, like Gecko) Chrome/120.0.0.0 Safari/537.36"
4.193.168.228 - - [05/Apr/2026:19:38:46 +0200] "GET /abcd.php HTTP/1.1" 301 0 "-" "Mozilla/5.0 (Windows NT 10.0; Win64; x64) AppleWebKit/537.36 (KHTML, like Gecko) Chrome/120.0.0.0 Safari/537.36"
4.193.168.228 - - [05/Apr/2026:19:38:46 +0200] "GET /as.php HTTP/1.1" 301 0 "-" "Mozilla/5.0 (Windows NT 10.0; Win64; x64) AppleWebKit/537.36 (KHTML, like Gecko) Chrome/120.0.0.0 Safari/537.36"
4.193.168.228 - - [05/Apr/2026:19:38:47 +0200] "GET /2.php HTTP/1.1" 301 0 "-" "Mozilla/5.0 (Windows NT 10.0; Win64; x64) AppleWebKit/537.36 (KHTML, like Gecko) Chrome/120.0.0.0 Safari/537.36"
4.193.168.228 - - [05/Apr/2026:19:38:47 +0200] "GET /abc.php HTTP/1.1" 301 0 "-" "Mozilla/5.0 (Windows NT 10.0; Win64; x64) AppleWebKit/537.36 (KHTML, like Gecko) Chrome/120.0.0.0 Safari/537.36"
198.244.242.226 - - [05/Apr/2026:19:38:48 +0200] "GET /category/%D0%BD%D0%B0-%D1%82%D0%BE%D0%B7%D0%B8-%D0%B4%D0%B5%D0%BD/page/495/ HTTP/1.1" 200 19696 "-" "Mozilla/5.0 (compatible; AhrefsBot/7.0; +http://ahrefs.com/robot/)"
4.193.168.228 - - [05/Apr/2026:19:38:48 +0200] "GET /about.php HTTP/1.1" 301 0 "-" "Mozilla/5.0 (Windows NT 10.0; Win64; x64) AppleWebKit/537.36 (KHTML, like Gecko) Chrome/120.0.0.0 Safari/537.36"
4.193.168.228 - - [05/Apr/2026:19:38:48 +0200] "GET /0x.php HTTP/1.1" 301 0 "-" "Mozilla/5.0 (Windows NT 10.0; Win64; x64) AppleWebKit/537.36 (KHTML, like Gecko) Chrome/120.0.0.0 Safari/537.36"
4.193.168.228 - - [05/Apr/2026:19:38:49 +0200] "GET /fff.php HTTP/1.1" 301 0 "-" "Mozilla/5.0 (Windows NT 10.0; Win64; x64) AppleWebKit/537.36 (KHTML, like Gecko) Chrome/120.0.0.0 Safari/537.36"
4.193.168.228 - - [05/Apr/2026:19:38:49 +0200] "GET /ff1.php HTTP/1.1" 301 0 "-" "Mozilla/5.0 (Windows NT 10.0; Win64; x64) AppleWebKit/537.36 (KHTML, like Gecko) Chrome/120.0.0.0 Safari/537.36"
4.193.168.228 - - [05/Apr/2026:19:38:50 +0200] "GET /wp-themes.php HTTP/1.1" 301 0 "-" "Mozilla/5.0 (Windows NT 10.0; Win64; x64) AppleWebKit/537.36 (KHTML, like Gecko) Chrome/120.0.0.0 Safari/537.36"
4.193.168.228 - - [05/Apr/2026:19:38:50 +0200] "GET /adminfuns.php HTTP/1.1" 301 0 "-" "Mozilla/5.0 (Windows NT 10.0; Win64; x64) AppleWebKit/537.36 (KHTML, like Gecko) Chrome/120.0.0.0 Safari/537.36"
4.193.168.228 - - [05/Apr/2026:19:38:50 +0200] "GET /class-t.api.php HTTP/1.1" 301 0 "-" "Mozilla/5.0 (Windows NT 10.0; Win64; x64) AppleWebKit/537.36 (KHTML, like Gecko) Chrome/120.0.0.0 Safari/537.36"
4.193.168.228 - - [05/Apr/2026:19:38:51 +0200] "GET /content.php HTTP/1.1" 301 0 "-" "Mozilla/5.0 (Windows NT 10.0; Win64; x64) AppleWebKit/537.36 (KHTML, like Gecko) Chrome/120.0.0.0 Safari/537.36"
4.193.168.228 - - [05/Apr/2026:19:38:51 +0200] "GET /r.php HTTP/1.1" 301 0 "-" "Mozilla/5.0 (Windows NT 10.0; Win64; x64) AppleWebKit/537.36 (KHTML, like Gecko) Chrome/120.0.0.0 Safari/537.36"
4.193.168.228 - - [05/Apr/2026:19:38:52 +0200] "GET /w.php HTTP/1.1" 301 0 "-" "Mozilla/5.0 (Windows NT 10.0; Win64; x64) AppleWebKit/537.36 (KHTML, like Gecko) Chrome/120.0.0.0 Safari/537.36"
4.193.168.228 - - [05/Apr/2026:19:38:52 +0200] "GET /classwithtostring.php HTTP/1.1" 301 0 "-" "Mozilla/5.0 (Windows NT 10.0; Win64; x64) AppleWebKit/537.36 (KHTML, like Gecko) Chrome/120.0.0.0 Safari/537.36"
4.193.168.228 - - [05/Apr/2026:19:38:52 +0200] "GET /edit.php HTTP/1.1" 301 0 "-" "Mozilla/5.0 (Windows NT 10.0; Win64; x64) AppleWebKit/537.36 (KHTML, like Gecko) Chrome/120.0.0.0 Safari/537.36"
4.193.168.228 - - [05/Apr/2026:19:38:53 +0200] "GET /wp-blog.php HTTP/1.1" 301 0 "-" "Mozilla/5.0 (Windows NT 10.0; Win64; x64) AppleWebKit/537.36 (KHTML, like Gecko) Chrome/120.0.0.0 Safari/537.36"
4.193.168.228 - - [05/Apr/2026:19:38:53 +0200] "GET /php8.php HTTP/1.1" 301 0 "-" "Mozilla/5.0 (Windows NT 10.0; Win64; x64) AppleWebKit/537.36 (KHTML, like Gecko) Chrome/120.0.0.0 Safari/537.36"
4.193.168.228 - - [05/Apr/2026:19:38:54 +0200] "GET /10.php HTTP/1.1" 301 0 "-" "Mozilla/5.0 (Windows NT 10.0; Win64; x64) AppleWebKit/537.36 (KHTML, like Gecko) Chrome/120.0.0.0 Safari/537.36"
4.193.168.228 - - [05/Apr/2026:19:38:54 +0200] "GET /manager.php HTTP/1.1" 301 0 "-" "Mozilla/5.0 (Windows NT 10.0; Win64; x64) AppleWebKit/537.36 (KHTML, like Gecko) Chrome/120.0.0.0 Safari/537.36"
4.193.168.228 - - [05/Apr/2026:19:38:54 +0200] "GET /p.php HTTP/1.1" 301 0 "-" "Mozilla/5.0 (Windows NT 10.0; Win64; x64) AppleWebKit/537.36 (KHTML, like Gecko) Chrome/120.0.0.0 Safari/537.36"
4.193.168.228 - - [05/Apr/2026:19:38:55 +0200] "GET /hplfuns.php HTTP/1.1" 301 0 "-" "Mozilla/5.0 (Windows NT 10.0; Win64; x64) AppleWebKit/537.36 (KHTML, like Gecko) Chrome/120.0.0.0 Safari/537.36"
4.193.168.228 - - [05/Apr/2026:19:38:55 +0200] "GET /bless.php HTTP/1.1" 301 0 "-" "Mozilla/5.0 (Windows NT 10.0; Win64; x64) AppleWebKit/537.36 (KHTML, like Gecko) Chrome/120.0.0.0 Safari/537.36"
66.249.69.132 - - [05/Apr/2026:19:38:55 +0200] "GET /tag/%D0%B1%D1%8A%D0%B4%D0%B5%D1%82%D0%B5-%D0%B3%D0%BE%D1%80%D0%B4%D0%B8-%D0%B1%D1%8A%D0%BB%D0%B3%D0%B0%D1%80%D0%B8/page/260/ HTTP/1.1" 200 17138 "-" "Mozilla/5.0 (Linux; Android 6.0.1; Nexus 5X Build/MMB29P) AppleWebKit/537.36 (KHTML, like Gecko) Chrome/146.0.7680.177 Mobile Safari/537.36 (compatible; Googlebot/2.1; +http://www.google.com/bot.html)"
4.193.168.228 - - [05/Apr/2026:19:38:56 +0200] "GET /php.php HTTP/1.1" 301 0 "-" "Mozilla/5.0 (Windows NT 10.0; Win64; x64) AppleWebKit/537.36 (KHTML, like Gecko) Chrome/120.0.0.0 Safari/537.36"
4.193.168.228 - - [05/Apr/2026:19:38:56 +0200] "GET /chosen.php HTTP/1.1" 301 0 "-" "Mozilla/5.0 (Windows NT 10.0; Win64; x64) AppleWebKit/537.36 (KHTML, like Gecko) Chrome/120.0.0.0 Safari/537.36"
4.193.168.228 - - [05/Apr/2026:19:38:56 +0200] "GET /ioxi-o.php HTTP/1.1" 301 0 "-" "Mozilla/5.0 (Windows NT 10.0; Win64; x64) AppleWebKit/537.36 (KHTML, like Gecko) Chrome/120.0.0.0 Safari/537.36"
4.193.168.228 - - [05/Apr/2026:19:38:57 +0200] "GET /cache.php HTTP/1.1" 301 0 "-" "Mozilla/5.0 (Windows NT 10.0; Win64; x64) AppleWebKit/537.36 (KHTML, like Gecko) Chrome/120.0.0.0 Safari/537.36"
4.193.168.228 - - [05/Apr/2026:19:38:57 +0200] "GET /jquery.php HTTP/1.1" 301 0 "-" "Mozilla/5.0 (Windows NT 10.0; Win64; x64) AppleWebKit/537.36 (KHTML, like Gecko) Chrome/120.0.0.0 Safari/537.36"
4.193.168.228 - - [05/Apr/2026:19:38:58 +0200] "GET /av.php HTTP/1.1" 301 0 "-" "Mozilla/5.0 (Windows NT 10.0; Win64; x64) AppleWebKit/537.36 (KHTML, like Gecko) Chrome/120.0.0.0 Safari/537.36"
4.193.168.228 - - [05/Apr/2026:19:38:58 +0200] "GET /doc.php HTTP/1.1" 301 0 "-" "Mozilla/5.0 (Windows NT 10.0; Win64; x64) AppleWebKit/537.36 (KHTML, like Gecko) Chrome/120.0.0.0 Safari/537.36"
4.193.168.228 - - [05/Apr/2026:19:38:58 +0200] "GET /elp.php HTTP/1.1" 301 0 "-" "Mozilla/5.0 (Windows NT 10.0; Win64; x64) AppleWebKit/537.36 (KHTML, like Gecko) Chrome/120.0.0.0 Safari/537.36"
4.193.168.228 - - [05/Apr/2026:19:38:59 +0200] "GET /wp-user.php HTTP/1.1" 301 0 "-" "Mozilla/5.0 (Windows NT 10.0; Win64; x64) AppleWebKit/537.36 (KHTML, like Gecko) Chrome/120.0.0.0 Safari/537.36"
4.193.168.228 - - [05/Apr/2026:19:38:59 +0200] "GET /root.php HTTP/1.1" 301 0 "-" "Mozilla/5.0 (Windows NT 10.0; Win64; x64) AppleWebKit/537.36 (KHTML, like Gecko) Chrome/120.0.0.0 Safari/537.36"
4.193.168.228 - - [05/Apr/2026:19:39:00 +0200] "GET /alfa.php HTTP/1.1" 301 0 "-" "Mozilla/5.0 (Windows NT 10.0; Win64; x64) AppleWebKit/537.36 (KHTML, like Gecko) Chrome/120.0.0.0 Safari/537.36"
4.193.168.228 - - [05/Apr/2026:19:39:00 +0200] "GET /autoload_classmap.php HTTP/1.1" 301 0 "-" "Mozilla/5.0 (Windows NT 10.0; Win64; x64) AppleWebKit/537.36 (KHTML, like Gecko) Chrome/120.0.0.0 Safari/537.36"
4.193.168.228 - - [05/Apr/2026:19:39:01 +0200] "GET /file.php HTTP/1.1" 301 0 "-" "Mozilla/5.0 (Windows NT 10.0; Win64; x64) AppleWebKit/537.36 (KHTML, like Gecko) Chrome/120.0.0.0 Safari/537.36"
4.193.168.228 - - [05/Apr/2026:19:39:01 +0200] "GET /new.php HTTP/1.1" 301 0 "-" "Mozilla/5.0 (Windows NT 10.0; Win64; x64) AppleWebKit/537.36 (KHTML, like Gecko) Chrome/120.0.0.0 Safari/537.36"
4.193.168.228 - - [05/Apr/2026:19:39:01 +0200] "GET /ioxi-o.php HTTP/1.1" 301 0 "-" "Mozilla/5.0 (Windows NT 10.0; Win64; x64) AppleWebKit/537.36 (KHTML, like Gecko) Chrome/120.0.0.0 Safari/537.36"
4.193.168.228 - - [05/Apr/2026:19:39:02 +0200] "GET /mm.php HTTP/1.1" 502 552 "-" "Mozilla/5.0 (Windows NT 10.0; Win64; x64) AppleWebKit/537.36 (KHTML, like Gecko) Chrome/120.0.0.0 Safari/537.36"
4.193.168.228 - - [05/Apr/2026:19:39:02 +0200] "GET /oxshell.php HTTP/1.1" 502 552 "-" "Mozilla/5.0 (Windows NT 10.0; Win64; x64) AppleWebKit/537.36 (KHTML, like Gecko) Chrome/120.0.0.0 Safari/537.36"
4.193.168.228 - - [05/Apr/2026:19:39:02 +0200] "GET /load.php HTTP/1.1" 502 552 "-" "Mozilla/5.0 (Windows NT 10.0; Win64; x64) AppleWebKit/537.36 (KHTML, like Gecko) Chrome/120.0.0.0 Safari/537.36"
4.193.168.228 - - [05/Apr/2026:19:39:02 +0200] "GET /k.php HTTP/1.1" 502 552 "-" "Mozilla/5.0 (Windows NT 10.0; Win64; x64) AppleWebKit/537.36 (KHTML, like Gecko) Chrome/120.0.0.0 Safari/537.36"
40.77.167.55 - - [05/Apr/2026:19:39:02 +0200] "GET /%D0%B8%D1%81%D1%82%D0%BE%D1%80%D0%B8%D1%8F%D1%82%D0%B0-%D0%B7%D0%B0-%D1%81%D1%8A%D0%B7%D0%B4%D0%B0%D0%B2%D0%B0%D0%BD%D0%B5%D1%82%D0%BE-%D0%BD%D0%B0-%D0%B0%D1%83%D0%B4%D0%B8%D0%BE-%D0%B2%D0%B8%D0%B7/ HTTP/1.1" 502 552 "-" "Mozilla/5.0 AppleWebKit/537.36 (KHTML, like Gecko; compatible; bingbot/2.0; +http://www.bing.com/bingbot.htm) Chrome/116.0.1938.76 Safari/537.36"
4.193.168.228 - - [05/Apr/2026:19:39:02 +0200] "GET /atomlib.php HTTP/1.1" 502 552 "-" "Mozilla/5.0 (Windows NT 10.0; Win64; x64) AppleWebKit/537.36 (KHTML, like Gecko) Chrome/120.0.0.0 Safari/537.36"
4.193.168.228 - - [05/Apr/2026:19:39:03 +0200] "GET /wp-links-opml HTTP/1.1" 301 0 "-" "Mozilla/5.0 (Windows NT 10.0; Win64; x64) AppleWebKit/537.36 (KHTML, like Gecko) Chrome/120.0.0.0 Safari/537.36"
4.193.168.228 - - [05/Apr/2026:19:39:03 +0200] "GET /buy.php HTTP/1.1" 301 0 "-" "Mozilla/5.0 (Windows NT 10.0; Win64; x64) AppleWebKit/537.36 (KHTML, like Gecko) Chrome/120.0.0.0 Safari/537.36"
216.73.216.22 - - [05/Apr/2026:19:39:04 +0200] "GET /%d0%b8%d0%b7%d1%87%d0%b5%d0%b7%d0%b2%d0%b0%d1%89%d0%b8%d1%82%d0%b5-%d0%b1%d1%8a%d0%bb%d0%b3%d0%b0%d1%80%d1%81%d0%ba%d0%b8-%d0%b7%d0%b0%d0%bd%d0%b0%d1%8f%d1%82%d0%b8 HTTP/1.1" 301 0 "-" "Mozilla/5.0 AppleWebKit/537.36 (KHTML, like Gecko; compatible; ClaudeBot/1.0; +claudebot@anthropic.com)"
198.244.240.104 - - [05/Apr/2026:19:39:04 +0200] "GET /%D0%B4%D0%B6%D0%B0%D0%BD%D1%8E%D0%B0%D1%80%D0%B8%D1%8A%D1%81-%D0%BC%D0%B0%D0%BA%D0%B3%D0%B0%D1%85%D0%B0%D0%BD-%D0%B5%D0%B2%D1%80%D0%BE%D0%BF%D0%B0-%D0%B3%D0%BE-%D0%BD%D0%B0%D1%80%D0%B5%D1%87%D0%B5/makgahan/feed/ HTTP/1.1" 200 625 "-" "Mozilla/5.0 (compatible; AhrefsBot/7.0; +http://ahrefs.com/robot/)"
4.193.168.228 - - [05/Apr/2026:19:39:04 +0200] "GET /info.php HTTP/1.1" 301 0 "-" "Mozilla/5.0 (Windows NT 10.0; Win64; x64) AppleWebKit/537.36 (KHTML, like Gecko) Chrome/120.0.0.0 Safari/537.36"
216.73.216.22 - - [05/Apr/2026:19:39:04 +0200] "GET /%d0%b4%d0%bd%d0%b5%d1%81-%d0%b5-%d1%80%d0%be%d0%b4%d0%b5%d0%bd-%d0%b1%d1%8a%d0%bb%d0%b3%d0%b0%d1%80%d1%81%d0%ba%d0%b8%d1%8f%d1%82-%d1%80%d0%b5%d0%b2%d0%be%d0%bb%d1%8e%d1%86%d0%b8%d0%be%d0%bd%d0%b5-10/whatsapp:/send HTTP/1.1" 404 15246 "-" "Mozilla/5.0 AppleWebKit/537.36 (KHTML, like Gecko; compatible; ClaudeBot/1.0; +claudebot@anthropic.com)"
216.73.216.22 - - [05/Apr/2026:19:39:04 +0200] "GET /%d0%b8%d0%b7%d1%87%d0%b5%d0%b7%d0%b2%d0%b0%d1%89%d0%b8%d1%82%d0%b5-%d0%b1%d1%8a%d0%bb%d0%b3%d0%b0%d1%80%d1%81%d0%ba%d0%b8-%d0%b7%d0%b0%d0%bd%d0%b0%d1%8f%d1%82%d0%b8/ HTTP/1.1" 200 21588 "https://patrioti.net/%d0%b8%d0%b7%d1%87%d0%b5%d0%b7%d0%b2%d0%b0%d1%89%d0%b8%d1%82%d0%b5-%d0%b1%d1%8a%d0%bb%d0%b3%d0%b0%d1%80%d1%81%d0%ba%d0%b8-%d0%b7%d0%b0%d0%bd%d0%b0%d1%8f%d1%82%d0%b8" "Mozilla/5.0 AppleWebKit/537.36 (KHTML, like Gecko; compatible; ClaudeBot/1.0; +claudebot@anthropic.com)"
4.193.168.228 - - [05/Apr/2026:19:39:05 +0200] "GET /goods.php HTTP/1.1" 301 0 "-" "Mozilla/5.0 (Windows NT 10.0; Win64; x64) AppleWebKit/537.36 (KHTML, like Gecko) Chrome/120.0.0.0 Safari/537.36"
4.193.168.228 - - [05/Apr/2026:19:39:05 +0200] "GET /setup-config.php HTTP/1.1" 301 0 "-" "Mozilla/5.0 (Windows NT 10.0; Win64; x64) AppleWebKit/537.36 (KHTML, like Gecko) Chrome/120.0.0.0 Safari/537.36"
4.193.168.228 - - [05/Apr/2026:19:39:05 +0200] "GET /ss.php HTTP/1.1" 301 0 "-" "Mozilla/5.0 (Windows NT 10.0; Win64; x64) AppleWebKit/537.36 (KHTML, like Gecko) Chrome/120.0.0.0 Safari/537.36"
4.193.168.228 - - [05/Apr/2026:19:39:06 +0200] "GET /xmlrpc.php HTTP/1.1" 301 0 "-" "Mozilla/5.0 (Windows NT 10.0; Win64; x64) AppleWebKit/537.36 (KHTML, like Gecko) Chrome/120.0.0.0 Safari/537.36"
4.193.168.228 - - [05/Apr/2026:19:39:06 +0200] "GET /flower.php HTTP/1.1" 301 0 "-" "Mozilla/5.0 (Windows NT 10.0; Win64; x64) AppleWebKit/537.36 (KHTML, like Gecko) Chrome/120.0.0.0 Safari/537.36"
4.193.168.228 - - [05/Apr/2026:19:39:07 +0200] "GET /al.php HTTP/1.1" 301 0 "-" "Mozilla/5.0 (Windows NT 10.0; Win64; x64) AppleWebKit/537.36 (KHTML, like Gecko) Chrome/120.0.0.0 Safari/537.36"
40.77.167.38 - - [05/Apr/2026:19:39:07 +0200] "GET /%D0%BD%D0%B0-14-%D0%BC%D0%B0%D0%B9-%D0%BE%D1%82%D0%B1%D0%B5%D0%BB%D1%8F%D0%B7%D0%B2%D0%B0%D0%BC%D0%B5-%D1%80%D0%BE%D0%B6%D0%B4%D0%B5%D0%BD%D0%B8%D0%B5%D1%82%D0%BE-%D0%BD%D0%B0-%D0%B3%D0%B5%D0%BD/ HTTP/1.1" 200 24994 "-" "Mozilla/5.0 AppleWebKit/537.36 (KHTML, like Gecko; compatible; bingbot/2.0; +http://www.bing.com/bingbot.htm) Chrome/116.0.1938.76 Safari/537.36"
4.193.168.228 - - [05/Apr/2026:19:39:07 +0200] "GET /vv.php HTTP/1.1" 301 0 "-" "Mozilla/5.0 (Windows NT 10.0; Win64; x64) AppleWebKit/537.36 (KHTML, like Gecko) Chrome/120.0.0.0 Safari/537.36"
4.193.168.228 - - [05/Apr/2026:19:39:08 +0200] "GET /wp-signin.php HTTP/1.1" 301 0 "-" "Mozilla/5.0 (Windows NT 10.0; Win64; x64) AppleWebKit/537.36 (KHTML, like Gecko) Chrome/120.0.0.0 Safari/537.36"
4.193.168.228 - - [05/Apr/2026:19:39:08 +0200] "GET /wsa.php HTTP/1.1" 301 0 "-" "Mozilla/5.0 (Windows NT 10.0; Win64; x64) AppleWebKit/537.36 (KHTML, like Gecko) Chrome/120.0.0.0 Safari/537.36"
82.157.105.146 - - [05/Apr/2026:19:39:11 +0200] "GET /category/%d0%bd%d0%b0-%d1%82%d0%be%d0%b7%d0%b8-%d0%b4%d0%b5%d0%bd/page/122/ HTTP/1.1" 200 19503 "-" "Mozilla/5.0 (Macintosh; Intel Mac OS X 10_15_7) AppleWebKit/537.36 (KHTML, like Gecko) Chrome/144.0.0.0 Safari/537.36"
85.208.96.195 - - [05/Apr/2026:19:39:25 +0200] "GET /%D0%B4%D0%BD%D0%B5%D1%81-%D0%BE%D1%82%D0%B1%D0%B5%D0%BB%D1%8F%D0%B7%D0%B2%D0%B0%D0%BC%D0%B5-%D1%80%D0%BE%D0%B6%D0%B4%D0%B5%D0%BD%D0%B8%D0%B5%D1%82%D0%BE-%D0%BD%D0%B0-%D1%85%D1%83%D0%B4%D0%BE%D0%B6-4/ HTTP/1.1" 200 21491 "-" "Mozilla/5.0 (compatible; SemrushBot/7~bl; +http://www.semrush.com/bot.html)"
161.97.137.93 - - [05/Apr/2026:19:39:32 +0200] "POST /wp-cron.php?doing_wp_cron=1775410772.2913689613342285156250 HTTP/1.1" 404 15245 "https://patrioti.net/wp-cron.php?doing_wp_cron=1775410772.2913689613342285156250" "WordPress/4.9.26; https://patrioti.net"
161.97.137.93 - - [05/Apr/2026:19:39:32 +0200] "POST /wp-cron.php?doing_wp_cron=1775410772.2853329181671142578125 HTTP/1.1" 404 15248 "https://patrioti.net/wp-cron.php?doing_wp_cron=1775410772.2853329181671142578125" "WordPress/4.9.26; https://patrioti.net"
216.73.216.22 - - [05/Apr/2026:19:39:32 +0200] "GET /%d0%bd%d0%b0-%d0%b4%d0%bd%d0%b5%d1%88%d0%bd%d0%b0%d1%82%d0%b0-%d0%b4%d0%b0%d1%82%d0%b0-%d1%83%d0%bc%d0%b8%d1%80%d0%b0-%d0%b1%d1%8a%d0%bb%d0%b3%d0%b0%d1%80%d1%81%d0%ba%d0%b8%d1%8f%d1%82-%d0%bf%d1%80-4 HTTP/1.1" 301 0 "-" "Mozilla/5.0 AppleWebKit/537.36 (KHTML, like Gecko; compatible; ClaudeBot/1.0; +claudebot@anthropic.com)"
216.73.216.22 - - [05/Apr/2026:19:39:32 +0200] "GET /%d0%b4%d0%bd%d0%b5%d1%81-%d0%be%d1%82%d0%b1%d0%b5%d0%bb%d1%8f%d0%b7%d0%b2%d0%b0%d0%bc%d0%b5-%d1%80%d0%be%d0%b6%d0%b4%d0%b5%d0%bd%d0%b8%d0%b5%d1%82%d0%be-%d0%bd%d0%b0-%d0%b0%d0%ba%d0%b0%d0%b4-%d1%81 HTTP/1.1" 301 0 "-" "Mozilla/5.0 AppleWebKit/537.36 (KHTML, like Gecko; compatible; ClaudeBot/1.0; +claudebot@anthropic.com)"
216.73.216.22 - - [05/Apr/2026:19:39:33 +0200] "GET /%d0%b4%d0%bd%d0%b5%d1%81-%d0%be%d1%82%d0%b1%d0%b5%d0%bb%d1%8f%d0%b7%d0%b2%d0%b0%d0%bc%d0%b5-%d1%80%d0%be%d0%b6%d0%b4%d0%b5%d0%bd%d0%b8%d0%b5%d1%82%d0%be-%d0%bd%d0%b0-%d0%b0%d0%ba%d0%b0%d0%b4-%d1%81/ HTTP/1.1" 200 22058 "https://patrioti.net/%d0%b4%d0%bd%d0%b5%d1%81-%d0%be%d1%82%d0%b1%d0%b5%d0%bb%d1%8f%d0%b7%d0%b2%d0%b0%d0%bc%d0%b5-%d1%80%d0%be%d0%b6%d0%b4%d0%b5%d0%bd%d0%b8%d0%b5%d1%82%d0%be-%d0%bd%d0%b0-%d0%b0%d0%ba%d0%b0%d0%b4-%d1%81" "Mozilla/5.0 AppleWebKit/537.36 (KHTML, like Gecko; compatible; ClaudeBot/1.0; +claudebot@anthropic.com)"
216.73.216.22 - - [05/Apr/2026:19:39:33 +0200] "GET /%d0%bd%d0%b0-%d0%b4%d0%bd%d0%b5%d1%88%d0%bd%d0%b0%d1%82%d0%b0-%d0%b4%d0%b0%d1%82%d0%b0-%d1%83%d0%bc%d0%b8%d1%80%d0%b0-%d0%b1%d1%8a%d0%bb%d0%b3%d0%b0%d1%80%d1%81%d0%ba%d0%b8%d1%8f%d1%82-%d0%bf%d1%80-4/ HTTP/1.1" 200 23060 "https://patrioti.net/%d0%bd%d0%b0-%d0%b4%d0%bd%d0%b5%d1%88%d0%bd%d0%b0%d1%82%d0%b0-%d0%b4%d0%b0%d1%82%d0%b0-%d1%83%d0%bc%d0%b8%d1%80%d0%b0-%d0%b1%d1%8a%d0%bb%d0%b3%d0%b0%d1%80%d1%81%d0%ba%d0%b8%d1%8f%d1%82-%d0%bf%d1%80-4" "Mozilla/5.0 AppleWebKit/537.36 (KHTML, like Gecko; compatible; ClaudeBot/1.0; +claudebot@anthropic.com)"
51.195.215.10 - - [05/Apr/2026:19:39:52 +0200] "GET /%D0%B4%D0%BD%D0%B5%D1%81-%D1%81%D0%B8-%D1%81%D0%BF%D0%BE%D0%BC%D0%BD%D1%8F%D0%BC%D0%B5-%D0%B7%D0%B0-%D0%B1%D1%8A%D0%BB%D0%B3%D0%B0%D1%80%D1%81%D0%BA%D0%B8%D1%8F-%D0%B0%D0%BA%D1%82%D1%8C%D0%BE%D1%80-3/220px-evstati_stratev/feed/ HTTP/1.1" 200 633 "-" "Mozilla/5.0 (compatible; AhrefsBot/7.0; +http://ahrefs.com/robot/)"
