66.249.66.37 - - [05/Apr/2026:15:52:11 +0200] "GET /?m=rdoy242sdo11917tivzot HTTP/1.1" 404 13198 "-" "Mozilla/5.0 (Linux; Android 6.0.1; Nexus 5X Build/MMB29P) AppleWebKit/537.36 (KHTML, like Gecko) Chrome/146.0.7680.177 Mobile Safari/537.36 (compatible; Googlebot/2.1; +http://www.google.com/bot.html)"
66.249.66.70 - - [05/Apr/2026:15:52:16 +0200] "GET /?detail/002004222702 HTTP/1.1" 200 27332 "-" "Mozilla/5.0 (Linux; Android 6.0.1; Nexus 5X Build/MMB29P) AppleWebKit/537.36 (KHTML, like Gecko) Chrome/146.0.7680.177 Mobile Safari/537.36 (compatible; Googlebot/2.1; +http://www.google.com/bot.html)"
66.249.66.37 - - [05/Apr/2026:15:52:19 +0200] "GET /?o=txma45mcl19984snrrertnt HTTP/1.1" 200 27949 "-" "Mozilla/5.0 (Linux; Android 6.0.1; Nexus 5X Build/MMB29P) AppleWebKit/537.36 (KHTML, like Gecko) Chrome/146.0.7680.177 Mobile Safari/537.36 (compatible; Googlebot/2.1; +http://www.google.com/bot.html)"
66.249.66.69 - - [05/Apr/2026:15:52:23 +0200] "GET /?goods/271017688 HTTP/1.1" 200 26951 "-" "Mozilla/5.0 (Linux; Android 6.0.1; Nexus 5X Build/MMB29P) AppleWebKit/537.36 (KHTML, like Gecko) Chrome/146.0.7680.177 Mobile Safari/537.36 (compatible; Googlebot/2.1; +http://www.google.com/bot.html)"
85.208.96.204 - - [05/Apr/2026:15:52:25 +0200] "GET /tag/%D1%80%D0%B8%D0%B1%D0%B0%D1%80%D0%B8-%D0%BD%D0%B5%D1%82-%D0%B7%D0%B0-%D0%B8%D0%B0%D1%80%D0%B0/ HTTP/1.1" 200 13630 "-" "Mozilla/5.0 (compatible; SemrushBot/7~bl; +http://www.semrush.com/bot.html)"
66.249.66.69 - - [05/Apr/2026:15:52:31 +0200] "GET /?detail/15504278764743 HTTP/1.1" 200 27620 "-" "Mozilla/5.0 (Linux; Android 6.0.1; Nexus 5X Build/MMB29P) AppleWebKit/537.36 (KHTML, like Gecko) Chrome/146.0.7680.177 Mobile Safari/537.36 (compatible; Googlebot/2.1; +http://www.google.com/bot.html)"
220.181.108.166 - - [05/Apr/2026:15:52:37 +0200] "GET /wp-content/uploads/2020/05/ribari-356x338.jpg HTTP/1.1" 200 20014 "-" "Baiduspider-image+(+http://www.baidu.com/search/spider.htm)"
66.249.66.6 - - [05/Apr/2026:15:52:39 +0200] "GET /?goods/119014899 HTTP/1.1" 200 27378 "-" "Mozilla/5.0 (Linux; Android 6.0.1; Nexus 5X Build/MMB29P) AppleWebKit/537.36 (KHTML, like Gecko) Chrome/146.0.7680.177 Mobile Safari/537.36 (compatible; Googlebot/2.1; +http://www.google.com/bot.html)"
161.97.137.93 - - [05/Apr/2026:15:52:47 +0200] "POST /wp-cron.php?doing_wp_cron=1775397166.7149040699005126953125 HTTP/1.1" 404 13203 "https://ribari.net/wp-cron.php?doing_wp_cron=1775397166.7149040699005126953125" "WordPress/4.9.13; https://ribari.net"
66.249.66.7 - - [05/Apr/2026:15:52:47 +0200] "GET /?a=bzhv75a16136mtkozxrlx HTTP/1.1" 200 27125 "-" "Mozilla/5.0 (Linux; Android 6.0.1; Nexus 5X Build/MMB29P) AppleWebKit/537.36 (KHTML, like Gecko) Chrome/146.0.7680.177 Mobile Safari/537.36 (compatible; Googlebot/2.1; +http://www.google.com/bot.html)"
66.249.66.166 - - [05/Apr/2026:15:52:55 +0200] "GET /?detail/0910237761598 HTTP/1.1" 200 27592 "-" "Mozilla/5.0 (Linux; Android 6.0.1; Nexus 5X Build/MMB29P) AppleWebKit/537.36 (KHTML, like Gecko) Chrome/146.0.7680.177 Mobile Safari/537.36 (compatible; Googlebot/2.1; +http://www.google.com/bot.html)"
66.249.66.165 - - [05/Apr/2026:15:53:03 +0200] "GET /?f=xwsun62d1097hnztaieqhx HTTP/1.1" 502 552 "-" "Mozilla/5.0 (Linux; Android 6.0.1; Nexus 5X Build/MMB29P) AppleWebKit/537.36 (KHTML, like Gecko) Chrome/146.0.7680.177 Mobile Safari/537.36 (compatible; Googlebot/2.1; +http://www.google.com/bot.html)"
66.249.66.193 - - [05/Apr/2026:15:53:10 +0200] "GET /?s=uyh62vzg1081cpfokxxu HTTP/1.1" 200 13027 "-" "Mozilla/5.0 (Linux; Android 6.0.1; Nexus 5X Build/MMB29P) AppleWebKit/537.36 (KHTML, like Gecko) Chrome/146.0.7680.177 Mobile Safari/537.36 (compatible; Googlebot/2.1; +http://www.google.com/bot.html)"
114.119.141.200 - - [05/Apr/2026:15:53:15 +0200] "GET /wp-content/themes/Newspaper/includes/demos/book_club/td_panel_settings.txt HTTP/1.1" 200 11437 "https://ribari.net/wp-content/themes/Newspaper/includes/demos/book_club/?C=S%3BO%3DA" "Mozilla/5.0 (Linux; Android 7.0;) AppleWebKit/537.36 (KHTML, like Gecko) Mobile Safari/537.36 (compatible; PetalBot;+https://webmaster.petalsearch.com/site/petalbot)"
66.249.66.6 - - [05/Apr/2026:15:53:18 +0200] "GET /?b=kun15ivxf22202jsncxios HTTP/1.1" 200 28013 "-" "Mozilla/5.0 (Linux; Android 6.0.1; Nexus 5X Build/MMB29P) AppleWebKit/537.36 (KHTML, like Gecko) Chrome/146.0.7680.177 Mobile Safari/537.36 (compatible; Googlebot/2.1; +http://www.google.com/bot.html)"
88.198.64.173 - - [05/Apr/2026:15:53:20 +0200] "GET /wp-login.php HTTP/1.1" 302 0 "-" "Mozilla/5.0 (Windows NT 6.0; Win64; x64) AppleWebKit/537.36 (KHTML, like Gecko) Chrome/66.0.3359.117 Safari/537.36"
88.198.64.173 - - [05/Apr/2026:15:53:22 +0200] "GET /wp-login.php HTTP/1.1" 302 0 "https://ribari.net/wp-login.php" "Mozilla/5.0 (Windows NT 6.0; Win64; x64) AppleWebKit/537.36 (KHTML, like Gecko) Chrome/66.0.3359.117 Safari/537.36"
88.198.64.173 - - [05/Apr/2026:15:53:24 +0200] "GET /wp-login.php HTTP/1.1" 302 0 "https://ribari.net/wp-login.php" "Mozilla/5.0 (Windows NT 6.0; Win64; x64) AppleWebKit/537.36 (KHTML, like Gecko) Chrome/66.0.3359.117 Safari/537.36"
66.249.66.166 - - [05/Apr/2026:15:53:26 +0200] "GET /?q=edxb62zqe1069rpqhvq HTTP/1.1" 200 27898 "-" "Mozilla/5.0 (Linux; Android 6.0.1; Nexus 5X Build/MMB29P) AppleWebKit/537.36 (KHTML, like Gecko) Chrome/146.0.7680.177 Mobile Safari/537.36 (compatible; Googlebot/2.1; +http://www.google.com/bot.html)"
66.249.66.70 - - [05/Apr/2026:15:53:27 +0200] "GET /tag/%D0%BC%D1%8F%D1%82%D0%B0%D0%BD%D0%B5-%D1%81%D1%8A%D1%81-%D1%81%D0%BF%D0%B8%D0%BD%D0%B8%D0%BD%D0%B3/feed/ HTTP/1.1" 200 6122 "-" "Mozilla/5.0 (Linux; Android 6.0.1; Nexus 5X Build/MMB29P) AppleWebKit/537.36 (KHTML, like Gecko) Chrome/146.0.7680.177 Mobile Safari/537.36 (compatible; Googlebot/2.1; +http://www.google.com/bot.html)"
88.198.64.173 - - [05/Apr/2026:15:53:27 +0200] "GET /wp-login.php HTTP/1.1" 302 0 "https://ribari.net/wp-login.php" "Mozilla/5.0 (Windows NT 6.0; Win64; x64) AppleWebKit/537.36 (KHTML, like Gecko) Chrome/66.0.3359.117 Safari/537.36"
88.198.64.173 - - [05/Apr/2026:15:53:28 +0200] "GET /wp-login.php HTTP/1.1" 302 0 "https://ribari.net/wp-login.php" "Mozilla/5.0 (Windows NT 6.0; Win64; x64) AppleWebKit/537.36 (KHTML, like Gecko) Chrome/66.0.3359.117 Safari/537.36"
88.198.64.173 - - [05/Apr/2026:15:53:29 +0200] "GET /wp-login.php HTTP/1.1" 302 0 "https://ribari.net/wp-login.php" "Mozilla/5.0 (Windows NT 6.0; Win64; x64) AppleWebKit/537.36 (KHTML, like Gecko) Chrome/66.0.3359.117 Safari/537.36"
88.198.64.173 - - [05/Apr/2026:15:53:30 +0200] "GET /wp-login.php HTTP/1.1" 302 0 "https://ribari.net/wp-login.php" "Mozilla/5.0 (Windows NT 6.0; Win64; x64) AppleWebKit/537.36 (KHTML, like Gecko) Chrome/66.0.3359.117 Safari/537.36"
88.198.64.173 - - [05/Apr/2026:15:53:31 +0200] "GET /wp-login.php HTTP/1.1" 302 0 "https://ribari.net/wp-login.php" "Mozilla/5.0 (Windows NT 6.0; Win64; x64) AppleWebKit/537.36 (KHTML, like Gecko) Chrome/66.0.3359.117 Safari/537.36"
88.198.64.173 - - [05/Apr/2026:15:53:33 +0200] "GET /wp-login.php HTTP/1.1" 302 0 "https://ribari.net/wp-login.php" "Mozilla/5.0 (Windows NT 6.0; Win64; x64) AppleWebKit/537.36 (KHTML, like Gecko) Chrome/66.0.3359.117 Safari/537.36"
66.249.66.193 - - [05/Apr/2026:15:53:34 +0200] "GET /?v=zqare204dkil25985fqvzrqi HTTP/1.1" 200 27795 "-" "Mozilla/5.0 (Linux; Android 6.0.1; Nexus 5X Build/MMB29P) AppleWebKit/537.36 (KHTML, like Gecko) Chrome/146.0.7680.177 Mobile Safari/537.36 (compatible; Googlebot/2.1; +http://www.google.com/bot.html)"
88.198.64.173 - - [05/Apr/2026:15:53:36 +0200] "GET /wp-login.php HTTP/1.1" 302 0 "https://ribari.net/wp-login.php" "Mozilla/5.0 (Windows NT 6.0; Win64; x64) AppleWebKit/537.36 (KHTML, like Gecko) Chrome/66.0.3359.117 Safari/537.36"
66.249.66.38 - - [05/Apr/2026:15:53:39 +0200] "GET /?e=stive94hxg163ulaioht HTTP/1.1" 200 27247 "-" "Mozilla/5.0 (Linux; Android 6.0.1; Nexus 5X Build/MMB29P) AppleWebKit/537.36 (KHTML, like Gecko) Chrome/146.0.7680.177 Mobile Safari/537.36 (compatible; GoogleOther)"
66.249.66.204 - - [05/Apr/2026:15:53:41 +0200] "GET /?jp/044003897.html HTTP/1.1" 301 0 "-" "Mozilla/5.0 (Linux; Android 6.0.1; Nexus 5X Build/MMB29P) AppleWebKit/537.36 (KHTML, like Gecko) Chrome/146.0.7680.177 Mobile Safari/537.36 (compatible; Googlebot/2.1; +http://www.google.com/bot.html)"
185.191.171.6 - - [05/Apr/2026:15:53:43 +0200] "GET /%D1%82%D1%8A%D0%BD%D0%BA%D0%BE%D1%81%D1%82%D0%B8-%D0%B7%D0%B0-%D1%80%D0%B8%D0%B1%D0%BE%D0%BB%D0%BE%D0%B2-%D0%BD%D0%B0-%D1%80%D0%B5%D0%BA%D0%B0/ HTTP/1.1" 200 19950 "-" "Mozilla/5.0 (compatible; SemrushBot/7~bl; +http://www.semrush.com/bot.html)"
66.249.66.39 - - [05/Apr/2026:15:53:43 +0200] "GET /?jp/044003897_html HTTP/1.1" 200 27305 "-" "Mozilla/5.0 (Linux; Android 6.0.1; Nexus 5X Build/MMB29P) AppleWebKit/537.36 (KHTML, like Gecko) Chrome/146.0.7680.177 Mobile Safari/537.36 (compatible; Googlebot/2.1; +http://www.google.com/bot.html)"
66.249.66.69 - - [05/Apr/2026:15:53:46 +0200] "GET /wp-includes/js/wp-emoji-release.min.js?ver=4.9.13 HTTP/1.1" 304 0 "https://ribari.net/?e=stive94hxg163ulaioht" "Mozilla/5.0 (Linux; Android 6.0.1; Nexus 5X Build/MMB29P) AppleWebKit/537.36 (KHTML, like Gecko) Chrome/146.0.7680.177 Mobile Safari/537.36 (compatible; GoogleOther)"
66.249.66.6 - - [05/Apr/2026:15:53:48 +0200] "GET /wp-content/plugins/add-to-any/addtoany.min.css?ver=1.15 HTTP/1.1" 304 0 "https://ribari.net/?e=stive94hxg163ulaioht" "Mozilla/5.0 (Linux; Android 6.0.1; Nexus 5X Build/MMB29P) AppleWebKit/537.36 (KHTML, like Gecko) Chrome/146.0.7680.177 Mobile Safari/537.36 (compatible; GoogleOther)"
161.97.137.93 - - [05/Apr/2026:15:53:50 +0200] "POST /wp-cron.php?doing_wp_cron=1775397229.7753849029541015625000 HTTP/1.1" 404 13202 "https://ribari.net/wp-cron.php?doing_wp_cron=1775397229.7753849029541015625000" "WordPress/4.9.13; https://ribari.net"
66.249.66.69 - - [05/Apr/2026:15:53:50 +0200] "GET /?r=euc183dcxmu44104rhjxmtlatb HTTP/1.1" 200 27471 "-" "Mozilla/5.0 (Linux; Android 6.0.1; Nexus 5X Build/MMB29P) AppleWebKit/537.36 (KHTML, like Gecko) Chrome/146.0.7680.177 Mobile Safari/537.36 (compatible; Googlebot/2.1; +http://www.google.com/bot.html)"
66.249.66.8 - - [05/Apr/2026:15:53:51 +0200] "GET /wp-includes/js/comment-reply.min.js?ver=4.9.13 HTTP/1.1" 304 0 "https://ribari.net/?e=stive94hxg163ulaioht" "Mozilla/5.0 (Linux; Android 6.0.1; Nexus 5X Build/MMB29P) AppleWebKit/537.36 (KHTML, like Gecko) Chrome/146.0.7680.177 Mobile Safari/537.36 (compatible; GoogleOther)"
66.249.66.70 - - [05/Apr/2026:15:53:58 +0200] "GET /?detail/035000741113 HTTP/1.1" 200 27851 "-" "Mozilla/5.0 (Linux; Android 6.0.1; Nexus 5X Build/MMB29P) AppleWebKit/537.36 (KHTML, like Gecko) Chrome/146.0.7680.177 Mobile Safari/537.36 (compatible; Googlebot/2.1; +http://www.google.com/bot.html)"
220.181.108.84 - - [05/Apr/2026:15:54:01 +0200] "GET /wp-content/uploads/2020/05/riba-barnensko-ezero-758x564-356x307.jpg HTTP/1.1" 200 25239 "-" "Baiduspider-image+(+http://www.baidu.com/search/spider.htm)"
66.249.66.38 - - [05/Apr/2026:15:54:05 +0200] "GET /?p=zpflw44c3989gxluym HTTP/1.1" 200 16618 "-" "Mozilla/5.0 (Linux; Android 6.0.1; Nexus 5X Build/MMB29P) AppleWebKit/537.36 (KHTML, like Gecko) Chrome/146.0.7680.177 Mobile Safari/537.36 (compatible; Googlebot/2.1; +http://www.google.com/bot.html)"
66.249.66.7 - - [05/Apr/2026:15:54:15 +0200] "GET /?r=raiv89l42776oriljv HTTP/1.1" 200 27523 "-" "Mozilla/5.0 (Linux; Android 6.0.1; Nexus 5X Build/MMB29P) AppleWebKit/537.36 (KHTML, like Gecko) Chrome/146.0.7680.177 Mobile Safari/537.36 (compatible; Googlebot/2.1; +http://www.google.com/bot.html)"
109.127.82.6 - - [05/Apr/2026:15:54:27 +0200] "GET /category/%d1%80%d0%b5%d1%86%d0%b5%d0%bf%d1%82%d0%b8-%d0%b7%d0%b0-%d1%80%d0%b8%d0%b1%d0%b0/ HTTP/1.1" 200 17443 "-" "Opera/8.87.(Windows NT 6.2; be-BY) Presto/2.9.167 Version/12.00"
66.249.66.204 - - [05/Apr/2026:15:54:28 +0200] "GET /?k=cqg40vta18755aixzqf HTTP/1.1" 200 27979 "-" "Mozilla/5.0 (Linux; Android 6.0.1; Nexus 5X Build/MMB29P) AppleWebKit/537.36 (KHTML, like Gecko) Chrome/146.0.7680.177 Mobile Safari/537.36 (compatible; Googlebot/2.1; +http://www.google.com/bot.html)"
189.126.13.166 - - [05/Apr/2026:15:54:28 +0200] "GET /category/%d1%82%d0%b0%d0%ba%d1%8a%d0%bc%d0%b8/ HTTP/1.1" 200 16204 "-" "Mozilla/5.0 (Macintosh; Intel Mac OS X 10_12_5 rv:6.0; wae-CH) AppleWebKit/535.41.6 (KHTML, like Gecko) Version/5.0.5 Safari/535.41.6"
109.11.113.0 - - [05/Apr/2026:15:54:32 +0200] "GET /category/%d0%bd%d0%be%d0%b2%d0%b8%d0%bd%d0%b8/ HTTP/1.1" 200 18660 "-" "Mozilla/5.0 (Windows NT 5.2) AppleWebKit/534.0 (KHTML, like Gecko) Chrome/58.0.887.0 Safari/534.0"
66.249.66.165 - - [05/Apr/2026:15:54:32 +0200] "GET /?b=grvfk229hnya3690juzmsxohn HTTP/1.1" 200 27783 "-" "Mozilla/5.0 (Linux; Android 6.0.1; Nexus 5X Build/MMB29P) AppleWebKit/537.36 (KHTML, like Gecko) Chrome/146.0.7680.177 Mobile Safari/537.36 (compatible; Googlebot/2.1; +http://www.google.com/bot.html)"
66.249.66.69 - - [05/Apr/2026:15:54:37 +0200] "GET /?o=ncgx35zkjyc712bguwjonhze HTTP/1.1" 200 27461 "-" "Mozilla/5.0 (Linux; Android 6.0.1; Nexus 5X Build/MMB29P) AppleWebKit/537.36 (KHTML, like Gecko) Chrome/146.0.7680.177 Mobile Safari/537.36 (compatible; Googlebot/2.1; +http://www.google.com/bot.html)"
66.249.66.69 - - [05/Apr/2026:15:54:41 +0200] "GET /index.php?prizes/157396965 HTTP/1.1" 301 0 "-" "Mozilla/5.0 (Linux; Android 6.0.1; Nexus 5X Build/MMB29P) AppleWebKit/537.36 (KHTML, like Gecko) Chrome/146.0.7680.177 Mobile Safari/537.36 (compatible; Googlebot/2.1; +http://www.google.com/bot.html)"
66.249.66.165 - - [05/Apr/2026:15:54:42 +0200] "GET /?prizes/157396965 HTTP/1.1" 200 27776 "-" "Mozilla/5.0 (Linux; Android 6.0.1; Nexus 5X Build/MMB29P) AppleWebKit/537.36 (KHTML, like Gecko) Chrome/146.0.7680.177 Mobile Safari/537.36 (compatible; Googlebot/2.1; +http://www.google.com/bot.html)"
161.97.137.93 - - [05/Apr/2026:15:54:52 +0200] "POST /wp-cron.php?doing_wp_cron=1775397291.8915700912475585937500 HTTP/1.1" 404 13203 "https://ribari.net/wp-cron.php?doing_wp_cron=1775397291.8915700912475585937500" "WordPress/4.9.13; https://ribari.net"
66.249.66.6 - - [05/Apr/2026:15:54:53 +0200] "GET /?goods/007000642 HTTP/1.1" 200 26914 "-" "Mozilla/5.0 (Linux; Android 6.0.1; Nexus 5X Build/MMB29P) AppleWebKit/537.36 (KHTML, like Gecko) Chrome/146.0.7680.177 Mobile Safari/537.36 (compatible; Googlebot/2.1; +http://www.google.com/bot.html)"
66.249.66.6 - - [05/Apr/2026:15:54:56 +0200] "GET /?o=wcm68wufy20045hqyzmln HTTP/1.1" 200 27464 "-" "Mozilla/5.0 (Linux; Android 6.0.1; Nexus 5X Build/MMB29P) AppleWebKit/537.36 (KHTML, like Gecko) Chrome/146.0.7680.177 Mobile Safari/537.36 (compatible; Googlebot/2.1; +http://www.google.com/bot.html)"
66.249.66.38 - - [05/Apr/2026:15:54:58 +0200] "GET /commoditys/028026554 HTTP/1.1" 404 13204 "-" "Mozilla/5.0 (Linux; Android 6.0.1; Nexus 5X Build/MMB29P) AppleWebKit/537.36 (KHTML, like Gecko) Chrome/146.0.7680.177 Mobile Safari/537.36 (compatible; Googlebot/2.1; +http://www.google.com/bot.html)"
66.249.66.69 - - [05/Apr/2026:15:55:00 +0200] "GET /?m=vtn34q4159penvqx HTTP/1.1" 404 13203 "-" "Mozilla/5.0 (Linux; Android 6.0.1; Nexus 5X Build/MMB29P) AppleWebKit/537.36 (KHTML, like Gecko) Chrome/146.0.7680.177 Mobile Safari/537.36 (compatible; Googlebot/2.1; +http://www.google.com/bot.html)"
2a02:c207:2305:2303::1 - - [05/Apr/2026:15:55:03 +0200] "GET / HTTP/1.1" 200 28109 "-" "Go-http-client/1.1"
66.249.66.204 - - [05/Apr/2026:15:55:08 +0200] "GET /?n=wkpar34ke32107eaxdpiufr HTTP/1.1" 200 27446 "-" "Mozilla/5.0 (Linux; Android 6.0.1; Nexus 5X Build/MMB29P) AppleWebKit/537.36 (KHTML, like Gecko) Chrome/146.0.7680.177 Mobile Safari/537.36 (compatible; Googlebot/2.1; +http://www.google.com/bot.html)"
66.249.66.165 - - [05/Apr/2026:15:55:16 +0200] "GET /?k=wwsdl46h34261mjioswect HTTP/1.1" 200 27470 "-" "Mozilla/5.0 (Linux; Android 6.0.1; Nexus 5X Build/MMB29P) AppleWebKit/537.36 (KHTML, like Gecko) Chrome/146.0.7680.177 Mobile Safari/537.36 (compatible; Googlebot/2.1; +http://www.google.com/bot.html)"
66.249.66.69 - - [05/Apr/2026:15:55:23 +0200] "GET /?g=fogr45yt15320lcyxazfzwl HTTP/1.1" 200 27370 "-" "Mozilla/5.0 (Linux; Android 6.0.1; Nexus 5X Build/MMB29P) AppleWebKit/537.36 (KHTML, like Gecko) Chrome/146.0.7680.177 Mobile Safari/537.36 (compatible; Googlebot/2.1; +http://www.google.com/bot.html)"
116.179.32.172 - - [05/Apr/2026:15:55:26 +0200] "GET /wp-content/uploads/2020/03/90087449_3393809413966955_2634349527082991616_n-65x65.jpg HTTP/1.1" 200 2171 "-" "Baiduspider-image+(+http://www.baidu.com/search/spider.htm)"
66.249.66.204 - - [05/Apr/2026:15:55:31 +0200] "GET /?u=vqtay46qrw34283uvkdqraqde HTTP/1.1" 200 28130 "-" "Mozilla/5.0 (Linux; Android 6.0.1; Nexus 5X Build/MMB29P) AppleWebKit/537.36 (KHTML, like Gecko) Chrome/146.0.7680.177 Mobile Safari/537.36 (compatible; Googlebot/2.1; +http://www.google.com/bot.html)"
66.249.66.204 - - [05/Apr/2026:15:55:39 +0200] "GET /?p=xol45zs16474qsqjsxdsra HTTP/1.1" 200 16621 "-" "Mozilla/5.0 (Linux; Android 6.0.1; Nexus 5X Build/MMB29P) AppleWebKit/537.36 (KHTML, like Gecko) Chrome/146.0.7680.177 Mobile Safari/537.36 (compatible; Googlebot/2.1; +http://www.google.com/bot.html)"
66.249.66.165 - - [05/Apr/2026:15:55:47 +0200] "GET /?detail/00903825081087 HTTP/1.1" 200 27441 "-" "Mozilla/5.0 (Linux; Android 6.0.1; Nexus 5X Build/MMB29P) AppleWebKit/537.36 (KHTML, like Gecko) Chrome/146.0.7680.177 Mobile Safari/537.36 (compatible; Googlebot/2.1; +http://www.google.com/bot.html)"
161.97.137.93 - - [05/Apr/2026:15:55:55 +0200] "POST /wp-cron.php?doing_wp_cron=1775397355.0469450950622558593750 HTTP/1.1" 404 13201 "https://ribari.net/wp-cron.php?doing_wp_cron=1775397355.0469450950622558593750" "WordPress/4.9.13; https://ribari.net"
66.249.66.37 - - [05/Apr/2026:15:55:55 +0200] "GET /?w=bqnm62awstk4971tpgszd HTTP/1.1" 200 16621 "-" "Mozilla/5.0 (Linux; Android 6.0.1; Nexus 5X Build/MMB29P) AppleWebKit/537.36 (KHTML, like Gecko) Chrome/146.0.7680.177 Mobile Safari/537.36 (compatible; Googlebot/2.1; +http://www.google.com/bot.html)"
66.249.66.8 - - [05/Apr/2026:15:56:03 +0200] "GET /commoditys/193038245 HTTP/1.1" 404 13203 "-" "Mozilla/5.0 (Linux; Android 6.0.1; Nexus 5X Build/MMB29P) AppleWebKit/537.36 (KHTML, like Gecko) Chrome/146.0.7680.177 Mobile Safari/537.36 (compatible; Googlebot/2.1; +http://www.google.com/bot.html)"
66.249.66.38 - - [05/Apr/2026:15:56:11 +0200] "GET /?r=upii9o38224ttwojf HTTP/1.1" 200 27104 "-" "Mozilla/5.0 (Linux; Android 6.0.1; Nexus 5X Build/MMB29P) AppleWebKit/537.36 (KHTML, like Gecko) Chrome/146.0.7680.177 Mobile Safari/537.36 (compatible; Googlebot/2.1; +http://www.google.com/bot.html)"
66.249.66.165 - - [05/Apr/2026:15:56:18 +0200] "GET /?k=iqq9ll98hsltmwan HTTP/1.1" 200 27737 "-" "Mozilla/5.0 (Linux; Android 6.0.1; Nexus 5X Build/MMB29P) AppleWebKit/537.36 (KHTML, like Gecko) Chrome/146.0.7680.177 Mobile Safari/537.36 (compatible; Googlebot/2.1; +http://www.google.com/bot.html)"
66.249.66.6 - - [05/Apr/2026:15:56:26 +0200] "GET /?l=orel218sdh24037bjdicsu HTTP/1.1" 200 26935 "-" "Mozilla/5.0 (Linux; Android 6.0.1; Nexus 5X Build/MMB29P) AppleWebKit/537.36 (KHTML, like Gecko) Chrome/146.0.7680.177 Mobile Safari/537.36 (compatible; Googlebot/2.1; +http://www.google.com/bot.html)"
66.249.66.6 - - [05/Apr/2026:15:56:34 +0200] "GET /?e=nqq86uu19523wonxzsgp HTTP/1.1" 200 27619 "-" "Mozilla/5.0 (Linux; Android 6.0.1; Nexus 5X Build/MMB29P) AppleWebKit/537.36 (KHTML, like Gecko) Chrome/146.0.7680.177 Mobile Safari/537.36 (compatible; Googlebot/2.1; +http://www.google.com/bot.html)"
66.249.66.6 - - [05/Apr/2026:15:56:42 +0200] "GET /?i=vhkmq140airna7759oevmldyisj HTTP/1.1" 200 26432 "-" "Mozilla/5.0 (Linux; Android 6.0.1; Nexus 5X Build/MMB29P) AppleWebKit/537.36 (KHTML, like Gecko) Chrome/146.0.7680.177 Mobile Safari/537.36 (compatible; Googlebot/2.1; +http://www.google.com/bot.html)"
66.249.66.6 - - [05/Apr/2026:15:56:50 +0200] "GET /?d=exsnz76umebw6259yenmikh HTTP/1.1" 200 27387 "-" "Mozilla/5.0 (Linux; Android 6.0.1; Nexus 5X Build/MMB29P) AppleWebKit/537.36 (KHTML, like Gecko) Chrome/146.0.7680.177 Mobile Safari/537.36 (compatible; Googlebot/2.1; +http://www.google.com/bot.html)"
220.181.108.159 - - [05/Apr/2026:15:56:50 +0200] "GET /wp-content/uploads/2020/04/iara-Copy-758x569-100x70.jpg HTTP/1.1" 200 2942 "-" "Baiduspider-image+(+http://www.baidu.com/search/spider.htm)"
185.191.171.16 - - [05/Apr/2026:15:56:54 +0200] "GET /%D0%BF%D1%8A%D1%80%D0%B6%D0%B5%D0%BD%D0%B0-%D1%80%D0%B8%D0%B1%D0%B0-%D1%81-%D0%BE%D1%80%D0%B5%D1%85%D0%BE%D0%B2-%D1%81%D0%BE%D1%81/ HTTP/1.1" 200 18561 "-" "Mozilla/5.0 (compatible; SemrushBot/7~bl; +http://www.semrush.com/bot.html)"
161.97.137.93 - - [05/Apr/2026:15:56:57 +0200] "POST /wp-cron.php?doing_wp_cron=1775397417.5326828956604003906250 HTTP/1.1" 404 13203 "https://ribari.net/wp-cron.php?doing_wp_cron=1775397417.5326828956604003906250" "WordPress/4.9.13; https://ribari.net"
66.249.66.6 - - [05/Apr/2026:15:56:58 +0200] "GET /?w=gylqw85b49424uvoxhmiq HTTP/1.1" 200 16617 "-" "Mozilla/5.0 (Linux; Android 6.0.1; Nexus 5X Build/MMB29P) AppleWebKit/537.36 (KHTML, like Gecko) Chrome/146.0.7680.177 Mobile Safari/537.36 (compatible; Googlebot/2.1; +http://www.google.com/bot.html)"
66.249.66.166 - - [05/Apr/2026:15:57:06 +0200] "GET /?t=abp76tjaxy6723exudft HTTP/1.1" 200 27542 "-" "Mozilla/5.0 (Linux; Android 6.0.1; Nexus 5X Build/MMB29P) AppleWebKit/537.36 (KHTML, like Gecko) Chrome/146.0.7680.177 Mobile Safari/537.36 (compatible; Googlebot/2.1; +http://www.google.com/bot.html)"
66.249.66.69 - - [05/Apr/2026:15:57:13 +0200] "GET /m28981276087 HTTP/1.1" 404 13203 "-" "Mozilla/5.0 (Linux; Android 6.0.1; Nexus 5X Build/MMB29P) AppleWebKit/537.36 (KHTML, like Gecko) Chrome/146.0.7680.177 Mobile Safari/537.36 (compatible; Googlebot/2.1; +http://www.google.com/bot.html)"
66.249.66.204 - - [05/Apr/2026:15:57:21 +0200] "GET /?jp/076006624.html HTTP/1.1" 301 0 "-" "Mozilla/5.0 (Linux; Android 6.0.1; Nexus 5X Build/MMB29P) AppleWebKit/537.36 (KHTML, like Gecko) Chrome/146.0.7680.177 Mobile Safari/537.36 (compatible; Googlebot/2.1; +http://www.google.com/bot.html)"
66.249.66.37 - - [05/Apr/2026:15:57:22 +0200] "GET /?jp/076006624_html HTTP/1.1" 200 27526 "-" "Mozilla/5.0 (Linux; Android 6.0.1; Nexus 5X Build/MMB29P) AppleWebKit/537.36 (KHTML, like Gecko) Chrome/146.0.7680.177 Mobile Safari/537.36 (compatible; Googlebot/2.1; +http://www.google.com/bot.html)"
66.249.66.69 - - [05/Apr/2026:15:57:29 +0200] "GET /?o=iyibt51nxk45294fcquimuq HTTP/1.1" 200 28271 "-" "Mozilla/5.0 (Linux; Android 6.0.1; Nexus 5X Build/MMB29P) AppleWebKit/537.36 (KHTML, like Gecko) Chrome/146.0.7680.177 Mobile Safari/537.36 (compatible; Googlebot/2.1; +http://www.google.com/bot.html)"
66.249.66.165 - - [05/Apr/2026:15:57:37 +0200] "GET /?m=zemai28j4395rjkbut HTTP/1.1" 404 13203 "-" "Mozilla/5.0 (Linux; Android 6.0.1; Nexus 5X Build/MMB29P) AppleWebKit/537.36 (KHTML, like Gecko) Chrome/146.0.7680.177 Mobile Safari/537.36 (compatible; Googlebot/2.1; +http://www.google.com/bot.html)"
66.249.66.41 - - [05/Apr/2026:15:57:52 +0200] "GET /?goods/028004317 HTTP/1.1" 200 26636 "-" "Mozilla/5.0 (Linux; Android 6.0.1; Nexus 5X Build/MMB29P) AppleWebKit/537.36 (KHTML, like Gecko) Chrome/146.0.7680.177 Mobile Safari/537.36 (compatible; Googlebot/2.1; +http://www.google.com/bot.html)"
66.249.66.41 - - [05/Apr/2026:15:57:56 +0200] "GET /?n=tpwav280gvo34963lfosuin HTTP/1.1" 200 26878 "-" "Mozilla/5.0 (Linux; Android 6.0.1; Nexus 5X Build/MMB29P) AppleWebKit/537.36 (KHTML, like Gecko) Chrome/146.0.7680.177 Mobile Safari/537.36 (compatible; Googlebot/2.1; +http://www.google.com/bot.html)"
161.97.137.93 - - [05/Apr/2026:15:58:00 +0200] "POST /wp-cron.php?doing_wp_cron=1775397480.2222421169281005859375 HTTP/1.1" 404 13202 "https://ribari.net/wp-cron.php?doing_wp_cron=1775397480.2222421169281005859375" "WordPress/4.9.13; https://ribari.net"
66.249.66.41 - - [05/Apr/2026:15:58:00 +0200] "GET /?p=dgr26zu23861jpulbdqeg HTTP/1.1" 200 16616 "-" "Mozilla/5.0 (Linux; Android 6.0.1; Nexus 5X Build/MMB29P) AppleWebKit/537.36 (KHTML, like Gecko) Chrome/146.0.7680.177 Mobile Safari/537.36 (compatible; Googlebot/2.1; +http://www.google.com/bot.html)"
220.181.108.111 - - [05/Apr/2026:15:58:12 +0200] "GET /wp-content/uploads/2020/031/dedeeded-356x220.png HTTP/1.1" 200 164308 "-" "Baiduspider-image+(+http://www.baidu.com/search/spider.htm)"
66.249.66.161 - - [05/Apr/2026:15:58:16 +0200] "GET /?k=lba85bqjja17044dhhwmmj HTTP/1.1" 200 27630 "-" "Mozilla/5.0 (Linux; Android 6.0.1; Nexus 5X Build/MMB29P) AppleWebKit/537.36 (KHTML, like Gecko) Chrome/146.0.7680.177 Mobile Safari/537.36 (compatible; Googlebot/2.1; +http://www.google.com/bot.html)"
66.249.66.194 - - [05/Apr/2026:15:58:20 +0200] "GET /?detail/026023806336 HTTP/1.1" 200 27539 "-" "Mozilla/5.0 (Linux; Android 6.0.1; Nexus 5X Build/MMB29P) AppleWebKit/537.36 (KHTML, like Gecko) Chrome/146.0.7680.177 Mobile Safari/537.36 (compatible; Googlebot/2.1; +http://www.google.com/bot.html)"
35.169.240.53 - - [05/Apr/2026:15:58:22 +0200] "GET /wp-content/?path=/home/blife/public_html/ribari.net/wp-content/languages/themes HTTP/1.1" 200 979 "-" "Mozilla/5.0 AppleWebKit/537.36 (KHTML, like Gecko; compatible; Amazonbot/0.1; +https://developer.amazon.com/support/amazonbot) Chrome/119.0.6045.214 Safari/537.36"
54.147.238.89 - - [05/Apr/2026:15:58:27 +0200] "GET /wp-content/?id=deface&path=/home/blife/public_html/ribari.net/wp-content/languages HTTP/1.1" 200 1794 "-" "Mozilla/5.0 AppleWebKit/537.36 (KHTML, like Gecko; compatible; Amazonbot/0.1; +https://developer.amazon.com/support/amazonbot) Chrome/119.0.6045.214 Safari/537.36"
207.46.13.102 - - [05/Apr/2026:15:58:29 +0200] "GET /%D1%82%D0%B5%D1%85%D0%BD%D0%B8%D0%BA%D0%B8-%D0%B7%D0%B0-%D1%80%D0%B8%D0%B1%D0%BE%D0%BB%D0%BE%D0%B2-%D0%BD%D0%B0-%D1%82%D0%B5%D0%B6%D0%BA%D0%BE/ HTTP/1.1" 200 22037 "-" "Mozilla/5.0 AppleWebKit/537.36 (KHTML, like Gecko; compatible; bingbot/2.0; +http://www.bing.com/bingbot.htm) Chrome/116.0.1938.76 Safari/537.36"
66.249.66.65 - - [05/Apr/2026:15:58:31 +0200] "GET /?x=ldilf85taksd16724jhzxmeqnng HTTP/1.1" 200 27633 "-" "Mozilla/5.0 (Linux; Android 6.0.1; Nexus 5X Build/MMB29P) AppleWebKit/537.36 (KHTML, like Gecko) Chrome/146.0.7680.177 Mobile Safari/537.36 (compatible; Googlebot/2.1; +http://www.google.com/bot.html)"
66.249.66.2 - - [05/Apr/2026:15:58:35 +0200] "GET /?detail/2240111894969 HTTP/1.1" 200 27177 "-" "Mozilla/5.0 (Linux; Android 6.0.1; Nexus 5X Build/MMB29P) AppleWebKit/537.36 (KHTML, like Gecko) Chrome/146.0.7680.177 Mobile Safari/537.36 (compatible; Googlebot/2.1; +http://www.google.com/bot.html)"
54.147.238.89 - - [05/Apr/2026:15:58:42 +0200] "GET /wp-content/?filesrc=/home/blife/public_html/ribari.net/wp-content/languages/admin-bg_BG.mo&path=/home/blife/public_html/ribari.net/wp-content/languages HTTP/1.1" 200 829 "-" "Mozilla/5.0 AppleWebKit/537.36 (KHTML, like Gecko; compatible; Amazonbot/0.1; +https://developer.amazon.com/support/amazonbot) Chrome/119.0.6045.214 Safari/537.36"
66.249.66.2 - - [05/Apr/2026:15:58:46 +0200] "GET /m77347014345 HTTP/1.1" 404 13203 "-" "Mozilla/5.0 (Linux; Android 6.0.1; Nexus 5X Build/MMB29P) AppleWebKit/537.36 (KHTML, like Gecko) Chrome/146.0.7680.177 Mobile Safari/537.36 (compatible; Googlebot/2.1; +http://www.google.com/bot.html)"
66.249.66.65 - - [05/Apr/2026:15:58:48 +0200] "GET /?d=iqsf44hrk8041zviekt HTTP/1.1" 200 28075 "-" "Mozilla/5.0 (Linux; Android 6.0.1; Nexus 5X Build/MMB29P) AppleWebKit/537.36 (KHTML, like Gecko) Chrome/146.0.7680.177 Mobile Safari/537.36 (compatible; Googlebot/2.1; +http://www.google.com/bot.html)"
66.249.66.65 - - [05/Apr/2026:15:58:50 +0200] "GET /?p=huy44e7989acnsrdirho HTTP/1.1" 200 16612 "-" "Mozilla/5.0 (Linux; Android 6.0.1; Nexus 5X Build/MMB29P) AppleWebKit/537.36 (KHTML, like Gecko) Chrome/146.0.7680.177 Mobile Safari/537.36 (compatible; Googlebot/2.1; +http://www.google.com/bot.html)"
66.249.66.65 - - [05/Apr/2026:15:58:55 +0200] "GET /?detail/129004950408 HTTP/1.1" 200 27955 "-" "Mozilla/5.0 (Linux; Android 6.0.1; Nexus 5X Build/MMB29P) AppleWebKit/537.36 (KHTML, like Gecko) Chrome/146.0.7680.177 Mobile Safari/537.36 (compatible; Googlebot/2.1; +http://www.google.com/bot.html)"
44.210.204.255 - - [05/Apr/2026:15:58:58 +0200] "GET /wp-content/?path=//usr HTTP/1.1" 200 1490 "-" "Mozilla/5.0 AppleWebKit/537.36 (KHTML, like Gecko; compatible; Amazonbot/0.1; +https://developer.amazon.com/support/amazonbot) Chrome/119.0.6045.214 Safari/537.36"
66.249.66.162 - - [05/Apr/2026:15:59:02 +0200] "GET /?b=pen222zjqm3973yjusngr HTTP/1.1" 502 552 "-" "Mozilla/5.0 (Linux; Android 6.0.1; Nexus 5X Build/MMB29P) AppleWebKit/537.36 (KHTML, like Gecko) Chrome/146.0.7680.177 Mobile Safari/537.36 (compatible; Googlebot/2.1; +http://www.google.com/bot.html)"
161.97.137.93 - - [05/Apr/2026:15:59:11 +0200] "POST /wp-cron.php?doing_wp_cron=1775397550.8483150005340576171875 HTTP/1.1" 404 13199 "https://ribari.net/wp-cron.php?doing_wp_cron=1775397550.8483150005340576171875" "WordPress/4.9.13; https://ribari.net"
66.249.66.41 - - [05/Apr/2026:15:59:11 +0200] "GET /?jp/040009814.html HTTP/1.1" 301 0 "-" "Mozilla/5.0 (Linux; Android 6.0.1; Nexus 5X Build/MMB29P) AppleWebKit/537.36 (KHTML, like Gecko) Chrome/146.0.7680.177 Mobile Safari/537.36 (compatible; Googlebot/2.1; +http://www.google.com/bot.html)"
66.249.66.42 - - [05/Apr/2026:15:59:12 +0200] "GET /?jp/040009814_html HTTP/1.1" 200 27911 "-" "Mozilla/5.0 (Linux; Android 6.0.1; Nexus 5X Build/MMB29P) AppleWebKit/537.36 (KHTML, like Gecko) Chrome/146.0.7680.177 Mobile Safari/537.36 (compatible; Googlebot/2.1; +http://www.google.com/bot.html)"
45.145.136.232 - - [05/Apr/2026:15:59:28 +0200] "GET /%D1%85%D0%B2%D0%B0%D0%BD%D0%B0%D1%85%D0%B0-%D1%81%D1%82%D1%80%D0%B0%D0%BD%D0%BD%D0%BE-%D0%BC%D0%BE%D1%80%D1%81%D0%BA%D0%BE-%D1%87%D1%83%D0%B4%D0%BE%D0%B2%D0%B8%D1%89%D0%B5-%D1%81-%D0%BF%D0%B8%D0%BF/ HTTP/1.1" 200 20617 "-" "Mozilla/5.0 (Macintosh; Intel Mac OS X 10_15_7) AppleWebKit/537.36 (KHTML, like Gecko) Chrome/142.0.0.0 Safari/537.36"
66.249.66.161 - - [05/Apr/2026:15:59:35 +0200] "GET /?y=fhw19nz8786skenfqsfd HTTP/1.1" 200 27546 "-" "Mozilla/5.0 (Linux; Android 6.0.1; Nexus 5X Build/MMB29P) AppleWebKit/537.36 (KHTML, like Gecko) Chrome/146.0.7680.177 Mobile Safari/537.36 (compatible; Googlebot/2.1; +http://www.google.com/bot.html)"
84.37.246.42 - - [05/Apr/2026:15:59:35 +0200] "GET /100-%D0%BC%D0%B5%D1%82%D1%80%D0%B0-%D0%BC%D1%80%D0%B5%D0%B6%D0%B8-%D0%B8%D0%B7%D0%B2%D0%B0%D0%B4%D0%B8%D1%85%D0%B0-%D0%BE%D1%82-%D1%8F%D0%B7%D0%BE%D0%B2%D0%B8%D1%80-%D0%B4%D0%BE%D1%81%D0%BF%D0%B0/ HTTP/1.1" 200 20649 "-" "Mozilla/5.0 (Macintosh; Intel Mac OS X 10_15_7) AppleWebKit/537.36 (KHTML, like Gecko) Chrome/142.0.0.0 Safari/537.36"
116.179.32.220 - - [05/Apr/2026:15:59:39 +0200] "GET /wp-content/uploads/2020/03/1407915941_6_559x345-485x360.jpg HTTP/1.1" 200 50308 "-" "Baiduspider-image+(+http://www.baidu.com/search/spider.htm)"
66.249.66.161 - - [05/Apr/2026:15:59:39 +0200] "GET /?i=lsv265uhxew6662ridxkopynz HTTP/1.1" 200 27278 "-" "Mozilla/5.0 (Linux; Android 6.0.1; Nexus 5X Build/MMB29P) AppleWebKit/537.36 (KHTML, like Gecko) Chrome/146.0.7680.177 Mobile Safari/537.36 (compatible; Googlebot/2.1; +http://www.google.com/bot.html)"
66.249.66.2 - - [05/Apr/2026:15:59:43 +0200] "GET /?b=duiq187fd27692abwyrvzfns HTTP/1.1" 200 27289 "-" "Mozilla/5.0 (Linux; Android 6.0.1; Nexus 5X Build/MMB29P) AppleWebKit/537.36 (KHTML, like Gecko) Chrome/146.0.7680.177 Mobile Safari/537.36 (compatible; Googlebot/2.1; +http://www.google.com/bot.html)"
66.249.66.194 - - [05/Apr/2026:15:59:47 +0200] "GET /?jp/186020029.html HTTP/1.1" 301 0 "-" "Mozilla/5.0 (Linux; Android 6.0.1; Nexus 5X Build/MMB29P) AppleWebKit/537.36 (KHTML, like Gecko) Chrome/146.0.7680.177 Mobile Safari/537.36 (compatible; Googlebot/2.1; +http://www.google.com/bot.html)"
66.249.66.161 - - [05/Apr/2026:15:59:49 +0200] "GET /?jp/186020029_html HTTP/1.1" 200 27458 "-" "Mozilla/5.0 (Linux; Android 6.0.1; Nexus 5X Build/MMB29P) AppleWebKit/537.36 (KHTML, like Gecko) Chrome/146.0.7680.177 Mobile Safari/537.36 (compatible; Googlebot/2.1; +http://www.google.com/bot.html)"
66.249.66.2 - - [05/Apr/2026:15:59:51 +0200] "GET /?r=hjoi85qm22314nkvvafqh HTTP/1.1" 200 27966 "-" "Mozilla/5.0 (Linux; Android 6.0.1; Nexus 5X Build/MMB29P) AppleWebKit/537.36 (KHTML, like Gecko) Chrome/146.0.7680.177 Mobile Safari/537.36 (compatible; Googlebot/2.1; +http://www.google.com/bot.html)"
66.249.66.194 - - [05/Apr/2026:15:59:58 +0200] "GET /?h=lus85fjtv706cpibqhf HTTP/1.1" 200 28148 "-" "Mozilla/5.0 (Linux; Android 6.0.1; Nexus 5X Build/MMB29P) AppleWebKit/537.36 (KHTML, like Gecko) Chrome/146.0.7680.177 Mobile Safari/537.36 (compatible; Googlebot/2.1; +http://www.google.com/bot.html)"
85.208.96.211 - - [05/Apr/2026:16:00:00 +0200] "GET /tag/%D1%85%D0%B5%D0%BA/ HTTP/1.1" 200 13443 "-" "Mozilla/5.0 (compatible; SemrushBot/7~bl; +http://www.semrush.com/bot.html)"
66.249.66.3 - - [05/Apr/2026:16:00:06 +0200] "GET /?z=hruw34x30105oysxgxxu HTTP/1.1" 200 27584 "-" "Mozilla/5.0 (Linux; Android 6.0.1; Nexus 5X Build/MMB29P) AppleWebKit/537.36 (KHTML, like Gecko) Chrome/146.0.7680.177 Mobile Safari/537.36 (compatible; Googlebot/2.1; +http://www.google.com/bot.html)"
161.97.137.93 - - [05/Apr/2026:16:00:14 +0200] "POST /wp-cron.php?doing_wp_cron=1775397613.6727309226989746093750 HTTP/1.1" 404 13204 "https://ribari.net/wp-cron.php?doing_wp_cron=1775397613.6727309226989746093750" "WordPress/4.9.13; https://ribari.net"
66.249.66.2 - - [05/Apr/2026:16:00:14 +0200] "GET /?p=lrv98arnst387clmngpa HTTP/1.1" 200 16615 "-" "Mozilla/5.0 (Linux; Android 6.0.1; Nexus 5X Build/MMB29P) AppleWebKit/537.36 (KHTML, like Gecko) Chrome/146.0.7680.177 Mobile Safari/537.36 (compatible; Googlebot/2.1; +http://www.google.com/bot.html)"
66.249.66.161 - - [05/Apr/2026:16:00:21 +0200] "GET /?w=qcw249vwl18968cqpwpsm HTTP/1.1" 200 16619 "-" "Mozilla/5.0 (Linux; Android 6.0.1; Nexus 5X Build/MMB29P) AppleWebKit/537.36 (KHTML, like Gecko) Chrome/146.0.7680.177 Mobile Safari/537.36 (compatible; Googlebot/2.1; +http://www.google.com/bot.html)"
66.249.66.2 - - [05/Apr/2026:16:00:29 +0200] "GET /?l=uxe71ehvj1006zoelwrznq HTTP/1.1" 200 27287 "-" "Mozilla/5.0 (Linux; Android 6.0.1; Nexus 5X Build/MMB29P) AppleWebKit/537.36 (KHTML, like Gecko) Chrome/146.0.7680.177 Mobile Safari/537.36 (compatible; Googlebot/2.1; +http://www.google.com/bot.html)"
66.249.66.194 - - [05/Apr/2026:16:00:37 +0200] "GET /?h=zaboc36s34475koayyryz HTTP/1.1" 200 27601 "-" "Mozilla/5.0 (Linux; Android 6.0.1; Nexus 5X Build/MMB29P) AppleWebKit/537.36 (KHTML, like Gecko) Chrome/146.0.7680.177 Mobile Safari/537.36 (compatible; Googlebot/2.1; +http://www.google.com/bot.html)"
66.249.66.2 - - [05/Apr/2026:16:00:45 +0200] "GET /?detail/2170188536557 HTTP/1.1" 200 27234 "-" "Mozilla/5.0 (Linux; Android 6.0.1; Nexus 5X Build/MMB29P) AppleWebKit/537.36 (KHTML, like Gecko) Chrome/146.0.7680.177 Mobile Safari/537.36 (compatible; Googlebot/2.1; +http://www.google.com/bot.html)"
66.249.66.2 - - [05/Apr/2026:16:00:53 +0200] "GET /?b=otkn62ua5053kndxjtbib HTTP/1.1" 200 27860 "-" "Mozilla/5.0 (Linux; Android 6.0.1; Nexus 5X Build/MMB29P) AppleWebKit/537.36 (KHTML, like Gecko) Chrome/146.0.7680.177 Mobile Safari/537.36 (compatible; Googlebot/2.1; +http://www.google.com/bot.html)"
66.249.66.66 - - [05/Apr/2026:16:01:01 +0200] "GET /m39165967663 HTTP/1.1" 502 552 "-" "Mozilla/5.0 (Linux; Android 6.0.1; Nexus 5X Build/MMB29P) AppleWebKit/537.36 (KHTML, like Gecko) Chrome/146.0.7680.177 Mobile Safari/537.36 (compatible; Googlebot/2.1; +http://www.google.com/bot.html)"
220.181.108.167 - - [05/Apr/2026:16:01:01 +0200] "GET /wp-content/uploads/2020/03/rfrfr-356x220.png HTTP/1.1" 502 150 "-" "Baiduspider-image+(+http://www.baidu.com/search/spider.htm)"
119.249.100.50 - - [05/Apr/2026:16:01:05 +0200] "GET /wp-content/uploads/2020/03/rfrfr-356x220.png HTTP/1.1" 200 156815 "-" "Mozilla/5.0 (Windows NT 10.0; WOW64) AppleWebKit/537.36 (KHTML, like Gecko) Chrome/48.0.2564.116 Safari/537.36"
66.249.66.2 - - [05/Apr/2026:16:01:08 +0200] "GET /m49477303314 HTTP/1.1" 404 13204 "-" "Mozilla/5.0 (Linux; Android 6.0.1; Nexus 5X Build/MMB29P) AppleWebKit/537.36 (KHTML, like Gecko) Chrome/146.0.7680.177 Mobile Safari/537.36 (compatible; Googlebot/2.1; +http://www.google.com/bot.html)"
161.97.137.93 - - [05/Apr/2026:16:01:16 +0200] "POST /wp-cron.php?doing_wp_cron=1775397676.2695229053497314453125 HTTP/1.1" 404 13203 "https://ribari.net/wp-cron.php?doing_wp_cron=1775397676.2695229053497314453125" "WordPress/4.9.13; https://ribari.net"
66.249.66.2 - - [05/Apr/2026:16:01:16 +0200] "GET /m17455471435 HTTP/1.1" 404 13203 "-" "Mozilla/5.0 (Linux; Android 6.0.1; Nexus 5X Build/MMB29P) AppleWebKit/537.36 (KHTML, like Gecko) Chrome/146.0.7680.177 Mobile Safari/537.36 (compatible; Googlebot/2.1; +http://www.google.com/bot.html)"
66.249.66.194 - - [05/Apr/2026:16:01:24 +0200] "GET /m89959935201 HTTP/1.1" 404 13203 "-" "Mozilla/5.0 (Linux; Android 6.0.1; Nexus 5X Build/MMB29P) AppleWebKit/537.36 (KHTML, like Gecko) Chrome/146.0.7680.177 Mobile Safari/537.36 (compatible; Googlebot/2.1; +http://www.google.com/bot.html)"
216.73.216.119 - - [05/Apr/2026:16:01:26 +0200] "GET /robots.txt HTTP/1.1" 304 0 "-" "Mozilla/5.0 AppleWebKit/537.36 (KHTML, like Gecko; compatible; ClaudeBot/1.0; +claudebot@anthropic.com)"
216.73.216.119 - - [05/Apr/2026:16:01:26 +0200] "GET /sitemap.xml HTTP/1.1" 301 0 "-" "Mozilla/5.0 AppleWebKit/537.36 (KHTML, like Gecko; compatible; ClaudeBot/1.0; +claudebot@anthropic.com)"
216.73.216.119 - - [05/Apr/2026:16:01:27 +0200] "GET /sitemap_index.xml HTTP/1.1" 200 328 "https://ribari.net/sitemap.xml" "Mozilla/5.0 AppleWebKit/537.36 (KHTML, like Gecko; compatible; ClaudeBot/1.0; +claudebot@anthropic.com)"
50.6.7.129 - - [05/Apr/2026:16:01:32 +0200] "GET /wp-login.php HTTP/1.1" 302 0 "-" "Mozilla/5.0 (Windows NT 6.1; WOW64; Trident/7.0; rv:11.0)"
66.249.66.65 - - [05/Apr/2026:16:01:32 +0200] "GET /m40434818557 HTTP/1.1" 404 13203 "-" "Mozilla/5.0 (Linux; Android 6.0.1; Nexus 5X Build/MMB29P) AppleWebKit/537.36 (KHTML, like Gecko) Chrome/146.0.7680.177 Mobile Safari/537.36 (compatible; Googlebot/2.1; +http://www.google.com/bot.html)"
50.6.7.129 - - [05/Apr/2026:16:01:32 +0200] "GET /wp-login.php HTTP/1.1" 302 0 "https://ribari.net/wp-login.php" "Mozilla/5.0 (Windows NT 6.1; WOW64; Trident/7.0; rv:11.0)"
50.6.7.129 - - [05/Apr/2026:16:01:33 +0200] "GET /wp-login.php HTTP/1.1" 302 0 "https://ribari.net/wp-login.php" "Mozilla/5.0 (Windows NT 6.1; WOW64; Trident/7.0; rv:11.0)"
50.6.7.129 - - [05/Apr/2026:16:01:33 +0200] "GET /wp-login.php HTTP/1.1" 302 0 "https://ribari.net/wp-login.php" "Mozilla/5.0 (Windows NT 6.1; WOW64; Trident/7.0; rv:11.0)"
50.6.7.129 - - [05/Apr/2026:16:01:34 +0200] "GET /wp-login.php HTTP/1.1" 302 0 "https://ribari.net/wp-login.php" "Mozilla/5.0 (Windows NT 6.1; WOW64; Trident/7.0; rv:11.0)"
50.6.7.129 - - [05/Apr/2026:16:01:34 +0200] "GET /wp-login.php HTTP/1.1" 302 0 "https://ribari.net/wp-login.php" "Mozilla/5.0 (Windows NT 6.1; WOW64; Trident/7.0; rv:11.0)"
50.6.7.129 - - [05/Apr/2026:16:01:35 +0200] "GET /wp-login.php HTTP/1.1" 302 0 "https://ribari.net/wp-login.php" "Mozilla/5.0 (Windows NT 6.1; WOW64; Trident/7.0; rv:11.0)"
50.6.7.129 - - [05/Apr/2026:16:01:36 +0200] "GET /wp-login.php HTTP/1.1" 302 0 "https://ribari.net/wp-login.php" "Mozilla/5.0 (Windows NT 6.1; WOW64; Trident/7.0; rv:11.0)"
50.6.7.129 - - [05/Apr/2026:16:01:36 +0200] "GET /wp-login.php HTTP/1.1" 302 0 "https://ribari.net/wp-login.php" "Mozilla/5.0 (Windows NT 6.1; WOW64; Trident/7.0; rv:11.0)"
50.6.7.129 - - [05/Apr/2026:16:01:36 +0200] "GET /wp-login.php HTTP/1.1" 302 0 "https://ribari.net/wp-login.php" "Mozilla/5.0 (Windows NT 6.1; WOW64; Trident/7.0; rv:11.0)"
66.249.66.2 - - [05/Apr/2026:16:01:41 +0200] "GET /?j=fhaqv137acblt46646wzfrbvwe HTTP/1.1" 200 27952 "-" "Mozilla/5.0 (Linux; Android 6.0.1; Nexus 5X Build/MMB29P) AppleWebKit/537.36 (KHTML, like Gecko) Chrome/146.0.7680.177 Mobile Safari/537.36 (compatible; Googlebot/2.1; +http://www.google.com/bot.html)"
66.249.66.41 - - [05/Apr/2026:16:01:42 +0200] "GET /m97867838925 HTTP/1.1" 404 13203 "-" "Mozilla/5.0 (Linux; Android 6.0.1; Nexus 5X Build/MMB29P) AppleWebKit/537.36 (KHTML, like Gecko) Chrome/146.0.7680.177 Mobile Safari/537.36 (compatible; Googlebot/2.1; +http://www.google.com/bot.html)"
66.249.66.2 - - [05/Apr/2026:16:01:43 +0200] "GET /m78362836479 HTTP/1.1" 404 13203 "-" "Mozilla/5.0 (Linux; Android 6.0.1; Nexus 5X Build/MMB29P) AppleWebKit/537.36 (KHTML, like Gecko) Chrome/146.0.7680.177 Mobile Safari/537.36 (compatible; Googlebot/2.1; +http://www.google.com/bot.html)"
66.249.66.41 - - [05/Apr/2026:16:01:47 +0200] "GET /m98724340753 HTTP/1.1" 404 13203 "-" "Mozilla/5.0 (Linux; Android 6.0.1; Nexus 5X Build/MMB29P) AppleWebKit/537.36 (KHTML, like Gecko) Chrome/146.0.7680.177 Mobile Safari/537.36 (compatible; Googlebot/2.1; +http://www.google.com/bot.html)"
66.249.66.194 - - [05/Apr/2026:16:01:55 +0200] "GET /m53264231761 HTTP/1.1" 404 13201 "-" "Mozilla/5.0 (Linux; Android 6.0.1; Nexus 5X Build/MMB29P) AppleWebKit/537.36 (KHTML, like Gecko) Chrome/146.0.7680.177 Mobile Safari/537.36 (compatible; Googlebot/2.1; +http://www.google.com/bot.html)"
185.191.171.12 - - [05/Apr/2026:16:01:57 +0200] "GET /tag/%D1%80%D0%B8%D0%B1%D0%B0%D1%80%D0%B8-%D0%BD%D0%B5%D1%82-%D0%B7%D0%B0-%D1%85%D0%B0%D1%80%D0%BF%D1%83%D0%BD%D0%B0/ HTTP/1.1" 200 13496 "-" "Mozilla/5.0 (compatible; SemrushBot/7~bl; +http://www.semrush.com/bot.html)"
2a03:2880:f806:19:: - - [05/Apr/2026:16:01:58 +0200] "GET /prizes/102073410 HTTP/1.1" 404 13204 "-" "meta-externalagent/1.1 (+https://developers.facebook.com/docs/sharing/webmasters/crawler)"
66.249.66.195 - - [05/Apr/2026:16:02:03 +0200] "GET /m40172598018 HTTP/1.1" 404 13203 "-" "Mozilla/5.0 (Linux; Android 6.0.1; Nexus 5X Build/MMB29P) AppleWebKit/537.36 (KHTML, like Gecko) Chrome/146.0.7680.177 Mobile Safari/537.36 (compatible; Googlebot/2.1; +http://www.google.com/bot.html)"
161.97.137.93 - - [05/Apr/2026:16:02:19 +0200] "POST /wp-cron.php?doing_wp_cron=1775397738.5637650489807128906250 HTTP/1.1" 404 13202 "https://ribari.net/wp-cron.php?doing_wp_cron=1775397738.5637650489807128906250" "WordPress/4.9.13; https://ribari.net"
161.97.137.93 - - [05/Apr/2026:16:02:19 +0200] "POST /wp-cron.php?doing_wp_cron=1775397738.6664969921112060546875 HTTP/1.1" 404 13203 "https://ribari.net/wp-cron.php?doing_wp_cron=1775397738.6664969921112060546875" "WordPress/4.9.13; https://ribari.net"
85.208.96.209 - - [05/Apr/2026:16:02:19 +0200] "GET /tag/ribolowyt-w-gyrciq-isyrbiq/ HTTP/1.1" 200 13412 "-" "Mozilla/5.0 (compatible; SemrushBot/7~bl; +http://www.semrush.com/bot.html)"
66.249.66.165 - - [05/Apr/2026:16:02:19 +0200] "GET /m59942944954 HTTP/1.1" 404 13203 "-" "Mozilla/5.0 (Linux; Android 6.0.1; Nexus 5X Build/MMB29P) AppleWebKit/537.36 (KHTML, like Gecko) Chrome/146.0.7680.177 Mobile Safari/537.36 (compatible; Googlebot/2.1; +http://www.google.com/bot.html)"
116.179.32.46 - - [05/Apr/2026:16:02:26 +0200] "GET /wp-content/uploads/2020/031/saaas-485x360.jpg HTTP/1.1" 200 38734 "-" "Baiduspider-image+(+http://www.baidu.com/search/spider.htm)"
66.249.66.6 - - [05/Apr/2026:16:02:34 +0200] "GET /m74891062756 HTTP/1.1" 404 13203 "-" "Mozilla/5.0 (Linux; Android 6.0.1; Nexus 5X Build/MMB29P) AppleWebKit/537.36 (KHTML, like Gecko) Chrome/146.0.7680.177 Mobile Safari/537.36 (compatible; Googlebot/2.1; +http://www.google.com/bot.html)"
66.249.66.6 - - [05/Apr/2026:16:02:42 +0200] "GET /m63104232749 HTTP/1.1" 404 13203 "-" "Mozilla/5.0 (Linux; Android 6.0.1; Nexus 5X Build/MMB29P) AppleWebKit/537.36 (KHTML, like Gecko) Chrome/146.0.7680.177 Mobile Safari/537.36 (compatible; Googlebot/2.1; +http://www.google.com/bot.html)"
34.90.86.18 - - [05/Apr/2026:16:02:47 +0200] "GET /%D0%BA%D1%8A%D0%B4%D0%B5-%D0%B7%D0%B8%D0%BC%D1%83%D0%B2%D0%B0%D1%82-%D1%80%D0%B0%D1%86%D0%B8%D1%82%D0%B5/ HTTP/1.1" 200 21429 "https://www.google.com/" "Mozilla/5.0 (Windows NT 10.0; Win64; x64) AppleWebKit/537.36 (KHTML, like Gecko) Chrome/91.0.4472.124 Safari/537.36"
217.142.185.108 - - [05/Apr/2026:16:02:48 +0200] "GET / HTTP/1.1" 200 28109 "-" "Mozilla/5.0 (iPad; CPU OS 17_4 like Mac OS X) AppleWebKit/605.1.15 Mobile/15E148"
217.142.185.108 - - [05/Apr/2026:16:02:48 +0200] "GET / HTTP/1.1" 200 28109 "-" "Go-http-client/2.0"
217.142.185.108 - - [05/Apr/2026:16:02:49 +0200] "GET /wp-login.php HTTP/1.1" 302 0 "-" "Mozilla/5.0 (iPhone; CPU iPhone OS 17_4_1 like Mac OS X) AppleWebKit/605.1.15 Mobile/15E148"
217.142.185.108 - - [05/Apr/2026:16:02:49 +0200] "GET /wp-login.php HTTP/1.1" 302 0 "https://ribari.net/wp-login.php" "Mozilla/5.0 (iPhone; CPU iPhone OS 17_4_1 like Mac OS X) AppleWebKit/605.1.15 Mobile/15E148"
217.142.185.108 - - [05/Apr/2026:16:02:50 +0200] "GET /wp-login.php HTTP/1.1" 302 0 "https://ribari.net/wp-login.php" "Mozilla/5.0 (iPhone; CPU iPhone OS 17_4_1 like Mac OS X) AppleWebKit/605.1.15 Mobile/15E148"
217.142.185.108 - - [05/Apr/2026:16:02:50 +0200] "GET /wp-login.php HTTP/1.1" 302 0 "https://ribari.net/wp-login.php" "Mozilla/5.0 (iPhone; CPU iPhone OS 17_4_1 like Mac OS X) AppleWebKit/605.1.15 Mobile/15E148"
217.142.185.108 - - [05/Apr/2026:16:02:51 +0200] "GET /wp-login.php HTTP/1.1" 302 0 "https://ribari.net/wp-login.php" "Mozilla/5.0 (iPhone; CPU iPhone OS 17_4_1 like Mac OS X) AppleWebKit/605.1.15 Mobile/15E148"
66.249.66.69 - - [05/Apr/2026:16:02:51 +0200] "GET /m28171235584 HTTP/1.1" 404 13200 "-" "Mozilla/5.0 (Linux; Android 6.0.1; Nexus 5X Build/MMB29P) AppleWebKit/537.36 (KHTML, like Gecko) Chrome/146.0.7680.177 Mobile Safari/537.36 (compatible; Googlebot/2.1; +http://www.google.com/bot.html)"
217.142.185.108 - - [05/Apr/2026:16:02:51 +0200] "GET /wp-login.php HTTP/1.1" 302 0 "https://ribari.net/wp-login.php" "Mozilla/5.0 (iPhone; CPU iPhone OS 17_4_1 like Mac OS X) AppleWebKit/605.1.15 Mobile/15E148"
217.142.185.108 - - [05/Apr/2026:16:02:51 +0200] "GET /wp-login.php HTTP/1.1" 302 0 "https://ribari.net/wp-login.php" "Mozilla/5.0 (iPhone; CPU iPhone OS 17_4_1 like Mac OS X) AppleWebKit/605.1.15 Mobile/15E148"
217.142.185.108 - - [05/Apr/2026:16:02:52 +0200] "GET /wp-login.php HTTP/1.1" 302 0 "https://ribari.net/wp-login.php" "Mozilla/5.0 (iPhone; CPU iPhone OS 17_4_1 like Mac OS X) AppleWebKit/605.1.15 Mobile/15E148"
217.142.185.108 - - [05/Apr/2026:16:02:52 +0200] "GET /wp-login.php HTTP/1.1" 302 0 "https://ribari.net/wp-login.php" "Mozilla/5.0 (iPhone; CPU iPhone OS 17_4_1 like Mac OS X) AppleWebKit/605.1.15 Mobile/15E148"
217.142.185.108 - - [05/Apr/2026:16:02:53 +0200] "GET /wp-login.php HTTP/1.1" 302 0 "https://ribari.net/wp-login.php" "Mozilla/5.0 (iPhone; CPU iPhone OS 17_4_1 like Mac OS X) AppleWebKit/605.1.15 Mobile/15E148"
217.142.185.108 - - [05/Apr/2026:16:02:53 +0200] "GET /wp-admin/ HTTP/1.1" 302 0 "-" "Mozilla/5.0 (Windows NT 10.0; Win64; x64) AppleWebKit/537.36 Chrome/116.0 Safari/537.36"
217.142.185.108 - - [05/Apr/2026:16:02:54 +0200] "GET /wp-login.php?redirect_to=https%3A%2F%2Fribari.net%2Fwp-admin%2F&reauth=1 HTTP/1.1" 404 13203 "https://ribari.net/wp-admin/" "Mozilla/5.0 (Windows NT 10.0; Win64; x64) AppleWebKit/537.36 Chrome/116.0 Safari/537.36"
217.142.185.108 - - [05/Apr/2026:16:02:54 +0200] "GET /administrator/ HTTP/1.1" 404 13203 "-" "Mozilla/5.0 (X11; Linux x86_64) Gecko/20100101 Firefox/117.0"
217.142.185.108 - - [05/Apr/2026:16:02:55 +0200] "GET /user/login HTTP/1.1" 404 13202 "-" "Mozilla/5.0 (iPhone; CPU iPhone OS 17_4_1 like Mac OS X) AppleWebKit/605.1.15 Mobile/15E148"
106.227.49.113 - - [05/Apr/2026:16:02:55 +0200] "GET / HTTP/1.1" 301 0 "http://www.ribari.net" "Mozilla/5.0 (iPhone; CPU iPhone OS 13_2_3 like Mac OS X) AppleWebKit/605.1.15 (KHTML, like Gecko) Version/13.0.3 Mobile/15E148 Safari/604.1"
217.142.185.108 - - [05/Apr/2026:16:02:55 +0200] "GET /admin HTTP/1.1" 302 0 "-" "Mozilla/5.0 (Windows NT 10.0; Win64; x64) AppleWebKit/537.36 Chrome/116.0 Safari/537.36"
217.142.185.108 - - [05/Apr/2026:16:02:56 +0200] "GET /wp-admin/ HTTP/1.1" 302 0 "https://ribari.net/admin" "Mozilla/5.0 (Windows NT 10.0; Win64; x64) AppleWebKit/537.36 Chrome/116.0 Safari/537.36"
217.142.185.108 - - [05/Apr/2026:16:02:56 +0200] "GET /wp-login.php?redirect_to=https%3A%2F%2Fribari.net%2Fwp-admin%2F&reauth=1 HTTP/1.1" 404 13203 "https://ribari.net/wp-admin/" "Mozilla/5.0 (Windows NT 10.0; Win64; x64) AppleWebKit/537.36 Chrome/116.0 Safari/537.36"
217.142.185.108 - - [05/Apr/2026:16:02:57 +0200] "GET /login HTTP/1.1" 302 0 "-" "Mozilla/5.0 (iPad; CPU OS 17_4 like Mac OS X) AppleWebKit/605.1.15 Mobile/15E148"
217.142.185.108 - - [05/Apr/2026:16:02:57 +0200] "GET /wp-login.php HTTP/1.1" 302 0 "https://ribari.net/login" "Mozilla/5.0 (iPad; CPU OS 17_4 like Mac OS X) AppleWebKit/605.1.15 Mobile/15E148"
217.142.185.108 - - [05/Apr/2026:16:02:58 +0200] "GET /wp-login.php HTTP/1.1" 302 0 "https://ribari.net/wp-login.php" "Mozilla/5.0 (iPad; CPU OS 17_4 like Mac OS X) AppleWebKit/605.1.15 Mobile/15E148"
217.142.185.108 - - [05/Apr/2026:16:02:58 +0200] "GET /wp-login.php HTTP/1.1" 302 0 "https://ribari.net/wp-login.php" "Mozilla/5.0 (iPad; CPU OS 17_4 like Mac OS X) AppleWebKit/605.1.15 Mobile/15E148"
217.142.185.108 - - [05/Apr/2026:16:02:59 +0200] "GET /wp-login.php HTTP/1.1" 302 0 "https://ribari.net/wp-login.php" "Mozilla/5.0 (iPad; CPU OS 17_4 like Mac OS X) AppleWebKit/605.1.15 Mobile/15E148"
217.142.185.108 - - [05/Apr/2026:16:02:59 +0200] "GET /wp-login.php HTTP/1.1" 302 0 "https://ribari.net/wp-login.php" "Mozilla/5.0 (iPad; CPU OS 17_4 like Mac OS X) AppleWebKit/605.1.15 Mobile/15E148"
217.142.185.108 - - [05/Apr/2026:16:02:59 +0200] "GET /wp-login.php HTTP/1.1" 302 0 "https://ribari.net/wp-login.php" "Mozilla/5.0 (iPad; CPU OS 17_4 like Mac OS X) AppleWebKit/605.1.15 Mobile/15E148"
106.227.49.113 - - [05/Apr/2026:16:03:00 +0200] "GET / HTTP/1.1" 200 28109 "https://www.ribari.net/" "Mozilla/5.0 (iPhone; CPU iPhone OS 13_2_3 like Mac OS X) AppleWebKit/605.1.15 (KHTML, like Gecko) Version/13.0.3 Mobile/15E148 Safari/604.1"
