216.244.66.200 - - [05/Apr/2026:21:18:27 +0200] "GET /robots.txt HTTP/1.1" 304 0 "-" "Mozilla/5.0 (compatible; DotBot/1.2; +https://opensiteexplorer.org/dotbot; help@moz.com)"
66.249.66.41 - - [05/Apr/2026:21:18:34 +0200] "GET /index.php?prizes/287200147 HTTP/1.1" 301 0 "-" "Mozilla/5.0 (Linux; Android 6.0.1; Nexus 5X Build/MMB29P) AppleWebKit/537.36 (KHTML, like Gecko) Chrome/146.0.7680.177 Mobile Safari/537.36 (compatible; Googlebot/2.1; +http://www.google.com/bot.html)"
66.249.66.194 - - [05/Apr/2026:21:18:36 +0200] "GET /?prizes/287200147 HTTP/1.1" 200 28218 "-" "Mozilla/5.0 (Linux; Android 6.0.1; Nexus 5X Build/MMB29P) AppleWebKit/537.36 (KHTML, like Gecko) Chrome/146.0.7680.177 Mobile Safari/537.36 (compatible; Googlebot/2.1; +http://www.google.com/bot.html)"
66.249.66.161 - - [05/Apr/2026:21:18:37 +0200] "GET /prizes/250614571 HTTP/1.1" 404 13203 "-" "Mozilla/5.0 (Linux; Android 6.0.1; Nexus 5X Build/MMB29P) AppleWebKit/537.36 (KHTML, like Gecko) Chrome/146.0.7680.177 Mobile Safari/537.36 (compatible; GoogleOther)"
66.249.66.2 - - [05/Apr/2026:21:18:55 +0200] "GET /index.php?prizes/285309682 HTTP/1.1" 301 0 "-" "Mozilla/5.0 (Linux; Android 6.0.1; Nexus 5X Build/MMB29P) AppleWebKit/537.36 (KHTML, like Gecko) Chrome/146.0.7680.177 Mobile Safari/537.36 (compatible; Googlebot/2.1; +http://www.google.com/bot.html)"
66.249.66.65 - - [05/Apr/2026:21:18:56 +0200] "GET /?prizes/285309682 HTTP/1.1" 200 27422 "-" "Mozilla/5.0 (Linux; Android 6.0.1; Nexus 5X Build/MMB29P) AppleWebKit/537.36 (KHTML, like Gecko) Chrome/146.0.7680.177 Mobile Safari/537.36 (compatible; Googlebot/2.1; +http://www.google.com/bot.html)"
161.97.137.93 - - [05/Apr/2026:21:19:15 +0200] "POST /wp-cron.php?doing_wp_cron=1775416754.9335319995880126953125 HTTP/1.1" 404 13202 "https://ribari.net/wp-cron.php?doing_wp_cron=1775416754.9335319995880126953125" "WordPress/4.9.13; https://ribari.net"
217.113.194.111 - - [05/Apr/2026:21:19:15 +0200] "GET /category/%D0%BD%D0%BE%D0%B2%D0%B8%D0%BD%D0%B8/page/5/ HTTP/1.1" 200 18601 "-" "Mozilla/5.0 (compatible; Barkrowler/0.9; +https://babbar.tech/crawler)"
85.208.96.208 - - [05/Apr/2026:21:19:34 +0200] "GET /%D1%86%D1%80%D0%BE%D0%BE-%D1%81-%D0%B0%D0%BA%D1%86%D0%B8%D1%8F-%D0%BD%D0%B0-%D1%8F%D0%B7%D0%BE%D0%B2%D0%B8%D1%80-%D1%82%D0%B8%D1%87%D0%B0-%D0%B4%D0%BE-%D1%81%D1%83%D1%88%D0%B8%D0%BD%D0%B0/ HTTP/1.1" 200 19041 "-" "Mozilla/5.0 (compatible; SemrushBot/7~bl; +http://www.semrush.com/bot.html)"
66.249.66.3 - - [05/Apr/2026:21:19:44 +0200] "GET /prizes/287181925 HTTP/1.1" 404 13203 "-" "Mozilla/5.0 (Linux; Android 6.0.1; Nexus 5X Build/MMB29P) AppleWebKit/537.36 (KHTML, like Gecko) Chrome/146.0.7680.177 Mobile Safari/537.36 (compatible; GoogleOther)"
201.182.218.52 - - [05/Apr/2026:21:20:04 +0200] "GET /wp-content/plugins/wpforms-lite/src/Integrations/SiteHealth/SiteHealth.php HTTP/1.1" 500 0 "https://ribari.net/" "Mozilla/5.0 (Macintosh; Intel Mac OS X 10_15_7) AppleWebKit/605.1.15 (KHTML, like Gecko) Version/18.4 Safari/605.1.15"
161.97.137.93 - - [05/Apr/2026:21:20:22 +0200] "POST /wp-cron.php?doing_wp_cron=1775416821.6706280708312988281250 HTTP/1.1" 404 13203 "https://ribari.net/wp-cron.php?doing_wp_cron=1775416821.6706280708312988281250" "WordPress/4.9.13; https://ribari.net"
66.249.66.4 - - [05/Apr/2026:21:20:23 +0200] "GET /?l=kcrfm99j638vazlwhongj HTTP/1.1" 200 27600 "-" "Mozilla/5.0 (Linux; Android 6.0.1; Nexus 5X Build/MMB29P) AppleWebKit/537.36 (KHTML, like Gecko) Chrome/146.0.7680.177 Mobile Safari/537.36 (compatible; Googlebot/2.1; +http://www.google.com/bot.html)"
66.249.66.195 - - [05/Apr/2026:21:20:27 +0200] "GET /index.php?prizes/283385268 HTTP/1.1" 301 0 "-" "Mozilla/5.0 (Linux; Android 6.0.1; Nexus 5X Build/MMB29P) AppleWebKit/537.36 (KHTML, like Gecko) Chrome/146.0.7680.177 Mobile Safari/537.36 (compatible; Googlebot/2.1; +http://www.google.com/bot.html)"
66.249.66.194 - - [05/Apr/2026:21:20:29 +0200] "GET /?prizes/283385268 HTTP/1.1" 200 27399 "-" "Mozilla/5.0 (Linux; Android 6.0.1; Nexus 5X Build/MMB29P) AppleWebKit/537.36 (KHTML, like Gecko) Chrome/146.0.7680.177 Mobile Safari/537.36 (compatible; Googlebot/2.1; +http://www.google.com/bot.html)"
66.249.66.161 - - [05/Apr/2026:21:20:32 +0200] "GET /?z=fdon29qyd9598trpfnbbdr HTTP/1.1" 200 27299 "-" "Mozilla/5.0 (Linux; Android 6.0.1; Nexus 5X Build/MMB29P) AppleWebKit/537.36 (KHTML, like Gecko) Chrome/146.0.7680.177 Mobile Safari/537.36 (compatible; Googlebot/2.1; +http://www.google.com/bot.html)"
66.249.66.2 - - [05/Apr/2026:21:20:50 +0200] "GET /wp-content/uploads/2020/04/94616203_968900133546045_502536466694406144_o-218x150.jpg HTTP/1.1" 200 11678 "-" "Googlebot-Image/1.0"
66.249.66.42 - - [05/Apr/2026:21:21:16 +0200] "GET /prizes/97189006 HTTP/1.1" 404 13203 "-" "Mozilla/5.0 (Linux; Android 6.0.1; Nexus 5X Build/MMB29P) AppleWebKit/537.36 (KHTML, like Gecko) Chrome/146.0.7680.177 Mobile Safari/537.36 (compatible; Googlebot/2.1; +http://www.google.com/bot.html)"
66.249.66.3 - - [05/Apr/2026:21:21:18 +0200] "GET /index.php?prizes/242005309 HTTP/1.1" 301 0 "-" "Mozilla/5.0 (Linux; Android 6.0.1; Nexus 5X Build/MMB29P) AppleWebKit/537.36 (KHTML, like Gecko) Chrome/146.0.7680.177 Mobile Safari/537.36 (compatible; Googlebot/2.1; +http://www.google.com/bot.html)"
66.249.66.66 - - [05/Apr/2026:21:21:19 +0200] "GET /?prizes/242005309 HTTP/1.1" 200 27630 "-" "Mozilla/5.0 (Linux; Android 6.0.1; Nexus 5X Build/MMB29P) AppleWebKit/537.36 (KHTML, like Gecko) Chrome/146.0.7680.177 Mobile Safari/537.36 (compatible; Googlebot/2.1; +http://www.google.com/bot.html)"
161.97.137.93 - - [05/Apr/2026:21:21:23 +0200] "POST /wp-cron.php?doing_wp_cron=1775416882.6249790191650390625000 HTTP/1.1" 404 13203 "https://ribari.net/wp-cron.php?doing_wp_cron=1775416882.6249790191650390625000" "WordPress/4.9.13; https://ribari.net"
66.249.66.3 - - [05/Apr/2026:21:21:23 +0200] "GET /?detail/01301536823914 HTTP/1.1" 200 27373 "-" "Mozilla/5.0 (Linux; Android 6.0.1; Nexus 5X Build/MMB29P) AppleWebKit/537.36 (KHTML, like Gecko) Chrome/146.0.7680.177 Mobile Safari/537.36 (compatible; GoogleOther)"
66.249.66.41 - - [05/Apr/2026:21:21:29 +0200] "GET /index.php?prizes/297399278 HTTP/1.1" 301 0 "-" "Mozilla/5.0 (Linux; Android 6.0.1; Nexus 5X Build/MMB29P) AppleWebKit/537.36 (KHTML, like Gecko) Chrome/146.0.7680.177 Mobile Safari/537.36 (compatible; Googlebot/2.1; +http://www.google.com/bot.html)"
66.249.66.65 - - [05/Apr/2026:21:21:31 +0200] "GET /?prizes/297399278 HTTP/1.1" 200 27778 "-" "Mozilla/5.0 (Linux; Android 6.0.1; Nexus 5X Build/MMB29P) AppleWebKit/537.36 (KHTML, like Gecko) Chrome/146.0.7680.177 Mobile Safari/537.36 (compatible; Googlebot/2.1; +http://www.google.com/bot.html)"
66.249.66.161 - - [05/Apr/2026:21:21:36 +0200] "GET /index.php?prizes/205359430 HTTP/1.1" 301 0 "-" "Mozilla/5.0 (Linux; Android 6.0.1; Nexus 5X Build/MMB29P) AppleWebKit/537.36 (KHTML, like Gecko) Chrome/146.0.7680.177 Mobile Safari/537.36 (compatible; Googlebot/2.1; +http://www.google.com/bot.html)"
66.249.66.194 - - [05/Apr/2026:21:21:38 +0200] "GET /?prizes/205359430 HTTP/1.1" 200 27552 "-" "Mozilla/5.0 (Linux; Android 6.0.1; Nexus 5X Build/MMB29P) AppleWebKit/537.36 (KHTML, like Gecko) Chrome/146.0.7680.177 Mobile Safari/537.36 (compatible; Googlebot/2.1; +http://www.google.com/bot.html)"
66.249.66.65 - - [05/Apr/2026:21:21:39 +0200] "GET /index.php?prizes/109028612 HTTP/1.1" 301 0 "-" "Mozilla/5.0 (Linux; Android 6.0.1; Nexus 5X Build/MMB29P) AppleWebKit/537.36 (KHTML, like Gecko) Chrome/146.0.7680.177 Mobile Safari/537.36 (compatible; Googlebot/2.1; +http://www.google.com/bot.html)"
66.249.66.161 - - [05/Apr/2026:21:21:41 +0200] "GET /?prizes/109028612 HTTP/1.1" 200 27822 "-" "Mozilla/5.0 (Linux; Android 6.0.1; Nexus 5X Build/MMB29P) AppleWebKit/537.36 (KHTML, like Gecko) Chrome/146.0.7680.177 Mobile Safari/537.36 (compatible; Googlebot/2.1; +http://www.google.com/bot.html)"
66.249.66.163 - - [05/Apr/2026:21:22:07 +0200] "GET /index.php?prizes/276847884 HTTP/1.1" 301 0 "-" "Mozilla/5.0 (Linux; Android 6.0.1; Nexus 5X Build/MMB29P) AppleWebKit/537.36 (KHTML, like Gecko) Chrome/146.0.7680.177 Mobile Safari/537.36 (compatible; Googlebot/2.1; +http://www.google.com/bot.html)"
66.249.66.3 - - [05/Apr/2026:21:22:09 +0200] "GET /?prizes/276847884 HTTP/1.1" 200 27858 "-" "Mozilla/5.0 (Linux; Android 6.0.1; Nexus 5X Build/MMB29P) AppleWebKit/537.36 (KHTML, like Gecko) Chrome/146.0.7680.177 Mobile Safari/537.36 (compatible; Googlebot/2.1; +http://www.google.com/bot.html)"
66.249.66.43 - - [05/Apr/2026:21:22:10 +0200] "GET /commoditys/071000775 HTTP/1.1" 404 13203 "-" "Mozilla/5.0 (Linux; Android 6.0.1; Nexus 5X Build/MMB29P) AppleWebKit/537.36 (KHTML, like Gecko) Chrome/146.0.7680.177 Mobile Safari/537.36 (compatible; Googlebot/2.1; +http://www.google.com/bot.html)"
66.249.66.195 - - [05/Apr/2026:21:22:13 +0200] "GET /prizes/146450379 HTTP/1.1" 404 13202 "-" "Mozilla/5.0 (Linux; Android 6.0.1; Nexus 5X Build/MMB29P) AppleWebKit/537.36 (KHTML, like Gecko) Chrome/146.0.7680.177 Mobile Safari/537.36 (compatible; Googlebot/2.1; +http://www.google.com/bot.html)"
66.249.66.161 - - [05/Apr/2026:21:22:19 +0200] "GET /prizes/310319238 HTTP/1.1" 404 13205 "-" "Mozilla/5.0 (Linux; Android 6.0.1; Nexus 5X Build/MMB29P) AppleWebKit/537.36 (KHTML, like Gecko) Chrome/146.0.7680.177 Mobile Safari/537.36 (compatible; GoogleOther)"
161.97.137.93 - - [05/Apr/2026:21:22:39 +0200] "POST /wp-cron.php?doing_wp_cron=1775416958.8630869388580322265625 HTTP/1.1" 404 13204 "https://ribari.net/wp-cron.php?doing_wp_cron=1775416958.8630869388580322265625" "WordPress/4.9.13; https://ribari.net"
20.200.222.0 - - [05/Apr/2026:21:22:39 +0200] "GET /100.php HTTP/1.1" 404 13204 "-" "Mozilla/5.0 (Windows NT 10.0; Win64; x64) AppleWebKit/537.36 (KHTML, like Gecko) Chrome/120.0.0.0 Safari/537.36"
20.200.222.0 - - [05/Apr/2026:21:22:40 +0200] "GET /7.php HTTP/1.1" 404 13204 "-" "Mozilla/5.0 (Windows NT 10.0; Win64; x64) AppleWebKit/537.36 (KHTML, like Gecko) Chrome/120.0.0.0 Safari/537.36"
20.200.222.0 - - [05/Apr/2026:21:22:40 +0200] "GET /aa.php HTTP/1.1" 404 13203 "-" "Mozilla/5.0 (Windows NT 10.0; Win64; x64) AppleWebKit/537.36 (KHTML, like Gecko) Chrome/120.0.0.0 Safari/537.36"
20.200.222.0 - - [05/Apr/2026:21:22:41 +0200] "GET /wp.php HTTP/1.1" 404 13205 "-" "Mozilla/5.0 (Windows NT 10.0; Win64; x64) AppleWebKit/537.36 (KHTML, like Gecko) Chrome/120.0.0.0 Safari/537.36"
20.200.222.0 - - [05/Apr/2026:21:22:41 +0200] "GET /chosen.php HTTP/1.1" 404 13205 "-" "Mozilla/5.0 (Windows NT 10.0; Win64; x64) AppleWebKit/537.36 (KHTML, like Gecko) Chrome/120.0.0.0 Safari/537.36"
20.200.222.0 - - [05/Apr/2026:21:22:42 +0200] "GET /abcd.php HTTP/1.1" 404 13220 "-" "Mozilla/5.0 (Windows NT 10.0; Win64; x64) AppleWebKit/537.36 (KHTML, like Gecko) Chrome/120.0.0.0 Safari/537.36"
20.200.222.0 - - [05/Apr/2026:21:22:42 +0200] "GET /as.php HTTP/1.1" 404 13220 "-" "Mozilla/5.0 (Windows NT 10.0; Win64; x64) AppleWebKit/537.36 (KHTML, like Gecko) Chrome/120.0.0.0 Safari/537.36"
20.200.222.0 - - [05/Apr/2026:21:22:43 +0200] "GET /2.php HTTP/1.1" 404 13204 "-" "Mozilla/5.0 (Windows NT 10.0; Win64; x64) AppleWebKit/537.36 (KHTML, like Gecko) Chrome/120.0.0.0 Safari/537.36"
20.200.222.0 - - [05/Apr/2026:21:22:44 +0200] "GET /abc.php HTTP/1.1" 404 13204 "-" "Mozilla/5.0 (Windows NT 10.0; Win64; x64) AppleWebKit/537.36 (KHTML, like Gecko) Chrome/120.0.0.0 Safari/537.36"
20.200.222.0 - - [05/Apr/2026:21:22:44 +0200] "GET /about.php HTTP/1.1" 404 13206 "-" "Mozilla/5.0 (Windows NT 10.0; Win64; x64) AppleWebKit/537.36 (KHTML, like Gecko) Chrome/120.0.0.0 Safari/537.36"
20.200.222.0 - - [05/Apr/2026:21:22:45 +0200] "GET /0x.php HTTP/1.1" 404 13204 "-" "Mozilla/5.0 (Windows NT 10.0; Win64; x64) AppleWebKit/537.36 (KHTML, like Gecko) Chrome/120.0.0.0 Safari/537.36"
20.200.222.0 - - [05/Apr/2026:21:22:45 +0200] "GET /fff.php HTTP/1.1" 404 13204 "-" "Mozilla/5.0 (Windows NT 10.0; Win64; x64) AppleWebKit/537.36 (KHTML, like Gecko) Chrome/120.0.0.0 Safari/537.36"
20.200.222.0 - - [05/Apr/2026:21:22:46 +0200] "GET /ff1.php HTTP/1.1" 404 13205 "-" "Mozilla/5.0 (Windows NT 10.0; Win64; x64) AppleWebKit/537.36 (KHTML, like Gecko) Chrome/120.0.0.0 Safari/537.36"
20.200.222.0 - - [05/Apr/2026:21:22:47 +0200] "GET /wp-themes.php HTTP/1.1" 404 13204 "-" "Mozilla/5.0 (Windows NT 10.0; Win64; x64) AppleWebKit/537.36 (KHTML, like Gecko) Chrome/120.0.0.0 Safari/537.36"
20.200.222.0 - - [05/Apr/2026:21:22:47 +0200] "GET /adminfuns.php HTTP/1.1" 404 13204 "-" "Mozilla/5.0 (Windows NT 10.0; Win64; x64) AppleWebKit/537.36 (KHTML, like Gecko) Chrome/120.0.0.0 Safari/537.36"
20.200.222.0 - - [05/Apr/2026:21:22:48 +0200] "GET /class-t.api.php HTTP/1.1" 404 13204 "-" "Mozilla/5.0 (Windows NT 10.0; Win64; x64) AppleWebKit/537.36 (KHTML, like Gecko) Chrome/120.0.0.0 Safari/537.36"
20.200.222.0 - - [05/Apr/2026:21:22:48 +0200] "GET /content.php HTTP/1.1" 404 13204 "-" "Mozilla/5.0 (Windows NT 10.0; Win64; x64) AppleWebKit/537.36 (KHTML, like Gecko) Chrome/120.0.0.0 Safari/537.36"
20.200.222.0 - - [05/Apr/2026:21:22:49 +0200] "GET /r.php HTTP/1.1" 404 13204 "-" "Mozilla/5.0 (Windows NT 10.0; Win64; x64) AppleWebKit/537.36 (KHTML, like Gecko) Chrome/120.0.0.0 Safari/537.36"
20.200.222.0 - - [05/Apr/2026:21:22:50 +0200] "GET /w.php HTTP/1.1" 404 13204 "-" "Mozilla/5.0 (Windows NT 10.0; Win64; x64) AppleWebKit/537.36 (KHTML, like Gecko) Chrome/120.0.0.0 Safari/537.36"
20.200.222.0 - - [05/Apr/2026:21:22:50 +0200] "GET /classwithtostring.php HTTP/1.1" 404 13203 "-" "Mozilla/5.0 (Windows NT 10.0; Win64; x64) AppleWebKit/537.36 (KHTML, like Gecko) Chrome/120.0.0.0 Safari/537.36"
20.200.222.0 - - [05/Apr/2026:21:22:51 +0200] "GET /edit.php HTTP/1.1" 404 13205 "-" "Mozilla/5.0 (Windows NT 10.0; Win64; x64) AppleWebKit/537.36 (KHTML, like Gecko) Chrome/120.0.0.0 Safari/537.36"
20.200.222.0 - - [05/Apr/2026:21:22:51 +0200] "GET /wp-blog.php HTTP/1.1" 404 13203 "-" "Mozilla/5.0 (Windows NT 10.0; Win64; x64) AppleWebKit/537.36 (KHTML, like Gecko) Chrome/120.0.0.0 Safari/537.36"
20.200.222.0 - - [05/Apr/2026:21:22:52 +0200] "GET /php8.php HTTP/1.1" 404 13204 "-" "Mozilla/5.0 (Windows NT 10.0; Win64; x64) AppleWebKit/537.36 (KHTML, like Gecko) Chrome/120.0.0.0 Safari/537.36"
20.200.222.0 - - [05/Apr/2026:21:22:53 +0200] "GET /10.php HTTP/1.1" 404 13204 "-" "Mozilla/5.0 (Windows NT 10.0; Win64; x64) AppleWebKit/537.36 (KHTML, like Gecko) Chrome/120.0.0.0 Safari/537.36"
20.200.222.0 - - [05/Apr/2026:21:22:53 +0200] "GET /manager.php HTTP/1.1" 404 13204 "-" "Mozilla/5.0 (Windows NT 10.0; Win64; x64) AppleWebKit/537.36 (KHTML, like Gecko) Chrome/120.0.0.0 Safari/537.36"
20.200.222.0 - - [05/Apr/2026:21:22:54 +0200] "GET /p.php HTTP/1.1" 404 13204 "-" "Mozilla/5.0 (Windows NT 10.0; Win64; x64) AppleWebKit/537.36 (KHTML, like Gecko) Chrome/120.0.0.0 Safari/537.36"
20.200.222.0 - - [05/Apr/2026:21:22:54 +0200] "GET /hplfuns.php HTTP/1.1" 404 13204 "-" "Mozilla/5.0 (Windows NT 10.0; Win64; x64) AppleWebKit/537.36 (KHTML, like Gecko) Chrome/120.0.0.0 Safari/537.36"
20.200.222.0 - - [05/Apr/2026:21:22:55 +0200] "GET /bless.php HTTP/1.1" 404 13204 "-" "Mozilla/5.0 (Windows NT 10.0; Win64; x64) AppleWebKit/537.36 (KHTML, like Gecko) Chrome/120.0.0.0 Safari/537.36"
20.200.222.0 - - [05/Apr/2026:21:22:56 +0200] "GET /php.php HTTP/1.1" 404 13205 "-" "Mozilla/5.0 (Windows NT 10.0; Win64; x64) AppleWebKit/537.36 (KHTML, like Gecko) Chrome/120.0.0.0 Safari/537.36"
20.200.222.0 - - [05/Apr/2026:21:22:56 +0200] "GET /chosen.php HTTP/1.1" 404 13204 "-" "Mozilla/5.0 (Windows NT 10.0; Win64; x64) AppleWebKit/537.36 (KHTML, like Gecko) Chrome/120.0.0.0 Safari/537.36"
20.200.222.0 - - [05/Apr/2026:21:22:57 +0200] "GET /ioxi-o.php HTTP/1.1" 404 13204 "-" "Mozilla/5.0 (Windows NT 10.0; Win64; x64) AppleWebKit/537.36 (KHTML, like Gecko) Chrome/120.0.0.0 Safari/537.36"
20.200.222.0 - - [05/Apr/2026:21:22:57 +0200] "GET /cache.php HTTP/1.1" 404 13204 "-" "Mozilla/5.0 (Windows NT 10.0; Win64; x64) AppleWebKit/537.36 (KHTML, like Gecko) Chrome/120.0.0.0 Safari/537.36"
20.200.222.0 - - [05/Apr/2026:21:22:58 +0200] "GET /jquery.php HTTP/1.1" 404 13204 "-" "Mozilla/5.0 (Windows NT 10.0; Win64; x64) AppleWebKit/537.36 (KHTML, like Gecko) Chrome/120.0.0.0 Safari/537.36"
20.200.222.0 - - [05/Apr/2026:21:22:58 +0200] "GET /av.php HTTP/1.1" 404 13204 "-" "Mozilla/5.0 (Windows NT 10.0; Win64; x64) AppleWebKit/537.36 (KHTML, like Gecko) Chrome/120.0.0.0 Safari/537.36"
20.200.222.0 - - [05/Apr/2026:21:22:59 +0200] "GET /doc.php HTTP/1.1" 404 13204 "-" "Mozilla/5.0 (Windows NT 10.0; Win64; x64) AppleWebKit/537.36 (KHTML, like Gecko) Chrome/120.0.0.0 Safari/537.36"
20.200.222.0 - - [05/Apr/2026:21:23:00 +0200] "GET /elp.php HTTP/1.1" 404 13203 "-" "Mozilla/5.0 (Windows NT 10.0; Win64; x64) AppleWebKit/537.36 (KHTML, like Gecko) Chrome/120.0.0.0 Safari/537.36"
20.200.222.0 - - [05/Apr/2026:21:23:00 +0200] "GET /wp-user.php HTTP/1.1" 404 13204 "-" "Mozilla/5.0 (Windows NT 10.0; Win64; x64) AppleWebKit/537.36 (KHTML, like Gecko) Chrome/120.0.0.0 Safari/537.36"
20.200.222.0 - - [05/Apr/2026:21:23:01 +0200] "GET /root.php HTTP/1.1" 404 13205 "-" "Mozilla/5.0 (Windows NT 10.0; Win64; x64) AppleWebKit/537.36 (KHTML, like Gecko) Chrome/120.0.0.0 Safari/537.36"
20.200.222.0 - - [05/Apr/2026:21:23:01 +0200] "GET /alfa.php HTTP/1.1" 502 552 "-" "Mozilla/5.0 (Windows NT 10.0; Win64; x64) AppleWebKit/537.36 (KHTML, like Gecko) Chrome/120.0.0.0 Safari/537.36"
20.200.222.0 - - [05/Apr/2026:21:23:01 +0200] "GET /autoload_classmap.php HTTP/1.1" 502 552 "-" "Mozilla/5.0 (Windows NT 10.0; Win64; x64) AppleWebKit/537.36 (KHTML, like Gecko) Chrome/120.0.0.0 Safari/537.36"
20.200.222.0 - - [05/Apr/2026:21:23:02 +0200] "GET /file.php HTTP/1.1" 502 552 "-" "Mozilla/5.0 (Windows NT 10.0; Win64; x64) AppleWebKit/537.36 (KHTML, like Gecko) Chrome/120.0.0.0 Safari/537.36"
20.200.222.0 - - [05/Apr/2026:21:23:03 +0200] "GET /new.php HTTP/1.1" 404 13204 "-" "Mozilla/5.0 (Windows NT 10.0; Win64; x64) AppleWebKit/537.36 (KHTML, like Gecko) Chrome/120.0.0.0 Safari/537.36"
20.200.222.0 - - [05/Apr/2026:21:23:04 +0200] "GET /ioxi-o.php HTTP/1.1" 404 13204 "-" "Mozilla/5.0 (Windows NT 10.0; Win64; x64) AppleWebKit/537.36 (KHTML, like Gecko) Chrome/120.0.0.0 Safari/537.36"
20.200.222.0 - - [05/Apr/2026:21:23:04 +0200] "GET /mm.php HTTP/1.1" 404 13204 "-" "Mozilla/5.0 (Windows NT 10.0; Win64; x64) AppleWebKit/537.36 (KHTML, like Gecko) Chrome/120.0.0.0 Safari/537.36"
20.200.222.0 - - [05/Apr/2026:21:23:05 +0200] "GET /oxshell.php HTTP/1.1" 404 13204 "-" "Mozilla/5.0 (Windows NT 10.0; Win64; x64) AppleWebKit/537.36 (KHTML, like Gecko) Chrome/120.0.0.0 Safari/537.36"
20.200.222.0 - - [05/Apr/2026:21:23:06 +0200] "GET /load.php HTTP/1.1" 404 13204 "-" "Mozilla/5.0 (Windows NT 10.0; Win64; x64) AppleWebKit/537.36 (KHTML, like Gecko) Chrome/120.0.0.0 Safari/537.36"
20.200.222.0 - - [05/Apr/2026:21:23:06 +0200] "GET /k.php HTTP/1.1" 404 13204 "-" "Mozilla/5.0 (Windows NT 10.0; Win64; x64) AppleWebKit/537.36 (KHTML, like Gecko) Chrome/120.0.0.0 Safari/537.36"
20.200.222.0 - - [05/Apr/2026:21:23:07 +0200] "GET /atomlib.php HTTP/1.1" 404 13202 "-" "Mozilla/5.0 (Windows NT 10.0; Win64; x64) AppleWebKit/537.36 (KHTML, like Gecko) Chrome/120.0.0.0 Safari/537.36"
20.200.222.0 - - [05/Apr/2026:21:23:07 +0200] "GET /wp-links-opml HTTP/1.1" 404 13203 "-" "Mozilla/5.0 (Windows NT 10.0; Win64; x64) AppleWebKit/537.36 (KHTML, like Gecko) Chrome/120.0.0.0 Safari/537.36"
20.200.222.0 - - [05/Apr/2026:21:23:09 +0200] "GET /buy.php HTTP/1.1" 200 11764 "-" "Mozilla/5.0 (Windows NT 10.0; Win64; x64) AppleWebKit/537.36 (KHTML, like Gecko) Chrome/120.0.0.0 Safari/537.36"
144.31.25.220 - - [05/Apr/2026:21:23:09 +0200] "GET / HTTP/1.1" 200 27980 "-" "Mozilla/5.0 (Windows NT 10.0; Win64; x64) AppleWebKit/537.36 (KHTML, like Gecko) Chrome/120.0.0.0 Safari/537.36"
66.249.66.66 - - [05/Apr/2026:21:23:09 +0200] "GET /index.php?prizes/209613622 HTTP/1.1" 301 0 "-" "Mozilla/5.0 (Linux; Android 6.0.1; Nexus 5X Build/MMB29P) AppleWebKit/537.36 (KHTML, like Gecko) Chrome/146.0.7680.177 Mobile Safari/537.36 (compatible; Googlebot/2.1; +http://www.google.com/bot.html)"
20.200.222.0 - - [05/Apr/2026:21:23:09 +0200] "GET /info.php HTTP/1.1" 404 13204 "-" "Mozilla/5.0 (Windows NT 10.0; Win64; x64) AppleWebKit/537.36 (KHTML, like Gecko) Chrome/120.0.0.0 Safari/537.36"
20.200.222.0 - - [05/Apr/2026:21:23:10 +0200] "GET /goods.php HTTP/1.1" 200 18347 "-" "Mozilla/5.0 (Windows NT 10.0; Win64; x64) AppleWebKit/537.36 (KHTML, like Gecko) Chrome/120.0.0.0 Safari/537.36"
66.249.66.3 - - [05/Apr/2026:21:23:10 +0200] "GET /?prizes/209613622 HTTP/1.1" 200 27449 "-" "Mozilla/5.0 (Linux; Android 6.0.1; Nexus 5X Build/MMB29P) AppleWebKit/537.36 (KHTML, like Gecko) Chrome/146.0.7680.177 Mobile Safari/537.36 (compatible; Googlebot/2.1; +http://www.google.com/bot.html)"
20.200.222.0 - - [05/Apr/2026:21:23:11 +0200] "GET /setup-config.php HTTP/1.1" 404 13205 "-" "Mozilla/5.0 (Windows NT 10.0; Win64; x64) AppleWebKit/537.36 (KHTML, like Gecko) Chrome/120.0.0.0 Safari/537.36"
20.200.222.0 - - [05/Apr/2026:21:23:11 +0200] "GET /ss.php HTTP/1.1" 200 0 "-" "Mozilla/5.0 (Windows NT 10.0; Win64; x64) AppleWebKit/537.36 (KHTML, like Gecko) Chrome/120.0.0.0 Safari/537.36"
20.200.222.0 - - [05/Apr/2026:21:23:12 +0200] "GET /xmlrpc.php HTTP/1.1" 404 13204 "-" "Mozilla/5.0 (Windows NT 10.0; Win64; x64) AppleWebKit/537.36 (KHTML, like Gecko) Chrome/120.0.0.0 Safari/537.36"
20.200.222.0 - - [05/Apr/2026:21:23:13 +0200] "GET /flower.php HTTP/1.1" 404 13203 "-" "Mozilla/5.0 (Windows NT 10.0; Win64; x64) AppleWebKit/537.36 (KHTML, like Gecko) Chrome/120.0.0.0 Safari/537.36"
20.200.222.0 - - [05/Apr/2026:21:23:13 +0200] "GET /al.php HTTP/1.1" 404 13204 "-" "Mozilla/5.0 (Windows NT 10.0; Win64; x64) AppleWebKit/537.36 (KHTML, like Gecko) Chrome/120.0.0.0 Safari/537.36"
205.188.178.146 - - [05/Apr/2026:21:23:13 +0200] "GET /wp-content/uploads/2019/11/1024px-Lepomis_gibbosus_PAQ-218x150.jpg HTTP/1.1" 200 9712 "-" "Mozilla/5.0 (compatible; crawler)"
20.200.222.0 - - [05/Apr/2026:21:23:14 +0200] "GET /vv.php HTTP/1.1" 404 13204 "-" "Mozilla/5.0 (Windows NT 10.0; Win64; x64) AppleWebKit/537.36 (KHTML, like Gecko) Chrome/120.0.0.0 Safari/537.36"
20.200.222.0 - - [05/Apr/2026:21:23:14 +0200] "GET /wp-signin.php HTTP/1.1" 404 13203 "-" "Mozilla/5.0 (Windows NT 10.0; Win64; x64) AppleWebKit/537.36 (KHTML, like Gecko) Chrome/120.0.0.0 Safari/537.36"
20.200.222.0 - - [05/Apr/2026:21:23:15 +0200] "GET /wsa.php HTTP/1.1" 404 13204 "-" "Mozilla/5.0 (Windows NT 10.0; Win64; x64) AppleWebKit/537.36 (KHTML, like Gecko) Chrome/120.0.0.0 Safari/537.36"
185.191.171.11 - - [05/Apr/2026:21:23:34 +0200] "GET /tag/za-ribarite/page/27/ HTTP/1.1" 200 15440 "-" "Mozilla/5.0 (compatible; SemrushBot/7~bl; +http://www.semrush.com/bot.html)"
66.249.66.3 - - [05/Apr/2026:21:23:35 +0200] "GET /index.php?prizes/282550410 HTTP/1.1" 301 0 "-" "Mozilla/5.0 (Linux; Android 6.0.1; Nexus 5X Build/MMB29P) AppleWebKit/537.36 (KHTML, like Gecko) Chrome/146.0.7680.177 Mobile Safari/537.36 (compatible; Googlebot/2.1; +http://www.google.com/bot.html)"
66.249.66.41 - - [05/Apr/2026:21:23:36 +0200] "GET /?prizes/282550410 HTTP/1.1" 200 27503 "-" "Mozilla/5.0 (Linux; Android 6.0.1; Nexus 5X Build/MMB29P) AppleWebKit/537.36 (KHTML, like Gecko) Chrome/146.0.7680.177 Mobile Safari/537.36 (compatible; Googlebot/2.1; +http://www.google.com/bot.html)"
185.191.171.2 - - [05/Apr/2026:21:23:38 +0200] "GET /tag/%D1%80%D0%B8%D0%B1%D0%B8%D1%82%D0%B5/ HTTP/1.1" 200 13926 "-" "Mozilla/5.0 (compatible; SemrushBot/7~bl; +http://www.semrush.com/bot.html)"
161.97.137.93 - - [05/Apr/2026:21:23:40 +0200] "POST /wp-cron.php?doing_wp_cron=1775417020.3984420299530029296875 HTTP/1.1" 404 13204 "https://ribari.net/wp-cron.php?doing_wp_cron=1775417020.3984420299530029296875" "WordPress/4.9.13; https://ribari.net"
217.113.194.103 - - [05/Apr/2026:21:23:41 +0200] "GET /category/%D0%BD%D0%BE%D0%B2%D0%B8%D0%BD%D0%B8/page/4/ HTTP/1.1" 200 18780 "-" "Mozilla/5.0 (compatible; Barkrowler/0.9; +https://babbar.tech/crawler)"
66.249.66.65 - - [05/Apr/2026:21:23:42 +0200] "GET /wp-content/uploads/2020/04/92455267_956206011482124_762754370356903936_o-218x150.jpg HTTP/1.1" 200 10604 "-" "Googlebot-Image/1.0"
66.249.66.194 - - [05/Apr/2026:21:23:56 +0200] "GET /commoditys/076000748 HTTP/1.1" 404 13203 "-" "Mozilla/5.0 (Linux; Android 6.0.1; Nexus 5X Build/MMB29P) AppleWebKit/537.36 (KHTML, like Gecko) Chrome/146.0.7680.177 Mobile Safari/537.36 (compatible; Googlebot/2.1; +http://www.google.com/bot.html)"
161.97.137.93 - - [05/Apr/2026:21:24:55 +0200] "POST /wp-cron.php?doing_wp_cron=1775417094.6193990707397460937500 HTTP/1.1" 404 13203 "https://ribari.net/wp-cron.php?doing_wp_cron=1775417094.6193990707397460937500" "WordPress/4.9.13; https://ribari.net"
66.249.66.194 - - [05/Apr/2026:21:24:55 +0200] "GET /index.php?prizes/278654975 HTTP/1.1" 301 0 "-" "Mozilla/5.0 (Linux; Android 6.0.1; Nexus 5X Build/MMB29P) AppleWebKit/537.36 (KHTML, like Gecko) Chrome/146.0.7680.177 Mobile Safari/537.36 (compatible; Googlebot/2.1; +http://www.google.com/bot.html)"
66.249.66.195 - - [05/Apr/2026:21:24:56 +0200] "GET /?prizes/278654975 HTTP/1.1" 200 27640 "-" "Mozilla/5.0 (Linux; Android 6.0.1; Nexus 5X Build/MMB29P) AppleWebKit/537.36 (KHTML, like Gecko) Chrome/146.0.7680.177 Mobile Safari/537.36 (compatible; Googlebot/2.1; +http://www.google.com/bot.html)"
144.31.35.219 - - [05/Apr/2026:21:25:37 +0200] "GET /wp-content/uploads/2020/10/4f3535a7be8c440f8021a5bf1ac4ce2d-100x70.jpg%20100w,%20https://ribari.net/wp-content/uploads/2020/10/4f3535a7be8c440f8021a5bf1ac4ce2d-218x150.jpg%20218w HTTP/1.1" 301 0 "https://ribari.net/" "Mozilla/5.0 (Windows NT 10.0; Win64; x64) AppleWebKit/537.36 (KHTML, like Gecko) Chrome/104.0.5112.81 Safari/537.36"
66.249.66.2 - - [05/Apr/2026:21:25:43 +0200] "GET /?c=tsbiq29ru34okiecke HTTP/1.1" 200 28228 "-" "Mozilla/5.0 (Linux; Android 6.0.1; Nexus 5X Build/MMB29P) AppleWebKit/537.36 (KHTML, like Gecko) Chrome/146.0.7680.177 Mobile Safari/537.36 (compatible; Googlebot/2.1; +http://www.google.com/bot.html)"
161.97.137.93 - - [05/Apr/2026:21:26:23 +0200] "POST /wp-cron.php?doing_wp_cron=1775417182.6103420257568359375000 HTTP/1.1" 404 13203 "https://ribari.net/wp-cron.php?doing_wp_cron=1775417182.6103420257568359375000" "WordPress/4.9.13; https://ribari.net"
66.249.66.39 - - [05/Apr/2026:21:26:23 +0200] "GET /prizes/207635208 HTTP/1.1" 404 13203 "-" "Mozilla/5.0 (Linux; Android 6.0.1; Nexus 5X Build/MMB29P) AppleWebKit/537.36 (KHTML, like Gecko) Chrome/146.0.7680.177 Mobile Safari/537.36 (compatible; Googlebot/2.1; +http://www.google.com/bot.html)"
66.249.66.38 - - [05/Apr/2026:21:26:28 +0200] "GET /index.php?prizes/202502379 HTTP/1.1" 301 0 "-" "Mozilla/5.0 (Linux; Android 6.0.1; Nexus 5X Build/MMB29P) AppleWebKit/537.36 (KHTML, like Gecko) Chrome/146.0.7680.177 Mobile Safari/537.36 (compatible; Googlebot/2.1; +http://www.google.com/bot.html)"
66.249.66.204 - - [05/Apr/2026:21:26:30 +0200] "GET /?prizes/202502379 HTTP/1.1" 200 27698 "-" "Mozilla/5.0 (Linux; Android 6.0.1; Nexus 5X Build/MMB29P) AppleWebKit/537.36 (KHTML, like Gecko) Chrome/146.0.7680.177 Mobile Safari/537.36 (compatible; Googlebot/2.1; +http://www.google.com/bot.html)"
66.249.66.37 - - [05/Apr/2026:21:26:33 +0200] "GET /wp-content/uploads/2020/01/82930905_902963240139735_1601308831814516736_o-218x150.jpg HTTP/1.1" 200 11255 "-" "Googlebot-Image/1.0"
54.38.147.243 - - [05/Apr/2026:21:26:53 +0200] "GET /?sitemapindex.xml HTTP/1.1" 301 0 "-" "Mozilla/5.0 (compatible; AhrefsBot/7.0; +http://ahrefs.com/robot/)"
54.38.147.243 - - [05/Apr/2026:21:26:56 +0200] "GET /?sitemapindex_xml HTTP/1.1" 200 27423 "-" "Mozilla/5.0 (compatible; AhrefsBot/7.0; +http://ahrefs.com/robot/)"
161.97.137.93 - - [05/Apr/2026:21:27:30 +0200] "POST /wp-cron.php?doing_wp_cron=1775417250.0237638950347900390625 HTTP/1.1" 404 13202 "https://ribari.net/wp-cron.php?doing_wp_cron=1775417250.0237638950347900390625" "WordPress/4.9.13; https://ribari.net"
66.249.66.38 - - [05/Apr/2026:21:27:31 +0200] "GET /?q=ubtep10z541yruxhz HTTP/1.1" 200 27475 "-" "Mozilla/5.0 (Linux; Android 6.0.1; Nexus 5X Build/MMB29P) AppleWebKit/537.36 (KHTML, like Gecko) Chrome/146.0.7680.177 Mobile Safari/537.36 (compatible; Googlebot/2.1; +http://www.google.com/bot.html)"
217.113.194.111 - - [05/Apr/2026:21:27:37 +0200] "GET /category/%D0%BD%D0%BE%D0%B2%D0%B8%D0%BD%D0%B8/page/13/ HTTP/1.1" 200 18771 "-" "Mozilla/5.0 (compatible; Barkrowler/0.9; +https://babbar.tech/crawler)"
66.249.66.7 - - [05/Apr/2026:21:27:44 +0200] "GET /index.php?prizes/280367238 HTTP/1.1" 301 0 "-" "Mozilla/5.0 (Linux; Android 6.0.1; Nexus 5X Build/MMB29P) AppleWebKit/537.36 (KHTML, like Gecko) Chrome/146.0.7680.177 Mobile Safari/537.36 (compatible; Googlebot/2.1; +http://www.google.com/bot.html)"
66.249.66.37 - - [05/Apr/2026:21:27:47 +0200] "GET /?prizes/280367238 HTTP/1.1" 200 27408 "-" "Mozilla/5.0 (Linux; Android 6.0.1; Nexus 5X Build/MMB29P) AppleWebKit/537.36 (KHTML, like Gecko) Chrome/146.0.7680.177 Mobile Safari/537.36 (compatible; Googlebot/2.1; +http://www.google.com/bot.html)"
85.208.96.209 - - [05/Apr/2026:21:27:52 +0200] "GET /tag/%D1%80%D0%B8%D0%B1%D0%B0%D1%82%D0%B0-%D0%B8%D0%B7%D0%BC%D1%80%D1%8F/ HTTP/1.1" 200 13585 "-" "Mozilla/5.0 (compatible; SemrushBot/7~bl; +http://www.semrush.com/bot.html)"
161.97.137.93 - - [05/Apr/2026:21:28:40 +0200] "POST /wp-cron.php?doing_wp_cron=1775417319.9193820953369140625000 HTTP/1.1" 404 13203 "https://ribari.net/wp-cron.php?doing_wp_cron=1775417319.9193820953369140625000" "WordPress/4.9.13; https://ribari.net"
161.97.137.93 - - [05/Apr/2026:21:28:40 +0200] "POST /wp-cron.php?doing_wp_cron=1775417319.9090199470520019531250 HTTP/1.1" 404 13202 "https://ribari.net/wp-cron.php?doing_wp_cron=1775417319.9090199470520019531250" "WordPress/4.9.13; https://ribari.net"
216.73.216.119 - - [05/Apr/2026:21:28:40 +0200] "GET /?p=2693 HTTP/1.1" 301 0 "-" "Mozilla/5.0 AppleWebKit/537.36 (KHTML, like Gecko; compatible; ClaudeBot/1.0; +claudebot@anthropic.com)"
216.73.216.119 - - [05/Apr/2026:21:28:40 +0200] "GET /%d1%82%d1%80%d0%b8%d0%bc%d0%b0-%d1%80%d0%b8%d0%b1%d0%b0%d1%80%d0%b8-%d0%b5%d0%b4%d0%b8%d0%bd%d0%b8%d1%8f%d1%82-%d1%85%d0%b2%d0%b0%d1%89%d0%b0-%d0%b7%d0%bb%d0%b0%d1%82%d0%bd%d0%b0%d1%82%d0%b0-%d1%80/whatsapp:/send HTTP/1.1" 404 13507 "-" "Mozilla/5.0 AppleWebKit/537.36 (KHTML, like Gecko; compatible; ClaudeBot/1.0; +claudebot@anthropic.com)"
216.73.216.119 - - [05/Apr/2026:21:28:41 +0200] "GET /%d0%ba%d0%be%d0%b3%d0%b0-%d0%bf%d1%8a%d1%81%d1%82%d1%8a%d1%80%d0%b2%d0%b0%d1%82%d0%b0-%d0%b0%d1%82%d0%b0%d0%ba%d1%83%d0%b2%d0%b0/ HTTP/1.1" 200 26520 "https://ribari.net/?p=2693" "Mozilla/5.0 AppleWebKit/537.36 (KHTML, like Gecko; compatible; ClaudeBot/1.0; +claudebot@anthropic.com)"
66.249.66.192 - - [05/Apr/2026:21:28:52 +0200] "GET /?jp/021002956.html HTTP/1.1" 301 0 "-" "Mozilla/5.0 (Linux; Android 6.0.1; Nexus 5X Build/MMB29P) AppleWebKit/537.36 (KHTML, like Gecko) Chrome/146.0.7680.177 Mobile Safari/537.36 (compatible; Googlebot/2.1; +http://www.google.com/bot.html)"
66.249.66.37 - - [05/Apr/2026:21:28:54 +0200] "GET /?jp/021002956_html HTTP/1.1" 200 27746 "-" "Mozilla/5.0 (Linux; Android 6.0.1; Nexus 5X Build/MMB29P) AppleWebKit/537.36 (KHTML, like Gecko) Chrome/146.0.7680.177 Mobile Safari/537.36 (compatible; Googlebot/2.1; +http://www.google.com/bot.html)"
216.73.216.119 - - [05/Apr/2026:21:29:01 +0200] "GET /?p=14 HTTP/1.1" 301 0 "-" "Mozilla/5.0 AppleWebKit/537.36 (KHTML, like Gecko; compatible; ClaudeBot/1.0; +claudebot@anthropic.com)"
216.73.216.119 - - [05/Apr/2026:21:29:01 +0200] "GET /%d0%bf%d0%b5%d1%82-%d1%80%d0%b5%d1%86%d0%b5%d0%bf%d1%82%d0%b8-%d0%b7%d0%b0-%d1%81%d1%82%d1%80%d1%8a%d0%b2-%d0%b7%d0%b0-%d1%88%d0%b0%d1%80%d0%b0%d0%bd/ HTTP/1.1" 200 19178 "https://ribari.net/?p=14" "Mozilla/5.0 AppleWebKit/537.36 (KHTML, like Gecko; compatible; ClaudeBot/1.0; +claudebot@anthropic.com)"
216.73.216.119 - - [05/Apr/2026:21:29:11 +0200] "GET /%d1%80%d0%b8%d0%b1%d0%b0%d1%80%d0%b8-%d0%be%d0%ba%d1%83%d0%bf%d0%b8%d1%80%d0%b0%d1%82-%d0%b5%d0%b7%d0%b5%d1%80%d0%b0-%d0%b2-%d1%81%d0%be%d1%84%d0%b8%d1%8f/feed HTTP/1.1" 301 0 "-" "Mozilla/5.0 AppleWebKit/537.36 (KHTML, like Gecko; compatible; ClaudeBot/1.0; +claudebot@anthropic.com)"
216.73.216.119 - - [05/Apr/2026:21:29:12 +0200] "GET /%d1%80%d0%b8%d0%b1%d0%b0%d1%80%d0%b8-%d0%be%d0%ba%d1%83%d0%bf%d0%b8%d1%80%d0%b0%d1%82-%d0%b5%d0%b7%d0%b5%d1%80%d0%b0-%d0%b2-%d1%81%d0%be%d1%84%d0%b8%d1%8f/feed/ HTTP/1.1" 200 494 "https://ribari.net/%d1%80%d0%b8%d0%b1%d0%b0%d1%80%d0%b8-%d0%be%d0%ba%d1%83%d0%bf%d0%b8%d1%80%d0%b0%d1%82-%d0%b5%d0%b7%d0%b5%d1%80%d0%b0-%d0%b2-%d1%81%d0%be%d1%84%d0%b8%d1%8f/feed" "Mozilla/5.0 AppleWebKit/537.36 (KHTML, like Gecko; compatible; ClaudeBot/1.0; +claudebot@anthropic.com)"
216.73.216.119 - - [05/Apr/2026:21:29:12 +0200] "GET /?e=elwv184epnwq29205sckrhsjfs HTTP/1.1" 200 27577 "-" "Mozilla/5.0 AppleWebKit/537.36 (KHTML, like Gecko; compatible; ClaudeBot/1.0; +claudebot@anthropic.com)"
66.249.66.6 - - [05/Apr/2026:21:29:16 +0200] "GET /index.php?prizes/258925177 HTTP/1.1" 301 0 "-" "Mozilla/5.0 (Linux; Android 6.0.1; Nexus 5X Build/MMB29P) AppleWebKit/537.36 (KHTML, like Gecko) Chrome/146.0.7680.177 Mobile Safari/537.36 (compatible; Googlebot/2.1; +http://www.google.com/bot.html)"
66.249.66.6 - - [05/Apr/2026:21:29:17 +0200] "GET /commoditys/046000484 HTTP/1.1" 404 13203 "-" "Mozilla/5.0 (Linux; Android 6.0.1; Nexus 5X Build/MMB29P) AppleWebKit/537.36 (KHTML, like Gecko) Chrome/146.0.7680.177 Mobile Safari/537.36 (compatible; Googlebot/2.1; +http://www.google.com/bot.html)"
66.249.66.39 - - [05/Apr/2026:21:29:19 +0200] "GET /?prizes/258925177 HTTP/1.1" 200 28581 "-" "Mozilla/5.0 (Linux; Android 6.0.1; Nexus 5X Build/MMB29P) AppleWebKit/537.36 (KHTML, like Gecko) Chrome/146.0.7680.177 Mobile Safari/537.36 (compatible; Googlebot/2.1; +http://www.google.com/bot.html)"
72.63.249.107 - - [05/Apr/2026:21:29:19 +0200] "GET /wp-content/uploads/2019/11/333-9-218x150.jpg HTTP/1.1" 304 0 "-" "Mozilla/5.0 (compatible; crawler)"
66.249.66.7 - - [05/Apr/2026:21:29:25 +0200] "GET /wp-content/uploads/2020/02/%D1%8F%D0%B7%D0%BE%D0%B2%D0%B8%D1%80-%D0%A1%D1%82%D1%83%D0%B4%D0%B5%D0%BD%D0%B0-218x150.jpg HTTP/1.1" 200 15776 "-" "Googlebot-Image/1.0"
66.249.66.165 - - [05/Apr/2026:21:29:37 +0200] "GET /prizes/95744157 HTTP/1.1" 404 13203 "-" "Mozilla/5.0 (Linux; Android 6.0.1; Nexus 5X Build/MMB29P) AppleWebKit/537.36 (KHTML, like Gecko) Chrome/146.0.7680.177 Mobile Safari/537.36 (compatible; Googlebot/2.1; +http://www.google.com/bot.html)"
161.97.137.93 - - [05/Apr/2026:21:30:00 +0200] "POST /wp-cron.php?doing_wp_cron=1775417399.6203529834747314453125 HTTP/1.1" 404 13203 "https://ribari.net/wp-cron.php?doing_wp_cron=1775417399.6203529834747314453125" "WordPress/4.9.13; https://ribari.net"
66.249.66.204 - - [05/Apr/2026:21:30:00 +0200] "GET /index.php?prizes/144705733 HTTP/1.1" 301 0 "-" "Mozilla/5.0 (Linux; Android 6.0.1; Nexus 5X Build/MMB29P) AppleWebKit/537.36 (KHTML, like Gecko) Chrome/146.0.7680.177 Mobile Safari/537.36 (compatible; Googlebot/2.1; +http://www.google.com/bot.html)"
66.249.66.204 - - [05/Apr/2026:21:30:02 +0200] "GET /?prizes/144705733 HTTP/1.1" 502 552 "-" "Mozilla/5.0 (Linux; Android 6.0.1; Nexus 5X Build/MMB29P) AppleWebKit/537.36 (KHTML, like Gecko) Chrome/146.0.7680.177 Mobile Safari/537.36 (compatible; Googlebot/2.1; +http://www.google.com/bot.html)"
66.249.66.6 - - [05/Apr/2026:21:30:18 +0200] "GET /index.php?prizes/132739773 HTTP/1.1" 301 0 "-" "Mozilla/5.0 (Linux; Android 6.0.1; Nexus 5X Build/MMB29P) AppleWebKit/537.36 (KHTML, like Gecko) Chrome/146.0.7680.177 Mobile Safari/537.36 (compatible; Googlebot/2.1; +http://www.google.com/bot.html)"
66.249.66.69 - - [05/Apr/2026:21:30:20 +0200] "GET /?prizes/132739773 HTTP/1.1" 200 27664 "-" "Mozilla/5.0 (Linux; Android 6.0.1; Nexus 5X Build/MMB29P) AppleWebKit/537.36 (KHTML, like Gecko) Chrome/146.0.7680.177 Mobile Safari/537.36 (compatible; Googlebot/2.1; +http://www.google.com/bot.html)"
66.249.66.69 - - [05/Apr/2026:21:30:25 +0200] "GET /index.php?prizes/303186955 HTTP/1.1" 301 0 "-" "Mozilla/5.0 (Linux; Android 6.0.1; Nexus 5X Build/MMB29P) AppleWebKit/537.36 (KHTML, like Gecko) Chrome/146.0.7680.177 Mobile Safari/537.36 (compatible; Googlebot/2.1; +http://www.google.com/bot.html)"
66.249.66.6 - - [05/Apr/2026:21:30:27 +0200] "GET /?prizes/303186955 HTTP/1.1" 200 27131 "-" "Mozilla/5.0 (Linux; Android 6.0.1; Nexus 5X Build/MMB29P) AppleWebKit/537.36 (KHTML, like Gecko) Chrome/146.0.7680.177 Mobile Safari/537.36 (compatible; Googlebot/2.1; +http://www.google.com/bot.html)"
216.73.216.119 - - [05/Apr/2026:21:30:32 +0200] "GET /?p=2369 HTTP/1.1" 301 0 "-" "Mozilla/5.0 AppleWebKit/537.36 (KHTML, like Gecko; compatible; ClaudeBot/1.0; +claudebot@anthropic.com)"
66.249.66.6 - - [05/Apr/2026:21:30:33 +0200] "GET /prizes/93955743 HTTP/1.1" 404 13203 "-" "Mozilla/5.0 (Linux; Android 6.0.1; Nexus 5X Build/MMB29P) AppleWebKit/537.36 (KHTML, like Gecko) Chrome/146.0.7680.177 Mobile Safari/537.36 (compatible; Googlebot/2.1; +http://www.google.com/bot.html)"
216.73.216.119 - - [05/Apr/2026:21:30:33 +0200] "GET /%d1%80%d1%8a%d1%87%d0%bd%d0%be-%d0%bd%d0%b0%d0%bf%d1%80%d0%b0%d0%b2%d0%b5%d0%bd%d0%b8-%d0%ba%d1%83%d0%ba%d0%b8-%d0%b7%d0%b0-%d1%80%d0%b8%d0%b1%d0%be%d0%bb%d0%be%d0%b2/ HTTP/1.1" 200 20451 "https://ribari.net/?p=2369" "Mozilla/5.0 AppleWebKit/537.36 (KHTML, like Gecko; compatible; ClaudeBot/1.0; +claudebot@anthropic.com)"
100.36.98.55 - - [05/Apr/2026:21:30:53 +0200] "GET /wp-login.php HTTP/1.1" 302 0 "-" "Mozilla/5.0 (Windows NT 6.1; Win64; x64) AppleWebKit/537.36 (KHTML, like Gecko) Chrome/65.0.3325.181 Safari/537.36 OPR/52.0.2871.64"
100.36.98.55 - - [05/Apr/2026:21:30:54 +0200] "GET /wp-login.php HTTP/1.1" 302 0 "https://ribari.net/wp-login.php" "Mozilla/5.0 (Windows NT 6.1; Win64; x64) AppleWebKit/537.36 (KHTML, like Gecko) Chrome/65.0.3325.181 Safari/537.36 OPR/52.0.2871.64"
216.73.216.119 - - [05/Apr/2026:21:30:54 +0200] "GET /%d0%bf%d0%b5%d1%82-%d1%80%d0%b5%d1%86%d0%b5%d0%bf%d1%82%d0%b8-%d0%b7%d0%b0-%d1%81%d1%82%d1%80%d1%8a%d0%b2-%d0%b7%d0%b0-%d1%88%d0%b0%d1%80%d0%b0%d0%bd/feed HTTP/1.1" 301 0 "-" "Mozilla/5.0 AppleWebKit/537.36 (KHTML, like Gecko; compatible; ClaudeBot/1.0; +claudebot@anthropic.com)"
216.73.216.119 - - [05/Apr/2026:21:30:55 +0200] "GET /%d0%bf%d0%b5%d1%82-%d1%80%d0%b5%d1%86%d0%b5%d0%bf%d1%82%d0%b8-%d0%b7%d0%b0-%d1%81%d1%82%d1%80%d1%8a%d0%b2-%d0%b7%d0%b0-%d1%88%d0%b0%d1%80%d0%b0%d0%bd/feed/ HTTP/1.1" 200 499 "https://ribari.net/%d0%bf%d0%b5%d1%82-%d1%80%d0%b5%d1%86%d0%b5%d0%bf%d1%82%d0%b8-%d0%b7%d0%b0-%d1%81%d1%82%d1%80%d1%8a%d0%b2-%d0%b7%d0%b0-%d1%88%d0%b0%d1%80%d0%b0%d0%bd/feed" "Mozilla/5.0 AppleWebKit/537.36 (KHTML, like Gecko; compatible; ClaudeBot/1.0; +claudebot@anthropic.com)"
100.36.98.55 - - [05/Apr/2026:21:30:55 +0200] "GET /wp-login.php HTTP/1.1" 302 0 "https://ribari.net/wp-login.php" "Mozilla/5.0 (Windows NT 6.1; Win64; x64) AppleWebKit/537.36 (KHTML, like Gecko) Chrome/65.0.3325.181 Safari/537.36 OPR/52.0.2871.64"
100.36.98.55 - - [05/Apr/2026:21:30:56 +0200] "GET /wp-login.php HTTP/1.1" 302 0 "https://ribari.net/wp-login.php" "Mozilla/5.0 (Windows NT 6.1; Win64; x64) AppleWebKit/537.36 (KHTML, like Gecko) Chrome/65.0.3325.181 Safari/537.36 OPR/52.0.2871.64"
100.36.98.55 - - [05/Apr/2026:21:30:56 +0200] "GET /wp-login.php HTTP/1.1" 302 0 "https://ribari.net/wp-login.php" "Mozilla/5.0 (Windows NT 6.1; Win64; x64) AppleWebKit/537.36 (KHTML, like Gecko) Chrome/65.0.3325.181 Safari/537.36 OPR/52.0.2871.64"
100.36.98.55 - - [05/Apr/2026:21:30:58 +0200] "GET /wp-login.php HTTP/1.1" 302 0 "https://ribari.net/wp-login.php" "Mozilla/5.0 (Windows NT 6.1; Win64; x64) AppleWebKit/537.36 (KHTML, like Gecko) Chrome/65.0.3325.181 Safari/537.36 OPR/52.0.2871.64"
100.36.98.55 - - [05/Apr/2026:21:30:59 +0200] "GET /wp-login.php HTTP/1.1" 302 0 "https://ribari.net/wp-login.php" "Mozilla/5.0 (Windows NT 6.1; Win64; x64) AppleWebKit/537.36 (KHTML, like Gecko) Chrome/65.0.3325.181 Safari/537.36 OPR/52.0.2871.64"
161.97.137.93 - - [05/Apr/2026:21:31:00 +0200] "POST /wp-cron.php?doing_wp_cron=1775417460.0157039165496826171875 HTTP/1.1" 404 13202 "https://ribari.net/wp-cron.php?doing_wp_cron=1775417460.0157039165496826171875" "WordPress/4.9.13; https://ribari.net"
100.36.98.55 - - [05/Apr/2026:21:31:00 +0200] "GET /wp-login.php HTTP/1.1" 302 0 "https://ribari.net/wp-login.php" "Mozilla/5.0 (Windows NT 6.1; Win64; x64) AppleWebKit/537.36 (KHTML, like Gecko) Chrome/65.0.3325.181 Safari/537.36 OPR/52.0.2871.64"
100.36.98.55 - - [05/Apr/2026:21:31:04 +0200] "GET /wp-login.php HTTP/1.1" 502 552 "https://ribari.net/wp-login.php" "Mozilla/5.0 (Windows NT 6.1; Win64; x64) AppleWebKit/537.36 (KHTML, like Gecko) Chrome/65.0.3325.181 Safari/537.36 OPR/52.0.2871.64"
66.249.66.37 - - [05/Apr/2026:21:31:04 +0200] "GET /?p=jnru22oda117rnabazvf HTTP/1.1" 502 552 "-" "Mozilla/5.0 (Linux; Android 6.0.1; Nexus 5X Build/MMB29P) AppleWebKit/537.36 (KHTML, like Gecko) Chrome/146.0.7680.177 Mobile Safari/537.36 (compatible; Googlebot/2.1; +http://www.google.com/bot.html)"
100.36.98.55 - - [05/Apr/2026:21:31:05 +0200] "POST /wp-login.php HTTP/1.1" 302 0 "https://ribari.net/wp-login.php" "Mozilla/5.0 (Windows NT 6.1; Win64; x64) AppleWebKit/537.36 (KHTML, like Gecko) Chrome/65.0.3325.181 Safari/537.36 OPR/52.0.2871.64"
100.36.98.55 - - [05/Apr/2026:21:31:07 +0200] "GET /wp-login.php HTTP/1.1" 302 0 "https://ribari.net/wp-login.php" "Mozilla/5.0 (Windows NT 6.1; Win64; x64) AppleWebKit/537.36 (KHTML, like Gecko) Chrome/65.0.3325.181 Safari/537.36 OPR/52.0.2871.64"
100.36.98.55 - - [05/Apr/2026:21:31:08 +0200] "GET /wp-login.php HTTP/1.1" 302 0 "https://ribari.net/wp-login.php" "Mozilla/5.0 (Windows NT 6.1; Win64; x64) AppleWebKit/537.36 (KHTML, like Gecko) Chrome/65.0.3325.181 Safari/537.36 OPR/52.0.2871.64"
100.36.98.55 - - [05/Apr/2026:21:31:09 +0200] "GET /wp-login.php HTTP/1.1" 302 0 "https://ribari.net/wp-login.php" "Mozilla/5.0 (Windows NT 6.1; Win64; x64) AppleWebKit/537.36 (KHTML, like Gecko) Chrome/65.0.3325.181 Safari/537.36 OPR/52.0.2871.64"
100.36.98.55 - - [05/Apr/2026:21:31:10 +0200] "GET /wp-login.php HTTP/1.1" 302 0 "https://ribari.net/wp-login.php" "Mozilla/5.0 (Windows NT 6.1; Win64; x64) AppleWebKit/537.36 (KHTML, like Gecko) Chrome/65.0.3325.181 Safari/537.36 OPR/52.0.2871.64"
100.36.98.55 - - [05/Apr/2026:21:31:11 +0200] "GET /wp-login.php HTTP/1.1" 302 0 "https://ribari.net/wp-login.php" "Mozilla/5.0 (Windows NT 6.1; Win64; x64) AppleWebKit/537.36 (KHTML, like Gecko) Chrome/65.0.3325.181 Safari/537.36 OPR/52.0.2871.64"
100.36.98.55 - - [05/Apr/2026:21:31:11 +0200] "GET /wp-login.php HTTP/1.1" 302 0 "https://ribari.net/wp-login.php" "Mozilla/5.0 (Windows NT 6.1; Win64; x64) AppleWebKit/537.36 (KHTML, like Gecko) Chrome/65.0.3325.181 Safari/537.36 OPR/52.0.2871.64"
100.36.98.55 - - [05/Apr/2026:21:31:13 +0200] "GET /wp-login.php HTTP/1.1" 302 0 "https://ribari.net/wp-login.php" "Mozilla/5.0 (Windows NT 6.1; Win64; x64) AppleWebKit/537.36 (KHTML, like Gecko) Chrome/65.0.3325.181 Safari/537.36 OPR/52.0.2871.64"
100.36.98.55 - - [05/Apr/2026:21:31:13 +0200] "GET /wp-login.php HTTP/1.1" 302 0 "https://ribari.net/wp-login.php" "Mozilla/5.0 (Windows NT 6.1; Win64; x64) AppleWebKit/537.36 (KHTML, like Gecko) Chrome/65.0.3325.181 Safari/537.36 OPR/52.0.2871.64"
100.36.98.55 - - [05/Apr/2026:21:31:14 +0200] "GET /wp-login.php HTTP/1.1" 302 0 "https://ribari.net/wp-login.php" "Mozilla/5.0 (Windows NT 6.1; Win64; x64) AppleWebKit/537.36 (KHTML, like Gecko) Chrome/65.0.3325.181 Safari/537.36 OPR/52.0.2871.64"
217.113.194.107 - - [05/Apr/2026:21:31:34 +0200] "GET /category/%D0%BD%D0%BE%D0%B2%D0%B8%D0%BD%D0%B8/page/16/ HTTP/1.1" 200 18842 "-" "Mozilla/5.0 (compatible; Barkrowler/0.9; +https://babbar.tech/crawler)"
152.32.145.147 - - [05/Apr/2026:21:31:51 +0200] "POST /wp-login.php HTTP/1.1" 302 0 "-" "Mozilla/5.0"
152.32.145.147 - - [05/Apr/2026:21:31:51 +0200] "POST /wp-login.php HTTP/1.1" 302 0 "-" "Mozilla/5.0"
216.73.216.119 - - [05/Apr/2026:21:32:16 +0200] "GET /wp-content/?C=M&O=A HTTP/1.1" 200 1802 "-" "Mozilla/5.0 AppleWebKit/537.36 (KHTML, like Gecko; compatible; ClaudeBot/1.0; +claudebot@anthropic.com)"
161.97.137.93 - - [05/Apr/2026:21:32:25 +0200] "POST /wp-cron.php?doing_wp_cron=1775417545.0039141178131103515625 HTTP/1.1" 404 13203 "https://ribari.net/wp-cron.php?doing_wp_cron=1775417545.0039141178131103515625" "WordPress/4.9.13; https://ribari.net"
66.249.66.204 - - [05/Apr/2026:21:32:25 +0200] "GET /index.php?prizes/264604521 HTTP/1.1" 301 0 "-" "Mozilla/5.0 (Linux; Android 6.0.1; Nexus 5X Build/MMB29P) AppleWebKit/537.36 (KHTML, like Gecko) Chrome/146.0.7680.177 Mobile Safari/537.36 (compatible; Googlebot/2.1; +http://www.google.com/bot.html)"
66.249.66.70 - - [05/Apr/2026:21:32:26 +0200] "GET /index.php?prizes/66915026 HTTP/1.1" 301 0 "-" "Mozilla/5.0 (Linux; Android 6.0.1; Nexus 5X Build/MMB29P) AppleWebKit/537.36 (KHTML, like Gecko) Chrome/146.0.7680.177 Mobile Safari/537.36 (compatible; Googlebot/2.1; +http://www.google.com/bot.html)"
66.249.66.37 - - [05/Apr/2026:21:32:27 +0200] "GET /?prizes/264604521 HTTP/1.1" 200 27324 "-" "Mozilla/5.0 (Linux; Android 6.0.1; Nexus 5X Build/MMB29P) AppleWebKit/537.36 (KHTML, like Gecko) Chrome/146.0.7680.177 Mobile Safari/537.36 (compatible; Googlebot/2.1; +http://www.google.com/bot.html)"
66.249.66.70 - - [05/Apr/2026:21:32:28 +0200] "GET /?prizes/66915026 HTTP/1.1" 200 27411 "-" "Mozilla/5.0 (Linux; Android 6.0.1; Nexus 5X Build/MMB29P) AppleWebKit/537.36 (KHTML, like Gecko) Chrome/146.0.7680.177 Mobile Safari/537.36 (compatible; Googlebot/2.1; +http://www.google.com/bot.html)"
66.249.66.37 - - [05/Apr/2026:21:32:51 +0200] "GET /?c=gmxei81hbinb284rndridxx HTTP/1.1" 200 27619 "-" "Mozilla/5.0 (Linux; Android 6.0.1; Nexus 5X Build/MMB29P) AppleWebKit/537.36 (KHTML, like Gecko) Chrome/146.0.7680.177 Mobile Safari/537.36 (compatible; Googlebot/2.1; +http://www.google.com/bot.html)"
216.73.216.119 - - [05/Apr/2026:21:33:01 +0200] "GET /%d0%ba%d0%be%d0%b3%d0%b0-%d0%bf%d1%8a%d1%81%d1%82%d1%8a%d1%80%d0%b2%d0%b0%d1%82%d0%b0-%d0%b0%d1%82%d0%b0%d0%ba%d1%83%d0%b2%d0%b0/whatsapp:/send HTTP/1.1" 404 13509 "-" "Mozilla/5.0 AppleWebKit/537.36 (KHTML, like Gecko; compatible; ClaudeBot/1.0; +claudebot@anthropic.com)"
66.249.66.37 - - [05/Apr/2026:21:33:16 +0200] "GET /index.php?prizes/310407107 HTTP/1.1" 301 0 "-" "Mozilla/5.0 (Linux; Android 6.0.1; Nexus 5X Build/MMB29P) AppleWebKit/537.36 (KHTML, like Gecko) Chrome/146.0.7680.177 Mobile Safari/537.36 (compatible; Googlebot/2.1; +http://www.google.com/bot.html)"
66.249.66.70 - - [05/Apr/2026:21:33:17 +0200] "GET /?prizes/310407107 HTTP/1.1" 200 27872 "-" "Mozilla/5.0 (Linux; Android 6.0.1; Nexus 5X Build/MMB29P) AppleWebKit/537.36 (KHTML, like Gecko) Chrome/146.0.7680.177 Mobile Safari/537.36 (compatible; Googlebot/2.1; +http://www.google.com/bot.html)"
85.208.96.193 - - [05/Apr/2026:21:33:22 +0200] "GET /tag/%D1%80%D0%B8%D0%B1%D0%BE%D0%BB%D0%BE%D0%B2%D0%BD%D0%B8%D1%8F%D1%82-%D0%BF%D1%80%D1%8A%D1%82/ HTTP/1.1" 200 13575 "-" "Mozilla/5.0 (compatible; SemrushBot/7~bl; +http://www.semrush.com/bot.html)"
216.73.216.119 - - [05/Apr/2026:21:33:27 +0200] "GET /?p=4295 HTTP/1.1" 301 0 "-" "Mozilla/5.0 AppleWebKit/537.36 (KHTML, like Gecko; compatible; ClaudeBot/1.0; +claudebot@anthropic.com)"
161.97.137.93 - - [05/Apr/2026:21:33:27 +0200] "POST /wp-cron.php?doing_wp_cron=1775417607.5686609745025634765625 HTTP/1.1" 404 13203 "https://ribari.net/wp-cron.php?doing_wp_cron=1775417607.5686609745025634765625" "WordPress/4.9.13; https://ribari.net"
216.73.216.119 - - [05/Apr/2026:21:33:28 +0200] "GET /%d1%88%d0%b0%d1%80%d0%b0%d0%bd-cyprinus-carpio HTTP/1.1" 301 0 "-" "Mozilla/5.0 AppleWebKit/537.36 (KHTML, like Gecko; compatible; ClaudeBot/1.0; +claudebot@anthropic.com)"
216.73.216.119 - - [05/Apr/2026:21:33:28 +0200] "GET /%d1%80%d0%b8%d0%b1%d0%b0%d1%80%d0%b8-%d0%be%d0%ba%d1%83%d0%bf%d0%b8%d1%80%d0%b0%d1%82-%d0%b5%d0%b7%d0%b5%d1%80%d0%b0-%d0%b2-%d1%81%d0%be%d1%84%d0%b8%d1%8f/ HTTP/1.1" 200 19818 "https://ribari.net/?p=4295" "Mozilla/5.0 AppleWebKit/537.36 (KHTML, like Gecko; compatible; ClaudeBot/1.0; +claudebot@anthropic.com)"
216.73.216.119 - - [05/Apr/2026:21:33:28 +0200] "GET /%d1%88%d0%b0%d1%80%d0%b0%d0%bd-cyprinus-carpio/ HTTP/1.1" 200 19965 "https://ribari.net/%d1%88%d0%b0%d1%80%d0%b0%d0%bd-cyprinus-carpio" "Mozilla/5.0 AppleWebKit/537.36 (KHTML, like Gecko; compatible; ClaudeBot/1.0; +claudebot@anthropic.com)"
216.73.216.119 - - [05/Apr/2026:21:33:37 +0200] "GET /%d0%ba%d0%be%d0%b3%d0%b0-%d0%bf%d1%8a%d1%81%d1%82%d1%8a%d1%80%d0%b2%d0%b0%d1%82%d0%b0-%d0%b0%d1%82%d0%b0%d0%ba%d1%83%d0%b2%d0%b0/feed HTTP/1.1" 301 0 "-" "Mozilla/5.0 AppleWebKit/537.36 (KHTML, like Gecko; compatible; ClaudeBot/1.0; +claudebot@anthropic.com)"
216.73.216.119 - - [05/Apr/2026:21:33:38 +0200] "GET /%d0%ba%d0%be%d0%b3%d0%b0-%d0%bf%d1%8a%d1%81%d1%82%d1%8a%d1%80%d0%b2%d0%b0%d1%82%d0%b0-%d0%b0%d1%82%d0%b0%d0%ba%d1%83%d0%b2%d0%b0/feed/ HTTP/1.1" 200 481 "https://ribari.net/%d0%ba%d0%be%d0%b3%d0%b0-%d0%bf%d1%8a%d1%81%d1%82%d1%8a%d1%80%d0%b2%d0%b0%d1%82%d0%b0-%d0%b0%d1%82%d0%b0%d0%ba%d1%83%d0%b2%d0%b0/feed" "Mozilla/5.0 AppleWebKit/537.36 (KHTML, like Gecko; compatible; ClaudeBot/1.0; +claudebot@anthropic.com)"
66.249.66.70 - - [05/Apr/2026:21:33:44 +0200] "GET /index.php?prizes/275125521 HTTP/1.1" 301 0 "-" "Mozilla/5.0 (Linux; Android 6.0.1; Nexus 5X Build/MMB29P) AppleWebKit/537.36 (KHTML, like Gecko) Chrome/146.0.7680.177 Mobile Safari/537.36 (compatible; Googlebot/2.1; +http://www.google.com/bot.html)"
66.249.66.192 - - [05/Apr/2026:21:33:45 +0200] "GET /?prizes/275125521 HTTP/1.1" 200 28489 "-" "Mozilla/5.0 (Linux; Android 6.0.1; Nexus 5X Build/MMB29P) AppleWebKit/537.36 (KHTML, like Gecko) Chrome/146.0.7680.177 Mobile Safari/537.36 (compatible; Googlebot/2.1; +http://www.google.com/bot.html)"
45.239.148.226 - - [05/Apr/2026:21:33:50 +0200] "GET /wp-login.php HTTP/1.1" 302 0 "-" "Mozilla/4.0 (compatible; MSIE 7.0; Windows NT 6.1; Win64; x64; Trident/7.0; .NET CLR 2.0.50727; SLCC2; .NET CLR 3.5.30729; .NET CLR 3.0.30729; Media Center PC 6.0; .NET4.0C; .NET4.0E; Tablet PC 2.0)"
