52.167.144.137 - - [05/Apr/2026:18:42:50 +0200] "GET /wp-content/uploads/2020/01/10273-original2-1417741429-265x198.jpg HTTP/1.1" 200 21565 "-" "Mozilla/5.0 AppleWebKit/537.36 (KHTML, like Gecko; compatible; bingbot/2.0; +http://www.bing.com/bingbot.htm) Chrome/116.0.1938.76 Safari/537.36"
161.97.137.93 - - [05/Apr/2026:18:42:54 +0200] "POST /wp-cron.php?doing_wp_cron=1775407373.7829499244689941406250 HTTP/1.1" 404 13201 "https://ribari.net/wp-cron.php?doing_wp_cron=1775407373.7829499244689941406250" "WordPress/4.9.13; https://ribari.net"
66.249.66.65 - - [05/Apr/2026:18:42:54 +0200] "GET /prizes/127973834 HTTP/1.1" 404 13203 "-" "Mozilla/5.0 (Linux; Android 6.0.1; Nexus 5X Build/MMB29P) AppleWebKit/537.36 (KHTML, like Gecko) Chrome/146.0.7680.177 Mobile Safari/537.36 (compatible; Googlebot/2.1; +http://www.google.com/bot.html)"
66.249.66.65 - - [05/Apr/2026:18:42:54 +0200] "GET /commoditys/146014580 HTTP/1.1" 404 13203 "-" "Mozilla/5.0 (Linux; Android 6.0.1; Nexus 5X Build/MMB29P) AppleWebKit/537.36 (KHTML, like Gecko) Chrome/146.0.7680.177 Mobile Safari/537.36 (compatible; Googlebot/2.1; +http://www.google.com/bot.html)"
66.249.66.194 - - [05/Apr/2026:18:43:04 +0200] "GET /commoditys/035001581 HTTP/1.1" 404 13203 "-" "Mozilla/5.0 (Linux; Android 6.0.1; Nexus 5X Build/MMB29P) AppleWebKit/537.36 (KHTML, like Gecko) Chrome/146.0.7680.177 Mobile Safari/537.36 (compatible; Googlebot/2.1; +http://www.google.com/bot.html)"
66.249.66.2 - - [05/Apr/2026:18:43:09 +0200] "GET /%D1%82%D0%B5%D1%81%D1%82%D0%BE-%D0%B7%D0%B0-%D1%81%D1%82%D1%80%D1%8A%D0%B2-%D0%BB%D0%B0%D0%BA%D0%BE%D0%BC%D1%81%D1%82%D0%B2%D0%BE-%D0%B7%D0%B0-%D0%B2%D1%81%D0%B8%D1%87%D0%BA%D0%B8-%D1%80%D0%B8%D0%B1/feed/ HTTP/1.1" 200 579 "-" "Mozilla/5.0 (Linux; Android 6.0.1; Nexus 5X Build/MMB29P) AppleWebKit/537.36 (KHTML, like Gecko) Chrome/146.0.7680.177 Mobile Safari/537.36 (compatible; Googlebot/2.1; +http://www.google.com/bot.html)"
66.249.66.194 - - [05/Apr/2026:18:43:23 +0200] "GET /?detail/0260013475481 HTTP/1.1" 200 27421 "-" "Mozilla/5.0 (Linux; Android 6.0.1; Nexus 5X Build/MMB29P) AppleWebKit/537.36 (KHTML, like Gecko) Chrome/146.0.7680.177 Mobile Safari/537.36 (compatible; Googlebot/2.1; +http://www.google.com/bot.html)"
103.172.92.25 - - [05/Apr/2026:18:43:24 +0200] "GET /wp-login.php HTTP/1.1" 302 0 "-" "Mozilla/5.0 (Macintosh; Intel Mac OS X 10_11_6) AppleWebKit/605.1.15 (KHTML, like Gecko) Version/11.1 Safari/605.1.15"
114.119.150.33 - - [05/Apr/2026:18:43:25 +0200] "GET /wp-content/themes/Newspaper/includes/shortcodes/td_block_trending_now.php HTTP/1.1" 500 0 "https://ribari.net/wp-content/themes/Newspaper/includes/shortcodes/?C=D%3BO%3DA" "Mozilla/5.0 (Linux; Android 7.0;) AppleWebKit/537.36 (KHTML, like Gecko) Mobile Safari/537.36 (compatible; PetalBot;+https://webmaster.petalsearch.com/site/petalbot)"
103.172.92.25 - - [05/Apr/2026:18:43:26 +0200] "GET /wp-login.php HTTP/1.1" 302 0 "https://ribari.net/wp-login.php" "Mozilla/5.0 (Macintosh; Intel Mac OS X 10_11_6) AppleWebKit/605.1.15 (KHTML, like Gecko) Version/11.1 Safari/605.1.15"
103.172.92.25 - - [05/Apr/2026:18:43:28 +0200] "GET /wp-login.php HTTP/1.1" 302 0 "https://ribari.net/wp-login.php" "Mozilla/5.0 (Macintosh; Intel Mac OS X 10_11_6) AppleWebKit/605.1.15 (KHTML, like Gecko) Version/11.1 Safari/605.1.15"
66.249.66.161 - - [05/Apr/2026:18:43:28 +0200] "GET /?v=guhqj94yhese517zauankfs HTTP/1.1" 200 27264 "-" "Mozilla/5.0 (Linux; Android 6.0.1; Nexus 5X Build/MMB29P) AppleWebKit/537.36 (KHTML, like Gecko) Chrome/146.0.7680.177 Mobile Safari/537.36 (compatible; Googlebot/2.1; +http://www.google.com/bot.html)"
103.172.92.25 - - [05/Apr/2026:18:43:29 +0200] "GET /wp-login.php HTTP/1.1" 302 0 "https://ribari.net/wp-login.php" "Mozilla/5.0 (Macintosh; Intel Mac OS X 10_11_6) AppleWebKit/605.1.15 (KHTML, like Gecko) Version/11.1 Safari/605.1.15"
116.179.32.234 - - [05/Apr/2026:18:43:32 +0200] "GET /wp-content/uploads/2020/04/tgtgtgtg-100x70.png HTTP/1.1" 200 16166 "-" "Baiduspider-image+(+http://www.baidu.com/search/spider.htm)"
66.249.66.41 - - [05/Apr/2026:18:43:36 +0200] "GET /?k=pyg47krxn928bndzbnfu HTTP/1.1" 200 28319 "-" "Mozilla/5.0 (Linux; Android 6.0.1; Nexus 5X Build/MMB29P) AppleWebKit/537.36 (KHTML, like Gecko) Chrome/146.0.7680.177 Mobile Safari/537.36 (compatible; Googlebot/2.1; +http://www.google.com/bot.html)"
66.249.66.65 - - [05/Apr/2026:18:43:40 +0200] "GET /wp-content/plugins/contact-form-7/includes/js/scripts.js?ver=5.1.4 HTTP/1.1" 304 0 "https://ribari.net/?k=pyg47krxn928bndzbnfu" "Mozilla/5.0 (Linux; Android 6.0.1; Nexus 5X Build/MMB29P) AppleWebKit/537.36 (KHTML, like Gecko) Chrome/146.0.7680.177 Mobile Safari/537.36 (compatible; Googlebot/2.1; +http://www.google.com/bot.html)"
161.97.137.93 - - [05/Apr/2026:18:43:57 +0200] "POST /wp-cron.php?doing_wp_cron=1775407436.7754240036010742187500 HTTP/1.1" 404 13202 "https://ribari.net/wp-cron.php?doing_wp_cron=1775407436.7754240036010742187500" "WordPress/4.9.13; https://ribari.net"
66.249.66.41 - - [05/Apr/2026:18:43:58 +0200] "GET /?r=cnxc63zyuk306vkeesomdkv HTTP/1.1" 200 27984 "-" "Mozilla/5.0 (Linux; Android 6.0.1; Nexus 5X Build/MMB29P) AppleWebKit/537.36 (KHTML, like Gecko) Chrome/146.0.7680.177 Mobile Safari/537.36 (compatible; Googlebot/2.1; +http://www.google.com/bot.html)"
85.208.96.198 - - [05/Apr/2026:18:44:01 +0200] "GET /tag/%D1%89%D1%83%D0%BA%D0%B0%D1%80%D1%81%D0%BA%D0%B8-%D1%80%D0%B8%D0%B1%D0%BE%D0%BB%D0%BE%D0%B2/ HTTP/1.1" 200 13650 "-" "Mozilla/5.0 (compatible; SemrushBot/7~bl; +http://www.semrush.com/bot.html)"
66.249.66.65 - - [05/Apr/2026:18:44:25 +0200] "GET /commoditys/004000450 HTTP/1.1" 404 13204 "-" "Mozilla/5.0 (Linux; Android 6.0.1; Nexus 5X Build/MMB29P) AppleWebKit/537.36 (KHTML, like Gecko) Chrome/146.0.7680.177 Mobile Safari/537.36 (compatible; Googlebot/2.1; +http://www.google.com/bot.html)"
66.249.66.2 - - [05/Apr/2026:18:44:39 +0200] "GET /?n=kxl4nw581emhlnpxtl HTTP/1.1" 200 27081 "-" "Mozilla/5.0 (Linux; Android 6.0.1; Nexus 5X Build/MMB29P) AppleWebKit/537.36 (KHTML, like Gecko) Chrome/146.0.7680.177 Mobile Safari/537.36 (compatible; Googlebot/2.1; +http://www.google.com/bot.html)"
20.215.220.176 - - [05/Apr/2026:18:44:47 +0200] "GET /%D1%85%D0%B2%D0%B0%D0%BD%D0%B0%D1%85%D0%B0-%D1%80%D0%B8%D0%B1%D0%B0%D1%80-%D1%81-%D0%BD%D0%B0%D0%B4-27-%D0%BA%D0%B8%D0%BB%D0%BE%D0%B3%D1%80%D0%B0%D0%BC%D0%B0-%D0%BA%D0%B0%D0%BB%D0%BA%D0%B0%D0%BD/ HTTP/1.1" 200 20663 "-" "Mozilla/5.0 AppleWebKit/537.36 (KHTML, like Gecko); compatible; ChatGPT-User/1.0; +https://openai.com/bot"
66.249.66.194 - - [05/Apr/2026:18:44:49 +0200] "GET /?i=hzdr91asf36nsuiqifykg HTTP/1.1" 200 27537 "-" "Mozilla/5.0 (Linux; Android 6.0.1; Nexus 5X Build/MMB29P) AppleWebKit/537.36 (KHTML, like Gecko) Chrome/146.0.7680.177 Mobile Safari/537.36 (compatible; Googlebot/2.1; +http://www.google.com/bot.html)"
161.97.137.93 - - [05/Apr/2026:18:44:59 +0200] "POST /wp-cron.php?doing_wp_cron=1775407499.2484090328216552734375 HTTP/1.1" 404 13203 "https://ribari.net/wp-cron.php?doing_wp_cron=1775407499.2484090328216552734375" "WordPress/4.9.13; https://ribari.net"
66.249.66.2 - - [05/Apr/2026:18:44:59 +0200] "GET /commoditys/068000916 HTTP/1.1" 404 13203 "-" "Mozilla/5.0 (Linux; Android 6.0.1; Nexus 5X Build/MMB29P) AppleWebKit/537.36 (KHTML, like Gecko) Chrome/146.0.7680.177 Mobile Safari/537.36 (compatible; Googlebot/2.1; +http://www.google.com/bot.html)"
116.179.32.228 - - [05/Apr/2026:18:45:00 +0200] "GET /wp-content/uploads/2020/031/dedeeded-65x65.png HTTP/1.1" 200 10595 "-" "Baiduspider-image+(+http://www.baidu.com/search/spider.htm)"
66.249.66.2 - - [05/Apr/2026:18:45:09 +0200] "GET /commoditys/078000376 HTTP/1.1" 404 13203 "-" "Mozilla/5.0 (Linux; Android 6.0.1; Nexus 5X Build/MMB29P) AppleWebKit/537.36 (KHTML, like Gecko) Chrome/146.0.7680.177 Mobile Safari/537.36 (compatible; Googlebot/2.1; +http://www.google.com/bot.html)"
66.249.66.2 - - [05/Apr/2026:18:45:20 +0200] "GET /commoditys/051000373 HTTP/1.1" 404 13203 "-" "Mozilla/5.0 (Linux; Android 6.0.1; Nexus 5X Build/MMB29P) AppleWebKit/537.36 (KHTML, like Gecko) Chrome/146.0.7680.177 Mobile Safari/537.36 (compatible; Googlebot/2.1; +http://www.google.com/bot.html)"
66.249.66.2 - - [05/Apr/2026:18:45:38 +0200] "GET /?f=clhec61sglho794javkyrbzz HTTP/1.1" 200 27380 "-" "Mozilla/5.0 (Linux; Android 6.0.1; Nexus 5X Build/MMB29P) AppleWebKit/537.36 (KHTML, like Gecko) Chrome/146.0.7680.177 Mobile Safari/537.36 (compatible; Googlebot/2.1; +http://www.google.com/bot.html)"
66.249.66.194 - - [05/Apr/2026:18:45:50 +0200] "GET /commoditys/043000447 HTTP/1.1" 404 13202 "-" "Mozilla/5.0 (Linux; Android 6.0.1; Nexus 5X Build/MMB29P) AppleWebKit/537.36 (KHTML, like Gecko) Chrome/146.0.7680.177 Mobile Safari/537.36 (compatible; Googlebot/2.1; +http://www.google.com/bot.html)"
66.249.66.2 - - [05/Apr/2026:18:45:56 +0200] "GET /?h=lzg92qncs925utndvkha HTTP/1.1" 200 27166 "-" "Mozilla/5.0 (Linux; Android 6.0.1; Nexus 5X Build/MMB29P) AppleWebKit/537.36 (KHTML, like Gecko) Chrome/146.0.7680.177 Mobile Safari/537.36 (compatible; Googlebot/2.1; +http://www.google.com/bot.html)"
66.249.66.196 - - [05/Apr/2026:18:46:01 +0200] "GET /commoditys/003000617 HTTP/1.1" 502 552 "-" "Mozilla/5.0 (Linux; Android 6.0.1; Nexus 5X Build/MMB29P) AppleWebKit/537.36 (KHTML, like Gecko) Chrome/146.0.7680.177 Mobile Safari/537.36 (compatible; Googlebot/2.1; +http://www.google.com/bot.html)"
161.97.137.93 - - [05/Apr/2026:18:46:03 +0200] "POST /wp-cron.php?doing_wp_cron=1775407561.8283839225769042968750 HTTP/1.1" 502 150 "https://ribari.net/wp-cron.php?doing_wp_cron=1775407561.8283839225769042968750" "WordPress/4.9.13; https://ribari.net"
66.249.66.41 - - [05/Apr/2026:18:46:12 +0200] "GET /commoditys/048000240 HTTP/1.1" 404 13203 "-" "Mozilla/5.0 (Linux; Android 6.0.1; Nexus 5X Build/MMB29P) AppleWebKit/537.36 (KHTML, like Gecko) Chrome/146.0.7680.177 Mobile Safari/537.36 (compatible; Googlebot/2.1; +http://www.google.com/bot.html)"
66.249.66.41 - - [05/Apr/2026:18:46:14 +0200] "GET /commoditys/077000029 HTTP/1.1" 404 13203 "-" "Mozilla/5.0 (Linux; Android 6.0.1; Nexus 5X Build/MMB29P) AppleWebKit/537.36 (KHTML, like Gecko) Chrome/146.0.7680.177 Mobile Safari/537.36 (compatible; Googlebot/2.1; +http://www.google.com/bot.html)"
216.73.216.119 - - [05/Apr/2026:18:46:20 +0200] "GET /robots.txt HTTP/1.1" 304 0 "-" "Mozilla/5.0 AppleWebKit/537.36 (KHTML, like Gecko; compatible; ClaudeBot/1.0; +claudebot@anthropic.com)"
216.73.216.119 - - [05/Apr/2026:18:46:21 +0200] "GET /sitemap.xml HTTP/1.1" 301 0 "-" "Mozilla/5.0 AppleWebKit/537.36 (KHTML, like Gecko; compatible; ClaudeBot/1.0; +claudebot@anthropic.com)"
216.73.216.119 - - [05/Apr/2026:18:46:21 +0200] "GET /sitemap_index.xml HTTP/1.1" 200 328 "https://ribari.net/sitemap.xml" "Mozilla/5.0 AppleWebKit/537.36 (KHTML, like Gecko; compatible; ClaudeBot/1.0; +claudebot@anthropic.com)"
66.249.66.2 - - [05/Apr/2026:18:46:23 +0200] "GET /?f=gjp39d16dtlgqw HTTP/1.1" 200 27399 "-" "Mozilla/5.0 (Linux; Android 6.0.1; Nexus 5X Build/MMB29P) AppleWebKit/537.36 (KHTML, like Gecko) Chrome/146.0.7680.177 Mobile Safari/537.36 (compatible; Googlebot/2.1; +http://www.google.com/bot.html)"
220.181.108.159 - - [05/Apr/2026:18:46:25 +0200] "GET /wp-content/uploads/2020/03/91057561_2873620746051911_3041160179295977472_n-320x240.jpg HTTP/1.1" 200 16986 "-" "Baiduspider-image+(+http://www.baidu.com/search/spider.htm)"
66.249.66.161 - - [05/Apr/2026:18:46:29 +0200] "GET /?t=pdwix95hjtm324sfxdpitke HTTP/1.1" 200 27463 "-" "Mozilla/5.0 (Linux; Android 6.0.1; Nexus 5X Build/MMB29P) AppleWebKit/537.36 (KHTML, like Gecko) Chrome/146.0.7680.177 Mobile Safari/537.36 (compatible; Googlebot/2.1; +http://www.google.com/bot.html)"
66.249.66.2 - - [05/Apr/2026:18:46:32 +0200] "GET /index.php?prizes/100428086 HTTP/1.1" 301 0 "-" "Mozilla/5.0 (Linux; Android 6.0.1; Nexus 5X Build/MMB29P) AppleWebKit/537.36 (KHTML, like Gecko) Chrome/146.0.7680.177 Mobile Safari/537.36 (compatible; Googlebot/2.1; +http://www.google.com/bot.html)"
66.249.66.65 - - [05/Apr/2026:18:46:34 +0200] "GET /?prizes/100428086 HTTP/1.1" 200 28172 "-" "Mozilla/5.0 (Linux; Android 6.0.1; Nexus 5X Build/MMB29P) AppleWebKit/537.36 (KHTML, like Gecko) Chrome/146.0.7680.177 Mobile Safari/537.36 (compatible; Googlebot/2.1; +http://www.google.com/bot.html)"
216.73.216.119 - - [05/Apr/2026:18:46:41 +0200] "GET /%D0%B1%D1%80%D0%B0%D0%BA%D0%BE%D0%BD%D0%B8%D0%B5%D1%80%D0%B8-%D0%B7%D0%B0%D0%BC%D0%B5%D1%80%D0%B2%D0%B0%D1%85%D0%B0-%D1%81%D0%BB%D1%83%D0%B6%D0%B8%D1%82%D0%B5%D0%BB%D0%B8-%D0%BD%D0%B0-%D0%B8%D0%B0 HTTP/1.1" 301 0 "-" "Mozilla/5.0 AppleWebKit/537.36 (KHTML, like Gecko; compatible; ClaudeBot/1.0; +claudebot@anthropic.com)"
216.73.216.119 - - [05/Apr/2026:18:46:41 +0200] "GET /%D0%B1%D1%80%D0%B0%D0%BA%D0%BE%D0%BD%D0%B8%D0%B5%D1%80%D0%B8-%D0%B7%D0%B0%D0%BC%D0%B5%D1%80%D0%B2%D0%B0%D1%85%D0%B0-%D1%81%D0%BB%D1%83%D0%B6%D0%B8%D1%82%D0%B5%D0%BB%D0%B8-%D0%BD%D0%B0-%D0%B8%D0%B0/ HTTP/1.1" 200 20594 "https://ribari.net/%D0%B1%D1%80%D0%B0%D0%BA%D0%BE%D0%BD%D0%B8%D0%B5%D1%80%D0%B8-%D0%B7%D0%B0%D0%BC%D0%B5%D1%80%D0%B2%D0%B0%D1%85%D0%B0-%D1%81%D0%BB%D1%83%D0%B6%D0%B8%D1%82%D0%B5%D0%BB%D0%B8-%D0%BD%D0%B0-%D0%B8%D0%B0" "Mozilla/5.0 AppleWebKit/537.36 (KHTML, like Gecko; compatible; ClaudeBot/1.0; +claudebot@anthropic.com)"
66.249.66.161 - - [05/Apr/2026:18:46:50 +0200] "GET /index.php?prizes/233563288 HTTP/1.1" 301 0 "-" "Mozilla/5.0 (Linux; Android 6.0.1; Nexus 5X Build/MMB29P) AppleWebKit/537.36 (KHTML, like Gecko) Chrome/146.0.7680.177 Mobile Safari/537.36 (compatible; Googlebot/2.1; +http://www.google.com/bot.html)"
66.249.66.161 - - [05/Apr/2026:18:46:52 +0200] "GET /?prizes/233563288 HTTP/1.1" 200 27952 "-" "Mozilla/5.0 (Linux; Android 6.0.1; Nexus 5X Build/MMB29P) AppleWebKit/537.36 (KHTML, like Gecko) Chrome/146.0.7680.177 Mobile Safari/537.36 (compatible; Googlebot/2.1; +http://www.google.com/bot.html)"
66.249.66.161 - - [05/Apr/2026:18:46:56 +0200] "GET /?j=dlb32bm219czsjtac HTTP/1.1" 200 27061 "-" "Mozilla/5.0 (Linux; Android 6.0.1; Nexus 5X Build/MMB29P) AppleWebKit/537.36 (KHTML, like Gecko) Chrome/146.0.7680.177 Mobile Safari/537.36 (compatible; Googlebot/2.1; +http://www.google.com/bot.html)"
161.97.137.93 - - [05/Apr/2026:18:47:04 +0200] "POST /wp-cron.php?doing_wp_cron=1775407623.8953189849853515625000 HTTP/1.1" 404 13203 "https://ribari.net/wp-cron.php?doing_wp_cron=1775407623.8953189849853515625000" "WordPress/4.9.13; https://ribari.net"
66.249.66.41 - - [05/Apr/2026:18:47:04 +0200] "GET /commoditys/038000226 HTTP/1.1" 404 13203 "-" "Mozilla/5.0 (Linux; Android 6.0.1; Nexus 5X Build/MMB29P) AppleWebKit/537.36 (KHTML, like Gecko) Chrome/146.0.7680.177 Mobile Safari/537.36 (compatible; Googlebot/2.1; +http://www.google.com/bot.html)"
66.249.66.161 - - [05/Apr/2026:18:47:14 +0200] "GET /commoditys/067000065 HTTP/1.1" 404 13203 "-" "Mozilla/5.0 (Linux; Android 6.0.1; Nexus 5X Build/MMB29P) AppleWebKit/537.36 (KHTML, like Gecko) Chrome/146.0.7680.177 Mobile Safari/537.36 (compatible; Googlebot/2.1; +http://www.google.com/bot.html)"
66.249.66.41 - - [05/Apr/2026:18:47:24 +0200] "GET /commoditys/078000124 HTTP/1.1" 404 13203 "-" "Mozilla/5.0 (Linux; Android 6.0.1; Nexus 5X Build/MMB29P) AppleWebKit/537.36 (KHTML, like Gecko) Chrome/146.0.7680.177 Mobile Safari/537.36 (compatible; Googlebot/2.1; +http://www.google.com/bot.html)"
66.249.66.2 - - [05/Apr/2026:18:47:35 +0200] "GET /?o=pnky95v514guhqjqpd HTTP/1.1" 200 27761 "-" "Mozilla/5.0 (Linux; Android 6.0.1; Nexus 5X Build/MMB29P) AppleWebKit/537.36 (KHTML, like Gecko) Chrome/146.0.7680.177 Mobile Safari/537.36 (compatible; Googlebot/2.1; +http://www.google.com/bot.html)"
66.249.66.65 - - [05/Apr/2026:18:47:44 +0200] "GET /author/ribari/feed/ HTTP/1.1" 200 15287 "-" "Mozilla/5.0 (Linux; Android 6.0.1; Nexus 5X Build/MMB29P) AppleWebKit/537.36 (KHTML, like Gecko) Chrome/146.0.7680.177 Mobile Safari/537.36 (compatible; Googlebot/2.1; +http://www.google.com/bot.html)"
66.249.66.65 - - [05/Apr/2026:18:47:45 +0200] "GET /commoditys/071000895 HTTP/1.1" 404 13203 "-" "Mozilla/5.0 (Linux; Android 6.0.1; Nexus 5X Build/MMB29P) AppleWebKit/537.36 (KHTML, like Gecko) Chrome/146.0.7680.177 Mobile Safari/537.36 (compatible; Googlebot/2.1; +http://www.google.com/bot.html)"
66.249.66.65 - - [05/Apr/2026:18:47:45 +0200] "GET /commoditys/004000320 HTTP/1.1" 404 13203 "-" "Mozilla/5.0 (Linux; Android 6.0.1; Nexus 5X Build/MMB29P) AppleWebKit/537.36 (KHTML, like Gecko) Chrome/146.0.7680.177 Mobile Safari/537.36 (compatible; Googlebot/2.1; +http://www.google.com/bot.html)"
66.249.66.2 - - [05/Apr/2026:18:47:46 +0200] "GET /commoditys/063000049 HTTP/1.1" 404 13204 "-" "Mozilla/5.0 (Linux; Android 6.0.1; Nexus 5X Build/MMB29P) AppleWebKit/537.36 (KHTML, like Gecko) Chrome/146.0.7680.177 Mobile Safari/537.36 (compatible; Googlebot/2.1; +http://www.google.com/bot.html)"
66.249.66.2 - - [05/Apr/2026:18:47:48 +0200] "GET /?b=mpppl33eeece82mmamudcjpw HTTP/1.1" 200 27757 "-" "Mozilla/5.0 (Linux; Android 6.0.1; Nexus 5X Build/MMB29P) AppleWebKit/537.36 (KHTML, like Gecko) Chrome/146.0.7680.177 Mobile Safari/537.36 (compatible; Googlebot/2.1; +http://www.google.com/bot.html)"
66.249.66.65 - - [05/Apr/2026:18:47:48 +0200] "GET /commoditys/020000668 HTTP/1.1" 404 13200 "-" "Mozilla/5.0 (Linux; Android 6.0.1; Nexus 5X Build/MMB29P) AppleWebKit/537.36 (KHTML, like Gecko) Chrome/146.0.7680.177 Mobile Safari/537.36 (compatible; Googlebot/2.1; +http://www.google.com/bot.html)"
66.249.66.161 - - [05/Apr/2026:18:47:49 +0200] "GET /index.php?prizes/289691349 HTTP/1.1" 301 0 "-" "Mozilla/5.0 (Linux; Android 6.0.1; Nexus 5X Build/MMB29P) AppleWebKit/537.36 (KHTML, like Gecko) Chrome/146.0.7680.177 Mobile Safari/537.36 (compatible; Googlebot/2.1; +http://www.google.com/bot.html)"
220.181.108.93 - - [05/Apr/2026:18:47:49 +0200] "GET /wp-content/uploads/2020/06/%D1%81%D0%B2%D0%B0%D0%BB%D0%B8-218x150.jpg HTTP/1.1" 304 0 "-" "Baiduspider-image+(+http://www.baidu.com/search/spider.htm)"
66.249.66.65 - - [05/Apr/2026:18:47:50 +0200] "GET /?prizes/289691349 HTTP/1.1" 200 27963 "-" "Mozilla/5.0 (Linux; Android 6.0.1; Nexus 5X Build/MMB29P) AppleWebKit/537.36 (KHTML, like Gecko) Chrome/146.0.7680.177 Mobile Safari/537.36 (compatible; Googlebot/2.1; +http://www.google.com/bot.html)"
185.191.171.11 - - [05/Apr/2026:18:47:51 +0200] "GET /%D0%B8%D0%B0%D1%80%D0%B0-%D1%81-%D0%BF%D1%80%D0%BE%D0%B2%D0%B5%D1%80%D0%BA%D0%B8-%D0%B8-%D0%BF%D0%BE-%D0%B4%D1%83%D0%BD%D0%B0%D0%B2/ HTTP/1.1" 200 20532 "-" "Mozilla/5.0 (compatible; SemrushBot/7~bl; +http://www.semrush.com/bot.html)"
66.249.66.161 - - [05/Apr/2026:18:47:54 +0200] "GET /prizes/184378854 HTTP/1.1" 404 13202 "-" "Mozilla/5.0 (Linux; Android 6.0.1; Nexus 5X Build/MMB29P) AppleWebKit/537.36 (KHTML, like Gecko) Chrome/146.0.7680.177 Mobile Safari/537.36 (compatible; Googlebot/2.1; +http://www.google.com/bot.html)"
66.249.66.161 - - [05/Apr/2026:18:47:56 +0200] "GET /?q=pxm53eye234vrmesshj HTTP/1.1" 200 27911 "-" "Mozilla/5.0 (Linux; Android 6.0.1; Nexus 5X Build/MMB29P) AppleWebKit/537.36 (KHTML, like Gecko) Chrome/146.0.7680.177 Mobile Safari/537.36 (compatible; Googlebot/2.1; +http://www.google.com/bot.html)"
66.249.66.161 - - [05/Apr/2026:18:47:58 +0200] "GET /commoditys/001000665 HTTP/1.1" 404 13203 "-" "Mozilla/5.0 (Linux; Android 6.0.1; Nexus 5X Build/MMB29P) AppleWebKit/537.36 (KHTML, like Gecko) Chrome/146.0.7680.177 Mobile Safari/537.36 (compatible; Googlebot/2.1; +http://www.google.com/bot.html)"
66.249.66.66 - - [05/Apr/2026:18:48:06 +0200] "GET /commoditys/049000909 HTTP/1.1" 502 552 "-" "Mozilla/5.0 (Linux; Android 6.0.1; Nexus 5X Build/MMB29P) AppleWebKit/537.36 (KHTML, like Gecko) Chrome/146.0.7680.177 Mobile Safari/537.36 (compatible; Googlebot/2.1; +http://www.google.com/bot.html)"
161.97.137.93 - - [05/Apr/2026:18:48:17 +0200] "POST /wp-cron.php?doing_wp_cron=1775407696.7575559616088867187500 HTTP/1.1" 404 13204 "https://ribari.net/wp-cron.php?doing_wp_cron=1775407696.7575559616088867187500" "WordPress/4.9.13; https://ribari.net"
66.249.66.2 - - [05/Apr/2026:18:48:17 +0200] "GET /?y=euwtn12pa765ytvsdevjt HTTP/1.1" 200 27539 "-" "Mozilla/5.0 (Linux; Android 6.0.1; Nexus 5X Build/MMB29P) AppleWebKit/537.36 (KHTML, like Gecko) Chrome/146.0.7680.177 Mobile Safari/537.36 (compatible; Googlebot/2.1; +http://www.google.com/bot.html)"
66.249.66.41 - - [05/Apr/2026:18:48:23 +0200] "GET /commoditys/001000065 HTTP/1.1" 404 13204 "-" "Mozilla/5.0 (Linux; Android 6.0.1; Nexus 5X Build/MMB29P) AppleWebKit/537.36 (KHTML, like Gecko) Chrome/146.0.7680.177 Mobile Safari/537.36 (compatible; Googlebot/2.1; +http://www.google.com/bot.html)"
66.249.66.194 - - [05/Apr/2026:18:48:27 +0200] "GET /?g=myibu30f767yxnxmzdff HTTP/1.1" 200 27473 "-" "Mozilla/5.0 (Linux; Android 6.0.1; Nexus 5X Build/MMB29P) AppleWebKit/537.36 (KHTML, like Gecko) Chrome/146.0.7680.177 Mobile Safari/537.36 (compatible; Googlebot/2.1; +http://www.google.com/bot.html)"
34.230.124.21 - - [05/Apr/2026:18:48:34 +0200] "GET /wp-content/themes/Newspaper/includes/demos/lifestyle/td_panel_settings.txt HTTP/1.1" 200 10416 "-" "Mozilla/5.0 AppleWebKit/537.36 (KHTML, like Gecko; compatible; Amazonbot/0.1; +https://developer.amazon.com/support/amazonbot) Chrome/119.0.6045.214 Safari/537.36"
66.249.66.194 - - [05/Apr/2026:18:48:37 +0200] "GET /?p=obaj47h418dihichtb HTTP/1.1" 200 16617 "-" "Mozilla/5.0 (Linux; Android 6.0.1; Nexus 5X Build/MMB29P) AppleWebKit/537.36 (KHTML, like Gecko) Chrome/146.0.7680.177 Mobile Safari/537.36 (compatible; Googlebot/2.1; +http://www.google.com/bot.html)"
43.159.128.155 - - [05/Apr/2026:18:48:47 +0200] "GET /%d0%b1%d0%bb%d0%b0%d0%b3%d0%b0-%d0%b2%d0%b5%d1%81%d1%82-%d0%b7%d0%b0-%d1%81%d1%82%d1%83%d0%b4%d0%b5%d0%bd%d0%b0/ HTTP/1.1" 200 18966 "-" "Mozilla/5.0 (iPhone; CPU iPhone OS 13_2_3 like Mac OS X) AppleWebKit/605.1.15 (KHTML, like Gecko) Version/13.0.3 Mobile/15E148 Safari/604.1"
66.249.66.41 - - [05/Apr/2026:18:48:56 +0200] "GET /?z=eyztw29dqv462frnomtlb HTTP/1.1" 200 27671 "-" "Mozilla/5.0 (Linux; Android 6.0.1; Nexus 5X Build/MMB29P) AppleWebKit/537.36 (KHTML, like Gecko) Chrome/146.0.7680.177 Mobile Safari/537.36 (compatible; Googlebot/2.1; +http://www.google.com/bot.html)"
66.249.66.2 - - [05/Apr/2026:18:49:01 +0200] "GET /prizes/102475258 HTTP/1.1" 404 13202 "-" "Mozilla/5.0 (Linux; Android 6.0.1; Nexus 5X Build/MMB29P) AppleWebKit/537.36 (KHTML, like Gecko) Chrome/146.0.7680.177 Mobile Safari/537.36 (compatible; Googlebot/2.1; +http://www.google.com/bot.html)"
66.249.66.41 - - [05/Apr/2026:18:49:08 +0200] "GET /prizes/15150056 HTTP/1.1" 404 13203 "-" "Mozilla/5.0 (Linux; Android 6.0.1; Nexus 5X Build/MMB29P) AppleWebKit/537.36 (KHTML, like Gecko) Chrome/146.0.7680.177 Mobile Safari/537.36 (compatible; Googlebot/2.1; +http://www.google.com/bot.html)"
220.181.108.178 - - [05/Apr/2026:18:49:15 +0200] "GET /wp-content/uploads/2020/031/DSC06318-356x220.jpg HTTP/1.1" 304 0 "-" "Baiduspider-image+(+http://www.baidu.com/search/spider.htm)"
161.97.137.93 - - [05/Apr/2026:18:49:20 +0200] "POST /wp-cron.php?doing_wp_cron=1775407759.9022560119628906250000 HTTP/1.1" 404 13203 "https://ribari.net/wp-cron.php?doing_wp_cron=1775407759.9022560119628906250000" "WordPress/4.9.13; https://ribari.net"
66.249.66.194 - - [05/Apr/2026:18:49:20 +0200] "GET /prizes/94968460 HTTP/1.1" 404 13202 "-" "Mozilla/5.0 (Linux; Android 6.0.1; Nexus 5X Build/MMB29P) AppleWebKit/537.36 (KHTML, like Gecko) Chrome/146.0.7680.177 Mobile Safari/537.36 (compatible; Googlebot/2.1; +http://www.google.com/bot.html)"
66.249.66.2 - - [05/Apr/2026:18:49:24 +0200] "GET /?w=dads13s400lwweavjktb HTTP/1.1" 200 16615 "-" "Mozilla/5.0 (Linux; Android 6.0.1; Nexus 5X Build/MMB29P) AppleWebKit/537.36 (KHTML, like Gecko) Chrome/146.0.7680.177 Mobile Safari/537.36 (compatible; Googlebot/2.1; +http://www.google.com/bot.html)"
66.249.66.2 - - [05/Apr/2026:18:49:29 +0200] "GET /prizes/93001410 HTTP/1.1" 404 13204 "-" "Mozilla/5.0 (Linux; Android 6.0.1; Nexus 5X Build/MMB29P) AppleWebKit/537.36 (KHTML, like Gecko) Chrome/146.0.7680.177 Mobile Safari/537.36 (compatible; Googlebot/2.1; +http://www.google.com/bot.html)"
100.28.118.16 - - [05/Apr/2026:18:49:30 +0200] "GET /wp-content/index.php?path=/home/blife/public_html/ribari.net HTTP/1.1" 200 2371 "-" "Mozilla/5.0 AppleWebKit/537.36 (KHTML, like Gecko; compatible; Amazonbot/0.1; +https://developer.amazon.com/support/amazonbot) Chrome/119.0.6045.214 Safari/537.36"
3.210.223.61 - - [05/Apr/2026:18:49:34 +0200] "GET /wp-content/?path=/home/blife/.razor HTTP/1.1" 200 1310 "-" "Mozilla/5.0 AppleWebKit/537.36 (KHTML, like Gecko; compatible; Amazonbot/0.1; +https://developer.amazon.com/support/amazonbot) Chrome/119.0.6045.214 Safari/537.36"
54.157.99.244 - - [05/Apr/2026:18:49:38 +0200] "GET /wp-content/?path=/home/blife/public_html/ribari.net/wp-content/uploads/2024 HTTP/1.1" 200 1396 "-" "Mozilla/5.0 AppleWebKit/537.36 (KHTML, like Gecko; compatible; Amazonbot/0.1; +https://developer.amazon.com/support/amazonbot) Chrome/119.0.6045.214 Safari/537.36"
66.249.66.194 - - [05/Apr/2026:18:49:39 +0200] "GET /commoditys/069005525 HTTP/1.1" 404 13202 "-" "Mozilla/5.0 (Linux; Android 6.0.1; Nexus 5X Build/MMB29P) AppleWebKit/537.36 (KHTML, like Gecko) Chrome/146.0.7680.177 Mobile Safari/537.36 (compatible; Googlebot/2.1; +http://www.google.com/bot.html)"
54.204.62.163 - - [05/Apr/2026:18:49:44 +0200] "GET /wp-content/?filesrc=/home/blife/public_html/ribari.net/.user.ini&path=/home/blife/public_html/ribari.net HTTP/1.1" 200 800 "-" "Mozilla/5.0 AppleWebKit/537.36 (KHTML, like Gecko; compatible; Amazonbot/0.1; +https://developer.amazon.com/support/amazonbot) Chrome/119.0.6045.214 Safari/537.36"
3.223.181.32 - - [05/Apr/2026:18:49:47 +0200] "GET /wp-content/?path=/home/blife/public_html/ribari.net/wp-content/themes/Newspaper HTTP/1.1" 200 2725 "-" "Mozilla/5.0 AppleWebKit/537.36 (KHTML, like Gecko; compatible; Amazonbot/0.1; +https://developer.amazon.com/support/amazonbot) Chrome/119.0.6045.214 Safari/537.36"
66.249.66.2 - - [05/Apr/2026:18:49:50 +0200] "GET /commoditys/051005735 HTTP/1.1" 404 13202 "-" "Mozilla/5.0 (Linux; Android 6.0.1; Nexus 5X Build/MMB29P) AppleWebKit/537.36 (KHTML, like Gecko) Chrome/146.0.7680.177 Mobile Safari/537.36 (compatible; Googlebot/2.1; +http://www.google.com/bot.html)"
52.21.62.139 - - [05/Apr/2026:18:49:50 +0200] "GET /wp-content/?path=//bin HTTP/1.1" 200 36765 "-" "Mozilla/5.0 AppleWebKit/537.36 (KHTML, like Gecko; compatible; Amazonbot/0.1; +https://developer.amazon.com/support/amazonbot) Chrome/119.0.6045.214 Safari/537.36"
66.249.66.2 - - [05/Apr/2026:18:49:52 +0200] "GET /?n=lea13posf180mvjnamxacn HTTP/1.1" 200 27643 "-" "Mozilla/5.0 (Linux; Android 6.0.1; Nexus 5X Build/MMB29P) AppleWebKit/537.36 (KHTML, like Gecko) Chrome/146.0.7680.177 Mobile Safari/537.36 (compatible; Googlebot/2.1; +http://www.google.com/bot.html)"
66.249.66.65 - - [05/Apr/2026:18:49:57 +0200] "GET /?b=cthdc99epfa946yclxppcbhk HTTP/1.1" 200 27376 "-" "Mozilla/5.0 (Linux; Android 6.0.1; Nexus 5X Build/MMB29P) AppleWebKit/537.36 (KHTML, like Gecko) Chrome/146.0.7680.177 Mobile Safari/537.36 (compatible; Googlebot/2.1; +http://www.google.com/bot.html)"
66.249.66.194 - - [05/Apr/2026:18:49:58 +0200] "GET /commoditys/065000039 HTTP/1.1" 404 13203 "-" "Mozilla/5.0 (Linux; Android 6.0.1; Nexus 5X Build/MMB29P) AppleWebKit/537.36 (KHTML, like Gecko) Chrome/146.0.7680.177 Mobile Safari/537.36 (compatible; Googlebot/2.1; +http://www.google.com/bot.html)"
66.249.66.65 - - [05/Apr/2026:18:50:01 +0200] "GET /commoditys/232037638 HTTP/1.1" 404 13202 "-" "Mozilla/5.0 (Linux; Android 6.0.1; Nexus 5X Build/MMB29P) AppleWebKit/537.36 (KHTML, like Gecko) Chrome/146.0.7680.177 Mobile Safari/537.36 (compatible; Googlebot/2.1; +http://www.google.com/bot.html)"
66.249.66.2 - - [05/Apr/2026:18:50:02 +0200] "GET /commoditys/080000200 HTTP/1.1" 502 552 "-" "Mozilla/5.0 (Linux; Android 6.0.1; Nexus 5X Build/MMB29P) AppleWebKit/537.36 (KHTML, like Gecko) Chrome/146.0.7680.177 Mobile Safari/537.36 (compatible; Googlebot/2.1; +http://www.google.com/bot.html)"
66.249.66.66 - - [05/Apr/2026:18:50:03 +0200] "GET /%D1%87%D0%B5%D1%81%D0%BD%D0%BE%D0%B2%D0%B0-%D1%80%D0%B8%D0%B1%D0%B0-%D1%81-%D0%BA%D0%B0%D1%80%D1%82%D0%BE%D1%84%D0%B5%D0%BD%D0%BE-%D0%BF%D1%8E%D1%80%D0%B5-%D0%BD%D0%B0-%D1%84%D1%83%D1%80%D0%BD%D0%B0/feed/ HTTP/1.1" 502 552 "-" "Mozilla/5.0 (Linux; Android 6.0.1; Nexus 5X Build/MMB29P) AppleWebKit/537.36 (KHTML, like Gecko) Chrome/146.0.7680.177 Mobile Safari/537.36 (compatible; Googlebot/2.1; +http://www.google.com/bot.html)"
66.249.66.196 - - [05/Apr/2026:18:50:04 +0200] "GET /commoditys/059000413 HTTP/1.1" 404 13201 "-" "Mozilla/5.0 (Linux; Android 6.0.1; Nexus 5X Build/MMB29P) AppleWebKit/537.36 (KHTML, like Gecko) Chrome/146.0.7680.177 Mobile Safari/537.36 (compatible; Googlebot/2.1; +http://www.google.com/bot.html)"
66.249.66.3 - - [05/Apr/2026:18:50:11 +0200] "GET /commoditys/126005858 HTTP/1.1" 404 13199 "-" "Mozilla/5.0 (Linux; Android 6.0.1; Nexus 5X Build/MMB29P) AppleWebKit/537.36 (KHTML, like Gecko) Chrome/146.0.7680.177 Mobile Safari/537.36 (compatible; Googlebot/2.1; +http://www.google.com/bot.html)"
161.97.137.93 - - [05/Apr/2026:18:50:29 +0200] "POST /wp-cron.php?doing_wp_cron=1775407829.1679608821868896484375 HTTP/1.1" 404 13203 "https://ribari.net/wp-cron.php?doing_wp_cron=1775407829.1679608821868896484375" "WordPress/4.9.13; https://ribari.net"
66.249.66.65 - - [05/Apr/2026:18:50:29 +0200] "GET /prizes/16912470 HTTP/1.1" 404 13203 "-" "Mozilla/5.0 (Linux; Android 6.0.1; Nexus 5X Build/MMB29P) AppleWebKit/537.36 (KHTML, like Gecko) Chrome/146.0.7680.177 Mobile Safari/537.36 (compatible; Googlebot/2.1; +http://www.google.com/bot.html)"
66.249.66.2 - - [05/Apr/2026:18:50:34 +0200] "GET /commoditys/150013106 HTTP/1.1" 404 13203 "-" "Mozilla/5.0 (Linux; Android 6.0.1; Nexus 5X Build/MMB29P) AppleWebKit/537.36 (KHTML, like Gecko) Chrome/146.0.7680.177 Mobile Safari/537.36 (compatible; Googlebot/2.1; +http://www.google.com/bot.html)"
116.179.32.51 - - [05/Apr/2026:18:50:41 +0200] "GET /wp-content/uploads/2020/04/ded-324x400.jpg HTTP/1.1" 200 30038 "-" "Baiduspider-image+(+http://www.baidu.com/search/spider.htm)"
66.249.66.65 - - [05/Apr/2026:18:50:42 +0200] "GET /prizes/97583319 HTTP/1.1" 404 13203 "-" "Mozilla/5.0 (Linux; Android 6.0.1; Nexus 5X Build/MMB29P) AppleWebKit/537.36 (KHTML, like Gecko) Chrome/146.0.7680.177 Mobile Safari/537.36 (compatible; Googlebot/2.1; +http://www.google.com/bot.html)"
66.249.66.161 - - [05/Apr/2026:18:51:00 +0200] "GET /commoditys/088023880 HTTP/1.1" 404 13203 "-" "Mozilla/5.0 (Linux; Android 6.0.1; Nexus 5X Build/MMB29P) AppleWebKit/537.36 (KHTML, like Gecko) Chrome/146.0.7680.177 Mobile Safari/537.36 (compatible; Googlebot/2.1; +http://www.google.com/bot.html)"
66.249.66.41 - - [05/Apr/2026:18:51:04 +0200] "GET /commoditys/172030014 HTTP/1.1" 404 13203 "-" "Mozilla/5.0 (Linux; Android 6.0.1; Nexus 5X Build/MMB29P) AppleWebKit/537.36 (KHTML, like Gecko) Chrome/146.0.7680.177 Mobile Safari/537.36 (compatible; Googlebot/2.1; +http://www.google.com/bot.html)"
66.249.66.65 - - [05/Apr/2026:18:51:05 +0200] "GET /commoditys/207003559 HTTP/1.1" 404 13203 "-" "Mozilla/5.0 (Linux; Android 6.0.1; Nexus 5X Build/MMB29P) AppleWebKit/537.36 (KHTML, like Gecko) Chrome/146.0.7680.177 Mobile Safari/537.36 (compatible; Googlebot/2.1; +http://www.google.com/bot.html)"
66.249.66.41 - - [05/Apr/2026:18:51:07 +0200] "GET /commoditys/057000467 HTTP/1.1" 404 13204 "-" "Mozilla/5.0 (Linux; Android 6.0.1; Nexus 5X Build/MMB29P) AppleWebKit/537.36 (KHTML, like Gecko) Chrome/146.0.7680.177 Mobile Safari/537.36 (compatible; Googlebot/2.1; +http://www.google.com/bot.html)"
66.249.66.41 - - [05/Apr/2026:18:51:21 +0200] "GET /commoditys/007027091 HTTP/1.1" 404 13199 "-" "Mozilla/5.0 (Linux; Android 6.0.1; Nexus 5X Build/MMB29P) AppleWebKit/537.36 (KHTML, like Gecko) Chrome/146.0.7680.177 Mobile Safari/537.36 (compatible; Googlebot/2.1; +http://www.google.com/bot.html)"
66.249.66.65 - - [05/Apr/2026:18:51:26 +0200] "GET /commoditys/055013707 HTTP/1.1" 404 13203 "-" "Mozilla/5.0 (Linux; Android 6.0.1; Nexus 5X Build/MMB29P) AppleWebKit/537.36 (KHTML, like Gecko) Chrome/146.0.7680.177 Mobile Safari/537.36 (compatible; Googlebot/2.1; +http://www.google.com/bot.html)"
161.97.137.93 - - [05/Apr/2026:18:51:34 +0200] "POST /wp-cron.php?doing_wp_cron=1775407894.3794019222259521484375 HTTP/1.1" 404 13203 "https://ribari.net/wp-cron.php?doing_wp_cron=1775407894.3794019222259521484375" "WordPress/4.9.13; https://ribari.net"
66.249.66.194 - - [05/Apr/2026:18:51:34 +0200] "GET /prizes/104859248 HTTP/1.1" 404 13203 "-" "Mozilla/5.0 (Linux; Android 6.0.1; Nexus 5X Build/MMB29P) AppleWebKit/537.36 (KHTML, like Gecko) Chrome/146.0.7680.177 Mobile Safari/537.36 (compatible; Googlebot/2.1; +http://www.google.com/bot.html)"
66.249.66.2 - - [05/Apr/2026:18:51:44 +0200] "GET /prizes/144239531 HTTP/1.1" 404 13203 "-" "Mozilla/5.0 (Linux; Android 6.0.1; Nexus 5X Build/MMB29P) AppleWebKit/537.36 (KHTML, like Gecko) Chrome/146.0.7680.177 Mobile Safari/537.36 (compatible; Googlebot/2.1; +http://www.google.com/bot.html)"
74.7.229.212 - - [05/Apr/2026:18:51:50 +0200] "GET /%D1%85%D0%B2%D0%B0%D0%BD%D0%B0%D1%85%D0%B0-%D1%80%D0%B8%D0%B1%D0%B0%D1%80-%D1%81-%D0%BD%D0%B0%D0%B4-27-%D0%BA%D0%B8%D0%BB%D0%BE%D0%B3%D1%80%D0%B0%D0%BC%D0%B0-%D0%BA%D0%B0%D0%BB%D0%BA%D0%B0%D0%BD/ HTTP/1.1" 200 20663 "-" "Mozilla/5.0 (Macintosh; Intel Mac OS X 10_15_7) AppleWebKit/537.36 (KHTML, like Gecko) Chrome/131.0.0.0 Safari/537.36; compatible; OAI-SearchBot/1.3; +https://openai.com/searchbot"
74.7.229.211 - - [05/Apr/2026:18:51:53 +0200] "GET /?p=4382 HTTP/1.1" 301 0 "https://ribari.net/%D1%85%D0%B2%D0%B0%D0%BD%D0%B0%D1%85%D0%B0-%D1%80%D0%B8%D0%B1%D0%B0%D1%80-%D1%81-%D0%BD%D0%B0%D0%B4-27-%D0%BA%D0%B8%D0%BB%D0%BE%D0%B3%D1%80%D0%B0%D0%BC%D0%B0-%D0%BA%D0%B0%D0%BB%D0%BA%D0%B0%D0%BD/" "Mozilla/5.0 (Macintosh; Intel Mac OS X 10_15_7) AppleWebKit/537.36 (KHTML, like Gecko) Chrome/131.0.0.0 Safari/537.36; compatible; OAI-SearchBot/1.3; +https://openai.com/searchbot"
74.7.229.211 - - [05/Apr/2026:18:51:54 +0200] "GET /%d1%85%d0%b2%d0%b0%d0%bd%d0%b0%d1%85%d0%b0-%d1%80%d0%b8%d0%b1%d0%b0%d1%80-%d1%81-%d0%bd%d0%b0%d0%b4-27-%d0%ba%d0%b8%d0%bb%d0%be%d0%b3%d1%80%d0%b0%d0%bc%d0%b0-%d0%ba%d0%b0%d0%bb%d0%ba%d0%b0%d0%bd/ HTTP/1.1" 200 20636 "https://ribari.net/?p=4382" "Mozilla/5.0 (Macintosh; Intel Mac OS X 10_15_7) AppleWebKit/537.36 (KHTML, like Gecko) Chrome/131.0.0.0 Safari/537.36; compatible; OAI-SearchBot/1.3; +https://openai.com/searchbot"
66.249.66.194 - - [05/Apr/2026:18:51:55 +0200] "GET /m71170136127 HTTP/1.1" 404 13202 "-" "Mozilla/5.0 (Linux; Android 6.0.1; Nexus 5X Build/MMB29P) AppleWebKit/537.36 (KHTML, like Gecko) Chrome/146.0.7680.177 Mobile Safari/537.36 (compatible; Googlebot/2.1; +http://www.google.com/bot.html)"
74.7.227.25 - - [05/Apr/2026:18:51:55 +0200] "GET /feed/ HTTP/1.1" 200 15276 "https://ribari.net/?p=4382" "Mozilla/5.0 AppleWebKit/537.36 (KHTML, like Gecko; compatible; GPTBot/1.3; +https://openai.com/gptbot)"
74.7.243.43 - - [05/Apr/2026:18:51:56 +0200] "GET /wp-json/oembed/1.0/embed?format=xml&url=https%3A%2F%2Fribari.net%2F%25d1%2585%25d0%25b2%25d0%25b0%25d0%25bd%25d0%25b0%25d1%2585%25d0%25b0-%25d1%2580%25d0%25b8%25d0%25b1%25d0%25b0%25d1%2580-%25d1%2581-%25d0%25bd%25d0%25b0%25d0%25b4-27-%25d0%25ba%25d0%25b8%25d0%25bb%25d0%25be%25d0%25b3%25d1%2580%25d0%25b0%25d0%25bc%25d0%25b0-%25d0%25ba%25d0%25b0%25d0%25bb%25d0%25ba%25d0%25b0%25d0%25bd%2F HTTP/1.1" 200 1196 "https://ribari.net/%D1%85%D0%B2%D0%B0%D0%BD%D0%B0%D1%85%D0%B0-%D1%80%D0%B8%D0%B1%D0%B0%D1%80-%D1%81-%D0%BD%D0%B0%D0%B4-27-%D0%BA%D0%B8%D0%BB%D0%BE%D0%B3%D1%80%D0%B0%D0%BC%D0%B0-%D0%BA%D0%B0%D0%BB%D0%BA%D0%B0%D0%BD/" "Mozilla/5.0 (Macintosh; Intel Mac OS X 10_15_7) AppleWebKit/537.36 (KHTML, like Gecko) Chrome/131.0.0.0 Safari/537.36; compatible; OAI-SearchBot/1.3; +https://openai.com/searchbot"
74.7.243.43 - - [05/Apr/2026:18:51:58 +0200] "GET /wp-json/oembed/1.0/embed?format=xml&url=https%3A%2F%2Fribari.net%2F%25d1%2585%25d0%25b2%25d0%25b0%25d0%25bd%25d0%25b0%25d1%2585%25d0%25b0-%25d1%2580%25d0%25b8%25d0%25b1%25d0%25b0%25d1%2580-%25d1%2581-%25d0%25bd%25d0%25b0%25d0%25b4-27-%25d0%25ba%25d0%25b8%25d0%25bb%25d0%25be%25d0%25b3%25d1%2580%25d0%25b0%25d0%25bc%25d0%25b0-%25d0%25ba%25d0%25b0%25d0%25bb%25d0%25ba%25d0%25b0%25d0%25bd%2F HTTP/1.1" 200 1196 "https://ribari.net/%D1%85%D0%B2%D0%B0%D0%BD%D0%B0%D1%85%D0%B0-%D1%80%D0%B8%D0%B1%D0%B0%D1%80-%D1%81-%D0%BD%D0%B0%D0%B4-27-%D0%BA%D0%B8%D0%BB%D0%BE%D0%B3%D1%80%D0%B0%D0%BC%D0%B0-%D0%BA%D0%B0%D0%BB%D0%BA%D0%B0%D0%BD/" "Mozilla/5.0 (Macintosh; Intel Mac OS X 10_15_7) AppleWebKit/537.36 (KHTML, like Gecko) Chrome/131.0.0.0 Safari/537.36; compatible; OAI-SearchBot/1.3; +https://openai.com/searchbot"
74.7.228.139 - - [05/Apr/2026:18:52:01 +0200] "GET /wp-content/uploads/2020/04/kalkan-iara.jpg HTTP/1.1" 200 83424 "https://ribari.net/%D1%85%D0%B2%D0%B0%D0%BD%D0%B0%D1%85%D0%B0-%D1%80%D0%B8%D0%B1%D0%B0%D1%80-%D1%81-%D0%BD%D0%B0%D0%B4-27-%D0%BA%D0%B8%D0%BB%D0%BE%D0%B3%D1%80%D0%B0%D0%BC%D0%B0-%D0%BA%D0%B0%D0%BB%D0%BA%D0%B0%D0%BD/" "Mozilla/5.0 (Macintosh; Intel Mac OS X 10_15_7) AppleWebKit/537.36 (KHTML, like Gecko) Chrome/131.0.0.0 Safari/537.36; compatible; OAI-SearchBot/1.3; +https://openai.com/searchbot"
74.7.229.211 - - [05/Apr/2026:18:52:02 +0200] "GET /%d1%85%d0%b2%d0%b0%d0%bd%d0%b0%d1%85%d0%b0-%d1%80%d0%b8%d0%b1%d0%b0%d1%80-%d1%81-%d0%bd%d0%b0%d0%b4-27-%d0%ba%d0%b8%d0%bb%d0%be%d0%b3%d1%80%d0%b0%d0%bc%d0%b0-%d0%ba%d0%b0%d0%bb%d0%ba%d0%b0%d0%bd/ HTTP/1.1" 200 20636 "https://ribari.net/%D1%85%D0%B2%D0%B0%D0%BD%D0%B0%D1%85%D0%B0-%D1%80%D0%B8%D0%B1%D0%B0%D1%80-%D1%81-%D0%BD%D0%B0%D0%B4-27-%D0%BA%D0%B8%D0%BB%D0%BE%D0%B3%D1%80%D0%B0%D0%BC%D0%B0-%D0%BA%D0%B0%D0%BB%D0%BA%D0%B0%D0%BD/" "Mozilla/5.0 (Macintosh; Intel Mac OS X 10_15_7) AppleWebKit/537.36 (KHTML, like Gecko) Chrome/131.0.0.0 Safari/537.36; compatible; OAI-SearchBot/1.3; +https://openai.com/searchbot"
74.7.243.43 - - [05/Apr/2026:18:52:06 +0200] "GET /%d1%81%d0%b5%d1%80%d0%b8%d1%8f-%d0%be%d1%82-%d0%bf%d1%80%d0%be%d0%b2%d0%b5%d1%80%d0%ba%d0%b8-%d0%b2-%d0%bf%d1%8a%d1%80%d0%b2%d0%b8%d1%82%d0%b5-%d0%b4%d0%bd%d0%b8-%d0%be%d1%82-%d0%b7%d0%b0%d0%b1%d1%80/ HTTP/1.1" 502 552 "https://ribari.net/%D1%85%D0%B2%D0%B0%D0%BD%D0%B0%D1%85%D0%B0-%D1%80%D0%B8%D0%B1%D0%B0%D1%80-%D1%81-%D0%BD%D0%B0%D0%B4-27-%D0%BA%D0%B8%D0%BB%D0%BE%D0%B3%D1%80%D0%B0%D0%BC%D0%B0-%D0%BA%D0%B0%D0%BB%D0%BA%D0%B0%D0%BD/" "Mozilla/5.0 (Macintosh; Intel Mac OS X 10_15_7) AppleWebKit/537.36 (KHTML, like Gecko) Chrome/131.0.0.0 Safari/537.36; compatible; OAI-SearchBot/1.3; +https://openai.com/searchbot"
66.249.66.162 - - [05/Apr/2026:18:52:06 +0200] "GET /?b=pnl95atc970hqtugvlpb HTTP/1.1" 502 552 "-" "Mozilla/5.0 (Linux; Android 6.0.1; Nexus 5X Build/MMB29P) AppleWebKit/537.36 (KHTML, like Gecko) Chrome/146.0.7680.177 Mobile Safari/537.36 (compatible; Googlebot/2.1; +http://www.google.com/bot.html)"
85.208.96.200 - - [05/Apr/2026:18:52:06 +0200] "GET /tag/%D0%BE%D1%81%D0%BD%D0%BE%D0%B2%D0%BD%D0%BE-%D0%B7%D0%B0%D1%89%D0%BE%D1%82%D0%BE-%D1%82%D0%B0%D0%B7%D0%B8-%D1%80%D0%B8%D0%B1%D0%B0-%D0%BA%D1%8A%D0%BB%D0%B2%D0%B5%D1%88%D0%B5-%D0%BC%D0%BD%D0%BE%D0%B3/ HTTP/1.1" 502 150 "-" "Mozilla/5.0 (compatible; SemrushBot/7~bl; +http://www.semrush.com/bot.html)"
220.181.108.114 - - [05/Apr/2026:18:52:10 +0200] "GET /wp-content/uploads/2020/031/ededed-741x486.jpg HTTP/1.1" 304 0 "-" "Baiduspider-image+(+http://www.baidu.com/search/spider.htm)"
74.7.243.43 - - [05/Apr/2026:18:52:11 +0200] "GET /wp-json/oembed/1.0/embed?url=https%3A%2F%2Fribari.net%2F%25d1%2585%25d0%25b2%25d0%25b0%25d0%25bd%25d0%25b0%25d1%2585%25d0%25b0-%25d1%2580%25d0%25b8%25d0%25b1%25d0%25b0%25d1%2580-%25d1%2581-%25d0%25bd%25d0%25b0%25d0%25b4-27-%25d0%25ba%25d0%25b8%25d0%25bb%25d0%25be%25d0%25b3%25d1%2580%25d0%25b0%25d0%25bc%25d0%25b0-%25d0%25ba%25d0%25b0%25d0%25bb%25d0%25ba%25d0%25b0%25d0%25bd%2F HTTP/1.1" 200 1172 "https://ribari.net/%D1%85%D0%B2%D0%B0%D0%BD%D0%B0%D1%85%D0%B0-%D1%80%D0%B8%D0%B1%D0%B0%D1%80-%D1%81-%D0%BD%D0%B0%D0%B4-27-%D0%BA%D0%B8%D0%BB%D0%BE%D0%B3%D1%80%D0%B0%D0%BC%D0%B0-%D0%BA%D0%B0%D0%BB%D0%BA%D0%B0%D0%BD/" "Mozilla/5.0 (Macintosh; Intel Mac OS X 10_15_7) AppleWebKit/537.36 (KHTML, like Gecko) Chrome/131.0.0.0 Safari/537.36; compatible; OAI-SearchBot/1.3; +https://openai.com/searchbot"
74.7.242.129 - - [05/Apr/2026:18:52:16 +0200] "GET /%d1%85%d0%b2%d0%b0%d0%bd%d0%b0%d1%85%d0%b0-%d1%80%d0%b8%d0%b1%d0%b0%d1%80-%d1%81-%d0%bd%d0%b0%d0%b4-27-%d0%ba%d0%b8%d0%bb%d0%be%d0%b3%d1%80%d0%b0%d0%bc%d0%b0-%d0%ba%d0%b0%d0%bb%d0%ba%d0%b0%d0%bd/feed/ HTTP/1.1" 200 533 "https://ribari.net/%D1%85%D0%B2%D0%B0%D0%BD%D0%B0%D1%85%D0%B0-%D1%80%D0%B8%D0%B1%D0%B0%D1%80-%D1%81-%D0%BD%D0%B0%D0%B4-27-%D0%BA%D0%B8%D0%BB%D0%BE%D0%B3%D1%80%D0%B0%D0%BC%D0%B0-%D0%BA%D0%B0%D0%BB%D0%BA%D0%B0%D0%BD/" "Mozilla/5.0 (Macintosh; Intel Mac OS X 10_15_7) AppleWebKit/537.36 (KHTML, like Gecko) Chrome/131.0.0.0 Safari/537.36; compatible; OAI-SearchBot/1.3; +https://openai.com/searchbot"
74.7.229.211 - - [05/Apr/2026:18:52:20 +0200] "GET /?p=4382 HTTP/1.1" 301 0 "https://ribari.net/%D1%85%D0%B2%D0%B0%D0%BD%D0%B0%D1%85%D0%B0-%D1%80%D0%B8%D0%B1%D0%B0%D1%80-%D1%81-%D0%BD%D0%B0%D0%B4-27-%D0%BA%D0%B8%D0%BB%D0%BE%D0%B3%D1%80%D0%B0%D0%BC%D0%B0-%D0%BA%D0%B0%D0%BB%D0%BA%D0%B0%D0%BD/" "Mozilla/5.0 (Macintosh; Intel Mac OS X 10_15_7) AppleWebKit/537.36 (KHTML, like Gecko) Chrome/131.0.0.0 Safari/537.36; compatible; OAI-SearchBot/1.3; +https://openai.com/searchbot"
74.7.229.211 - - [05/Apr/2026:18:52:20 +0200] "GET /%d1%85%d0%b2%d0%b0%d0%bd%d0%b0%d1%85%d0%b0-%d1%80%d0%b8%d0%b1%d0%b0%d1%80-%d1%81-%d0%bd%d0%b0%d0%b4-27-%d0%ba%d0%b8%d0%bb%d0%be%d0%b3%d1%80%d0%b0%d0%bc%d0%b0-%d0%ba%d0%b0%d0%bb%d0%ba%d0%b0%d0%bd/ HTTP/1.1" 200 20636 "https://ribari.net/?p=4382" "Mozilla/5.0 (Macintosh; Intel Mac OS X 10_15_7) AppleWebKit/537.36 (KHTML, like Gecko) Chrome/131.0.0.0 Safari/537.36; compatible; OAI-SearchBot/1.3; +https://openai.com/searchbot"
66.249.66.42 - - [05/Apr/2026:18:52:23 +0200] "GET /commoditys/276020068 HTTP/1.1" 404 13201 "-" "Mozilla/5.0 (Linux; Android 6.0.1; Nexus 5X Build/MMB29P) AppleWebKit/537.36 (KHTML, like Gecko) Chrome/146.0.7680.177 Mobile Safari/537.36 (compatible; Googlebot/2.1; +http://www.google.com/bot.html)"
66.249.66.161 - - [05/Apr/2026:18:52:28 +0200] "GET /commoditys/252046480 HTTP/1.1" 404 13203 "-" "Mozilla/5.0 (Linux; Android 6.0.1; Nexus 5X Build/MMB29P) AppleWebKit/537.36 (KHTML, like Gecko) Chrome/146.0.7680.177 Mobile Safari/537.36 (compatible; Googlebot/2.1; +http://www.google.com/bot.html)"
161.97.137.93 - - [05/Apr/2026:18:52:36 +0200] "POST /wp-cron.php?doing_wp_cron=1775407956.5091259479522705078125 HTTP/1.1" 404 13203 "https://ribari.net/wp-cron.php?doing_wp_cron=1775407956.5091259479522705078125" "WordPress/4.9.13; https://ribari.net"
66.249.66.161 - - [05/Apr/2026:18:52:37 +0200] "GET /prizes/122207319 HTTP/1.1" 404 13203 "-" "Mozilla/5.0 (Linux; Android 6.0.1; Nexus 5X Build/MMB29P) AppleWebKit/537.36 (KHTML, like Gecko) Chrome/146.0.7680.177 Mobile Safari/537.36 (compatible; Googlebot/2.1; +http://www.google.com/bot.html)"
66.249.66.41 - - [05/Apr/2026:18:52:47 +0200] "GET /prizes/113077935 HTTP/1.1" 404 13204 "-" "Mozilla/5.0 (Linux; Android 6.0.1; Nexus 5X Build/MMB29P) AppleWebKit/537.36 (KHTML, like Gecko) Chrome/146.0.7680.177 Mobile Safari/537.36 (compatible; Googlebot/2.1; +http://www.google.com/bot.html)"
66.249.66.161 - - [05/Apr/2026:18:52:57 +0200] "GET /prizes/57570874 HTTP/1.1" 404 13203 "-" "Mozilla/5.0 (Linux; Android 6.0.1; Nexus 5X Build/MMB29P) AppleWebKit/537.36 (KHTML, like Gecko) Chrome/146.0.7680.177 Mobile Safari/537.36 (compatible; Googlebot/2.1; +http://www.google.com/bot.html)"
66.249.66.42 - - [05/Apr/2026:18:53:07 +0200] "GET /m45629412279 HTTP/1.1" 404 13204 "-" "Mozilla/5.0 (Linux; Android 6.0.1; Nexus 5X Build/MMB29P) AppleWebKit/537.36 (KHTML, like Gecko) Chrome/146.0.7680.177 Mobile Safari/537.36 (compatible; Googlebot/2.1; +http://www.google.com/bot.html)"
220.181.108.111 - - [05/Apr/2026:18:53:33 +0200] "GET /wp-content/uploads/2020/031/swes-696x385.png HTTP/1.1" 304 0 "-" "Baiduspider-image+(+http://www.baidu.com/search/spider.htm)"
66.249.66.161 - - [05/Apr/2026:18:53:33 +0200] "GET /prizes/89463056 HTTP/1.1" 404 13202 "-" "Mozilla/5.0 (Linux; Android 6.0.1; Nexus 5X Build/MMB29P) AppleWebKit/537.36 (KHTML, like Gecko) Chrome/146.0.7680.177 Mobile Safari/537.36 (compatible; Googlebot/2.1; +http://www.google.com/bot.html)"
161.97.137.93 - - [05/Apr/2026:18:53:39 +0200] "POST /wp-cron.php?doing_wp_cron=1775408018.8633639812469482421875 HTTP/1.1" 404 13203 "https://ribari.net/wp-cron.php?doing_wp_cron=1775408018.8633639812469482421875" "WordPress/4.9.13; https://ribari.net"
66.249.66.194 - - [05/Apr/2026:18:53:39 +0200] "GET /prizes/94939773 HTTP/1.1" 404 13205 "-" "Mozilla/5.0 (Linux; Android 6.0.1; Nexus 5X Build/MMB29P) AppleWebKit/537.36 (KHTML, like Gecko) Chrome/146.0.7680.177 Mobile Safari/537.36 (compatible; Googlebot/2.1; +http://www.google.com/bot.html)"
66.249.66.41 - - [05/Apr/2026:18:53:43 +0200] "GET /prizes/250825309 HTTP/1.1" 404 13203 "-" "Mozilla/5.0 (Linux; Android 6.0.1; Nexus 5X Build/MMB29P) AppleWebKit/537.36 (KHTML, like Gecko) Chrome/146.0.7680.177 Mobile Safari/537.36 (compatible; Googlebot/2.1; +http://www.google.com/bot.html)"
66.249.66.41 - - [05/Apr/2026:18:53:49 +0200] "GET /prizes/151025420%20%20%20%20%20%20%20%20%20%20%20%20%20%20%20%20%20%20%20%20%20%20%20%20%20%20%20%20%20%20%20%20class= HTTP/1.1" 404 13203 "-" "Mozilla/5.0 (Linux; Android 6.0.1; Nexus 5X Build/MMB29P) AppleWebKit/537.36 (KHTML, like Gecko) Chrome/146.0.7680.177 Mobile Safari/537.36 (compatible; Googlebot/2.1; +http://www.google.com/bot.html)"
66.249.66.2 - - [05/Apr/2026:18:54:00 +0200] "GET /prizes/109082945 HTTP/1.1" 404 13202 "-" "Mozilla/5.0 (Linux; Android 6.0.1; Nexus 5X Build/MMB29P) AppleWebKit/537.36 (KHTML, like Gecko) Chrome/146.0.7680.177 Mobile Safari/537.36 (compatible; Googlebot/2.1; +http://www.google.com/bot.html)"
103.216.119.20 - - [05/Apr/2026:18:54:01 +0200] "GET /wp-login.php HTTP/1.1" 502 552 "-" "Mozilla/4.0 (compatible; MSIE 7.0; Windows NT 6.2; WOW64; Trident/7.0; .NET4.0E; .NET4.0C; .NET CLR 3.5.30729; .NET CLR 2.0.50727; .NET CLR 3.0.30729; Tablet PC 2.0)"
103.216.119.20 - - [05/Apr/2026:18:54:03 +0200] "POST /wp-login.php HTTP/1.1" 302 0 "https://ribari.net/wp-login.php" "Mozilla/4.0 (compatible; MSIE 7.0; Windows NT 6.2; WOW64; Trident/7.0; .NET4.0E; .NET4.0C; .NET CLR 3.5.30729; .NET CLR 2.0.50727; .NET CLR 3.0.30729; Tablet PC 2.0)"
103.216.119.20 - - [05/Apr/2026:18:54:04 +0200] "GET /wp-login.php HTTP/1.1" 302 0 "https://ribari.net/wp-login.php" "Mozilla/4.0 (compatible; MSIE 7.0; Windows NT 6.2; WOW64; Trident/7.0; .NET4.0E; .NET4.0C; .NET CLR 3.5.30729; .NET CLR 2.0.50727; .NET CLR 3.0.30729; Tablet PC 2.0)"
103.216.119.20 - - [05/Apr/2026:18:54:05 +0200] "GET /wp-login.php HTTP/1.1" 302 0 "https://ribari.net/wp-login.php" "Mozilla/4.0 (compatible; MSIE 7.0; Windows NT 6.2; WOW64; Trident/7.0; .NET4.0E; .NET4.0C; .NET CLR 3.5.30729; .NET CLR 2.0.50727; .NET CLR 3.0.30729; Tablet PC 2.0)"
103.216.119.20 - - [05/Apr/2026:18:54:07 +0200] "GET /wp-login.php HTTP/1.1" 302 0 "https://ribari.net/wp-login.php" "Mozilla/4.0 (compatible; MSIE 7.0; Windows NT 6.2; WOW64; Trident/7.0; .NET4.0E; .NET4.0C; .NET CLR 3.5.30729; .NET CLR 2.0.50727; .NET CLR 3.0.30729; Tablet PC 2.0)"
103.216.119.20 - - [05/Apr/2026:18:54:08 +0200] "GET /wp-login.php HTTP/1.1" 302 0 "https://ribari.net/wp-login.php" "Mozilla/4.0 (compatible; MSIE 7.0; Windows NT 6.2; WOW64; Trident/7.0; .NET4.0E; .NET4.0C; .NET CLR 3.5.30729; .NET CLR 2.0.50727; .NET CLR 3.0.30729; Tablet PC 2.0)"
66.249.66.65 - - [05/Apr/2026:18:54:10 +0200] "GET /prizes/65960915 HTTP/1.1" 404 13202 "-" "Mozilla/5.0 (Linux; Android 6.0.1; Nexus 5X Build/MMB29P) AppleWebKit/537.36 (KHTML, like Gecko) Chrome/146.0.7680.177 Mobile Safari/537.36 (compatible; Googlebot/2.1; +http://www.google.com/bot.html)"
103.216.119.20 - - [05/Apr/2026:18:54:10 +0200] "GET /wp-login.php HTTP/1.1" 302 0 "https://ribari.net/wp-login.php" "Mozilla/4.0 (compatible; MSIE 7.0; Windows NT 6.2; WOW64; Trident/7.0; .NET4.0E; .NET4.0C; .NET CLR 3.5.30729; .NET CLR 2.0.50727; .NET CLR 3.0.30729; Tablet PC 2.0)"
103.216.119.20 - - [05/Apr/2026:18:54:11 +0200] "GET /wp-login.php HTTP/1.1" 302 0 "https://ribari.net/wp-login.php" "Mozilla/4.0 (compatible; MSIE 7.0; Windows NT 6.2; WOW64; Trident/7.0; .NET4.0E; .NET4.0C; .NET CLR 3.5.30729; .NET CLR 2.0.50727; .NET CLR 3.0.30729; Tablet PC 2.0)"
103.216.119.20 - - [05/Apr/2026:18:54:12 +0200] "GET /wp-login.php HTTP/1.1" 302 0 "https://ribari.net/wp-login.php" "Mozilla/4.0 (compatible; MSIE 7.0; Windows NT 6.2; WOW64; Trident/7.0; .NET4.0E; .NET4.0C; .NET CLR 3.5.30729; .NET CLR 2.0.50727; .NET CLR 3.0.30729; Tablet PC 2.0)"
103.216.119.20 - - [05/Apr/2026:18:54:14 +0200] "GET /wp-login.php HTTP/1.1" 302 0 "https://ribari.net/wp-login.php" "Mozilla/4.0 (compatible; MSIE 7.0; Windows NT 6.2; WOW64; Trident/7.0; .NET4.0E; .NET4.0C; .NET CLR 3.5.30729; .NET CLR 2.0.50727; .NET CLR 3.0.30729; Tablet PC 2.0)"
44.213.202.136 - - [05/Apr/2026:18:54:14 +0200] "GET /wp-content/plugins/mashsharer/assets/css/fonts/ HTTP/1.1" 200 394 "-" "Mozilla/5.0 AppleWebKit/537.36 (KHTML, like Gecko; compatible; Amazonbot/0.1; +https://developer.amazon.com/support/amazonbot) Chrome/119.0.6045.214 Safari/537.36"
103.216.119.20 - - [05/Apr/2026:18:54:15 +0200] "GET /wp-login.php HTTP/1.1" 302 0 "https://ribari.net/wp-login.php" "Mozilla/4.0 (compatible; MSIE 7.0; Windows NT 6.2; WOW64; Trident/7.0; .NET4.0E; .NET4.0C; .NET CLR 3.5.30729; .NET CLR 2.0.50727; .NET CLR 3.0.30729; Tablet PC 2.0)"
66.249.66.194 - - [05/Apr/2026:18:54:20 +0200] "GET /prizes/140261208 HTTP/1.1" 404 13200 "-" "Mozilla/5.0 (Linux; Android 6.0.1; Nexus 5X Build/MMB29P) AppleWebKit/537.36 (KHTML, like Gecko) Chrome/146.0.7680.177 Mobile Safari/537.36 (compatible; Googlebot/2.1; +http://www.google.com/bot.html)"
