66.249.66.69 - - [05/Apr/2026:18:29:09 +0200] "GET /prizes/19959086 HTTP/1.1" 404 13203 "-" "Mozilla/5.0 (Linux; Android 6.0.1; Nexus 5X Build/MMB29P) AppleWebKit/537.36 (KHTML, like Gecko) Chrome/146.0.7680.177 Mobile Safari/537.36 (compatible; Googlebot/2.1; +http://www.google.com/bot.html)"
66.249.66.6 - - [05/Apr/2026:18:29:13 +0200] "GET /index.php?prizes/140270420 HTTP/1.1" 301 0 "-" "Mozilla/5.0 (Linux; Android 6.0.1; Nexus 5X Build/MMB29P) AppleWebKit/537.36 (KHTML, like Gecko) Chrome/146.0.7680.177 Mobile Safari/537.36 (compatible; Googlebot/2.1; +http://www.google.com/bot.html)"
66.249.66.6 - - [05/Apr/2026:18:29:13 +0200] "GET /index.php?prizes/27585248 HTTP/1.1" 301 0 "-" "Mozilla/5.0 (Linux; Android 6.0.1; Nexus 5X Build/MMB29P) AppleWebKit/537.36 (KHTML, like Gecko) Chrome/146.0.7680.177 Mobile Safari/537.36 (compatible; Googlebot/2.1; +http://www.google.com/bot.html)"
66.249.66.6 - - [05/Apr/2026:18:29:15 +0200] "GET /?prizes/140270420 HTTP/1.1" 200 27717 "-" "Mozilla/5.0 (Linux; Android 6.0.1; Nexus 5X Build/MMB29P) AppleWebKit/537.36 (KHTML, like Gecko) Chrome/146.0.7680.177 Mobile Safari/537.36 (compatible; Googlebot/2.1; +http://www.google.com/bot.html)"
66.249.66.37 - - [05/Apr/2026:18:29:16 +0200] "GET /?prizes/27585248 HTTP/1.1" 200 27058 "-" "Mozilla/5.0 (Linux; Android 6.0.1; Nexus 5X Build/MMB29P) AppleWebKit/537.36 (KHTML, like Gecko) Chrome/146.0.7680.177 Mobile Safari/537.36 (compatible; Googlebot/2.1; +http://www.google.com/bot.html)"
116.179.32.27 - - [05/Apr/2026:18:29:17 +0200] "GET /wp-content/uploads/2020/03/%D0%B8%D0%B7%D1%82%D0%B5%D0%B3%D0%BB%D0%B5%D0%BD-%D1%84%D0%B0%D0%B9%D0%BB-265x198.jpg HTTP/1.1" 200 10135 "-" "Baiduspider-image+(+http://www.baidu.com/search/spider.htm)"
66.249.66.6 - - [05/Apr/2026:18:29:23 +0200] "GET /prizes/264181410 HTTP/1.1" 404 13203 "-" "Mozilla/5.0 (Linux; Android 6.0.1; Nexus 5X Build/MMB29P) AppleWebKit/537.36 (KHTML, like Gecko) Chrome/146.0.7680.177 Mobile Safari/537.36 (compatible; Googlebot/2.1; +http://www.google.com/bot.html)"
66.249.66.194 - - [05/Apr/2026:18:29:34 +0200] "GET /index.php?prizes/50404743 HTTP/1.1" 301 0 "-" "Mozilla/5.0 (Linux; Android 6.0.1; Nexus 5X Build/MMB29P) AppleWebKit/537.36 (KHTML, like Gecko) Chrome/146.0.7680.177 Mobile Safari/537.36 (compatible; Googlebot/2.1; +http://www.google.com/bot.html)"
66.249.66.65 - - [05/Apr/2026:18:29:35 +0200] "GET /?prizes/50404743 HTTP/1.1" 200 27627 "-" "Mozilla/5.0 (Linux; Android 6.0.1; Nexus 5X Build/MMB29P) AppleWebKit/537.36 (KHTML, like Gecko) Chrome/146.0.7680.177 Mobile Safari/537.36 (compatible; Googlebot/2.1; +http://www.google.com/bot.html)"
66.249.66.161 - - [05/Apr/2026:18:29:44 +0200] "GET /prizes/82271268 HTTP/1.1" 404 13202 "-" "Mozilla/5.0 (Linux; Android 6.0.1; Nexus 5X Build/MMB29P) AppleWebKit/537.36 (KHTML, like Gecko) Chrome/146.0.7680.177 Mobile Safari/537.36 (compatible; Googlebot/2.1; +http://www.google.com/bot.html)"
66.249.66.41 - - [05/Apr/2026:18:29:55 +0200] "GET /prizes/83357672 HTTP/1.1" 404 13203 "-" "Mozilla/5.0 (Linux; Android 6.0.1; Nexus 5X Build/MMB29P) AppleWebKit/537.36 (KHTML, like Gecko) Chrome/146.0.7680.177 Mobile Safari/537.36 (compatible; Googlebot/2.1; +http://www.google.com/bot.html)"
66.249.66.65 - - [05/Apr/2026:18:29:55 +0200] "GET /prizes/61586672 HTTP/1.1" 404 13204 "-" "Mozilla/5.0 (Linux; Android 6.0.1; Nexus 5X Build/MMB29P) AppleWebKit/537.36 (KHTML, like Gecko) Chrome/146.0.7680.177 Mobile Safari/537.36 (compatible; GoogleOther)"
161.97.137.93 - - [05/Apr/2026:18:30:05 +0200] "POST /wp-cron.php?doing_wp_cron=1775406605.3958160877227783203125 HTTP/1.1" 404 13202 "https://ribari.net/wp-cron.php?doing_wp_cron=1775406605.3958160877227783203125" "WordPress/4.9.13; https://ribari.net"
66.249.66.4 - - [05/Apr/2026:18:30:06 +0200] "GET /prizes/301202127 HTTP/1.1" 404 13203 "-" "Mozilla/5.0 (Linux; Android 6.0.1; Nexus 5X Build/MMB29P) AppleWebKit/537.36 (KHTML, like Gecko) Chrome/146.0.7680.177 Mobile Safari/537.36 (compatible; Googlebot/2.1; +http://www.google.com/bot.html)"
66.249.66.65 - - [05/Apr/2026:18:30:15 +0200] "GET /prizes/55810713 HTTP/1.1" 404 13202 "-" "Mozilla/5.0 (Linux; Android 6.0.1; Nexus 5X Build/MMB29P) AppleWebKit/537.36 (KHTML, like Gecko) Chrome/146.0.7680.177 Mobile Safari/537.36 (compatible; Googlebot/2.1; +http://www.google.com/bot.html)"
66.249.66.194 - - [05/Apr/2026:18:30:26 +0200] "GET /prizes/33607470 HTTP/1.1" 404 13203 "-" "Mozilla/5.0 (Linux; Android 6.0.1; Nexus 5X Build/MMB29P) AppleWebKit/537.36 (KHTML, like Gecko) Chrome/146.0.7680.177 Mobile Safari/537.36 (compatible; Googlebot/2.1; +http://www.google.com/bot.html)"
52.202.52.82 - - [05/Apr/2026:18:30:30 +0200] "GET /wp-content/plugins/td-composer/css-live/assets/external/ace/ HTTP/1.1" 200 506 "-" "Mozilla/5.0 AppleWebKit/537.36 (KHTML, like Gecko; compatible; Amazonbot/0.1; +https://developer.amazon.com/support/amazonbot) Chrome/119.0.6045.214 Safari/537.36"
66.249.66.194 - - [05/Apr/2026:18:30:36 +0200] "GET /prizes/122647309 HTTP/1.1" 404 13203 "-" "Mozilla/5.0 (Linux; Android 6.0.1; Nexus 5X Build/MMB29P) AppleWebKit/537.36 (KHTML, like Gecko) Chrome/146.0.7680.177 Mobile Safari/537.36 (compatible; Googlebot/2.1; +http://www.google.com/bot.html)"
116.179.32.73 - - [05/Apr/2026:18:30:43 +0200] "GET /wp-content/uploads/2020/05/galin-485x360.jpg HTTP/1.1" 200 44200 "-" "Baiduspider-image+(+http://www.baidu.com/search/spider.htm)"
66.249.66.194 - - [05/Apr/2026:18:30:44 +0200] "GET /index.php?prizes/208781349 HTTP/1.1" 301 0 "-" "Mozilla/5.0 (Linux; Android 6.0.1; Nexus 5X Build/MMB29P) AppleWebKit/537.36 (KHTML, like Gecko) Chrome/146.0.7680.177 Mobile Safari/537.36 (compatible; Googlebot/2.1; +http://www.google.com/bot.html)"
66.249.66.65 - - [05/Apr/2026:18:30:45 +0200] "GET /?prizes/208781349 HTTP/1.1" 200 27487 "-" "Mozilla/5.0 (Linux; Android 6.0.1; Nexus 5X Build/MMB29P) AppleWebKit/537.36 (KHTML, like Gecko) Chrome/146.0.7680.177 Mobile Safari/537.36 (compatible; Googlebot/2.1; +http://www.google.com/bot.html)"
66.249.66.194 - - [05/Apr/2026:18:30:46 +0200] "GET /prizes/112405632 HTTP/1.1" 404 13203 "-" "Mozilla/5.0 (Linux; Android 6.0.1; Nexus 5X Build/MMB29P) AppleWebKit/537.36 (KHTML, like Gecko) Chrome/146.0.7680.177 Mobile Safari/537.36 (compatible; Googlebot/2.1; +http://www.google.com/bot.html)"
173.239.214.53 - - [05/Apr/2026:18:30:53 +0200] "GET /wp-login.php HTTP/1.1" 302 0 "-" "Mozilla/5.0"
173.239.214.53 - - [05/Apr/2026:18:30:54 +0200] "GET /wp-admin/ HTTP/1.1" 302 0 "-" "Mozilla/5.0"
66.249.66.41 - - [05/Apr/2026:18:30:57 +0200] "GET /prizes/86871844 HTTP/1.1" 404 13203 "-" "Mozilla/5.0 (Linux; Android 6.0.1; Nexus 5X Build/MMB29P) AppleWebKit/537.36 (KHTML, like Gecko) Chrome/146.0.7680.177 Mobile Safari/537.36 (compatible; Googlebot/2.1; +http://www.google.com/bot.html)"
161.97.137.93 - - [05/Apr/2026:18:31:07 +0200] "POST /wp-cron.php?doing_wp_cron=1775406667.5426020622253417968750 HTTP/1.1" 404 13203 "https://ribari.net/wp-cron.php?doing_wp_cron=1775406667.5426020622253417968750" "WordPress/4.9.13; https://ribari.net"
66.249.66.162 - - [05/Apr/2026:18:31:08 +0200] "GET /prizes/141770501 HTTP/1.1" 404 13203 "-" "Mozilla/5.0 (Linux; Android 6.0.1; Nexus 5X Build/MMB29P) AppleWebKit/537.36 (KHTML, like Gecko) Chrome/146.0.7680.177 Mobile Safari/537.36 (compatible; Googlebot/2.1; +http://www.google.com/bot.html)"
66.249.66.162 - - [05/Apr/2026:18:31:18 +0200] "GET /prizes/102954511 HTTP/1.1" 404 13203 "-" "Mozilla/5.0 (Linux; Android 6.0.1; Nexus 5X Build/MMB29P) AppleWebKit/537.36 (KHTML, like Gecko) Chrome/146.0.7680.177 Mobile Safari/537.36 (compatible; Googlebot/2.1; +http://www.google.com/bot.html)"
66.249.66.162 - - [05/Apr/2026:18:31:21 +0200] "GET /prizes/87392945 HTTP/1.1" 404 13204 "-" "Mozilla/5.0 (Linux; Android 6.0.1; Nexus 5X Build/MMB29P) AppleWebKit/537.36 (KHTML, like Gecko) Chrome/146.0.7680.177 Mobile Safari/537.36 (compatible; Googlebot/2.1; +http://www.google.com/bot.html)"
66.249.66.161 - - [05/Apr/2026:18:31:28 +0200] "GET /prizes/113705238 HTTP/1.1" 404 13204 "-" "Mozilla/5.0 (Linux; Android 6.0.1; Nexus 5X Build/MMB29P) AppleWebKit/537.36 (KHTML, like Gecko) Chrome/146.0.7680.177 Mobile Safari/537.36 (compatible; Googlebot/2.1; +http://www.google.com/bot.html)"
85.208.96.209 - - [05/Apr/2026:18:31:30 +0200] "GET /%D0%B1%D0%BE%D1%8F%D0%B4%D0%B8%D1%81%D0%B0%D0%BD%D0%B8-%D1%87%D0%B5%D1%80%D0%B2%D0%B5%D0%B8/ HTTP/1.1" 200 19776 "-" "Mozilla/5.0 (compatible; SemrushBot/7~bl; +http://www.semrush.com/bot.html)"
66.249.66.65 - - [05/Apr/2026:18:31:38 +0200] "GET /prizes/76731430 HTTP/1.1" 404 13203 "-" "Mozilla/5.0 (Linux; Android 6.0.1; Nexus 5X Build/MMB29P) AppleWebKit/537.36 (KHTML, like Gecko) Chrome/146.0.7680.177 Mobile Safari/537.36 (compatible; Googlebot/2.1; +http://www.google.com/bot.html)"
66.249.66.194 - - [05/Apr/2026:18:31:45 +0200] "GET /index.php?prizes/10591905 HTTP/1.1" 301 0 "-" "Mozilla/5.0 (Linux; Android 6.0.1; Nexus 5X Build/MMB29P) AppleWebKit/537.36 (KHTML, like Gecko) Chrome/146.0.7680.177 Mobile Safari/537.36 (compatible; Googlebot/2.1; +http://www.google.com/bot.html)"
66.249.66.2 - - [05/Apr/2026:18:31:46 +0200] "GET /?prizes/10591905 HTTP/1.1" 200 27558 "-" "Mozilla/5.0 (Linux; Android 6.0.1; Nexus 5X Build/MMB29P) AppleWebKit/537.36 (KHTML, like Gecko) Chrome/146.0.7680.177 Mobile Safari/537.36 (compatible; Googlebot/2.1; +http://www.google.com/bot.html)"
66.249.66.42 - - [05/Apr/2026:18:32:04 +0200] "GET /prizes/121417551 HTTP/1.1" 404 13201 "-" "Mozilla/5.0 (Linux; Android 6.0.1; Nexus 5X Build/MMB29P) AppleWebKit/537.36 (KHTML, like Gecko) Chrome/146.0.7680.177 Mobile Safari/537.36 (compatible; Googlebot/2.1; +http://www.google.com/bot.html)"
220.181.108.156 - - [05/Apr/2026:18:32:06 +0200] "GET /wp-content/uploads/2020/05/dede-324x235.jpg HTTP/1.1" 200 18948 "-" "Baiduspider-image+(+http://www.baidu.com/search/spider.htm)"
161.97.137.93 - - [05/Apr/2026:18:32:10 +0200] "POST /wp-cron.php?doing_wp_cron=1775406729.6592209339141845703125 HTTP/1.1" 404 13202 "https://ribari.net/wp-cron.php?doing_wp_cron=1775406729.6592209339141845703125" "WordPress/4.9.13; https://ribari.net"
66.249.66.66 - - [05/Apr/2026:18:32:10 +0200] "GET /prizes/52731359 HTTP/1.1" 404 13202 "-" "Mozilla/5.0 (Linux; Android 6.0.1; Nexus 5X Build/MMB29P) AppleWebKit/537.36 (KHTML, like Gecko) Chrome/146.0.7680.177 Mobile Safari/537.36 (compatible; Googlebot/2.1; +http://www.google.com/bot.html)"
66.249.66.195 - - [05/Apr/2026:18:32:12 +0200] "GET /index.php?prizes/265706783 HTTP/1.1" 301 0 "-" "Mozilla/5.0 (Linux; Android 6.0.1; Nexus 5X Build/MMB29P) AppleWebKit/537.36 (KHTML, like Gecko) Chrome/146.0.7680.177 Mobile Safari/537.36 (compatible; Googlebot/2.1; +http://www.google.com/bot.html)"
66.249.66.41 - - [05/Apr/2026:18:32:14 +0200] "GET /?prizes/265706783 HTTP/1.1" 200 27323 "-" "Mozilla/5.0 (Linux; Android 6.0.1; Nexus 5X Build/MMB29P) AppleWebKit/537.36 (KHTML, like Gecko) Chrome/146.0.7680.177 Mobile Safari/537.36 (compatible; Googlebot/2.1; +http://www.google.com/bot.html)"
66.249.66.2 - - [05/Apr/2026:18:32:15 +0200] "GET /prizes/122520400%20%20%20%20%20%20%20%20%20%20%20%20%20%20%20%20%20%20%20%20%20%20%20%20%20%20%20%20%20%20%20%20class= HTTP/1.1" 404 13203 "-" "Mozilla/5.0 (Linux; Android 6.0.1; Nexus 5X Build/MMB29P) AppleWebKit/537.36 (KHTML, like Gecko) Chrome/146.0.7680.177 Mobile Safari/537.36 (compatible; Googlebot/2.1; +http://www.google.com/bot.html)"
66.249.66.194 - - [05/Apr/2026:18:32:18 +0200] "GET /index.php?prizes/24960733 HTTP/1.1" 301 0 "-" "Mozilla/5.0 (Linux; Android 6.0.1; Nexus 5X Build/MMB29P) AppleWebKit/537.36 (KHTML, like Gecko) Chrome/146.0.7680.177 Mobile Safari/537.36 (compatible; Googlebot/2.1; +http://www.google.com/bot.html)"
66.249.66.2 - - [05/Apr/2026:18:32:19 +0200] "GET /?prizes/24960733 HTTP/1.1" 200 28160 "-" "Mozilla/5.0 (Linux; Android 6.0.1; Nexus 5X Build/MMB29P) AppleWebKit/537.36 (KHTML, like Gecko) Chrome/146.0.7680.177 Mobile Safari/537.36 (compatible; Googlebot/2.1; +http://www.google.com/bot.html)"
66.249.66.65 - - [05/Apr/2026:18:32:19 +0200] "GET /index.php?prizes/291050127 HTTP/1.1" 301 0 "-" "Mozilla/5.0 (Linux; Android 6.0.1; Nexus 5X Build/MMB29P) AppleWebKit/537.36 (KHTML, like Gecko) Chrome/146.0.7680.177 Mobile Safari/537.36 (compatible; Googlebot/2.1; +http://www.google.com/bot.html)"
66.249.66.41 - - [05/Apr/2026:18:32:21 +0200] "GET /?prizes/291050127 HTTP/1.1" 200 27234 "-" "Mozilla/5.0 (Linux; Android 6.0.1; Nexus 5X Build/MMB29P) AppleWebKit/537.36 (KHTML, like Gecko) Chrome/146.0.7680.177 Mobile Safari/537.36 (compatible; Googlebot/2.1; +http://www.google.com/bot.html)"
66.249.66.65 - - [05/Apr/2026:18:32:21 +0200] "GET /prizes/110245177 HTTP/1.1" 404 13195 "-" "Mozilla/5.0 (Linux; Android 6.0.1; Nexus 5X Build/MMB29P) AppleWebKit/537.36 (KHTML, like Gecko) Chrome/146.0.7680.177 Mobile Safari/537.36 (compatible; Googlebot/2.1; +http://www.google.com/bot.html)"
66.249.66.41 - - [05/Apr/2026:18:32:22 +0200] "GET /commoditys/044012200 HTTP/1.1" 404 13203 "-" "Mozilla/5.0 (Linux; Android 6.0.1; Nexus 5X Build/MMB29P) AppleWebKit/537.36 (KHTML, like Gecko) Chrome/146.0.7680.177 Mobile Safari/537.36 (compatible; Googlebot/2.1; +http://www.google.com/bot.html)"
66.249.66.194 - - [05/Apr/2026:18:32:23 +0200] "GET /index.php?prizes/213260208 HTTP/1.1" 301 0 "-" "Mozilla/5.0 (Linux; Android 6.0.1; Nexus 5X Build/MMB29P) AppleWebKit/537.36 (KHTML, like Gecko) Chrome/146.0.7680.177 Mobile Safari/537.36 (compatible; Googlebot/2.1; +http://www.google.com/bot.html)"
66.249.66.161 - - [05/Apr/2026:18:32:24 +0200] "GET /?t=btb81g8344eclxuusg HTTP/1.1" 200 27989 "-" "Mozilla/5.0 (Linux; Android 6.0.1; Nexus 5X Build/MMB29P) AppleWebKit/537.36 (KHTML, like Gecko) Chrome/146.0.7680.177 Mobile Safari/537.36 (compatible; Googlebot/2.1; +http://www.google.com/bot.html)"
66.249.66.2 - - [05/Apr/2026:18:32:26 +0200] "GET /?prizes/213260208 HTTP/1.1" 200 28138 "-" "Mozilla/5.0 (Linux; Android 6.0.1; Nexus 5X Build/MMB29P) AppleWebKit/537.36 (KHTML, like Gecko) Chrome/146.0.7680.177 Mobile Safari/537.36 (compatible; Googlebot/2.1; +http://www.google.com/bot.html)"
66.249.66.65 - - [05/Apr/2026:18:32:30 +0200] "GET /prizes/236813753 HTTP/1.1" 404 13202 "-" "Mozilla/5.0 (Linux; Android 6.0.1; Nexus 5X Build/MMB29P) AppleWebKit/537.36 (KHTML, like Gecko) Chrome/146.0.7680.177 Mobile Safari/537.36 (compatible; Googlebot/2.1; +http://www.google.com/bot.html)"
66.249.66.161 - - [05/Apr/2026:18:32:41 +0200] "GET /prizes/89077965 HTTP/1.1" 404 13199 "-" "Mozilla/5.0 (Linux; Android 6.0.1; Nexus 5X Build/MMB29P) AppleWebKit/537.36 (KHTML, like Gecko) Chrome/146.0.7680.177 Mobile Safari/537.36 (compatible; Googlebot/2.1; +http://www.google.com/bot.html)"
66.249.66.42 - - [05/Apr/2026:18:32:48 +0200] "GET /?a=ljr71ujwqr38942tiwkti HTTP/1.1" 200 28017 "-" "Mozilla/5.0 (Linux; Android 6.0.1; Nexus 5X Build/MMB29P) AppleWebKit/537.36 (KHTML, like Gecko) Chrome/146.0.7680.177 Mobile Safari/537.36 (compatible; GoogleOther)"
66.249.66.65 - - [05/Apr/2026:18:32:51 +0200] "GET /prizes/105437723 HTTP/1.1" 404 13199 "-" "Mozilla/5.0 (Linux; Android 6.0.1; Nexus 5X Build/MMB29P) AppleWebKit/537.36 (KHTML, like Gecko) Chrome/146.0.7680.177 Mobile Safari/537.36 (compatible; Googlebot/2.1; +http://www.google.com/bot.html)"
2605:a141:2293:8777::1 - - [05/Apr/2026:18:32:56 +0200] "POST /wp-login.php HTTP/1.1" 302 0 "-" "Mozilla/5.0"
2605:a141:2293:8777::1 - - [05/Apr/2026:18:32:57 +0200] "POST /wp-login.php HTTP/1.1" 302 0 "-" "Mozilla/5.0"
66.249.66.2 - - [05/Apr/2026:18:33:02 +0200] "GET /prizes/113161743 HTTP/1.1" 404 13198 "-" "Mozilla/5.0 (Linux; Android 6.0.1; Nexus 5X Build/MMB29P) AppleWebKit/537.36 (KHTML, like Gecko) Chrome/146.0.7680.177 Mobile Safari/537.36 (compatible; Googlebot/2.1; +http://www.google.com/bot.html)"
161.97.137.93 - - [05/Apr/2026:18:33:12 +0200] "POST /wp-cron.php?doing_wp_cron=1775406792.2561891078948974609375 HTTP/1.1" 404 13203 "https://ribari.net/wp-cron.php?doing_wp_cron=1775406792.2561891078948974609375" "WordPress/4.9.13; https://ribari.net"
66.249.66.195 - - [05/Apr/2026:18:33:12 +0200] "GET /prizes/70549884 HTTP/1.1" 404 13201 "-" "Mozilla/5.0 (Linux; Android 6.0.1; Nexus 5X Build/MMB29P) AppleWebKit/537.36 (KHTML, like Gecko) Chrome/146.0.7680.177 Mobile Safari/537.36 (compatible; Googlebot/2.1; +http://www.google.com/bot.html)"
66.249.66.41 - - [05/Apr/2026:18:33:22 +0200] "GET /prizes/20250925 HTTP/1.1" 404 13203 "-" "Mozilla/5.0 (Linux; Android 6.0.1; Nexus 5X Build/MMB29P) AppleWebKit/537.36 (KHTML, like Gecko) Chrome/146.0.7680.177 Mobile Safari/537.36 (compatible; Googlebot/2.1; +http://www.google.com/bot.html)"
66.249.66.194 - - [05/Apr/2026:18:33:28 +0200] "GET /index.php?prizes/289484238 HTTP/1.1" 301 0 "-" "Mozilla/5.0 (Linux; Android 6.0.1; Nexus 5X Build/MMB29P) AppleWebKit/537.36 (KHTML, like Gecko) Chrome/146.0.7680.177 Mobile Safari/537.36 (compatible; Googlebot/2.1; +http://www.google.com/bot.html)"
66.249.66.65 - - [05/Apr/2026:18:33:30 +0200] "GET /?prizes/289484238 HTTP/1.1" 200 27190 "-" "Mozilla/5.0 (Linux; Android 6.0.1; Nexus 5X Build/MMB29P) AppleWebKit/537.36 (KHTML, like Gecko) Chrome/146.0.7680.177 Mobile Safari/537.36 (compatible; Googlebot/2.1; +http://www.google.com/bot.html)"
66.249.66.194 - - [05/Apr/2026:18:33:33 +0200] "GET /prizes/29522723 HTTP/1.1" 404 13203 "-" "Mozilla/5.0 (Linux; Android 6.0.1; Nexus 5X Build/MMB29P) AppleWebKit/537.36 (KHTML, like Gecko) Chrome/146.0.7680.177 Mobile Safari/537.36 (compatible; Googlebot/2.1; +http://www.google.com/bot.html)"
116.179.32.172 - - [05/Apr/2026:18:33:33 +0200] "GET /wp-content/uploads/2020/05/ribari-324x338.jpg HTTP/1.1" 200 18193 "-" "Baiduspider-image+(+http://www.baidu.com/search/spider.htm)"
66.249.66.194 - - [05/Apr/2026:18:33:43 +0200] "GET /prizes/154676379 HTTP/1.1" 404 13204 "-" "Mozilla/5.0 (Linux; Android 6.0.1; Nexus 5X Build/MMB29P) AppleWebKit/537.36 (KHTML, like Gecko) Chrome/146.0.7680.177 Mobile Safari/537.36 (compatible; Googlebot/2.1; +http://www.google.com/bot.html)"
66.249.66.194 - - [05/Apr/2026:18:33:53 +0200] "GET /prizes/46995329 HTTP/1.1" 404 13203 "-" "Mozilla/5.0 (Linux; Android 6.0.1; Nexus 5X Build/MMB29P) AppleWebKit/537.36 (KHTML, like Gecko) Chrome/146.0.7680.177 Mobile Safari/537.36 (compatible; Googlebot/2.1; +http://www.google.com/bot.html)"
66.249.66.67 - - [05/Apr/2026:18:34:05 +0200] "GET /prizes/31506763 HTTP/1.1" 404 13203 "-" "Mozilla/5.0 (Linux; Android 6.0.1; Nexus 5X Build/MMB29P) AppleWebKit/537.36 (KHTML, like Gecko) Chrome/146.0.7680.177 Mobile Safari/537.36 (compatible; Googlebot/2.1; +http://www.google.com/bot.html)"
35.172.125.172 - - [05/Apr/2026:18:34:06 +0200] "GET /wp-content/plugins/td-composer/plugins/css-live/assets/ HTTP/1.1" 200 371 "-" "Mozilla/5.0 AppleWebKit/537.36 (KHTML, like Gecko; compatible; Amazonbot/0.1; +https://developer.amazon.com/support/amazonbot) Chrome/119.0.6045.214 Safari/537.36"
161.97.137.93 - - [05/Apr/2026:18:34:15 +0200] "POST /wp-cron.php?doing_wp_cron=1775406854.6928670406341552734375 HTTP/1.1" 404 13204 "https://ribari.net/wp-cron.php?doing_wp_cron=1775406854.6928670406341552734375" "WordPress/4.9.13; https://ribari.net"
66.249.66.161 - - [05/Apr/2026:18:34:15 +0200] "GET /prizes/306405248 HTTP/1.1" 404 13203 "-" "Mozilla/5.0 (Linux; Android 6.0.1; Nexus 5X Build/MMB29P) AppleWebKit/537.36 (KHTML, like Gecko) Chrome/146.0.7680.177 Mobile Safari/537.36 (compatible; Googlebot/2.1; +http://www.google.com/bot.html)"
2a03:2880:f806:3d:: - - [05/Apr/2026:18:34:17 +0200] "GET /prizes/12640288 HTTP/1.1" 404 13203 "-" "meta-externalagent/1.1 (+https://developers.facebook.com/docs/sharing/webmasters/crawler)"
66.249.66.2 - - [05/Apr/2026:18:34:33 +0200] "GET /prizes/99730713 HTTP/1.1" 404 13203 "-" "Mozilla/5.0 (Linux; Android 6.0.1; Nexus 5X Build/MMB29P) AppleWebKit/537.36 (KHTML, like Gecko) Chrome/146.0.7680.177 Mobile Safari/537.36 (compatible; Googlebot/2.1; +http://www.google.com/bot.html)"
66.249.66.65 - - [05/Apr/2026:18:34:38 +0200] "GET /prizes/121885228 HTTP/1.1" 404 13203 "-" "Mozilla/5.0 (Linux; Android 6.0.1; Nexus 5X Build/MMB29P) AppleWebKit/537.36 (KHTML, like Gecko) Chrome/146.0.7680.177 Mobile Safari/537.36 (compatible; Googlebot/2.1; +http://www.google.com/bot.html)"
66.249.66.65 - - [05/Apr/2026:18:34:42 +0200] "GET /?goods/070009811 HTTP/1.1" 200 27462 "-" "Mozilla/5.0 (Linux; Android 6.0.1; Nexus 5X Build/MMB29P) AppleWebKit/537.36 (KHTML, like Gecko) Chrome/146.0.7680.177 Mobile Safari/537.36 (compatible; Googlebot/2.1; +http://www.google.com/bot.html)"
66.249.66.2 - - [05/Apr/2026:18:34:45 +0200] "GET /prizes/111640309 HTTP/1.1" 404 13202 "-" "Mozilla/5.0 (Linux; Android 6.0.1; Nexus 5X Build/MMB29P) AppleWebKit/537.36 (KHTML, like Gecko) Chrome/146.0.7680.177 Mobile Safari/537.36 (compatible; Googlebot/2.1; +http://www.google.com/bot.html)"
66.249.66.2 - - [05/Apr/2026:18:34:56 +0200] "GET /prizes/135104975 HTTP/1.1" 404 13202 "-" "Mozilla/5.0 (Linux; Android 6.0.1; Nexus 5X Build/MMB29P) AppleWebKit/537.36 (KHTML, like Gecko) Chrome/146.0.7680.177 Mobile Safari/537.36 (compatible; Googlebot/2.1; +http://www.google.com/bot.html)"
66.249.66.65 - - [05/Apr/2026:18:34:57 +0200] "GET /commoditys/076030852 HTTP/1.1" 404 13203 "-" "Mozilla/5.0 (Linux; Android 6.0.1; Nexus 5X Build/MMB29P) AppleWebKit/537.36 (KHTML, like Gecko) Chrome/146.0.7680.177 Mobile Safari/537.36 (compatible; Googlebot/2.1; +http://www.google.com/bot.html)"
119.249.100.175 - - [05/Apr/2026:18:35:04 +0200] "GET /wp-content/uploads/2020/05/ddd-485x360.jpg HTTP/1.1" 502 552 "-" "Mozilla/5.0 (Windows NT 10.0; WOW64) AppleWebKit/537.36 (KHTML, like Gecko) Chrome/48.0.2564.116 Safari/537.36"
220.181.51.120 - - [05/Apr/2026:18:35:04 +0200] "GET /wp-content/uploads/2020/05/ddd-485x360.jpg HTTP/1.1" 502 552 "-" "Mozilla/5.0 (Windows NT 10.0; WOW64) AppleWebKit/537.36 (KHTML, like Gecko) Chrome/48.0.2564.116 Safari/537.36"
66.249.66.3 - - [05/Apr/2026:18:35:06 +0200] "GET /index.php?prizes/76666854 HTTP/1.1" 301 0 "-" "Mozilla/5.0 (Linux; Android 6.0.1; Nexus 5X Build/MMB29P) AppleWebKit/537.36 (KHTML, like Gecko) Chrome/146.0.7680.177 Mobile Safari/537.36 (compatible; Googlebot/2.1; +http://www.google.com/bot.html)"
66.249.66.2 - - [05/Apr/2026:18:35:08 +0200] "GET /?prizes/76666854 HTTP/1.1" 200 27529 "-" "Mozilla/5.0 (Linux; Android 6.0.1; Nexus 5X Build/MMB29P) AppleWebKit/537.36 (KHTML, like Gecko) Chrome/146.0.7680.177 Mobile Safari/537.36 (compatible; Googlebot/2.1; +http://www.google.com/bot.html)"
161.97.137.93 - - [05/Apr/2026:18:35:17 +0200] "POST /wp-cron.php?doing_wp_cron=1775406917.0062448978424072265625 HTTP/1.1" 404 13203 "https://ribari.net/wp-cron.php?doing_wp_cron=1775406917.0062448978424072265625" "WordPress/4.9.13; https://ribari.net"
66.249.66.161 - - [05/Apr/2026:18:35:17 +0200] "GET /index.php?prizes/76547834 HTTP/1.1" 301 0 "-" "Mozilla/5.0 (Linux; Android 6.0.1; Nexus 5X Build/MMB29P) AppleWebKit/537.36 (KHTML, like Gecko) Chrome/146.0.7680.177 Mobile Safari/537.36 (compatible; Googlebot/2.1; +http://www.google.com/bot.html)"
66.249.66.42 - - [05/Apr/2026:18:35:18 +0200] "GET /?prizes/76547834 HTTP/1.1" 200 26826 "-" "Mozilla/5.0 (Linux; Android 6.0.1; Nexus 5X Build/MMB29P) AppleWebKit/537.36 (KHTML, like Gecko) Chrome/146.0.7680.177 Mobile Safari/537.36 (compatible; Googlebot/2.1; +http://www.google.com/bot.html)"
66.249.66.2 - - [05/Apr/2026:18:35:27 +0200] "GET /index.php?prizes/116646430 HTTP/1.1" 301 0 "-" "Mozilla/5.0 (Linux; Android 6.0.1; Nexus 5X Build/MMB29P) AppleWebKit/537.36 (KHTML, like Gecko) Chrome/146.0.7680.177 Mobile Safari/537.36 (compatible; Googlebot/2.1; +http://www.google.com/bot.html)"
66.249.66.2 - - [05/Apr/2026:18:35:29 +0200] "GET /?prizes/116646430 HTTP/1.1" 200 27903 "-" "Mozilla/5.0 (Linux; Android 6.0.1; Nexus 5X Build/MMB29P) AppleWebKit/537.36 (KHTML, like Gecko) Chrome/146.0.7680.177 Mobile Safari/537.36 (compatible; Googlebot/2.1; +http://www.google.com/bot.html)"
66.249.66.65 - - [05/Apr/2026:18:35:37 +0200] "GET /index.php?prizes/117307581 HTTP/1.1" 301 0 "-" "Mozilla/5.0 (Linux; Android 6.0.1; Nexus 5X Build/MMB29P) AppleWebKit/537.36 (KHTML, like Gecko) Chrome/146.0.7680.177 Mobile Safari/537.36 (compatible; Googlebot/2.1; +http://www.google.com/bot.html)"
66.249.66.41 - - [05/Apr/2026:18:35:39 +0200] "GET /?prizes/117307581 HTTP/1.1" 200 27672 "-" "Mozilla/5.0 (Linux; Android 6.0.1; Nexus 5X Build/MMB29P) AppleWebKit/537.36 (KHTML, like Gecko) Chrome/146.0.7680.177 Mobile Safari/537.36 (compatible; Googlebot/2.1; +http://www.google.com/bot.html)"
66.249.66.41 - - [05/Apr/2026:18:35:48 +0200] "GET /index.php?prizes/37510006 HTTP/1.1" 301 0 "-" "Mozilla/5.0 (Linux; Android 6.0.1; Nexus 5X Build/MMB29P) AppleWebKit/537.36 (KHTML, like Gecko) Chrome/146.0.7680.177 Mobile Safari/537.36 (compatible; Googlebot/2.1; +http://www.google.com/bot.html)"
66.249.66.2 - - [05/Apr/2026:18:35:49 +0200] "GET /?prizes/37510006 HTTP/1.1" 200 28082 "-" "Mozilla/5.0 (Linux; Android 6.0.1; Nexus 5X Build/MMB29P) AppleWebKit/537.36 (KHTML, like Gecko) Chrome/146.0.7680.177 Mobile Safari/537.36 (compatible; Googlebot/2.1; +http://www.google.com/bot.html)"
66.249.66.65 - - [05/Apr/2026:18:35:58 +0200] "GET /%D0%B8%D0%B0%D1%80%D0%B0-%D0%B8-%D0%BF%D0%BE%D0%BB%D0%B8%D1%86%D0%B8%D1%8F%D1%82%D0%B0-%D0%B2%D0%BB%D1%8F%D0%B7%D0%BE%D1%85%D0%B0-%D0%B2-%D1%81%D1%80%D0%B5%D0%B4%D0%BD%D0%BE%D1%89%D0%BD%D0%B0-%D0%B3/ HTTP/1.1" 200 21295 "-" "Mozilla/5.0 (Linux; Android 6.0.1; Nexus 5X Build/MMB29P) AppleWebKit/537.36 (KHTML, like Gecko) Chrome/146.0.7680.177 Mobile Safari/537.36 (compatible; Googlebot/2.1; +http://www.google.com/bot.html)"
66.249.66.2 - - [05/Apr/2026:18:36:01 +0200] "GET /%D0%BB%D0%BE%D0%B2%D0%B5%D1%86%D1%8A%D1%82-%D0%BD%D0%B0-%D0%B1%D1%80%D0%B0%D0%BA%D0%BE%D0%BD%D0%B8%D0%B5%D1%80%D0%B8-%D1%88%D0%B5%D0%BD%D0%BE%D0%BB-%D1%85%D0%B0%D1%81%D0%B0%D0%BD%D0%BE%D0%B2-%D1%82/embed/ HTTP/1.1" 502 552 "https://ribari.net/%D0%B8%D0%B0%D1%80%D0%B0-%D0%B8-%D0%BF%D0%BE%D0%BB%D0%B8%D1%86%D0%B8%D1%8F%D1%82%D0%B0-%D0%B2%D0%BB%D1%8F%D0%B7%D0%BE%D1%85%D0%B0-%D0%B2-%D1%81%D1%80%D0%B5%D0%B4%D0%BD%D0%BE%D1%89%D0%BD%D0%B0-%D0%B3/" "Mozilla/5.0 (Linux; Android 6.0.1; Nexus 5X Build/MMB29P) AppleWebKit/537.36 (KHTML, like Gecko) Chrome/146.0.7680.177 Mobile Safari/537.36 (compatible; Googlebot/2.1; +http://www.google.com/bot.html)"
66.249.66.161 - - [05/Apr/2026:18:36:09 +0200] "GET /prizes/60094713 HTTP/1.1" 404 13204 "-" "Mozilla/5.0 (Linux; Android 6.0.1; Nexus 5X Build/MMB29P) AppleWebKit/537.36 (KHTML, like Gecko) Chrome/146.0.7680.177 Mobile Safari/537.36 (compatible; Googlebot/2.1; +http://www.google.com/bot.html)"
161.97.137.93 - - [05/Apr/2026:18:36:19 +0200] "POST /wp-cron.php?doing_wp_cron=1775406979.3924810886383056640625 HTTP/1.1" 404 13204 "https://ribari.net/wp-cron.php?doing_wp_cron=1775406979.3924810886383056640625" "WordPress/4.9.13; https://ribari.net"
66.249.66.65 - - [05/Apr/2026:18:36:20 +0200] "GET /prizes/66284016 HTTP/1.1" 404 13203 "-" "Mozilla/5.0 (Linux; Android 6.0.1; Nexus 5X Build/MMB29P) AppleWebKit/537.36 (KHTML, like Gecko) Chrome/146.0.7680.177 Mobile Safari/537.36 (compatible; Googlebot/2.1; +http://www.google.com/bot.html)"
116.179.32.101 - - [05/Apr/2026:18:36:24 +0200] "GET /wp-content/uploads/2020/06/fdf-533x261.jpg HTTP/1.1" 200 20293 "-" "Baiduspider-image+(+http://www.baidu.com/search/spider.htm)"
66.249.66.161 - - [05/Apr/2026:18:36:29 +0200] "GET /prizes/194827309 HTTP/1.1" 404 13203 "-" "Mozilla/5.0 (Linux; Android 6.0.1; Nexus 5X Build/MMB29P) AppleWebKit/537.36 (KHTML, like Gecko) Chrome/146.0.7680.177 Mobile Safari/537.36 (compatible; Googlebot/2.1; +http://www.google.com/bot.html)"
66.249.66.65 - - [05/Apr/2026:18:36:40 +0200] "GET /prizes/38149773 HTTP/1.1" 404 13205 "-" "Mozilla/5.0 (Linux; Android 6.0.1; Nexus 5X Build/MMB29P) AppleWebKit/537.36 (KHTML, like Gecko) Chrome/146.0.7680.177 Mobile Safari/537.36 (compatible; Googlebot/2.1; +http://www.google.com/bot.html)"
66.249.66.161 - - [05/Apr/2026:18:36:50 +0200] "GET /prizes/97544157 HTTP/1.1" 404 13202 "-" "Mozilla/5.0 (Linux; Android 6.0.1; Nexus 5X Build/MMB29P) AppleWebKit/537.36 (KHTML, like Gecko) Chrome/146.0.7680.177 Mobile Safari/537.36 (compatible; Googlebot/2.1; +http://www.google.com/bot.html)"
66.249.66.194 - - [05/Apr/2026:18:37:01 +0200] "GET /prizes/96482723 HTTP/1.1" 502 552 "-" "Mozilla/5.0 (Linux; Android 6.0.1; Nexus 5X Build/MMB29P) AppleWebKit/537.36 (KHTML, like Gecko) Chrome/146.0.7680.177 Mobile Safari/537.36 (compatible; Googlebot/2.1; +http://www.google.com/bot.html)"
203.171.31.95 - - [05/Apr/2026:18:37:08 +0200] "GET /wp-login.php HTTP/1.1" 302 0 "-" "Mozilla/5.0 (Windows NT 10.0; WOW64; Trident/7.0; Touch; LCTE; rv:11.0) like Gecko"
66.249.66.3 - - [05/Apr/2026:18:37:12 +0200] "GET /?l=xlagg11ndxx850tlllwz HTTP/1.1" 200 27519 "-" "Mozilla/5.0 (Linux; Android 6.0.1; Nexus 5X Build/MMB29P) AppleWebKit/537.36 (KHTML, like Gecko) Chrome/146.0.7680.177 Mobile Safari/537.36 (compatible; Googlebot/2.1; +http://www.google.com/bot.html)"
203.171.31.95 - - [05/Apr/2026:18:37:15 +0200] "GET /wp-login.php HTTP/1.1" 302 0 "https://ribari.net/wp-login.php" "Mozilla/5.0 (Windows NT 10.0; WOW64; Trident/7.0; Touch; LCTE; rv:11.0) like Gecko"
161.97.137.93 - - [05/Apr/2026:18:37:22 +0200] "POST /wp-cron.php?doing_wp_cron=1775407041.7410159111022949218750 HTTP/1.1" 404 13203 "https://ribari.net/wp-cron.php?doing_wp_cron=1775407041.7410159111022949218750" "WordPress/4.9.13; https://ribari.net"
66.249.66.65 - - [05/Apr/2026:18:37:22 +0200] "GET /commoditys/224009086 HTTP/1.1" 404 13203 "-" "Mozilla/5.0 (Linux; Android 6.0.1; Nexus 5X Build/MMB29P) AppleWebKit/537.36 (KHTML, like Gecko) Chrome/146.0.7680.177 Mobile Safari/537.36 (compatible; Googlebot/2.1; +http://www.google.com/bot.html)"
66.249.66.65 - - [05/Apr/2026:18:37:32 +0200] "GET /commoditys/094036048 HTTP/1.1" 404 13203 "-" "Mozilla/5.0 (Linux; Android 6.0.1; Nexus 5X Build/MMB29P) AppleWebKit/537.36 (KHTML, like Gecko) Chrome/146.0.7680.177 Mobile Safari/537.36 (compatible; Googlebot/2.1; +http://www.google.com/bot.html)"
66.249.66.194 - - [05/Apr/2026:18:37:42 +0200] "GET /sp/compensation.html HTTP/1.1" 404 13203 "-" "Mozilla/5.0 (Linux; Android 6.0.1; Nexus 5X Build/MMB29P) AppleWebKit/537.36 (KHTML, like Gecko) Chrome/146.0.7680.177 Mobile Safari/537.36 (compatible; Googlebot/2.1; +http://www.google.com/bot.html)"
85.208.96.200 - - [05/Apr/2026:18:37:46 +0200] "GET /tag/%D0%B0%D0%B7-%D1%80%D0%B8%D0%B1%D0%B0%D1%80%D1%8F/page/11/ HTTP/1.1" 200 16431 "-" "Mozilla/5.0 (compatible; SemrushBot/7~bl; +http://www.semrush.com/bot.html)"
220.181.108.103 - - [05/Apr/2026:18:37:49 +0200] "GET /wp-content/uploads/2020/031/sharan_na_strav_za_ribolov02-624x420.jpg HTTP/1.1" 200 50166 "-" "Baiduspider-image+(+http://www.baidu.com/search/spider.htm)"
66.249.66.194 - - [05/Apr/2026:18:37:53 +0200] "GET /m61845458931 HTTP/1.1" 404 13203 "-" "Mozilla/5.0 (Linux; Android 6.0.1; Nexus 5X Build/MMB29P) AppleWebKit/537.36 (KHTML, like Gecko) Chrome/146.0.7680.177 Mobile Safari/537.36 (compatible; Googlebot/2.1; +http://www.google.com/bot.html)"
66.249.66.163 - - [05/Apr/2026:18:38:03 +0200] "GET /m70343437720 HTTP/1.1" 502 552 "-" "Mozilla/5.0 (Linux; Android 6.0.1; Nexus 5X Build/MMB29P) AppleWebKit/537.36 (KHTML, like Gecko) Chrome/146.0.7680.177 Mobile Safari/537.36 (compatible; Googlebot/2.1; +http://www.google.com/bot.html)"
66.249.66.65 - - [05/Apr/2026:18:38:14 +0200] "GET /commoditys/283007677 HTTP/1.1" 404 13203 "-" "Mozilla/5.0 (Linux; Android 6.0.1; Nexus 5X Build/MMB29P) AppleWebKit/537.36 (KHTML, like Gecko) Chrome/146.0.7680.177 Mobile Safari/537.36 (compatible; Googlebot/2.1; +http://www.google.com/bot.html)"
161.97.137.93 - - [05/Apr/2026:18:38:22 +0200] "POST /wp-cron.php?doing_wp_cron=1775407101.9225409030914306640625 HTTP/1.1" 404 13203 "https://ribari.net/wp-cron.php?doing_wp_cron=1775407101.9225409030914306640625" "WordPress/4.9.13; https://ribari.net"
66.249.66.65 - - [05/Apr/2026:18:38:22 +0200] "GET /index.php?prizes/303849571 HTTP/1.1" 301 0 "-" "Mozilla/5.0 (Linux; Android 6.0.1; Nexus 5X Build/MMB29P) AppleWebKit/537.36 (KHTML, like Gecko) Chrome/146.0.7680.177 Mobile Safari/537.36 (compatible; Googlebot/2.1; +http://www.google.com/bot.html)"
66.249.66.2 - - [05/Apr/2026:18:38:23 +0200] "GET /commoditys/051000333 HTTP/1.1" 404 13203 "-" "Mozilla/5.0 (Linux; Android 6.0.1; Nexus 5X Build/MMB29P) AppleWebKit/537.36 (KHTML, like Gecko) Chrome/146.0.7680.177 Mobile Safari/537.36 (compatible; Googlebot/2.1; +http://www.google.com/bot.html)"
66.249.66.41 - - [05/Apr/2026:18:38:24 +0200] "GET /prizes/81207682 HTTP/1.1" 404 13202 "-" "Mozilla/5.0 (Linux; Android 6.0.1; Nexus 5X Build/MMB29P) AppleWebKit/537.36 (KHTML, like Gecko) Chrome/146.0.7680.177 Mobile Safari/537.36 (compatible; Googlebot/2.1; +http://www.google.com/bot.html)"
66.249.66.2 - - [05/Apr/2026:18:38:25 +0200] "GET /?prizes/303849571 HTTP/1.1" 200 27789 "-" "Mozilla/5.0 (Linux; Android 6.0.1; Nexus 5X Build/MMB29P) AppleWebKit/537.36 (KHTML, like Gecko) Chrome/146.0.7680.177 Mobile Safari/537.36 (compatible; Googlebot/2.1; +http://www.google.com/bot.html)"
66.249.66.65 - - [05/Apr/2026:18:38:26 +0200] "GET /commoditys/098028852 HTTP/1.1" 404 13203 "-" "Mozilla/5.0 (Linux; Android 6.0.1; Nexus 5X Build/MMB29P) AppleWebKit/537.36 (KHTML, like Gecko) Chrome/146.0.7680.177 Mobile Safari/537.36 (compatible; Googlebot/2.1; +http://www.google.com/bot.html)"
66.249.66.65 - - [05/Apr/2026:18:38:27 +0200] "GET /prizes/96916743 HTTP/1.1" 404 13202 "-" "Mozilla/5.0 (Linux; Android 6.0.1; Nexus 5X Build/MMB29P) AppleWebKit/537.36 (KHTML, like Gecko) Chrome/146.0.7680.177 Mobile Safari/537.36 (compatible; Googlebot/2.1; +http://www.google.com/bot.html)"
66.249.66.2 - - [05/Apr/2026:18:38:28 +0200] "GET /index.php?prizes/289063036 HTTP/1.1" 301 0 "-" "Mozilla/5.0 (Linux; Android 6.0.1; Nexus 5X Build/MMB29P) AppleWebKit/537.36 (KHTML, like Gecko) Chrome/146.0.7680.177 Mobile Safari/537.36 (compatible; Googlebot/2.1; +http://www.google.com/bot.html)"
40.77.167.35 - - [05/Apr/2026:18:38:29 +0200] "GET /wp-content/uploads/2020/01/82504263_893846017718124_3203888720545579008_o-100x70.jpg HTTP/1.1" 200 2476 "-" "Mozilla/5.0 AppleWebKit/537.36 (KHTML, like Gecko; compatible; bingbot/2.0; +http://www.bing.com/bingbot.htm) Chrome/116.0.1938.76 Safari/537.36"
66.249.66.2 - - [05/Apr/2026:18:38:30 +0200] "GET /?prizes/289063036 HTTP/1.1" 200 27688 "-" "Mozilla/5.0 (Linux; Android 6.0.1; Nexus 5X Build/MMB29P) AppleWebKit/537.36 (KHTML, like Gecko) Chrome/146.0.7680.177 Mobile Safari/537.36 (compatible; Googlebot/2.1; +http://www.google.com/bot.html)"
217.54.45.121 - - [05/Apr/2026:18:38:30 +0200] "GET /wp-content/themes/Newspaper/includes/wp_booster/td_global.php HTTP/1.1" 500 0 "https://ribari.net/" "Mozilla/5.0 (Macintosh; Intel Mac OS X 10_15_7) AppleWebKit/605.1.15 (KHTML, like Gecko) Version/18.3.1 Safari/605.1.15"
66.249.66.194 - - [05/Apr/2026:18:38:31 +0200] "GET /prizes/123078278 HTTP/1.1" 404 13198 "-" "Mozilla/5.0 (Linux; Android 6.0.1; Nexus 5X Build/MMB29P) AppleWebKit/537.36 (KHTML, like Gecko) Chrome/146.0.7680.177 Mobile Safari/537.36 (compatible; Googlebot/2.1; +http://www.google.com/bot.html)"
66.249.66.2 - - [05/Apr/2026:18:38:34 +0200] "GET /commoditys/300014282 HTTP/1.1" 404 13202 "-" "Mozilla/5.0 (Linux; Android 6.0.1; Nexus 5X Build/MMB29P) AppleWebKit/537.36 (KHTML, like Gecko) Chrome/146.0.7680.177 Mobile Safari/537.36 (compatible; Googlebot/2.1; +http://www.google.com/bot.html)"
66.249.66.65 - - [05/Apr/2026:18:38:35 +0200] "GET /index.php?prizes/246162844 HTTP/1.1" 301 0 "-" "Mozilla/5.0 (Linux; Android 6.0.1; Nexus 5X Build/MMB29P) AppleWebKit/537.36 (KHTML, like Gecko) Chrome/146.0.7680.177 Mobile Safari/537.36 (compatible; Googlebot/2.1; +http://www.google.com/bot.html)"
66.249.66.65 - - [05/Apr/2026:18:38:37 +0200] "GET /?prizes/246162844 HTTP/1.1" 200 27163 "-" "Mozilla/5.0 (Linux; Android 6.0.1; Nexus 5X Build/MMB29P) AppleWebKit/537.36 (KHTML, like Gecko) Chrome/146.0.7680.177 Mobile Safari/537.36 (compatible; Googlebot/2.1; +http://www.google.com/bot.html)"
66.249.66.65 - - [05/Apr/2026:18:38:45 +0200] "GET /commoditys/189007679 HTTP/1.1" 404 13203 "-" "Mozilla/5.0 (Linux; Android 6.0.1; Nexus 5X Build/MMB29P) AppleWebKit/537.36 (KHTML, like Gecko) Chrome/146.0.7680.177 Mobile Safari/537.36 (compatible; Googlebot/2.1; +http://www.google.com/bot.html)"
66.249.66.195 - - [05/Apr/2026:18:39:02 +0200] "GET /wp-content/uploads/2019/10/1.png HTTP/1.1" 200 13808 "-" "Googlebot-Image/1.0"
66.249.66.3 - - [05/Apr/2026:18:39:03 +0200] "GET /prizes/280832642 HTTP/1.1" 502 552 "-" "Mozilla/5.0 (Linux; Android 6.0.1; Nexus 5X Build/MMB29P) AppleWebKit/537.36 (KHTML, like Gecko) Chrome/146.0.7680.177 Mobile Safari/537.36 (compatible; Googlebot/2.1; +http://www.google.com/bot.html)"
66.249.66.195 - - [05/Apr/2026:18:39:08 +0200] "GET /commoditys/081003479 HTTP/1.1" 404 13203 "-" "Mozilla/5.0 (Linux; Android 6.0.1; Nexus 5X Build/MMB29P) AppleWebKit/537.36 (KHTML, like Gecko) Chrome/146.0.7680.177 Mobile Safari/537.36 (compatible; Googlebot/2.1; +http://www.google.com/bot.html)"
66.249.66.66 - - [05/Apr/2026:18:39:16 +0200] "GET /commoditys/132020506 HTTP/1.1" 404 13203 "-" "Mozilla/5.0 (Linux; Android 6.0.1; Nexus 5X Build/MMB29P) AppleWebKit/537.36 (KHTML, like Gecko) Chrome/146.0.7680.177 Mobile Safari/537.36 (compatible; Googlebot/2.1; +http://www.google.com/bot.html)"
116.179.32.110 - - [05/Apr/2026:18:39:17 +0200] "GET /wp-content/uploads/2020/05/frfrfrfrf-324x298.png HTTP/1.1" 200 143727 "-" "Baiduspider-image+(+http://www.baidu.com/search/spider.htm)"
161.97.137.93 - - [05/Apr/2026:18:39:27 +0200] "POST /wp-cron.php?doing_wp_cron=1775407166.6233499050140380859375 HTTP/1.1" 404 13203 "https://ribari.net/wp-cron.php?doing_wp_cron=1775407166.6233499050140380859375" "WordPress/4.9.13; https://ribari.net"
66.249.66.2 - - [05/Apr/2026:18:39:27 +0200] "GET /commoditys/070002822 HTTP/1.1" 404 13201 "-" "Mozilla/5.0 (Linux; Android 6.0.1; Nexus 5X Build/MMB29P) AppleWebKit/537.36 (KHTML, like Gecko) Chrome/146.0.7680.177 Mobile Safari/537.36 (compatible; Googlebot/2.1; +http://www.google.com/bot.html)"
66.249.66.194 - - [05/Apr/2026:18:39:34 +0200] "GET /index.php?prizes/215535733 HTTP/1.1" 301 0 "-" "Mozilla/5.0 (Linux; Android 6.0.1; Nexus 5X Build/MMB29P) AppleWebKit/537.36 (KHTML, like Gecko) Chrome/146.0.7680.177 Mobile Safari/537.36 (compatible; Googlebot/2.1; +http://www.google.com/bot.html)"
66.249.66.196 - - [05/Apr/2026:18:39:37 +0200] "GET /?prizes/215535733 HTTP/1.1" 200 27622 "-" "Mozilla/5.0 (Linux; Android 6.0.1; Nexus 5X Build/MMB29P) AppleWebKit/537.36 (KHTML, like Gecko) Chrome/146.0.7680.177 Mobile Safari/537.36 (compatible; Googlebot/2.1; +http://www.google.com/bot.html)"
66.249.66.66 - - [05/Apr/2026:18:39:37 +0200] "GET /commoditys/018006268 HTTP/1.1" 404 13204 "-" "Mozilla/5.0 (Linux; Android 6.0.1; Nexus 5X Build/MMB29P) AppleWebKit/537.36 (KHTML, like Gecko) Chrome/146.0.7680.177 Mobile Safari/537.36 (compatible; Googlebot/2.1; +http://www.google.com/bot.html)"
66.249.66.3 - - [05/Apr/2026:18:39:47 +0200] "GET /prizes/100276339 HTTP/1.1" 404 13203 "-" "Mozilla/5.0 (Linux; Android 6.0.1; Nexus 5X Build/MMB29P) AppleWebKit/537.36 (KHTML, like Gecko) Chrome/146.0.7680.177 Mobile Safari/537.36 (compatible; Googlebot/2.1; +http://www.google.com/bot.html)"
66.249.66.3 - - [05/Apr/2026:18:39:57 +0200] "GET /commoditys/027003465 HTTP/1.1" 404 13203 "-" "Mozilla/5.0 (Linux; Android 6.0.1; Nexus 5X Build/MMB29P) AppleWebKit/537.36 (KHTML, like Gecko) Chrome/146.0.7680.177 Mobile Safari/537.36 (compatible; Googlebot/2.1; +http://www.google.com/bot.html)"
66.249.66.41 - - [05/Apr/2026:18:40:08 +0200] "GET /commoditys/288030252 HTTP/1.1" 404 13203 "-" "Mozilla/5.0 (Linux; Android 6.0.1; Nexus 5X Build/MMB29P) AppleWebKit/537.36 (KHTML, like Gecko) Chrome/146.0.7680.177 Mobile Safari/537.36 (compatible; Googlebot/2.1; +http://www.google.com/bot.html)"
66.249.66.66 - - [05/Apr/2026:18:40:18 +0200] "GET /prizes/111999844 HTTP/1.1" 404 13203 "-" "Mozilla/5.0 (Linux; Android 6.0.1; Nexus 5X Build/MMB29P) AppleWebKit/537.36 (KHTML, like Gecko) Chrome/146.0.7680.177 Mobile Safari/537.36 (compatible; Googlebot/2.1; +http://www.google.com/bot.html)"
161.97.137.93 - - [05/Apr/2026:18:40:37 +0200] "POST /wp-cron.php?doing_wp_cron=1775407236.6096611022949218750000 HTTP/1.1" 404 13203 "https://ribari.net/wp-cron.php?doing_wp_cron=1775407236.6096611022949218750000" "WordPress/4.9.13; https://ribari.net"
66.249.66.2 - - [05/Apr/2026:18:40:37 +0200] "GET /index.php?prizes/301137763 HTTP/1.1" 301 0 "-" "Mozilla/5.0 (Linux; Android 6.0.1; Nexus 5X Build/MMB29P) AppleWebKit/537.36 (KHTML, like Gecko) Chrome/146.0.7680.177 Mobile Safari/537.36 (compatible; Googlebot/2.1; +http://www.google.com/bot.html)"
66.249.66.41 - - [05/Apr/2026:18:40:37 +0200] "GET /prizes/140621975 HTTP/1.1" 404 13204 "-" "Mozilla/5.0 (Linux; Android 6.0.1; Nexus 5X Build/MMB29P) AppleWebKit/537.36 (KHTML, like Gecko) Chrome/146.0.7680.177 Mobile Safari/537.36 (compatible; Googlebot/2.1; +http://www.google.com/bot.html)"
66.249.66.65 - - [05/Apr/2026:18:40:39 +0200] "GET /?prizes/301137763 HTTP/1.1" 200 27251 "-" "Mozilla/5.0 (Linux; Android 6.0.1; Nexus 5X Build/MMB29P) AppleWebKit/537.36 (KHTML, like Gecko) Chrome/146.0.7680.177 Mobile Safari/537.36 (compatible; Googlebot/2.1; +http://www.google.com/bot.html)"
66.249.66.2 - - [05/Apr/2026:18:40:41 +0200] "GET /commoditys/193015243 HTTP/1.1" 404 13198 "-" "Mozilla/5.0 (Linux; Android 6.0.1; Nexus 5X Build/MMB29P) AppleWebKit/537.36 (KHTML, like Gecko) Chrome/146.0.7680.177 Mobile Safari/537.36 (compatible; Googlebot/2.1; +http://www.google.com/bot.html)"
220.181.108.84 - - [05/Apr/2026:18:40:41 +0200] "GET /wp-content/uploads/2020/05/rfr-324x359.jpg HTTP/1.1" 200 23509 "-" "Baiduspider-image+(+http://www.baidu.com/search/spider.htm)"
66.249.66.2 - - [05/Apr/2026:18:40:49 +0200] "GET /commoditys/283008093 HTTP/1.1" 404 13203 "-" "Mozilla/5.0 (Linux; Android 6.0.1; Nexus 5X Build/MMB29P) AppleWebKit/537.36 (KHTML, like Gecko) Chrome/146.0.7680.177 Mobile Safari/537.36 (compatible; Googlebot/2.1; +http://www.google.com/bot.html)"
66.249.66.2 - - [05/Apr/2026:18:41:00 +0200] "GET /commoditys/165008027 HTTP/1.1" 404 13202 "-" "Mozilla/5.0 (Linux; Android 6.0.1; Nexus 5X Build/MMB29P) AppleWebKit/537.36 (KHTML, like Gecko) Chrome/146.0.7680.177 Mobile Safari/537.36 (compatible; Googlebot/2.1; +http://www.google.com/bot.html)"
66.249.66.2 - - [05/Apr/2026:18:41:01 +0200] "GET /index.php?prizes/197534157 HTTP/1.1" 502 552 "-" "Mozilla/5.0 (Linux; Android 6.0.1; Nexus 5X Build/MMB29P) AppleWebKit/537.36 (KHTML, like Gecko) Chrome/146.0.7680.177 Mobile Safari/537.36 (compatible; Googlebot/2.1; +http://www.google.com/bot.html)"
66.249.66.65 - - [05/Apr/2026:18:41:15 +0200] "GET /index.php?prizes/284004026 HTTP/1.1" 301 0 "-" "Mozilla/5.0 (Linux; Android 6.0.1; Nexus 5X Build/MMB29P) AppleWebKit/537.36 (KHTML, like Gecko) Chrome/146.0.7680.177 Mobile Safari/537.36 (compatible; Googlebot/2.1; +http://www.google.com/bot.html)"
66.249.66.2 - - [05/Apr/2026:18:41:16 +0200] "GET /index.php?prizes/307363521 HTTP/1.1" 301 0 "-" "Mozilla/5.0 (Linux; Android 6.0.1; Nexus 5X Build/MMB29P) AppleWebKit/537.36 (KHTML, like Gecko) Chrome/146.0.7680.177 Mobile Safari/537.36 (compatible; Googlebot/2.1; +http://www.google.com/bot.html)"
66.249.66.194 - - [05/Apr/2026:18:41:18 +0200] "GET /?r=yxf8tbj18387mzsvmejy HTTP/1.1" 200 28160 "-" "Mozilla/5.0 (Linux; Android 6.0.1; Nexus 5X Build/MMB29P) AppleWebKit/537.36 (KHTML, like Gecko) Chrome/146.0.7680.177 Mobile Safari/537.36 (compatible; Googlebot/2.1; +http://www.google.com/bot.html)"
66.249.66.194 - - [05/Apr/2026:18:41:18 +0200] "GET /index.php?prizes/10557814 HTTP/1.1" 301 0 "-" "Mozilla/5.0 (Linux; Android 6.0.1; Nexus 5X Build/MMB29P) AppleWebKit/537.36 (KHTML, like Gecko) Chrome/146.0.7680.177 Mobile Safari/537.36 (compatible; Googlebot/2.1; +http://www.google.com/bot.html)"
66.249.66.161 - - [05/Apr/2026:18:41:21 +0200] "GET /?prizes/284004026 HTTP/1.1" 200 27969 "-" "Mozilla/5.0 (Linux; Android 6.0.1; Nexus 5X Build/MMB29P) AppleWebKit/537.36 (KHTML, like Gecko) Chrome/146.0.7680.177 Mobile Safari/537.36 (compatible; Googlebot/2.1; +http://www.google.com/bot.html)"
66.249.66.194 - - [05/Apr/2026:18:41:22 +0200] "GET /?prizes/307363521 HTTP/1.1" 200 27071 "-" "Mozilla/5.0 (Linux; Android 6.0.1; Nexus 5X Build/MMB29P) AppleWebKit/537.36 (KHTML, like Gecko) Chrome/146.0.7680.177 Mobile Safari/537.36 (compatible; Googlebot/2.1; +http://www.google.com/bot.html)"
66.249.66.194 - - [05/Apr/2026:18:41:23 +0200] "GET /commoditys/153048769 HTTP/1.1" 404 13203 "-" "Mozilla/5.0 (Linux; Android 6.0.1; Nexus 5X Build/MMB29P) AppleWebKit/537.36 (KHTML, like Gecko) Chrome/146.0.7680.177 Mobile Safari/537.36 (compatible; Googlebot/2.1; +http://www.google.com/bot.html)"
66.249.66.41 - - [05/Apr/2026:18:41:24 +0200] "GET /?prizes/10557814 HTTP/1.1" 200 27016 "-" "Mozilla/5.0 (Linux; Android 6.0.1; Nexus 5X Build/MMB29P) AppleWebKit/537.36 (KHTML, like Gecko) Chrome/146.0.7680.177 Mobile Safari/537.36 (compatible; Googlebot/2.1; +http://www.google.com/bot.html)"
66.249.66.65 - - [05/Apr/2026:18:41:25 +0200] "GET /commoditys/048013106 HTTP/1.1" 404 13203 "-" "Mozilla/5.0 (Linux; Android 6.0.1; Nexus 5X Build/MMB29P) AppleWebKit/537.36 (KHTML, like Gecko) Chrome/146.0.7680.177 Mobile Safari/537.36 (compatible; Googlebot/2.1; +http://www.google.com/bot.html)"
66.249.66.161 - - [05/Apr/2026:18:41:31 +0200] "GET /commoditys/097042141 HTTP/1.1" 404 13197 "-" "Mozilla/5.0 (Linux; Android 6.0.1; Nexus 5X Build/MMB29P) AppleWebKit/537.36 (KHTML, like Gecko) Chrome/146.0.7680.177 Mobile Safari/537.36 (compatible; Googlebot/2.1; +http://www.google.com/bot.html)"
161.97.137.93 - - [05/Apr/2026:18:41:49 +0200] "POST /wp-cron.php?doing_wp_cron=1775407309.3667740821838378906250 HTTP/1.1" 404 13203 "https://ribari.net/wp-cron.php?doing_wp_cron=1775407309.3667740821838378906250" "WordPress/4.9.13; https://ribari.net"
66.249.66.194 - - [05/Apr/2026:18:41:49 +0200] "GET /commoditys/110016846 HTTP/1.1" 404 13202 "-" "Mozilla/5.0 (Linux; Android 6.0.1; Nexus 5X Build/MMB29P) AppleWebKit/537.36 (KHTML, like Gecko) Chrome/146.0.7680.177 Mobile Safari/537.36 (compatible; Googlebot/2.1; +http://www.google.com/bot.html)"
66.249.66.195 - - [05/Apr/2026:18:42:05 +0200] "GET /commoditys/125015043 HTTP/1.1" 404 13202 "-" "Mozilla/5.0 (Linux; Android 6.0.1; Nexus 5X Build/MMB29P) AppleWebKit/537.36 (KHTML, like Gecko) Chrome/146.0.7680.177 Mobile Safari/537.36 (compatible; Googlebot/2.1; +http://www.google.com/bot.html)"
66.249.66.163 - - [05/Apr/2026:18:42:07 +0200] "GET /index.php?prizes/281460389 HTTP/1.1" 301 0 "-" "Mozilla/5.0 (Linux; Android 6.0.1; Nexus 5X Build/MMB29P) AppleWebKit/537.36 (KHTML, like Gecko) Chrome/146.0.7680.177 Mobile Safari/537.36 (compatible; Googlebot/2.1; +http://www.google.com/bot.html)"
116.179.32.148 - - [05/Apr/2026:18:42:07 +0200] "GET /wp-content/uploads/2020/05/eeded-356x220.png HTTP/1.1" 200 123870 "-" "Baiduspider-image+(+http://www.baidu.com/search/spider.htm)"
66.249.66.4 - - [05/Apr/2026:18:42:08 +0200] "GET /?prizes/281460389 HTTP/1.1" 200 27683 "-" "Mozilla/5.0 (Linux; Android 6.0.1; Nexus 5X Build/MMB29P) AppleWebKit/537.36 (KHTML, like Gecko) Chrome/146.0.7680.177 Mobile Safari/537.36 (compatible; Googlebot/2.1; +http://www.google.com/bot.html)"
66.249.66.194 - - [05/Apr/2026:18:42:17 +0200] "GET /commoditys/255020747 HTTP/1.1" 404 13203 "-" "Mozilla/5.0 (Linux; Android 6.0.1; Nexus 5X Build/MMB29P) AppleWebKit/537.36 (KHTML, like Gecko) Chrome/146.0.7680.177 Mobile Safari/537.36 (compatible; Googlebot/2.1; +http://www.google.com/bot.html)"
66.249.66.194 - - [05/Apr/2026:18:42:25 +0200] "GET /index.php?prizes/114813460 HTTP/1.1" 301 0 "-" "Mozilla/5.0 (Linux; Android 6.0.1; Nexus 5X Build/MMB29P) AppleWebKit/537.36 (KHTML, like Gecko) Chrome/146.0.7680.177 Mobile Safari/537.36 (compatible; Googlebot/2.1; +http://www.google.com/bot.html)"
66.249.66.65 - - [05/Apr/2026:18:42:26 +0200] "GET /search/bsac162xhf15807ehprgb/ HTTP/1.1" 200 13028 "-" "Mozilla/5.0 (Linux; Android 6.0.1; Nexus 5X Build/MMB29P) AppleWebKit/537.36 (KHTML, like Gecko) Chrome/146.0.7680.177 Mobile Safari/537.36 (compatible; Googlebot/2.1; +http://www.google.com/bot.html)"
66.249.66.161 - - [05/Apr/2026:18:42:28 +0200] "GET /?prizes/114813460 HTTP/1.1" 200 27398 "-" "Mozilla/5.0 (Linux; Android 6.0.1; Nexus 5X Build/MMB29P) AppleWebKit/537.36 (KHTML, like Gecko) Chrome/146.0.7680.177 Mobile Safari/537.36 (compatible; Googlebot/2.1; +http://www.google.com/bot.html)"
66.249.66.65 - - [05/Apr/2026:18:42:28 +0200] "GET /prizes/106409723 HTTP/1.1" 404 13202 "-" "Mozilla/5.0 (Linux; Android 6.0.1; Nexus 5X Build/MMB29P) AppleWebKit/537.36 (KHTML, like Gecko) Chrome/146.0.7680.177 Mobile Safari/537.36 (compatible; Googlebot/2.1; +http://www.google.com/bot.html)"
66.249.66.161 - - [05/Apr/2026:18:42:32 +0200] "GET /m15447656189 HTTP/1.1" 404 13203 "-" "Mozilla/5.0 (Linux; Android 6.0.1; Nexus 5X Build/MMB29P) AppleWebKit/537.36 (KHTML, like Gecko) Chrome/146.0.7680.177 Mobile Safari/537.36 (compatible; Googlebot/2.1; +http://www.google.com/bot.html)"
66.249.66.41 - - [05/Apr/2026:18:42:37 +0200] "GET /commoditys/074011942 HTTP/1.1" 404 13203 "-" "Mozilla/5.0 (Linux; Android 6.0.1; Nexus 5X Build/MMB29P) AppleWebKit/537.36 (KHTML, like Gecko) Chrome/146.0.7680.177 Mobile Safari/537.36 (compatible; Googlebot/2.1; +http://www.google.com/bot.html)"
66.249.66.41 - - [05/Apr/2026:18:42:44 +0200] "GET /commoditys/055000587 HTTP/1.1" 404 13202 "-" "Mozilla/5.0 (Linux; Android 6.0.1; Nexus 5X Build/MMB29P) AppleWebKit/537.36 (KHTML, like Gecko) Chrome/146.0.7680.177 Mobile Safari/537.36 (compatible; Googlebot/2.1; +http://www.google.com/bot.html)"
