216.73.216.119 - - [05/Apr/2026:20:38:25 +0200] "GET /?p=3643 HTTP/1.1" 301 0 "-" "Mozilla/5.0 AppleWebKit/537.36 (KHTML, like Gecko; compatible; ClaudeBot/1.0; +claudebot@anthropic.com)"
216.73.216.119 - - [05/Apr/2026:20:38:26 +0200] "GET /%d0%b1%d1%80%d0%b0%d0%ba%d0%be%d0%bd%d0%b8%d0%b5%d1%80%d0%b8-%d0%b7%d0%b0%d0%bc%d0%b5%d1%80%d0%b2%d0%b0%d1%85%d0%b0-%d1%81%d0%bb%d1%83%d0%b6%d0%b8%d1%82%d0%b5%d0%bb%d0%b8-%d0%bd%d0%b0-%d0%b8%d0%b0/ HTTP/1.1" 200 20532 "https://ribari.net/?p=3643" "Mozilla/5.0 AppleWebKit/537.36 (KHTML, like Gecko; compatible; ClaudeBot/1.0; +claudebot@anthropic.com)"
216.73.216.119 - - [05/Apr/2026:20:38:30 +0200] "GET /sitemap.xml HTTP/1.1" 301 0 "-" "Mozilla/5.0 AppleWebKit/537.36 (KHTML, like Gecko; compatible; ClaudeBot/1.0; +claudebot@anthropic.com)"
216.73.216.119 - - [05/Apr/2026:20:38:31 +0200] "GET /sitemap_index.xml HTTP/1.1" 200 328 "https://ribari.net/sitemap.xml" "Mozilla/5.0 AppleWebKit/537.36 (KHTML, like Gecko; compatible; ClaudeBot/1.0; +claudebot@anthropic.com)"
66.249.66.37 - - [05/Apr/2026:20:38:41 +0200] "GET /index.php?prizes/100393905 HTTP/1.1" 301 0 "-" "Mozilla/5.0 (Linux; Android 6.0.1; Nexus 5X Build/MMB29P) AppleWebKit/537.36 (KHTML, like Gecko) Chrome/146.0.7680.177 Mobile Safari/537.36 (compatible; Googlebot/2.1; +http://www.google.com/bot.html)"
66.249.66.69 - - [05/Apr/2026:20:38:42 +0200] "GET /?prizes/100393905 HTTP/1.1" 200 27087 "-" "Mozilla/5.0 (Linux; Android 6.0.1; Nexus 5X Build/MMB29P) AppleWebKit/537.36 (KHTML, like Gecko) Chrome/146.0.7680.177 Mobile Safari/537.36 (compatible; Googlebot/2.1; +http://www.google.com/bot.html)"
66.249.66.7 - - [05/Apr/2026:20:38:44 +0200] "GET /commoditys/081003531 HTTP/1.1" 404 13202 "-" "Mozilla/5.0 (Linux; Android 6.0.1; Nexus 5X Build/MMB29P) AppleWebKit/537.36 (KHTML, like Gecko) Chrome/146.0.7680.177 Mobile Safari/537.36 (compatible; Googlebot/2.1; +http://www.google.com/bot.html)"
161.97.137.93 - - [05/Apr/2026:20:38:52 +0200] "POST /wp-cron.php?doing_wp_cron=1775414331.7928049564361572265625 HTTP/1.1" 404 13202 "https://ribari.net/wp-cron.php?doing_wp_cron=1775414331.7928049564361572265625" "WordPress/4.9.13; https://ribari.net"
66.249.66.37 - - [05/Apr/2026:20:38:52 +0200] "GET /?i=noc133ia28446kmjxdkhlsu HTTP/1.1" 200 27247 "-" "Mozilla/5.0 (Linux; Android 6.0.1; Nexus 5X Build/MMB29P) AppleWebKit/537.36 (KHTML, like Gecko) Chrome/146.0.7680.177 Mobile Safari/537.36 (compatible; Googlebot/2.1; +http://www.google.com/bot.html)"
66.249.66.204 - - [05/Apr/2026:20:39:15 +0200] "GET /prizes/250077733 HTTP/1.1" 404 13203 "-" "Mozilla/5.0 (Linux; Android 6.0.1; Nexus 5X Build/MMB29P) AppleWebKit/537.36 (KHTML, like Gecko) Chrome/146.0.7680.177 Mobile Safari/537.36 (compatible; Googlebot/2.1; +http://www.google.com/bot.html)"
66.249.66.162 - - [05/Apr/2026:20:39:33 +0200] "GET /prizes/193951581 HTTP/1.1" 404 13203 "-" "Mozilla/5.0 (Linux; Android 6.0.1; Nexus 5X Build/MMB29P) AppleWebKit/537.36 (KHTML, like Gecko) Chrome/146.0.7680.177 Mobile Safari/537.36 (compatible; Googlebot/2.1; +http://www.google.com/bot.html)"
216.73.216.119 - - [05/Apr/2026:20:39:44 +0200] "GET /%d0%b1%d1%80%d0%b0%d0%ba%d0%be%d0%bd%d0%b8%d0%b5%d1%80%d0%b8-%d0%b7%d0%b0%d0%bc%d0%b5%d1%80%d0%b2%d0%b0%d1%85%d0%b0-%d1%81%d0%bb%d1%83%d0%b6%d0%b8%d1%82%d0%b5%d0%bb%d0%b8-%d0%bd%d0%b0-%d0%b8%d0%b0/feed HTTP/1.1" 301 0 "-" "Mozilla/5.0 AppleWebKit/537.36 (KHTML, like Gecko; compatible; ClaudeBot/1.0; +claudebot@anthropic.com)"
216.73.216.119 - - [05/Apr/2026:20:39:45 +0200] "GET /%d0%b1%d1%80%d0%b0%d0%ba%d0%be%d0%bd%d0%b8%d0%b5%d1%80%d0%b8-%d0%b7%d0%b0%d0%bc%d0%b5%d1%80%d0%b2%d0%b0%d1%85%d0%b0-%d1%81%d0%bb%d1%83%d0%b6%d0%b8%d1%82%d0%b5%d0%bb%d0%b8-%d0%bd%d0%b0-%d0%b8%d0%b0/feed/ HTTP/1.1" 200 536 "https://ribari.net/%d0%b1%d1%80%d0%b0%d0%ba%d0%be%d0%bd%d0%b8%d0%b5%d1%80%d0%b8-%d0%b7%d0%b0%d0%bc%d0%b5%d1%80%d0%b2%d0%b0%d1%85%d0%b0-%d1%81%d0%bb%d1%83%d0%b6%d0%b8%d1%82%d0%b5%d0%bb%d0%b8-%d0%bd%d0%b0-%d0%b8%d0%b0/feed" "Mozilla/5.0 AppleWebKit/537.36 (KHTML, like Gecko; compatible; ClaudeBot/1.0; +claudebot@anthropic.com)"
161.97.137.93 - - [05/Apr/2026:20:39:57 +0200] "POST /wp-cron.php?doing_wp_cron=1775414397.0270009040832519531250 HTTP/1.1" 404 13203 "https://ribari.net/wp-cron.php?doing_wp_cron=1775414397.0270009040832519531250" "WordPress/4.9.13; https://ribari.net"
66.249.66.41 - - [05/Apr/2026:20:39:57 +0200] "GET /prizes/195050480 HTTP/1.1" 404 13203 "-" "Mozilla/5.0 (Linux; Android 6.0.1; Nexus 5X Build/MMB29P) AppleWebKit/537.36 (KHTML, like Gecko) Chrome/146.0.7680.177 Mobile Safari/537.36 (compatible; Googlebot/2.1; +http://www.google.com/bot.html)"
217.113.194.104 - - [05/Apr/2026:20:40:01 +0200] "GET /category/%D0%BD%D0%BE%D0%B2%D0%B8%D0%BD%D0%B8/page/2/ HTTP/1.1" 502 150 "-" "Mozilla/5.0 (compatible; Barkrowler/0.9; +https://babbar.tech/crawler)"
66.249.66.3 - - [05/Apr/2026:20:40:06 +0200] "GET /prizes/95950935 HTTP/1.1" 404 13203 "-" "Mozilla/5.0 (Linux; Android 6.0.1; Nexus 5X Build/MMB29P) AppleWebKit/537.36 (KHTML, like Gecko) Chrome/146.0.7680.177 Mobile Safari/537.36 (compatible; Googlebot/2.1; +http://www.google.com/bot.html)"
66.249.66.65 - - [05/Apr/2026:20:40:11 +0200] "GET /?s=ckhl284bl9511gvrxenhqkl HTTP/1.1" 200 13035 "-" "Mozilla/5.0 (Linux; Android 6.0.1; Nexus 5X Build/MMB29P) AppleWebKit/537.36 (KHTML, like Gecko) Chrome/146.0.7680.177 Mobile Safari/537.36 (compatible; GoogleOther)"
216.73.216.119 - - [05/Apr/2026:20:40:22 +0200] "GET /%d0%b1%d1%80%d0%b0%d0%ba%d0%be%d0%bd%d0%b8%d0%b5%d1%80%d0%b8-%d0%b7%d0%b0%d0%bc%d0%b5%d1%80%d0%b2%d0%b0%d1%85%d0%b0-%d1%81%d0%bb%d1%83%d0%b6%d0%b8%d1%82%d0%b5%d0%bb%d0%b8-%d0%bd%d0%b0-%d0%b8%d0%b0 HTTP/1.1" 301 0 "-" "Mozilla/5.0 AppleWebKit/537.36 (KHTML, like Gecko; compatible; ClaudeBot/1.0; +claudebot@anthropic.com)"
216.73.216.119 - - [05/Apr/2026:20:40:22 +0200] "GET /%d0%b1%d1%80%d0%b0%d0%ba%d0%be%d0%bd%d0%b8%d0%b5%d1%80%d0%b8-%d0%b7%d0%b0%d0%bc%d0%b5%d1%80%d0%b2%d0%b0%d1%85%d0%b0-%d1%81%d0%bb%d1%83%d0%b6%d0%b8%d1%82%d0%b5%d0%bb%d0%b8-%d0%bd%d0%b0-%d0%b8%d0%b0/ HTTP/1.1" 200 20532 "https://ribari.net/%d0%b1%d1%80%d0%b0%d0%ba%d0%be%d0%bd%d0%b8%d0%b5%d1%80%d0%b8-%d0%b7%d0%b0%d0%bc%d0%b5%d1%80%d0%b2%d0%b0%d1%85%d0%b0-%d1%81%d0%bb%d1%83%d0%b6%d0%b8%d1%82%d0%b5%d0%bb%d0%b8-%d0%bd%d0%b0-%d0%b8%d0%b0" "Mozilla/5.0 AppleWebKit/537.36 (KHTML, like Gecko; compatible; ClaudeBot/1.0; +claudebot@anthropic.com)"
66.249.66.41 - - [05/Apr/2026:20:40:41 +0200] "GET /?t=bnfr7z21646pwcwfkgc HTTP/1.1" 200 26985 "-" "Mozilla/5.0 (Linux; Android 6.0.1; Nexus 5X Build/MMB29P) AppleWebKit/537.36 (KHTML, like Gecko) Chrome/146.0.7680.177 Mobile Safari/537.36 (compatible; Googlebot/2.1; +http://www.google.com/bot.html)"
161.97.137.93 - - [05/Apr/2026:20:41:00 +0200] "POST /wp-cron.php?doing_wp_cron=1775414459.7534739971160888671875 HTTP/1.1" 404 13202 "https://ribari.net/wp-cron.php?doing_wp_cron=1775414459.7534739971160888671875" "WordPress/4.9.13; https://ribari.net"
78.129.140.139 - - [05/Apr/2026:20:41:00 +0200] "GET /wp-login.php HTTP/1.1" 302 0 "-" "Mozilla/5.0 (Windows NT 6.3; WOW64; Trident/7.0; LCJB; rv:11.0) like Gecko"
78.129.140.139 - - [05/Apr/2026:20:41:00 +0200] "GET /wp-login.php HTTP/1.1" 302 0 "https://ribari.net/wp-login.php" "Mozilla/5.0 (Windows NT 6.3; WOW64; Trident/7.0; LCJB; rv:11.0) like Gecko"
78.129.140.139 - - [05/Apr/2026:20:41:01 +0200] "GET /wp-login.php HTTP/1.1" 302 0 "https://ribari.net/wp-login.php" "Mozilla/5.0 (Windows NT 6.3; WOW64; Trident/7.0; LCJB; rv:11.0) like Gecko"
78.129.140.139 - - [05/Apr/2026:20:41:01 +0200] "GET /wp-login.php HTTP/1.1" 502 150 "https://ribari.net/wp-login.php" "Mozilla/5.0 (Windows NT 6.3; WOW64; Trident/7.0; LCJB; rv:11.0) like Gecko"
78.129.140.139 - - [05/Apr/2026:20:41:03 +0200] "POST /wp-login.php HTTP/1.1" 302 0 "https://ribari.net/wp-login.php" "Mozilla/5.0 (Windows NT 6.3; WOW64; Trident/7.0; LCJB; rv:11.0) like Gecko"
78.129.140.139 - - [05/Apr/2026:20:41:04 +0200] "GET /wp-login.php HTTP/1.1" 302 0 "https://ribari.net/wp-login.php" "Mozilla/5.0 (Windows NT 6.3; WOW64; Trident/7.0; LCJB; rv:11.0) like Gecko"
78.129.140.139 - - [05/Apr/2026:20:41:05 +0200] "GET /wp-login.php HTTP/1.1" 302 0 "https://ribari.net/wp-login.php" "Mozilla/5.0 (Windows NT 6.3; WOW64; Trident/7.0; LCJB; rv:11.0) like Gecko"
78.129.140.139 - - [05/Apr/2026:20:41:05 +0200] "GET /wp-login.php HTTP/1.1" 302 0 "https://ribari.net/wp-login.php" "Mozilla/5.0 (Windows NT 6.3; WOW64; Trident/7.0; LCJB; rv:11.0) like Gecko"
78.129.140.139 - - [05/Apr/2026:20:41:06 +0200] "GET /wp-login.php HTTP/1.1" 302 0 "https://ribari.net/wp-login.php" "Mozilla/5.0 (Windows NT 6.3; WOW64; Trident/7.0; LCJB; rv:11.0) like Gecko"
78.129.140.139 - - [05/Apr/2026:20:41:08 +0200] "GET /wp-login.php HTTP/1.1" 302 0 "https://ribari.net/wp-login.php" "Mozilla/5.0 (Windows NT 6.3; WOW64; Trident/7.0; LCJB; rv:11.0) like Gecko"
78.129.140.139 - - [05/Apr/2026:20:41:08 +0200] "GET /wp-login.php HTTP/1.1" 302 0 "https://ribari.net/wp-login.php" "Mozilla/5.0 (Windows NT 6.3; WOW64; Trident/7.0; LCJB; rv:11.0) like Gecko"
78.129.140.139 - - [05/Apr/2026:20:41:09 +0200] "GET /wp-login.php HTTP/1.1" 302 0 "https://ribari.net/wp-login.php" "Mozilla/5.0 (Windows NT 6.3; WOW64; Trident/7.0; LCJB; rv:11.0) like Gecko"
78.129.140.139 - - [05/Apr/2026:20:41:09 +0200] "GET /wp-login.php HTTP/1.1" 302 0 "https://ribari.net/wp-login.php" "Mozilla/5.0 (Windows NT 6.3; WOW64; Trident/7.0; LCJB; rv:11.0) like Gecko"
78.129.140.139 - - [05/Apr/2026:20:41:10 +0200] "GET /wp-login.php HTTP/1.1" 302 0 "https://ribari.net/wp-login.php" "Mozilla/5.0 (Windows NT 6.3; WOW64; Trident/7.0; LCJB; rv:11.0) like Gecko"
66.249.66.195 - - [05/Apr/2026:20:41:15 +0200] "GET /prizes/18412905 HTTP/1.1" 404 13201 "-" "Mozilla/5.0 (Linux; Android 6.0.1; Nexus 5X Build/MMB29P) AppleWebKit/537.36 (KHTML, like Gecko) Chrome/146.0.7680.177 Mobile Safari/537.36 (compatible; Googlebot/2.1; +http://www.google.com/bot.html)"
66.249.66.2 - - [05/Apr/2026:20:41:50 +0200] "GET /?f=fnqa77rgjr10002qtvswy HTTP/1.1" 200 27584 "-" "Mozilla/5.0 (Linux; Android 6.0.1; Nexus 5X Build/MMB29P) AppleWebKit/537.36 (KHTML, like Gecko) Chrome/146.0.7680.177 Mobile Safari/537.36 (compatible; Googlebot/2.1; +http://www.google.com/bot.html)"
161.97.137.93 - - [05/Apr/2026:20:42:22 +0200] "POST /wp-cron.php?doing_wp_cron=1775414542.1379508972167968750000 HTTP/1.1" 404 13202 "https://ribari.net/wp-cron.php?doing_wp_cron=1775414542.1379508972167968750000" "WordPress/4.9.13; https://ribari.net"
216.73.216.119 - - [05/Apr/2026:20:42:22 +0200] "GET /400-%d0%bc%d0%b5%d1%82%d1%80%d0%b0-%d0%bc%d1%80%d0%b5%d0%b6%d0%b8-%d0%b8%d0%b7%d0%b2%d0%b0%d0%b4%d0%b8%d1%85%d0%b0-%d0%be%d1%82-%d1%8f%d0%b7%d0%be%d0%b2%d0%b8%d1%80-%d0%b6%d1%80%d0%b5%d0%b1%d1%87 HTTP/1.1" 301 0 "-" "Mozilla/5.0 AppleWebKit/537.36 (KHTML, like Gecko; compatible; ClaudeBot/1.0; +claudebot@anthropic.com)"
216.73.216.119 - - [05/Apr/2026:20:42:23 +0200] "GET /400-%d0%bc%d0%b5%d1%82%d1%80%d0%b0-%d0%bc%d1%80%d0%b5%d0%b6%d0%b8-%d0%b8%d0%b7%d0%b2%d0%b0%d0%b4%d0%b8%d1%85%d0%b0-%d0%be%d1%82-%d1%8f%d0%b7%d0%be%d0%b2%d0%b8%d1%80-%d0%b6%d1%80%d0%b5%d0%b1%d1%87/ HTTP/1.1" 200 19211 "https://ribari.net/400-%d0%bc%d0%b5%d1%82%d1%80%d0%b0-%d0%bc%d1%80%d0%b5%d0%b6%d0%b8-%d0%b8%d0%b7%d0%b2%d0%b0%d0%b4%d0%b8%d1%85%d0%b0-%d0%be%d1%82-%d1%8f%d0%b7%d0%be%d0%b2%d0%b8%d1%80-%d0%b6%d1%80%d0%b5%d0%b1%d1%87" "Mozilla/5.0 AppleWebKit/537.36 (KHTML, like Gecko; compatible; ClaudeBot/1.0; +claudebot@anthropic.com)"
66.249.66.196 - - [05/Apr/2026:20:42:23 +0200] "GET /prizes/88576006 HTTP/1.1" 404 13202 "-" "Mozilla/5.0 (Linux; Android 6.0.1; Nexus 5X Build/MMB29P) AppleWebKit/537.36 (KHTML, like Gecko) Chrome/146.0.7680.177 Mobile Safari/537.36 (compatible; Googlebot/2.1; +http://www.google.com/bot.html)"
85.208.96.209 - - [05/Apr/2026:20:42:43 +0200] "GET /tag/mo/ HTTP/1.1" 200 13535 "-" "Mozilla/5.0 (compatible; SemrushBot/7~bl; +http://www.semrush.com/bot.html)"
66.249.66.2 - - [05/Apr/2026:20:42:58 +0200] "GET /prizes/101511703 HTTP/1.1" 404 13202 "-" "Mozilla/5.0 (Linux; Android 6.0.1; Nexus 5X Build/MMB29P) AppleWebKit/537.36 (KHTML, like Gecko) Chrome/146.0.7680.177 Mobile Safari/537.36 (compatible; Googlebot/2.1; +http://www.google.com/bot.html)"
216.73.216.119 - - [05/Apr/2026:20:43:03 +0200] "GET /%d0%b8%d0%b7%d0%b2%d0%b0%d0%b4%d0%b8%d1%85%d0%b0-%d0%bc%d1%80%d0%b5%d0%b6%d0%b8-%d0%be%d1%82-%d1%8f%d0%b7%d0%be%d0%b2%d0%b8%d1%80-%d0%b0%d0%bb%d0%b5%d0%ba%d1%81%d0%b0%d0%bd%d0%b4%d1%8a%d1%80-%d1%81 HTTP/1.1" 301 0 "-" "Mozilla/5.0 AppleWebKit/537.36 (KHTML, like Gecko; compatible; ClaudeBot/1.0; +claudebot@anthropic.com)"
216.73.216.119 - - [05/Apr/2026:20:43:03 +0200] "GET /%d0%b8%d0%b7%d0%b2%d0%b0%d0%b4%d0%b8%d1%85%d0%b0-%d0%bc%d1%80%d0%b5%d0%b6%d0%b8-%d0%be%d1%82-%d1%8f%d0%b7%d0%be%d0%b2%d0%b8%d1%80-%d0%b0%d0%bb%d0%b5%d0%ba%d1%81%d0%b0%d0%bd%d0%b4%d1%8a%d1%80-%d1%81/ HTTP/1.1" 200 20919 "https://ribari.net/%d0%b8%d0%b7%d0%b2%d0%b0%d0%b4%d0%b8%d1%85%d0%b0-%d0%bc%d1%80%d0%b5%d0%b6%d0%b8-%d0%be%d1%82-%d1%8f%d0%b7%d0%be%d0%b2%d0%b8%d1%80-%d0%b0%d0%bb%d0%b5%d0%ba%d1%81%d0%b0%d0%bd%d0%b4%d1%8a%d1%80-%d1%81" "Mozilla/5.0 AppleWebKit/537.36 (KHTML, like Gecko; compatible; ClaudeBot/1.0; +claudebot@anthropic.com)"
217.113.194.110 - - [05/Apr/2026:20:43:09 +0200] "GET /category/%D0%B2%D0%BE%D0%B4%D0%BE%D0%B5%D0%BC%D0%B8/ HTTP/1.1" 200 17766 "-" "Mozilla/5.0 (compatible; Barkrowler/0.9; +https://babbar.tech/crawler)"
66.249.66.194 - - [05/Apr/2026:20:43:18 +0200] "GET /prizes/181517319 HTTP/1.1" 404 13202 "-" "Mozilla/5.0 (Linux; Android 6.0.1; Nexus 5X Build/MMB29P) AppleWebKit/537.36 (KHTML, like Gecko) Chrome/146.0.7680.177 Mobile Safari/537.36 (compatible; GoogleOther)"
161.97.137.93 - - [05/Apr/2026:20:43:33 +0200] "POST /wp-cron.php?doing_wp_cron=1775414612.6709480285644531250000 HTTP/1.1" 404 13203 "https://ribari.net/wp-cron.php?doing_wp_cron=1775414612.6709480285644531250000" "WordPress/4.9.13; https://ribari.net"
66.249.66.42 - - [05/Apr/2026:20:43:33 +0200] "GET /index.php?prizes/263601026 HTTP/1.1" 301 0 "-" "Mozilla/5.0 (Linux; Android 6.0.1; Nexus 5X Build/MMB29P) AppleWebKit/537.36 (KHTML, like Gecko) Chrome/146.0.7680.177 Mobile Safari/537.36 (compatible; Googlebot/2.1; +http://www.google.com/bot.html)"
66.249.66.65 - - [05/Apr/2026:20:43:34 +0200] "GET /?prizes/263601026 HTTP/1.1" 200 27443 "-" "Mozilla/5.0 (Linux; Android 6.0.1; Nexus 5X Build/MMB29P) AppleWebKit/537.36 (KHTML, like Gecko) Chrome/146.0.7680.177 Mobile Safari/537.36 (compatible; Googlebot/2.1; +http://www.google.com/bot.html)"
185.191.171.19 - - [05/Apr/2026:20:43:42 +0200] "GET /tag/%D1%80-%D0%BB%D1%83%D0%B4%D0%B0-%D0%BA%D0%B0%D0%BC%D1%87%D0%B8%D1%8F/ HTTP/1.1" 200 13415 "-" "Mozilla/5.0 (compatible; SemrushBot/7~bl; +http://www.semrush.com/bot.html)"
66.249.66.65 - - [05/Apr/2026:20:43:55 +0200] "GET /?f=eivz7e33652dvsmvjemz HTTP/1.1" 200 27838 "-" "Mozilla/5.0 (Linux; Android 6.0.1; Nexus 5X Build/MMB29P) AppleWebKit/537.36 (KHTML, like Gecko) Chrome/146.0.7680.177 Mobile Safari/537.36 (compatible; GoogleOther)"
216.73.216.119 - - [05/Apr/2026:20:44:00 +0200] "GET /%D0%B1%D1%80%D0%B0%D0%BA%D0%BE%D0%BD%D0%B8%D0%B5%D1%80%D0%B8-%D0%B7%D0%B0%D0%BC%D0%B5%D1%80%D0%B2%D0%B0%D1%85%D0%B0-%D1%81%D0%BB%D1%83%D0%B6%D0%B8%D1%82%D0%B5%D0%BB%D0%B8-%D0%BD%D0%B0-%D0%B8%D0%B0/whatsapp:/send HTTP/1.1" 404 13508 "-" "Mozilla/5.0 AppleWebKit/537.36 (KHTML, like Gecko; compatible; ClaudeBot/1.0; +claudebot@anthropic.com)"
66.249.66.66 - - [05/Apr/2026:20:44:06 +0200] "GET /index.php?prizes/267427935 HTTP/1.1" 301 0 "-" "Mozilla/5.0 (Linux; Android 6.0.1; Nexus 5X Build/MMB29P) AppleWebKit/537.36 (KHTML, like Gecko) Chrome/146.0.7680.177 Mobile Safari/537.36 (compatible; Googlebot/2.1; +http://www.google.com/bot.html)"
66.249.66.161 - - [05/Apr/2026:20:44:09 +0200] "GET /?prizes/267427935 HTTP/1.1" 200 27566 "-" "Mozilla/5.0 (Linux; Android 6.0.1; Nexus 5X Build/MMB29P) AppleWebKit/537.36 (KHTML, like Gecko) Chrome/146.0.7680.177 Mobile Safari/537.36 (compatible; Googlebot/2.1; +http://www.google.com/bot.html)"
44.215.210.112 - - [05/Apr/2026:20:44:10 +0200] "GET /wp-content/index.php?path=/home/blife/public_html/ribari.net/wp-content/wp7d6af8 HTTP/1.1" 200 1235 "-" "Mozilla/5.0 AppleWebKit/537.36 (KHTML, like Gecko; compatible; Amazonbot/0.1; +https://developer.amazon.com/support/amazonbot) Chrome/119.0.6045.214 Safari/537.36"
3.89.176.255 - - [05/Apr/2026:20:44:14 +0200] "GET /wp-content/?path=/home/blife/public_html/ribari.net/wp-content/plugins/wordpress-seo HTTP/1.1" 200 1681 "-" "Mozilla/5.0 AppleWebKit/537.36 (KHTML, like Gecko; compatible; Amazonbot/0.1; +https://developer.amazon.com/support/amazonbot) Chrome/119.0.6045.214 Safari/537.36"
66.249.66.42 - - [05/Apr/2026:20:44:17 +0200] "GET /prizes/102479975 HTTP/1.1" 404 13203 "-" "Mozilla/5.0 (Linux; Android 6.0.1; Nexus 5X Build/MMB29P) AppleWebKit/537.36 (KHTML, like Gecko) Chrome/146.0.7680.177 Mobile Safari/537.36 (compatible; GoogleOther)"
54.91.122.193 - - [05/Apr/2026:20:44:18 +0200] "GET /wp-content/?path=/home/blife/public_html/ribari.net/wp-content/uploads/2026 HTTP/1.1" 200 1227 "-" "Mozilla/5.0 AppleWebKit/537.36 (KHTML, like Gecko; compatible; Amazonbot/0.1; +https://developer.amazon.com/support/amazonbot) Chrome/119.0.6045.214 Safari/537.36"
66.249.66.195 - - [05/Apr/2026:20:44:18 +0200] "GET /commoditys/086015714 HTTP/1.1" 404 13203 "-" "Mozilla/5.0 (Linux; Android 6.0.1; Nexus 5X Build/MMB29P) AppleWebKit/537.36 (KHTML, like Gecko) Chrome/146.0.7680.177 Mobile Safari/537.36 (compatible; Googlebot/2.1; +http://www.google.com/bot.html)"
52.3.155.146 - - [05/Apr/2026:20:44:22 +0200] "GET /wp-content/?id=info&path=/home/blife/public_html/ribari.net/wp-content/languages HTTP/1.1" 200 1827 "-" "Mozilla/5.0 AppleWebKit/537.36 (KHTML, like Gecko; compatible; Amazonbot/0.1; +https://developer.amazon.com/support/amazonbot) Chrome/119.0.6045.214 Safari/537.36"
66.249.66.65 - - [05/Apr/2026:20:44:26 +0200] "GET /?z=kiut52fra821osiaqq HTTP/1.1" 200 28378 "-" "Mozilla/5.0 (Linux; Android 6.0.1; Nexus 5X Build/MMB29P) AppleWebKit/537.36 (KHTML, like Gecko) Chrome/146.0.7680.177 Mobile Safari/537.36 (compatible; Googlebot/2.1; +http://www.google.com/bot.html)"
161.97.137.93 - - [05/Apr/2026:20:44:41 +0200] "POST /wp-cron.php?doing_wp_cron=1775414681.3086209297180175781250 HTTP/1.1" 404 13197 "https://ribari.net/wp-cron.php?doing_wp_cron=1775414681.3086209297180175781250" "WordPress/4.9.13; https://ribari.net"
66.249.66.6 - - [05/Apr/2026:20:44:42 +0200] "GET /index.php?prizes/201852814 HTTP/1.1" 301 0 "-" "Mozilla/5.0 (Linux; Android 6.0.1; Nexus 5X Build/MMB29P) AppleWebKit/537.36 (KHTML, like Gecko) Chrome/146.0.7680.177 Mobile Safari/537.36 (compatible; Googlebot/2.1; +http://www.google.com/bot.html)"
66.249.66.6 - - [05/Apr/2026:20:44:43 +0200] "GET /?prizes/201852814 HTTP/1.1" 200 27779 "-" "Mozilla/5.0 (Linux; Android 6.0.1; Nexus 5X Build/MMB29P) AppleWebKit/537.36 (KHTML, like Gecko) Chrome/146.0.7680.177 Mobile Safari/537.36 (compatible; Googlebot/2.1; +http://www.google.com/bot.html)"
66.249.66.192 - - [05/Apr/2026:20:45:09 +0200] "GET /index.php?prizes/274967238 HTTP/1.1" 301 0 "-" "Mozilla/5.0 (Linux; Android 6.0.1; Nexus 5X Build/MMB29P) AppleWebKit/537.36 (KHTML, like Gecko) Chrome/146.0.7680.177 Mobile Safari/537.36 (compatible; Googlebot/2.1; +http://www.google.com/bot.html)"
66.249.66.167 - - [05/Apr/2026:20:45:11 +0200] "GET /?prizes/274967238 HTTP/1.1" 200 27928 "-" "Mozilla/5.0 (Linux; Android 6.0.1; Nexus 5X Build/MMB29P) AppleWebKit/537.36 (KHTML, like Gecko) Chrome/146.0.7680.177 Mobile Safari/537.36 (compatible; Googlebot/2.1; +http://www.google.com/bot.html)"
66.249.66.192 - - [05/Apr/2026:20:45:15 +0200] "GET /index.php?prizes/40050814 HTTP/1.1" 301 0 "-" "Mozilla/5.0 (Linux; Android 6.0.1; Nexus 5X Build/MMB29P) AppleWebKit/537.36 (KHTML, like Gecko) Chrome/146.0.7680.177 Mobile Safari/537.36 (compatible; Googlebot/2.1; +http://www.google.com/bot.html)"
66.249.66.166 - - [05/Apr/2026:20:45:16 +0200] "GET /prizes/301790046 HTTP/1.1" 404 13202 "-" "Mozilla/5.0 (Linux; Android 6.0.1; Nexus 5X Build/MMB29P) AppleWebKit/537.36 (KHTML, like Gecko) Chrome/146.0.7680.177 Mobile Safari/537.36 (compatible; GoogleOther)"
66.249.66.204 - - [05/Apr/2026:20:45:18 +0200] "GET /?prizes/40050814 HTTP/1.1" 200 27157 "-" "Mozilla/5.0 (Linux; Android 6.0.1; Nexus 5X Build/MMB29P) AppleWebKit/537.36 (KHTML, like Gecko) Chrome/146.0.7680.177 Mobile Safari/537.36 (compatible; Googlebot/2.1; +http://www.google.com/bot.html)"
66.249.66.69 - - [05/Apr/2026:20:45:19 +0200] "GET /index.php?prizes/175529480 HTTP/1.1" 301 0 "-" "Mozilla/5.0 (Linux; Android 6.0.1; Nexus 5X Build/MMB29P) AppleWebKit/537.36 (KHTML, like Gecko) Chrome/146.0.7680.177 Mobile Safari/537.36 (compatible; Googlebot/2.1; +http://www.google.com/bot.html)"
66.249.66.6 - - [05/Apr/2026:20:45:21 +0200] "GET /?prizes/175529480 HTTP/1.1" 200 27955 "-" "Mozilla/5.0 (Linux; Android 6.0.1; Nexus 5X Build/MMB29P) AppleWebKit/537.36 (KHTML, like Gecko) Chrome/146.0.7680.177 Mobile Safari/537.36 (compatible; Googlebot/2.1; +http://www.google.com/bot.html)"
66.249.66.37 - - [05/Apr/2026:20:45:40 +0200] "GET /index.php?prizes/253751975 HTTP/1.1" 301 0 "-" "Mozilla/5.0 (Linux; Android 6.0.1; Nexus 5X Build/MMB29P) AppleWebKit/537.36 (KHTML, like Gecko) Chrome/146.0.7680.177 Mobile Safari/537.36 (compatible; Googlebot/2.1; +http://www.google.com/bot.html)"
181.99.29.27 - - [05/Apr/2026:20:45:41 +0200] "GET /wp-content/themes/Newspaper/includes/demos/medicine/td_media_5.php HTTP/1.1" 500 0 "https://ribari.net/" "Mozilla/5.0 (Windows NT 10.0; Win64; x64) AppleWebKit/537.36 (KHTML, like Gecko) Chrome/135.0.0.0 Safari/537.36"
161.97.137.93 - - [05/Apr/2026:20:45:42 +0200] "POST /wp-cron.php?doing_wp_cron=1775414741.7088589668273925781250 HTTP/1.1" 404 13203 "https://ribari.net/wp-cron.php?doing_wp_cron=1775414741.7088589668273925781250" "WordPress/4.9.13; https://ribari.net"
66.249.66.204 - - [05/Apr/2026:20:45:43 +0200] "GET /?prizes/253751975 HTTP/1.1" 200 28210 "-" "Mozilla/5.0 (Linux; Android 6.0.1; Nexus 5X Build/MMB29P) AppleWebKit/537.36 (KHTML, like Gecko) Chrome/146.0.7680.177 Mobile Safari/537.36 (compatible; Googlebot/2.1; +http://www.google.com/bot.html)"
66.249.66.37 - - [05/Apr/2026:20:45:49 +0200] "GET /index.php?prizes/292245652 HTTP/1.1" 301 0 "-" "Mozilla/5.0 (Linux; Android 6.0.1; Nexus 5X Build/MMB29P) AppleWebKit/537.36 (KHTML, like Gecko) Chrome/146.0.7680.177 Mobile Safari/537.36 (compatible; Googlebot/2.1; +http://www.google.com/bot.html)"
66.249.66.37 - - [05/Apr/2026:20:45:51 +0200] "GET /?prizes/292245652 HTTP/1.1" 200 27602 "-" "Mozilla/5.0 (Linux; Android 6.0.1; Nexus 5X Build/MMB29P) AppleWebKit/537.36 (KHTML, like Gecko) Chrome/146.0.7680.177 Mobile Safari/537.36 (compatible; Googlebot/2.1; +http://www.google.com/bot.html)"
66.249.66.37 - - [05/Apr/2026:20:45:57 +0200] "GET /?f=cuoim54ndau429lrvfnquxy HTTP/1.1" 200 27530 "-" "Mozilla/5.0 (Linux; Android 6.0.1; Nexus 5X Build/MMB29P) AppleWebKit/537.36 (KHTML, like Gecko) Chrome/146.0.7680.177 Mobile Safari/537.36 (compatible; Googlebot/2.1; +http://www.google.com/bot.html)"
66.249.66.71 - - [05/Apr/2026:20:46:12 +0200] "GET /index.php?prizes/290587854 HTTP/1.1" 301 0 "-" "Mozilla/5.0 (Linux; Android 6.0.1; Nexus 5X Build/MMB29P) AppleWebKit/537.36 (KHTML, like Gecko) Chrome/146.0.7680.177 Mobile Safari/537.36 (compatible; Googlebot/2.1; +http://www.google.com/bot.html)"
66.249.66.204 - - [05/Apr/2026:20:46:14 +0200] "GET /?prizes/290587854 HTTP/1.1" 200 26881 "-" "Mozilla/5.0 (Linux; Android 6.0.1; Nexus 5X Build/MMB29P) AppleWebKit/537.36 (KHTML, like Gecko) Chrome/146.0.7680.177 Mobile Safari/537.36 (compatible; Googlebot/2.1; +http://www.google.com/bot.html)"
66.249.66.39 - - [05/Apr/2026:20:46:14 +0200] "GET /prizes/99992480 HTTP/1.1" 404 13202 "-" "Mozilla/5.0 (Linux; Android 6.0.1; Nexus 5X Build/MMB29P) AppleWebKit/537.36 (KHTML, like Gecko) Chrome/146.0.7680.177 Mobile Safari/537.36 (compatible; GoogleOther)"
66.249.66.70 - - [05/Apr/2026:20:46:16 +0200] "GET /?k=zhytl83wrqeh340nxwukt HTTP/1.1" 200 27887 "-" "Mozilla/5.0 (Linux; Android 6.0.1; Nexus 5X Build/MMB29P) AppleWebKit/537.36 (KHTML, like Gecko) Chrome/146.0.7680.177 Mobile Safari/537.36 (compatible; Googlebot/2.1; +http://www.google.com/bot.html)"
217.113.194.108 - - [05/Apr/2026:20:46:19 +0200] "GET /category/%D1%80%D0%B8%D0%B1%D0%BE%D0%BB%D0%BE%D0%B2/ HTTP/1.1" 200 18095 "-" "Mozilla/5.0 (compatible; Barkrowler/0.9; +https://babbar.tech/crawler)"
66.249.66.6 - - [05/Apr/2026:20:46:24 +0200] "GET /index.php?prizes/42842612 HTTP/1.1" 301 0 "-" "Mozilla/5.0 (Linux; Android 6.0.1; Nexus 5X Build/MMB29P) AppleWebKit/537.36 (KHTML, like Gecko) Chrome/146.0.7680.177 Mobile Safari/537.36 (compatible; Googlebot/2.1; +http://www.google.com/bot.html)"
66.249.66.69 - - [05/Apr/2026:20:46:26 +0200] "GET /?prizes/42842612 HTTP/1.1" 200 27647 "-" "Mozilla/5.0 (Linux; Android 6.0.1; Nexus 5X Build/MMB29P) AppleWebKit/537.36 (KHTML, like Gecko) Chrome/146.0.7680.177 Mobile Safari/537.36 (compatible; Googlebot/2.1; +http://www.google.com/bot.html)"
54.204.62.163 - - [05/Apr/2026:20:46:26 +0200] "GET /wp-content/plugins/facebook-button-plugin/bws_menu/icons/themes/ HTTP/1.1" 200 380 "-" "Mozilla/5.0 AppleWebKit/537.36 (KHTML, like Gecko; compatible; Amazonbot/0.1; +https://developer.amazon.com/support/amazonbot) Chrome/119.0.6045.214 Safari/537.36"
44.210.204.255 - - [05/Apr/2026:20:46:30 +0200] "GET /wp-content/plugins/td-composer/plugins/css-live/ HTTP/1.1" 200 448 "-" "Mozilla/5.0 AppleWebKit/537.36 (KHTML, like Gecko; compatible; Amazonbot/0.1; +https://developer.amazon.com/support/amazonbot) Chrome/119.0.6045.214 Safari/537.36"
34.225.24.180 - - [05/Apr/2026:20:46:34 +0200] "GET /wp-content/plugins/facebook-button-plugin/bws_menu/languages/bestwebsoft-nl_NL.po HTTP/1.1" 200 42136 "-" "Mozilla/5.0 AppleWebKit/537.36 (KHTML, like Gecko; compatible; Amazonbot/0.1; +https://developer.amazon.com/support/amazonbot) Chrome/119.0.6045.214 Safari/537.36"
23.23.99.55 - - [05/Apr/2026:20:46:38 +0200] "GET /wp-content/plugins/mythemeshop-connect/css/ HTTP/1.1" 200 340 "-" "Mozilla/5.0 AppleWebKit/537.36 (KHTML, like Gecko; compatible; Amazonbot/0.1; +https://developer.amazon.com/support/amazonbot) Chrome/119.0.6045.214 Safari/537.36"
161.97.137.93 - - [05/Apr/2026:20:46:54 +0200] "POST /wp-cron.php?doing_wp_cron=1775414813.5416700839996337890625 HTTP/1.1" 404 13202 "https://ribari.net/wp-cron.php?doing_wp_cron=1775414813.5416700839996337890625" "WordPress/4.9.13; https://ribari.net"
162.215.219.73 - - [05/Apr/2026:20:46:54 +0200] "GET /wp-login.php HTTP/1.1" 302 0 "-" "Mozilla/5.0 (Windows NT 6.3; Trident/7.0; Touch; rv:11.0) like Gecko"
66.249.66.37 - - [05/Apr/2026:20:46:56 +0200] "GET /index.php?prizes/208835349 HTTP/1.1" 301 0 "-" "Mozilla/5.0 (Linux; Android 6.0.1; Nexus 5X Build/MMB29P) AppleWebKit/537.36 (KHTML, like Gecko) Chrome/146.0.7680.177 Mobile Safari/537.36 (compatible; Googlebot/2.1; +http://www.google.com/bot.html)"
66.249.66.165 - - [05/Apr/2026:20:46:57 +0200] "GET /?prizes/208835349 HTTP/1.1" 200 27337 "-" "Mozilla/5.0 (Linux; Android 6.0.1; Nexus 5X Build/MMB29P) AppleWebKit/537.36 (KHTML, like Gecko) Chrome/146.0.7680.177 Mobile Safari/537.36 (compatible; Googlebot/2.1; +http://www.google.com/bot.html)"
66.249.66.37 - - [05/Apr/2026:20:46:58 +0200] "GET /index.php?prizes/274279854 HTTP/1.1" 301 0 "-" "Mozilla/5.0 (Linux; Android 6.0.1; Nexus 5X Build/MMB29P) AppleWebKit/537.36 (KHTML, like Gecko) Chrome/146.0.7680.177 Mobile Safari/537.36 (compatible; Googlebot/2.1; +http://www.google.com/bot.html)"
66.249.66.37 - - [05/Apr/2026:20:47:00 +0200] "GET /?prizes/274279854 HTTP/1.1" 200 27848 "-" "Mozilla/5.0 (Linux; Android 6.0.1; Nexus 5X Build/MMB29P) AppleWebKit/537.36 (KHTML, like Gecko) Chrome/146.0.7680.177 Mobile Safari/537.36 (compatible; Googlebot/2.1; +http://www.google.com/bot.html)"
66.249.66.6 - - [05/Apr/2026:20:47:07 +0200] "GET /prizes/60653945 HTTP/1.1" 404 13202 "-" "Mozilla/5.0 (Linux; Android 6.0.1; Nexus 5X Build/MMB29P) AppleWebKit/537.36 (KHTML, like Gecko) Chrome/146.0.7680.177 Mobile Safari/537.36 (compatible; Googlebot/2.1; +http://www.google.com/bot.html)"
66.249.66.37 - - [05/Apr/2026:20:47:12 +0200] "GET /?z=kiut25fra848osiaqq HTTP/1.1" 200 27072 "-" "Mozilla/5.0 (Linux; Android 6.0.1; Nexus 5X Build/MMB29P) AppleWebKit/537.36 (KHTML, like Gecko) Chrome/146.0.7680.177 Mobile Safari/537.36 (compatible; Googlebot/2.1; +http://www.google.com/bot.html)"
66.249.66.6 - - [05/Apr/2026:20:47:13 +0200] "GET /commoditys/078000192 HTTP/1.1" 404 13203 "-" "Mozilla/5.0 (Linux; Android 6.0.1; Nexus 5X Build/MMB29P) AppleWebKit/537.36 (KHTML, like Gecko) Chrome/146.0.7680.177 Mobile Safari/537.36 (compatible; Googlebot/2.1; +http://www.google.com/bot.html)"
66.249.66.6 - - [05/Apr/2026:20:47:20 +0200] "GET /prizes/248038006 HTTP/1.1" 404 13201 "-" "Mozilla/5.0 (Linux; Android 6.0.1; Nexus 5X Build/MMB29P) AppleWebKit/537.36 (KHTML, like Gecko) Chrome/146.0.7680.177 Mobile Safari/537.36 (compatible; GoogleOther)"
66.249.66.165 - - [05/Apr/2026:20:47:32 +0200] "GET /index.php?prizes/277098107 HTTP/1.1" 301 0 "-" "Mozilla/5.0 (Linux; Android 6.0.1; Nexus 5X Build/MMB29P) AppleWebKit/537.36 (KHTML, like Gecko) Chrome/146.0.7680.177 Mobile Safari/537.36 (compatible; Googlebot/2.1; +http://www.google.com/bot.html)"
66.249.66.69 - - [05/Apr/2026:20:47:34 +0200] "GET /?prizes/277098107 HTTP/1.1" 200 27246 "-" "Mozilla/5.0 (Linux; Android 6.0.1; Nexus 5X Build/MMB29P) AppleWebKit/537.36 (KHTML, like Gecko) Chrome/146.0.7680.177 Mobile Safari/537.36 (compatible; Googlebot/2.1; +http://www.google.com/bot.html)"
161.97.137.93 - - [05/Apr/2026:20:48:09 +0200] "POST /wp-cron.php?doing_wp_cron=1775414889.4180190563201904296875 HTTP/1.1" 404 13203 "https://ribari.net/wp-cron.php?doing_wp_cron=1775414889.4180190563201904296875" "WordPress/4.9.13; https://ribari.net"
66.249.66.69 - - [05/Apr/2026:20:48:09 +0200] "GET /commoditys/067000479 HTTP/1.1" 404 13203 "-" "Mozilla/5.0 (Linux; Android 6.0.1; Nexus 5X Build/MMB29P) AppleWebKit/537.36 (KHTML, like Gecko) Chrome/146.0.7680.177 Mobile Safari/537.36 (compatible; Googlebot/2.1; +http://www.google.com/bot.html)"
66.249.66.7 - - [05/Apr/2026:20:48:11 +0200] "GET /index.php?prizes/267786703 HTTP/1.1" 301 0 "-" "Mozilla/5.0 (Linux; Android 6.0.1; Nexus 5X Build/MMB29P) AppleWebKit/537.36 (KHTML, like Gecko) Chrome/146.0.7680.177 Mobile Safari/537.36 (compatible; Googlebot/2.1; +http://www.google.com/bot.html)"
66.249.66.39 - - [05/Apr/2026:20:48:12 +0200] "GET /index.php?prizes/236836824 HTTP/1.1" 301 0 "-" "Mozilla/5.0 (Linux; Android 6.0.1; Nexus 5X Build/MMB29P) AppleWebKit/537.36 (KHTML, like Gecko) Chrome/146.0.7680.177 Mobile Safari/537.36 (compatible; Googlebot/2.1; +http://www.google.com/bot.html)"
66.249.66.193 - - [05/Apr/2026:20:48:13 +0200] "GET /?prizes/267786703 HTTP/1.1" 200 27390 "-" "Mozilla/5.0 (Linux; Android 6.0.1; Nexus 5X Build/MMB29P) AppleWebKit/537.36 (KHTML, like Gecko) Chrome/146.0.7680.177 Mobile Safari/537.36 (compatible; Googlebot/2.1; +http://www.google.com/bot.html)"
66.249.66.7 - - [05/Apr/2026:20:48:15 +0200] "GET /?prizes/236836824 HTTP/1.1" 200 27321 "-" "Mozilla/5.0 (Linux; Android 6.0.1; Nexus 5X Build/MMB29P) AppleWebKit/537.36 (KHTML, like Gecko) Chrome/146.0.7680.177 Mobile Safari/537.36 (compatible; Googlebot/2.1; +http://www.google.com/bot.html)"
66.249.66.6 - - [05/Apr/2026:20:48:42 +0200] "GET /prizes/138827379 HTTP/1.1" 404 13202 "-" "Mozilla/5.0 (Linux; Android 6.0.1; Nexus 5X Build/MMB29P) AppleWebKit/537.36 (KHTML, like Gecko) Chrome/146.0.7680.177 Mobile Safari/537.36 (compatible; Googlebot/2.1; +http://www.google.com/bot.html)"
85.208.96.209 - - [05/Apr/2026:20:48:44 +0200] "GET /tag/%D1%81%D1%82%D0%B0%D1%80%D0%BE%D0%BF%D0%B0%D1%82%D0%B8%D1%86%D0%B0/ HTTP/1.1" 200 13410 "-" "Mozilla/5.0 (compatible; SemrushBot/7~bl; +http://www.semrush.com/bot.html)"
161.97.137.93 - - [05/Apr/2026:20:49:11 +0200] "POST /wp-cron.php?doing_wp_cron=1775414950.7820639610290527343750 HTTP/1.1" 404 13199 "https://ribari.net/wp-cron.php?doing_wp_cron=1775414950.7820639610290527343750" "WordPress/4.9.13; https://ribari.net"
217.113.194.107 - - [05/Apr/2026:20:49:11 +0200] "GET /%D0%BC%D1%8A%D0%B7%D0%B4%D1%80%D1%83%D0%B3%D0%B0/ HTTP/1.1" 200 19222 "-" "Mozilla/5.0 (compatible; Barkrowler/0.9; +https://babbar.tech/crawler)"
66.249.66.70 - - [05/Apr/2026:20:49:16 +0200] "GET /prizes/84371208 HTTP/1.1" 404 13203 "-" "Mozilla/5.0 (Linux; Android 6.0.1; Nexus 5X Build/MMB29P) AppleWebKit/537.36 (KHTML, like Gecko) Chrome/146.0.7680.177 Mobile Safari/537.36 (compatible; Googlebot/2.1; +http://www.google.com/bot.html)"
66.249.66.165 - - [05/Apr/2026:20:49:17 +0200] "GET /prizes/138302016 HTTP/1.1" 404 13202 "-" "Mozilla/5.0 (Linux; Android 6.0.1; Nexus 5X Build/MMB29P) AppleWebKit/537.36 (KHTML, like Gecko) Chrome/146.0.7680.177 Mobile Safari/537.36 (compatible; GoogleOther)"
66.249.66.7 - - [05/Apr/2026:20:49:37 +0200] "GET /prizes/250750824 HTTP/1.1" 404 13202 "-" "Mozilla/5.0 (Linux; Android 6.0.1; Nexus 5X Build/MMB29P) AppleWebKit/537.36 (KHTML, like Gecko) Chrome/146.0.7680.177 Mobile Safari/537.36 (compatible; Googlebot/2.1; +http://www.google.com/bot.html)"
66.249.66.6 - - [05/Apr/2026:20:49:51 +0200] "GET /?detail/02600133776404 HTTP/1.1" 200 27589 "-" "Mozilla/5.0 (Linux; Android 6.0.1; Nexus 5X Build/MMB29P) AppleWebKit/537.36 (KHTML, like Gecko) Chrome/146.0.7680.177 Mobile Safari/537.36 (compatible; Googlebot/2.1; +http://www.google.com/bot.html)"
161.97.137.93 - - [05/Apr/2026:20:50:25 +0200] "POST /wp-cron.php?doing_wp_cron=1775415024.5937950611114501953125 HTTP/1.1" 404 13202 "https://ribari.net/wp-cron.php?doing_wp_cron=1775415024.5937950611114501953125" "WordPress/4.9.13; https://ribari.net"
66.249.66.6 - - [05/Apr/2026:20:50:25 +0200] "GET /prizes/23987501 HTTP/1.1" 404 13202 "-" "Mozilla/5.0 (Linux; Android 6.0.1; Nexus 5X Build/MMB29P) AppleWebKit/537.36 (KHTML, like Gecko) Chrome/146.0.7680.177 Mobile Safari/537.36 (compatible; Googlebot/2.1; +http://www.google.com/bot.html)"
52.187.249.150 - - [05/Apr/2026:20:50:46 +0200] "GET /php8.php HTTP/1.1" 404 13204 "-" "Mozilla/5.0 (Windows NT 10.0; Win64; x64) AppleWebKit/537.36 (KHTML, like Gecko) Chrome/120.0.0.0 Safari/537.36"
52.187.249.150 - - [05/Apr/2026:20:50:46 +0200] "GET /php.php HTTP/1.1" 404 13202 "-" "Mozilla/5.0 (Windows NT 10.0; Win64; x64) AppleWebKit/537.36 (KHTML, like Gecko) Chrome/120.0.0.0 Safari/537.36"
52.187.249.150 - - [05/Apr/2026:20:50:47 +0200] "GET /222.php HTTP/1.1" 404 13205 "-" "Mozilla/5.0 (Windows NT 10.0; Win64; x64) AppleWebKit/537.36 (KHTML, like Gecko) Chrome/120.0.0.0 Safari/537.36"
52.187.249.150 - - [05/Apr/2026:20:50:48 +0200] "GET /8.php HTTP/1.1" 404 13204 "-" "Mozilla/5.0 (Windows NT 10.0; Win64; x64) AppleWebKit/537.36 (KHTML, like Gecko) Chrome/120.0.0.0 Safari/537.36"
52.187.249.150 - - [05/Apr/2026:20:50:48 +0200] "GET /adminfuns.php HTTP/1.1" 404 13204 "-" "Mozilla/5.0 (Windows NT 10.0; Win64; x64) AppleWebKit/537.36 (KHTML, like Gecko) Chrome/120.0.0.0 Safari/537.36"
52.187.249.150 - - [05/Apr/2026:20:50:49 +0200] "GET /admin.php HTTP/1.1" 404 13204 "-" "Mozilla/5.0 (Windows NT 10.0; Win64; x64) AppleWebKit/537.36 (KHTML, like Gecko) Chrome/120.0.0.0 Safari/537.36"
52.187.249.150 - - [05/Apr/2026:20:50:49 +0200] "GET /7.php HTTP/1.1" 404 13203 "-" "Mozilla/5.0 (Windows NT 10.0; Win64; x64) AppleWebKit/537.36 (KHTML, like Gecko) Chrome/120.0.0.0 Safari/537.36"
52.187.249.150 - - [05/Apr/2026:20:50:50 +0200] "GET /wp-content/themes/ HTTP/1.1" 200 306 "-" "Mozilla/5.0 (Windows NT 10.0; Win64; x64) AppleWebKit/537.36 (KHTML, like Gecko) Chrome/120.0.0.0 Safari/537.36"
52.187.249.150 - - [05/Apr/2026:20:50:50 +0200] "GET /wp-admin/user HTTP/1.1" 301 286 "-" "Mozilla/5.0 (Windows NT 10.0; Win64; x64) AppleWebKit/537.36 (KHTML, like Gecko) Chrome/120.0.0.0 Safari/537.36"
52.187.249.150 - - [05/Apr/2026:20:50:51 +0200] "GET /classwithtostring.php HTTP/1.1" 404 13204 "-" "Mozilla/5.0 (Windows NT 10.0; Win64; x64) AppleWebKit/537.36 (KHTML, like Gecko) Chrome/120.0.0.0 Safari/537.36"
52.187.249.150 - - [05/Apr/2026:20:50:51 +0200] "GET /1.php HTTP/1.1" 404 13205 "-" "Mozilla/5.0 (Windows NT 10.0; Win64; x64) AppleWebKit/537.36 (KHTML, like Gecko) Chrome/120.0.0.0 Safari/537.36"
52.187.249.150 - - [05/Apr/2026:20:50:52 +0200] "GET /a5.php HTTP/1.1" 404 13220 "-" "Mozilla/5.0 (Windows NT 10.0; Win64; x64) AppleWebKit/537.36 (KHTML, like Gecko) Chrome/120.0.0.0 Safari/537.36"
52.187.249.150 - - [05/Apr/2026:20:50:52 +0200] "GET /wp-includes/rest-api/fields/ HTTP/1.1" 200 383 "-" "Mozilla/5.0 (Windows NT 10.0; Win64; x64) AppleWebKit/537.36 (KHTML, like Gecko) Chrome/120.0.0.0 Safari/537.36"
52.187.249.150 - - [05/Apr/2026:20:50:53 +0200] "GET /about.php HTTP/1.1" 404 13204 "-" "Mozilla/5.0 (Windows NT 10.0; Win64; x64) AppleWebKit/537.36 (KHTML, like Gecko) Chrome/120.0.0.0 Safari/537.36"
52.187.249.150 - - [05/Apr/2026:20:50:53 +0200] "GET /wp-content/plugins/ HTTP/1.1" 200 694 "-" "Mozilla/5.0 (Windows NT 10.0; Win64; x64) AppleWebKit/537.36 (KHTML, like Gecko) Chrome/120.0.0.0 Safari/537.36"
52.187.249.150 - - [05/Apr/2026:20:50:54 +0200] "GET /aa.php HTTP/1.1" 404 13203 "-" "Mozilla/5.0 (Windows NT 10.0; Win64; x64) AppleWebKit/537.36 (KHTML, like Gecko) Chrome/120.0.0.0 Safari/537.36"
52.187.249.150 - - [05/Apr/2026:20:50:55 +0200] "GET /bless.php HTTP/1.1" 404 13204 "-" "Mozilla/5.0 (Windows NT 10.0; Win64; x64) AppleWebKit/537.36 (KHTML, like Gecko) Chrome/120.0.0.0 Safari/537.36"
52.187.249.150 - - [05/Apr/2026:20:50:55 +0200] "GET /jp.php HTTP/1.1" 404 13204 "-" "Mozilla/5.0 (Windows NT 10.0; Win64; x64) AppleWebKit/537.36 (KHTML, like Gecko) Chrome/120.0.0.0 Safari/537.36"
52.187.249.150 - - [05/Apr/2026:20:50:56 +0200] "GET /wp-content/uploads/ HTTP/1.1" 200 381 "-" "Mozilla/5.0 (Windows NT 10.0; Win64; x64) AppleWebKit/537.36 (KHTML, like Gecko) Chrome/120.0.0.0 Safari/537.36"
52.187.249.150 - - [05/Apr/2026:20:50:56 +0200] "GET /wp-includes/Text/ HTTP/1.1" 200 333 "-" "Mozilla/5.0 (Windows NT 10.0; Win64; x64) AppleWebKit/537.36 (KHTML, like Gecko) Chrome/120.0.0.0 Safari/537.36"
52.187.249.150 - - [05/Apr/2026:20:50:56 +0200] "GET /wp-includes/Text/Diff/Engine/ HTTP/1.1" 200 390 "-" "Mozilla/5.0 (Windows NT 10.0; Win64; x64) AppleWebKit/537.36 (KHTML, like Gecko) Chrome/120.0.0.0 Safari/537.36"
104.210.140.128 - - [05/Apr/2026:20:50:57 +0200] "GET /robots.txt HTTP/1.1" 304 0 "-" "Mozilla/5.0 (Macintosh; Intel Mac OS X 10_15_7) AppleWebKit/537.36 (KHTML, like Gecko) Chrome/131.0.0.0 Safari/537.36; compatible; OAI-SearchBot/1.0; +https://openai.com/searchbot"
52.187.249.150 - - [05/Apr/2026:20:50:57 +0200] "GET /.tmb/ HTTP/1.1" 404 13203 "-" "Mozilla/5.0 (Windows NT 10.0; Win64; x64) AppleWebKit/537.36 (KHTML, like Gecko) Chrome/120.0.0.0 Safari/537.36"
52.187.249.150 - - [05/Apr/2026:20:50:57 +0200] "GET /.well-known/acme-challenge/ HTTP/1.1" 200 275 "-" "Mozilla/5.0 (Windows NT 10.0; Win64; x64) AppleWebKit/537.36 (KHTML, like Gecko) Chrome/120.0.0.0 Safari/537.36"
52.187.249.150 - - [05/Apr/2026:20:50:58 +0200] "GET /wp-includes/css/ HTTP/1.1" 200 797 "-" "Mozilla/5.0 (Windows NT 10.0; Win64; x64) AppleWebKit/537.36 (KHTML, like Gecko) Chrome/120.0.0.0 Safari/537.36"
52.187.249.150 - - [05/Apr/2026:20:50:58 +0200] "GET /aaa.php HTTP/1.1" 404 13202 "-" "Mozilla/5.0 (Windows NT 10.0; Win64; x64) AppleWebKit/537.36 (KHTML, like Gecko) Chrome/120.0.0.0 Safari/537.36"
52.187.249.150 - - [05/Apr/2026:20:50:59 +0200] "GET /css/index.php HTTP/1.1" 301 0 "-" "Mozilla/5.0 (Windows NT 10.0; Win64; x64) AppleWebKit/537.36 (KHTML, like Gecko) Chrome/120.0.0.0 Safari/537.36"
52.187.249.150 - - [05/Apr/2026:20:50:59 +0200] "GET /edit.php HTTP/1.1" 404 13203 "-" "Mozilla/5.0 (Windows NT 10.0; Win64; x64) AppleWebKit/537.36 (KHTML, like Gecko) Chrome/120.0.0.0 Safari/537.36"
52.187.249.150 - - [05/Apr/2026:20:51:00 +0200] "GET /wp-admin/network/ HTTP/1.1" 302 0 "-" "Mozilla/5.0 (Windows NT 10.0; Win64; x64) AppleWebKit/537.36 (KHTML, like Gecko) Chrome/120.0.0.0 Safari/537.36"
52.187.249.150 - - [05/Apr/2026:20:51:01 +0200] "GET /inc.php HTTP/1.1" 404 13205 "-" "Mozilla/5.0 (Windows NT 10.0; Win64; x64) AppleWebKit/537.36 (KHTML, like Gecko) Chrome/120.0.0.0 Safari/537.36"
52.187.249.150 - - [05/Apr/2026:20:51:01 +0200] "GET /wp-admin/css/colors/ HTTP/1.1" 502 552 "-" "Mozilla/5.0 (Windows NT 10.0; Win64; x64) AppleWebKit/537.36 (KHTML, like Gecko) Chrome/120.0.0.0 Safari/537.36"
52.187.249.150 - - [05/Apr/2026:20:51:01 +0200] "GET /wp-content/mu-plugins-old/ HTTP/1.1" 502 552 "-" "Mozilla/5.0 (Windows NT 10.0; Win64; x64) AppleWebKit/537.36 (KHTML, like Gecko) Chrome/120.0.0.0 Safari/537.36"
52.187.249.150 - - [05/Apr/2026:20:51:02 +0200] "GET /wp-includes/ HTTP/1.1" 502 552 "-" "Mozilla/5.0 (Windows NT 10.0; Win64; x64) AppleWebKit/537.36 (KHTML, like Gecko) Chrome/120.0.0.0 Safari/537.36"
52.187.249.150 - - [05/Apr/2026:20:51:02 +0200] "GET /wp-includes/certificates/ HTTP/1.1" 200 314 "-" "Mozilla/5.0 (Windows NT 10.0; Win64; x64) AppleWebKit/537.36 (KHTML, like Gecko) Chrome/120.0.0.0 Safari/537.36"
52.187.249.150 - - [05/Apr/2026:20:51:03 +0200] "GET /admin/uploads/ HTTP/1.1" 404 13203 "-" "Mozilla/5.0 (Windows NT 10.0; Win64; x64) AppleWebKit/537.36 (KHTML, like Gecko) Chrome/120.0.0.0 Safari/537.36"
52.187.249.150 - - [05/Apr/2026:20:51:04 +0200] "GET /ahax.php HTTP/1.1" 404 13204 "-" "Mozilla/5.0 (Windows NT 10.0; Win64; x64) AppleWebKit/537.36 (KHTML, like Gecko) Chrome/120.0.0.0 Safari/537.36"
52.187.249.150 - - [05/Apr/2026:20:51:04 +0200] "GET /cgi-bin/ HTTP/1.1" 404 13204 "-" "Mozilla/5.0 (Windows NT 10.0; Win64; x64) AppleWebKit/537.36 (KHTML, like Gecko) Chrome/120.0.0.0 Safari/537.36"
52.187.249.150 - - [05/Apr/2026:20:51:05 +0200] "GET /chosen.php HTTP/1.1" 404 13204 "-" "Mozilla/5.0 (Windows NT 10.0; Win64; x64) AppleWebKit/537.36 (KHTML, like Gecko) Chrome/120.0.0.0 Safari/537.36"
52.187.249.150 - - [05/Apr/2026:20:51:05 +0200] "GET /wp-admin/ HTTP/1.1" 302 0 "-" "Mozilla/5.0 (Windows NT 10.0; Win64; x64) AppleWebKit/537.36 (KHTML, like Gecko) Chrome/120.0.0.0 Safari/537.36"
52.187.249.150 - - [05/Apr/2026:20:51:06 +0200] "GET /wp-admin/css/ HTTP/1.1" 200 1586 "-" "Mozilla/5.0 (Windows NT 10.0; Win64; x64) AppleWebKit/537.36 (KHTML, like Gecko) Chrome/120.0.0.0 Safari/537.36"
52.187.249.150 - - [05/Apr/2026:20:51:06 +0200] "GET /wp-includes/ID3/ HTTP/1.1" 200 605 "-" "Mozilla/5.0 (Windows NT 10.0; Win64; x64) AppleWebKit/537.36 (KHTML, like Gecko) Chrome/120.0.0.0 Safari/537.36"
52.187.249.150 - - [05/Apr/2026:20:51:06 +0200] "GET /wp-includes/Text/Diff/Renderer/ HTTP/1.1" 200 320 "-" "Mozilla/5.0 (Windows NT 10.0; Win64; x64) AppleWebKit/537.36 (KHTML, like Gecko) Chrome/120.0.0.0 Safari/537.36"
52.187.249.150 - - [05/Apr/2026:20:51:06 +0200] "GET /wp-includes/images/ HTTP/1.1" 200 799 "-" "Mozilla/5.0 (Windows NT 10.0; Win64; x64) AppleWebKit/537.36 (KHTML, like Gecko) Chrome/120.0.0.0 Safari/537.36"
52.187.249.150 - - [05/Apr/2026:20:51:07 +0200] "GET /wp-includes/images/crystal/ HTTP/1.1" 200 658 "-" "Mozilla/5.0 (Windows NT 10.0; Win64; x64) AppleWebKit/537.36 (KHTML, like Gecko) Chrome/120.0.0.0 Safari/537.36"
66.249.66.71 - - [05/Apr/2026:20:51:15 +0200] "GET /prizes/70714602 HTTP/1.1" 404 13203 "-" "Mozilla/5.0 (Linux; Android 6.0.1; Nexus 5X Build/MMB29P) AppleWebKit/537.36 (KHTML, like Gecko) Chrome/146.0.7680.177 Mobile Safari/537.36 (compatible; GoogleOther)"
66.249.66.39 - - [05/Apr/2026:20:51:17 +0200] "GET /?f=dhher291m48612iybxje HTTP/1.1" 200 27554 "-" "Mozilla/5.0 (Linux; Android 6.0.1; Nexus 5X Build/MMB29P) AppleWebKit/537.36 (KHTML, like Gecko) Chrome/146.0.7680.177 Mobile Safari/537.36 (compatible; Googlebot/2.1; +http://www.google.com/bot.html)"
66.249.66.38 - - [05/Apr/2026:20:51:18 +0200] "GET /index.php?prizes/298466915 HTTP/1.1" 301 0 "-" "Mozilla/5.0 (Linux; Android 6.0.1; Nexus 5X Build/MMB29P) AppleWebKit/537.36 (KHTML, like Gecko) Chrome/146.0.7680.177 Mobile Safari/537.36 (compatible; Googlebot/2.1; +http://www.google.com/bot.html)"
66.249.66.192 - - [05/Apr/2026:20:51:20 +0200] "GET /?prizes/298466915 HTTP/1.1" 200 27298 "-" "Mozilla/5.0 (Linux; Android 6.0.1; Nexus 5X Build/MMB29P) AppleWebKit/537.36 (KHTML, like Gecko) Chrome/146.0.7680.177 Mobile Safari/537.36 (compatible; Googlebot/2.1; +http://www.google.com/bot.html)"
161.97.137.93 - - [05/Apr/2026:20:51:34 +0200] "POST /wp-cron.php?doing_wp_cron=1775415093.8368918895721435546875 HTTP/1.1" 404 13201 "https://ribari.net/wp-cron.php?doing_wp_cron=1775415093.8368918895721435546875" "WordPress/4.9.13; https://ribari.net"
66.249.66.6 - - [05/Apr/2026:20:51:34 +0200] "GET /prizes/101019400 HTTP/1.1" 404 13203 "-" "Mozilla/5.0 (Linux; Android 6.0.1; Nexus 5X Build/MMB29P) AppleWebKit/537.36 (KHTML, like Gecko) Chrome/146.0.7680.177 Mobile Safari/537.36 (compatible; Googlebot/2.1; +http://www.google.com/bot.html)"
154.54.249.203 - - [05/Apr/2026:20:52:07 +0200] "GET /%D1%83%D0%BA%D0%BB%D0%B5%D0%B9-30%D1%81%D0%BC/ HTTP/1.1" 200 19605 "-" "Mozilla/5.0 (compatible; Barkrowler/0.9; +https://babbar.tech/crawler)"
66.249.66.70 - - [05/Apr/2026:20:52:08 +0200] "GET /?y=kgc184o1975lhvvmkwvvu HTTP/1.1" 200 27418 "-" "Mozilla/5.0 (Linux; Android 6.0.1; Nexus 5X Build/MMB29P) AppleWebKit/537.36 (KHTML, like Gecko) Chrome/146.0.7680.177 Mobile Safari/537.36 (compatible; Googlebot/2.1; +http://www.google.com/bot.html)"
207.46.13.6 - - [05/Apr/2026:20:52:13 +0200] "GET /%D0%B8%D0%B0%D1%80%D0%B0-%D1%81-%D0%B0%D0%BA%D1%86%D0%B8%D1%8F-%D1%81%D1%80%D0%B5%D1%89%D1%83-%D0%BD%D0%B5%D0%B7%D0%B0%D0%BA%D0%BE%D0%BD%D0%BD%D0%B8%D1%8F-%D1%80%D0%B8%D0%B1%D0%BE%D0%BB%D0%BE%D0%B2/feed/ HTTP/1.1" 200 588 "-" "Mozilla/5.0 AppleWebKit/537.36 (KHTML, like Gecko; compatible; bingbot/2.0; +http://www.bing.com/bingbot.htm) Chrome/116.0.1938.76 Safari/537.36"
216.73.216.119 - - [05/Apr/2026:20:52:26 +0200] "GET / HTTP/1.1" 200 27980 "-" "Mozilla/5.0 AppleWebKit/537.36 (KHTML, like Gecko; compatible; ClaudeBot/1.0; +claudebot@anthropic.com)"
66.249.66.7 - - [05/Apr/2026:20:52:27 +0200] "GET /prizes/75878672 HTTP/1.1" 404 13203 "-" "Mozilla/5.0 (Linux; Android 6.0.1; Nexus 5X Build/MMB29P) AppleWebKit/537.36 (KHTML, like Gecko) Chrome/146.0.7680.177 Mobile Safari/537.36 (compatible; Googlebot/2.1; +http://www.google.com/bot.html)"
161.97.137.93 - - [05/Apr/2026:20:52:42 +0200] "POST /wp-cron.php?doing_wp_cron=1775415162.2049629688262939453125 HTTP/1.1" 404 13203 "https://ribari.net/wp-cron.php?doing_wp_cron=1775415162.2049629688262939453125" "WordPress/4.9.13; https://ribari.net"
66.249.66.204 - - [05/Apr/2026:20:52:42 +0200] "GET /prizes/89009450 HTTP/1.1" 404 13203 "-" "Mozilla/5.0 (Linux; Android 6.0.1; Nexus 5X Build/MMB29P) AppleWebKit/537.36 (KHTML, like Gecko) Chrome/146.0.7680.177 Mobile Safari/537.36 (compatible; Googlebot/2.1; +http://www.google.com/bot.html)"
66.249.66.8 - - [05/Apr/2026:20:53:13 +0200] "GET /prizes/245627349 HTTP/1.1" 404 13203 "-" "Mozilla/5.0 (Linux; Android 6.0.1; Nexus 5X Build/MMB29P) AppleWebKit/537.36 (KHTML, like Gecko) Chrome/146.0.7680.177 Mobile Safari/537.36 (compatible; GoogleOther)"
66.249.66.37 - - [05/Apr/2026:20:53:16 +0200] "GET /prizes/149903127 HTTP/1.1" 404 13203 "-" "Mozilla/5.0 (Linux; Android 6.0.1; Nexus 5X Build/MMB29P) AppleWebKit/537.36 (KHTML, like Gecko) Chrome/146.0.7680.177 Mobile Safari/537.36 (compatible; Googlebot/2.1; +http://www.google.com/bot.html)"
161.97.137.93 - - [05/Apr/2026:20:53:51 +0200] "POST /wp-cron.php?doing_wp_cron=1775415230.9446001052856445312500 HTTP/1.1" 404 13199 "https://ribari.net/wp-cron.php?doing_wp_cron=1775415230.9446001052856445312500" "WordPress/4.9.13; https://ribari.net"
66.249.66.166 - - [05/Apr/2026:20:53:51 +0200] "GET /prizes/98447864 HTTP/1.1" 404 13199 "-" "Mozilla/5.0 (Linux; Android 6.0.1; Nexus 5X Build/MMB29P) AppleWebKit/537.36 (KHTML, like Gecko) Chrome/146.0.7680.177 Mobile Safari/537.36 (compatible; Googlebot/2.1; +http://www.google.com/bot.html)"
47.128.51.252 - - [05/Apr/2026:20:53:54 +0200] "GET /wp-content/plugins/subscribe2/ChangeLog.txt HTTP/1.1" 200 18269 "-" "Mozilla/5.0 (Linux; Android 5.0) AppleWebKit/537.36 (KHTML, like Gecko) Mobile Safari/537.36 (compatible; Bytespider; spider-feedback@bytedance.com)"
66.249.66.6 - - [05/Apr/2026:20:54:02 +0200] "GET /index.php?prizes/290379400 HTTP/1.1" 502 552 "-" "Mozilla/5.0 (Linux; Android 6.0.1; Nexus 5X Build/MMB29P) AppleWebKit/537.36 (KHTML, like Gecko) Chrome/146.0.7680.177 Mobile Safari/537.36 (compatible; Googlebot/2.1; +http://www.google.com/bot.html)"
66.249.66.7 - - [05/Apr/2026:20:54:25 +0200] "GET /?e=dcf265esd8132hzzpel HTTP/1.1" 200 26874 "-" "Mozilla/5.0 (Linux; Android 6.0.1; Nexus 5X Build/MMB29P) AppleWebKit/537.36 (KHTML, like Gecko) Chrome/146.0.7680.177 Mobile Safari/537.36 (compatible; Googlebot/2.1; +http://www.google.com/bot.html)"
161.97.137.93 - - [05/Apr/2026:20:54:57 +0200] "POST /wp-cron.php?doing_wp_cron=1775415297.0722060203552246093750 HTTP/1.1" 404 13203 "https://ribari.net/wp-cron.php?doing_wp_cron=1775415297.0722060203552246093750" "WordPress/4.9.13; https://ribari.net"
85.208.96.201 - - [05/Apr/2026:20:54:57 +0200] "GET /tag/%D0%BD%D0%B0-%D0%BA%D0%B0%D0%BA%D0%B2%D0%BE-%D0%BA%D1%8A%D0%BB%D0%B2%D0%B5-%D0%B1%D1%8F%D0%BB%D0%B0%D1%82%D0%B0-%D1%80%D0%B8%D0%B1%D0%B0/ HTTP/1.1" 200 13515 "-" "Mozilla/5.0 (compatible; SemrushBot/7~bl; +http://www.semrush.com/bot.html)"
66.249.66.37 - - [05/Apr/2026:20:55:00 +0200] "GET /?y=kqgu124m10789dgwrwjqoum HTTP/1.1" 200 27639 "-" "Mozilla/5.0 (Linux; Android 6.0.1; Nexus 5X Build/MMB29P) AppleWebKit/537.36 (KHTML, like Gecko) Chrome/146.0.7680.177 Mobile Safari/537.36 (compatible; Googlebot/2.1; +http://www.google.com/bot.html)"
66.249.66.6 - - [05/Apr/2026:20:55:02 +0200] "GET /commoditys/041003935 HTTP/1.1" 502 552 "-" "Mozilla/5.0 (Linux; Android 6.0.1; Nexus 5X Build/MMB29P) AppleWebKit/537.36 (KHTML, like Gecko) Chrome/146.0.7680.177 Mobile Safari/537.36 (compatible; Googlebot/2.1; +http://www.google.com/bot.html)"
