shell bypass 403
UnknownSec Shell
:
/
home
/
blife
/
access-logs
/ [
drwxr-x---
]
upload
mass deface
mass delete
console
info server
name :
ribari.net.blife.eu-ssl_log
66.249.66.41 - - [05/Apr/2026:14:06:11 +0200] "GET /%D0%B8%D0%B0%D1%80%D0%B0-%D1%85%D0%B2%D0%B0%D0%BD%D0%B0-%D0%BD%D0%B0%D1%80%D1%83%D1%88%D0%B8%D1%82%D0%B5%D0%BB-%D0%B8-%D0%BD%D0%B0-%D1%8F%D0%B7%D0%BE%D0%B2%D0%B8%D1%80-%D1%86%D0%B0%D1%80%D0%B5%D0%B2/feed/ HTTP/1.1" 200 17535 "-" "Mozilla/5.0 (Linux; Android 6.0.1; Nexus 5X Build/MMB29P) AppleWebKit/537.36 (KHTML, like Gecko) Chrome/146.0.7680.177 Mobile Safari/537.36 (compatible; Googlebot/2.1; +http://www.google.com/bot.html)"
66.249.66.66 - - [05/Apr/2026:14:06:12 +0200] "GET /index.php?prizes/156409228 HTTP/1.1" 200 17603 "-" "Mozilla/5.0 (Linux; Android 6.0.1; Nexus 5X Build/MMB29P) AppleWebKit/537.36 (KHTML, like Gecko) Chrome/146.0.7680.177 Mobile Safari/537.36 (compatible; Googlebot/2.1; +http://www.google.com/bot.html)"
66.249.66.41 - - [05/Apr/2026:14:06:18 +0200] "GET /index.php?prizes/281829511 HTTP/1.1" 200 18441 "-" "Mozilla/5.0 (Linux; Android 6.0.1; Nexus 5X Build/MMB29P) AppleWebKit/537.36 (KHTML, like Gecko) Chrome/146.0.7680.177 Mobile Safari/537.36 (compatible; Googlebot/2.1; +http://www.google.com/bot.html)"
66.249.66.65 - - [05/Apr/2026:14:06:22 +0200] "GET /index.php?prizes/49086026 HTTP/1.1" 200 17537 "-" "Mozilla/5.0 (Linux; Android 6.0.1; Nexus 5X Build/MMB29P) AppleWebKit/537.36 (KHTML, like Gecko) Chrome/146.0.7680.177 Mobile Safari/537.36 (compatible; Googlebot/2.1; +http://www.google.com/bot.html)"
116.179.32.100 - - [05/Apr/2026:14:06:24 +0200] "GET /wp-content/uploads/2020/031/fdr-533x261.jpg HTTP/1.1" 200 27424 "-" "Baiduspider-image+(+http://www.baidu.com/search/spider.htm)"
66.249.66.194 - - [05/Apr/2026:14:06:28 +0200] "GET /index.php?prizes/35206551 HTTP/1.1" 200 17854 "-" "Mozilla/5.0 (Linux; Android 6.0.1; Nexus 5X Build/MMB29P) AppleWebKit/537.36 (KHTML, like Gecko) Chrome/146.0.7680.177 Mobile Safari/537.36 (compatible; Googlebot/2.1; +http://www.google.com/bot.html)"
66.249.66.41 - - [05/Apr/2026:14:06:33 +0200] "GET /index.php?prizes/52268319 HTTP/1.1" 200 18020 "-" "Mozilla/5.0 (Linux; Android 6.0.1; Nexus 5X Build/MMB29P) AppleWebKit/537.36 (KHTML, like Gecko) Chrome/146.0.7680.177 Mobile Safari/537.36 (compatible; Googlebot/2.1; +http://www.google.com/bot.html)"
66.249.66.194 - - [05/Apr/2026:14:06:39 +0200] "GET /index.php?prizes/18570278 HTTP/1.1" 200 18393 "-" "Mozilla/5.0 (Linux; Android 6.0.1; Nexus 5X Build/MMB29P) AppleWebKit/537.36 (KHTML, like Gecko) Chrome/146.0.7680.177 Mobile Safari/537.36 (compatible; Googlebot/2.1; +http://www.google.com/bot.html)"
66.249.66.194 - - [05/Apr/2026:14:06:45 +0200] "GET /index.php?prizes/18850632 HTTP/1.1" 200 17433 "-" "Mozilla/5.0 (Linux; Android 6.0.1; Nexus 5X Build/MMB29P) AppleWebKit/537.36 (KHTML, like Gecko) Chrome/146.0.7680.177 Mobile Safari/537.36 (compatible; Googlebot/2.1; +http://www.google.com/bot.html)"
66.249.66.2 - - [05/Apr/2026:14:06:51 +0200] "GET /index.php?prizes/44513127 HTTP/1.1" 200 18113 "-" "Mozilla/5.0 (Linux; Android 6.0.1; Nexus 5X Build/MMB29P) AppleWebKit/537.36 (KHTML, like Gecko) Chrome/146.0.7680.177 Mobile Safari/537.36 (compatible; Googlebot/2.1; +http://www.google.com/bot.html)"
66.249.66.194 - - [05/Apr/2026:14:06:57 +0200] "GET /index.php?prizes/273300985 HTTP/1.1" 200 18560 "-" "Mozilla/5.0 (Linux; Android 6.0.1; Nexus 5X Build/MMB29P) AppleWebKit/537.36 (KHTML, like Gecko) Chrome/146.0.7680.177 Mobile Safari/537.36 (compatible; Googlebot/2.1; +http://www.google.com/bot.html)"
2a03:2880:f806:42:: - - [05/Apr/2026:14:06:57 +0200] "GET /prizes/87900985 HTTP/1.1" 404 13203 "-" "meta-externalagent/1.1 (+https://developers.facebook.com/docs/sharing/webmasters/crawler)"
66.249.66.195 - - [05/Apr/2026:14:07:02 +0200] "GET /index.php?prizes/273015703 HTTP/1.1" 502 552 "-" "Mozilla/5.0 (Linux; Android 6.0.1; Nexus 5X Build/MMB29P) AppleWebKit/537.36 (KHTML, like Gecko) Chrome/146.0.7680.177 Mobile Safari/537.36 (compatible; Googlebot/2.1; +http://www.google.com/bot.html)"
66.249.66.195 - - [05/Apr/2026:14:07:07 +0200] "GET /index.php?prizes/41479339 HTTP/1.1" 200 17880 "-" "Mozilla/5.0 (Linux; Android 6.0.1; Nexus 5X Build/MMB29P) AppleWebKit/537.36 (KHTML, like Gecko) Chrome/146.0.7680.177 Mobile Safari/537.36 (compatible; Googlebot/2.1; +http://www.google.com/bot.html)"
66.249.66.161 - - [05/Apr/2026:14:07:19 +0200] "GET /index.php?prizes/25920925 HTTP/1.1" 200 17872 "-" "Mozilla/5.0 (Linux; Android 6.0.1; Nexus 5X Build/MMB29P) AppleWebKit/537.36 (KHTML, like Gecko) Chrome/146.0.7680.177 Mobile Safari/537.36 (compatible; Googlebot/2.1; +http://www.google.com/bot.html)"
66.249.66.65 - - [05/Apr/2026:14:07:25 +0200] "GET /index.php?prizes/225655440 HTTP/1.1" 200 17198 "-" "Mozilla/5.0 (Linux; Android 6.0.1; Nexus 5X Build/MMB29P) AppleWebKit/537.36 (KHTML, like Gecko) Chrome/146.0.7680.177 Mobile Safari/537.36 (compatible; Googlebot/2.1; +http://www.google.com/bot.html)"
66.249.66.194 - - [05/Apr/2026:14:07:30 +0200] "GET /index.php?prizes/26022622 HTTP/1.1" 200 17512 "-" "Mozilla/5.0 (Linux; Android 6.0.1; Nexus 5X Build/MMB29P) AppleWebKit/537.36 (KHTML, like Gecko) Chrome/146.0.7680.177 Mobile Safari/537.36 (compatible; Googlebot/2.1; +http://www.google.com/bot.html)"
66.249.66.2 - - [05/Apr/2026:14:07:36 +0200] "GET /index.php?prizes/48187470 HTTP/1.1" 200 17932 "-" "Mozilla/5.0 (Linux; Android 6.0.1; Nexus 5X Build/MMB29P) AppleWebKit/537.36 (KHTML, like Gecko) Chrome/146.0.7680.177 Mobile Safari/537.36 (compatible; Googlebot/2.1; +http://www.google.com/bot.html)"
66.249.66.2 - - [05/Apr/2026:14:07:41 +0200] "GET /%D1%85%D0%B2%D0%B0%D0%BD%D0%B0%D1%85%D0%B0-%D1%81%D1%82%D1%80%D0%B0%D0%BD%D0%BD%D0%BE-%D0%BC%D0%BE%D1%80%D1%81%D0%BA%D0%BE-%D1%87%D1%83%D0%B4%D0%BE%D0%B2%D0%B8%D1%89%D0%B5-%D1%81-%D0%BF%D0%B8%D0%BF/feed/ HTTP/1.1" 200 18023 "-" "Mozilla/5.0 (Linux; Android 6.0.1; Nexus 5X Build/MMB29P) AppleWebKit/537.36 (KHTML, like Gecko) Chrome/146.0.7680.177 Mobile Safari/537.36 (compatible; Googlebot/2.1; +http://www.google.com/bot.html)"
66.249.66.2 - - [05/Apr/2026:14:07:42 +0200] "GET /index.php?prizes/278843420 HTTP/1.1" 200 16981 "-" "Mozilla/5.0 (Linux; Android 6.0.1; Nexus 5X Build/MMB29P) AppleWebKit/537.36 (KHTML, like Gecko) Chrome/146.0.7680.177 Mobile Safari/537.36 (compatible; Googlebot/2.1; +http://www.google.com/bot.html)"
66.249.66.65 - - [05/Apr/2026:14:07:47 +0200] "GET /index.php?prizes/225585137 HTTP/1.1" 200 17210 "-" "Mozilla/5.0 (Linux; Android 6.0.1; Nexus 5X Build/MMB29P) AppleWebKit/537.36 (KHTML, like Gecko) Chrome/146.0.7680.177 Mobile Safari/537.36 (compatible; Googlebot/2.1; +http://www.google.com/bot.html)"
116.179.32.45 - - [05/Apr/2026:14:07:47 +0200] "GET /wp-content/uploads/2020/031/screenshot396031-750x375-218x150.jpg HTTP/1.1" 200 6162 "-" "Baiduspider-image+(+http://www.baidu.com/search/spider.htm)"
66.249.66.2 - - [05/Apr/2026:14:07:55 +0200] "GET /index.php?prizes/27243137 HTTP/1.1" 200 18219 "-" "Mozilla/5.0 (Linux; Android 6.0.1; Nexus 5X Build/MMB29P) AppleWebKit/537.36 (KHTML, like Gecko) Chrome/146.0.7680.177 Mobile Safari/537.36 (compatible; Googlebot/2.1; +http://www.google.com/bot.html)"
66.249.66.163 - - [05/Apr/2026:14:08:07 +0200] "GET /index.php?prizes/225534167 HTTP/1.1" 200 17190 "-" "Mozilla/5.0 (Linux; Android 6.0.1; Nexus 5X Build/MMB29P) AppleWebKit/537.36 (KHTML, like Gecko) Chrome/146.0.7680.177 Mobile Safari/537.36 (compatible; Googlebot/2.1; +http://www.google.com/bot.html)"
66.249.66.2 - - [05/Apr/2026:14:08:10 +0200] "GET /index.php?prizes/27790339 HTTP/1.1" 200 17152 "-" "Mozilla/5.0 (Linux; Android 6.0.1; Nexus 5X Build/MMB29P) AppleWebKit/537.36 (KHTML, like Gecko) Chrome/146.0.7680.177 Mobile Safari/537.36 (compatible; Googlebot/2.1; +http://www.google.com/bot.html)"
66.249.66.194 - - [05/Apr/2026:14:08:16 +0200] "GET /index.php?prizes/266850682 HTTP/1.1" 200 17428 "-" "Mozilla/5.0 (Linux; Android 6.0.1; Nexus 5X Build/MMB29P) AppleWebKit/537.36 (KHTML, like Gecko) Chrome/146.0.7680.177 Mobile Safari/537.36 (compatible; Googlebot/2.1; +http://www.google.com/bot.html)"
66.249.66.41 - - [05/Apr/2026:14:08:21 +0200] "GET /index.php?prizes/265682723 HTTP/1.1" 200 17090 "-" "Mozilla/5.0 (Linux; Android 6.0.1; Nexus 5X Build/MMB29P) AppleWebKit/537.36 (KHTML, like Gecko) Chrome/146.0.7680.177 Mobile Safari/537.36 (compatible; Googlebot/2.1; +http://www.google.com/bot.html)"
161.97.137.93 - - [05/Apr/2026:14:08:25 +0200] "POST /wp-cron.php?doing_wp_cron=1775390904.6533579826354980468750 HTTP/1.1" 404 13203 "https://ribari.net/wp-cron.php?doing_wp_cron=1775390904.6533579826354980468750" "WordPress/4.9.13; https://ribari.net"
88.198.64.173 - - [05/Apr/2026:14:08:25 +0200] "GET /wp-login.php HTTP/1.1" 302 0 "-" "Mozilla/5.0 (Macintosh; Intel Mac OS X 10.13; rv:60.0) Gecko/20100101 Firefox/60.0"
88.198.64.173 - - [05/Apr/2026:14:08:25 +0200] "GET /wp-login.php HTTP/1.1" 302 0 "https://ribari.net/wp-login.php" "Mozilla/5.0 (Macintosh; Intel Mac OS X 10.13; rv:60.0) Gecko/20100101 Firefox/60.0"
88.198.64.173 - - [05/Apr/2026:14:08:25 +0200] "GET /wp-login.php HTTP/1.1" 302 0 "https://ribari.net/wp-login.php" "Mozilla/5.0 (Macintosh; Intel Mac OS X 10.13; rv:60.0) Gecko/20100101 Firefox/60.0"
88.198.64.173 - - [05/Apr/2026:14:08:25 +0200] "GET /wp-login.php HTTP/1.1" 302 0 "https://ribari.net/wp-login.php" "Mozilla/5.0 (Macintosh; Intel Mac OS X 10.13; rv:60.0) Gecko/20100101 Firefox/60.0"
88.198.64.173 - - [05/Apr/2026:14:08:26 +0200] "GET /wp-login.php HTTP/1.1" 302 0 "https://ribari.net/wp-login.php" "Mozilla/5.0 (Macintosh; Intel Mac OS X 10.13; rv:60.0) Gecko/20100101 Firefox/60.0"
88.198.64.173 - - [05/Apr/2026:14:08:26 +0200] "GET /wp-login.php HTTP/1.1" 302 0 "https://ribari.net/wp-login.php" "Mozilla/5.0 (Macintosh; Intel Mac OS X 10.13; rv:60.0) Gecko/20100101 Firefox/60.0"
88.198.64.173 - - [05/Apr/2026:14:08:27 +0200] "GET /wp-login.php HTTP/1.1" 302 0 "https://ribari.net/wp-login.php" "Mozilla/5.0 (Macintosh; Intel Mac OS X 10.13; rv:60.0) Gecko/20100101 Firefox/60.0"
66.249.66.194 - - [05/Apr/2026:14:08:27 +0200] "GET /index.php?prizes/96988632 HTTP/1.1" 200 16814 "-" "Mozilla/5.0 (Linux; Android 6.0.1; Nexus 5X Build/MMB29P) AppleWebKit/537.36 (KHTML, like Gecko) Chrome/146.0.7680.177 Mobile Safari/537.36 (compatible; Googlebot/2.1; +http://www.google.com/bot.html)"
88.198.64.173 - - [05/Apr/2026:14:08:28 +0200] "GET /wp-login.php HTTP/1.1" 302 0 "https://ribari.net/wp-login.php" "Mozilla/5.0 (Macintosh; Intel Mac OS X 10.13; rv:60.0) Gecko/20100101 Firefox/60.0"
88.198.64.173 - - [05/Apr/2026:14:08:28 +0200] "GET /wp-login.php HTTP/1.1" 302 0 "https://ribari.net/wp-login.php" "Mozilla/5.0 (Macintosh; Intel Mac OS X 10.13; rv:60.0) Gecko/20100101 Firefox/60.0"
88.198.64.173 - - [05/Apr/2026:14:08:28 +0200] "GET /wp-login.php HTTP/1.1" 302 0 "https://ribari.net/wp-login.php" "Mozilla/5.0 (Macintosh; Intel Mac OS X 10.13; rv:60.0) Gecko/20100101 Firefox/60.0"
66.249.66.41 - - [05/Apr/2026:14:08:33 +0200] "GET /index.php?prizes/100494137 HTTP/1.1" 200 17617 "-" "Mozilla/5.0 (Linux; Android 6.0.1; Nexus 5X Build/MMB29P) AppleWebKit/537.36 (KHTML, like Gecko) Chrome/146.0.7680.177 Mobile Safari/537.36 (compatible; Googlebot/2.1; +http://www.google.com/bot.html)"
4.193.176.33 - - [05/Apr/2026:14:08:37 +0200] "GET /admin.php HTTP/1.1" 404 13203 "-" "Mozilla/5.0 (Windows NT 10.0; Win64; x64) AppleWebKit/537.36 (KHTML, like Gecko) Chrome/120.0.0.0 Safari/537.36"
4.193.176.33 - - [05/Apr/2026:14:08:38 +0200] "GET /about.php HTTP/1.1" 404 13203 "-" "Mozilla/5.0 (Windows NT 10.0; Win64; x64) AppleWebKit/537.36 (KHTML, like Gecko) Chrome/120.0.0.0 Safari/537.36"
66.249.66.161 - - [05/Apr/2026:14:08:39 +0200] "GET /index.php?prizes/236121086 HTTP/1.1" 200 17500 "-" "Mozilla/5.0 (Linux; Android 6.0.1; Nexus 5X Build/MMB29P) AppleWebKit/537.36 (KHTML, like Gecko) Chrome/146.0.7680.177 Mobile Safari/537.36 (compatible; Googlebot/2.1; +http://www.google.com/bot.html)"
4.193.176.33 - - [05/Apr/2026:14:08:39 +0200] "GET /wp-2019.php HTTP/1.1" 404 13203 "-" "Mozilla/5.0 (Windows NT 10.0; Win64; x64) AppleWebKit/537.36 (KHTML, like Gecko) Chrome/120.0.0.0 Safari/537.36"
4.193.176.33 - - [05/Apr/2026:14:08:39 +0200] "GET /atomlib.php HTTP/1.1" 404 13203 "-" "Mozilla/5.0 (Windows NT 10.0; Win64; x64) AppleWebKit/537.36 (KHTML, like Gecko) Chrome/120.0.0.0 Safari/537.36"
4.193.176.33 - - [05/Apr/2026:14:08:40 +0200] "GET /css.php HTTP/1.1" 404 13203 "-" "Mozilla/5.0 (Windows NT 10.0; Win64; x64) AppleWebKit/537.36 (KHTML, like Gecko) Chrome/120.0.0.0 Safari/537.36"
4.193.176.33 - - [05/Apr/2026:14:08:40 +0200] "GET /simple.php HTTP/1.1" 404 13200 "-" "Mozilla/5.0 (Windows NT 10.0; Win64; x64) AppleWebKit/537.36 (KHTML, like Gecko) Chrome/120.0.0.0 Safari/537.36"
4.193.176.33 - - [05/Apr/2026:14:08:41 +0200] "GET /log.php HTTP/1.1" 404 13199 "-" "Mozilla/5.0 (Windows NT 10.0; Win64; x64) AppleWebKit/537.36 (KHTML, like Gecko) Chrome/120.0.0.0 Safari/537.36"
4.193.176.33 - - [05/Apr/2026:14:08:41 +0200] "GET /mail.php HTTP/1.1" 404 13199 "-" "Mozilla/5.0 (Windows NT 10.0; Win64; x64) AppleWebKit/537.36 (KHTML, like Gecko) Chrome/120.0.0.0 Safari/537.36"
4.193.176.33 - - [05/Apr/2026:14:08:42 +0200] "GET /lufix.php HTTP/1.1" 404 13203 "-" "Mozilla/5.0 (Windows NT 10.0; Win64; x64) AppleWebKit/537.36 (KHTML, like Gecko) Chrome/120.0.0.0 Safari/537.36"
4.193.176.33 - - [05/Apr/2026:14:08:42 +0200] "GET /doc.php HTTP/1.1" 404 13203 "-" "Mozilla/5.0 (Windows NT 10.0; Win64; x64) AppleWebKit/537.36 (KHTML, like Gecko) Chrome/120.0.0.0 Safari/537.36"
4.193.176.33 - - [05/Apr/2026:14:08:43 +0200] "GET /bak.php HTTP/1.1" 404 13203 "-" "Mozilla/5.0 (Windows NT 10.0; Win64; x64) AppleWebKit/537.36 (KHTML, like Gecko) Chrome/120.0.0.0 Safari/537.36"
4.193.176.33 - - [05/Apr/2026:14:08:43 +0200] "GET /content.php HTTP/1.1" 404 13203 "-" "Mozilla/5.0 (Windows NT 10.0; Win64; x64) AppleWebKit/537.36 (KHTML, like Gecko) Chrome/120.0.0.0 Safari/537.36"
4.193.176.33 - - [05/Apr/2026:14:08:44 +0200] "GET /upfile.php HTTP/1.1" 404 13203 "-" "Mozilla/5.0 (Windows NT 10.0; Win64; x64) AppleWebKit/537.36 (KHTML, like Gecko) Chrome/120.0.0.0 Safari/537.36"
66.249.66.194 - - [05/Apr/2026:14:08:44 +0200] "GET /index.php?prizes/276542672 HTTP/1.1" 200 18753 "-" "Mozilla/5.0 (Linux; Android 6.0.1; Nexus 5X Build/MMB29P) AppleWebKit/537.36 (KHTML, like Gecko) Chrome/146.0.7680.177 Mobile Safari/537.36 (compatible; Googlebot/2.1; +http://www.google.com/bot.html)"
4.193.176.33 - - [05/Apr/2026:14:08:44 +0200] "GET /wp.php HTTP/1.1" 404 13203 "-" "Mozilla/5.0 (Windows NT 10.0; Win64; x64) AppleWebKit/537.36 (KHTML, like Gecko) Chrome/120.0.0.0 Safari/537.36"
4.193.176.33 - - [05/Apr/2026:14:08:45 +0200] "GET /wp-conflg.php HTTP/1.1" 404 13203 "-" "Mozilla/5.0 (Windows NT 10.0; Win64; x64) AppleWebKit/537.36 (KHTML, like Gecko) Chrome/120.0.0.0 Safari/537.36"
4.193.176.33 - - [05/Apr/2026:14:08:45 +0200] "GET /bypass.php HTTP/1.1" 404 13203 "-" "Mozilla/5.0 (Windows NT 10.0; Win64; x64) AppleWebKit/537.36 (KHTML, like Gecko) Chrome/120.0.0.0 Safari/537.36"
4.193.176.33 - - [05/Apr/2026:14:08:46 +0200] "GET /wp-activate.php HTTP/1.1" 404 13203 "-" "Mozilla/5.0 (Windows NT 10.0; Win64; x64) AppleWebKit/537.36 (KHTML, like Gecko) Chrome/120.0.0.0 Safari/537.36"
4.193.176.33 - - [05/Apr/2026:14:08:46 +0200] "GET /404.php HTTP/1.1" 404 13203 "-" "Mozilla/5.0 (Windows NT 10.0; Win64; x64) AppleWebKit/537.36 (KHTML, like Gecko) Chrome/120.0.0.0 Safari/537.36"
4.193.176.33 - - [05/Apr/2026:14:08:47 +0200] "GET /updates.php HTTP/1.1" 404 13203 "-" "Mozilla/5.0 (Windows NT 10.0; Win64; x64) AppleWebKit/537.36 (KHTML, like Gecko) Chrome/120.0.0.0 Safari/537.36"
4.193.176.33 - - [05/Apr/2026:14:08:47 +0200] "GET /radio.php HTTP/1.1" 404 13203 "-" "Mozilla/5.0 (Windows NT 10.0; Win64; x64) AppleWebKit/537.36 (KHTML, like Gecko) Chrome/120.0.0.0 Safari/537.36"
4.193.176.33 - - [05/Apr/2026:14:08:47 +0200] "GET /plugins.php HTTP/1.1" 200 179 "-" "Mozilla/5.0 (Windows NT 10.0; Win64; x64) AppleWebKit/537.36 (KHTML, like Gecko) Chrome/120.0.0.0 Safari/537.36"
4.193.176.33 - - [05/Apr/2026:14:08:48 +0200] "GET /xmrlpc.php HTTP/1.1" 404 13203 "-" "Mozilla/5.0 (Windows NT 10.0; Win64; x64) AppleWebKit/537.36 (KHTML, like Gecko) Chrome/120.0.0.0 Safari/537.36"
4.193.176.33 - - [05/Apr/2026:14:08:48 +0200] "GET /ae.php HTTP/1.1" 404 13203 "-" "Mozilla/5.0 (Windows NT 10.0; Win64; x64) AppleWebKit/537.36 (KHTML, like Gecko) Chrome/120.0.0.0 Safari/537.36"
4.193.176.33 - - [05/Apr/2026:14:08:49 +0200] "GET /moon.php HTTP/1.1" 404 13203 "-" "Mozilla/5.0 (Windows NT 10.0; Win64; x64) AppleWebKit/537.36 (KHTML, like Gecko) Chrome/120.0.0.0 Safari/537.36"
4.193.176.33 - - [05/Apr/2026:14:08:49 +0200] "GET /blog.php HTTP/1.1" 404 13203 "-" "Mozilla/5.0 (Windows NT 10.0; Win64; x64) AppleWebKit/537.36 (KHTML, like Gecko) Chrome/120.0.0.0 Safari/537.36"
4.193.176.33 - - [05/Apr/2026:14:08:49 +0200] "GET /themes.php HTTP/1.1" 404 13203 "-" "Mozilla/5.0 (Windows NT 10.0; Win64; x64) AppleWebKit/537.36 (KHTML, like Gecko) Chrome/120.0.0.0 Safari/537.36"
4.193.176.33 - - [05/Apr/2026:14:08:50 +0200] "GET /ini.php HTTP/1.1" 404 13199 "-" "Mozilla/5.0 (Windows NT 10.0; Win64; x64) AppleWebKit/537.36 (KHTML, like Gecko) Chrome/120.0.0.0 Safari/537.36"
4.193.176.33 - - [05/Apr/2026:14:08:50 +0200] "GET /as.php HTTP/1.1" 404 13202 "-" "Mozilla/5.0 (Windows NT 10.0; Win64; x64) AppleWebKit/537.36 (KHTML, like Gecko) Chrome/120.0.0.0 Safari/537.36"
66.249.66.2 - - [05/Apr/2026:14:08:51 +0200] "GET /index.php?prizes/282660430 HTTP/1.1" 200 17284 "-" "Mozilla/5.0 (Linux; Android 6.0.1; Nexus 5X Build/MMB29P) AppleWebKit/537.36 (KHTML, like Gecko) Chrome/146.0.7680.177 Mobile Safari/537.36 (compatible; Googlebot/2.1; +http://www.google.com/bot.html)"
4.193.176.33 - - [05/Apr/2026:14:08:51 +0200] "GET /shell.php HTTP/1.1" 404 13198 "-" "Mozilla/5.0 (Windows NT 10.0; Win64; x64) AppleWebKit/537.36 (KHTML, like Gecko) Chrome/120.0.0.0 Safari/537.36"
4.193.176.33 - - [05/Apr/2026:14:08:51 +0200] "GET /ws.php HTTP/1.1" 404 13198 "-" "Mozilla/5.0 (Windows NT 10.0; Win64; x64) AppleWebKit/537.36 (KHTML, like Gecko) Chrome/120.0.0.0 Safari/537.36"
4.193.176.33 - - [05/Apr/2026:14:08:52 +0200] "GET /dropdown.php HTTP/1.1" 404 13203 "-" "Mozilla/5.0 (Windows NT 10.0; Win64; x64) AppleWebKit/537.36 (KHTML, like Gecko) Chrome/120.0.0.0 Safari/537.36"
4.193.176.33 - - [05/Apr/2026:14:08:52 +0200] "GET /makeasmtp.php HTTP/1.1" 404 13203 "-" "Mozilla/5.0 (Windows NT 10.0; Win64; x64) AppleWebKit/537.36 (KHTML, like Gecko) Chrome/120.0.0.0 Safari/537.36"
4.193.176.33 - - [05/Apr/2026:14:08:53 +0200] "GET /wp-sigunq.php HTTP/1.1" 404 13203 "-" "Mozilla/5.0 (Windows NT 10.0; Win64; x64) AppleWebKit/537.36 (KHTML, like Gecko) Chrome/120.0.0.0 Safari/537.36"
4.193.176.33 - - [05/Apr/2026:14:08:53 +0200] "GET /wso112233.php HTTP/1.1" 404 13203 "-" "Mozilla/5.0 (Windows NT 10.0; Win64; x64) AppleWebKit/537.36 (KHTML, like Gecko) Chrome/120.0.0.0 Safari/537.36"
4.193.176.33 - - [05/Apr/2026:14:08:54 +0200] "GET /alfanew.php HTTP/1.1" 404 13203 "-" "Mozilla/5.0 (Windows NT 10.0; Win64; x64) AppleWebKit/537.36 (KHTML, like Gecko) Chrome/120.0.0.0 Safari/537.36"
4.193.176.33 - - [05/Apr/2026:14:08:54 +0200] "GET /fw.php HTTP/1.1" 404 13205 "-" "Mozilla/5.0 (Windows NT 10.0; Win64; x64) AppleWebKit/537.36 (KHTML, like Gecko) Chrome/120.0.0.0 Safari/537.36"
4.193.176.33 - - [05/Apr/2026:14:08:55 +0200] "GET /install.php HTTP/1.1" 404 13203 "-" "Mozilla/5.0 (Windows NT 10.0; Win64; x64) AppleWebKit/537.36 (KHTML, like Gecko) Chrome/120.0.0.0 Safari/537.36"
4.193.176.33 - - [05/Apr/2026:14:08:55 +0200] "GET /wp-login.php HTTP/1.1" 302 0 "-" "Mozilla/5.0 (Windows NT 10.0; Win64; x64) AppleWebKit/537.36 (KHTML, like Gecko) Chrome/120.0.0.0 Safari/537.36"
66.249.66.65 - - [05/Apr/2026:14:08:56 +0200] "GET /index.php?prizes/90533501 HTTP/1.1" 200 18212 "-" "Mozilla/5.0 (Linux; Android 6.0.1; Nexus 5X Build/MMB29P) AppleWebKit/537.36 (KHTML, like Gecko) Chrome/146.0.7680.177 Mobile Safari/537.36 (compatible; Googlebot/2.1; +http://www.google.com/bot.html)"
66.249.66.65 - - [05/Apr/2026:14:09:06 +0200] "GET /%D0%BD%D0%B0%D0%B9-%D0%B3%D0%BE%D0%BB%D1%8F%D0%BC%D0%B0%D1%82%D0%B0-%D1%81%D0%BB%D0%B0%D0%B4%D0%BA%D0%BE%D0%B2%D0%BE%D0%B4%D0%BD%D0%B0-%D1%80%D0%B8%D0%B1%D0%B0-%D0%B8%D0%B7%D1%87%D0%B5%D0%B7%D0%BD/ HTTP/1.1" 200 17330 "-" "Mozilla/5.0 (Linux; Android 6.0.1; Nexus 5X Build/MMB29P) AppleWebKit/537.36 (KHTML, like Gecko) Chrome/146.0.7680.177 Mobile Safari/537.36 (compatible; Googlebot/2.1; +http://www.google.com/bot.html)"
66.249.66.66 - - [05/Apr/2026:14:09:12 +0200] "GET /index.php?prizes/277063440 HTTP/1.1" 200 18229 "-" "Mozilla/5.0 (Linux; Android 6.0.1; Nexus 5X Build/MMB29P) AppleWebKit/537.36 (KHTML, like Gecko) Chrome/146.0.7680.177 Mobile Safari/537.36 (compatible; Googlebot/2.1; +http://www.google.com/bot.html)"
220.181.108.101 - - [05/Apr/2026:14:09:12 +0200] "GET /wp-content/uploads/2020/04/768x432-1-150x150.jpg HTTP/1.1" 200 6624 "-" "Baiduspider-image+(+http://www.baidu.com/search/spider.htm)"
66.249.66.42 - - [05/Apr/2026:14:09:15 +0200] "GET /tag/ribolow-na-eka-nimfa/feed/ HTTP/1.1" 200 17918 "-" "Mozilla/5.0 (Linux; Android 6.0.1; Nexus 5X Build/MMB29P) AppleWebKit/537.36 (KHTML, like Gecko) Chrome/146.0.7680.177 Mobile Safari/537.36 (compatible; Googlebot/2.1; +http://www.google.com/bot.html)"
66.249.66.41 - - [05/Apr/2026:14:09:20 +0200] "GET /index.php?prizes/290531157%20%20%20%20%20%20%20%20%20%20%20%20%20%20%20%20%20%20%20%20%20%20%20%20%20%20%20%20%20%20%20%20class= HTTP/1.1" 200 17579 "-" "Mozilla/5.0 (Linux; Android 6.0.1; Nexus 5X Build/MMB29P) AppleWebKit/537.36 (KHTML, like Gecko) Chrome/146.0.7680.177 Mobile Safari/537.36 (compatible; Googlebot/2.1; +http://www.google.com/bot.html)"
66.249.66.2 - - [05/Apr/2026:14:09:21 +0200] "GET /?k=crozi78iko311jnxjkyf HTTP/1.1" 200 17388 "-" "Mozilla/5.0 (Linux; Android 6.0.1; Nexus 5X Build/MMB29P) AppleWebKit/537.36 (KHTML, like Gecko) Chrome/146.0.7680.177 Mobile Safari/537.36 (compatible; Googlebot/2.1; +http://www.google.com/bot.html)"
66.249.66.2 - - [05/Apr/2026:14:09:24 +0200] "GET /index.php?prizes/90155612 HTTP/1.1" 200 16731 "-" "Mozilla/5.0 (Linux; Android 6.0.1; Nexus 5X Build/MMB29P) AppleWebKit/537.36 (KHTML, like Gecko) Chrome/146.0.7680.177 Mobile Safari/537.36 (compatible; Googlebot/2.1; +http://www.google.com/bot.html)"
66.249.66.2 - - [05/Apr/2026:14:09:26 +0200] "GET /index.php?prizes/272407632 HTTP/1.1" 200 17916 "-" "Mozilla/5.0 (Linux; Android 6.0.1; Nexus 5X Build/MMB29P) AppleWebKit/537.36 (KHTML, like Gecko) Chrome/146.0.7680.177 Mobile Safari/537.36 (compatible; Googlebot/2.1; +http://www.google.com/bot.html)"
66.249.66.2 - - [05/Apr/2026:14:09:30 +0200] "GET /index.php?prizes/290476258 HTTP/1.1" 200 17400 "-" "Mozilla/5.0 (Linux; Android 6.0.1; Nexus 5X Build/MMB29P) AppleWebKit/537.36 (KHTML, like Gecko) Chrome/146.0.7680.177 Mobile Safari/537.36 (compatible; Googlebot/2.1; +http://www.google.com/bot.html)"
66.249.66.2 - - [05/Apr/2026:14:09:36 +0200] "GET /index.php?prizes/61567006 HTTP/1.1" 200 17592 "-" "Mozilla/5.0 (Linux; Android 6.0.1; Nexus 5X Build/MMB29P) AppleWebKit/537.36 (KHTML, like Gecko) Chrome/146.0.7680.177 Mobile Safari/537.36 (compatible; Googlebot/2.1; +http://www.google.com/bot.html)"
66.249.66.65 - - [05/Apr/2026:14:09:41 +0200] "GET /index.php?prizes/210109309 HTTP/1.1" 200 17861 "-" "Mozilla/5.0 (Linux; Android 6.0.1; Nexus 5X Build/MMB29P) AppleWebKit/537.36 (KHTML, like Gecko) Chrome/146.0.7680.177 Mobile Safari/537.36 (compatible; Googlebot/2.1; +http://www.google.com/bot.html)"
185.191.171.12 - - [05/Apr/2026:14:09:41 +0200] "GET /tag/hrilni-mrevi/ HTTP/1.1" 403 0 "-" "Mozilla/5.0 (compatible; SemrushBot/7~bl; +http://www.semrush.com/bot.html)"
66.249.66.2 - - [05/Apr/2026:14:09:47 +0200] "GET /index.php?prizes/196295208 HTTP/1.1" 200 17914 "-" "Mozilla/5.0 (Linux; Android 6.0.1; Nexus 5X Build/MMB29P) AppleWebKit/537.36 (KHTML, like Gecko) Chrome/146.0.7680.177 Mobile Safari/537.36 (compatible; Googlebot/2.1; +http://www.google.com/bot.html)"
66.249.66.2 - - [05/Apr/2026:14:09:52 +0200] "GET /commoditys/022000142 HTTP/1.1" 200 17326 "-" "Mozilla/5.0 (Linux; Android 6.0.1; Nexus 5X Build/MMB29P) AppleWebKit/537.36 (KHTML, like Gecko) Chrome/146.0.7680.177 Mobile Safari/537.36 (compatible; Googlebot/2.1; +http://www.google.com/bot.html)"
66.249.66.3 - - [05/Apr/2026:14:10:01 +0200] "GET /index.php?prizes/61224086 HTTP/1.1" 502 552 "-" "Mozilla/5.0 (Linux; Android 6.0.1; Nexus 5X Build/MMB29P) AppleWebKit/537.36 (KHTML, like Gecko) Chrome/146.0.7680.177 Mobile Safari/537.36 (compatible; Googlebot/2.1; +http://www.google.com/bot.html)"
66.249.66.41 - - [05/Apr/2026:14:10:03 +0200] "GET /index.php?prizes/199799804 HTTP/1.1" 502 552 "-" "Mozilla/5.0 (Linux; Android 6.0.1; Nexus 5X Build/MMB29P) AppleWebKit/537.36 (KHTML, like Gecko) Chrome/146.0.7680.177 Mobile Safari/537.36 (compatible; Googlebot/2.1; +http://www.google.com/bot.html)"
66.249.66.2 - - [05/Apr/2026:14:10:09 +0200] "GET /index.php?prizes/190926359 HTTP/1.1" 200 17271 "-" "Mozilla/5.0 (Linux; Android 6.0.1; Nexus 5X Build/MMB29P) AppleWebKit/537.36 (KHTML, like Gecko) Chrome/146.0.7680.177 Mobile Safari/537.36 (compatible; Googlebot/2.1; +http://www.google.com/bot.html)"
66.249.66.194 - - [05/Apr/2026:14:10:16 +0200] "GET /index.php?prizes/209358248 HTTP/1.1" 200 17039 "-" "Mozilla/5.0 (Linux; Android 6.0.1; Nexus 5X Build/MMB29P) AppleWebKit/537.36 (KHTML, like Gecko) Chrome/146.0.7680.177 Mobile Safari/537.36 (compatible; Googlebot/2.1; +http://www.google.com/bot.html)"
66.249.66.65 - - [05/Apr/2026:14:10:21 +0200] "GET /index.php?prizes/193535349 HTTP/1.1" 200 18229 "-" "Mozilla/5.0 (Linux; Android 6.0.1; Nexus 5X Build/MMB29P) AppleWebKit/537.36 (KHTML, like Gecko) Chrome/146.0.7680.177 Mobile Safari/537.36 (compatible; Googlebot/2.1; +http://www.google.com/bot.html)"
66.249.66.65 - - [05/Apr/2026:14:10:26 +0200] "GET /index.php?prizes/255202551 HTTP/1.1" 200 17866 "-" "Mozilla/5.0 (Linux; Android 6.0.1; Nexus 5X Build/MMB29P) AppleWebKit/537.36 (KHTML, like Gecko) Chrome/146.0.7680.177 Mobile Safari/537.36 (compatible; Googlebot/2.1; +http://www.google.com/bot.html)"
66.249.66.2 - - [05/Apr/2026:14:10:32 +0200] "GET /index.php?prizes/32019329 HTTP/1.1" 200 17281 "-" "Mozilla/5.0 (Linux; Android 6.0.1; Nexus 5X Build/MMB29P) AppleWebKit/537.36 (KHTML, like Gecko) Chrome/146.0.7680.177 Mobile Safari/537.36 (compatible; Googlebot/2.1; +http://www.google.com/bot.html)"
116.179.32.200 - - [05/Apr/2026:14:10:35 +0200] "GET /wp-content/uploads/2020/04/768-carp2-300x200.jpg HTTP/1.1" 200 15173 "-" "Baiduspider-image+(+http://www.baidu.com/search/spider.htm)"
66.249.66.37 - - [05/Apr/2026:14:10:43 +0200] "GET /index.php?prizes/58524430 HTTP/1.1" 200 17970 "-" "Mozilla/5.0 (Linux; Android 6.0.1; Nexus 5X Build/MMB29P) AppleWebKit/537.36 (KHTML, like Gecko) Chrome/146.0.7680.177 Mobile Safari/537.36 (compatible; Googlebot/2.1; +http://www.google.com/bot.html)"
66.249.66.6 - - [05/Apr/2026:14:10:49 +0200] "GET /index.php?prizes/41594642 HTTP/1.1" 200 17562 "-" "Mozilla/5.0 (Linux; Android 6.0.1; Nexus 5X Build/MMB29P) AppleWebKit/537.36 (KHTML, like Gecko) Chrome/146.0.7680.177 Mobile Safari/537.36 (compatible; Googlebot/2.1; +http://www.google.com/bot.html)"
66.249.66.6 - - [05/Apr/2026:14:10:57 +0200] "GET /index.php?prizes/58204602 HTTP/1.1" 200 17656 "-" "Mozilla/5.0 (Linux; Android 6.0.1; Nexus 5X Build/MMB29P) AppleWebKit/537.36 (KHTML, like Gecko) Chrome/146.0.7680.177 Mobile Safari/537.36 (compatible; Googlebot/2.1; +http://www.google.com/bot.html)"
66.249.66.6 - - [05/Apr/2026:14:11:03 +0200] "GET /index.php?prizes/120421258 HTTP/1.1" 200 17691 "-" "Mozilla/5.0 (Linux; Android 6.0.1; Nexus 5X Build/MMB29P) AppleWebKit/537.36 (KHTML, like Gecko) Chrome/146.0.7680.177 Mobile Safari/537.36 (compatible; Googlebot/2.1; +http://www.google.com/bot.html)"
66.249.66.204 - - [05/Apr/2026:14:11:09 +0200] "GET /index.php?prizes/178616268 HTTP/1.1" 200 17785 "-" "Mozilla/5.0 (Linux; Android 6.0.1; Nexus 5X Build/MMB29P) AppleWebKit/537.36 (KHTML, like Gecko) Chrome/146.0.7680.177 Mobile Safari/537.36 (compatible; Googlebot/2.1; +http://www.google.com/bot.html)"
66.249.66.69 - - [05/Apr/2026:14:11:11 +0200] "GET /index.php?prizes/119410339 HTTP/1.1" 200 17680 "-" "Mozilla/5.0 (Linux; Android 6.0.1; Nexus 5X Build/MMB29P) AppleWebKit/537.36 (KHTML, like Gecko) Chrome/146.0.7680.177 Mobile Safari/537.36 (compatible; Googlebot/2.1; +http://www.google.com/bot.html)"
66.249.66.165 - - [05/Apr/2026:14:11:13 +0200] "GET /index.php?prizes/119350470 HTTP/1.1" 200 17832 "-" "Mozilla/5.0 (Linux; Android 6.0.1; Nexus 5X Build/MMB29P) AppleWebKit/537.36 (KHTML, like Gecko) Chrome/146.0.7680.177 Mobile Safari/537.36 (compatible; Googlebot/2.1; +http://www.google.com/bot.html)"
66.249.66.6 - - [05/Apr/2026:14:11:15 +0200] "GET /index.php?prizes/274493945 HTTP/1.1" 200 17725 "-" "Mozilla/5.0 (Linux; Android 6.0.1; Nexus 5X Build/MMB29P) AppleWebKit/537.36 (KHTML, like Gecko) Chrome/146.0.7680.177 Mobile Safari/537.36 (compatible; Googlebot/2.1; +http://www.google.com/bot.html)"
66.249.66.6 - - [05/Apr/2026:14:11:18 +0200] "GET /index.php?prizes/120152268 HTTP/1.1" 200 17660 "-" "Mozilla/5.0 (Linux; Android 6.0.1; Nexus 5X Build/MMB29P) AppleWebKit/537.36 (KHTML, like Gecko) Chrome/146.0.7680.177 Mobile Safari/537.36 (compatible; Googlebot/2.1; +http://www.google.com/bot.html)"
66.249.66.6 - - [05/Apr/2026:14:11:23 +0200] "GET /index.php?prizes/119947632 HTTP/1.1" 200 17543 "-" "Mozilla/5.0 (Linux; Android 6.0.1; Nexus 5X Build/MMB29P) AppleWebKit/537.36 (KHTML, like Gecko) Chrome/146.0.7680.177 Mobile Safari/537.36 (compatible; Googlebot/2.1; +http://www.google.com/bot.html)"
66.249.66.6 - - [05/Apr/2026:14:11:29 +0200] "GET /index.php?prizes/271888662 HTTP/1.1" 200 17962 "-" "Mozilla/5.0 (Linux; Android 6.0.1; Nexus 5X Build/MMB29P) AppleWebKit/537.36 (KHTML, like Gecko) Chrome/146.0.7680.177 Mobile Safari/537.36 (compatible; Googlebot/2.1; +http://www.google.com/bot.html)"
66.249.66.6 - - [05/Apr/2026:14:11:35 +0200] "GET /index.php?prizes/260536632 HTTP/1.1" 200 17863 "-" "Mozilla/5.0 (Linux; Android 6.0.1; Nexus 5X Build/MMB29P) AppleWebKit/537.36 (KHTML, like Gecko) Chrome/146.0.7680.177 Mobile Safari/537.36 (compatible; Googlebot/2.1; +http://www.google.com/bot.html)"
66.249.66.6 - - [05/Apr/2026:14:11:40 +0200] "GET /index.php?prizes/236172844 HTTP/1.1" 200 17451 "-" "Mozilla/5.0 (Linux; Android 6.0.1; Nexus 5X Build/MMB29P) AppleWebKit/537.36 (KHTML, like Gecko) Chrome/146.0.7680.177 Mobile Safari/537.36 (compatible; Googlebot/2.1; +http://www.google.com/bot.html)"
66.249.66.6 - - [05/Apr/2026:14:11:46 +0200] "GET /index.php?prizes/261922177 HTTP/1.1" 200 17211 "-" "Mozilla/5.0 (Linux; Android 6.0.1; Nexus 5X Build/MMB29P) AppleWebKit/537.36 (KHTML, like Gecko) Chrome/146.0.7680.177 Mobile Safari/537.36 (compatible; Googlebot/2.1; +http://www.google.com/bot.html)"
66.249.66.6 - - [05/Apr/2026:14:11:52 +0200] "GET /index.php?prizes/258020561 HTTP/1.1" 200 18314 "-" "Mozilla/5.0 (Linux; Android 6.0.1; Nexus 5X Build/MMB29P) AppleWebKit/537.36 (KHTML, like Gecko) Chrome/146.0.7680.177 Mobile Safari/537.36 (compatible; Googlebot/2.1; +http://www.google.com/bot.html)"
66.249.66.38 - - [05/Apr/2026:14:11:57 +0200] "GET /index.php?prizes/232352672 HTTP/1.1" 200 17121 "-" "Mozilla/5.0 (Linux; Android 6.0.1; Nexus 5X Build/MMB29P) AppleWebKit/537.36 (KHTML, like Gecko) Chrome/146.0.7680.177 Mobile Safari/537.36 (compatible; Googlebot/2.1; +http://www.google.com/bot.html)"
220.181.108.167 - - [05/Apr/2026:14:12:00 +0200] "GET /wp-content/uploads/2020/031/saaas-324x160.jpg HTTP/1.1" 200 15264 "-" "Baiduspider-image+(+http://www.baidu.com/search/spider.htm)"
66.249.66.71 - - [05/Apr/2026:14:12:03 +0200] "GET /index.php?prizes/234262581 HTTP/1.1" 502 552 "-" "Mozilla/5.0 (Linux; Android 6.0.1; Nexus 5X Build/MMB29P) AppleWebKit/537.36 (KHTML, like Gecko) Chrome/146.0.7680.177 Mobile Safari/537.36 (compatible; Googlebot/2.1; +http://www.google.com/bot.html)"
66.249.66.69 - - [05/Apr/2026:14:12:09 +0200] "GET /index.php?prizes/245356006 HTTP/1.1" 200 17642 "-" "Mozilla/5.0 (Linux; Android 6.0.1; Nexus 5X Build/MMB29P) AppleWebKit/537.36 (KHTML, like Gecko) Chrome/146.0.7680.177 Mobile Safari/537.36 (compatible; Googlebot/2.1; +http://www.google.com/bot.html)"
66.249.66.37 - - [05/Apr/2026:14:12:15 +0200] "GET /%D0%BD%D0%B8%D0%BB%D1%81%D0%BA%D0%B8-%D0%BA%D0%BE%D1%81%D1%82%D1%83%D1%80-%D1%81-%D1%80%D0%B0%D0%B7%D0%BC%D0%B5%D1%80%D0%B8-200-%D0%BA%D0%B8%D0%BB%D0%BE%D0%B3%D1%80%D0%B0%D0%BC%D0%B0/feed/ HTTP/1.1" 200 17276 "-" "Mozilla/5.0 (Linux; Android 6.0.1; Nexus 5X Build/MMB29P) AppleWebKit/537.36 (KHTML, like Gecko) Chrome/146.0.7680.177 Mobile Safari/537.36 (compatible; Googlebot/2.1; +http://www.google.com/bot.html)"
66.249.66.6 - - [05/Apr/2026:14:12:16 +0200] "GET /index.php?prizes/249351763 HTTP/1.1" 200 17574 "-" "Mozilla/5.0 (Linux; Android 6.0.1; Nexus 5X Build/MMB29P) AppleWebKit/537.36 (KHTML, like Gecko) Chrome/146.0.7680.177 Mobile Safari/537.36 (compatible; Googlebot/2.1; +http://www.google.com/bot.html)"
66.249.66.69 - - [05/Apr/2026:14:12:22 +0200] "GET /?jp/281048578.html HTTP/1.1" 200 17760 "-" "Mozilla/5.0 (Linux; Android 6.0.1; Nexus 5X Build/MMB29P) AppleWebKit/537.36 (KHTML, like Gecko) Chrome/146.0.7680.177 Mobile Safari/537.36 (compatible; Googlebot/2.1; +http://www.google.com/bot.html)"
66.249.66.6 - - [05/Apr/2026:14:12:23 +0200] "GET /index.php?prizes/270613470 HTTP/1.1" 200 17998 "-" "Mozilla/5.0 (Linux; Android 6.0.1; Nexus 5X Build/MMB29P) AppleWebKit/537.36 (KHTML, like Gecko) Chrome/146.0.7680.177 Mobile Safari/537.36 (compatible; Googlebot/2.1; +http://www.google.com/bot.html)"
66.249.66.69 - - [05/Apr/2026:14:12:26 +0200] "GET /index.php?prizes/243397258 HTTP/1.1" 200 17231 "-" "Mozilla/5.0 (Linux; Android 6.0.1; Nexus 5X Build/MMB29P) AppleWebKit/537.36 (KHTML, like Gecko) Chrome/146.0.7680.177 Mobile Safari/537.36 (compatible; Googlebot/2.1; +http://www.google.com/bot.html)"
66.249.66.37 - - [05/Apr/2026:14:12:31 +0200] "GET /index.php?prizes/256372228 HTTP/1.1" 200 17902 "-" "Mozilla/5.0 (Linux; Android 6.0.1; Nexus 5X Build/MMB29P) AppleWebKit/537.36 (KHTML, like Gecko) Chrome/146.0.7680.177 Mobile Safari/537.36 (compatible; Googlebot/2.1; +http://www.google.com/bot.html)"
66.249.66.204 - - [05/Apr/2026:14:12:37 +0200] "GET /index.php?prizes/248628400 HTTP/1.1" 200 17348 "-" "Mozilla/5.0 (Linux; Android 6.0.1; Nexus 5X Build/MMB29P) AppleWebKit/537.36 (KHTML, like Gecko) Chrome/146.0.7680.177 Mobile Safari/537.36 (compatible; Googlebot/2.1; +http://www.google.com/bot.html)"
66.249.66.165 - - [05/Apr/2026:14:12:44 +0200] "GET /index.php?prizes/255946410 HTTP/1.1" 200 17203 "-" "Mozilla/5.0 (Linux; Android 6.0.1; Nexus 5X Build/MMB29P) AppleWebKit/537.36 (KHTML, like Gecko) Chrome/146.0.7680.177 Mobile Safari/537.36 (compatible; Googlebot/2.1; +http://www.google.com/bot.html)"
66.249.66.37 - - [05/Apr/2026:14:12:48 +0200] "GET /index.php?prizes/250280450 HTTP/1.1" 200 17484 "-" "Mozilla/5.0 (Linux; Android 6.0.1; Nexus 5X Build/MMB29P) AppleWebKit/537.36 (KHTML, like Gecko) Chrome/146.0.7680.177 Mobile Safari/537.36 (compatible; Googlebot/2.1; +http://www.google.com/bot.html)"
66.249.66.204 - - [05/Apr/2026:14:12:54 +0200] "GET /%D0%BD%D0%B8%D0%BB%D1%81%D0%BA%D0%B8-%D0%BA%D0%BE%D1%81%D1%82%D1%83%D1%80-%D1%81-%D1%80%D0%B0%D0%B7%D0%BC%D0%B5%D1%80%D0%B8-200-%D0%BA%D0%B8%D0%BB%D0%BE%D0%B3%D1%80%D0%B0%D0%BC%D0%B0/ HTTP/1.1" 200 17679 "-" "Mozilla/5.0 (Linux; Android 6.0.1; Nexus 5X Build/MMB29P) AppleWebKit/537.36 (KHTML, like Gecko) Chrome/146.0.7680.177 Mobile Safari/537.36 (compatible; Googlebot/2.1; +http://www.google.com/bot.html)"
161.97.137.93 - - [05/Apr/2026:14:12:58 +0200] "POST /wp-cron.php?doing_wp_cron=1775391177.7383630275726318359375 HTTP/1.1" 404 13202 "https://ribari.net/wp-cron.php?doing_wp_cron=1775391177.7383630275726318359375" "WordPress/4.9.13; https://ribari.net"
179.191.78.222 - - [05/Apr/2026:14:12:58 +0200] "GET /wp-login.php HTTP/1.1" 302 0 "-" "Mozilla/5.0 (Windows NT 10.0; Win64; x64) AppleWebKit/537.36 (KHTML, like Gecko) Chrome/65.0.3325.162 Safari/537.36"
179.191.78.222 - - [05/Apr/2026:14:12:59 +0200] "GET /wp-login.php HTTP/1.1" 302 0 "https://ribari.net/wp-login.php" "Mozilla/5.0 (Windows NT 10.0; Win64; x64) AppleWebKit/537.36 (KHTML, like Gecko) Chrome/65.0.3325.162 Safari/537.36"
66.249.66.6 - - [05/Apr/2026:14:13:00 +0200] "GET /?t=oob92pqmkf281roiujewk HTTP/1.1" 200 17458 "-" "Mozilla/5.0 (Linux; Android 6.0.1; Nexus 5X Build/MMB29P) AppleWebKit/537.36 (KHTML, like Gecko) Chrome/146.0.7680.177 Mobile Safari/537.36 (compatible; Googlebot/2.1; +http://www.google.com/bot.html)"
179.191.78.222 - - [05/Apr/2026:14:13:00 +0200] "GET /wp-login.php HTTP/1.1" 302 0 "https://ribari.net/wp-login.php" "Mozilla/5.0 (Windows NT 10.0; Win64; x64) AppleWebKit/537.36 (KHTML, like Gecko) Chrome/65.0.3325.162 Safari/537.36"
179.191.78.222 - - [05/Apr/2026:14:13:01 +0200] "GET /wp-login.php HTTP/1.1" 200 142 "https://ribari.net/wp-login.php" "Mozilla/5.0 (Windows NT 10.0; Win64; x64) AppleWebKit/537.36 (KHTML, like Gecko) Chrome/65.0.3325.162 Safari/537.36"
179.191.78.222 - - [05/Apr/2026:14:13:01 +0200] "POST /wp-login.php HTTP/1.1" 502 552 "https://ribari.net/wp-login.php" "Mozilla/5.0 (Windows NT 10.0; Win64; x64) AppleWebKit/537.36 (KHTML, like Gecko) Chrome/65.0.3325.162 Safari/537.36"
66.249.66.37 - - [05/Apr/2026:14:13:05 +0200] "GET /?detail/0310075712951 HTTP/1.1" 200 17015 "-" "Mozilla/5.0 (Linux; Android 6.0.1; Nexus 5X Build/MMB29P) AppleWebKit/537.36 (KHTML, like Gecko) Chrome/146.0.7680.177 Mobile Safari/537.36 (compatible; Googlebot/2.1; +http://www.google.com/bot.html)"
66.249.66.69 - - [05/Apr/2026:14:13:11 +0200] "GET /?j=dlb102bm149czsjtac HTTP/1.1" 200 18002 "-" "Mozilla/5.0 (Linux; Android 6.0.1; Nexus 5X Build/MMB29P) AppleWebKit/537.36 (KHTML, like Gecko) Chrome/146.0.7680.177 Mobile Safari/537.36 (compatible; Googlebot/2.1; +http://www.google.com/bot.html)"
66.249.66.6 - - [05/Apr/2026:14:13:17 +0200] "GET /?jp/031024085.html HTTP/1.1" 200 17498 "-" "Mozilla/5.0 (Linux; Android 6.0.1; Nexus 5X Build/MMB29P) AppleWebKit/537.36 (KHTML, like Gecko) Chrome/146.0.7680.177 Mobile Safari/537.36 (compatible; Googlebot/2.1; +http://www.google.com/bot.html)"
66.249.66.204 - - [05/Apr/2026:14:13:23 +0200] "GET /?t=wty55hv928wdqpehi HTTP/1.1" 200 18308 "-" "Mozilla/5.0 (Linux; Android 6.0.1; Nexus 5X Build/MMB29P) AppleWebKit/537.36 (KHTML, like Gecko) Chrome/146.0.7680.177 Mobile Safari/537.36 (compatible; Googlebot/2.1; +http://www.google.com/bot.html)"
116.179.32.152 - - [05/Apr/2026:14:13:23 +0200] "GET /wp-content/uploads/2020/03/j-3-485x360.jpg HTTP/1.1" 200 59863 "-" "Baiduspider-image+(+http://www.baidu.com/search/spider.htm)"
43.133.66.51 - - [05/Apr/2026:14:13:23 +0200] "GET /wp-content/uploads/2020/03/ HTTP/1.1" 200 14992 "-" "Mozilla/5.0 (iPhone; CPU iPhone OS 13_2_3 like Mac OS X) AppleWebKit/605.1.15 (KHTML, like Gecko) Version/13.0.3 Mobile/15E148 Safari/604.1"
66.249.66.6 - - [05/Apr/2026:14:13:28 +0200] "GET /?u=efrpq82yua21273kbwztduhh HTTP/1.1" 200 18055 "-" "Mozilla/5.0 (Linux; Android 6.0.1; Nexus 5X Build/MMB29P) AppleWebKit/537.36 (KHTML, like Gecko) Chrome/146.0.7680.177 Mobile Safari/537.36 (compatible; Googlebot/2.1; +http://www.google.com/bot.html)"
66.249.66.37 - - [05/Apr/2026:14:13:34 +0200] "GET /?u=gkh21nlvbh8886eywvjbb HTTP/1.1" 200 17742 "-" "Mozilla/5.0 (Linux; Android 6.0.1; Nexus 5X Build/MMB29P) AppleWebKit/537.36 (KHTML, like Gecko) Chrome/146.0.7680.177 Mobile Safari/537.36 (compatible; Googlebot/2.1; +http://www.google.com/bot.html)"
66.249.66.6 - - [05/Apr/2026:14:13:40 +0200] "GET /prizes/151717854 HTTP/1.1" 200 18526 "-" "Mozilla/5.0 (Linux; Android 6.0.1; Nexus 5X Build/MMB29P) AppleWebKit/537.36 (KHTML, like Gecko) Chrome/146.0.7680.177 Mobile Safari/537.36 (compatible; Googlebot/2.1; +http://www.google.com/bot.html)"
74.7.230.15 - - [05/Apr/2026:14:13:40 +0200] "GET /robots.txt HTTP/1.1" 304 0 "-" "Mozilla/5.0 (Macintosh; Intel Mac OS X 10_15_7) AppleWebKit/537.36 (KHTML, like Gecko) Chrome/131.0.0.0 Safari/537.36; compatible; OAI-SearchBot/1.3; robots.txt; +https://openai.com/searchbot"
66.249.66.6 - - [05/Apr/2026:14:13:45 +0200] "GET /?jp/021023540.html HTTP/1.1" 200 16840 "-" "Mozilla/5.0 (Linux; Android 6.0.1; Nexus 5X Build/MMB29P) AppleWebKit/537.36 (KHTML, like Gecko) Chrome/146.0.7680.177 Mobile Safari/537.36 (compatible; Googlebot/2.1; +http://www.google.com/bot.html)"
66.249.66.37 - - [05/Apr/2026:14:13:51 +0200] "GET /?detail/063027974828 HTTP/1.1" 200 17548 "-" "Mozilla/5.0 (Linux; Android 6.0.1; Nexus 5X Build/MMB29P) AppleWebKit/537.36 (KHTML, like Gecko) Chrome/146.0.7680.177 Mobile Safari/537.36 (compatible; Googlebot/2.1; +http://www.google.com/bot.html)"
66.249.66.6 - - [05/Apr/2026:14:14:01 +0200] "GET /?y=sftsk21dbqf49738ahuvwfelm HTTP/1.1" 502 552 "-" "Mozilla/5.0 (Linux; Android 6.0.1; Nexus 5X Build/MMB29P) AppleWebKit/537.36 (KHTML, like Gecko) Chrome/146.0.7680.177 Mobile Safari/537.36 (compatible; Googlebot/2.1; +http://www.google.com/bot.html)"
66.249.66.6 - - [05/Apr/2026:14:14:05 +0200] "GET /?y=rer79fm4548ohiwrqg HTTP/1.1" 502 552 "-" "Mozilla/5.0 (Linux; Android 6.0.1; Nexus 5X Build/MMB29P) AppleWebKit/537.36 (KHTML, like Gecko) Chrome/146.0.7680.177 Mobile Safari/537.36 (compatible; Googlebot/2.1; +http://www.google.com/bot.html)"
66.249.66.69 - - [05/Apr/2026:14:14:08 +0200] "GET /?h=wnun267xjx6496koxochhjf HTTP/1.1" 200 17707 "-" "Mozilla/5.0 (Linux; Android 6.0.1; Nexus 5X Build/MMB29P) AppleWebKit/537.36 (KHTML, like Gecko) Chrome/146.0.7680.177 Mobile Safari/537.36 (compatible; Googlebot/2.1; +http://www.google.com/bot.html)"
66.249.66.69 - - [05/Apr/2026:14:14:13 +0200] "GET /?t=cah63gn27960wycspqewo HTTP/1.1" 200 18335 "-" "Mozilla/5.0 (Linux; Android 6.0.1; Nexus 5X Build/MMB29P) AppleWebKit/537.36 (KHTML, like Gecko) Chrome/146.0.7680.177 Mobile Safari/537.36 (compatible; Googlebot/2.1; +http://www.google.com/bot.html)"
66.249.66.6 - - [05/Apr/2026:14:14:19 +0200] "GET /commoditys/078000556 HTTP/1.1" 200 17631 "-" "Mozilla/5.0 (Linux; Android 6.0.1; Nexus 5X Build/MMB29P) AppleWebKit/537.36 (KHTML, like Gecko) Chrome/146.0.7680.177 Mobile Safari/537.36 (compatible; Googlebot/2.1; +http://www.google.com/bot.html)"
66.249.66.6 - - [05/Apr/2026:14:14:27 +0200] "GET /?s=ufk221vdrl41980pzlzqcmsyc HTTP/1.1" 200 17381 "-" "Mozilla/5.0 (Linux; Android 6.0.1; Nexus 5X Build/MMB29P) AppleWebKit/537.36 (KHTML, like Gecko) Chrome/146.0.7680.177 Mobile Safari/537.36 (compatible; Googlebot/2.1; +http://www.google.com/bot.html)"
66.249.66.6 - - [05/Apr/2026:14:14:31 +0200] "GET /?u=syo82b27251bfyxlk HTTP/1.1" 200 17482 "-" "Mozilla/5.0 (Linux; Android 6.0.1; Nexus 5X Build/MMB29P) AppleWebKit/537.36 (KHTML, like Gecko) Chrome/146.0.7680.177 Mobile Safari/537.36 (compatible; Googlebot/2.1; +http://www.google.com/bot.html)"
66.249.66.69 - - [05/Apr/2026:14:14:36 +0200] "GET /?jp/125004724.html HTTP/1.1" 200 17603 "-" "Mozilla/5.0 (Linux; Android 6.0.1; Nexus 5X Build/MMB29P) AppleWebKit/537.36 (KHTML, like Gecko) Chrome/146.0.7680.177 Mobile Safari/537.36 (compatible; Googlebot/2.1; +http://www.google.com/bot.html)"
66.249.66.69 - - [05/Apr/2026:14:14:42 +0200] "GET /?x=eoc83mi13842rivgastqvw HTTP/1.1" 200 17712 "-" "Mozilla/5.0 (Linux; Android 6.0.1; Nexus 5X Build/MMB29P) AppleWebKit/537.36 (KHTML, like Gecko) Chrome/146.0.7680.177 Mobile Safari/537.36 (compatible; Googlebot/2.1; +http://www.google.com/bot.html)"
66.249.66.204 - - [05/Apr/2026:14:14:48 +0200] "GET /?w=aejty203e240oxsxopzu HTTP/1.1" 200 17216 "-" "Mozilla/5.0 (Linux; Android 6.0.1; Nexus 5X Build/MMB29P) AppleWebKit/537.36 (KHTML, like Gecko) Chrome/146.0.7680.177 Mobile Safari/537.36 (compatible; Googlebot/2.1; +http://www.google.com/bot.html)"
119.249.100.52 - - [05/Apr/2026:14:14:50 +0200] "GET /wp-content/uploads/2020/031/dedeeded-80x60.png HTTP/1.1" 200 12081 "-" "Mozilla/5.0 (Windows NT 10.0; WOW64) AppleWebKit/537.36 (KHTML, like Gecko) Chrome/48.0.2564.116 Safari/537.36"
161.97.137.93 - - [05/Apr/2026:14:14:53 +0200] "POST /wp-cron.php?doing_wp_cron=1775391293.4367470741271972656250 HTTP/1.1" 404 13203 "https://ribari.net/wp-cron.php?doing_wp_cron=1775391293.4367470741271972656250" "WordPress/4.9.13; https://ribari.net"
216.10.217.81 - - [05/Apr/2026:14:14:53 +0200] "GET /wp-content/themes/Newspaper/includes/demos/college/td_media_2.php HTTP/1.1" 404 13508 "https://ribari.net/" "Mozilla/5.0 (Windows NT 10.0; Win64; x64) AppleWebKit/537.36 (KHTML, like Gecko) Chrome/135.0.0.0 Safari/537.36"
66.249.66.6 - - [05/Apr/2026:14:14:54 +0200] "GET /?j=pjpmd277roq46480ishqrytjyc HTTP/1.1" 200 17713 "-" "Mozilla/5.0 (Linux; Android 6.0.1; Nexus 5X Build/MMB29P) AppleWebKit/537.36 (KHTML, like Gecko) Chrome/146.0.7680.177 Mobile Safari/537.36 (compatible; Googlebot/2.1; +http://www.google.com/bot.html)"
44.215.210.112 - - [05/Apr/2026:14:14:55 +0200] "GET /wp-content/themes/Newspaper/includes/modules/td_module_related_posts.php HTTP/1.1" 403 0 "-" "Mozilla/5.0 AppleWebKit/537.36 (KHTML, like Gecko; compatible; Amazonbot/0.1; +https://developer.amazon.com/support/amazonbot) Chrome/119.0.6045.214 Safari/537.36"
66.249.66.6 - - [05/Apr/2026:14:14:59 +0200] "GET /?b=wngqz78lzf2939iuzamlinb HTTP/1.1" 200 17697 "-" "Mozilla/5.0 (Linux; Android 6.0.1; Nexus 5X Build/MMB29P) AppleWebKit/537.36 (KHTML, like Gecko) Chrome/146.0.7680.177 Mobile Safari/537.36 (compatible; Googlebot/2.1; +http://www.google.com/bot.html)"
185.191.171.16 - - [05/Apr/2026:14:15:01 +0200] "GET /%D0%B2%D0%BE%D0%B4%D0%B0%D1%82%D0%B0-%D0%B4%D0%B0%D0%B2%D0%B0-%D0%B8-%D0%BE%D1%82%D0%BD%D0%B5%D0%BC%D0%B0-%D0%BF%D1%80%D0%B0%D0%B2%D0%BE%D1%81%D0%BB%D0%B0%D0%B2%D0%B5%D0%BD-%D1%85%D1%80%D0%B0%D0%BC/ HTTP/1.1" 403 0 "-" "Mozilla/5.0 (compatible; SemrushBot/7~bl; +http://www.semrush.com/bot.html)"
66.249.66.69 - - [05/Apr/2026:14:15:05 +0200] "GET /?s=obbzz172tt36649kllvdgjeby HTTP/1.1" 200 17703 "-" "Mozilla/5.0 (Linux; Android 6.0.1; Nexus 5X Build/MMB29P) AppleWebKit/537.36 (KHTML, like Gecko) Chrome/146.0.7680.177 Mobile Safari/537.36 (compatible; Googlebot/2.1; +http://www.google.com/bot.html)"
2a03:2880:31ff:5e:: - - [05/Apr/2026:14:15:07 +0200] "GET /header.png HTTP/1.1" 404 13203 "-" "facebookexternalhit/1.1 (+http://www.facebook.com/externalhit_uatext.php)"
66.249.66.204 - - [05/Apr/2026:14:15:10 +0200] "GET /prizes/25566218 HTTP/1.1" 200 17810 "-" "Mozilla/5.0 (Linux; Android 6.0.1; Nexus 5X Build/MMB29P) AppleWebKit/537.36 (KHTML, like Gecko) Chrome/146.0.7680.177 Mobile Safari/537.36 (compatible; Googlebot/2.1; +http://www.google.com/bot.html)"
66.249.66.37 - - [05/Apr/2026:14:15:18 +0200] "GET /%D0%BA%D0%B0%D1%87%D0%B0%D0%BC%D0%B0%D0%BA-%D0%B7%D0%B0-%D1%81%D0%BF%D0%B8%D1%80%D0%B0%D0%BB%D0%B0-%D0%B4%D0%BE%D0%BC%D0%B0%D1%88%D0%BD%D0%B0-%D1%80%D0%B5%D1%86%D0%B5%D0%BF%D1%82%D0%B0/feed/ HTTP/1.1" 200 17679 "-" "Mozilla/5.0 (Linux; Android 6.0.1; Nexus 5X Build/MMB29P) AppleWebKit/537.36 (KHTML, like Gecko) Chrome/146.0.7680.177 Mobile Safari/537.36 (compatible; Googlebot/2.1; +http://www.google.com/bot.html)"
66.249.66.6 - - [05/Apr/2026:14:15:21 +0200] "GET /?o=asdci246rnm12209zpsfmggtt HTTP/1.1" 200 17640 "-" "Mozilla/5.0 (Linux; Android 6.0.1; Nexus 5X Build/MMB29P) AppleWebKit/537.36 (KHTML, like Gecko) Chrome/146.0.7680.177 Mobile Safari/537.36 (compatible; Googlebot/2.1; +http://www.google.com/bot.html)"
66.249.66.6 - - [05/Apr/2026:14:15:27 +0200] "GET /?l=erfyw23hc8864qdyknum HTTP/1.1" 200 17040 "-" "Mozilla/5.0 (Linux; Android 6.0.1; Nexus 5X Build/MMB29P) AppleWebKit/537.36 (KHTML, like Gecko) Chrome/146.0.7680.177 Mobile Safari/537.36 (compatible; Googlebot/2.1; +http://www.google.com/bot.html)"
66.249.66.2 - - [05/Apr/2026:14:15:33 +0200] "GET /?d=ptoe108f4853kvuayk HTTP/1.1" 200 16840 "-" "Mozilla/5.0 (Linux; Android 6.0.1; Nexus 5X Build/MMB29P) AppleWebKit/537.36 (KHTML, like Gecko) Chrome/146.0.7680.177 Mobile Safari/537.36 (compatible; Googlebot/2.1; +http://www.google.com/bot.html)"
66.249.66.194 - - [05/Apr/2026:14:15:38 +0200] "GET /?detail/0430009227567 HTTP/1.1" 200 17803 "-" "Mozilla/5.0 (Linux; Android 6.0.1; Nexus 5X Build/MMB29P) AppleWebKit/537.36 (KHTML, like Gecko) Chrome/146.0.7680.177 Mobile Safari/537.36 (compatible; Googlebot/2.1; +http://www.google.com/bot.html)"
66.249.66.65 - - [05/Apr/2026:14:15:39 +0200] "GET /m17987040499 HTTP/1.1" 200 18323 "-" "Mozilla/5.0 (Linux; Android 6.0.1; Nexus 5X Build/MMB29P) AppleWebKit/537.36 (KHTML, like Gecko) Chrome/146.0.7680.177 Mobile Safari/537.36 (compatible; Googlebot/2.1; +http://www.google.com/bot.html)"
66.249.66.65 - - [05/Apr/2026:14:15:45 +0200] "GET /m92760958194 HTTP/1.1" 200 18557 "-" "Mozilla/5.0 (Linux; Android 6.0.1; Nexus 5X Build/MMB29P) AppleWebKit/537.36 (KHTML, like Gecko) Chrome/146.0.7680.177 Mobile Safari/537.36 (compatible; Googlebot/2.1; +http://www.google.com/bot.html)"
66.249.66.194 - - [05/Apr/2026:14:15:50 +0200] "GET /m19849055863 HTTP/1.1" 200 17235 "-" "Mozilla/5.0 (Linux; Android 6.0.1; Nexus 5X Build/MMB29P) AppleWebKit/537.36 (KHTML, like Gecko) Chrome/146.0.7680.177 Mobile Safari/537.36 (compatible; Googlebot/2.1; +http://www.google.com/bot.html)"
66.249.66.65 - - [05/Apr/2026:14:15:56 +0200] "GET /m20371911274 HTTP/1.1" 200 17182 "-" "Mozilla/5.0 (Linux; Android 6.0.1; Nexus 5X Build/MMB29P) AppleWebKit/537.36 (KHTML, like Gecko) Chrome/146.0.7680.177 Mobile Safari/537.36 (compatible; Googlebot/2.1; +http://www.google.com/bot.html)"
66.249.66.65 - - [05/Apr/2026:14:16:01 +0200] "GET /commoditys/092036462 HTTP/1.1" 502 552 "-" "Mozilla/5.0 (Linux; Android 6.0.1; Nexus 5X Build/MMB29P) AppleWebKit/537.36 (KHTML, like Gecko) Chrome/146.0.7680.177 Mobile Safari/537.36 (compatible; Googlebot/2.1; +http://www.google.com/bot.html)"
