2a01:239:48a:3900::1 - - [05/Apr/2026:16:13:41 +0200] "GET /wp-login.php HTTP/1.1" 302 0 "https://www.google.com/" "Mozilla/5.0 (Macintosh; Intel Mac OS X 10_15_7) AppleWebKit/605.1.15 (KHTML, like Gecko) Version/17.1 Safari/605.1.15"
2a01:239:48a:3900::1 - - [05/Apr/2026:16:13:41 +0200] "GET /wp-login.php HTTP/1.1" 302 0 "https://www.google.com/" "Mozilla/5.0 (Macintosh; Intel Mac OS X 10_15_7) AppleWebKit/605.1.15 (KHTML, like Gecko) Version/17.1 Safari/605.1.15"
2a01:239:48a:3900::1 - - [05/Apr/2026:16:13:42 +0200] "GET /wp-login.php HTTP/1.1" 302 0 "https://www.google.com/" "Mozilla/5.0 (Macintosh; Intel Mac OS X 10_15_7) AppleWebKit/605.1.15 (KHTML, like Gecko) Version/17.1 Safari/605.1.15"
2a01:239:48a:3900::1 - - [05/Apr/2026:16:13:42 +0200] "GET /wp-login.php HTTP/1.1" 302 0 "https://www.google.com/" "Mozilla/5.0 (Macintosh; Intel Mac OS X 10_15_7) AppleWebKit/605.1.15 (KHTML, like Gecko) Version/17.1 Safari/605.1.15"
2a01:239:48a:3900::1 - - [05/Apr/2026:16:13:42 +0200] "GET /wp-login.php HTTP/1.1" 302 0 "https://www.google.com/" "Mozilla/5.0 (Macintosh; Intel Mac OS X 10_15_7) AppleWebKit/605.1.15 (KHTML, like Gecko) Version/17.1 Safari/605.1.15"
2a01:239:48a:3900::1 - - [05/Apr/2026:16:13:42 +0200] "GET /wp-login.php HTTP/1.1" 302 0 "https://www.google.com/" "Mozilla/5.0 (Macintosh; Intel Mac OS X 10_15_7) AppleWebKit/605.1.15 (KHTML, like Gecko) Version/17.1 Safari/605.1.15"
2a01:239:48a:3900::1 - - [05/Apr/2026:16:13:43 +0200] "GET /wp-login.php HTTP/1.1" 302 0 "https://www.google.com/" "Mozilla/5.0 (Macintosh; Intel Mac OS X 10_15_7) AppleWebKit/605.1.15 (KHTML, like Gecko) Version/17.1 Safari/605.1.15"
2a01:239:48a:3900::1 - - [05/Apr/2026:16:13:43 +0200] "GET /wp-login.php HTTP/1.1" 302 0 "https://www.google.com/" "Mozilla/5.0 (Macintosh; Intel Mac OS X 10_15_7) AppleWebKit/605.1.15 (KHTML, like Gecko) Version/17.1 Safari/605.1.15"
2a01:239:48a:3900::1 - - [05/Apr/2026:16:13:44 +0200] "GET /wp-admin/ HTTP/1.1" 302 0 "https://www.google.com/" "Mozilla/5.0 (Windows NT 10.0; Win64; x64) AppleWebKit/537.36 (KHTML, like Gecko) Chrome/120.0.0.0 Safari/537.36 Edg/120.0.2210.133"
2a01:239:48a:3900::1 - - [05/Apr/2026:16:13:44 +0200] "GET /wp-login.php?redirect_to=https%3A%2F%2Fribari.net%2Fwp-admin%2F&reauth=1 HTTP/1.1" 404 13205 "https://www.google.com/" "Mozilla/5.0 (Windows NT 10.0; Win64; x64) AppleWebKit/537.36 (KHTML, like Gecko) Chrome/120.0.0.0 Safari/537.36 Edg/120.0.2210.133"
54.197.102.71 - - [05/Apr/2026:16:13:54 +0200] "GET /wp-content/themes/Newspaper/includes/shortcodes/td_block_6.php HTTP/1.1" 500 0 "-" "Mozilla/5.0 AppleWebKit/537.36 (KHTML, like Gecko; compatible; Amazonbot/0.1; +https://developer.amazon.com/support/amazonbot) Chrome/119.0.6045.214 Safari/537.36"
161.97.137.93 - - [05/Apr/2026:16:13:56 +0200] "POST /wp-cron.php?doing_wp_cron=1775398436.1248929500579833984375 HTTP/1.1" 404 13203 "https://ribari.net/wp-cron.php?doing_wp_cron=1775398436.1248929500579833984375" "WordPress/4.9.13; https://ribari.net"
66.249.66.65 - - [05/Apr/2026:16:13:56 +0200] "GET /page/46/?p=dgr26zu23861jpulbdqeg HTTP/1.1" 200 13561 "-" "Mozilla/5.0 (Linux; Android 6.0.1; Nexus 5X Build/MMB29P) AppleWebKit/537.36 (KHTML, like Gecko) Chrome/146.0.7680.177 Mobile Safari/537.36 (compatible; Googlebot/2.1; +http://www.google.com/bot.html)"
66.249.66.66 - - [05/Apr/2026:16:14:04 +0200] "GET /commoditys/061011041 HTTP/1.1" 404 13203 "-" "Mozilla/5.0 (Linux; Android 6.0.1; Nexus 5X Build/MMB29P) AppleWebKit/537.36 (KHTML, like Gecko) Chrome/146.0.7680.177 Mobile Safari/537.36 (compatible; Googlebot/2.1; +http://www.google.com/bot.html)"
37.27.51.140 - - [05/Apr/2026:16:14:12 +0200] "GET /%D0%B2-%D0%BA%D0%BE%D0%B8-%D0%BE%D0%B1%D0%B5%D0%BA%D1%82%D0%B8-%D0%BC%D0%BE%D0%B6%D0%B5-%D0%B4%D0%B0-%D0%BB%D0%BE%D0%B2%D0%B8%D1%82%D0%B5-%D1%80%D0%B8%D0%B1%D0%B0-%D0%BF%D1%80%D0%B5%D0%B7-%D0%BD%D0%BE/ HTTP/1.1" 200 19557 "-" "Mozilla/5.0 (compatible; SERankingBacklinksBot/1.0; +https://seranking.com/backlinks-crawler)"
66.249.66.194 - - [05/Apr/2026:16:14:13 +0200] "GET /commoditys/083012315 HTTP/1.1" 404 13203 "-" "Mozilla/5.0 (Linux; Android 6.0.1; Nexus 5X Build/MMB29P) AppleWebKit/537.36 (KHTML, like Gecko) Chrome/146.0.7680.177 Mobile Safari/537.36 (compatible; Googlebot/2.1; +http://www.google.com/bot.html)"
89.252.179.30 - - [05/Apr/2026:16:14:19 +0200] "GET /wp-login.php HTTP/1.1" 302 0 "-" "Mozilla/5.0 (Windows NT 10.0) AppleWebKit/537.36 (KHTML, like Gecko) Chrome/52.0.2743.116 Safari/537.36 Edge/15.15063"
89.252.179.30 - - [05/Apr/2026:16:14:20 +0200] "GET /wp-login.php HTTP/1.1" 302 0 "https://ribari.net/wp-login.php" "Mozilla/5.0 (Windows NT 10.0) AppleWebKit/537.36 (KHTML, like Gecko) Chrome/52.0.2743.116 Safari/537.36 Edge/15.15063"
89.252.179.30 - - [05/Apr/2026:16:14:20 +0200] "GET /wp-login.php HTTP/1.1" 302 0 "https://ribari.net/wp-login.php" "Mozilla/5.0 (Windows NT 10.0) AppleWebKit/537.36 (KHTML, like Gecko) Chrome/52.0.2743.116 Safari/537.36 Edge/15.15063"
89.252.179.30 - - [05/Apr/2026:16:14:20 +0200] "GET /wp-login.php HTTP/1.1" 302 0 "https://ribari.net/wp-login.php" "Mozilla/5.0 (Windows NT 10.0) AppleWebKit/537.36 (KHTML, like Gecko) Chrome/52.0.2743.116 Safari/537.36 Edge/15.15063"
66.249.66.194 - - [05/Apr/2026:16:14:21 +0200] "GET /commoditys/179014393 HTTP/1.1" 404 13202 "-" "Mozilla/5.0 (Linux; Android 6.0.1; Nexus 5X Build/MMB29P) AppleWebKit/537.36 (KHTML, like Gecko) Chrome/146.0.7680.177 Mobile Safari/537.36 (compatible; Googlebot/2.1; +http://www.google.com/bot.html)"
89.252.179.30 - - [05/Apr/2026:16:14:21 +0200] "GET /wp-login.php HTTP/1.1" 302 0 "https://ribari.net/wp-login.php" "Mozilla/5.0 (Windows NT 10.0) AppleWebKit/537.36 (KHTML, like Gecko) Chrome/52.0.2743.116 Safari/537.36 Edge/15.15063"
89.252.179.30 - - [05/Apr/2026:16:14:21 +0200] "GET /wp-login.php HTTP/1.1" 302 0 "https://ribari.net/wp-login.php" "Mozilla/5.0 (Windows NT 10.0) AppleWebKit/537.36 (KHTML, like Gecko) Chrome/52.0.2743.116 Safari/537.36 Edge/15.15063"
52.200.251.20 - - [05/Apr/2026:16:14:22 +0200] "GET /wp-content/themes/Newspaper/includes/block_templates/td_block_template_2.php HTTP/1.1" 500 0 "-" "Mozilla/5.0 AppleWebKit/537.36 (KHTML, like Gecko; compatible; Amazonbot/0.1; +https://developer.amazon.com/support/amazonbot) Chrome/119.0.6045.214 Safari/537.36"
89.252.179.30 - - [05/Apr/2026:16:14:22 +0200] "GET /wp-login.php HTTP/1.1" 302 0 "https://ribari.net/wp-login.php" "Mozilla/5.0 (Windows NT 10.0) AppleWebKit/537.36 (KHTML, like Gecko) Chrome/52.0.2743.116 Safari/537.36 Edge/15.15063"
89.252.179.30 - - [05/Apr/2026:16:14:22 +0200] "GET /wp-login.php HTTP/1.1" 302 0 "https://ribari.net/wp-login.php" "Mozilla/5.0 (Windows NT 10.0) AppleWebKit/537.36 (KHTML, like Gecko) Chrome/52.0.2743.116 Safari/537.36 Edge/15.15063"
66.249.66.161 - - [05/Apr/2026:16:14:23 +0200] "GET /%D1%82%D0%B5%D1%85%D0%BD%D0%B8%D0%BA%D0%B0-%D0%B7%D0%B0-%D1%80%D0%B8%D0%B1%D0%BE%D0%BB%D0%BE%D0%B2-%D0%BD%D0%B0-%D1%81%D0%BE%D0%BC/feed/ HTTP/1.1" 200 519 "-" "Mozilla/5.0 (Linux; Android 6.0.1; Nexus 5X Build/MMB29P) AppleWebKit/537.36 (KHTML, like Gecko) Chrome/146.0.7680.177 Mobile Safari/537.36 (compatible; Googlebot/2.1; +http://www.google.com/bot.html)"
89.252.179.30 - - [05/Apr/2026:16:14:23 +0200] "GET /wp-login.php HTTP/1.1" 302 0 "https://ribari.net/wp-login.php" "Mozilla/5.0 (Windows NT 10.0) AppleWebKit/537.36 (KHTML, like Gecko) Chrome/52.0.2743.116 Safari/537.36 Edge/15.15063"
89.252.179.30 - - [05/Apr/2026:16:14:23 +0200] "GET /wp-login.php HTTP/1.1" 302 0 "https://ribari.net/wp-login.php" "Mozilla/5.0 (Windows NT 10.0) AppleWebKit/537.36 (KHTML, like Gecko) Chrome/52.0.2743.116 Safari/537.36 Edge/15.15063"
37.27.51.140 - - [05/Apr/2026:16:14:25 +0200] "GET /%D1%80%D0%B0%D0%B1%D0%BE%D1%82%D0%B5%D1%89%D0%B0%D1%82%D0%B0-%D0%B7%D0%B0%D1%85%D1%80%D0%B0%D0%BD%D0%BA%D0%B0/ HTTP/1.1" 200 19962 "-" "Mozilla/5.0 (compatible; SERankingBacklinksBot/1.0; +https://seranking.com/backlinks-crawler)"
66.249.66.161 - - [05/Apr/2026:16:14:29 +0200] "GET /commoditys/106034002 HTTP/1.1" 404 13203 "-" "Mozilla/5.0 (Linux; Android 6.0.1; Nexus 5X Build/MMB29P) AppleWebKit/537.36 (KHTML, like Gecko) Chrome/146.0.7680.177 Mobile Safari/537.36 (compatible; Googlebot/2.1; +http://www.google.com/bot.html)"
66.249.66.2 - - [05/Apr/2026:16:14:37 +0200] "GET /commoditys/073041451 HTTP/1.1" 404 13203 "-" "Mozilla/5.0 (Linux; Android 6.0.1; Nexus 5X Build/MMB29P) AppleWebKit/537.36 (KHTML, like Gecko) Chrome/146.0.7680.177 Mobile Safari/537.36 (compatible; Googlebot/2.1; +http://www.google.com/bot.html)"
37.27.51.140 - - [05/Apr/2026:16:14:41 +0200] "GET /%D1%80%D0%B8%D0%B1%D0%B0%D1%80%D1%81%D0%BA%D0%BE-%D0%BE%D0%B1%D0%B5%D0%B4%D0%B8%D0%BD%D0%B5%D0%BD%D0%B8%D0%B5/ HTTP/1.1" 200 20432 "-" "Mozilla/5.0 (compatible; SERankingBacklinksBot/1.0; +https://seranking.com/backlinks-crawler)"
66.249.66.2 - - [05/Apr/2026:16:14:45 +0200] "GET /commoditys/040020786 HTTP/1.1" 404 13203 "-" "Mozilla/5.0 (Linux; Android 6.0.1; Nexus 5X Build/MMB29P) AppleWebKit/537.36 (KHTML, like Gecko) Chrome/146.0.7680.177 Mobile Safari/537.36 (compatible; Googlebot/2.1; +http://www.google.com/bot.html)"
37.27.51.140 - - [05/Apr/2026:16:14:51 +0200] "GET /%D1%80%D0%B8%D0%B1%D0%B0-%D0%BF%D0%BE-%D1%87%D0%BE%D1%80%D0%B1%D0%B0%D0%B4%D0%B6%D0%B8%D0%B9%D1%81%D0%BA%D0%B8/ HTTP/1.1" 200 18820 "-" "Mozilla/5.0 (compatible; SERankingBacklinksBot/1.0; +https://seranking.com/backlinks-crawler)"
66.249.66.65 - - [05/Apr/2026:16:14:53 +0200] "GET /?g=wyu62bj5929uhqagytdu HTTP/1.1" 200 27678 "-" "Mozilla/5.0 (Linux; Android 6.0.1; Nexus 5X Build/MMB29P) AppleWebKit/537.36 (KHTML, like Gecko) Chrome/146.0.7680.177 Mobile Safari/537.36 (compatible; Googlebot/2.1; +http://www.google.com/bot.html)"
66.249.66.41 - - [05/Apr/2026:16:14:54 +0200] "GET /commoditys/040000062 HTTP/1.1" 404 13203 "-" "Mozilla/5.0 (Linux; Android 6.0.1; Nexus 5X Build/MMB29P) AppleWebKit/537.36 (KHTML, like Gecko) Chrome/146.0.7680.177 Mobile Safari/537.36 (compatible; Googlebot/2.1; +http://www.google.com/bot.html)"
161.97.137.93 - - [05/Apr/2026:16:14:57 +0200] "POST /wp-cron.php?doing_wp_cron=1775398497.1317329406738281250000 HTTP/1.1" 404 13203 "https://ribari.net/wp-cron.php?doing_wp_cron=1775398497.1317329406738281250000" "WordPress/4.9.13; https://ribari.net"
66.249.66.194 - - [05/Apr/2026:16:14:57 +0200] "GET /commoditys/032001778 HTTP/1.1" 404 13201 "-" "Mozilla/5.0 (Linux; Android 6.0.1; Nexus 5X Build/MMB29P) AppleWebKit/537.36 (KHTML, like Gecko) Chrome/146.0.7680.177 Mobile Safari/537.36 (compatible; Googlebot/2.1; +http://www.google.com/bot.html)"
116.179.32.197 - - [05/Apr/2026:16:14:59 +0200] "GET /wp-content/uploads/2020/05/96101914_3259194754132396_1064645998095106048_o-1-265x198.jpg HTTP/1.1" 200 17305 "-" "Baiduspider-image+(+http://www.baidu.com/search/spider.htm)"
66.249.66.41 - - [05/Apr/2026:16:15:01 +0200] "GET /commoditys/015006695 HTTP/1.1" 404 13199 "-" "Mozilla/5.0 (Linux; Android 6.0.1; Nexus 5X Build/MMB29P) AppleWebKit/537.36 (KHTML, like Gecko) Chrome/146.0.7680.177 Mobile Safari/537.36 (compatible; Googlebot/2.1; +http://www.google.com/bot.html)"
37.27.51.140 - - [05/Apr/2026:16:15:01 +0200] "GET /%D1%8F%D0%B7%D0%BE%D0%B2%D0%B8%D1%80-%D0%BF%D1%87%D0%B5%D0%BB%D0%B8%D0%BD%D0%B0-%D0%BB%D0%BE%D0%B1%D0%BE%D1%88/ HTTP/1.1" 200 21999 "-" "Mozilla/5.0 (compatible; SERankingBacklinksBot/1.0; +https://seranking.com/backlinks-crawler)"
66.249.66.66 - - [05/Apr/2026:16:15:05 +0200] "GET /commoditys/163023371 HTTP/1.1" 404 13203 "-" "Mozilla/5.0 (Linux; Android 6.0.1; Nexus 5X Build/MMB29P) AppleWebKit/537.36 (KHTML, like Gecko) Chrome/146.0.7680.177 Mobile Safari/537.36 (compatible; Googlebot/2.1; +http://www.google.com/bot.html)"
66.249.66.66 - - [05/Apr/2026:16:15:08 +0200] "GET /commoditys/130030482 HTTP/1.1" 404 13203 "-" "Mozilla/5.0 (Linux; Android 6.0.1; Nexus 5X Build/MMB29P) AppleWebKit/537.36 (KHTML, like Gecko) Chrome/146.0.7680.177 Mobile Safari/537.36 (compatible; Googlebot/2.1; +http://www.google.com/bot.html)"
37.27.51.140 - - [05/Apr/2026:16:15:18 +0200] "GET /%D0%B4%D0%BE-1-%D0%BD%D0%BE%D0%B5%D0%BC%D0%B2%D1%80%D0%B8-%D1%80%D0%B8%D0%B1%D0%B0%D1%80%D0%B8%D1%82%D0%B5-%D0%BC%D0%BE%D0%B6%D0%B5-%D0%B4%D0%B0-%D0%B7%D0%B0%D0%BC%D1%8F%D1%82%D0%B0%D1%82-%D0%B2%D1%8A/ HTTP/1.1" 200 21574 "-" "Mozilla/5.0 (compatible; SERankingBacklinksBot/1.0; +https://seranking.com/backlinks-crawler)"
66.249.66.161 - - [05/Apr/2026:16:15:20 +0200] "GET /commoditys/015012365 HTTP/1.1" 404 13204 "-" "Mozilla/5.0 (Linux; Android 6.0.1; Nexus 5X Build/MMB29P) AppleWebKit/537.36 (KHTML, like Gecko) Chrome/146.0.7680.177 Mobile Safari/537.36 (compatible; Googlebot/2.1; +http://www.google.com/bot.html)"
66.249.66.65 - - [05/Apr/2026:16:15:24 +0200] "GET /commoditys/232028896 HTTP/1.1" 404 13203 "-" "Mozilla/5.0 (Linux; Android 6.0.1; Nexus 5X Build/MMB29P) AppleWebKit/537.36 (KHTML, like Gecko) Chrome/146.0.7680.177 Mobile Safari/537.36 (compatible; Googlebot/2.1; +http://www.google.com/bot.html)"
50.17.193.48 - - [05/Apr/2026:16:15:26 +0200] "GET /wp-content/themes/Newspaper/includes/shortcodes/td_block_popular_categories.php HTTP/1.1" 500 0 "-" "Mozilla/5.0 AppleWebKit/537.36 (KHTML, like Gecko; compatible; Amazonbot/0.1; +https://developer.amazon.com/support/amazonbot) Chrome/119.0.6045.214 Safari/537.36"
66.249.66.161 - - [05/Apr/2026:16:15:28 +0200] "GET /commoditys/119000547 HTTP/1.1" 404 13206 "-" "Mozilla/5.0 (Linux; Android 6.0.1; Nexus 5X Build/MMB29P) AppleWebKit/537.36 (KHTML, like Gecko) Chrome/146.0.7680.177 Mobile Safari/537.36 (compatible; Googlebot/2.1; +http://www.google.com/bot.html)"
37.27.51.140 - - [05/Apr/2026:16:15:30 +0200] "GET /%D0%B1%D0%BB%D0%B0%D0%B3%D0%B0-%D0%B2%D0%B5%D1%81%D1%82-%D0%B7%D0%B0-%D1%81%D1%82%D1%83%D0%B4%D0%B5%D0%BD%D0%B0/ HTTP/1.1" 200 18981 "-" "Mozilla/5.0 (compatible; SERankingBacklinksBot/1.0; +https://seranking.com/backlinks-crawler)"
66.249.66.41 - - [05/Apr/2026:16:15:32 +0200] "GET /commoditys/070011726 HTTP/1.1" 404 13205 "-" "Mozilla/5.0 (Linux; Android 6.0.1; Nexus 5X Build/MMB29P) AppleWebKit/537.36 (KHTML, like Gecko) Chrome/146.0.7680.177 Mobile Safari/537.36 (compatible; Googlebot/2.1; +http://www.google.com/bot.html)"
66.249.66.161 - - [05/Apr/2026:16:15:40 +0200] "GET /commoditys/155020791 HTTP/1.1" 404 13202 "-" "Mozilla/5.0 (Linux; Android 6.0.1; Nexus 5X Build/MMB29P) AppleWebKit/537.36 (KHTML, like Gecko) Chrome/146.0.7680.177 Mobile Safari/537.36 (compatible; Googlebot/2.1; +http://www.google.com/bot.html)"
37.27.51.140 - - [05/Apr/2026:16:15:45 +0200] "GET /%D0%BF%D0%BB%D1%83%D0%B2%D0%BA%D0%B0-%D0%B7%D0%B0-%D0%BF%D0%BB%D0%B8%D1%82%D0%BA%D0%B0-%D0%B2%D0%BE%D0%B4%D0%B0/ HTTP/1.1" 200 20866 "-" "Mozilla/5.0 (compatible; SERankingBacklinksBot/1.0; +https://seranking.com/backlinks-crawler)"
66.249.66.65 - - [05/Apr/2026:16:15:48 +0200] "GET /commoditys/070011584 HTTP/1.1" 404 13203 "-" "Mozilla/5.0 (Linux; Android 6.0.1; Nexus 5X Build/MMB29P) AppleWebKit/537.36 (KHTML, like Gecko) Chrome/146.0.7680.177 Mobile Safari/537.36 (compatible; Googlebot/2.1; +http://www.google.com/bot.html)"
37.27.51.140 - - [05/Apr/2026:16:15:55 +0200] "GET /%D1%85%D0%B8%D0%B6%D0%B0-%D0%B7%D0%B0-%D0%B7%D0%B8%D0%BC%D0%B5%D0%BD-%D1%80%D0%B8%D0%B1%D0%BE%D0%BB%D0%BE%D0%B2/ HTTP/1.1" 200 19090 "-" "Mozilla/5.0 (compatible; SERankingBacklinksBot/1.0; +https://seranking.com/backlinks-crawler)"
66.249.66.194 - - [05/Apr/2026:16:15:56 +0200] "GET /commoditys/084024112 HTTP/1.1" 404 13201 "-" "Mozilla/5.0 (Linux; Android 6.0.1; Nexus 5X Build/MMB29P) AppleWebKit/537.36 (KHTML, like Gecko) Chrome/146.0.7680.177 Mobile Safari/537.36 (compatible; Googlebot/2.1; +http://www.google.com/bot.html)"
161.97.137.93 - - [05/Apr/2026:16:16:04 +0200] "POST /wp-cron.php?doing_wp_cron=1775398563.9882099628448486328125 HTTP/1.1" 404 13203 "https://ribari.net/wp-cron.php?doing_wp_cron=1775398563.9882099628448486328125" "WordPress/4.9.13; https://ribari.net"
66.249.66.4 - - [05/Apr/2026:16:16:04 +0200] "GET /%D0%B7%D1%80%D0%B5%D0%BD%D0%B8%D0%B5%D1%82%D0%BE-%D0%BD%D0%B0-%D1%80%D0%B8%D0%B1%D0%B8%D1%82%D0%B5-%D0%BA%D0%B0%D0%BA%D0%B2%D0%BE-%D1%82%D1%80%D1%8F%D0%B1%D0%B2%D0%B0-%D0%B4%D0%B0-%D0%B7%D0%BD%D0%B0/ HTTP/1.1" 200 20185 "-" "Mozilla/5.0 (Linux; Android 6.0.1; Nexus 5X Build/MMB29P) AppleWebKit/537.36 (KHTML, like Gecko) Chrome/146.0.7680.177 Mobile Safari/537.36 (compatible; Googlebot/2.1; +http://www.google.com/bot.html)"
37.27.51.140 - - [05/Apr/2026:16:16:11 +0200] "GET /%D1%81%D0%B0%D1%84%D1%80%D0%B8%D0%B4-%D0%BD%D0%B0-%D1%84%D1%83%D1%80%D0%BD%D0%B0-%D1%81-%D0%B3%D1%8A%D0%B1%D0%B8/ HTTP/1.1" 200 18565 "-" "Mozilla/5.0 (compatible; SERankingBacklinksBot/1.0; +https://seranking.com/backlinks-crawler)"
66.249.66.194 - - [05/Apr/2026:16:16:18 +0200] "GET /m22974499252 HTTP/1.1" 404 13203 "-" "Mozilla/5.0 (Linux; Android 6.0.1; Nexus 5X Build/MMB29P) AppleWebKit/537.36 (KHTML, like Gecko) Chrome/146.0.7680.177 Mobile Safari/537.36 (compatible; Googlebot/2.1; +http://www.google.com/bot.html)"
66.249.66.2 - - [05/Apr/2026:16:16:19 +0200] "GET /commoditys/035041141 HTTP/1.1" 404 13203 "-" "Mozilla/5.0 (Linux; Android 6.0.1; Nexus 5X Build/MMB29P) AppleWebKit/537.36 (KHTML, like Gecko) Chrome/146.0.7680.177 Mobile Safari/537.36 (compatible; Googlebot/2.1; +http://www.google.com/bot.html)"
185.191.171.6 - - [05/Apr/2026:16:16:23 +0200] "GET /tag/%D1%80%D0%B8%D0%B1%D0%B0%D1%80%D0%B8-%D1%81-%D0%BC%D1%80%D0%B5%D0%B6%D0%B8/page/19/ HTTP/1.1" 200 16487 "-" "Mozilla/5.0 (compatible; SemrushBot/7~bl; +http://www.semrush.com/bot.html)"
66.249.66.2 - - [05/Apr/2026:16:16:27 +0200] "GET /?h=nmzh66weziq87icpztlf HTTP/1.1" 200 27089 "-" "Mozilla/5.0 (Linux; Android 6.0.1; Nexus 5X Build/MMB29P) AppleWebKit/537.36 (KHTML, like Gecko) Chrome/146.0.7680.177 Mobile Safari/537.36 (compatible; Googlebot/2.1; +http://www.google.com/bot.html)"
37.27.51.140 - - [05/Apr/2026:16:16:28 +0200] "GET /%D0%B8%D0%BD%D1%81%D0%BF%D0%B5%D0%BA%D1%82%D0%BE%D1%80%D0%B8-%D0%BD%D0%B0-%D0%B8%D0%B0%D1%80%D0%B0-%D0%B1%D1%83%D1%80%D0%B3%D0%B0%D1%81-%D1%81-%D0%BC%D0%B0%D1%89%D0%B0%D0%B1%D0%BD%D0%B0-%D0%B0%D0%BA-2/ HTTP/1.1" 200 20415 "-" "Mozilla/5.0 (compatible; SERankingBacklinksBot/1.0; +https://seranking.com/backlinks-crawler)"
66.249.66.41 - - [05/Apr/2026:16:16:28 +0200] "GET /commoditys/198012832 HTTP/1.1" 404 13203 "-" "Mozilla/5.0 (Linux; Android 6.0.1; Nexus 5X Build/MMB29P) AppleWebKit/537.36 (KHTML, like Gecko) Chrome/146.0.7680.177 Mobile Safari/537.36 (compatible; Googlebot/2.1; +http://www.google.com/bot.html)"
220.181.51.85 - - [05/Apr/2026:16:16:29 +0200] "GET /wp-content/uploads/2020/05/eeded-356x364.png HTTP/1.1" 200 174294 "-" "Mozilla/5.0 (Windows NT 10.0; WOW64) AppleWebKit/537.36 (KHTML, like Gecko) Chrome/48.0.2564.116 Safari/537.36"
66.249.66.161 - - [05/Apr/2026:16:16:30 +0200] "GET /?jp/164034275.html HTTP/1.1" 301 0 "-" "Mozilla/5.0 (Linux; Android 6.0.1; Nexus 5X Build/MMB29P) AppleWebKit/537.36 (KHTML, like Gecko) Chrome/146.0.7680.177 Mobile Safari/537.36 (compatible; Googlebot/2.1; +http://www.google.com/bot.html)"
66.249.66.161 - - [05/Apr/2026:16:16:31 +0200] "GET /commoditys/165004807 HTTP/1.1" 404 13199 "-" "Mozilla/5.0 (Linux; Android 6.0.1; Nexus 5X Build/MMB29P) AppleWebKit/537.36 (KHTML, like Gecko) Chrome/146.0.7680.177 Mobile Safari/537.36 (compatible; Googlebot/2.1; +http://www.google.com/bot.html)"
66.249.66.161 - - [05/Apr/2026:16:16:32 +0200] "GET /?jp/164034275_html HTTP/1.1" 200 27632 "-" "Mozilla/5.0 (Linux; Android 6.0.1; Nexus 5X Build/MMB29P) AppleWebKit/537.36 (KHTML, like Gecko) Chrome/146.0.7680.177 Mobile Safari/537.36 (compatible; Googlebot/2.1; +http://www.google.com/bot.html)"
66.249.66.161 - - [05/Apr/2026:16:16:35 +0200] "GET /commoditys/203018807 HTTP/1.1" 404 13203 "-" "Mozilla/5.0 (Linux; Android 6.0.1; Nexus 5X Build/MMB29P) AppleWebKit/537.36 (KHTML, like Gecko) Chrome/146.0.7680.177 Mobile Safari/537.36 (compatible; Googlebot/2.1; +http://www.google.com/bot.html)"
2a03:2880:f806:44:: - - [05/Apr/2026:16:16:38 +0200] "GET /prizes/209348238 HTTP/1.1" 404 13203 "-" "meta-externalagent/1.1 (+https://developers.facebook.com/docs/sharing/webmasters/crawler)"
37.27.51.140 - - [05/Apr/2026:16:16:41 +0200] "GET /category/%D1%81%D1%82%D1%80%D1%8A%D0%B2-%D0%B8-%D0%B7%D0%B0%D1%85%D1%80%D0%B0%D0%BD%D0%BA%D0%B0/?filter_by=popular HTTP/1.1" 200 17547 "-" "Mozilla/5.0 (compatible; SERankingBacklinksBot/1.0; +https://seranking.com/backlinks-crawler)"
66.249.66.194 - - [05/Apr/2026:16:16:43 +0200] "GET /commoditys/028028018 HTTP/1.1" 404 13203 "-" "Mozilla/5.0 (Linux; Android 6.0.1; Nexus 5X Build/MMB29P) AppleWebKit/537.36 (KHTML, like Gecko) Chrome/146.0.7680.177 Mobile Safari/537.36 (compatible; Googlebot/2.1; +http://www.google.com/bot.html)"
66.249.66.65 - - [05/Apr/2026:16:16:50 +0200] "GET /commoditys/177012365 HTTP/1.1" 404 13202 "-" "Mozilla/5.0 (Linux; Android 6.0.1; Nexus 5X Build/MMB29P) AppleWebKit/537.36 (KHTML, like Gecko) Chrome/146.0.7680.177 Mobile Safari/537.36 (compatible; Googlebot/2.1; +http://www.google.com/bot.html)"
37.27.51.140 - - [05/Apr/2026:16:16:52 +0200] "GET /category/%D1%81%D1%82%D1%80%D1%8A%D0%B2-%D0%B8-%D0%B7%D0%B0%D1%85%D1%80%D0%B0%D0%BD%D0%BA%D0%B0/?filter_by=featured HTTP/1.1" 200 17649 "-" "Mozilla/5.0 (compatible; SERankingBacklinksBot/1.0; +https://seranking.com/backlinks-crawler)"
66.249.66.65 - - [05/Apr/2026:16:16:58 +0200] "GET /commoditys/032049402 HTTP/1.1" 404 13203 "-" "Mozilla/5.0 (Linux; Android 6.0.1; Nexus 5X Build/MMB29P) AppleWebKit/537.36 (KHTML, like Gecko) Chrome/146.0.7680.177 Mobile Safari/537.36 (compatible; Googlebot/2.1; +http://www.google.com/bot.html)"
66.249.66.2 - - [05/Apr/2026:16:17:00 +0200] "GET /%D1%80%D0%B8%D0%B1%D0%BE%D0%BB%D0%BE%D0%B2-%D0%BD%D0%B0-%D1%81%D0%BA%D0%BE%D0%B1%D0%B0%D1%80-%D0%BD%D0%B0-%D1%80%D0%B5%D0%BA%D0%B0-%D1%81%D1%82%D1%80%D1%83%D0%BC%D0%B0/feed/ HTTP/1.1" 200 546 "-" "Mozilla/5.0 (Linux; Android 6.0.1; Nexus 5X Build/MMB29P) AppleWebKit/537.36 (KHTML, like Gecko) Chrome/146.0.7680.177 Mobile Safari/537.36 (compatible; Googlebot/2.1; +http://www.google.com/bot.html)"
161.97.137.93 - - [05/Apr/2026:16:17:06 +0200] "POST /wp-cron.php?doing_wp_cron=1775398626.5335230827331542968750 HTTP/1.1" 404 13203 "https://ribari.net/wp-cron.php?doing_wp_cron=1775398626.5335230827331542968750" "WordPress/4.9.13; https://ribari.net"
66.249.66.2 - - [05/Apr/2026:16:17:07 +0200] "GET /commoditys/167005015 HTTP/1.1" 404 13201 "-" "Mozilla/5.0 (Linux; Android 6.0.1; Nexus 5X Build/MMB29P) AppleWebKit/537.36 (KHTML, like Gecko) Chrome/146.0.7680.177 Mobile Safari/537.36 (compatible; Googlebot/2.1; +http://www.google.com/bot.html)"
37.27.51.140 - - [05/Apr/2026:16:17:08 +0200] "GET /category/%D1%81%D1%82%D1%80%D1%8A%D0%B2-%D0%B8-%D0%B7%D0%B0%D1%85%D1%80%D0%B0%D0%BD%D0%BA%D0%B0/?filter_by=popular7 HTTP/1.1" 200 13309 "-" "Mozilla/5.0 (compatible; SERankingBacklinksBot/1.0; +https://seranking.com/backlinks-crawler)"
66.249.66.194 - - [05/Apr/2026:16:17:14 +0200] "GET /commoditys/087015697 HTTP/1.1" 404 13203 "-" "Mozilla/5.0 (Linux; Android 6.0.1; Nexus 5X Build/MMB29P) AppleWebKit/537.36 (KHTML, like Gecko) Chrome/146.0.7680.177 Mobile Safari/537.36 (compatible; Googlebot/2.1; +http://www.google.com/bot.html)"
66.249.66.194 - - [05/Apr/2026:16:17:22 +0200] "GET /commoditys/094016066 HTTP/1.1" 404 13203 "-" "Mozilla/5.0 (Linux; Android 6.0.1; Nexus 5X Build/MMB29P) AppleWebKit/537.36 (KHTML, like Gecko) Chrome/146.0.7680.177 Mobile Safari/537.36 (compatible; Googlebot/2.1; +http://www.google.com/bot.html)"
100.24.149.244 - - [05/Apr/2026:16:17:26 +0200] "GET /wp-content/themes/Newspaper/includes/shortcodes/td_block_11.php HTTP/1.1" 500 0 "-" "Mozilla/5.0 AppleWebKit/537.36 (KHTML, like Gecko; compatible; Amazonbot/0.1; +https://developer.amazon.com/support/amazonbot) Chrome/119.0.6045.214 Safari/537.36"
37.27.51.140 - - [05/Apr/2026:16:17:27 +0200] "GET /%D0%B0%D0%BC%D0%B5%D1%80%D0%B8%D0%BA%D0%B0%D0%BD%D1%81%D0%BA%D0%B0-%D0%BF%D1%8A%D1%81%D1%82%D1%8A%D1%80%D0%B2%D0%B0/ HTTP/1.1" 200 19337 "-" "Mozilla/5.0 (compatible; SERankingBacklinksBot/1.0; +https://seranking.com/backlinks-crawler)"
66.249.66.194 - - [05/Apr/2026:16:17:30 +0200] "GET /commoditys/045017679 HTTP/1.1" 404 13203 "-" "Mozilla/5.0 (Linux; Android 6.0.1; Nexus 5X Build/MMB29P) AppleWebKit/537.36 (KHTML, like Gecko) Chrome/146.0.7680.177 Mobile Safari/537.36 (compatible; Googlebot/2.1; +http://www.google.com/bot.html)"
66.249.66.194 - - [05/Apr/2026:16:17:37 +0200] "GET /commoditys/206013582 HTTP/1.1" 404 13203 "-" "Mozilla/5.0 (Linux; Android 6.0.1; Nexus 5X Build/MMB29P) AppleWebKit/537.36 (KHTML, like Gecko) Chrome/146.0.7680.177 Mobile Safari/537.36 (compatible; Googlebot/2.1; +http://www.google.com/bot.html)"
37.27.51.140 - - [05/Apr/2026:16:17:39 +0200] "GET /%D0%BD%D0%B0-%D0%B1%D1%80%D0%B5%D0%B3%D0%B0-%D0%BD%D0%B0-%D1%8F%D0%B7%D0%BE%D0%B2%D0%B8%D1%80%D0%B0-%D1%81%D0%B5%D0%B4%D0%B8-%D1%80%D0%B8%D0%B1%D0%B0%D1%80-%D0%B8-%D0%B4%D1%8A%D1%80%D0%B6%D0%B8-%D0%B2/ HTTP/1.1" 200 18537 "-" "Mozilla/5.0 (compatible; SERankingBacklinksBot/1.0; +https://seranking.com/backlinks-crawler)"
66.249.66.161 - - [05/Apr/2026:16:17:39 +0200] "GET /commoditys/042000124 HTTP/1.1" 404 13204 "-" "Mozilla/5.0 (Linux; Android 6.0.1; Nexus 5X Build/MMB29P) AppleWebKit/537.36 (KHTML, like Gecko) Chrome/146.0.7680.177 Mobile Safari/537.36 (compatible; Googlebot/2.1; +http://www.google.com/bot.html)"
66.249.66.194 - - [05/Apr/2026:16:17:45 +0200] "GET /commoditys/006008936 HTTP/1.1" 404 13204 "-" "Mozilla/5.0 (Linux; Android 6.0.1; Nexus 5X Build/MMB29P) AppleWebKit/537.36 (KHTML, like Gecko) Chrome/146.0.7680.177 Mobile Safari/537.36 (compatible; Googlebot/2.1; +http://www.google.com/bot.html)"
220.181.108.177 - - [05/Apr/2026:16:17:49 +0200] "GET /wp-content/uploads/2020/031/ESqWVqiXgAEIBtZ-1583832424726-534x462.jpeg HTTP/1.1" 200 30665 "-" "Baiduspider-image+(+http://www.baidu.com/search/spider.htm)"
37.27.51.140 - - [05/Apr/2026:16:17:50 +0200] "GET /category/%D1%81%D1%82%D1%80%D1%8A%D0%B2-%D0%B8-%D0%B7%D0%B0%D1%85%D1%80%D0%B0%D0%BD%D0%BA%D0%B0/?filter_by=review_high HTTP/1.1" 200 13307 "-" "Mozilla/5.0 (compatible; SERankingBacklinksBot/1.0; +https://seranking.com/backlinks-crawler)"
66.249.66.41 - - [05/Apr/2026:16:17:53 +0200] "GET /commoditys/063003305 HTTP/1.1" 404 13203 "-" "Mozilla/5.0 (Linux; Android 6.0.1; Nexus 5X Build/MMB29P) AppleWebKit/537.36 (KHTML, like Gecko) Chrome/146.0.7680.177 Mobile Safari/537.36 (compatible; Googlebot/2.1; +http://www.google.com/bot.html)"
66.249.66.167 - - [05/Apr/2026:16:18:05 +0200] "GET /commoditys/076036926 HTTP/1.1" 404 13203 "-" "Mozilla/5.0 (Linux; Android 6.0.1; Nexus 5X Build/MMB29P) AppleWebKit/537.36 (KHTML, like Gecko) Chrome/146.0.7680.177 Mobile Safari/537.36 (compatible; Googlebot/2.1; +http://www.google.com/bot.html)"
37.27.51.140 - - [05/Apr/2026:16:18:06 +0200] "GET /%D0%B1%D1%80%D0%B0%D1%88%D0%BD%D0%BE-%D0%B7%D0%B0-%D0%BD%D0%B5%D1%85%D0%B8%D1%89%D0%BD%D0%B8-%D1%80%D0%B8%D0%B1%D0%B8/ HTTP/1.1" 200 20991 "-" "Mozilla/5.0 (compatible; SERankingBacklinksBot/1.0; +https://seranking.com/backlinks-crawler)"
161.97.137.93 - - [05/Apr/2026:16:18:07 +0200] "POST /wp-cron.php?doing_wp_cron=1775398686.6234629154205322265625 HTTP/1.1" 404 13205 "https://ribari.net/wp-cron.php?doing_wp_cron=1775398686.6234629154205322265625" "WordPress/4.9.13; https://ribari.net"
66.249.66.165 - - [05/Apr/2026:16:18:07 +0200] "GET /?z=gevi7i576kxlzgw HTTP/1.1" 200 27672 "-" "Mozilla/5.0 (Linux; Android 6.0.1; Nexus 5X Build/MMB29P) AppleWebKit/537.36 (KHTML, like Gecko) Chrome/146.0.7680.177 Mobile Safari/537.36 (compatible; Googlebot/2.1; +http://www.google.com/bot.html)"
66.249.66.7 - - [05/Apr/2026:16:18:09 +0200] "GET /commoditys/033004631 HTTP/1.1" 404 13204 "-" "Mozilla/5.0 (Linux; Android 6.0.1; Nexus 5X Build/MMB29P) AppleWebKit/537.36 (KHTML, like Gecko) Chrome/146.0.7680.177 Mobile Safari/537.36 (compatible; Googlebot/2.1; +http://www.google.com/bot.html)"
37.27.51.140 - - [05/Apr/2026:16:18:18 +0200] "GET /category/%D1%81%D1%82%D1%80%D1%8A%D0%B2-%D0%B8-%D0%B7%D0%B0%D1%85%D1%80%D0%B0%D0%BD%D0%BA%D0%B0/?filter_by=random_posts HTTP/1.1" 200 17299 "-" "Mozilla/5.0 (compatible; SERankingBacklinksBot/1.0; +https://seranking.com/backlinks-crawler)"
66.249.66.165 - - [05/Apr/2026:16:18:31 +0200] "GET /commoditys/001000777 HTTP/1.1" 404 13199 "-" "Mozilla/5.0 (Linux; Android 6.0.1; Nexus 5X Build/MMB29P) AppleWebKit/537.36 (KHTML, like Gecko) Chrome/146.0.7680.177 Mobile Safari/537.36 (compatible; Googlebot/2.1; +http://www.google.com/bot.html)"
37.27.51.140 - - [05/Apr/2026:16:18:33 +0200] "GET /%D0%B1%D1%8F%D0%BB%D0%B0-%D1%80%D0%B8%D0%B1%D0%B0-%D0%BD%D0%B0-%D0%B6%D0%B8%D0%B2%D0%B0-%D1%81%D1%82%D1%80%D1%8A%D0%B2/ HTTP/1.1" 200 20035 "-" "Mozilla/5.0 (compatible; SERankingBacklinksBot/1.0; +https://seranking.com/backlinks-crawler)"
66.249.66.204 - - [05/Apr/2026:16:18:35 +0200] "GET /commoditys/001004745 HTTP/1.1" 404 13203 "-" "Mozilla/5.0 (Linux; Android 6.0.1; Nexus 5X Build/MMB29P) AppleWebKit/537.36 (KHTML, like Gecko) Chrome/146.0.7680.177 Mobile Safari/537.36 (compatible; Googlebot/2.1; +http://www.google.com/bot.html)"
44.216.172.204 - - [05/Apr/2026:16:18:38 +0200] "GET /wp-content/themes/Newspaper/includes/demos/blog_beauty/td_media_5.php HTTP/1.1" 500 0 "-" "Mozilla/5.0 AppleWebKit/537.36 (KHTML, like Gecko; compatible; Amazonbot/0.1; +https://developer.amazon.com/support/amazonbot) Chrome/119.0.6045.214 Safari/537.36"
66.249.66.69 - - [05/Apr/2026:16:18:43 +0200] "GET /commoditys/032039446 HTTP/1.1" 404 13203 "-" "Mozilla/5.0 (Linux; Android 6.0.1; Nexus 5X Build/MMB29P) AppleWebKit/537.36 (KHTML, like Gecko) Chrome/146.0.7680.177 Mobile Safari/537.36 (compatible; Googlebot/2.1; +http://www.google.com/bot.html)"
66.249.66.6 - - [05/Apr/2026:16:18:44 +0200] "GET /index.php?prizes/53965602 HTTP/1.1" 301 0 "-" "Mozilla/5.0 (Linux; Android 6.0.1; Nexus 5X Build/MMB29P) AppleWebKit/537.36 (KHTML, like Gecko) Chrome/146.0.7680.177 Mobile Safari/537.36 (compatible; Googlebot/2.1; +http://www.google.com/bot.html)"
66.249.66.165 - - [05/Apr/2026:16:18:45 +0200] "GET /?prizes/53965602 HTTP/1.1" 200 26932 "-" "Mozilla/5.0 (Linux; Android 6.0.1; Nexus 5X Build/MMB29P) AppleWebKit/537.36 (KHTML, like Gecko) Chrome/146.0.7680.177 Mobile Safari/537.36 (compatible; Googlebot/2.1; +http://www.google.com/bot.html)"
66.249.66.6 - - [05/Apr/2026:16:18:47 +0200] "GET /commoditys/122041296 HTTP/1.1" 404 13203 "-" "Mozilla/5.0 (Linux; Android 6.0.1; Nexus 5X Build/MMB29P) AppleWebKit/537.36 (KHTML, like Gecko) Chrome/146.0.7680.177 Mobile Safari/537.36 (compatible; Googlebot/2.1; +http://www.google.com/bot.html)"
37.27.51.140 - - [05/Apr/2026:16:18:50 +0200] "GET /%D1%80%D0%B8%D0%B1%D0%B0%D1%80-%D0%BE%D1%82-%D1%88%D1%83%D0%BC%D0%B5%D0%BD-%D1%81%D0%B5-%D1%80%D0%B0%D0%B7%D0%B4%D0%B5%D0%BB%D0%B8-%D1%81-%D0%BD%D0%B0%D0%B9-%D0%BC%D0%B8%D0%BB%D0%BE%D1%82%D0%BE-%D1%81/ HTTP/1.1" 200 19953 "-" "Mozilla/5.0 (compatible; SERankingBacklinksBot/1.0; +https://seranking.com/backlinks-crawler)"
66.249.66.6 - - [05/Apr/2026:16:18:51 +0200] "GET /commoditys/260010776 HTTP/1.1" 404 13199 "-" "Mozilla/5.0 (Linux; Android 6.0.1; Nexus 5X Build/MMB29P) AppleWebKit/537.36 (KHTML, like Gecko) Chrome/146.0.7680.177 Mobile Safari/537.36 (compatible; Googlebot/2.1; +http://www.google.com/bot.html)"
66.249.66.6 - - [05/Apr/2026:16:18:56 +0200] "GET /commoditys/062001068 HTTP/1.1" 404 13203 "-" "Mozilla/5.0 (Linux; Android 6.0.1; Nexus 5X Build/MMB29P) AppleWebKit/537.36 (KHTML, like Gecko) Chrome/146.0.7680.177 Mobile Safari/537.36 (compatible; Googlebot/2.1; +http://www.google.com/bot.html)"
161.97.137.93 - - [05/Apr/2026:16:19:08 +0200] "POST /wp-cron.php?doing_wp_cron=1775398748.3023331165313720703125 HTTP/1.1" 404 13203 "https://ribari.net/wp-cron.php?doing_wp_cron=1775398748.3023331165313720703125" "WordPress/4.9.13; https://ribari.net"
37.27.51.140 - - [05/Apr/2026:16:19:08 +0200] "GET /%D1%84%D0%B8%D0%BB%D0%B5%D1%82%D0%B0-%D0%BE%D1%82-%D1%88%D0%B0%D1%80%D0%B0%D0%BD-%D1%81%D1%8A%D1%81-%D1%81%D0%BE%D1%81/ HTTP/1.1" 200 19119 "-" "Mozilla/5.0 (compatible; SERankingBacklinksBot/1.0; +https://seranking.com/backlinks-crawler)"
220.181.108.174 - - [05/Apr/2026:16:19:15 +0200] "GET /wp-content/uploads/2020/05/d180d0b8d0b1d0b0d180d0b8-d0bdd0b5d0b4d0bed0b2d0bed0bbd181d182d0b2d0b0d182-d0b2-d180d183d0bcd18ad0bdd0b8d18f-d0bbd0bed0b2d18fd182-d0bf-696x423.jpg HTTP/1.1" 200 50458 "-" "Baiduspider-image+(+http://www.baidu.com/search/spider.htm)"
37.27.51.140 - - [05/Apr/2026:16:19:21 +0200] "GET /%D1%81%D0%B8%D0%BB%D0%B8%D0%BA%D0%BE%D0%BD%D0%BE%D0%B2%D0%B8%D1%82%D0%B5-%D0%BF%D1%80%D0%B8%D0%BC%D0%B0%D0%BC%D0%BA%D0%B8/ HTTP/1.1" 200 20644 "-" "Mozilla/5.0 (compatible; SERankingBacklinksBot/1.0; +https://seranking.com/backlinks-crawler)"
66.249.66.193 - - [05/Apr/2026:16:19:37 +0200] "GET /tag/%D1%80%D0%B8%D0%B1%D0%BE%D0%BB%D0%BE%D0%B2-%D0%BD%D0%B0-%D1%87%D0%B5%D1%80%D0%BD%D0%BE%D0%BC%D0%BE%D1%80%D1%81%D0%BA%D0%B0-%D0%B0%D0%BA%D1%83%D0%BB%D0%B0/feed/ HTTP/1.1" 200 2752 "-" "Mozilla/5.0 (Linux; Android 6.0.1; Nexus 5X Build/MMB29P) AppleWebKit/537.36 (KHTML, like Gecko) Chrome/146.0.7680.177 Mobile Safari/537.36 (compatible; Googlebot/2.1; +http://www.google.com/bot.html)"
66.249.66.165 - - [05/Apr/2026:16:19:41 +0200] "GET /commoditys/277043559 HTTP/1.1" 404 13196 "-" "Mozilla/5.0 (Linux; Android 6.0.1; Nexus 5X Build/MMB29P) AppleWebKit/537.36 (KHTML, like Gecko) Chrome/146.0.7680.177 Mobile Safari/537.36 (compatible; Googlebot/2.1; +http://www.google.com/bot.html)"
66.249.66.7 - - [05/Apr/2026:16:19:45 +0200] "GET /commoditys/030001560 HTTP/1.1" 404 13204 "-" "Mozilla/5.0 (Linux; Android 6.0.1; Nexus 5X Build/MMB29P) AppleWebKit/537.36 (KHTML, like Gecko) Chrome/146.0.7680.177 Mobile Safari/537.36 (compatible; Googlebot/2.1; +http://www.google.com/bot.html)"
3.89.176.255 - - [05/Apr/2026:16:19:46 +0200] "GET /wp-content/themes/Newspaper/includes/demos/cafe/?C=S;O%3DA HTTP/1.1" 200 514 "-" "Mozilla/5.0 AppleWebKit/537.36 (KHTML, like Gecko; compatible; Amazonbot/0.1; +https://developer.amazon.com/support/amazonbot) Chrome/119.0.6045.214 Safari/537.36"
66.249.66.166 - - [05/Apr/2026:16:19:49 +0200] "GET /commoditys/075009953 HTTP/1.1" 404 13203 "-" "Mozilla/5.0 (Linux; Android 6.0.1; Nexus 5X Build/MMB29P) AppleWebKit/537.36 (KHTML, like Gecko) Chrome/146.0.7680.177 Mobile Safari/537.36 (compatible; Googlebot/2.1; +http://www.google.com/bot.html)"
68.221.75.25 - - [05/Apr/2026:16:19:57 +0200] "GET / HTTP/1.1" 200 27517 "-" "Mozilla/5.0 AppleWebKit/537.36 (KHTML, like Gecko); compatible; ChatGPT-User/1.0; +https://openai.com/bot"
37.27.51.140 - - [05/Apr/2026:16:19:59 +0200] "GET /%D0%B2%D0%B8%D0%B4%D0%BE%D0%B2%D0%B5-%D0%BC%D0%BE%D1%80%D1%81%D0%BA%D0%B8-%D0%BF%D1%80%D0%B8%D0%BC%D0%B0%D0%BC%D0%BA%D0%B8/ HTTP/1.1" 200 19201 "-" "Mozilla/5.0 (compatible; SERankingBacklinksBot/1.0; +https://seranking.com/backlinks-crawler)"
216.137.185.158 - - [05/Apr/2026:16:20:01 +0200] "GET /wp-login.php HTTP/1.1" 302 0 "-" "Mozilla/5.0 (Windows NT 10.0; Win64; x64) AppleWebKit/537.36 (KHTML, like Gecko) Chrome/64.0.3282.168 Safari/537.36 OPR/51.0.2830.40"
66.249.66.167 - - [05/Apr/2026:16:20:01 +0200] "GET /commoditys/035000571 HTTP/1.1" 502 552 "-" "Mozilla/5.0 (Linux; Android 6.0.1; Nexus 5X Build/MMB29P) AppleWebKit/537.36 (KHTML, like Gecko) Chrome/146.0.7680.177 Mobile Safari/537.36 (compatible; Googlebot/2.1; +http://www.google.com/bot.html)"
216.137.185.158 - - [05/Apr/2026:16:20:02 +0200] "GET /wp-login.php HTTP/1.1" 502 552 "https://ribari.net/wp-login.php" "Mozilla/5.0 (Windows NT 10.0; Win64; x64) AppleWebKit/537.36 (KHTML, like Gecko) Chrome/64.0.3282.168 Safari/537.36 OPR/51.0.2830.40"
216.137.185.158 - - [05/Apr/2026:16:20:03 +0200] "POST /wp-login.php HTTP/1.1" 302 0 "https://ribari.net/wp-login.php" "Mozilla/5.0 (Windows NT 10.0; Win64; x64) AppleWebKit/537.36 (KHTML, like Gecko) Chrome/64.0.3282.168 Safari/537.36 OPR/51.0.2830.40"
66.249.66.6 - - [05/Apr/2026:16:20:04 +0200] "GET /commoditys/216028230 HTTP/1.1" 404 13203 "-" "Mozilla/5.0 (Linux; Android 6.0.1; Nexus 5X Build/MMB29P) AppleWebKit/537.36 (KHTML, like Gecko) Chrome/146.0.7680.177 Mobile Safari/537.36 (compatible; Googlebot/2.1; +http://www.google.com/bot.html)"
216.137.185.158 - - [05/Apr/2026:16:20:05 +0200] "GET /wp-login.php HTTP/1.1" 302 0 "https://ribari.net/wp-login.php" "Mozilla/5.0 (Windows NT 10.0; Win64; x64) AppleWebKit/537.36 (KHTML, like Gecko) Chrome/64.0.3282.168 Safari/537.36 OPR/51.0.2830.40"
161.97.137.93 - - [05/Apr/2026:16:20:09 +0200] "POST /wp-cron.php?doing_wp_cron=1775398808.5435619354248046875000 HTTP/1.1" 404 13205 "https://ribari.net/wp-cron.php?doing_wp_cron=1775398808.5435619354248046875000" "WordPress/4.9.13; https://ribari.net"
66.249.66.204 - - [05/Apr/2026:16:20:09 +0200] "GET /commoditys/256012630 HTTP/1.1" 404 13201 "-" "Mozilla/5.0 (Linux; Android 6.0.1; Nexus 5X Build/MMB29P) AppleWebKit/537.36 (KHTML, like Gecko) Chrome/146.0.7680.177 Mobile Safari/537.36 (compatible; Googlebot/2.1; +http://www.google.com/bot.html)"
161.97.137.93 - - [05/Apr/2026:16:20:09 +0200] "POST /wp-cron.php?doing_wp_cron=1775398808.7297759056091308593750 HTTP/1.1" 404 13204 "https://ribari.net/wp-cron.php?doing_wp_cron=1775398808.7297759056091308593750" "WordPress/4.9.13; https://ribari.net"
216.137.185.158 - - [05/Apr/2026:16:20:09 +0200] "GET /wp-login.php HTTP/1.1" 302 0 "https://ribari.net/wp-login.php" "Mozilla/5.0 (Windows NT 10.0; Win64; x64) AppleWebKit/537.36 (KHTML, like Gecko) Chrome/64.0.3282.168 Safari/537.36 OPR/51.0.2830.40"
216.137.185.158 - - [05/Apr/2026:16:20:10 +0200] "GET /wp-login.php HTTP/1.1" 302 0 "https://ribari.net/wp-login.php" "Mozilla/5.0 (Windows NT 10.0; Win64; x64) AppleWebKit/537.36 (KHTML, like Gecko) Chrome/64.0.3282.168 Safari/537.36 OPR/51.0.2830.40"
66.249.66.7 - - [05/Apr/2026:16:20:12 +0200] "GET /commoditys/040018794 HTTP/1.1" 404 13205 "-" "Mozilla/5.0 (Linux; Android 6.0.1; Nexus 5X Build/MMB29P) AppleWebKit/537.36 (KHTML, like Gecko) Chrome/146.0.7680.177 Mobile Safari/537.36 (compatible; Googlebot/2.1; +http://www.google.com/bot.html)"
216.137.185.158 - - [05/Apr/2026:16:20:13 +0200] "GET /wp-login.php HTTP/1.1" 302 0 "https://ribari.net/wp-login.php" "Mozilla/5.0 (Windows NT 10.0; Win64; x64) AppleWebKit/537.36 (KHTML, like Gecko) Chrome/64.0.3282.168 Safari/537.36 OPR/51.0.2830.40"
37.27.51.140 - - [05/Apr/2026:16:20:14 +0200] "GET /%D0%BA%D0%B0%D0%BA-%D0%B4%D0%B0-%D0%B2%D0%BE%D0%B4%D0%B8%D0%BC-%D0%BF%D1%80%D0%B8%D0%BC%D0%B0%D0%BC%D0%BA%D0%B0%D1%82%D0%B0/ HTTP/1.1" 200 21263 "-" "Mozilla/5.0 (compatible; SERankingBacklinksBot/1.0; +https://seranking.com/backlinks-crawler)"
216.137.185.158 - - [05/Apr/2026:16:20:14 +0200] "GET /wp-login.php HTTP/1.1" 302 0 "https://ribari.net/wp-login.php" "Mozilla/5.0 (Windows NT 10.0; Win64; x64) AppleWebKit/537.36 (KHTML, like Gecko) Chrome/64.0.3282.168 Safari/537.36 OPR/51.0.2830.40"
216.137.185.158 - - [05/Apr/2026:16:20:15 +0200] "GET /wp-login.php HTTP/1.1" 302 0 "https://ribari.net/wp-login.php" "Mozilla/5.0 (Windows NT 10.0; Win64; x64) AppleWebKit/537.36 (KHTML, like Gecko) Chrome/64.0.3282.168 Safari/537.36 OPR/51.0.2830.40"
66.249.66.37 - - [05/Apr/2026:16:20:16 +0200] "GET /commoditys/141048251 HTTP/1.1" 404 13204 "-" "Mozilla/5.0 (Linux; Android 6.0.1; Nexus 5X Build/MMB29P) AppleWebKit/537.36 (KHTML, like Gecko) Chrome/146.0.7680.177 Mobile Safari/537.36 (compatible; Googlebot/2.1; +http://www.google.com/bot.html)"
216.137.185.158 - - [05/Apr/2026:16:20:17 +0200] "GET /wp-login.php HTTP/1.1" 302 0 "https://ribari.net/wp-login.php" "Mozilla/5.0 (Windows NT 10.0; Win64; x64) AppleWebKit/537.36 (KHTML, like Gecko) Chrome/64.0.3282.168 Safari/537.36 OPR/51.0.2830.40"
216.137.185.158 - - [05/Apr/2026:16:20:18 +0200] "GET /wp-login.php HTTP/1.1" 302 0 "https://ribari.net/wp-login.php" "Mozilla/5.0 (Windows NT 10.0; Win64; x64) AppleWebKit/537.36 (KHTML, like Gecko) Chrome/64.0.3282.168 Safari/537.36 OPR/51.0.2830.40"
216.137.185.158 - - [05/Apr/2026:16:20:20 +0200] "GET /wp-login.php HTTP/1.1" 302 0 "https://ribari.net/wp-login.php" "Mozilla/5.0 (Windows NT 10.0; Win64; x64) AppleWebKit/537.36 (KHTML, like Gecko) Chrome/64.0.3282.168 Safari/537.36 OPR/51.0.2830.40"
66.249.66.69 - - [05/Apr/2026:16:20:20 +0200] "GET /commoditys/040042038 HTTP/1.1" 404 13202 "-" "Mozilla/5.0 (Linux; Android 6.0.1; Nexus 5X Build/MMB29P) AppleWebKit/537.36 (KHTML, like Gecko) Chrome/146.0.7680.177 Mobile Safari/537.36 (compatible; Googlebot/2.1; +http://www.google.com/bot.html)"
37.27.51.140 - - [05/Apr/2026:16:20:25 +0200] "GET /%D0%BF%D0%B5%D1%87%D0%B5%D0%BD%D0%B0-%D1%80%D0%B8%D0%B1%D0%B0-%D1%81-%D0%BF%D0%BE%D1%80%D1%82%D0%BE%D0%BA%D0%B0%D0%BB%D0%B8/ HTTP/1.1" 200 18818 "-" "Mozilla/5.0 (compatible; SERankingBacklinksBot/1.0; +https://seranking.com/backlinks-crawler)"
66.249.66.37 - - [05/Apr/2026:16:20:28 +0200] "GET /commoditys/198039574 HTTP/1.1" 404 13204 "-" "Mozilla/5.0 (Linux; Android 6.0.1; Nexus 5X Build/MMB29P) AppleWebKit/537.36 (KHTML, like Gecko) Chrome/146.0.7680.177 Mobile Safari/537.36 (compatible; Googlebot/2.1; +http://www.google.com/bot.html)"
116.179.32.238 - - [05/Apr/2026:16:20:38 +0200] "GET /wp-content/uploads/2020/05/96101914_3259194754132396_1064645998095106048_o-1-356x220.jpg HTTP/1.1" 200 24134 "-" "Baiduspider-image+(+http://www.baidu.com/search/spider.htm)"
37.27.51.140 - - [05/Apr/2026:16:20:44 +0200] "GET /%D0%BA%D0%B8%D1%88-%D1%81%D1%8A%D1%81-%D1%81%D1%8C%D0%BE%D0%BC%D0%B3%D0%B0-%D0%B8-%D0%B1%D1%80%D0%BE%D0%BA%D0%BE%D0%BB%D0%B8/ HTTP/1.1" 200 21145 "-" "Mozilla/5.0 (compatible; SERankingBacklinksBot/1.0; +https://seranking.com/backlinks-crawler)"
66.249.66.6 - - [05/Apr/2026:16:20:50 +0200] "GET /commoditys/009038261 HTTP/1.1" 404 13203 "-" "Mozilla/5.0 (Linux; Android 6.0.1; Nexus 5X Build/MMB29P) AppleWebKit/537.36 (KHTML, like Gecko) Chrome/146.0.7680.177 Mobile Safari/537.36 (compatible; Googlebot/2.1; +http://www.google.com/bot.html)"
66.249.66.165 - - [05/Apr/2026:16:20:55 +0200] "GET /commoditys/222032062 HTTP/1.1" 404 13203 "-" "Mozilla/5.0 (Linux; Android 6.0.1; Nexus 5X Build/MMB29P) AppleWebKit/537.36 (KHTML, like Gecko) Chrome/146.0.7680.177 Mobile Safari/537.36 (compatible; Googlebot/2.1; +http://www.google.com/bot.html)"
66.249.66.204 - - [05/Apr/2026:16:20:56 +0200] "GET /%D0%B8%D0%B7%D0%B2%D0%B0%D0%B4%D0%B8%D1%85%D0%B0-%D0%B3%D0%B8%D0%B3%D0%B0%D0%BD%D1%82%D1%81%D0%BA%D0%B8-%D0%BA%D0%B0%D0%BB%D0%BC%D0%B0%D1%80-%D0%BA%D1%80%D0%B0%D0%B9-%D0%BD%D0%BE%D0%B2%D0%B0-%D0%B7/feed/ HTTP/1.1" 200 590 "-" "Mozilla/5.0 (Linux; Android 6.0.1; Nexus 5X Build/MMB29P) AppleWebKit/537.36 (KHTML, like Gecko) Chrome/146.0.7680.177 Mobile Safari/537.36 (compatible; Googlebot/2.1; +http://www.google.com/bot.html)"
66.249.66.6 - - [05/Apr/2026:16:20:58 +0200] "GET /commoditys/019001447 HTTP/1.1" 404 13203 "-" "Mozilla/5.0 (Linux; Android 6.0.1; Nexus 5X Build/MMB29P) AppleWebKit/537.36 (KHTML, like Gecko) Chrome/146.0.7680.177 Mobile Safari/537.36 (compatible; Googlebot/2.1; +http://www.google.com/bot.html)"
37.27.51.140 - - [05/Apr/2026:16:20:59 +0200] "GET /%D1%80%D0%B8%D0%B1%D0%B0-%D1%81-%D0%BD%D0%B0%D1%85%D1%83%D1%82-%D0%B8-%D0%B7%D0%B5%D0%BB%D0%B5%D0%BD%D1%87%D1%83%D1%86%D0%B8/ HTTP/1.1" 200 18599 "-" "Mozilla/5.0 (compatible; SERankingBacklinksBot/1.0; +https://seranking.com/backlinks-crawler)"
66.249.66.165 - - [05/Apr/2026:16:21:06 +0200] "GET /commoditys/224008864 HTTP/1.1" 502 552 "-" "Mozilla/5.0 (Linux; Android 6.0.1; Nexus 5X Build/MMB29P) AppleWebKit/537.36 (KHTML, like Gecko) Chrome/146.0.7680.177 Mobile Safari/537.36 (compatible; Googlebot/2.1; +http://www.google.com/bot.html)"
66.249.66.204 - - [05/Apr/2026:16:21:07 +0200] "GET /commoditys/045025985 HTTP/1.1" 502 552 "-" "Mozilla/5.0 (Linux; Android 6.0.1; Nexus 5X Build/MMB29P) AppleWebKit/537.36 (KHTML, like Gecko) Chrome/146.0.7680.177 Mobile Safari/537.36 (compatible; Googlebot/2.1; +http://www.google.com/bot.html)"
161.97.137.93 - - [05/Apr/2026:16:21:14 +0200] "POST /wp-cron.php?doing_wp_cron=1775398874.4477369785308837890625 HTTP/1.1" 404 13203 "https://ribari.net/wp-cron.php?doing_wp_cron=1775398874.4477369785308837890625" "WordPress/4.9.13; https://ribari.net"
37.27.51.140 - - [05/Apr/2026:16:21:15 +0200] "GET /%D1%81%D1%85%D0%B5%D0%BC%D0%B8-%D0%B7%D0%B0-%D0%BB%D0%BE%D0%B2-%D0%BD%D0%B0-%D0%B1%D1%8F%D0%BB%D0%B0-%D1%80%D0%B8%D0%B1%D0%B0/ HTTP/1.1" 200 21615 "-" "Mozilla/5.0 (compatible; SERankingBacklinksBot/1.0; +https://seranking.com/backlinks-crawler)"
66.249.66.37 - - [05/Apr/2026:16:21:15 +0200] "GET /commoditys/166044748 HTTP/1.1" 404 13204 "-" "Mozilla/5.0 (Linux; Android 6.0.1; Nexus 5X Build/MMB29P) AppleWebKit/537.36 (KHTML, like Gecko) Chrome/146.0.7680.177 Mobile Safari/537.36 (compatible; Googlebot/2.1; +http://www.google.com/bot.html)"
66.249.66.204 - - [05/Apr/2026:16:21:23 +0200] "GET /commoditys/048001002 HTTP/1.1" 404 13203 "-" "Mozilla/5.0 (Linux; Android 6.0.1; Nexus 5X Build/MMB29P) AppleWebKit/537.36 (KHTML, like Gecko) Chrome/146.0.7680.177 Mobile Safari/537.36 (compatible; Googlebot/2.1; +http://www.google.com/bot.html)"
66.249.66.6 - - [05/Apr/2026:16:21:31 +0200] "GET /commoditys/039000091 HTTP/1.1" 404 13199 "-" "Mozilla/5.0 (Linux; Android 6.0.1; Nexus 5X Build/MMB29P) AppleWebKit/537.36 (KHTML, like Gecko) Chrome/146.0.7680.177 Mobile Safari/537.36 (compatible; Googlebot/2.1; +http://www.google.com/bot.html)"
37.27.51.140 - - [05/Apr/2026:16:21:32 +0200] "GET /%D1%84%D0%B8%D0%BB%D0%B5-%D0%BE%D1%82-%D0%B0%D0%BA%D1%83%D0%BB%D0%B0-%D1%81-%D1%80%D1%83%D1%81%D0%BA%D0%B8-%D1%81%D0%BE%D1%81/ HTTP/1.1" 200 18878 "-" "Mozilla/5.0 (compatible; SERankingBacklinksBot/1.0; +https://seranking.com/backlinks-crawler)"
66.249.66.204 - - [05/Apr/2026:16:21:38 +0200] "GET /commoditys/086000920 HTTP/1.1" 404 13203 "-" "Mozilla/5.0 (Linux; Android 6.0.1; Nexus 5X Build/MMB29P) AppleWebKit/537.36 (KHTML, like Gecko) Chrome/146.0.7680.177 Mobile Safari/537.36 (compatible; Googlebot/2.1; +http://www.google.com/bot.html)"
37.27.51.140 - - [05/Apr/2026:16:21:45 +0200] "GET /%D0%B4%D0%B5%D0%B1%D0%B5%D0%BB%D0%BE%D1%83%D1%81%D1%82%D0%BE-%D0%BA%D0%B0%D1%84%D1%8F%D0%B2%D0%BE-%D0%BF%D0%BE%D0%BF%D1%87%D0%B5/ HTTP/1.1" 200 18974 "-" "Mozilla/5.0 (compatible; SERankingBacklinksBot/1.0; +https://seranking.com/backlinks-crawler)"
66.249.66.6 - - [05/Apr/2026:16:21:46 +0200] "GET /commoditys/028004268 HTTP/1.1" 404 13204 "-" "Mozilla/5.0 (Linux; Android 6.0.1; Nexus 5X Build/MMB29P) AppleWebKit/537.36 (KHTML, like Gecko) Chrome/146.0.7680.177 Mobile Safari/537.36 (compatible; Googlebot/2.1; +http://www.google.com/bot.html)"
66.249.66.6 - - [05/Apr/2026:16:21:54 +0200] "GET /commoditys/085017077 HTTP/1.1" 404 13203 "-" "Mozilla/5.0 (Linux; Android 6.0.1; Nexus 5X Build/MMB29P) AppleWebKit/537.36 (KHTML, like Gecko) Chrome/146.0.7680.177 Mobile Safari/537.36 (compatible; Googlebot/2.1; +http://www.google.com/bot.html)"
37.27.51.140 - - [05/Apr/2026:16:21:56 +0200] "GET /%D0%B1%D1%8F%D0%BB%D0%B0-%D1%80%D0%B8%D0%B1%D0%B0-%D0%BF%D0%BE-%D0%BC%D0%B5%D0%BB%D0%BD%D0%B8%D1%87%D0%B0%D1%80%D1%81%D0%BA%D0%B8/ HTTP/1.1" 200 18505 "-" "Mozilla/5.0 (compatible; SERankingBacklinksBot/1.0; +https://seranking.com/backlinks-crawler)"
174.138.37.149 - - [05/Apr/2026:16:21:58 +0200] "GET /wp-content/uploads/2020/01/%D1%89%D1%83%D0%BA%D0%B0-218x150.jpg HTTP/1.1" 200 9720 "https://ribari.net/" "Mozilla/5.0 (Windows NT 10.0; Win64; x64) AppleWebKit/537.36 (KHTML, like Gecko) Chrome/112.0.0.0 Safari/537.36"
159.223.176.166 - - [05/Apr/2026:16:21:59 +0200] "GET /wp-content/uploads/2020/06/101689954_997286794040712_1258856336091774976_o-100x70.jpg%20100w,%20https://ribari.net/wp-content/uploads/2020/06/101689954_997286794040712_1258856336091774976_o-218x150.jpg%20218w HTTP/1.1" 301 0 "https://ribari.net/" "Mozilla/5.0 (Windows NT 10.0; Win64; x64) AppleWebKit/537.36 (KHTML, like Gecko) Chrome/117.0.0.0 Safari/537.36"
159.223.176.166 - - [05/Apr/2026:16:22:00 +0200] "GET /wp-content/uploads/2020/06/101689954_997286794040712_1258856336091774976_o-100x70.jpg%20100w,%20https:/ribari.net/wp-content/uploads/2020/06/101689954_997286794040712_1258856336091774976_o-218x150.jpg%20218w HTTP/1.1" 404 13507 "https://ribari.net/" "Mozilla/5.0 (Windows NT 10.0; Win64; x64) AppleWebKit/537.36 (KHTML, like Gecko) Chrome/117.0.0.0 Safari/537.36"
220.181.108.93 - - [05/Apr/2026:16:22:02 +0200] "GET /wp-content/uploads/2020/05/96298393_3263120403739831_5991205900172394496_n-100x70.jpg HTTP/1.1" 502 150 "-" "Baiduspider-image+(+http://www.baidu.com/search/spider.htm)"
14.176.185.116 - - [05/Apr/2026:16:22:03 +0200] "GET /wp-content/uploads/2020/06/101689954_997286794040712_1258856336091774976_o-100x70.jpg%20100w,%20https://ribari.net/wp-content/uploads/2020/06/101689954_997286794040712_1258856336091774976_o-218x150.jpg%20218w HTTP/1.1" 301 0 "https://ribari.net/" "Mozilla/5.0 (Windows NT 10.0; Win64; x64) AppleWebKit/537.36 (KHTML, like Gecko) Chrome/117.0.0.0 Safari/537.36"
119.249.100.234 - - [05/Apr/2026:16:22:03 +0200] "GET /wp-content/uploads/2020/05/96298393_3263120403739831_5991205900172394496_n-100x70.jpg HTTP/1.1" 200 3243 "-" "Mozilla/5.0 (Windows NT 10.0; WOW64) AppleWebKit/537.36 (KHTML, like Gecko) Chrome/48.0.2564.116 Safari/537.36"
14.176.196.168 - - [05/Apr/2026:16:22:05 +0200] "GET /wp-content/uploads/2020/06/101689954_997286794040712_1258856336091774976_o-100x70.jpg%20100w,%20https:/ribari.net/wp-content/uploads/2020/06/101689954_997286794040712_1258856336091774976_o-218x150.jpg%20218w HTTP/1.1" 404 13509 "https://ribari.net/" "Mozilla/5.0 (Windows NT 10.0; Win64; x64) AppleWebKit/537.36 (KHTML, like Gecko) Chrome/117.0.0.0 Safari/537.36"
37.27.51.140 - - [05/Apr/2026:16:22:07 +0200] "GET /%D0%BA%D0%B0%D0%BA-%D0%B4%D0%B0-%D0%B1%D0%B0%D0%BB%D0%B0%D0%BD%D1%81%D0%B8%D1%80%D0%B0%D0%BC%D0%B5-%D1%81%D1%82%D1%80%D1%8A%D0%B2/ HTTP/1.1" 200 20607 "-" "Mozilla/5.0 (compatible; SERankingBacklinksBot/1.0; +https://seranking.com/backlinks-crawler)"
