66.249.66.42 - - [05/Apr/2026:18:15:08 +0200] "GET /prizes/125382622 HTTP/1.1" 404 13203 "-" "Mozilla/5.0 (Linux; Android 6.0.1; Nexus 5X Build/MMB29P) AppleWebKit/537.36 (KHTML, like Gecko) Chrome/146.0.7680.177 Mobile Safari/537.36 (compatible; Googlebot/2.1; +http://www.google.com/bot.html)"
161.97.137.93 - - [05/Apr/2026:18:15:17 +0200] "POST /wp-cron.php?doing_wp_cron=1775405716.7754659652709960937500 HTTP/1.1" 404 13204 "https://ribari.net/wp-cron.php?doing_wp_cron=1775405716.7754659652709960937500" "WordPress/4.9.13; https://ribari.net"
66.249.66.194 - - [05/Apr/2026:18:15:17 +0200] "GET /prizes/23049137 HTTP/1.1" 404 13203 "-" "Mozilla/5.0 (Linux; Android 6.0.1; Nexus 5X Build/MMB29P) AppleWebKit/537.36 (KHTML, like Gecko) Chrome/146.0.7680.177 Mobile Safari/537.36 (compatible; Googlebot/2.1; +http://www.google.com/bot.html)"
66.249.66.66 - - [05/Apr/2026:18:15:25 +0200] "GET /prizes/165038420 HTTP/1.1" 404 13203 "-" "Mozilla/5.0 (Linux; Android 6.0.1; Nexus 5X Build/MMB29P) AppleWebKit/537.36 (KHTML, like Gecko) Chrome/146.0.7680.177 Mobile Safari/537.36 (compatible; Googlebot/2.1; +http://www.google.com/bot.html)"
66.249.66.3 - - [05/Apr/2026:18:15:28 +0200] "GET /%D0%BC%D0%B0%D1%89%D0%B0%D0%B1%D0%BD%D0%B0-%D1%81%D1%8A%D0%B2%D0%BC%D0%B5%D1%81%D1%82%D0%BD%D0%B0-%D0%B0%D0%BA%D1%86%D0%B8%D1%8F-%D0%BD%D0%B0-%D0%B8%D0%BD%D1%81%D0%BF%D0%B5%D0%BA%D1%82%D0%BE%D1%80/feed/ HTTP/1.1" 200 663 "-" "Mozilla/5.0 (Linux; Android 6.0.1; Nexus 5X Build/MMB29P) AppleWebKit/537.36 (KHTML, like Gecko) Chrome/146.0.7680.177 Mobile Safari/537.36 (compatible; Googlebot/2.1; +http://www.google.com/bot.html)"
185.191.171.13 - - [05/Apr/2026:18:15:32 +0200] "GET /%D0%B2%D0%B8%D0%B4%D0%BE%D0%B2%D0%B5-%D0%BC%D0%BE%D1%80%D1%81%D0%BA%D0%B8-%D0%BF%D1%80%D0%B8%D0%BC%D0%B0%D0%BC%D0%BA%D0%B8/ HTTP/1.1" 200 19204 "-" "Mozilla/5.0 (compatible; SemrushBot/7~bl; +http://www.semrush.com/bot.html)"
66.249.66.41 - - [05/Apr/2026:18:15:34 +0200] "GET /prizes/223295642 HTTP/1.1" 404 13203 "-" "Mozilla/5.0 (Linux; Android 6.0.1; Nexus 5X Build/MMB29P) AppleWebKit/537.36 (KHTML, like Gecko) Chrome/146.0.7680.177 Mobile Safari/537.36 (compatible; Googlebot/2.1; +http://www.google.com/bot.html)"
66.249.66.65 - - [05/Apr/2026:18:15:35 +0200] "GET /index.php?prizes/52801339 HTTP/1.1" 301 0 "-" "Mozilla/5.0 (Linux; Android 6.0.1; Nexus 5X Build/MMB29P) AppleWebKit/537.36 (KHTML, like Gecko) Chrome/146.0.7680.177 Mobile Safari/537.36 (compatible; Googlebot/2.1; +http://www.google.com/bot.html)"
66.249.66.194 - - [05/Apr/2026:18:15:36 +0200] "GET /?prizes/52801339 HTTP/1.1" 200 27093 "-" "Mozilla/5.0 (Linux; Android 6.0.1; Nexus 5X Build/MMB29P) AppleWebKit/537.36 (KHTML, like Gecko) Chrome/146.0.7680.177 Mobile Safari/537.36 (compatible; Googlebot/2.1; +http://www.google.com/bot.html)"
66.249.66.194 - - [05/Apr/2026:18:15:42 +0200] "GET /prizes/57820309 HTTP/1.1" 404 13202 "-" "Mozilla/5.0 (Linux; Android 6.0.1; Nexus 5X Build/MMB29P) AppleWebKit/537.36 (KHTML, like Gecko) Chrome/146.0.7680.177 Mobile Safari/537.36 (compatible; Googlebot/2.1; +http://www.google.com/bot.html)"
185.191.171.4 - - [05/Apr/2026:18:15:42 +0200] "GET /tag/%D1%80%D0%B5%D0%BA%D0%B8/page/3/ HTTP/1.1" 200 16756 "-" "Mozilla/5.0 (compatible; SemrushBot/7~bl; +http://www.semrush.com/bot.html)"
66.249.66.194 - - [05/Apr/2026:18:15:49 +0200] "GET /index.php?prizes/267661581 HTTP/1.1" 301 0 "-" "Mozilla/5.0 (Linux; Android 6.0.1; Nexus 5X Build/MMB29P) AppleWebKit/537.36 (KHTML, like Gecko) Chrome/146.0.7680.177 Mobile Safari/537.36 (compatible; Googlebot/2.1; +http://www.google.com/bot.html)"
66.249.66.41 - - [05/Apr/2026:18:15:51 +0200] "GET /?prizes/267661581 HTTP/1.1" 200 27066 "-" "Mozilla/5.0 (Linux; Android 6.0.1; Nexus 5X Build/MMB29P) AppleWebKit/537.36 (KHTML, like Gecko) Chrome/146.0.7680.177 Mobile Safari/537.36 (compatible; Googlebot/2.1; +http://www.google.com/bot.html)"
66.249.66.2 - - [05/Apr/2026:18:15:52 +0200] "GET /prizes/64775723 HTTP/1.1" 404 13204 "-" "Mozilla/5.0 (Linux; Android 6.0.1; Nexus 5X Build/MMB29P) AppleWebKit/537.36 (KHTML, like Gecko) Chrome/146.0.7680.177 Mobile Safari/537.36 (compatible; Googlebot/2.1; +http://www.google.com/bot.html)"
66.249.66.161 - - [05/Apr/2026:18:16:03 +0200] "GET /prizes/93368501 HTTP/1.1" 404 13203 "-" "Mozilla/5.0 (Linux; Android 6.0.1; Nexus 5X Build/MMB29P) AppleWebKit/537.36 (KHTML, like Gecko) Chrome/146.0.7680.177 Mobile Safari/537.36 (compatible; Googlebot/2.1; +http://www.google.com/bot.html)"
66.249.66.195 - - [05/Apr/2026:18:16:13 +0200] "GET /prizes/70497925 HTTP/1.1" 404 13203 "-" "Mozilla/5.0 (Linux; Android 6.0.1; Nexus 5X Build/MMB29P) AppleWebKit/537.36 (KHTML, like Gecko) Chrome/146.0.7680.177 Mobile Safari/537.36 (compatible; Googlebot/2.1; +http://www.google.com/bot.html)"
66.249.66.3 - - [05/Apr/2026:18:16:14 +0200] "GET /commoditys/084024086 HTTP/1.1" 404 13202 "-" "Mozilla/5.0 (Linux; Android 6.0.1; Nexus 5X Build/MMB29P) AppleWebKit/537.36 (KHTML, like Gecko) Chrome/146.0.7680.177 Mobile Safari/537.36 (compatible; Googlebot/2.1; +http://www.google.com/bot.html)"
220.181.108.90 - - [05/Apr/2026:18:16:24 +0200] "GET /wp-content/uploads/2020/031/j-2-768x576-218x150.jpg HTTP/1.1" 304 0 "-" "Baiduspider-image+(+http://www.baidu.com/search/spider.htm)"
161.97.137.93 - - [05/Apr/2026:18:16:24 +0200] "POST /wp-cron.php?doing_wp_cron=1775405783.9345319271087646484375 HTTP/1.1" 404 13203 "https://ribari.net/wp-cron.php?doing_wp_cron=1775405783.9345319271087646484375" "WordPress/4.9.13; https://ribari.net"
66.249.66.194 - - [05/Apr/2026:18:16:24 +0200] "GET /prizes/82536107 HTTP/1.1" 404 13204 "-" "Mozilla/5.0 (Linux; Android 6.0.1; Nexus 5X Build/MMB29P) AppleWebKit/537.36 (KHTML, like Gecko) Chrome/146.0.7680.177 Mobile Safari/537.36 (compatible; Googlebot/2.1; +http://www.google.com/bot.html)"
66.249.66.41 - - [05/Apr/2026:18:16:34 +0200] "GET /prizes/80234238 HTTP/1.1" 404 13203 "-" "Mozilla/5.0 (Linux; Android 6.0.1; Nexus 5X Build/MMB29P) AppleWebKit/537.36 (KHTML, like Gecko) Chrome/146.0.7680.177 Mobile Safari/537.36 (compatible; Googlebot/2.1; +http://www.google.com/bot.html)"
188.239.13.118 - - [05/Apr/2026:18:16:40 +0200] "GET /%d1%80%d0%b8%d0%b1%d0%b0-%d0%bd%d0%b0-%d1%84%d1%83%d1%80%d0%bd%d0%b0-%d1%81-%d0%ba%d0%be%d0%ba%d0%be%d1%81%d0%be%d0%b2%d0%b0-%d0%bf%d0%b0%d0%bd%d0%b8%d1%80%d0%be%d0%b2%d0%ba%d0%b0-%d0%b8-%d0%ba%d0%b0/ HTTP/1.1" 200 19022 "-" "Mozilla/5.0 (Macintosh; Intel Mac OS X 10_15_7) AppleWebKit/537.36 (KHTML, like Gecko) Chrome/141.0.0.0 Safari/537.36"
188.239.13.118 - - [05/Apr/2026:18:16:41 +0200] "GET /wp-content/plugins/mashsharer/assets/css/mashsb.min.css?ver=3.7.8 HTTP/1.1" 304 0 "https://ribari.net/%d1%80%d0%b8%d0%b1%d0%b0-%d0%bd%d0%b0-%d1%84%d1%83%d1%80%d0%bd%d0%b0-%d1%81-%d0%ba%d0%be%d0%ba%d0%be%d1%81%d0%be%d0%b2%d0%b0-%d0%bf%d0%b0%d0%bd%d0%b8%d1%80%d0%be%d0%b2%d0%ba%d0%b0-%d0%b8-%d0%ba%d0%b0/" "Mozilla/5.0 (Macintosh; Intel Mac OS X 10_15_7) AppleWebKit/537.36 (KHTML, like Gecko) Chrome/141.0.0.0 Safari/537.36"
188.239.13.118 - - [05/Apr/2026:18:16:41 +0200] "GET /wp-content/plugins/contact-form-7/includes/css/styles.css?ver=5.1.4 HTTP/1.1" 304 0 "https://ribari.net/%d1%80%d0%b8%d0%b1%d0%b0-%d0%bd%d0%b0-%d1%84%d1%83%d1%80%d0%bd%d0%b0-%d1%81-%d0%ba%d0%be%d0%ba%d0%be%d1%81%d0%be%d0%b2%d0%b0-%d0%bf%d0%b0%d0%bd%d0%b8%d1%80%d0%be%d0%b2%d0%ba%d0%b0-%d0%b8-%d0%ba%d0%b0/" "Mozilla/5.0 (Macintosh; Intel Mac OS X 10_15_7) AppleWebKit/537.36 (KHTML, like Gecko) Chrome/141.0.0.0 Safari/537.36"
188.239.13.118 - - [05/Apr/2026:18:16:41 +0200] "GET /wp-content/plugins/contact-form-7/includes/js/scripts.js?ver=5.1.4 HTTP/1.1" 304 0 "https://ribari.net/%d1%80%d0%b8%d0%b1%d0%b0-%d0%bd%d0%b0-%d1%84%d1%83%d1%80%d0%bd%d0%b0-%d1%81-%d0%ba%d0%be%d0%ba%d0%be%d1%81%d0%be%d0%b2%d0%b0-%d0%bf%d0%b0%d0%bd%d0%b8%d1%80%d0%be%d0%b2%d0%ba%d0%b0-%d0%b8-%d0%ba%d0%b0/" "Mozilla/5.0 (Macintosh; Intel Mac OS X 10_15_7) AppleWebKit/537.36 (KHTML, like Gecko) Chrome/141.0.0.0 Safari/537.36"
188.239.13.118 - - [05/Apr/2026:18:16:41 +0200] "GET /wp-includes/js/comment-reply.min.js?ver=4.9.13 HTTP/1.1" 304 0 "https://ribari.net/%d1%80%d0%b8%d0%b1%d0%b0-%d0%bd%d0%b0-%d1%84%d1%83%d1%80%d0%bd%d0%b0-%d1%81-%d0%ba%d0%be%d0%ba%d0%be%d1%81%d0%be%d0%b2%d0%b0-%d0%bf%d0%b0%d0%bd%d0%b8%d1%80%d0%be%d0%b2%d0%ba%d0%b0-%d0%b8-%d0%ba%d0%b0/" "Mozilla/5.0 (Macintosh; Intel Mac OS X 10_15_7) AppleWebKit/537.36 (KHTML, like Gecko) Chrome/141.0.0.0 Safari/537.36"
188.239.13.118 - - [05/Apr/2026:18:16:41 +0200] "GET /wp-content/themes/Newspaper/style.css?ver=8.0 HTTP/1.1" 304 0 "https://ribari.net/%d1%80%d0%b8%d0%b1%d0%b0-%d0%bd%d0%b0-%d1%84%d1%83%d1%80%d0%bd%d0%b0-%d1%81-%d0%ba%d0%be%d0%ba%d0%be%d1%81%d0%be%d0%b2%d0%b0-%d0%bf%d0%b0%d0%bd%d0%b8%d1%80%d0%be%d0%b2%d0%ba%d0%b0-%d0%b8-%d0%ba%d0%b0/" "Mozilla/5.0 (Macintosh; Intel Mac OS X 10_15_7) AppleWebKit/537.36 (KHTML, like Gecko) Chrome/141.0.0.0 Safari/537.36"
188.239.13.118 - - [05/Apr/2026:18:16:41 +0200] "GET /wp-includes/js/jquery/jquery.js?ver=1.12.4 HTTP/1.1" 304 0 "https://ribari.net/%d1%80%d0%b8%d0%b1%d0%b0-%d0%bd%d0%b0-%d1%84%d1%83%d1%80%d0%bd%d0%b0-%d1%81-%d0%ba%d0%be%d0%ba%d0%be%d1%81%d0%be%d0%b2%d0%b0-%d0%bf%d0%b0%d0%bd%d0%b8%d1%80%d0%be%d0%b2%d0%ba%d0%b0-%d0%b8-%d0%ba%d0%b0/" "Mozilla/5.0 (Macintosh; Intel Mac OS X 10_15_7) AppleWebKit/537.36 (KHTML, like Gecko) Chrome/141.0.0.0 Safari/537.36"
188.239.13.118 - - [05/Apr/2026:18:16:41 +0200] "GET /wp-includes/js/jquery/jquery-migrate.min.js?ver=1.4.1 HTTP/1.1" 304 0 "https://ribari.net/%d1%80%d0%b8%d0%b1%d0%b0-%d0%bd%d0%b0-%d1%84%d1%83%d1%80%d0%bd%d0%b0-%d1%81-%d0%ba%d0%be%d0%ba%d0%be%d1%81%d0%be%d0%b2%d0%b0-%d0%bf%d0%b0%d0%bd%d0%b8%d1%80%d0%be%d0%b2%d0%ba%d0%b0-%d0%b8-%d0%ba%d0%b0/" "Mozilla/5.0 (Macintosh; Intel Mac OS X 10_15_7) AppleWebKit/537.36 (KHTML, like Gecko) Chrome/141.0.0.0 Safari/537.36"
188.239.13.118 - - [05/Apr/2026:18:16:41 +0200] "GET /wp-content/plugins/gtranslate/gtranslate-style48.css?ver=4.9.13 HTTP/1.1" 304 0 "https://ribari.net/%d1%80%d0%b8%d0%b1%d0%b0-%d0%bd%d0%b0-%d1%84%d1%83%d1%80%d0%bd%d0%b0-%d1%81-%d0%ba%d0%be%d0%ba%d0%be%d1%81%d0%be%d0%b2%d0%b0-%d0%bf%d0%b0%d0%bd%d0%b8%d1%80%d0%be%d0%b2%d0%ba%d0%b0-%d0%b8-%d0%ba%d0%b0/" "Mozilla/5.0 (Macintosh; Intel Mac OS X 10_15_7) AppleWebKit/537.36 (KHTML, like Gecko) Chrome/141.0.0.0 Safari/537.36"
188.239.13.118 - - [05/Apr/2026:18:16:41 +0200] "GET /wp-content/plugins/td-composer/css-live/assets/css/td_live_css_frontend.css?ver=4.9.13 HTTP/1.1" 304 0 "https://ribari.net/%d1%80%d0%b8%d0%b1%d0%b0-%d0%bd%d0%b0-%d1%84%d1%83%d1%80%d0%bd%d0%b0-%d1%81-%d0%ba%d0%be%d0%ba%d0%be%d1%81%d0%be%d0%b2%d0%b0-%d0%bf%d0%b0%d0%bd%d0%b8%d1%80%d0%be%d0%b2%d0%ba%d0%b0-%d0%b8-%d0%ba%d0%b0/" "Mozilla/5.0 (Macintosh; Intel Mac OS X 10_15_7) AppleWebKit/537.36 (KHTML, like Gecko) Chrome/141.0.0.0 Safari/537.36"
188.239.13.118 - - [05/Apr/2026:18:16:41 +0200] "GET /wp-content/plugins/add-to-any/addtoany.min.css?ver=1.15 HTTP/1.1" 304 0 "https://ribari.net/%d1%80%d0%b8%d0%b1%d0%b0-%d0%bd%d0%b0-%d1%84%d1%83%d1%80%d0%bd%d0%b0-%d1%81-%d0%ba%d0%be%d0%ba%d0%be%d1%81%d0%be%d0%b2%d0%b0-%d0%bf%d0%b0%d0%bd%d0%b8%d1%80%d0%be%d0%b2%d0%ba%d0%b0-%d0%b8-%d0%ba%d0%b0/" "Mozilla/5.0 (Macintosh; Intel Mac OS X 10_15_7) AppleWebKit/537.36 (KHTML, like Gecko) Chrome/141.0.0.0 Safari/537.36"
188.239.13.118 - - [05/Apr/2026:18:16:41 +0200] "GET /wp-includes/js/wp-embed.min.js?ver=4.9.13 HTTP/1.1" 304 0 "https://ribari.net/%d1%80%d0%b8%d0%b1%d0%b0-%d0%bd%d0%b0-%d1%84%d1%83%d1%80%d0%bd%d0%b0-%d1%81-%d0%ba%d0%be%d0%ba%d0%be%d1%81%d0%be%d0%b2%d0%b0-%d0%bf%d0%b0%d0%bd%d0%b8%d1%80%d0%be%d0%b2%d0%ba%d0%b0-%d0%b8-%d0%ba%d0%b0/" "Mozilla/5.0 (Macintosh; Intel Mac OS X 10_15_7) AppleWebKit/537.36 (KHTML, like Gecko) Chrome/141.0.0.0 Safari/537.36"
188.239.13.118 - - [05/Apr/2026:18:16:42 +0200] "GET /wp-includes/js/wp-emoji-release.min.js?ver=4.9.13 HTTP/1.1" 304 0 "https://ribari.net/%d1%80%d0%b8%d0%b1%d0%b0-%d0%bd%d0%b0-%d1%84%d1%83%d1%80%d0%bd%d0%b0-%d1%81-%d0%ba%d0%be%d0%ba%d0%be%d1%81%d0%be%d0%b2%d0%b0-%d0%bf%d0%b0%d0%bd%d0%b8%d1%80%d0%be%d0%b2%d0%ba%d0%b0-%d0%b8-%d0%ba%d0%b0/" "Mozilla/5.0 (Macintosh; Intel Mac OS X 10_15_7) AppleWebKit/537.36 (KHTML, like Gecko) Chrome/141.0.0.0 Safari/537.36"
188.239.13.118 - - [05/Apr/2026:18:16:43 +0200] "GET /wp-content/themes/Newspaper/js/tagdiv_theme.js?ver=8.0 HTTP/1.1" 304 0 "https://ribari.net/%d1%80%d0%b8%d0%b1%d0%b0-%d0%bd%d0%b0-%d1%84%d1%83%d1%80%d0%bd%d0%b0-%d1%81-%d0%ba%d0%be%d0%ba%d0%be%d1%81%d0%be%d0%b2%d0%b0-%d0%bf%d0%b0%d0%bd%d0%b8%d1%80%d0%be%d0%b2%d0%ba%d0%b0-%d0%b8-%d0%ba%d0%b0/" "Mozilla/5.0 (Macintosh; Intel Mac OS X 10_15_7) AppleWebKit/537.36 (KHTML, like Gecko) Chrome/141.0.0.0 Safari/537.36"
66.249.66.194 - - [05/Apr/2026:18:16:44 +0200] "GET /prizes/289885743 HTTP/1.1" 404 13204 "-" "Mozilla/5.0 (Linux; Android 6.0.1; Nexus 5X Build/MMB29P) AppleWebKit/537.36 (KHTML, like Gecko) Chrome/146.0.7680.177 Mobile Safari/537.36 (compatible; Googlebot/2.1; +http://www.google.com/bot.html)"
66.249.66.161 - - [05/Apr/2026:18:16:55 +0200] "GET /prizes/272991844 HTTP/1.1" 404 13203 "-" "Mozilla/5.0 (Linux; Android 6.0.1; Nexus 5X Build/MMB29P) AppleWebKit/537.36 (KHTML, like Gecko) Chrome/146.0.7680.177 Mobile Safari/537.36 (compatible; Googlebot/2.1; +http://www.google.com/bot.html)"
66.249.66.66 - - [05/Apr/2026:18:17:06 +0200] "GET /prizes/160161218 HTTP/1.1" 404 13202 "-" "Mozilla/5.0 (Linux; Android 6.0.1; Nexus 5X Build/MMB29P) AppleWebKit/537.36 (KHTML, like Gecko) Chrome/146.0.7680.177 Mobile Safari/537.36 (compatible; Googlebot/2.1; +http://www.google.com/bot.html)"
66.249.66.162 - - [05/Apr/2026:18:17:16 +0200] "GET /prizes/72693359 HTTP/1.1" 404 13203 "-" "Mozilla/5.0 (Linux; Android 6.0.1; Nexus 5X Build/MMB29P) AppleWebKit/537.36 (KHTML, like Gecko) Chrome/146.0.7680.177 Mobile Safari/537.36 (compatible; Googlebot/2.1; +http://www.google.com/bot.html)"
161.97.137.93 - - [05/Apr/2026:18:17:27 +0200] "POST /wp-cron.php?doing_wp_cron=1775405846.5480101108551025390625 HTTP/1.1" 404 13203 "https://ribari.net/wp-cron.php?doing_wp_cron=1775405846.5480101108551025390625" "WordPress/4.9.13; https://ribari.net"
66.249.66.2 - - [05/Apr/2026:18:17:27 +0200] "GET /prizes/131348157 HTTP/1.1" 404 13203 "-" "Mozilla/5.0 (Linux; Android 6.0.1; Nexus 5X Build/MMB29P) AppleWebKit/537.36 (KHTML, like Gecko) Chrome/146.0.7680.177 Mobile Safari/537.36 (compatible; Googlebot/2.1; +http://www.google.com/bot.html)"
66.249.66.41 - - [05/Apr/2026:18:17:36 +0200] "GET /prizes/304402632 HTTP/1.1" 404 13203 "-" "Mozilla/5.0 (Linux; Android 6.0.1; Nexus 5X Build/MMB29P) AppleWebKit/537.36 (KHTML, like Gecko) Chrome/146.0.7680.177 Mobile Safari/537.36 (compatible; Googlebot/2.1; +http://www.google.com/bot.html)"
66.249.66.2 - - [05/Apr/2026:18:17:46 +0200] "GET /%D1%80%D0%B0%D0%B7%D0%B3%D0%BE%D0%B2%D0%BE%D1%80-%D0%BC%D0%B5%D0%B6%D0%B4%D1%83-%D0%B4%D0%B2%D0%B0%D0%BC%D0%B0-%D1%80%D0%B8%D0%B1%D0%B0%D1%80%D0%B8/feed/ HTTP/1.1" 200 526 "-" "Mozilla/5.0 (Linux; Android 6.0.1; Nexus 5X Build/MMB29P) AppleWebKit/537.36 (KHTML, like Gecko) Chrome/146.0.7680.177 Mobile Safari/537.36 (compatible; Googlebot/2.1; +http://www.google.com/bot.html)"
66.249.66.2 - - [05/Apr/2026:18:17:47 +0200] "GET /prizes/120409006 HTTP/1.1" 404 13203 "-" "Mozilla/5.0 (Linux; Android 6.0.1; Nexus 5X Build/MMB29P) AppleWebKit/537.36 (KHTML, like Gecko) Chrome/146.0.7680.177 Mobile Safari/537.36 (compatible; Googlebot/2.1; +http://www.google.com/bot.html)"
119.249.100.240 - - [05/Apr/2026:18:17:52 +0200] "GET /wp-content/uploads/2020/031/saaas-356x220.jpg HTTP/1.1" 200 20908 "-" "Mozilla/5.0 (Windows NT 10.0; WOW64) AppleWebKit/537.36 (KHTML, like Gecko) Chrome/48.0.2564.116 Safari/537.36"
66.249.66.161 - - [05/Apr/2026:18:17:57 +0200] "GET /prizes/140774531 HTTP/1.1" 404 13201 "-" "Mozilla/5.0 (Linux; Android 6.0.1; Nexus 5X Build/MMB29P) AppleWebKit/537.36 (KHTML, like Gecko) Chrome/146.0.7680.177 Mobile Safari/537.36 (compatible; Googlebot/2.1; +http://www.google.com/bot.html)"
66.249.66.65 - - [05/Apr/2026:18:18:08 +0200] "GET /prizes/126787854 HTTP/1.1" 404 13204 "-" "Mozilla/5.0 (Linux; Android 6.0.1; Nexus 5X Build/MMB29P) AppleWebKit/537.36 (KHTML, like Gecko) Chrome/146.0.7680.177 Mobile Safari/537.36 (compatible; Googlebot/2.1; +http://www.google.com/bot.html)"
49.51.245.241 - - [05/Apr/2026:18:18:09 +0200] "GET /%d0%b8%d0%b7%d0%b2%d0%b0%d0%b4%d0%b8%d1%85%d0%b0-1-000-%d0%bc-%d0%bc%d1%80%d0%b5%d0%b6%d0%b8-%d0%be%d1%82-%d1%87%d0%b5%d1%80%d0%bd%d0%be-%d0%bc%d0%be%d1%80%d0%b5/ HTTP/1.1" 200 18811 "-" "Mozilla/5.0 (iPhone; CPU iPhone OS 13_2_3 like Mac OS X) AppleWebKit/605.1.15 (KHTML, like Gecko) Version/13.0.3 Mobile/15E148 Safari/604.1"
66.249.66.195 - - [05/Apr/2026:18:18:18 +0200] "GET /prizes/243283854 HTTP/1.1" 404 13204 "-" "Mozilla/5.0 (Linux; Android 6.0.1; Nexus 5X Build/MMB29P) AppleWebKit/537.36 (KHTML, like Gecko) Chrome/146.0.7680.177 Mobile Safari/537.36 (compatible; Googlebot/2.1; +http://www.google.com/bot.html)"
161.97.137.93 - - [05/Apr/2026:18:18:29 +0200] "POST /wp-cron.php?doing_wp_cron=1775405908.6659030914306640625000 HTTP/1.1" 404 13203 "https://ribari.net/wp-cron.php?doing_wp_cron=1775405908.6659030914306640625000" "WordPress/4.9.13; https://ribari.net"
66.249.66.2 - - [05/Apr/2026:18:18:29 +0200] "GET /prizes/139324965 HTTP/1.1" 404 13203 "-" "Mozilla/5.0 (Linux; Android 6.0.1; Nexus 5X Build/MMB29P) AppleWebKit/537.36 (KHTML, like Gecko) Chrome/146.0.7680.177 Mobile Safari/537.36 (compatible; Googlebot/2.1; +http://www.google.com/bot.html)"
66.249.66.194 - - [05/Apr/2026:18:18:39 +0200] "GET /prizes/243130288 HTTP/1.1" 404 13203 "-" "Mozilla/5.0 (Linux; Android 6.0.1; Nexus 5X Build/MMB29P) AppleWebKit/537.36 (KHTML, like Gecko) Chrome/146.0.7680.177 Mobile Safari/537.36 (compatible; Googlebot/2.1; +http://www.google.com/bot.html)"
66.249.66.2 - - [05/Apr/2026:18:18:49 +0200] "GET /prizes/134959854 HTTP/1.1" 404 13203 "-" "Mozilla/5.0 (Linux; Android 6.0.1; Nexus 5X Build/MMB29P) AppleWebKit/537.36 (KHTML, like Gecko) Chrome/146.0.7680.177 Mobile Safari/537.36 (compatible; Googlebot/2.1; +http://www.google.com/bot.html)"
66.249.66.37 - - [05/Apr/2026:18:18:59 +0200] "GET /prizes/125999238 HTTP/1.1" 404 13203 "-" "Mozilla/5.0 (Linux; Android 6.0.1; Nexus 5X Build/MMB29P) AppleWebKit/537.36 (KHTML, like Gecko) Chrome/146.0.7680.177 Mobile Safari/537.36 (compatible; Googlebot/2.1; +http://www.google.com/bot.html)"
185.191.171.1 - - [05/Apr/2026:18:19:03 +0200] "GET /tag/%D1%80%D0%B5%D1%86%D0%B5%D0%BF%D1%82%D0%B8-%D1%81-%D0%BB%D0%B5%D0%B4%D0%B5%D0%BD%D0%B0-%D1%80%D0%B8%D0%B1%D0%B0/ HTTP/1.1" 200 13472 "-" "Mozilla/5.0 (compatible; SemrushBot/7~bl; +http://www.semrush.com/bot.html)"
1.21.119.63 - - [05/Apr/2026:18:19:09 +0200] "GET /index.php?prizes/276404208 HTTP/1.1" 301 0 "https://search.yahoo.co.jp/" "Mozilla/5.0 (Windows NT 10.0; Win64; x64) AppleWebKit/537.36 (KHTML, like Gecko) Chrome/142.0.0.0 Safari/537.36"
66.249.66.69 - - [05/Apr/2026:18:19:10 +0200] "GET /prizes/179453046 HTTP/1.1" 404 13202 "-" "Mozilla/5.0 (Linux; Android 6.0.1; Nexus 5X Build/MMB29P) AppleWebKit/537.36 (KHTML, like Gecko) Chrome/146.0.7680.177 Mobile Safari/537.36 (compatible; Googlebot/2.1; +http://www.google.com/bot.html)"
1.21.119.63 - - [05/Apr/2026:18:19:11 +0200] "GET /?prizes/276404208 HTTP/1.1" 200 27947 "https://search.yahoo.co.jp/" "Mozilla/5.0 (Windows NT 10.0; Win64; x64) AppleWebKit/537.36 (KHTML, like Gecko) Chrome/142.0.0.0 Safari/537.36"
1.21.119.63 - - [05/Apr/2026:18:19:12 +0200] "GET /wp-content/plugins/mashsharer/assets/css/mashsb.min.css?ver=3.7.8 HTTP/1.1" 304 0 "https://ribari.net/?prizes/276404208" "Mozilla/5.0 (Windows NT 10.0; Win64; x64) AppleWebKit/537.36 (KHTML, like Gecko) Chrome/142.0.0.0 Safari/537.36"
1.21.119.63 - - [05/Apr/2026:18:19:12 +0200] "GET /wp-content/plugins/add-to-any/addtoany.min.js?ver=1.1 HTTP/1.1" 304 0 "https://ribari.net/?prizes/276404208" "Mozilla/5.0 (Windows NT 10.0; Win64; x64) AppleWebKit/537.36 (KHTML, like Gecko) Chrome/142.0.0.0 Safari/537.36"
1.21.119.63 - - [05/Apr/2026:18:19:12 +0200] "GET /wp-content/plugins/add-to-any/addtoany.min.css?ver=1.15 HTTP/1.1" 304 0 "https://ribari.net/?prizes/276404208" "Mozilla/5.0 (Windows NT 10.0; Win64; x64) AppleWebKit/537.36 (KHTML, like Gecko) Chrome/142.0.0.0 Safari/537.36"
1.21.119.63 - - [05/Apr/2026:18:19:12 +0200] "GET /wp-content/plugins/td-composer/css-live/assets/css/td_live_css_frontend.css?ver=4.9.13 HTTP/1.1" 304 0 "https://ribari.net/?prizes/276404208" "Mozilla/5.0 (Windows NT 10.0; Win64; x64) AppleWebKit/537.36 (KHTML, like Gecko) Chrome/142.0.0.0 Safari/537.36"
1.21.119.63 - - [05/Apr/2026:18:19:12 +0200] "GET /wp-content/plugins/mashsharer/assets/js/mashsb.min.js?ver=3.7.8 HTTP/1.1" 304 0 "https://ribari.net/?prizes/276404208" "Mozilla/5.0 (Windows NT 10.0; Win64; x64) AppleWebKit/537.36 (KHTML, like Gecko) Chrome/142.0.0.0 Safari/537.36"
1.21.119.63 - - [05/Apr/2026:18:19:12 +0200] "GET /wp-content/themes/Newspaper/style.css?ver=8.0 HTTP/1.1" 304 0 "https://ribari.net/?prizes/276404208" "Mozilla/5.0 (Windows NT 10.0; Win64; x64) AppleWebKit/537.36 (KHTML, like Gecko) Chrome/142.0.0.0 Safari/537.36"
1.21.119.63 - - [05/Apr/2026:18:19:12 +0200] "GET /wp-content/plugins/contact-form-7/includes/js/scripts.js?ver=5.1.4 HTTP/1.1" 304 0 "https://ribari.net/?prizes/276404208" "Mozilla/5.0 (Windows NT 10.0; Win64; x64) AppleWebKit/537.36 (KHTML, like Gecko) Chrome/142.0.0.0 Safari/537.36"
1.21.119.63 - - [05/Apr/2026:18:19:12 +0200] "GET /wp-content/plugins/contact-form-7/includes/css/styles.css?ver=5.1.4 HTTP/1.1" 304 0 "https://ribari.net/?prizes/276404208" "Mozilla/5.0 (Windows NT 10.0; Win64; x64) AppleWebKit/537.36 (KHTML, like Gecko) Chrome/142.0.0.0 Safari/537.36"
1.21.119.63 - - [05/Apr/2026:18:19:12 +0200] "GET /wp-includes/js/jquery/jquery-migrate.min.js?ver=1.4.1 HTTP/1.1" 304 0 "https://ribari.net/?prizes/276404208" "Mozilla/5.0 (Windows NT 10.0; Win64; x64) AppleWebKit/537.36 (KHTML, like Gecko) Chrome/142.0.0.0 Safari/537.36"
1.21.119.63 - - [05/Apr/2026:18:19:12 +0200] "GET /wp-includes/js/jquery/jquery.js?ver=1.12.4 HTTP/1.1" 304 0 "https://ribari.net/?prizes/276404208" "Mozilla/5.0 (Windows NT 10.0; Win64; x64) AppleWebKit/537.36 (KHTML, like Gecko) Chrome/142.0.0.0 Safari/537.36"
1.21.119.63 - - [05/Apr/2026:18:19:12 +0200] "GET /wp-content/themes/Newspaper/js/tagdiv_theme.js?ver=8.0 HTTP/1.1" 304 0 "https://ribari.net/?prizes/276404208" "Mozilla/5.0 (Windows NT 10.0; Win64; x64) AppleWebKit/537.36 (KHTML, like Gecko) Chrome/142.0.0.0 Safari/537.36"
1.21.119.63 - - [05/Apr/2026:18:19:12 +0200] "GET /wp-content/plugins/gtranslate/gtranslate-style48.css?ver=4.9.13 HTTP/1.1" 304 0 "https://ribari.net/?prizes/276404208" "Mozilla/5.0 (Windows NT 10.0; Win64; x64) AppleWebKit/537.36 (KHTML, like Gecko) Chrome/142.0.0.0 Safari/537.36"
1.21.119.63 - - [05/Apr/2026:18:19:12 +0200] "GET /wp-includes/js/comment-reply.min.js?ver=4.9.13 HTTP/1.1" 304 0 "https://ribari.net/?prizes/276404208" "Mozilla/5.0 (Windows NT 10.0; Win64; x64) AppleWebKit/537.36 (KHTML, like Gecko) Chrome/142.0.0.0 Safari/537.36"
1.21.119.63 - - [05/Apr/2026:18:19:12 +0200] "GET /wp-includes/js/wp-embed.min.js?ver=4.9.13 HTTP/1.1" 304 0 "https://ribari.net/?prizes/276404208" "Mozilla/5.0 (Windows NT 10.0; Win64; x64) AppleWebKit/537.36 (KHTML, like Gecko) Chrome/142.0.0.0 Safari/537.36"
1.21.119.63 - - [05/Apr/2026:18:19:13 +0200] "GET /wp-includes/js/wp-emoji-release.min.js?ver=4.9.13 HTTP/1.1" 304 0 "https://ribari.net/?prizes/276404208" "Mozilla/5.0 (Windows NT 10.0; Win64; x64) AppleWebKit/537.36 (KHTML, like Gecko) Chrome/142.0.0.0 Safari/537.36"
1.21.119.63 - - [05/Apr/2026:18:19:13 +0200] "GET /wp-content/themes/Newspaper/images/icons/newspaper.woff?14 HTTP/1.1" 304 0 "https://ribari.net/wp-content/themes/Newspaper/style.css?ver=8.0" "Mozilla/5.0 (Windows NT 10.0; Win64; x64) AppleWebKit/537.36 (KHTML, like Gecko) Chrome/142.0.0.0 Safari/537.36"
220.181.108.105 - - [05/Apr/2026:18:19:15 +0200] "GET /wp-content/uploads/2020/03/DSCF0479.jpg HTTP/1.1" 200 343064 "-" "Baiduspider-image+(+http://www.baidu.com/search/spider.htm)"
1.21.119.63 - - [05/Apr/2026:18:19:15 +0200] "GET /wp-content/uploads/2019/10/logo-ribari.png HTTP/1.1" 304 0 "https://ribari.net/?prizes/276404208" "Mozilla/5.0 (Windows NT 10.0; Win64; x64) AppleWebKit/537.36 (KHTML, like Gecko) Chrome/142.0.0.0 Safari/537.36"
66.249.66.37 - - [05/Apr/2026:18:19:21 +0200] "GET /prizes/251505571 HTTP/1.1" 404 13199 "-" "Mozilla/5.0 (Linux; Android 6.0.1; Nexus 5X Build/MMB29P) AppleWebKit/537.36 (KHTML, like Gecko) Chrome/146.0.7680.177 Mobile Safari/537.36 (compatible; Googlebot/2.1; +http://www.google.com/bot.html)"
104.166.189.242 - - [05/Apr/2026:18:19:30 +0200] "GET / HTTP/1.1" 200 28054 "-" "Mozilla/5.0 (Macintosh; Intel Mac OS X 10_15_7) AppleWebKit/537.36 (KHTML, like Gecko) Chrome/120.0.0.0 Safari/537.36"
161.97.137.93 - - [05/Apr/2026:18:19:31 +0200] "POST /wp-cron.php?doing_wp_cron=1775405971.0797860622406005859375 HTTP/1.1" 404 13199 "https://ribari.net/wp-cron.php?doing_wp_cron=1775405971.0797860622406005859375" "WordPress/4.9.13; https://ribari.net"
66.249.66.6 - - [05/Apr/2026:18:19:31 +0200] "GET /prizes/124511975 HTTP/1.1" 404 13199 "-" "Mozilla/5.0 (Linux; Android 6.0.1; Nexus 5X Build/MMB29P) AppleWebKit/537.36 (KHTML, like Gecko) Chrome/146.0.7680.177 Mobile Safari/537.36 (compatible; Googlebot/2.1; +http://www.google.com/bot.html)"
104.166.189.242 - - [05/Apr/2026:18:19:33 +0200] "GET /?rest_route=/wp/v2/users HTTP/1.1" 200 382 "-" "Mozilla/5.0 (Linux; Android 11; Nokia G50) AppleWebKit/537.36 (KHTML, like Gecko) Chrome/123.0.6312.61 Mobile Safari/537.36"
104.166.189.242 - - [05/Apr/2026:18:19:34 +0200] "POST /xmlrpc.php HTTP/1.1" 404 13204 "-" "Mozilla/5.0 (X11; Linux x86_64) AppleWebKit/537.36 (KHTML, like Gecko) Chrome/120.0.0.0 Safari/537.36"
104.166.189.242 - - [05/Apr/2026:18:19:37 +0200] "POST /xmlrpc.php HTTP/1.1" 404 13203 "-" "Mozilla/5.0 (X11; Linux x86_64) AppleWebKit/537.36 (KHTML, like Gecko) Chrome/120.0.0.0 Safari/537.36"
104.166.189.242 - - [05/Apr/2026:18:19:38 +0200] "POST /xmlrpc.php HTTP/1.1" 404 13203 "-" "Mozilla/5.0 (Windows NT 10.0; Win64; x64) AppleWebKit/537.36 (KHTML, like Gecko) Chrome/120.0.0.0 Safari/537.36"
104.166.189.242 - - [05/Apr/2026:18:19:40 +0200] "POST /xmlrpc.php HTTP/1.1" 404 13203 "-" "Mozilla/5.0 (X11; Linux x86_64) AppleWebKit/537.36 (KHTML, like Gecko) Chrome/120.0.0.0 Safari/537.36"
114.119.142.207 - - [05/Apr/2026:18:19:40 +0200] "GET /wp-content/themes/Newspaper/includes/block_templates/td_block_template_14.php HTTP/1.1" 500 0 "https://ribari.net/wp-content/themes/Newspaper/includes/block_templates/?C=M%3BO%3DA" "Mozilla/5.0 (Linux; Android 7.0;) AppleWebKit/537.36 (KHTML, like Gecko) Mobile Safari/537.36 (compatible; PetalBot;+https://webmaster.petalsearch.com/site/petalbot)"
104.166.189.242 - - [05/Apr/2026:18:19:42 +0200] "POST /xmlrpc.php HTTP/1.1" 404 13203 "-" "Mozilla/5.0 (Windows NT 10.0; Win64; x64; rv:121.0) Gecko/20100101 Firefox/121.0"
104.166.189.242 - - [05/Apr/2026:18:19:44 +0200] "POST /xmlrpc.php HTTP/1.1" 404 13203 "-" "Mozilla/5.0 (Windows NT 10.0; Win64; x64; rv:121.0) Gecko/20100101 Firefox/121.0"
66.249.66.6 - - [05/Apr/2026:18:19:44 +0200] "GET /prizes/127144369 HTTP/1.1" 404 13203 "-" "Mozilla/5.0 (Linux; Android 6.0.1; Nexus 5X Build/MMB29P) AppleWebKit/537.36 (KHTML, like Gecko) Chrome/146.0.7680.177 Mobile Safari/537.36 (compatible; Googlebot/2.1; +http://www.google.com/bot.html)"
66.249.66.6 - - [05/Apr/2026:18:19:45 +0200] "GET /index.php?prizes/215076955 HTTP/1.1" 301 0 "-" "Mozilla/5.0 (Linux; Android 6.0.1; Nexus 5X Build/MMB29P) AppleWebKit/537.36 (KHTML, like Gecko) Chrome/146.0.7680.177 Mobile Safari/537.36 (compatible; Googlebot/2.1; +http://www.google.com/bot.html)"
66.249.66.204 - - [05/Apr/2026:18:19:45 +0200] "GET /index.php?prizes/202445238 HTTP/1.1" 301 0 "-" "Mozilla/5.0 (Linux; Android 6.0.1; Nexus 5X Build/MMB29P) AppleWebKit/537.36 (KHTML, like Gecko) Chrome/146.0.7680.177 Mobile Safari/537.36 (compatible; Googlebot/2.1; +http://www.google.com/bot.html)"
104.166.189.242 - - [05/Apr/2026:18:19:46 +0200] "POST /xmlrpc.php HTTP/1.1" 404 13203 "-" "Mozilla/5.0 (Macintosh; Intel Mac OS X 10.15; rv:121.0) Gecko/20100101 Firefox/121.0"
66.249.66.165 - - [05/Apr/2026:18:19:46 +0200] "GET /prizes/36285652%20%20%20%20%20%20%20%20%20%20%20%20%20%20%20%20%20%20%20%20%20%20%20%20%20%20%20%20%20%20%20%20class= HTTP/1.1" 404 13203 "-" "Mozilla/5.0 (Linux; Android 6.0.1; Nexus 5X Build/MMB29P) AppleWebKit/537.36 (KHTML, like Gecko) Chrome/146.0.7680.177 Mobile Safari/537.36 (compatible; Googlebot/2.1; +http://www.google.com/bot.html)"
66.249.66.165 - - [05/Apr/2026:18:19:47 +0200] "GET /prizes/67726036 HTTP/1.1" 404 13203 "-" "Mozilla/5.0 (Linux; Android 6.0.1; Nexus 5X Build/MMB29P) AppleWebKit/537.36 (KHTML, like Gecko) Chrome/146.0.7680.177 Mobile Safari/537.36 (compatible; Googlebot/2.1; +http://www.google.com/bot.html)"
104.166.189.242 - - [05/Apr/2026:18:19:48 +0200] "POST /xmlrpc.php HTTP/1.1" 404 13203 "-" "Mozilla/5.0 (Macintosh; Intel Mac OS X 10_15_7) AppleWebKit/537.36 (KHTML, like Gecko) Chrome/120.0.0.0 Safari/537.36"
66.249.66.69 - - [05/Apr/2026:18:19:48 +0200] "GET /index.php?prizes/288145147 HTTP/1.1" 301 0 "-" "Mozilla/5.0 (Linux; Android 6.0.1; Nexus 5X Build/MMB29P) AppleWebKit/537.36 (KHTML, like Gecko) Chrome/146.0.7680.177 Mobile Safari/537.36 (compatible; Googlebot/2.1; +http://www.google.com/bot.html)"
66.249.66.6 - - [05/Apr/2026:18:19:49 +0200] "GET /?prizes/215076955 HTTP/1.1" 200 27397 "-" "Mozilla/5.0 (Linux; Android 6.0.1; Nexus 5X Build/MMB29P) AppleWebKit/537.36 (KHTML, like Gecko) Chrome/146.0.7680.177 Mobile Safari/537.36 (compatible; Googlebot/2.1; +http://www.google.com/bot.html)"
104.166.189.242 - - [05/Apr/2026:18:19:49 +0200] "POST /xmlrpc.php HTTP/1.1" 404 13203 "-" "Mozilla/5.0 (Macintosh; Intel Mac OS X 14_6_1) AppleWebKit/537.36 (KHTML, like Gecko) Chrome/128.0.0.0 Safari/537.36 OPR/114.0.0.0"
66.249.66.37 - - [05/Apr/2026:18:19:50 +0200] "GET /?prizes/202445238 HTTP/1.1" 200 27248 "-" "Mozilla/5.0 (Linux; Android 6.0.1; Nexus 5X Build/MMB29P) AppleWebKit/537.36 (KHTML, like Gecko) Chrome/146.0.7680.177 Mobile Safari/537.36 (compatible; Googlebot/2.1; +http://www.google.com/bot.html)"
104.166.189.242 - - [05/Apr/2026:18:19:51 +0200] "POST /xmlrpc.php HTTP/1.1" 404 13199 "-" "Mozilla/5.0 (Windows NT 10.0; Win64; x64) AppleWebKit/537.36 (KHTML, like Gecko) Chrome/120.0.0.0 Safari/537.36"
66.249.66.6 - - [05/Apr/2026:18:19:51 +0200] "GET /prizes/180703147 HTTP/1.1" 404 13198 "-" "Mozilla/5.0 (Linux; Android 6.0.1; Nexus 5X Build/MMB29P) AppleWebKit/537.36 (KHTML, like Gecko) Chrome/146.0.7680.177 Mobile Safari/537.36 (compatible; Googlebot/2.1; +http://www.google.com/bot.html)"
66.249.66.204 - - [05/Apr/2026:18:19:53 +0200] "GET /?prizes/288145147 HTTP/1.1" 200 27696 "-" "Mozilla/5.0 (Linux; Android 6.0.1; Nexus 5X Build/MMB29P) AppleWebKit/537.36 (KHTML, like Gecko) Chrome/146.0.7680.177 Mobile Safari/537.36 (compatible; Googlebot/2.1; +http://www.google.com/bot.html)"
66.249.66.69 - - [05/Apr/2026:18:19:53 +0200] "GET /prizes/41126208 HTTP/1.1" 404 13203 "-" "Mozilla/5.0 (Linux; Android 6.0.1; Nexus 5X Build/MMB29P) AppleWebKit/537.36 (KHTML, like Gecko) Chrome/146.0.7680.177 Mobile Safari/537.36 (compatible; Googlebot/2.1; +http://www.google.com/bot.html)"
104.166.189.242 - - [05/Apr/2026:18:19:53 +0200] "POST /xmlrpc.php HTTP/1.1" 404 13203 "-" "Mozilla/5.0 (Macintosh; Intel Mac OS X 14_6_1) AppleWebKit/537.36 (KHTML, like Gecko) Chrome/128.0.0.0 Safari/537.36 OPR/114.0.0.0"
66.249.66.6 - - [05/Apr/2026:18:19:54 +0200] "GET /index.php?prizes/286292046 HTTP/1.1" 301 0 "-" "Mozilla/5.0 (Linux; Android 6.0.1; Nexus 5X Build/MMB29P) AppleWebKit/537.36 (KHTML, like Gecko) Chrome/146.0.7680.177 Mobile Safari/537.36 (compatible; Googlebot/2.1; +http://www.google.com/bot.html)"
66.249.66.204 - - [05/Apr/2026:18:19:55 +0200] "GET /prizes/173845602 HTTP/1.1" 404 13203 "-" "Mozilla/5.0 (Linux; Android 6.0.1; Nexus 5X Build/MMB29P) AppleWebKit/537.36 (KHTML, like Gecko) Chrome/146.0.7680.177 Mobile Safari/537.36 (compatible; Googlebot/2.1; +http://www.google.com/bot.html)"
104.166.189.242 - - [05/Apr/2026:18:19:56 +0200] "POST /xmlrpc.php HTTP/1.1" 404 13203 "-" "Mozilla/5.0 (Macintosh; Intel Mac OS X 14_6_1) AppleWebKit/537.36 (KHTML, like Gecko) Chrome/128.0.0.0 Safari/537.36 OPR/114.0.0.0"
66.249.66.165 - - [05/Apr/2026:18:19:56 +0200] "GET /?prizes/286292046 HTTP/1.1" 200 27843 "-" "Mozilla/5.0 (Linux; Android 6.0.1; Nexus 5X Build/MMB29P) AppleWebKit/537.36 (KHTML, like Gecko) Chrome/146.0.7680.177 Mobile Safari/537.36 (compatible; Googlebot/2.1; +http://www.google.com/bot.html)"
104.166.189.242 - - [05/Apr/2026:18:19:57 +0200] "POST /xmlrpc.php HTTP/1.1" 404 13203 "-" "Mozilla/5.0 (Linux; Android 11; Nokia G50) AppleWebKit/537.36 (KHTML, like Gecko) Chrome/123.0.6312.61 Mobile Safari/537.36"
104.166.189.242 - - [05/Apr/2026:18:19:59 +0200] "POST /xmlrpc.php HTTP/1.1" 404 13205 "-" "Mozilla/5.0 (Windows NT 10.0; Win64; x64; rv:121.0) Gecko/20100101 Firefox/121.0"
104.166.189.242 - - [05/Apr/2026:18:20:00 +0200] "POST /xmlrpc.php HTTP/1.1" 404 13202 "-" "Mozilla/5.0 (Macintosh; Intel Mac OS X 14_6_1) AppleWebKit/537.36 (KHTML, like Gecko) Chrome/128.0.0.0 Safari/537.36 OPR/114.0.0.0"
66.249.66.165 - - [05/Apr/2026:18:20:12 +0200] "GET /prizes/96742581 HTTP/1.1" 502 552 "-" "Mozilla/5.0 (Linux; Android 6.0.1; Nexus 5X Build/MMB29P) AppleWebKit/537.36 (KHTML, like Gecko) Chrome/146.0.7680.177 Mobile Safari/537.36 (compatible; Googlebot/2.1; +http://www.google.com/bot.html)"
104.166.189.242 - - [05/Apr/2026:18:20:12 +0200] "POST /xmlrpc.php HTTP/1.1" 502 552 "-" "Mozilla/5.0 (X11; Linux x86_64) AppleWebKit/537.36 (KHTML, like Gecko) Chrome/120.0.0.0 Safari/537.36"
66.249.66.192 - - [05/Apr/2026:18:20:12 +0200] "GET /prizes/296857147 HTTP/1.1" 502 552 "-" "Mozilla/5.0 (Linux; Android 6.0.1; Nexus 5X Build/MMB29P) AppleWebKit/537.36 (KHTML, like Gecko) Chrome/146.0.7680.177 Mobile Safari/537.36 (compatible; Googlebot/2.1; +http://www.google.com/bot.html)"
104.166.189.242 - - [05/Apr/2026:18:20:22 +0200] "POST /xmlrpc.php HTTP/1.1" 404 13202 "-" "Mozilla/5.0 (Macintosh; Intel Mac OS X 10_15_7) AppleWebKit/537.36 (KHTML, like Gecko) Chrome/120.0.0.0 Safari/537.36"
66.249.66.7 - - [05/Apr/2026:18:20:23 +0200] "GET /prizes/232114632 HTTP/1.1" 404 13203 "-" "Mozilla/5.0 (Linux; Android 6.0.1; Nexus 5X Build/MMB29P) AppleWebKit/537.36 (KHTML, like Gecko) Chrome/146.0.7680.177 Mobile Safari/537.36 (compatible; Googlebot/2.1; +http://www.google.com/bot.html)"
104.166.189.242 - - [05/Apr/2026:18:20:25 +0200] "POST /xmlrpc.php HTTP/1.1" 404 13203 "-" "Mozilla/5.0 (Windows NT 10.0; Win64; x64) AppleWebKit/537.36 (KHTML, like Gecko) Chrome/120.0.0.0 Safari/537.36"
66.249.93.11 - - [05/Apr/2026:18:20:26 +0200] "GET /.well-known/traffic-advice HTTP/1.1" 404 13202 "-" "Chrome Privacy Preserving Prefetch Proxy"
2001:4860:7:608::fa - - [05/Apr/2026:18:20:26 +0200] "GET /%D0%BF%D1%80%D0%B8%D0%BB%D0%B8%D0%BA%D0%B8-%D0%B8-%D1%80%D0%B0%D0%B7%D0%BB%D0%B8%D0%BA%D0%B8-%D0%BC%D0%B5%D0%B6%D0%B4%D1%83-%D1%87%D0%B5%D1%80%D0%B2%D0%B5%D0%BD%D0%BE%D0%BF%D0%B5%D1%80%D0%BA%D0%B0/ HTTP/1.1" 200 20508 "https://www.google.com/" "Mozilla/5.0 (Linux; Android 10; K) AppleWebKit/537.36 (KHTML, like Gecko) Chrome/146.0.0.0 Mobile Safari/537.36"
104.166.189.242 - - [05/Apr/2026:18:20:26 +0200] "POST /xmlrpc.php HTTP/1.1" 404 13202 "-" "Mozilla/5.0 (Windows NT 10.0; Win64; x64) AppleWebKit/537.36 (KHTML, like Gecko) Chrome/120.0.0.0 Safari/537.36"
104.166.189.242 - - [05/Apr/2026:18:20:28 +0200] "POST /xmlrpc.php HTTP/1.1" 404 13205 "-" "Mozilla/5.0 (Windows NT 10.0; Win64; x64; rv:121.0) Gecko/20100101 Firefox/121.0"
104.166.189.242 - - [05/Apr/2026:18:20:31 +0200] "POST /xmlrpc.php HTTP/1.1" 404 13201 "-" "Mozilla/5.0 (X11; Linux x86_64) AppleWebKit/537.36 (KHTML, like Gecko) Chrome/120.0.0.0 Safari/537.36"
161.97.137.93 - - [05/Apr/2026:18:20:32 +0200] "POST /wp-cron.php?doing_wp_cron=1775406032.1981809139251708984375 HTTP/1.1" 404 13203 "https://ribari.net/wp-cron.php?doing_wp_cron=1775406032.1981809139251708984375" "WordPress/4.9.13; https://ribari.net"
104.166.189.242 - - [05/Apr/2026:18:20:32 +0200] "POST /xmlrpc.php HTTP/1.1" 404 13202 "-" "Mozilla/5.0 (Macintosh; Intel Mac OS X 10_15_7) AppleWebKit/537.36 (KHTML, like Gecko) Chrome/120.0.0.0 Safari/537.36"
66.249.66.7 - - [05/Apr/2026:18:20:33 +0200] "GET /prizes/135743642 HTTP/1.1" 404 13203 "-" "Mozilla/5.0 (Linux; Android 6.0.1; Nexus 5X Build/MMB29P) AppleWebKit/537.36 (KHTML, like Gecko) Chrome/146.0.7680.177 Mobile Safari/537.36 (compatible; Googlebot/2.1; +http://www.google.com/bot.html)"
104.166.189.242 - - [05/Apr/2026:18:20:33 +0200] "POST /xmlrpc.php HTTP/1.1" 404 13202 "-" "Mozilla/5.0 (Linux; Android 11; Nokia G50) AppleWebKit/537.36 (KHTML, like Gecko) Chrome/123.0.6312.61 Mobile Safari/537.36"
104.166.189.242 - - [05/Apr/2026:18:20:35 +0200] "POST /xmlrpc.php HTTP/1.1" 404 13203 "-" "Mozilla/5.0 (Windows NT 10.0; Win64; x64) AppleWebKit/537.36 (KHTML, like Gecko) Chrome/120.0.0.0 Safari/537.36"
104.166.189.242 - - [05/Apr/2026:18:20:39 +0200] "POST /xmlrpc.php HTTP/1.1" 404 13201 "-" "Mozilla/5.0 (Macintosh; Intel Mac OS X 10_15_7) AppleWebKit/537.36 (KHTML, like Gecko) Chrome/120.0.0.0 Safari/537.36"
104.166.189.242 - - [05/Apr/2026:18:20:40 +0200] "POST /xmlrpc.php HTTP/1.1" 404 13202 "-" "Mozilla/5.0 (X11; Linux x86_64) AppleWebKit/537.36 (KHTML, like Gecko) Chrome/120.0.0.0 Safari/537.36"
116.179.32.233 - - [05/Apr/2026:18:20:40 +0200] "GET /wp-content/uploads/2020/05/galin-324x235.jpg HTTP/1.1" 200 22496 "-" "Baiduspider-image+(+http://www.baidu.com/search/spider.htm)"
104.166.189.242 - - [05/Apr/2026:18:20:41 +0200] "POST /xmlrpc.php HTTP/1.1" 404 13197 "-" "Mozilla/5.0 (Windows NT 10.0; Win64; x64; rv:121.0) Gecko/20100101 Firefox/121.0"
104.166.189.242 - - [05/Apr/2026:18:20:43 +0200] "POST /xmlrpc.php HTTP/1.1" 404 13202 "-" "Mozilla/5.0 (X11; Linux x86_64) AppleWebKit/537.36 (KHTML, like Gecko) Chrome/120.0.0.0 Safari/537.36"
66.249.66.204 - - [05/Apr/2026:18:20:43 +0200] "GET /prizes/142017107 HTTP/1.1" 404 13202 "-" "Mozilla/5.0 (Linux; Android 6.0.1; Nexus 5X Build/MMB29P) AppleWebKit/537.36 (KHTML, like Gecko) Chrome/146.0.7680.177 Mobile Safari/537.36 (compatible; Googlebot/2.1; +http://www.google.com/bot.html)"
104.166.189.242 - - [05/Apr/2026:18:20:44 +0200] "POST /xmlrpc.php HTTP/1.1" 404 13202 "-" "Mozilla/5.0 (Macintosh; Intel Mac OS X 10_15_7) AppleWebKit/537.36 (KHTML, like Gecko) Chrome/120.0.0.0 Safari/537.36"
104.166.189.242 - - [05/Apr/2026:18:20:46 +0200] "POST /xmlrpc.php HTTP/1.1" 404 13201 "-" "Mozilla/5.0 (Windows NT 10.0; Win64; x64; rv:121.0) Gecko/20100101 Firefox/121.0"
66.249.66.69 - - [05/Apr/2026:18:20:54 +0200] "GET /prizes/206645864 HTTP/1.1" 404 13203 "-" "Mozilla/5.0 (Linux; Android 6.0.1; Nexus 5X Build/MMB29P) AppleWebKit/537.36 (KHTML, like Gecko) Chrome/146.0.7680.177 Mobile Safari/537.36 (compatible; Googlebot/2.1; +http://www.google.com/bot.html)"
66.249.66.7 - - [05/Apr/2026:18:21:04 +0200] "GET /prizes/98485551 HTTP/1.1" 404 13204 "-" "Mozilla/5.0 (Linux; Android 6.0.1; Nexus 5X Build/MMB29P) AppleWebKit/537.36 (KHTML, like Gecko) Chrome/146.0.7680.177 Mobile Safari/537.36 (compatible; Googlebot/2.1; +http://www.google.com/bot.html)"
66.249.66.38 - - [05/Apr/2026:18:21:15 +0200] "GET /prizes/282192107 HTTP/1.1" 404 13203 "-" "Mozilla/5.0 (Linux; Android 6.0.1; Nexus 5X Build/MMB29P) AppleWebKit/537.36 (KHTML, like Gecko) Chrome/146.0.7680.177 Mobile Safari/537.36 (compatible; Googlebot/2.1; +http://www.google.com/bot.html)"
100.36.98.55 - - [05/Apr/2026:18:21:16 +0200] "GET /wp-login.php HTTP/1.1" 302 0 "-" "Mozilla/5.0 (Windows NT 6.3; Win64; x64; Trident/7.0; LCJB; rv:11.0) like Gecko"
185.191.171.1 - - [05/Apr/2026:18:21:16 +0200] "GET /tag/griji-za-ribolovnata-makara/ HTTP/1.1" 200 13522 "-" "Mozilla/5.0 (compatible; SemrushBot/7~bl; +http://www.semrush.com/bot.html)"
100.36.98.55 - - [05/Apr/2026:18:21:20 +0200] "GET /wp-login.php HTTP/1.1" 302 0 "https://ribari.net/wp-login.php" "Mozilla/5.0 (Windows NT 6.3; Win64; x64; Trident/7.0; LCJB; rv:11.0) like Gecko"
100.36.98.55 - - [05/Apr/2026:18:21:21 +0200] "GET /wp-login.php HTTP/1.1" 302 0 "https://ribari.net/wp-login.php" "Mozilla/5.0 (Windows NT 6.3; Win64; x64; Trident/7.0; LCJB; rv:11.0) like Gecko"
66.249.66.69 - - [05/Apr/2026:18:21:25 +0200] "GET /prizes/288595581 HTTP/1.1" 404 13205 "-" "Mozilla/5.0 (Linux; Android 6.0.1; Nexus 5X Build/MMB29P) AppleWebKit/537.36 (KHTML, like Gecko) Chrome/146.0.7680.177 Mobile Safari/537.36 (compatible; Googlebot/2.1; +http://www.google.com/bot.html)"
161.97.137.93 - - [05/Apr/2026:18:21:36 +0200] "POST /wp-cron.php?doing_wp_cron=1775406096.0878419876098632812500 HTTP/1.1" 404 13203 "https://ribari.net/wp-cron.php?doing_wp_cron=1775406096.0878419876098632812500" "WordPress/4.9.13; https://ribari.net"
66.249.66.6 - - [05/Apr/2026:18:21:36 +0200] "GET /prizes/203507349 HTTP/1.1" 404 13203 "-" "Mozilla/5.0 (Linux; Android 6.0.1; Nexus 5X Build/MMB29P) AppleWebKit/537.36 (KHTML, like Gecko) Chrome/146.0.7680.177 Mobile Safari/537.36 (compatible; Googlebot/2.1; +http://www.google.com/bot.html)"
66.249.66.6 - - [05/Apr/2026:18:21:46 +0200] "GET /prizes/73069884 HTTP/1.1" 404 13203 "-" "Mozilla/5.0 (Linux; Android 6.0.1; Nexus 5X Build/MMB29P) AppleWebKit/537.36 (KHTML, like Gecko) Chrome/146.0.7680.177 Mobile Safari/537.36 (compatible; Googlebot/2.1; +http://www.google.com/bot.html)"
66.249.66.204 - - [05/Apr/2026:18:21:50 +0200] "GET /?o=rrpa223swfb49274jrdymka HTTP/1.1" 200 27656 "-" "Mozilla/5.0 (Linux; Android 6.0.1; Nexus 5X Build/MMB29P) AppleWebKit/537.36 (KHTML, like Gecko) Chrome/146.0.7680.177 Mobile Safari/537.36 (compatible; GoogleOther)"
66.249.66.6 - - [05/Apr/2026:18:21:51 +0200] "GET /%D0%BF%D0%B5%D1%87%D0%B5%D0%BD%D0%B0-%D1%80%D0%B8%D0%B1%D0%B0-%D1%81-%D0%BF%D0%BE%D1%80%D1%82%D0%BE%D0%BA%D0%B0%D0%BB%D0%B8/feed/ HTTP/1.1" 200 522 "-" "Mozilla/5.0 (Linux; Android 6.0.1; Nexus 5X Build/MMB29P) AppleWebKit/537.36 (KHTML, like Gecko) Chrome/146.0.7680.177 Mobile Safari/537.36 (compatible; Googlebot/2.1; +http://www.google.com/bot.html)"
66.249.66.165 - - [05/Apr/2026:18:21:55 +0200] "GET /index.php?prizes/241015177 HTTP/1.1" 301 0 "-" "Mozilla/5.0 (Linux; Android 6.0.1; Nexus 5X Build/MMB29P) AppleWebKit/537.36 (KHTML, like Gecko) Chrome/146.0.7680.177 Mobile Safari/537.36 (compatible; Googlebot/2.1; +http://www.google.com/bot.html)"
66.249.66.6 - - [05/Apr/2026:18:21:56 +0200] "GET /?prizes/241015177 HTTP/1.1" 200 27493 "-" "Mozilla/5.0 (Linux; Android 6.0.1; Nexus 5X Build/MMB29P) AppleWebKit/537.36 (KHTML, like Gecko) Chrome/146.0.7680.177 Mobile Safari/537.36 (compatible; Googlebot/2.1; +http://www.google.com/bot.html)"
66.249.66.165 - - [05/Apr/2026:18:21:57 +0200] "GET /prizes/84027955 HTTP/1.1" 404 13205 "-" "Mozilla/5.0 (Linux; Android 6.0.1; Nexus 5X Build/MMB29P) AppleWebKit/537.36 (KHTML, like Gecko) Chrome/146.0.7680.177 Mobile Safari/537.36 (compatible; Googlebot/2.1; +http://www.google.com/bot.html)"
119.249.100.235 - - [05/Apr/2026:18:22:09 +0200] "GET /wp-content/uploads/2020/05/ribari-net-1-265x198.jpg HTTP/1.1" 200 11796 "-" "Mozilla/5.0 (Windows NT 10.0; WOW64) AppleWebKit/537.36 (KHTML, like Gecko) Chrome/48.0.2564.116 Safari/537.36"
66.249.66.166 - - [05/Apr/2026:18:22:15 +0200] "GET /prizes/226107571 HTTP/1.1" 404 13203 "-" "Mozilla/5.0 (Linux; Android 6.0.1; Nexus 5X Build/MMB29P) AppleWebKit/537.36 (KHTML, like Gecko) Chrome/146.0.7680.177 Mobile Safari/537.36 (compatible; Googlebot/2.1; +http://www.google.com/bot.html)"
66.249.66.70 - - [05/Apr/2026:18:22:19 +0200] "GET /prizes/224306915 HTTP/1.1" 404 13203 "-" "Mozilla/5.0 (Linux; Android 6.0.1; Nexus 5X Build/MMB29P) AppleWebKit/537.36 (KHTML, like Gecko) Chrome/146.0.7680.177 Mobile Safari/537.36 (compatible; Googlebot/2.1; +http://www.google.com/bot.html)"
66.249.66.37 - - [05/Apr/2026:18:22:28 +0200] "GET /prizes/114786925 HTTP/1.1" 404 13201 "-" "Mozilla/5.0 (Linux; Android 6.0.1; Nexus 5X Build/MMB29P) AppleWebKit/537.36 (KHTML, like Gecko) Chrome/146.0.7680.177 Mobile Safari/537.36 (compatible; Googlebot/2.1; +http://www.google.com/bot.html)"
161.97.137.93 - - [05/Apr/2026:18:22:38 +0200] "POST /wp-cron.php?doing_wp_cron=1775406158.1667430400848388671875 HTTP/1.1" 404 13203 "https://ribari.net/wp-cron.php?doing_wp_cron=1775406158.1667430400848388671875" "WordPress/4.9.13; https://ribari.net"
66.249.66.165 - - [05/Apr/2026:18:22:38 +0200] "GET /prizes/61505804 HTTP/1.1" 404 13202 "-" "Mozilla/5.0 (Linux; Android 6.0.1; Nexus 5X Build/MMB29P) AppleWebKit/537.36 (KHTML, like Gecko) Chrome/146.0.7680.177 Mobile Safari/537.36 (compatible; Googlebot/2.1; +http://www.google.com/bot.html)"
66.249.66.6 - - [05/Apr/2026:18:22:48 +0200] "GET /prizes/77869036 HTTP/1.1" 404 13203 "-" "Mozilla/5.0 (Linux; Android 6.0.1; Nexus 5X Build/MMB29P) AppleWebKit/537.36 (KHTML, like Gecko) Chrome/146.0.7680.177 Mobile Safari/537.36 (compatible; Googlebot/2.1; +http://www.google.com/bot.html)"
66.249.66.69 - - [05/Apr/2026:18:22:55 +0200] "GET /index.php?prizes/38398854 HTTP/1.1" 301 0 "-" "Mozilla/5.0 (Linux; Android 6.0.1; Nexus 5X Build/MMB29P) AppleWebKit/537.36 (KHTML, like Gecko) Chrome/146.0.7680.177 Mobile Safari/537.36 (compatible; Googlebot/2.1; +http://www.google.com/bot.html)"
66.249.66.165 - - [05/Apr/2026:18:22:57 +0200] "GET /?prizes/38398854 HTTP/1.1" 200 27528 "-" "Mozilla/5.0 (Linux; Android 6.0.1; Nexus 5X Build/MMB29P) AppleWebKit/537.36 (KHTML, like Gecko) Chrome/146.0.7680.177 Mobile Safari/537.36 (compatible; Googlebot/2.1; +http://www.google.com/bot.html)"
66.249.66.165 - - [05/Apr/2026:18:23:05 +0200] "GET /prizes/67735258 HTTP/1.1" 404 13205 "-" "Mozilla/5.0 (Linux; Android 6.0.1; Nexus 5X Build/MMB29P) AppleWebKit/537.36 (KHTML, like Gecko) Chrome/146.0.7680.177 Mobile Safari/537.36 (compatible; Googlebot/2.1; +http://www.google.com/bot.html)"
66.249.66.166 - - [05/Apr/2026:18:23:13 +0200] "GET /prizes/124279228 HTTP/1.1" 404 13204 "-" "Mozilla/5.0 (Linux; Android 6.0.1; Nexus 5X Build/MMB29P) AppleWebKit/537.36 (KHTML, like Gecko) Chrome/146.0.7680.177 Mobile Safari/537.36 (compatible; Googlebot/2.1; +http://www.google.com/bot.html)"
66.249.66.165 - - [05/Apr/2026:18:23:21 +0200] "GET /index.php?prizes/256546713 HTTP/1.1" 301 0 "-" "Mozilla/5.0 (Linux; Android 6.0.1; Nexus 5X Build/MMB29P) AppleWebKit/537.36 (KHTML, like Gecko) Chrome/146.0.7680.177 Mobile Safari/537.36 (compatible; Googlebot/2.1; +http://www.google.com/bot.html)"
66.249.66.204 - - [05/Apr/2026:18:23:22 +0200] "GET /prizes/201327218 HTTP/1.1" 404 13203 "-" "Mozilla/5.0 (Linux; Android 6.0.1; Nexus 5X Build/MMB29P) AppleWebKit/537.36 (KHTML, like Gecko) Chrome/146.0.7680.177 Mobile Safari/537.36 (compatible; Googlebot/2.1; +http://www.google.com/bot.html)"
66.249.66.6 - - [05/Apr/2026:18:23:23 +0200] "GET /?prizes/256546713 HTTP/1.1" 200 27609 "-" "Mozilla/5.0 (Linux; Android 6.0.1; Nexus 5X Build/MMB29P) AppleWebKit/537.36 (KHTML, like Gecko) Chrome/146.0.7680.177 Mobile Safari/537.36 (compatible; Googlebot/2.1; +http://www.google.com/bot.html)"
84.238.241.216 - - [05/Apr/2026:18:23:24 +0200] "GET /%D0%BF%D1%80%D0%B8%D0%BB%D0%B8%D0%BA%D0%B8-%D0%B8-%D1%80%D0%B0%D0%B7%D0%BB%D0%B8%D0%BA%D0%B8-%D0%BC%D0%B5%D0%B6%D0%B4%D1%83-%D1%87%D0%B5%D1%80%D0%B2%D0%B5%D0%BD%D0%BE%D0%BF%D0%B5%D1%80%D0%BA%D0%B0/ HTTP/1.1" 200 20508 "https://www.google.com/" "Mozilla/5.0 (Linux; Android 10; K) AppleWebKit/537.36 (KHTML, like Gecko) Chrome/146.0.0.0 Mobile Safari/537.36"
84.238.241.216 - - [05/Apr/2026:18:23:24 +0200] "GET /wp-content/plugins/contact-form-7/includes/css/styles.css?ver=5.1.4 HTTP/1.1" 304 0 "-" "Mozilla/5.0 (Linux; Android 10; K) AppleWebKit/537.36 (KHTML, like Gecko) Chrome/146.0.0.0 Mobile Safari/537.36"
84.238.241.216 - - [05/Apr/2026:18:23:24 +0200] "GET /wp-content/plugins/gtranslate/gtranslate-style48.css?ver=4.9.13 HTTP/1.1" 304 0 "-" "Mozilla/5.0 (Linux; Android 10; K) AppleWebKit/537.36 (KHTML, like Gecko) Chrome/146.0.0.0 Mobile Safari/537.36"
66.249.66.165 - - [05/Apr/2026:18:23:24 +0200] "GET /prizes/110337086 HTTP/1.1" 404 13203 "-" "Mozilla/5.0 (Linux; Android 6.0.1; Nexus 5X Build/MMB29P) AppleWebKit/537.36 (KHTML, like Gecko) Chrome/146.0.7680.177 Mobile Safari/537.36 (compatible; Googlebot/2.1; +http://www.google.com/bot.html)"
84.238.241.216 - - [05/Apr/2026:18:23:24 +0200] "GET /wp-content/plugins/mashsharer/assets/css/mashsb.min.css?ver=3.7.8 HTTP/1.1" 304 0 "-" "Mozilla/5.0 (Linux; Android 10; K) AppleWebKit/537.36 (KHTML, like Gecko) Chrome/146.0.0.0 Mobile Safari/537.36"
84.238.241.216 - - [05/Apr/2026:18:23:24 +0200] "GET /wp-content/plugins/td-composer/css-live/assets/css/td_live_css_frontend.css?ver=4.9.13 HTTP/1.1" 304 0 "-" "Mozilla/5.0 (Linux; Android 10; K) AppleWebKit/537.36 (KHTML, like Gecko) Chrome/146.0.0.0 Mobile Safari/537.36"
84.238.241.216 - - [05/Apr/2026:18:23:24 +0200] "GET /wp-content/themes/Newspaper/style.css?ver=8.0 HTTP/1.1" 304 0 "https://ribari.net/%D0%BF%D1%80%D0%B8%D0%BB%D0%B8%D0%BA%D0%B8-%D0%B8-%D1%80%D0%B0%D0%B7%D0%BB%D0%B8%D0%BA%D0%B8-%D0%BC%D0%B5%D0%B6%D0%B4%D1%83-%D1%87%D0%B5%D1%80%D0%B2%D0%B5%D0%BD%D0%BE%D0%BF%D0%B5%D1%80%D0%BA%D0%B0/" "Mozilla/5.0 (Linux; Android 10; K) AppleWebKit/537.36 (KHTML, like Gecko) Chrome/146.0.0.0 Mobile Safari/537.36"
84.238.241.216 - - [05/Apr/2026:18:23:24 +0200] "GET /wp-content/plugins/add-to-any/addtoany.min.css?ver=1.15 HTTP/1.1" 304 0 "https://ribari.net/%D0%BF%D1%80%D0%B8%D0%BB%D0%B8%D0%BA%D0%B8-%D0%B8-%D1%80%D0%B0%D0%B7%D0%BB%D0%B8%D0%BA%D0%B8-%D0%BC%D0%B5%D0%B6%D0%B4%D1%83-%D1%87%D0%B5%D1%80%D0%B2%D0%B5%D0%BD%D0%BE%D0%BF%D0%B5%D1%80%D0%BA%D0%B0/" "Mozilla/5.0 (Linux; Android 10; K) AppleWebKit/537.36 (KHTML, like Gecko) Chrome/146.0.0.0 Mobile Safari/537.36"
