66.249.66.8 - - [05/Apr/2026:16:22:09 +0200] "GET /commoditys/085016983 HTTP/1.1" 404 13203 "-" "Mozilla/5.0 (Linux; Android 6.0.1; Nexus 5X Build/MMB29P) AppleWebKit/537.36 (KHTML, like Gecko) Chrome/146.0.7680.177 Mobile Safari/537.36 (compatible; Googlebot/2.1; +http://www.google.com/bot.html)"
66.249.66.167 - - [05/Apr/2026:16:22:13 +0200] "GET /commoditys/032005604 HTTP/1.1" 404 13201 "-" "Mozilla/5.0 (Linux; Android 6.0.1; Nexus 5X Build/MMB29P) AppleWebKit/537.36 (KHTML, like Gecko) Chrome/146.0.7680.177 Mobile Safari/537.36 (compatible; Googlebot/2.1; +http://www.google.com/bot.html)"
161.97.137.93 - - [05/Apr/2026:16:22:26 +0200] "POST /wp-cron.php?doing_wp_cron=1775398946.1537930965423583984375 HTTP/1.1" 404 13204 "https://ribari.net/wp-cron.php?doing_wp_cron=1775398946.1537930965423583984375" "WordPress/4.9.13; https://ribari.net"
37.27.51.140 - - [05/Apr/2026:16:22:26 +0200] "GET /%D0%BC%D0%BE%D1%80%D0%BC%D0%B8%D1%88%D0%BA%D0%B0-%D0%B7%D0%B0-%D0%B7%D0%B8%D0%BC%D0%B5%D0%BD-%D0%BA%D0%BE%D1%81%D1%82%D1%83%D1%80/ HTTP/1.1" 200 21447 "-" "Mozilla/5.0 (compatible; SERankingBacklinksBot/1.0; +https://seranking.com/backlinks-crawler)"
66.249.66.37 - - [05/Apr/2026:16:22:30 +0200] "GET /commoditys/059019581 HTTP/1.1" 404 13203 "-" "Mozilla/5.0 (Linux; Android 6.0.1; Nexus 5X Build/MMB29P) AppleWebKit/537.36 (KHTML, like Gecko) Chrome/146.0.7680.177 Mobile Safari/537.36 (compatible; Googlebot/2.1; +http://www.google.com/bot.html)"
66.249.66.6 - - [05/Apr/2026:16:22:31 +0200] "GET /index.php?prizes/160237036 HTTP/1.1" 301 0 "-" "Mozilla/5.0 (Linux; Android 6.0.1; Nexus 5X Build/MMB29P) AppleWebKit/537.36 (KHTML, like Gecko) Chrome/146.0.7680.177 Mobile Safari/537.36 (compatible; Googlebot/2.1; +http://www.google.com/bot.html)"
66.249.66.166 - - [05/Apr/2026:16:22:32 +0200] "GET /?prizes/160237036 HTTP/1.1" 200 27817 "-" "Mozilla/5.0 (Linux; Android 6.0.1; Nexus 5X Build/MMB29P) AppleWebKit/537.36 (KHTML, like Gecko) Chrome/146.0.7680.177 Mobile Safari/537.36 (compatible; Googlebot/2.1; +http://www.google.com/bot.html)"
66.249.66.165 - - [05/Apr/2026:16:22:33 +0200] "GET /commoditys/172016994 HTTP/1.1" 404 13204 "-" "Mozilla/5.0 (Linux; Android 6.0.1; Nexus 5X Build/MMB29P) AppleWebKit/537.36 (KHTML, like Gecko) Chrome/146.0.7680.177 Mobile Safari/537.36 (compatible; Googlebot/2.1; +http://www.google.com/bot.html)"
66.249.66.165 - - [05/Apr/2026:16:22:37 +0200] "GET /commoditys/019008855 HTTP/1.1" 404 13201 "-" "Mozilla/5.0 (Linux; Android 6.0.1; Nexus 5X Build/MMB29P) AppleWebKit/537.36 (KHTML, like Gecko) Chrome/146.0.7680.177 Mobile Safari/537.36 (compatible; Googlebot/2.1; +http://www.google.com/bot.html)"
66.249.66.204 - - [05/Apr/2026:16:22:41 +0200] "GET /commoditys/079000249 HTTP/1.1" 404 13198 "-" "Mozilla/5.0 (Linux; Android 6.0.1; Nexus 5X Build/MMB29P) AppleWebKit/537.36 (KHTML, like Gecko) Chrome/146.0.7680.177 Mobile Safari/537.36 (compatible; Googlebot/2.1; +http://www.google.com/bot.html)"
37.27.51.140 - - [05/Apr/2026:16:22:43 +0200] "GET /%D1%81%D1%82%D0%B0%D1%80%D0%B0%D1%82%D0%B0-%D1%81%D1%82%D1%80%D1%8A%D0%B2-%D0%B5-%D0%BD%D0%B0%D0%B9-%D0%B4%D0%BE%D0%B1%D1%80%D0%B0/ HTTP/1.1" 200 20542 "-" "Mozilla/5.0 (compatible; SERankingBacklinksBot/1.0; +https://seranking.com/backlinks-crawler)"
185.191.171.16 - - [05/Apr/2026:16:22:43 +0200] "GET /tag/%D1%82%D0%B0%D0%BA%D1%8A%D0%BC%D0%B8-%D0%B8-%D0%B2%D1%8A%D0%B4%D0%B8%D1%86%D0%B8/page/17/ HTTP/1.1" 200 16580 "-" "Mozilla/5.0 (compatible; SemrushBot/7~bl; +http://www.semrush.com/bot.html)"
66.249.66.37 - - [05/Apr/2026:16:22:49 +0200] "GET /commoditys/271048203 HTTP/1.1" 404 13203 "-" "Mozilla/5.0 (Linux; Android 6.0.1; Nexus 5X Build/MMB29P) AppleWebKit/537.36 (KHTML, like Gecko) Chrome/146.0.7680.177 Mobile Safari/537.36 (compatible; Googlebot/2.1; +http://www.google.com/bot.html)"
37.27.51.140 - - [05/Apr/2026:16:22:56 +0200] "GET /%D0%B8%D0%B7%D0%B1%D0%BE%D1%80-%D0%BD%D0%B0-%D1%81%D1%82%D1%80%D1%8A%D0%B2-%D0%B7%D0%B0-%D0%B1%D1%8F%D0%BB-%D0%B0%D0%BC%D1%83%D1%80/ HTTP/1.1" 200 18822 "-" "Mozilla/5.0 (compatible; SERankingBacklinksBot/1.0; +https://seranking.com/backlinks-crawler)"
66.249.66.6 - - [05/Apr/2026:16:22:57 +0200] "GET /commoditys/018004282 HTTP/1.1" 404 13203 "-" "Mozilla/5.0 (Linux; Android 6.0.1; Nexus 5X Build/MMB29P) AppleWebKit/537.36 (KHTML, like Gecko) Chrome/146.0.7680.177 Mobile Safari/537.36 (compatible; Googlebot/2.1; +http://www.google.com/bot.html)"
66.249.66.192 - - [05/Apr/2026:16:23:05 +0200] "GET /commoditys/228043514 HTTP/1.1" 404 13204 "-" "Mozilla/5.0 (Linux; Android 6.0.1; Nexus 5X Build/MMB29P) AppleWebKit/537.36 (KHTML, like Gecko) Chrome/146.0.7680.177 Mobile Safari/537.36 (compatible; Googlebot/2.1; +http://www.google.com/bot.html)"
37.27.51.140 - - [05/Apr/2026:16:23:07 +0200] "GET /%D1%84%D0%B8%D0%BB%D0%B5-%D0%BE%D1%82-%D0%B1%D1%8F%D0%BB%D0%B0-%D1%80%D0%B8%D0%B1%D0%B0-%D1%81-%D0%B1%D0%B0%D0%B4%D0%B5%D0%BC%D0%B8/ HTTP/1.1" 200 18780 "-" "Mozilla/5.0 (compatible; SERankingBacklinksBot/1.0; +https://seranking.com/backlinks-crawler)"
37.27.51.140 - - [05/Apr/2026:16:23:20 +0200] "GET /tag/%D0%B7%D0%B0%D1%85%D1%80%D0%B0%D0%BD%D0%BA%D0%B0-%D0%B7%D0%B0-%D0%BD%D0%B5%D1%85%D0%B8%D1%89%D0%BD%D0%B8-%D1%80%D0%B8%D0%B1%D0%B8/ HTTP/1.1" 200 13434 "-" "Mozilla/5.0 (compatible; SERankingBacklinksBot/1.0; +https://seranking.com/backlinks-crawler)"
220.181.108.155 - - [05/Apr/2026:16:23:27 +0200] "GET /wp-content/uploads/2020/04/images-2-259x160.jpg HTTP/1.1" 200 8968 "-" "Baiduspider-image+(+http://www.baidu.com/search/spider.htm)"
161.97.137.93 - - [05/Apr/2026:16:23:28 +0200] "POST /wp-cron.php?doing_wp_cron=1775399007.5673489570617675781250 HTTP/1.1" 404 13203 "https://ribari.net/wp-cron.php?doing_wp_cron=1775399007.5673489570617675781250" "WordPress/4.9.13; https://ribari.net"
66.249.66.3 - - [05/Apr/2026:16:23:28 +0200] "GET /commoditys/177047491 HTTP/1.1" 404 13203 "-" "Mozilla/5.0 (Linux; Android 6.0.1; Nexus 5X Build/MMB29P) AppleWebKit/537.36 (KHTML, like Gecko) Chrome/146.0.7680.177 Mobile Safari/537.36 (compatible; Googlebot/2.1; +http://www.google.com/bot.html)"
66.249.66.195 - - [05/Apr/2026:16:23:31 +0200] "GET /commoditys/180001306 HTTP/1.1" 404 13198 "-" "Mozilla/5.0 (Linux; Android 6.0.1; Nexus 5X Build/MMB29P) AppleWebKit/537.36 (KHTML, like Gecko) Chrome/146.0.7680.177 Mobile Safari/537.36 (compatible; Googlebot/2.1; +http://www.google.com/bot.html)"
37.27.51.140 - - [05/Apr/2026:16:23:33 +0200] "GET /tag/%D0%BA%D0%B0%D0%BA-%D0%B4%D0%B0-%D0%B1%D0%B0%D0%BB%D0%B0%D0%BD%D1%81%D0%B8%D1%80%D0%B0%D0%BC%D0%B5-%D1%81%D1%82%D1%80%D1%8A%D0%B2/ HTTP/1.1" 200 13471 "-" "Mozilla/5.0 (compatible; SERankingBacklinksBot/1.0; +https://seranking.com/backlinks-crawler)"
66.249.66.2 - - [05/Apr/2026:16:23:43 +0200] "GET /commoditys/032005496 HTTP/1.1" 404 13204 "-" "Mozilla/5.0 (Linux; Android 6.0.1; Nexus 5X Build/MMB29P) AppleWebKit/537.36 (KHTML, like Gecko) Chrome/146.0.7680.177 Mobile Safari/537.36 (compatible; Googlebot/2.1; +http://www.google.com/bot.html)"
66.249.66.161 - - [05/Apr/2026:16:23:46 +0200] "GET /index.php?prizes/114124854 HTTP/1.1" 301 0 "-" "Mozilla/5.0 (Linux; Android 6.0.1; Nexus 5X Build/MMB29P) AppleWebKit/537.36 (KHTML, like Gecko) Chrome/146.0.7680.177 Mobile Safari/537.36 (compatible; Googlebot/2.1; +http://www.google.com/bot.html)"
37.27.51.140 - - [05/Apr/2026:16:23:47 +0200] "GET /tag/%D0%BA%D0%B0%D0%BA-%D1%81%D0%B0-%D0%BF%D1%80%D0%B0%D0%B2%D0%B5%D0%BD%D0%B8-%D1%8F%D0%B7%D0%BE%D0%B2%D0%B8%D1%80%D0%B8%D1%82%D0%B5/ HTTP/1.1" 200 13437 "-" "Mozilla/5.0 (compatible; SERankingBacklinksBot/1.0; +https://seranking.com/backlinks-crawler)"
66.249.66.65 - - [05/Apr/2026:16:23:48 +0200] "GET /?prizes/114124854 HTTP/1.1" 200 28138 "-" "Mozilla/5.0 (Linux; Android 6.0.1; Nexus 5X Build/MMB29P) AppleWebKit/537.36 (KHTML, like Gecko) Chrome/146.0.7680.177 Mobile Safari/537.36 (compatible; Googlebot/2.1; +http://www.google.com/bot.html)"
37.27.51.140 - - [05/Apr/2026:16:24:04 +0200] "GET /tag/%D0%BA%D0%B0%D0%BA-%D1%81%D0%B5-%D0%BF%D1%80%D0%B8%D0%B3%D0%BE%D1%82%D0%B2%D1%8F-%D0%B7%D0%B0%D1%85%D1%80%D0%B0%D0%BD%D0%BA%D0%B0/ HTTP/1.1" 502 150 "-" "Mozilla/5.0 (compatible; SERankingBacklinksBot/1.0; +https://seranking.com/backlinks-crawler)"
66.249.66.43 - - [05/Apr/2026:16:24:20 +0200] "GET /prizes/24320834 HTTP/1.1" 404 13203 "-" "Mozilla/5.0 (Linux; Android 6.0.1; Nexus 5X Build/MMB29P) AppleWebKit/537.36 (KHTML, like Gecko) Chrome/146.0.7680.177 Mobile Safari/537.36 (compatible; Googlebot/2.1; +http://www.google.com/bot.html)"
66.249.66.196 - - [05/Apr/2026:16:24:23 +0200] "GET /prizes/138655581 HTTP/1.1" 404 13203 "-" "Mozilla/5.0 (Linux; Android 6.0.1; Nexus 5X Build/MMB29P) AppleWebKit/537.36 (KHTML, like Gecko) Chrome/146.0.7680.177 Mobile Safari/537.36 (compatible; Googlebot/2.1; +http://www.google.com/bot.html)"
161.97.137.93 - - [05/Apr/2026:16:24:28 +0200] "POST /wp-cron.php?doing_wp_cron=1775399067.7851059436798095703125 HTTP/1.1" 404 13203 "https://ribari.net/wp-cron.php?doing_wp_cron=1775399067.7851059436798095703125" "WordPress/4.9.13; https://ribari.net"
66.249.66.194 - - [05/Apr/2026:16:24:28 +0200] "GET /prizes/145431359 HTTP/1.1" 404 13203 "-" "Mozilla/5.0 (Linux; Android 6.0.1; Nexus 5X Build/MMB29P) AppleWebKit/537.36 (KHTML, like Gecko) Chrome/146.0.7680.177 Mobile Safari/537.36 (compatible; Googlebot/2.1; +http://www.google.com/bot.html)"
66.249.66.42 - - [05/Apr/2026:16:24:31 +0200] "GET /prizes/267681278 HTTP/1.1" 404 13199 "-" "Mozilla/5.0 (Linux; Android 6.0.1; Nexus 5X Build/MMB29P) AppleWebKit/537.36 (KHTML, like Gecko) Chrome/146.0.7680.177 Mobile Safari/537.36 (compatible; Googlebot/2.1; +http://www.google.com/bot.html)"
66.249.66.41 - - [05/Apr/2026:16:24:36 +0200] "GET /prizes/141379905 HTTP/1.1" 404 13206 "-" "Mozilla/5.0 (Linux; Android 6.0.1; Nexus 5X Build/MMB29P) AppleWebKit/537.36 (KHTML, like Gecko) Chrome/146.0.7680.177 Mobile Safari/537.36 (compatible; Googlebot/2.1; +http://www.google.com/bot.html)"
66.249.66.161 - - [05/Apr/2026:16:24:39 +0200] "GET /prizes/267984814 HTTP/1.1" 404 13203 "-" "Mozilla/5.0 (Linux; Android 6.0.1; Nexus 5X Build/MMB29P) AppleWebKit/537.36 (KHTML, like Gecko) Chrome/146.0.7680.177 Mobile Safari/537.36 (compatible; Googlebot/2.1; +http://www.google.com/bot.html)"
66.249.66.41 - - [05/Apr/2026:16:24:41 +0200] "GET /commoditys/094046994 HTTP/1.1" 404 13199 "-" "Mozilla/5.0 (Linux; Android 6.0.1; Nexus 5X Build/MMB29P) AppleWebKit/537.36 (KHTML, like Gecko) Chrome/146.0.7680.177 Mobile Safari/537.36 (compatible; Googlebot/2.1; +http://www.google.com/bot.html)"
66.249.66.41 - - [05/Apr/2026:16:24:43 +0200] "GET /prizes/146260581 HTTP/1.1" 404 13203 "-" "Mozilla/5.0 (Linux; Android 6.0.1; Nexus 5X Build/MMB29P) AppleWebKit/537.36 (KHTML, like Gecko) Chrome/146.0.7680.177 Mobile Safari/537.36 (compatible; Googlebot/2.1; +http://www.google.com/bot.html)"
116.179.32.231 - - [05/Apr/2026:16:24:49 +0200] "GET /wp-content/uploads/2020/031/%D1%8A-356x330.jpg HTTP/1.1" 200 22769 "-" "Baiduspider-image+(+http://www.baidu.com/search/spider.htm)"
66.249.66.194 - - [05/Apr/2026:16:24:51 +0200] "GET /prizes/123262662 HTTP/1.1" 404 13217 "-" "Mozilla/5.0 (Linux; Android 6.0.1; Nexus 5X Build/MMB29P) AppleWebKit/537.36 (KHTML, like Gecko) Chrome/146.0.7680.177 Mobile Safari/537.36 (compatible; Googlebot/2.1; +http://www.google.com/bot.html)"
66.249.66.161 - - [05/Apr/2026:16:24:55 +0200] "GET /prizes/129849329 HTTP/1.1" 404 13204 "-" "Mozilla/5.0 (Linux; Android 6.0.1; Nexus 5X Build/MMB29P) AppleWebKit/537.36 (KHTML, like Gecko) Chrome/146.0.7680.177 Mobile Safari/537.36 (compatible; GoogleOther)"
66.249.66.65 - - [05/Apr/2026:16:24:59 +0200] "GET /prizes/267935975 HTTP/1.1" 404 13203 "-" "Mozilla/5.0 (Linux; Android 6.0.1; Nexus 5X Build/MMB29P) AppleWebKit/537.36 (KHTML, like Gecko) Chrome/146.0.7680.177 Mobile Safari/537.36 (compatible; Googlebot/2.1; +http://www.google.com/bot.html)"
66.249.66.41 - - [05/Apr/2026:16:25:07 +0200] "GET /prizes/140280218 HTTP/1.1" 404 13203 "-" "Mozilla/5.0 (Linux; Android 6.0.1; Nexus 5X Build/MMB29P) AppleWebKit/537.36 (KHTML, like Gecko) Chrome/146.0.7680.177 Mobile Safari/537.36 (compatible; Googlebot/2.1; +http://www.google.com/bot.html)"
66.249.66.42 - - [05/Apr/2026:16:25:14 +0200] "GET /prizes/268047814 HTTP/1.1" 404 13202 "-" "Mozilla/5.0 (Linux; Android 6.0.1; Nexus 5X Build/MMB29P) AppleWebKit/537.36 (KHTML, like Gecko) Chrome/146.0.7680.177 Mobile Safari/537.36 (compatible; Googlebot/2.1; +http://www.google.com/bot.html)"
66.249.66.2 - - [05/Apr/2026:16:25:22 +0200] "GET /prizes/128159450 HTTP/1.1" 404 13203 "-" "Mozilla/5.0 (Linux; Android 6.0.1; Nexus 5X Build/MMB29P) AppleWebKit/537.36 (KHTML, like Gecko) Chrome/146.0.7680.177 Mobile Safari/537.36 (compatible; Googlebot/2.1; +http://www.google.com/bot.html)"
161.97.137.93 - - [05/Apr/2026:16:25:30 +0200] "POST /wp-cron.php?doing_wp_cron=1775399130.4737210273742675781250 HTTP/1.1" 404 13202 "https://ribari.net/wp-cron.php?doing_wp_cron=1775399130.4737210273742675781250" "WordPress/4.9.13; https://ribari.net"
66.249.66.194 - - [05/Apr/2026:16:25:31 +0200] "GET /prizes/67785218 HTTP/1.1" 404 13199 "-" "Mozilla/5.0 (Linux; Android 6.0.1; Nexus 5X Build/MMB29P) AppleWebKit/537.36 (KHTML, like Gecko) Chrome/146.0.7680.177 Mobile Safari/537.36 (compatible; Googlebot/2.1; +http://www.google.com/bot.html)"
66.249.66.194 - - [05/Apr/2026:16:25:38 +0200] "GET /prizes/89466086 HTTP/1.1" 404 13203 "-" "Mozilla/5.0 (Linux; Android 6.0.1; Nexus 5X Build/MMB29P) AppleWebKit/537.36 (KHTML, like Gecko) Chrome/146.0.7680.177 Mobile Safari/537.36 (compatible; Googlebot/2.1; +http://www.google.com/bot.html)"
66.249.66.41 - - [05/Apr/2026:16:25:44 +0200] "GET /?n=mrrje170a10017jsmijjin HTTP/1.1" 200 27767 "-" "Mozilla/5.0 (Linux; Android 6.0.1; Nexus 5X Build/MMB29P) AppleWebKit/537.36 (KHTML, like Gecko) Chrome/146.0.7680.177 Mobile Safari/537.36 (compatible; GoogleOther)"
66.249.66.2 - - [05/Apr/2026:16:25:48 +0200] "GET /wp-content/themes/Newspaper/style.css?ver=8.0 HTTP/1.1" 304 0 "https://ribari.net/?n=mrrje170a10017jsmijjin" "Mozilla/5.0 (Linux; Android 6.0.1; Nexus 5X Build/MMB29P) AppleWebKit/537.36 (KHTML, like Gecko) Chrome/146.0.7680.177 Mobile Safari/537.36 (compatible; GoogleOther)"
66.249.66.194 - - [05/Apr/2026:16:25:53 +0200] "GET /prizes/80167854 HTTP/1.1" 404 13203 "-" "Mozilla/5.0 (Linux; Android 6.0.1; Nexus 5X Build/MMB29P) AppleWebKit/537.36 (KHTML, like Gecko) Chrome/146.0.7680.177 Mobile Safari/537.36 (compatible; Googlebot/2.1; +http://www.google.com/bot.html)"
66.249.66.162 - - [05/Apr/2026:16:26:12 +0200] "GET /prizes/76734026 HTTP/1.1" 404 13203 "-" "Mozilla/5.0 (Linux; Android 6.0.1; Nexus 5X Build/MMB29P) AppleWebKit/537.36 (KHTML, like Gecko) Chrome/146.0.7680.177 Mobile Safari/537.36 (compatible; Googlebot/2.1; +http://www.google.com/bot.html)"
116.179.32.43 - - [05/Apr/2026:16:26:13 +0200] "GET /wp-content/uploads/2020/05/erge.jpg HTTP/1.1" 200 156566 "-" "Baiduspider-image+(+http://www.baidu.com/search/spider.htm)"
20.200.222.0 - - [05/Apr/2026:16:26:21 +0200] "GET /011i.php HTTP/1.1" 404 13204 "-" "Mozilla/5.0 (Windows NT 10.0; Win64; x64) AppleWebKit/537.36 (KHTML, like Gecko) Chrome/120.0.0.0 Safari/537.36"
20.200.222.0 - - [05/Apr/2026:16:26:22 +0200] "GET /03a005685d.php HTTP/1.1" 404 13205 "-" "Mozilla/5.0 (Windows NT 10.0; Win64; x64) AppleWebKit/537.36 (KHTML, like Gecko) Chrome/120.0.0.0 Safari/537.36"
20.200.222.0 - - [05/Apr/2026:16:26:22 +0200] "GET /403.php HTTP/1.1" 404 13204 "-" "Mozilla/5.0 (Windows NT 10.0; Win64; x64) AppleWebKit/537.36 (KHTML, like Gecko) Chrome/120.0.0.0 Safari/537.36"
20.200.222.0 - - [05/Apr/2026:16:26:23 +0200] "GET /404.php HTTP/1.1" 404 13204 "-" "Mozilla/5.0 (Windows NT 10.0; Win64; x64) AppleWebKit/537.36 (KHTML, like Gecko) Chrome/120.0.0.0 Safari/537.36"
20.200.222.0 - - [05/Apr/2026:16:26:23 +0200] "GET /aa.php HTTP/1.1" 404 13204 "-" "Mozilla/5.0 (Windows NT 10.0; Win64; x64) AppleWebKit/537.36 (KHTML, like Gecko) Chrome/120.0.0.0 Safari/537.36"
20.200.222.0 - - [05/Apr/2026:16:26:24 +0200] "GET /aafewc0k.php HTTP/1.1" 404 13204 "-" "Mozilla/5.0 (Windows NT 10.0; Win64; x64) AppleWebKit/537.36 (KHTML, like Gecko) Chrome/120.0.0.0 Safari/537.36"
20.200.222.0 - - [05/Apr/2026:16:26:24 +0200] "GET /abcd.php HTTP/1.1" 404 13204 "-" "Mozilla/5.0 (Windows NT 10.0; Win64; x64) AppleWebKit/537.36 (KHTML, like Gecko) Chrome/120.0.0.0 Safari/537.36"
20.200.222.0 - - [05/Apr/2026:16:26:25 +0200] "GET /about.php HTTP/1.1" 404 13205 "-" "Mozilla/5.0 (Windows NT 10.0; Win64; x64) AppleWebKit/537.36 (KHTML, like Gecko) Chrome/120.0.0.0 Safari/537.36"
20.200.222.0 - - [05/Apr/2026:16:26:26 +0200] "GET /admin.php HTTP/1.1" 404 13204 "-" "Mozilla/5.0 (Windows NT 10.0; Win64; x64) AppleWebKit/537.36 (KHTML, like Gecko) Chrome/120.0.0.0 Safari/537.36"
20.200.222.0 - - [05/Apr/2026:16:26:26 +0200] "GET /adminfuns.php HTTP/1.1" 404 13203 "-" "Mozilla/5.0 (Windows NT 10.0; Win64; x64) AppleWebKit/537.36 (KHTML, like Gecko) Chrome/120.0.0.0 Safari/537.36"
20.200.222.0 - - [05/Apr/2026:16:26:27 +0200] "GET /albin.php HTTP/1.1" 404 13203 "-" "Mozilla/5.0 (Windows NT 10.0; Win64; x64) AppleWebKit/537.36 (KHTML, like Gecko) Chrome/120.0.0.0 Safari/537.36"
20.200.222.0 - - [05/Apr/2026:16:26:27 +0200] "GET /amfsqvgv.php HTTP/1.1" 404 13204 "-" "Mozilla/5.0 (Windows NT 10.0; Win64; x64) AppleWebKit/537.36 (KHTML, like Gecko) Chrome/120.0.0.0 Safari/537.36"
20.200.222.0 - - [05/Apr/2026:16:26:28 +0200] "GET /ant.php HTTP/1.1" 404 13204 "-" "Mozilla/5.0 (Windows NT 10.0; Win64; x64) AppleWebKit/537.36 (KHTML, like Gecko) Chrome/120.0.0.0 Safari/537.36"
20.200.222.0 - - [05/Apr/2026:16:26:29 +0200] "GET /appreciators.php HTTP/1.1" 404 13204 "-" "Mozilla/5.0 (Windows NT 10.0; Win64; x64) AppleWebKit/537.36 (KHTML, like Gecko) Chrome/120.0.0.0 Safari/537.36"
20.200.222.0 - - [05/Apr/2026:16:26:29 +0200] "GET /archive.php HTTP/1.1" 404 13204 "-" "Mozilla/5.0 (Windows NT 10.0; Win64; x64) AppleWebKit/537.36 (KHTML, like Gecko) Chrome/120.0.0.0 Safari/537.36"
20.200.222.0 - - [05/Apr/2026:16:26:30 +0200] "GET /as.php HTTP/1.1" 404 13204 "-" "Mozilla/5.0 (Windows NT 10.0; Win64; x64) AppleWebKit/537.36 (KHTML, like Gecko) Chrome/120.0.0.0 Safari/537.36"
161.97.137.93 - - [05/Apr/2026:16:26:31 +0200] "POST /wp-cron.php?doing_wp_cron=1775399190.7057759761810302734375 HTTP/1.1" 404 13199 "https://ribari.net/wp-cron.php?doing_wp_cron=1775399190.7057759761810302734375" "WordPress/4.9.13; https://ribari.net"
20.200.222.0 - - [05/Apr/2026:16:26:31 +0200] "GET /assets/images/ HTTP/1.1" 301 0 "-" "Mozilla/5.0 (Windows NT 10.0; Win64; x64) AppleWebKit/537.36 (KHTML, like Gecko) Chrome/120.0.0.0 Safari/537.36"
161.97.137.93 - - [05/Apr/2026:16:26:31 +0200] "POST /wp-cron.php?doing_wp_cron=1775399190.8225131034851074218750 HTTP/1.1" 404 13199 "https://ribari.net/wp-cron.php?doing_wp_cron=1775399190.8225131034851074218750" "WordPress/4.9.13; https://ribari.net"
66.249.66.65 - - [05/Apr/2026:16:26:31 +0200] "GET /prizes/208016349 HTTP/1.1" 404 13199 "-" "Mozilla/5.0 (Linux; Android 6.0.1; Nexus 5X Build/MMB29P) AppleWebKit/537.36 (KHTML, like Gecko) Chrome/146.0.7680.177 Mobile Safari/537.36 (compatible; Googlebot/2.1; +http://www.google.com/bot.html)"
20.200.222.0 - - [05/Apr/2026:16:26:31 +0200] "GET /atomlib.php HTTP/1.1" 404 13205 "-" "Mozilla/5.0 (Windows NT 10.0; Win64; x64) AppleWebKit/537.36 (KHTML, like Gecko) Chrome/120.0.0.0 Safari/537.36"
20.200.222.0 - - [05/Apr/2026:16:26:32 +0200] "GET /autoload_classmap.php HTTP/1.1" 404 13204 "-" "Mozilla/5.0 (Windows NT 10.0; Win64; x64) AppleWebKit/537.36 (KHTML, like Gecko) Chrome/120.0.0.0 Safari/537.36"
20.200.222.0 - - [05/Apr/2026:16:26:33 +0200] "GET /bb.php HTTP/1.1" 404 13204 "-" "Mozilla/5.0 (Windows NT 10.0; Win64; x64) AppleWebKit/537.36 (KHTML, like Gecko) Chrome/120.0.0.0 Safari/537.36"
20.200.222.0 - - [05/Apr/2026:16:26:33 +0200] "GET /bnm.php HTTP/1.1" 404 13204 "-" "Mozilla/5.0 (Windows NT 10.0; Win64; x64) AppleWebKit/537.36 (KHTML, like Gecko) Chrome/120.0.0.0 Safari/537.36"
20.200.222.0 - - [05/Apr/2026:16:26:34 +0200] "GET /bootstrap.php HTTP/1.1" 404 13204 "-" "Mozilla/5.0 (Windows NT 10.0; Win64; x64) AppleWebKit/537.36 (KHTML, like Gecko) Chrome/120.0.0.0 Safari/537.36"
66.249.66.41 - - [05/Apr/2026:16:26:34 +0200] "GET /prizes/78393955 HTTP/1.1" 404 13203 "-" "Mozilla/5.0 (Linux; Android 6.0.1; Nexus 5X Build/MMB29P) AppleWebKit/537.36 (KHTML, like Gecko) Chrome/146.0.7680.177 Mobile Safari/537.36 (compatible; Googlebot/2.1; +http://www.google.com/bot.html)"
20.200.222.0 - - [05/Apr/2026:16:26:35 +0200] "GET /buy.php HTTP/1.1" 200 11841 "-" "Mozilla/5.0 (Windows NT 10.0; Win64; x64) AppleWebKit/537.36 (KHTML, like Gecko) Chrome/120.0.0.0 Safari/537.36"
20.200.222.0 - - [05/Apr/2026:16:26:35 +0200] "GET /chosen.php HTTP/1.1" 404 13204 "-" "Mozilla/5.0 (Windows NT 10.0; Win64; x64) AppleWebKit/537.36 (KHTML, like Gecko) Chrome/120.0.0.0 Safari/537.36"
20.200.222.0 - - [05/Apr/2026:16:26:36 +0200] "GET /class-wp-image.php HTTP/1.1" 404 13204 "-" "Mozilla/5.0 (Windows NT 10.0; Win64; x64) AppleWebKit/537.36 (KHTML, like Gecko) Chrome/120.0.0.0 Safari/537.36"
20.200.222.0 - - [05/Apr/2026:16:26:36 +0200] "GET /classsmtps.php HTTP/1.1" 404 13204 "-" "Mozilla/5.0 (Windows NT 10.0; Win64; x64) AppleWebKit/537.36 (KHTML, like Gecko) Chrome/120.0.0.0 Safari/537.36"
20.200.222.0 - - [05/Apr/2026:16:26:37 +0200] "GET /classwithtostring.php HTTP/1.1" 404 13204 "-" "Mozilla/5.0 (Windows NT 10.0; Win64; x64) AppleWebKit/537.36 (KHTML, like Gecko) Chrome/120.0.0.0 Safari/537.36"
20.200.222.0 - - [05/Apr/2026:16:26:38 +0200] "GET /config.php HTTP/1.1" 404 13204 "-" "Mozilla/5.0 (Windows NT 10.0; Win64; x64) AppleWebKit/537.36 (KHTML, like Gecko) Chrome/120.0.0.0 Safari/537.36"
43.129.17.28 - - [05/Apr/2026:16:26:38 +0200] "GET /%d0%bc%d1%83%d1%85%d0%b0%d1%80%d1%81%d0%ba%d0%b8-%d1%82%d0%b0%d0%ba%d1%8a%d0%bc%d0%b8-%d0%bc%d1%83%d1%85%d0%b0%d1%80%d1%81%d0%ba%d0%b8%d1%8f%d1%82-%d1%88%d0%bd%d1%83%d1%80/ HTTP/1.1" 200 19429 "-" "Mozilla/5.0 (Windows NT 10.0; Win64; x64) AppleWebKit/537.36 (KHTML, like Gecko) Chrome/144.0.0.0 Safari/537.36"
66.249.66.41 - - [05/Apr/2026:16:26:38 +0200] "GET /prizes/77677551 HTTP/1.1" 404 13202 "-" "Mozilla/5.0 (Linux; Android 6.0.1; Nexus 5X Build/MMB29P) AppleWebKit/537.36 (KHTML, like Gecko) Chrome/146.0.7680.177 Mobile Safari/537.36 (compatible; Googlebot/2.1; +http://www.google.com/bot.html)"
100.24.149.244 - - [05/Apr/2026:16:26:38 +0200] "GET /wp-content/?id=upload&path=/home/blife/public_html/ribari.net/wp-content/uploads HTTP/1.1" 200 1489 "-" "Mozilla/5.0 AppleWebKit/537.36 (KHTML, like Gecko; compatible; Amazonbot/0.1; +https://developer.amazon.com/support/amazonbot) Chrome/119.0.6045.214 Safari/537.36"
20.200.222.0 - - [05/Apr/2026:16:26:38 +0200] "GET /core.php HTTP/1.1" 404 13204 "-" "Mozilla/5.0 (Windows NT 10.0; Win64; x64) AppleWebKit/537.36 (KHTML, like Gecko) Chrome/120.0.0.0 Safari/537.36"
20.200.222.0 - - [05/Apr/2026:16:26:39 +0200] "GET /css.php HTTP/1.1" 404 13202 "-" "Mozilla/5.0 (Windows NT 10.0; Win64; x64) AppleWebKit/537.36 (KHTML, like Gecko) Chrome/120.0.0.0 Safari/537.36"
43.129.17.28 - - [05/Apr/2026:16:26:39 +0200] "GET /wp-includes/js/jquery/jquery-migrate.min.js?ver=1.4.1 HTTP/1.1" 304 0 "https://ribari.net/%d0%bc%d1%83%d1%85%d0%b0%d1%80%d1%81%d0%ba%d0%b8-%d1%82%d0%b0%d0%ba%d1%8a%d0%bc%d0%b8-%d0%bc%d1%83%d1%85%d0%b0%d1%80%d1%81%d0%ba%d0%b8%d1%8f%d1%82-%d1%88%d0%bd%d1%83%d1%80/" "Mozilla/5.0 (Windows NT 10.0; Win64; x64) AppleWebKit/537.36 (KHTML, like Gecko) Chrome/144.0.0.0 Safari/537.36"
43.129.17.28 - - [05/Apr/2026:16:26:39 +0200] "GET /wp-content/themes/Newspaper/style.css?ver=8.0 HTTP/1.1" 304 0 "https://ribari.net/%d0%bc%d1%83%d1%85%d0%b0%d1%80%d1%81%d0%ba%d0%b8-%d1%82%d0%b0%d0%ba%d1%8a%d0%bc%d0%b8-%d0%bc%d1%83%d1%85%d0%b0%d1%80%d1%81%d0%ba%d0%b8%d1%8f%d1%82-%d1%88%d0%bd%d1%83%d1%80/" "Mozilla/5.0 (Windows NT 10.0; Win64; x64) AppleWebKit/537.36 (KHTML, like Gecko) Chrome/144.0.0.0 Safari/537.36"
43.129.17.28 - - [05/Apr/2026:16:26:39 +0200] "GET /wp-content/plugins/td-composer/css-live/assets/css/td_live_css_frontend.css?ver=4.9.13 HTTP/1.1" 304 0 "https://ribari.net/%d0%bc%d1%83%d1%85%d0%b0%d1%80%d1%81%d0%ba%d0%b8-%d1%82%d0%b0%d0%ba%d1%8a%d0%bc%d0%b8-%d0%bc%d1%83%d1%85%d0%b0%d1%80%d1%81%d0%ba%d0%b8%d1%8f%d1%82-%d1%88%d0%bd%d1%83%d1%80/" "Mozilla/5.0 (Windows NT 10.0; Win64; x64) AppleWebKit/537.36 (KHTML, like Gecko) Chrome/144.0.0.0 Safari/537.36"
43.129.17.28 - - [05/Apr/2026:16:26:39 +0200] "GET /wp-content/plugins/mashsharer/assets/css/mashsb.min.css?ver=3.7.8 HTTP/1.1" 304 0 "https://ribari.net/%d0%bc%d1%83%d1%85%d0%b0%d1%80%d1%81%d0%ba%d0%b8-%d1%82%d0%b0%d0%ba%d1%8a%d0%bc%d0%b8-%d0%bc%d1%83%d1%85%d0%b0%d1%80%d1%81%d0%ba%d0%b8%d1%8f%d1%82-%d1%88%d0%bd%d1%83%d1%80/" "Mozilla/5.0 (Windows NT 10.0; Win64; x64) AppleWebKit/537.36 (KHTML, like Gecko) Chrome/144.0.0.0 Safari/537.36"
43.129.17.28 - - [05/Apr/2026:16:26:39 +0200] "GET /wp-content/plugins/contact-form-7/includes/css/styles.css?ver=5.1.4 HTTP/1.1" 304 0 "https://ribari.net/%d0%bc%d1%83%d1%85%d0%b0%d1%80%d1%81%d0%ba%d0%b8-%d1%82%d0%b0%d0%ba%d1%8a%d0%bc%d0%b8-%d0%bc%d1%83%d1%85%d0%b0%d1%80%d1%81%d0%ba%d0%b8%d1%8f%d1%82-%d1%88%d0%bd%d1%83%d1%80/" "Mozilla/5.0 (Windows NT 10.0; Win64; x64) AppleWebKit/537.36 (KHTML, like Gecko) Chrome/144.0.0.0 Safari/537.36"
43.129.17.28 - - [05/Apr/2026:16:26:39 +0200] "GET /wp-includes/js/comment-reply.min.js?ver=4.9.13 HTTP/1.1" 304 0 "https://ribari.net/%d0%bc%d1%83%d1%85%d0%b0%d1%80%d1%81%d0%ba%d0%b8-%d1%82%d0%b0%d0%ba%d1%8a%d0%bc%d0%b8-%d0%bc%d1%83%d1%85%d0%b0%d1%80%d1%81%d0%ba%d0%b8%d1%8f%d1%82-%d1%88%d0%bd%d1%83%d1%80/" "Mozilla/5.0 (Windows NT 10.0; Win64; x64) AppleWebKit/537.36 (KHTML, like Gecko) Chrome/144.0.0.0 Safari/537.36"
43.129.17.28 - - [05/Apr/2026:16:26:39 +0200] "GET /wp-includes/js/wp-embed.min.js?ver=4.9.13 HTTP/1.1" 304 0 "https://ribari.net/%d0%bc%d1%83%d1%85%d0%b0%d1%80%d1%81%d0%ba%d0%b8-%d1%82%d0%b0%d0%ba%d1%8a%d0%bc%d0%b8-%d0%bc%d1%83%d1%85%d0%b0%d1%80%d1%81%d0%ba%d0%b8%d1%8f%d1%82-%d1%88%d0%bd%d1%83%d1%80/" "Mozilla/5.0 (Windows NT 10.0; Win64; x64) AppleWebKit/537.36 (KHTML, like Gecko) Chrome/144.0.0.0 Safari/537.36"
43.129.17.28 - - [05/Apr/2026:16:26:39 +0200] "GET /wp-content/plugins/contact-form-7/includes/js/scripts.js?ver=5.1.4 HTTP/1.1" 304 0 "https://ribari.net/%d0%bc%d1%83%d1%85%d0%b0%d1%80%d1%81%d0%ba%d0%b8-%d1%82%d0%b0%d0%ba%d1%8a%d0%bc%d0%b8-%d0%bc%d1%83%d1%85%d0%b0%d1%80%d1%81%d0%ba%d0%b8%d1%8f%d1%82-%d1%88%d0%bd%d1%83%d1%80/" "Mozilla/5.0 (Windows NT 10.0; Win64; x64) AppleWebKit/537.36 (KHTML, like Gecko) Chrome/144.0.0.0 Safari/537.36"
20.200.222.0 - - [05/Apr/2026:16:26:39 +0200] "GET /database.php HTTP/1.1" 404 13204 "-" "Mozilla/5.0 (Windows NT 10.0; Win64; x64) AppleWebKit/537.36 (KHTML, like Gecko) Chrome/120.0.0.0 Safari/537.36"
20.200.222.0 - - [05/Apr/2026:16:26:40 +0200] "GET /db.php HTTP/1.1" 404 13203 "-" "Mozilla/5.0 (Windows NT 10.0; Win64; x64) AppleWebKit/537.36 (KHTML, like Gecko) Chrome/120.0.0.0 Safari/537.36"
20.200.222.0 - - [05/Apr/2026:16:26:41 +0200] "GET /default.php HTTP/1.1" 404 13207 "-" "Mozilla/5.0 (Windows NT 10.0; Win64; x64) AppleWebKit/537.36 (KHTML, like Gecko) Chrome/120.0.0.0 Safari/537.36"
43.129.17.28 - - [05/Apr/2026:16:26:41 +0200] "GET /wp-includes/js/wp-emoji-release.min.js?ver=4.9.13 HTTP/1.1" 304 0 "https://ribari.net/%d0%bc%d1%83%d1%85%d0%b0%d1%80%d1%81%d0%ba%d0%b8-%d1%82%d0%b0%d0%ba%d1%8a%d0%bc%d0%b8-%d0%bc%d1%83%d1%85%d0%b0%d1%80%d1%81%d0%ba%d0%b8%d1%8f%d1%82-%d1%88%d0%bd%d1%83%d1%80/" "Mozilla/5.0 (Windows NT 10.0; Win64; x64) AppleWebKit/537.36 (KHTML, like Gecko) Chrome/144.0.0.0 Safari/537.36"
20.200.222.0 - - [05/Apr/2026:16:26:41 +0200] "GET /dropdown.php HTTP/1.1" 404 13205 "-" "Mozilla/5.0 (Windows NT 10.0; Win64; x64) AppleWebKit/537.36 (KHTML, like Gecko) Chrome/120.0.0.0 Safari/537.36"
20.200.222.0 - - [05/Apr/2026:16:26:42 +0200] "GET /edit.php HTTP/1.1" 404 13203 "-" "Mozilla/5.0 (Windows NT 10.0; Win64; x64) AppleWebKit/537.36 (KHTML, like Gecko) Chrome/120.0.0.0 Safari/537.36"
66.249.66.2 - - [05/Apr/2026:16:26:42 +0200] "GET /prizes/205251218 HTTP/1.1" 404 13203 "-" "Mozilla/5.0 (Linux; Android 6.0.1; Nexus 5X Build/MMB29P) AppleWebKit/537.36 (KHTML, like Gecko) Chrome/146.0.7680.177 Mobile Safari/537.36 (compatible; Googlebot/2.1; +http://www.google.com/bot.html)"
44.209.187.99 - - [05/Apr/2026:16:26:42 +0200] "GET /wp-content/?path=/home/blife/public_html/ribari.net/wp-content/plugins/gmap-embed HTTP/1.1" 200 1413 "-" "Mozilla/5.0 AppleWebKit/537.36 (KHTML, like Gecko; compatible; Amazonbot/0.1; +https://developer.amazon.com/support/amazonbot) Chrome/119.0.6045.214 Safari/537.36"
20.200.222.0 - - [05/Apr/2026:16:26:42 +0200] "GET /f35.php HTTP/1.1" 404 13204 "-" "Mozilla/5.0 (Windows NT 10.0; Win64; x64) AppleWebKit/537.36 (KHTML, like Gecko) Chrome/120.0.0.0 Safari/537.36"
20.200.222.0 - - [05/Apr/2026:16:26:43 +0200] "GET /f7.php HTTP/1.1" 404 13203 "-" "Mozilla/5.0 (Windows NT 10.0; Win64; x64) AppleWebKit/537.36 (KHTML, like Gecko) Chrome/120.0.0.0 Safari/537.36"
23.21.119.232 - - [05/Apr/2026:16:26:46 +0200] "GET /wp-content/?filesrc=/home/blife/public_html/ribari.net/wp-content/languages/bg_BG.mo&path=/home/blife/public_html/ribari.net/wp-content/languages HTTP/1.1" 200 825 "-" "Mozilla/5.0 AppleWebKit/537.36 (KHTML, like Gecko; compatible; Amazonbot/0.1; +https://developer.amazon.com/support/amazonbot) Chrome/119.0.6045.214 Safari/537.36"
66.249.66.161 - - [05/Apr/2026:16:26:46 +0200] "GET /prizes/70548763 HTTP/1.1" 404 13204 "-" "Mozilla/5.0 (Linux; Android 6.0.1; Nexus 5X Build/MMB29P) AppleWebKit/537.36 (KHTML, like Gecko) Chrome/146.0.7680.177 Mobile Safari/537.36 (compatible; Googlebot/2.1; +http://www.google.com/bot.html)"
66.249.66.161 - - [05/Apr/2026:16:26:50 +0200] "GET /prizes/85476733 HTTP/1.1" 404 13202 "-" "Mozilla/5.0 (Linux; Android 6.0.1; Nexus 5X Build/MMB29P) AppleWebKit/537.36 (KHTML, like Gecko) Chrome/146.0.7680.177 Mobile Safari/537.36 (compatible; Googlebot/2.1; +http://www.google.com/bot.html)"
66.249.66.161 - - [05/Apr/2026:16:26:54 +0200] "GET /prizes/72560268 HTTP/1.1" 404 13202 "-" "Mozilla/5.0 (Linux; Android 6.0.1; Nexus 5X Build/MMB29P) AppleWebKit/537.36 (KHTML, like Gecko) Chrome/146.0.7680.177 Mobile Safari/537.36 (compatible; Googlebot/2.1; +http://www.google.com/bot.html)"
66.249.66.196 - - [05/Apr/2026:16:27:09 +0200] "GET /prizes/207951086 HTTP/1.1" 404 13203 "-" "Mozilla/5.0 (Linux; Android 6.0.1; Nexus 5X Build/MMB29P) AppleWebKit/537.36 (KHTML, like Gecko) Chrome/146.0.7680.177 Mobile Safari/537.36 (compatible; Googlebot/2.1; +http://www.google.com/bot.html)"
66.249.66.196 - - [05/Apr/2026:16:27:13 +0200] "GET /prizes/206825975 HTTP/1.1" 404 13203 "-" "Mozilla/5.0 (Linux; Android 6.0.1; Nexus 5X Build/MMB29P) AppleWebKit/537.36 (KHTML, like Gecko) Chrome/146.0.7680.177 Mobile Safari/537.36 (compatible; Googlebot/2.1; +http://www.google.com/bot.html)"
66.249.66.2 - - [05/Apr/2026:16:27:17 +0200] "GET /prizes/207925228 HTTP/1.1" 404 13203 "-" "Mozilla/5.0 (Linux; Android 6.0.1; Nexus 5X Build/MMB29P) AppleWebKit/537.36 (KHTML, like Gecko) Chrome/146.0.7680.177 Mobile Safari/537.36 (compatible; Googlebot/2.1; +http://www.google.com/bot.html)"
66.249.66.2 - - [05/Apr/2026:16:27:25 +0200] "GET /prizes/203753480 HTTP/1.1" 404 13203 "-" "Mozilla/5.0 (Linux; Android 6.0.1; Nexus 5X Build/MMB29P) AppleWebKit/537.36 (KHTML, like Gecko) Chrome/146.0.7680.177 Mobile Safari/537.36 (compatible; Googlebot/2.1; +http://www.google.com/bot.html)"
161.97.137.93 - - [05/Apr/2026:16:27:33 +0200] "POST /wp-cron.php?doing_wp_cron=1775399253.3647239208221435546875 HTTP/1.1" 404 13203 "https://ribari.net/wp-cron.php?doing_wp_cron=1775399253.3647239208221435546875" "WordPress/4.9.13; https://ribari.net"
66.249.66.41 - - [05/Apr/2026:16:27:33 +0200] "GET /prizes/69980864 HTTP/1.1" 404 13203 "-" "Mozilla/5.0 (Linux; Android 6.0.1; Nexus 5X Build/MMB29P) AppleWebKit/537.36 (KHTML, like Gecko) Chrome/146.0.7680.177 Mobile Safari/537.36 (compatible; Googlebot/2.1; +http://www.google.com/bot.html)"
220.181.108.177 - - [05/Apr/2026:16:27:35 +0200] "GET /wp-content/uploads/2020/03/88224511_3037683996283474_6455098514585157632_o-265x198.jpg HTTP/1.1" 200 12625 "-" "Baiduspider-image+(+http://www.baidu.com/search/spider.htm)"
74.234.80.3 - - [05/Apr/2026:16:27:36 +0200] "GET /wp-content/plugins/hellopress/wp_filemanager.php HTTP/1.1" 404 13508 "-" "-"
74.234.80.3 - - [05/Apr/2026:16:27:37 +0200] "GET /prosell2.php HTTP/1.1" 404 13204 "-" "-"
74.234.80.3 - - [05/Apr/2026:16:27:37 +0200] "GET /zt2.php HTTP/1.1" 404 13203 "-" "-"
51.103.25.59 - - [05/Apr/2026:16:27:37 +0200] "GET /wp-login.php HTTP/1.1" 302 0 "-" "Mozilla/5.0 (Windows NT 6.1; Trident/7.0; MALC; rv:11.0) like Gecko"
66.249.66.194 - - [05/Apr/2026:16:27:41 +0200] "GET /prizes/78294844 HTTP/1.1" 404 13199 "-" "Mozilla/5.0 (Linux; Android 6.0.1; Nexus 5X Build/MMB29P) AppleWebKit/537.36 (KHTML, like Gecko) Chrome/146.0.7680.177 Mobile Safari/537.36 (compatible; Googlebot/2.1; +http://www.google.com/bot.html)"
51.103.25.59 - - [05/Apr/2026:16:27:43 +0200] "GET /wp-login.php HTTP/1.1" 302 0 "https://ribari.net/wp-login.php" "Mozilla/5.0 (Windows NT 6.1; Trident/7.0; MALC; rv:11.0) like Gecko"
51.103.25.59 - - [05/Apr/2026:16:27:43 +0200] "GET /wp-login.php HTTP/1.1" 302 0 "https://ribari.net/wp-login.php" "Mozilla/5.0 (Windows NT 6.1; Trident/7.0; MALC; rv:11.0) like Gecko"
51.103.25.59 - - [05/Apr/2026:16:27:45 +0200] "GET /wp-login.php HTTP/1.1" 302 0 "https://ribari.net/wp-login.php" "Mozilla/5.0 (Windows NT 6.1; Trident/7.0; MALC; rv:11.0) like Gecko"
51.103.25.59 - - [05/Apr/2026:16:27:45 +0200] "GET /wp-login.php HTTP/1.1" 302 0 "https://ribari.net/wp-login.php" "Mozilla/5.0 (Windows NT 6.1; Trident/7.0; MALC; rv:11.0) like Gecko"
51.103.25.59 - - [05/Apr/2026:16:27:46 +0200] "GET /wp-login.php HTTP/1.1" 302 0 "https://ribari.net/wp-login.php" "Mozilla/5.0 (Windows NT 6.1; Trident/7.0; MALC; rv:11.0) like Gecko"
51.103.25.59 - - [05/Apr/2026:16:27:47 +0200] "GET /wp-login.php HTTP/1.1" 302 0 "https://ribari.net/wp-login.php" "Mozilla/5.0 (Windows NT 6.1; Trident/7.0; MALC; rv:11.0) like Gecko"
51.103.25.59 - - [05/Apr/2026:16:27:48 +0200] "GET /wp-login.php HTTP/1.1" 302 0 "https://ribari.net/wp-login.php" "Mozilla/5.0 (Windows NT 6.1; Trident/7.0; MALC; rv:11.0) like Gecko"
51.103.25.59 - - [05/Apr/2026:16:27:49 +0200] "GET /wp-login.php HTTP/1.1" 302 0 "https://ribari.net/wp-login.php" "Mozilla/5.0 (Windows NT 6.1; Trident/7.0; MALC; rv:11.0) like Gecko"
51.103.25.59 - - [05/Apr/2026:16:27:50 +0200] "GET /wp-login.php HTTP/1.1" 302 0 "https://ribari.net/wp-login.php" "Mozilla/5.0 (Windows NT 6.1; Trident/7.0; MALC; rv:11.0) like Gecko"
66.249.66.41 - - [05/Apr/2026:16:27:56 +0200] "GET /prizes/81858622 HTTP/1.1" 404 13203 "-" "Mozilla/5.0 (Linux; Android 6.0.1; Nexus 5X Build/MMB29P) AppleWebKit/537.36 (KHTML, like Gecko) Chrome/146.0.7680.177 Mobile Safari/537.36 (compatible; Googlebot/2.1; +http://www.google.com/bot.html)"
66.249.66.41 - - [05/Apr/2026:16:28:00 +0200] "GET /prizes/87092238 HTTP/1.1" 404 13200 "-" "Mozilla/5.0 (Linux; Android 6.0.1; Nexus 5X Build/MMB29P) AppleWebKit/537.36 (KHTML, like Gecko) Chrome/146.0.7680.177 Mobile Safari/537.36 (compatible; Googlebot/2.1; +http://www.google.com/bot.html)"
66.249.66.161 - - [05/Apr/2026:16:28:04 +0200] "GET /prizes/207552167 HTTP/1.1" 502 552 "-" "Mozilla/5.0 (Linux; Android 6.0.1; Nexus 5X Build/MMB29P) AppleWebKit/537.36 (KHTML, like Gecko) Chrome/146.0.7680.177 Mobile Safari/537.36 (compatible; Googlebot/2.1; +http://www.google.com/bot.html)"
161.97.137.93 - - [05/Apr/2026:16:28:35 +0200] "POST /wp-cron.php?doing_wp_cron=1775399314.6199560165405273437500 HTTP/1.1" 404 13203 "https://ribari.net/wp-cron.php?doing_wp_cron=1775399314.6199560165405273437500" "WordPress/4.9.13; https://ribari.net"
66.249.66.161 - - [05/Apr/2026:16:28:35 +0200] "GET /prizes/72016117 HTTP/1.1" 404 13203 "-" "Mozilla/5.0 (Linux; Android 6.0.1; Nexus 5X Build/MMB29P) AppleWebKit/537.36 (KHTML, like Gecko) Chrome/146.0.7680.177 Mobile Safari/537.36 (compatible; Googlebot/2.1; +http://www.google.com/bot.html)"
66.249.66.194 - - [05/Apr/2026:16:28:38 +0200] "GET /prizes/67912440 HTTP/1.1" 404 13203 "-" "Mozilla/5.0 (Linux; Android 6.0.1; Nexus 5X Build/MMB29P) AppleWebKit/537.36 (KHTML, like Gecko) Chrome/146.0.7680.177 Mobile Safari/537.36 (compatible; Googlebot/2.1; +http://www.google.com/bot.html)"
66.249.66.194 - - [05/Apr/2026:16:28:41 +0200] "GET /?l=wmfj153ovm44516eoghwzpigp HTTP/1.1" 200 27662 "-" "Mozilla/5.0 (Linux; Android 6.0.1; Nexus 5X Build/MMB29P) AppleWebKit/537.36 (KHTML, like Gecko) Chrome/146.0.7680.177 Mobile Safari/537.36 (compatible; Googlebot/2.1; +http://www.google.com/bot.html)"
66.249.66.65 - - [05/Apr/2026:16:28:42 +0200] "GET /prizes/205130157 HTTP/1.1" 404 13202 "-" "Mozilla/5.0 (Linux; Android 6.0.1; Nexus 5X Build/MMB29P) AppleWebKit/537.36 (KHTML, like Gecko) Chrome/146.0.7680.177 Mobile Safari/537.36 (compatible; Googlebot/2.1; +http://www.google.com/bot.html)"
66.249.66.65 - - [05/Apr/2026:16:28:46 +0200] "GET /prizes/87471460 HTTP/1.1" 404 13203 "-" "Mozilla/5.0 (Linux; Android 6.0.1; Nexus 5X Build/MMB29P) AppleWebKit/537.36 (KHTML, like Gecko) Chrome/146.0.7680.177 Mobile Safari/537.36 (compatible; Googlebot/2.1; +http://www.google.com/bot.html)"
66.249.66.161 - - [05/Apr/2026:16:28:57 +0200] "GET /prizes/73406723 HTTP/1.1" 404 13201 "-" "Mozilla/5.0 (Linux; Android 6.0.1; Nexus 5X Build/MMB29P) AppleWebKit/537.36 (KHTML, like Gecko) Chrome/146.0.7680.177 Mobile Safari/537.36 (compatible; Googlebot/2.1; +http://www.google.com/bot.html)"
66.249.66.2 - - [05/Apr/2026:16:29:02 +0200] "GET /prizes/90046470%20%20%20%20%20%20%20%20%20%20%20%20%20%20%20%20%20%20%20%20%20%20%20%20%20%20%20%20%20%20%20%20class= HTTP/1.1" 502 552 "-" "Mozilla/5.0 (Linux; Android 6.0.1; Nexus 5X Build/MMB29P) AppleWebKit/537.36 (KHTML, like Gecko) Chrome/146.0.7680.177 Mobile Safari/537.36 (compatible; Googlebot/2.1; +http://www.google.com/bot.html)"
220.181.108.158 - - [05/Apr/2026:16:29:03 +0200] "GET /wp-content/uploads/2020/031/fdr-356x220.jpg HTTP/1.1" 200 17843 "-" "Baiduspider-image+(+http://www.baidu.com/search/spider.htm)"
66.249.66.161 - - [05/Apr/2026:16:29:12 +0200] "GET /prizes/67800622 HTTP/1.1" 404 13203 "-" "Mozilla/5.0 (Linux; Android 6.0.1; Nexus 5X Build/MMB29P) AppleWebKit/537.36 (KHTML, like Gecko) Chrome/146.0.7680.177 Mobile Safari/537.36 (compatible; Googlebot/2.1; +http://www.google.com/bot.html)"
66.249.66.65 - - [05/Apr/2026:16:29:31 +0200] "GET /prizes/60017753 HTTP/1.1" 404 13197 "-" "Mozilla/5.0 (Linux; Android 6.0.1; Nexus 5X Build/MMB29P) AppleWebKit/537.36 (KHTML, like Gecko) Chrome/146.0.7680.177 Mobile Safari/537.36 (compatible; Googlebot/2.1; +http://www.google.com/bot.html)"
161.97.137.93 - - [05/Apr/2026:16:29:35 +0200] "POST /wp-cron.php?doing_wp_cron=1775399375.2521429061889648437500 HTTP/1.1" 404 13203 "https://ribari.net/wp-cron.php?doing_wp_cron=1775399375.2521429061889648437500" "WordPress/4.9.13; https://ribari.net"
66.249.66.194 - - [05/Apr/2026:16:29:35 +0200] "GET /prizes/55687521 HTTP/1.1" 404 13203 "-" "Mozilla/5.0 (Linux; Android 6.0.1; Nexus 5X Build/MMB29P) AppleWebKit/537.36 (KHTML, like Gecko) Chrome/146.0.7680.177 Mobile Safari/537.36 (compatible; Googlebot/2.1; +http://www.google.com/bot.html)"
66.249.66.161 - - [05/Apr/2026:16:29:39 +0200] "GET /prizes/66472440 HTTP/1.1" 404 13203 "-" "Mozilla/5.0 (Linux; Android 6.0.1; Nexus 5X Build/MMB29P) AppleWebKit/537.36 (KHTML, like Gecko) Chrome/146.0.7680.177 Mobile Safari/537.36 (compatible; Googlebot/2.1; +http://www.google.com/bot.html)"
66.249.66.161 - - [05/Apr/2026:16:29:47 +0200] "GET /commoditys/027021183 HTTP/1.1" 404 13204 "-" "Mozilla/5.0 (Linux; Android 6.0.1; Nexus 5X Build/MMB29P) AppleWebKit/537.36 (KHTML, like Gecko) Chrome/146.0.7680.177 Mobile Safari/537.36 (compatible; Googlebot/2.1; +http://www.google.com/bot.html)"
66.249.66.161 - - [05/Apr/2026:16:29:48 +0200] "GET /prizes/49654713 HTTP/1.1" 404 13203 "-" "Mozilla/5.0 (Linux; Android 6.0.1; Nexus 5X Build/MMB29P) AppleWebKit/537.36 (KHTML, like Gecko) Chrome/146.0.7680.177 Mobile Safari/537.36 (compatible; Googlebot/2.1; +http://www.google.com/bot.html)"
66.249.66.65 - - [05/Apr/2026:16:29:51 +0200] "GET /prizes/65230773 HTTP/1.1" 404 13215 "-" "Mozilla/5.0 (Linux; Android 6.0.1; Nexus 5X Build/MMB29P) AppleWebKit/537.36 (KHTML, like Gecko) Chrome/146.0.7680.177 Mobile Safari/537.36 (compatible; Googlebot/2.1; +http://www.google.com/bot.html)"
66.249.66.2 - - [05/Apr/2026:16:29:55 +0200] "GET /prizes/70239511 HTTP/1.1" 404 13203 "-" "Mozilla/5.0 (Linux; Android 6.0.1; Nexus 5X Build/MMB29P) AppleWebKit/537.36 (KHTML, like Gecko) Chrome/146.0.7680.177 Mobile Safari/537.36 (compatible; Googlebot/2.1; +http://www.google.com/bot.html)"
66.249.66.194 - - [05/Apr/2026:16:29:59 +0200] "GET /prizes/65938743 HTTP/1.1" 404 13201 "-" "Mozilla/5.0 (Linux; Android 6.0.1; Nexus 5X Build/MMB29P) AppleWebKit/537.36 (KHTML, like Gecko) Chrome/146.0.7680.177 Mobile Safari/537.36 (compatible; Googlebot/2.1; +http://www.google.com/bot.html)"
66.249.66.2 - - [05/Apr/2026:16:30:02 +0200] "GET /prizes/55426743 HTTP/1.1" 502 552 "-" "Mozilla/5.0 (Linux; Android 6.0.1; Nexus 5X Build/MMB29P) AppleWebKit/537.36 (KHTML, like Gecko) Chrome/146.0.7680.177 Mobile Safari/537.36 (compatible; Googlebot/2.1; +http://www.google.com/bot.html)"
66.249.66.2 - - [05/Apr/2026:16:30:10 +0200] "GET /prizes/51531107 HTTP/1.1" 404 13203 "-" "Mozilla/5.0 (Linux; Android 6.0.1; Nexus 5X Build/MMB29P) AppleWebKit/537.36 (KHTML, like Gecko) Chrome/146.0.7680.177 Mobile Safari/537.36 (compatible; Googlebot/2.1; +http://www.google.com/bot.html)"
66.249.66.41 - - [05/Apr/2026:16:30:18 +0200] "GET /prizes/43319268 HTTP/1.1" 404 13203 "-" "Mozilla/5.0 (Linux; Android 6.0.1; Nexus 5X Build/MMB29P) AppleWebKit/537.36 (KHTML, like Gecko) Chrome/146.0.7680.177 Mobile Safari/537.36 (compatible; Googlebot/2.1; +http://www.google.com/bot.html)"
116.179.32.45 - - [05/Apr/2026:16:30:26 +0200] "GET /wp-content/uploads/2019/11/1024px-Tinca_tinca_Prague_Vltava_2-100x70.jpg HTTP/1.1" 200 3713 "-" "Baiduspider-image+(+http://www.baidu.com/search/spider.htm)"
66.249.66.194 - - [05/Apr/2026:16:30:33 +0200] "GET /prizes/53922622 HTTP/1.1" 404 13203 "-" "Mozilla/5.0 (Linux; Android 6.0.1; Nexus 5X Build/MMB29P) AppleWebKit/537.36 (KHTML, like Gecko) Chrome/146.0.7680.177 Mobile Safari/537.36 (compatible; Googlebot/2.1; +http://www.google.com/bot.html)"
161.97.137.93 - - [05/Apr/2026:16:30:37 +0200] "POST /wp-cron.php?doing_wp_cron=1775399437.4277060031890869140625 HTTP/1.1" 404 13203 "https://ribari.net/wp-cron.php?doing_wp_cron=1775399437.4277060031890869140625" "WordPress/4.9.13; https://ribari.net"
66.249.66.2 - - [05/Apr/2026:16:30:37 +0200] "GET /prizes/65611824 HTTP/1.1" 404 13202 "-" "Mozilla/5.0 (Linux; Android 6.0.1; Nexus 5X Build/MMB29P) AppleWebKit/537.36 (KHTML, like Gecko) Chrome/146.0.7680.177 Mobile Safari/537.36 (compatible; Googlebot/2.1; +http://www.google.com/bot.html)"
66.249.66.194 - - [05/Apr/2026:16:30:41 +0200] "GET /prizes/44642612 HTTP/1.1" 404 13197 "-" "Mozilla/5.0 (Linux; Android 6.0.1; Nexus 5X Build/MMB29P) AppleWebKit/537.36 (KHTML, like Gecko) Chrome/146.0.7680.177 Mobile Safari/537.36 (compatible; Googlebot/2.1; +http://www.google.com/bot.html)"
66.249.66.161 - - [05/Apr/2026:16:30:49 +0200] "GET /prizes/52628208 HTTP/1.1" 404 13203 "-" "Mozilla/5.0 (Linux; Android 6.0.1; Nexus 5X Build/MMB29P) AppleWebKit/537.36 (KHTML, like Gecko) Chrome/146.0.7680.177 Mobile Safari/537.36 (compatible; Googlebot/2.1; +http://www.google.com/bot.html)"
216.75.132.130 - - [05/Apr/2026:16:30:52 +0200] "GET /%d0%bf%d1%80%d0%b5%d0%b4%d0%b7%d0%b8%d0%bc%d0%b5%d0%bd-%d1%80%d0%b8%d0%b1%d0%be%d0%bb%d0%be%d0%b2-%d0%bd%d0%b0-%d0%ba%d0%be%d1%81%d1%82%d1%83%d1%80-2/feed/ HTTP/1.1" 200 507 "-" "Mozilla/5.0 (Macintosh; Intel Mac OS X 10_15_7) AppleWebKit/537.36 (KHTML, like Gecko) Chrome/135.0.0.0 Safari/537.36"
66.249.66.161 - - [05/Apr/2026:16:30:57 +0200] "GET /prizes/43346723 HTTP/1.1" 404 13202 "-" "Mozilla/5.0 (Linux; Android 6.0.1; Nexus 5X Build/MMB29P) AppleWebKit/537.36 (KHTML, like Gecko) Chrome/146.0.7680.177 Mobile Safari/537.36 (compatible; Googlebot/2.1; +http://www.google.com/bot.html)"
66.249.66.43 - - [05/Apr/2026:16:31:05 +0200] "GET /prizes/43412864 HTTP/1.1" 502 552 "-" "Mozilla/5.0 (Linux; Android 6.0.1; Nexus 5X Build/MMB29P) AppleWebKit/537.36 (KHTML, like Gecko) Chrome/146.0.7680.177 Mobile Safari/537.36 (compatible; Googlebot/2.1; +http://www.google.com/bot.html)"
66.249.66.162 - - [05/Apr/2026:16:31:13 +0200] "GET /prizes/57404379 HTTP/1.1" 404 13203 "-" "Mozilla/5.0 (Linux; Android 6.0.1; Nexus 5X Build/MMB29P) AppleWebKit/537.36 (KHTML, like Gecko) Chrome/146.0.7680.177 Mobile Safari/537.36 (compatible; Googlebot/2.1; +http://www.google.com/bot.html)"
114.119.150.33 - - [05/Apr/2026:16:31:15 +0200] "GET /wp-content/themes/Newspaper/includes/demos/book_club/pages/ HTTP/1.1" 200 353 "https://ribari.net/wp-content/themes/Newspaper/includes/demos/book_club/?C=S%3BO%3DA" "Mozilla/5.0 (Linux; Android 7.0;) AppleWebKit/537.36 (KHTML, like Gecko) Mobile Safari/537.36 (compatible; PetalBot;+https://webmaster.petalsearch.com/site/petalbot)"
66.249.66.2 - - [05/Apr/2026:16:31:21 +0200] "GET /prizes/44060975 HTTP/1.1" 404 13199 "-" "Mozilla/5.0 (Linux; Android 6.0.1; Nexus 5X Build/MMB29P) AppleWebKit/537.36 (KHTML, like Gecko) Chrome/146.0.7680.177 Mobile Safari/537.36 (compatible; Googlebot/2.1; +http://www.google.com/bot.html)"
185.191.171.17 - - [05/Apr/2026:16:31:22 +0200] "GET /%D1%82%D0%B5%D1%85%D0%BD%D0%B8%D0%BA%D0%B8-%D0%B7%D0%B0-%D1%80%D0%B8%D0%B1%D0%BE%D0%BB%D0%BE%D0%B2-%D0%B1%D1%8A%D1%80%D0%B7-%D1%80%D0%B8%D0%B1%D0%BE%D0%BB%D0%BE%D0%B2/ HTTP/1.1" 200 21828 "-" "Mozilla/5.0 (compatible; SemrushBot/7~bl; +http://www.semrush.com/bot.html)"
66.249.66.194 - - [05/Apr/2026:16:31:28 +0200] "GET /prizes/71193844%20%20%20%20%20%20%20%20%20%20%20%20%20%20%20%20%20%20%20%20%20%20%20%20%20%20%20%20%20%20%20%20class= HTTP/1.1" 404 13201 "-" "Mozilla/5.0 (Linux; Android 6.0.1; Nexus 5X Build/MMB29P) AppleWebKit/537.36 (KHTML, like Gecko) Chrome/146.0.7680.177 Mobile Safari/537.36 (compatible; Googlebot/2.1; +http://www.google.com/bot.html)"
66.249.66.41 - - [05/Apr/2026:16:31:31 +0200] "GET /?detail/1580286516712 HTTP/1.1" 200 27682 "-" "Mozilla/5.0 (Linux; Android 6.0.1; Nexus 5X Build/MMB29P) AppleWebKit/537.36 (KHTML, like Gecko) Chrome/146.0.7680.177 Mobile Safari/537.36 (compatible; Googlebot/2.1; +http://www.google.com/bot.html)"
66.249.66.65 - - [05/Apr/2026:16:31:36 +0200] "GET /prizes/61520864 HTTP/1.1" 404 13203 "-" "Mozilla/5.0 (Linux; Android 6.0.1; Nexus 5X Build/MMB29P) AppleWebKit/537.36 (KHTML, like Gecko) Chrome/146.0.7680.177 Mobile Safari/537.36 (compatible; Googlebot/2.1; +http://www.google.com/bot.html)"
220.181.108.93 - - [05/Apr/2026:16:31:50 +0200] "GET /wp-content/uploads/2020/03/5469e3301d0d5-696x385.png HTTP/1.1" 200 420545 "-" "Baiduspider-image+(+http://www.baidu.com/search/spider.htm)"
161.97.137.93 - - [05/Apr/2026:16:31:59 +0200] "POST /wp-cron.php?doing_wp_cron=1775399519.2679491043090820312500 HTTP/1.1" 404 13203 "https://ribari.net/wp-cron.php?doing_wp_cron=1775399519.2679491043090820312500" "WordPress/4.9.13; https://ribari.net"
66.249.66.194 - - [05/Apr/2026:16:31:59 +0200] "GET /prizes/42508470 HTTP/1.1" 404 13206 "-" "Mozilla/5.0 (Linux; Android 6.0.1; Nexus 5X Build/MMB29P) AppleWebKit/537.36 (KHTML, like Gecko) Chrome/146.0.7680.177 Mobile Safari/537.36 (compatible; Googlebot/2.1; +http://www.google.com/bot.html)"
66.249.66.194 - - [05/Apr/2026:16:32:04 +0200] "GET /prizes/46465662 HTTP/1.1" 502 552 "-" "Mozilla/5.0 (Linux; Android 6.0.1; Nexus 5X Build/MMB29P) AppleWebKit/537.36 (KHTML, like Gecko) Chrome/146.0.7680.177 Mobile Safari/537.36 (compatible; Googlebot/2.1; +http://www.google.com/bot.html)"
66.249.66.2 - - [05/Apr/2026:16:32:14 +0200] "GET /index.php?prizes/207775369 HTTP/1.1" 301 0 "-" "Mozilla/5.0 (Linux; Android 6.0.1; Nexus 5X Build/MMB29P) AppleWebKit/537.36 (KHTML, like Gecko) Chrome/146.0.7680.177 Mobile Safari/537.36 (compatible; Googlebot/2.1; +http://www.google.com/bot.html)"
66.249.66.2 - - [05/Apr/2026:16:32:15 +0200] "GET /prizes/62168753 HTTP/1.1" 404 13203 "-" "Mozilla/5.0 (Linux; Android 6.0.1; Nexus 5X Build/MMB29P) AppleWebKit/537.36 (KHTML, like Gecko) Chrome/146.0.7680.177 Mobile Safari/537.36 (compatible; Googlebot/2.1; +http://www.google.com/bot.html)"
66.249.66.41 - - [05/Apr/2026:16:32:17 +0200] "GET /?prizes/207775369 HTTP/1.1" 200 27468 "-" "Mozilla/5.0 (Linux; Android 6.0.1; Nexus 5X Build/MMB29P) AppleWebKit/537.36 (KHTML, like Gecko) Chrome/146.0.7680.177 Mobile Safari/537.36 (compatible; Googlebot/2.1; +http://www.google.com/bot.html)"
66.249.66.65 - - [05/Apr/2026:16:32:18 +0200] "GET /prizes/42663622 HTTP/1.1" 404 13204 "-" "Mozilla/5.0 (Linux; Android 6.0.1; Nexus 5X Build/MMB29P) AppleWebKit/537.36 (KHTML, like Gecko) Chrome/146.0.7680.177 Mobile Safari/537.36 (compatible; Googlebot/2.1; +http://www.google.com/bot.html)"
66.249.66.161 - - [05/Apr/2026:16:32:22 +0200] "GET /prizes/51655309 HTTP/1.1" 404 13202 "-" "Mozilla/5.0 (Linux; Android 6.0.1; Nexus 5X Build/MMB29P) AppleWebKit/537.36 (KHTML, like Gecko) Chrome/146.0.7680.177 Mobile Safari/537.36 (compatible; Googlebot/2.1; +http://www.google.com/bot.html)"
66.249.66.41 - - [05/Apr/2026:16:32:26 +0200] "GET /prizes/61783117 HTTP/1.1" 404 13204 "-" "Mozilla/5.0 (Linux; Android 6.0.1; Nexus 5X Build/MMB29P) AppleWebKit/537.36 (KHTML, like Gecko) Chrome/146.0.7680.177 Mobile Safari/537.36 (compatible; Googlebot/2.1; +http://www.google.com/bot.html)"
66.249.66.2 - - [05/Apr/2026:16:32:31 +0200] "GET /prizes/69285056 HTTP/1.1" 404 13199 "-" "Mozilla/5.0 (Linux; Android 6.0.1; Nexus 5X Build/MMB29P) AppleWebKit/537.36 (KHTML, like Gecko) Chrome/146.0.7680.177 Mobile Safari/537.36 (compatible; Googlebot/2.1; +http://www.google.com/bot.html)"
