85.208.96.198 - - [05/Apr/2026:20:55:07 +0200] "GET /tag/%D0%B1%D0%B0%D0%B4%D0%B5%D0%BC%D0%BE%D0%B2-%D1%81%D0%BE%D1%81/ HTTP/1.1" 200 13410 "-" "Mozilla/5.0 (compatible; SemrushBot/7~bl; +http://www.semrush.com/bot.html)"
66.249.66.165 - - [05/Apr/2026:20:55:08 +0200] "GET /index.php?prizes/92667622 HTTP/1.1" 301 0 "-" "Mozilla/5.0 (Linux; Android 6.0.1; Nexus 5X Build/MMB29P) AppleWebKit/537.36 (KHTML, like Gecko) Chrome/146.0.7680.177 Mobile Safari/537.36 (compatible; Googlebot/2.1; +http://www.google.com/bot.html)"
66.249.66.6 - - [05/Apr/2026:20:55:09 +0200] "GET /?prizes/92667622 HTTP/1.1" 200 27318 "-" "Mozilla/5.0 (Linux; Android 6.0.1; Nexus 5X Build/MMB29P) AppleWebKit/537.36 (KHTML, like Gecko) Chrome/146.0.7680.177 Mobile Safari/537.36 (compatible; Googlebot/2.1; +http://www.google.com/bot.html)"
66.249.66.204 - - [05/Apr/2026:20:55:11 +0200] "GET /prizes/25467874 HTTP/1.1" 404 13202 "-" "Mozilla/5.0 (Linux; Android 6.0.1; Nexus 5X Build/MMB29P) AppleWebKit/537.36 (KHTML, like Gecko) Chrome/146.0.7680.177 Mobile Safari/537.36 (compatible; GoogleOther)"
37.111.194.150 - - [05/Apr/2026:20:55:17 +0200] "GET /wp-content/plugins/wpforms-lite/includes/functions.php HTTP/1.1" 500 0 "https://ribari.net/" "Mozilla/5.0 (Macintosh; Intel Mac OS X 10_15_7) AppleWebKit/605.1.15 (KHTML, like Gecko) Version/16.2 Safari/605.1.15"
66.249.66.37 - - [05/Apr/2026:20:55:32 +0200] "GET /?goods/065025739 HTTP/1.1" 200 27327 "-" "Mozilla/5.0 (Linux; Android 6.0.1; Nexus 5X Build/MMB29P) AppleWebKit/537.36 (KHTML, like Gecko) Chrome/146.0.7680.177 Mobile Safari/537.36 (compatible; Googlebot/2.1; +http://www.google.com/bot.html)"
66.249.66.71 - - [05/Apr/2026:20:55:36 +0200] "GET /?detail/042008716462 HTTP/1.1" 200 27923 "-" "Mozilla/5.0 (Linux; Android 6.0.1; Nexus 5X Build/MMB29P) AppleWebKit/537.36 (KHTML, like Gecko) Chrome/146.0.7680.177 Mobile Safari/537.36 (compatible; Googlebot/2.1; +http://www.google.com/bot.html)"
66.249.66.38 - - [05/Apr/2026:20:55:40 +0200] "GET /?t=emnl71cm16198uajkmur HTTP/1.1" 200 27743 "-" "Mozilla/5.0 (Linux; Android 6.0.1; Nexus 5X Build/MMB29P) AppleWebKit/537.36 (KHTML, like Gecko) Chrome/146.0.7680.177 Mobile Safari/537.36 (compatible; GoogleOther)"
217.113.194.111 - - [05/Apr/2026:20:55:48 +0200] "GET /%D0%B7%D0%B0-%D0%BA%D0%BE%D1%81%D1%82%D1%83%D1%80%D0%B8/ HTTP/1.1" 200 24718 "-" "Mozilla/5.0 (compatible; Barkrowler/0.9; +https://babbar.tech/crawler)"
161.97.137.93 - - [05/Apr/2026:20:56:08 +0200] "POST /wp-cron.php?doing_wp_cron=1775415368.1431620121002197265625 HTTP/1.1" 404 13203 "https://ribari.net/wp-cron.php?doing_wp_cron=1775415368.1431620121002197265625" "WordPress/4.9.13; https://ribari.net"
66.249.66.37 - - [05/Apr/2026:20:56:08 +0200] "GET /prizes/102191076 HTTP/1.1" 404 13202 "-" "Mozilla/5.0 (Linux; Android 6.0.1; Nexus 5X Build/MMB29P) AppleWebKit/537.36 (KHTML, like Gecko) Chrome/146.0.7680.177 Mobile Safari/537.36 (compatible; Googlebot/2.1; +http://www.google.com/bot.html)"
111.225.149.2 - - [05/Apr/2026:20:56:34 +0200] "GET /robots.txt HTTP/1.1" 200 117 "-" "Mozilla/5.0 (Linux; Android 5.0) AppleWebKit/537.36 (KHTML, like Gecko) Mobile Safari/537.36 (compatible; Bytespider; https://zhanzhang.toutiao.com/)"
66.249.66.165 - - [05/Apr/2026:20:56:39 +0200] "GET /index.php?prizes/305966157 HTTP/1.1" 301 0 "-" "Mozilla/5.0 (Linux; Android 6.0.1; Nexus 5X Build/MMB29P) AppleWebKit/537.36 (KHTML, like Gecko) Chrome/146.0.7680.177 Mobile Safari/537.36 (compatible; Googlebot/2.1; +http://www.google.com/bot.html)"
66.249.66.165 - - [05/Apr/2026:20:56:41 +0200] "GET /?prizes/305966157 HTTP/1.1" 200 27889 "-" "Mozilla/5.0 (Linux; Android 6.0.1; Nexus 5X Build/MMB29P) AppleWebKit/537.36 (KHTML, like Gecko) Chrome/146.0.7680.177 Mobile Safari/537.36 (compatible; Googlebot/2.1; +http://www.google.com/bot.html)"
66.249.66.6 - - [05/Apr/2026:20:56:43 +0200] "GET /commoditys/081012901 HTTP/1.1" 404 13203 "-" "Mozilla/5.0 (Linux; Android 6.0.1; Nexus 5X Build/MMB29P) AppleWebKit/537.36 (KHTML, like Gecko) Chrome/146.0.7680.177 Mobile Safari/537.36 (compatible; Googlebot/2.1; +http://www.google.com/bot.html)"
66.249.66.37 - - [05/Apr/2026:20:57:07 +0200] "GET /prizes/18008450 HTTP/1.1" 404 13202 "-" "Mozilla/5.0 (Linux; Android 6.0.1; Nexus 5X Build/MMB29P) AppleWebKit/537.36 (KHTML, like Gecko) Chrome/146.0.7680.177 Mobile Safari/537.36 (compatible; Googlebot/2.1; +http://www.google.com/bot.html)"
161.97.137.93 - - [05/Apr/2026:20:57:09 +0200] "POST /wp-cron.php?doing_wp_cron=1775415429.4766941070556640625000 HTTP/1.1" 404 13202 "https://ribari.net/wp-cron.php?doing_wp_cron=1775415429.4766941070556640625000" "WordPress/4.9.13; https://ribari.net"
66.249.66.165 - - [05/Apr/2026:20:57:10 +0200] "GET /prizes/96112258 HTTP/1.1" 404 13203 "-" "Mozilla/5.0 (Linux; Android 6.0.1; Nexus 5X Build/MMB29P) AppleWebKit/537.36 (KHTML, like Gecko) Chrome/146.0.7680.177 Mobile Safari/537.36 (compatible; GoogleOther)"
66.249.66.6 - - [05/Apr/2026:20:57:12 +0200] "GET /commoditys/076006684 HTTP/1.1" 404 13199 "-" "Mozilla/5.0 (Linux; Android 6.0.1; Nexus 5X Build/MMB29P) AppleWebKit/537.36 (KHTML, like Gecko) Chrome/146.0.7680.177 Mobile Safari/537.36 (compatible; Googlebot/2.1; +http://www.google.com/bot.html)"
66.249.66.204 - - [05/Apr/2026:20:57:17 +0200] "GET /prizes/19859208 HTTP/1.1" 404 13203 "-" "Mozilla/5.0 (Linux; Android 6.0.1; Nexus 5X Build/MMB29P) AppleWebKit/537.36 (KHTML, like Gecko) Chrome/146.0.7680.177 Mobile Safari/537.36 (compatible; Googlebot/2.1; +http://www.google.com/bot.html)"
66.249.66.6 - - [05/Apr/2026:20:57:30 +0200] "GET /?z=rpaw78dwgq765ftazxehdy HTTP/1.1" 200 27285 "-" "Mozilla/5.0 (Linux; Android 6.0.1; Nexus 5X Build/MMB29P) AppleWebKit/537.36 (KHTML, like Gecko) Chrome/146.0.7680.177 Mobile Safari/537.36 (compatible; Googlebot/2.1; +http://www.google.com/bot.html)"
47.128.51.6 - - [05/Apr/2026:20:57:55 +0200] "GET /wp-content/plugins/subscribe2/ChangeLog.txt HTTP/1.1" 200 18269 "-" "Mozilla/5.0 (Linux; Android 5.0) AppleWebKit/537.36 (KHTML, like Gecko) Mobile Safari/537.36 (compatible; Bytespider; spider-feedback@bytedance.com)"
185.191.171.14 - - [05/Apr/2026:20:58:08 +0200] "GET /%D1%83%D0%BB%D0%BE%D0%B2-%D0%BD%D0%B0-%D0%BC%D0%B8%D1%85%D0%B0%D0%BB%D1%86%D0%B0-%D0%BF%D1%80%D0%B5%D0%B7-%D0%B7%D0%B8%D0%BC%D0%B0%D1%82%D0%B0/ HTTP/1.1" 502 150 "-" "Mozilla/5.0 (compatible; SemrushBot/7~bl; +http://www.semrush.com/bot.html)"
66.249.66.204 - - [05/Apr/2026:20:58:08 +0200] "GET /prizes/22327006 HTTP/1.1" 502 552 "-" "Mozilla/5.0 (Linux; Android 6.0.1; Nexus 5X Build/MMB29P) AppleWebKit/537.36 (KHTML, like Gecko) Chrome/146.0.7680.177 Mobile Safari/537.36 (compatible; Googlebot/2.1; +http://www.google.com/bot.html)"
161.97.137.93 - - [05/Apr/2026:20:58:26 +0200] "POST /wp-cron.php?doing_wp_cron=1775415506.3135979175567626953125 HTTP/1.1" 404 13203 "https://ribari.net/wp-cron.php?doing_wp_cron=1775415506.3135979175567626953125" "WordPress/4.9.13; https://ribari.net"
66.249.66.192 - - [05/Apr/2026:20:58:27 +0200] "GET /prizes/173213915 HTTP/1.1" 404 13203 "-" "Mozilla/5.0 (Linux; Android 6.0.1; Nexus 5X Build/MMB29P) AppleWebKit/537.36 (KHTML, like Gecko) Chrome/146.0.7680.177 Mobile Safari/537.36 (compatible; Googlebot/2.1; +http://www.google.com/bot.html)"
66.249.66.37 - - [05/Apr/2026:20:59:00 +0200] "GET /commoditys/051005631 HTTP/1.1" 404 13202 "-" "Mozilla/5.0 (Linux; Android 6.0.1; Nexus 5X Build/MMB29P) AppleWebKit/537.36 (KHTML, like Gecko) Chrome/146.0.7680.177 Mobile Safari/537.36 (compatible; Googlebot/2.1; +http://www.google.com/bot.html)"
66.249.66.165 - - [05/Apr/2026:20:59:01 +0200] "GET /?a=cpx62kard9311adlqpqowj HTTP/1.1" 502 552 "-" "Mozilla/5.0 (Linux; Android 6.0.1; Nexus 5X Build/MMB29P) AppleWebKit/537.36 (KHTML, like Gecko) Chrome/146.0.7680.177 Mobile Safari/537.36 (compatible; GoogleOther)"
66.249.66.6 - - [05/Apr/2026:20:59:06 +0200] "GET /prizes/35409167 HTTP/1.1" 404 13203 "-" "Mozilla/5.0 (Linux; Android 6.0.1; Nexus 5X Build/MMB29P) AppleWebKit/537.36 (KHTML, like Gecko) Chrome/146.0.7680.177 Mobile Safari/537.36 (compatible; GoogleOther)"
161.97.137.93 - - [05/Apr/2026:20:59:34 +0200] "POST /wp-cron.php?doing_wp_cron=1775415574.1720800399780273437500 HTTP/1.1" 404 13203 "https://ribari.net/wp-cron.php?doing_wp_cron=1775415574.1720800399780273437500" "WordPress/4.9.13; https://ribari.net"
66.249.66.6 - - [05/Apr/2026:20:59:35 +0200] "GET /?o=knnec83xx44188ucjkrbn HTTP/1.1" 200 27783 "-" "Mozilla/5.0 (Linux; Android 6.0.1; Nexus 5X Build/MMB29P) AppleWebKit/537.36 (KHTML, like Gecko) Chrome/146.0.7680.177 Mobile Safari/537.36 (compatible; Googlebot/2.1; +http://www.google.com/bot.html)"
217.113.194.109 - - [05/Apr/2026:20:59:48 +0200] "GET /%D0%B7%D0%B0-%D1%80%D0%B5%D0%BA%D0%BB%D0%B0%D0%BC%D0%B0/ HTTP/1.1" 200 13285 "-" "Mozilla/5.0 (compatible; Barkrowler/0.9; +https://babbar.tech/crawler)"
85.208.96.210 - - [05/Apr/2026:20:59:50 +0200] "GET /tag/%D0%BC%D0%B0%D0%BD%D0%BE%D0%BB%D0%BE%D0%B2%D0%B0-%D1%82%D0%BE%D0%BA%D1%81%D0%B8%D1%87%D0%BD%D0%B8-%D0%B2%D0%BE%D0%B4%D0%B8-%D0%B2-%D1%80%D0%B5%D0%BA%D0%B0-%D0%BA%D0%B0%D0%BC%D1%87%D0%B8%D1%8F-%D0%B4/ HTTP/1.1" 200 13606 "-" "Mozilla/5.0 (compatible; SemrushBot/7~bl; +http://www.semrush.com/bot.html)"
66.249.66.163 - - [05/Apr/2026:21:00:09 +0200] "GET /prizes/118500329 HTTP/1.1" 404 13205 "-" "Mozilla/5.0 (Linux; Android 6.0.1; Nexus 5X Build/MMB29P) AppleWebKit/537.36 (KHTML, like Gecko) Chrome/146.0.7680.177 Mobile Safari/537.36 (compatible; Googlebot/2.1; +http://www.google.com/bot.html)"
66.249.66.4 - - [05/Apr/2026:21:00:10 +0200] "GET /index.php?prizes/146906804 HTTP/1.1" 301 0 "-" "Mozilla/5.0 (Linux; Android 6.0.1; Nexus 5X Build/MMB29P) AppleWebKit/537.36 (KHTML, like Gecko) Chrome/146.0.7680.177 Mobile Safari/537.36 (compatible; Googlebot/2.1; +http://www.google.com/bot.html)"
66.249.66.65 - - [05/Apr/2026:21:00:12 +0200] "GET /commoditys/051028801 HTTP/1.1" 404 13201 "-" "Mozilla/5.0 (Linux; Android 6.0.1; Nexus 5X Build/MMB29P) AppleWebKit/537.36 (KHTML, like Gecko) Chrome/146.0.7680.177 Mobile Safari/537.36 (compatible; Googlebot/2.1; +http://www.google.com/bot.html)"
66.249.66.3 - - [05/Apr/2026:21:00:14 +0200] "GET /?prizes/146906804 HTTP/1.1" 200 27835 "-" "Mozilla/5.0 (Linux; Android 6.0.1; Nexus 5X Build/MMB29P) AppleWebKit/537.36 (KHTML, like Gecko) Chrome/146.0.7680.177 Mobile Safari/537.36 (compatible; Googlebot/2.1; +http://www.google.com/bot.html)"
45.13.190.27 - - [05/Apr/2026:21:00:31 +0200] "GET /wp-login.php HTTP/1.1" 302 0 "-" "Mozilla/4.0 (compatible; MSIE 7.0; Windows NT 6.2; Win64; x64; Trident/7.0; .NET4.0C; .NET4.0E)"
45.13.190.27 - - [05/Apr/2026:21:00:32 +0200] "GET /wp-login.php HTTP/1.1" 302 0 "https://ribari.net/wp-login.php" "Mozilla/4.0 (compatible; MSIE 7.0; Windows NT 6.2; Win64; x64; Trident/7.0; .NET4.0C; .NET4.0E)"
45.13.190.27 - - [05/Apr/2026:21:00:33 +0200] "GET /wp-login.php HTTP/1.1" 302 0 "https://ribari.net/wp-login.php" "Mozilla/4.0 (compatible; MSIE 7.0; Windows NT 6.2; Win64; x64; Trident/7.0; .NET4.0C; .NET4.0E)"
161.97.137.93 - - [05/Apr/2026:21:00:36 +0200] "POST /wp-cron.php?doing_wp_cron=1775415636.1614460945129394531250 HTTP/1.1" 404 13203 "https://ribari.net/wp-cron.php?doing_wp_cron=1775415636.1614460945129394531250" "WordPress/4.9.13; https://ribari.net"
45.13.190.27 - - [05/Apr/2026:21:00:36 +0200] "GET /wp-login.php HTTP/1.1" 302 0 "https://ribari.net/wp-login.php" "Mozilla/4.0 (compatible; MSIE 7.0; Windows NT 6.2; Win64; x64; Trident/7.0; .NET4.0C; .NET4.0E)"
45.13.190.27 - - [05/Apr/2026:21:00:37 +0200] "GET /wp-login.php HTTP/1.1" 302 0 "https://ribari.net/wp-login.php" "Mozilla/4.0 (compatible; MSIE 7.0; Windows NT 6.2; Win64; x64; Trident/7.0; .NET4.0C; .NET4.0E)"
45.13.190.27 - - [05/Apr/2026:21:00:38 +0200] "GET /wp-login.php HTTP/1.1" 302 0 "https://ribari.net/wp-login.php" "Mozilla/4.0 (compatible; MSIE 7.0; Windows NT 6.2; Win64; x64; Trident/7.0; .NET4.0C; .NET4.0E)"
66.249.66.161 - - [05/Apr/2026:21:00:43 +0200] "GET /prizes/20045268 HTTP/1.1" 404 13201 "-" "Mozilla/5.0 (Linux; Android 6.0.1; Nexus 5X Build/MMB29P) AppleWebKit/537.36 (KHTML, like Gecko) Chrome/146.0.7680.177 Mobile Safari/537.36 (compatible; Googlebot/2.1; +http://www.google.com/bot.html)"
66.249.66.194 - - [05/Apr/2026:21:00:47 +0200] "GET /?detail/0200218931573 HTTP/1.1" 200 27926 "-" "Mozilla/5.0 (Linux; Android 6.0.1; Nexus 5X Build/MMB29P) AppleWebKit/537.36 (KHTML, like Gecko) Chrome/146.0.7680.177 Mobile Safari/537.36 (compatible; Googlebot/2.1; +http://www.google.com/bot.html)"
66.249.66.161 - - [05/Apr/2026:21:00:50 +0200] "GET /wp-content/uploads/2020/03/rfrfr-218x150.png HTTP/1.1" 200 73300 "-" "Googlebot-Image/1.0"
66.249.66.42 - - [05/Apr/2026:21:01:04 +0200] "GET /prizes/18184410 HTTP/1.1" 404 13203 "-" "Mozilla/5.0 (Linux; Android 6.0.1; Nexus 5X Build/MMB29P) AppleWebKit/537.36 (KHTML, like Gecko) Chrome/146.0.7680.177 Mobile Safari/537.36 (compatible; GoogleOther)"
66.249.66.195 - - [05/Apr/2026:21:01:17 +0200] "GET /prizes/182135157 HTTP/1.1" 404 13204 "-" "Mozilla/5.0 (Linux; Android 6.0.1; Nexus 5X Build/MMB29P) AppleWebKit/537.36 (KHTML, like Gecko) Chrome/146.0.7680.177 Mobile Safari/537.36 (compatible; Googlebot/2.1; +http://www.google.com/bot.html)"
66.249.66.162 - - [05/Apr/2026:21:01:19 +0200] "GET /index.php?prizes/269302854 HTTP/1.1" 301 0 "-" "Mozilla/5.0 (Linux; Android 6.0.1; Nexus 5X Build/MMB29P) AppleWebKit/537.36 (KHTML, like Gecko) Chrome/146.0.7680.177 Mobile Safari/537.36 (compatible; Googlebot/2.1; +http://www.google.com/bot.html)"
66.249.66.65 - - [05/Apr/2026:21:01:20 +0200] "GET /prizes/103311703%20%20%20%20%20%20%20%20%20%20%20%20%20%20%20%20%20%20%20%20%20%20%20%20%20%20%20%20%20%20%20%20class= HTTP/1.1" 404 13203 "-" "Mozilla/5.0 (Linux; Android 6.0.1; Nexus 5X Build/MMB29P) AppleWebKit/537.36 (KHTML, like Gecko) Chrome/146.0.7680.177 Mobile Safari/537.36 (compatible; Googlebot/2.1; +http://www.google.com/bot.html)"
66.249.66.65 - - [05/Apr/2026:21:01:21 +0200] "GET /index.php?prizes/302404854 HTTP/1.1" 301 0 "-" "Mozilla/5.0 (Linux; Android 6.0.1; Nexus 5X Build/MMB29P) AppleWebKit/537.36 (KHTML, like Gecko) Chrome/146.0.7680.177 Mobile Safari/537.36 (compatible; Googlebot/2.1; +http://www.google.com/bot.html)"
66.249.66.2 - - [05/Apr/2026:21:01:23 +0200] "GET /?prizes/269302854 HTTP/1.1" 200 27738 "-" "Mozilla/5.0 (Linux; Android 6.0.1; Nexus 5X Build/MMB29P) AppleWebKit/537.36 (KHTML, like Gecko) Chrome/146.0.7680.177 Mobile Safari/537.36 (compatible; Googlebot/2.1; +http://www.google.com/bot.html)"
66.249.66.65 - - [05/Apr/2026:21:01:25 +0200] "GET /?prizes/302404854 HTTP/1.1" 200 27709 "-" "Mozilla/5.0 (Linux; Android 6.0.1; Nexus 5X Build/MMB29P) AppleWebKit/537.36 (KHTML, like Gecko) Chrome/146.0.7680.177 Mobile Safari/537.36 (compatible; Googlebot/2.1; +http://www.google.com/bot.html)"
20.151.229.110 - - [05/Apr/2026:21:01:26 +0200] "GET /wp-admin/network/about.php HTTP/1.1" 302 0 "-" "-"
66.249.66.161 - - [05/Apr/2026:21:01:27 +0200] "GET /prizes/34235804 HTTP/1.1" 404 13203 "-" "Mozilla/5.0 (Linux; Android 6.0.1; Nexus 5X Build/MMB29P) AppleWebKit/537.36 (KHTML, like Gecko) Chrome/146.0.7680.177 Mobile Safari/537.36 (compatible; Googlebot/2.1; +http://www.google.com/bot.html)"
66.249.66.161 - - [05/Apr/2026:21:01:55 +0200] "GET /index.php?prizes/98477127 HTTP/1.1" 301 0 "-" "Mozilla/5.0 (Linux; Android 6.0.1; Nexus 5X Build/MMB29P) AppleWebKit/537.36 (KHTML, like Gecko) Chrome/146.0.7680.177 Mobile Safari/537.36 (compatible; Googlebot/2.1; +http://www.google.com/bot.html)"
66.249.66.2 - - [05/Apr/2026:21:01:57 +0200] "GET /?prizes/98477127 HTTP/1.1" 200 27443 "-" "Mozilla/5.0 (Linux; Android 6.0.1; Nexus 5X Build/MMB29P) AppleWebKit/537.36 (KHTML, like Gecko) Chrome/146.0.7680.177 Mobile Safari/537.36 (compatible; Googlebot/2.1; +http://www.google.com/bot.html)"
66.249.66.41 - - [05/Apr/2026:21:02:30 +0200] "GET /?i=lazlk8s4529rufthdz HTTP/1.1" 200 28231 "-" "Mozilla/5.0 (Linux; Android 6.0.1; Nexus 5X Build/MMB29P) AppleWebKit/537.36 (KHTML, like Gecko) Chrome/146.0.7680.177 Mobile Safari/537.36 (compatible; Googlebot/2.1; +http://www.google.com/bot.html)"
66.249.66.195 - - [05/Apr/2026:21:03:02 +0200] "GET /prizes/87129703 HTTP/1.1" 502 552 "-" "Mozilla/5.0 (Linux; Android 6.0.1; Nexus 5X Build/MMB29P) AppleWebKit/537.36 (KHTML, like Gecko) Chrome/146.0.7680.177 Mobile Safari/537.36 (compatible; GoogleOther)"
161.97.137.93 - - [05/Apr/2026:21:03:07 +0200] "POST /wp-cron.php?doing_wp_cron=1775415786.9267559051513671875000 HTTP/1.1" 404 13203 "https://ribari.net/wp-cron.php?doing_wp_cron=1775415786.9267559051513671875000" "WordPress/4.9.13; https://ribari.net"
85.208.96.194 - - [05/Apr/2026:21:03:07 +0200] "GET /tag/globi-na-iara/ HTTP/1.1" 200 13603 "-" "Mozilla/5.0 (compatible; SemrushBot/7~bl; +http://www.semrush.com/bot.html)"
66.249.66.65 - - [05/Apr/2026:21:03:42 +0200] "GET /wp-content/uploads/2019/11/lavrak-218x150.jpg HTTP/1.1" 200 9692 "-" "Googlebot-Image/1.0"
85.208.96.209 - - [05/Apr/2026:21:03:43 +0200] "GET /tag/%D0%B2%D0%B0%D0%B4%D0%B5%D0%BD%D0%B5-%D0%BD%D0%B0-%D0%BA%D1%8A%D1%80%D0%BB%D0%B5%D0%B6/ HTTP/1.1" 200 13553 "-" "Mozilla/5.0 (compatible; SemrushBot/7~bl; +http://www.semrush.com/bot.html)"
66.249.66.65 - - [05/Apr/2026:21:03:51 +0200] "GET /commoditys/011044591 HTTP/1.1" 404 13199 "-" "Mozilla/5.0 (Linux; Android 6.0.1; Nexus 5X Build/MMB29P) AppleWebKit/537.36 (KHTML, like Gecko) Chrome/146.0.7680.177 Mobile Safari/537.36 (compatible; Googlebot/2.1; +http://www.google.com/bot.html)"
161.97.137.93 - - [05/Apr/2026:21:04:18 +0200] "POST /wp-cron.php?doing_wp_cron=1775415858.3778769969940185546875 HTTP/1.1" 404 13203 "https://ribari.net/wp-cron.php?doing_wp_cron=1775415858.3778769969940185546875" "WordPress/4.9.13; https://ribari.net"
66.249.66.196 - - [05/Apr/2026:21:04:19 +0200] "GET /?goods/045009497 HTTP/1.1" 200 28028 "-" "Mozilla/5.0 (Linux; Android 6.0.1; Nexus 5X Build/MMB29P) AppleWebKit/537.36 (KHTML, like Gecko) Chrome/146.0.7680.177 Mobile Safari/537.36 (compatible; Googlebot/2.1; +http://www.google.com/bot.html)"
66.249.66.43 - - [05/Apr/2026:21:04:22 +0200] "GET /?d=xmns46g573eonjgrj HTTP/1.1" 200 27041 "-" "Mozilla/5.0 (Linux; Android 6.0.1; Nexus 5X Build/MMB29P) AppleWebKit/537.36 (KHTML, like Gecko) Chrome/146.0.7680.177 Mobile Safari/537.36 (compatible; Googlebot/2.1; +http://www.google.com/bot.html)"
66.249.66.2 - - [05/Apr/2026:21:04:59 +0200] "GET /prizes/109641622 HTTP/1.1" 404 13203 "-" "Mozilla/5.0 (Linux; Android 6.0.1; Nexus 5X Build/MMB29P) AppleWebKit/537.36 (KHTML, like Gecko) Chrome/146.0.7680.177 Mobile Safari/537.36 (compatible; GoogleOther)"
217.113.194.106 - - [05/Apr/2026:21:05:13 +0200] "GET /%D0%BA%D0%B0%D1%80%D0%B0%D0%B3%D1%8C%D0%BE%D0%B7/ HTTP/1.1" 200 18825 "-" "Mozilla/5.0 (compatible; Barkrowler/0.9; +https://babbar.tech/crawler)"
161.97.137.93 - - [05/Apr/2026:21:05:41 +0200] "POST /wp-cron.php?doing_wp_cron=1775415941.4036159515380859375000 HTTP/1.1" 404 13199 "https://ribari.net/wp-cron.php?doing_wp_cron=1775415941.4036159515380859375000" "WordPress/4.9.13; https://ribari.net"
66.249.66.194 - - [05/Apr/2026:21:05:42 +0200] "GET /?q=bmhc14w3zcermms HTTP/1.1" 200 27107 "-" "Mozilla/5.0 (Linux; Android 6.0.1; Nexus 5X Build/MMB29P) AppleWebKit/537.36 (KHTML, like Gecko) Chrome/146.0.7680.177 Mobile Safari/537.36 (compatible; Googlebot/2.1; +http://www.google.com/bot.html)"
66.249.66.65 - - [05/Apr/2026:21:05:43 +0200] "GET /index.php?prizes/241456743 HTTP/1.1" 301 0 "-" "Mozilla/5.0 (Linux; Android 6.0.1; Nexus 5X Build/MMB29P) AppleWebKit/537.36 (KHTML, like Gecko) Chrome/146.0.7680.177 Mobile Safari/537.36 (compatible; Googlebot/2.1; +http://www.google.com/bot.html)"
66.249.66.41 - - [05/Apr/2026:21:05:44 +0200] "GET /prizes/174959450 HTTP/1.1" 404 13203 "-" "Mozilla/5.0 (Linux; Android 6.0.1; Nexus 5X Build/MMB29P) AppleWebKit/537.36 (KHTML, like Gecko) Chrome/146.0.7680.177 Mobile Safari/537.36 (compatible; Googlebot/2.1; +http://www.google.com/bot.html)"
66.249.66.194 - - [05/Apr/2026:21:05:45 +0200] "GET /index.php?prizes/271656248 HTTP/1.1" 301 0 "-" "Mozilla/5.0 (Linux; Android 6.0.1; Nexus 5X Build/MMB29P) AppleWebKit/537.36 (KHTML, like Gecko) Chrome/146.0.7680.177 Mobile Safari/537.36 (compatible; Googlebot/2.1; +http://www.google.com/bot.html)"
66.249.66.161 - - [05/Apr/2026:21:05:47 +0200] "GET /prizes/35510864 HTTP/1.1" 404 13203 "-" "Mozilla/5.0 (Linux; Android 6.0.1; Nexus 5X Build/MMB29P) AppleWebKit/537.36 (KHTML, like Gecko) Chrome/146.0.7680.177 Mobile Safari/537.36 (compatible; Googlebot/2.1; +http://www.google.com/bot.html)"
66.249.66.161 - - [05/Apr/2026:21:05:49 +0200] "GET /?prizes/241456743 HTTP/1.1" 200 27826 "-" "Mozilla/5.0 (Linux; Android 6.0.1; Nexus 5X Build/MMB29P) AppleWebKit/537.36 (KHTML, like Gecko) Chrome/146.0.7680.177 Mobile Safari/537.36 (compatible; Googlebot/2.1; +http://www.google.com/bot.html)"
66.249.66.2 - - [05/Apr/2026:21:05:51 +0200] "GET /?prizes/271656248 HTTP/1.1" 200 28206 "-" "Mozilla/5.0 (Linux; Android 6.0.1; Nexus 5X Build/MMB29P) AppleWebKit/537.36 (KHTML, like Gecko) Chrome/146.0.7680.177 Mobile Safari/537.36 (compatible; Googlebot/2.1; +http://www.google.com/bot.html)"
31.56.234.183 - - [05/Apr/2026:21:06:15 +0200] "GET /wp-content/uploads/2019/11/ffff-218x150.png HTTP/1.1" 200 64700 "-" "Mozilla/5.0 (compatible; crawler)"
66.249.66.41 - - [05/Apr/2026:21:06:19 +0200] "GET /?z=youic1n838clixnwp HTTP/1.1" 200 27114 "-" "Mozilla/5.0 (Linux; Android 6.0.1; Nexus 5X Build/MMB29P) AppleWebKit/537.36 (KHTML, like Gecko) Chrome/146.0.7680.177 Mobile Safari/537.36 (compatible; Googlebot/2.1; +http://www.google.com/bot.html)"
66.249.66.3 - - [05/Apr/2026:21:06:33 +0200] "GET /wp-content/uploads/2019/12/oookkk-218x150.png HTTP/1.1" 200 69474 "-" "Googlebot-Image/1.0"
161.97.137.93 - - [05/Apr/2026:21:06:46 +0200] "POST /wp-cron.php?doing_wp_cron=1775416006.0374629497528076171875 HTTP/1.1" 404 13201 "https://ribari.net/wp-cron.php?doing_wp_cron=1775416006.0374629497528076171875" "WordPress/4.9.13; https://ribari.net"
66.249.66.194 - - [05/Apr/2026:21:06:46 +0200] "GET /index.php?prizes/51409369 HTTP/1.1" 301 0 "-" "Mozilla/5.0 (Linux; Android 6.0.1; Nexus 5X Build/MMB29P) AppleWebKit/537.36 (KHTML, like Gecko) Chrome/146.0.7680.177 Mobile Safari/537.36 (compatible; Googlebot/2.1; +http://www.google.com/bot.html)"
66.249.66.65 - - [05/Apr/2026:21:06:47 +0200] "GET /?prizes/51409369 HTTP/1.1" 200 27245 "-" "Mozilla/5.0 (Linux; Android 6.0.1; Nexus 5X Build/MMB29P) AppleWebKit/537.36 (KHTML, like Gecko) Chrome/146.0.7680.177 Mobile Safari/537.36 (compatible; Googlebot/2.1; +http://www.google.com/bot.html)"
66.249.66.42 - - [05/Apr/2026:21:07:22 +0200] "GET /%D0%BD%D0%B0%D0%B9-%D0%B3%D0%BE%D0%BB%D1%8F%D0%BC%D0%B0%D1%82%D0%B0-%D1%81%D0%BB%D0%B0%D0%B4%D0%BA%D0%BE%D0%B2%D0%BE%D0%B4%D0%BD%D0%B0-%D1%80%D0%B8%D0%B1%D0%B0-%D0%B8%D0%B7%D1%87%D0%B5%D0%B7%D0%BD/ HTTP/1.1" 200 22433 "-" "Mozilla/5.0 (Linux; Android 6.0.1; Nexus 5X Build/MMB29P) AppleWebKit/537.36 (KHTML, like Gecko) Chrome/146.0.7680.177 Mobile Safari/537.36 (compatible; Googlebot/2.1; +http://www.google.com/bot.html)"
66.249.66.2 - - [05/Apr/2026:21:07:41 +0200] "GET /prizes/122310248 HTTP/1.1" 404 13202 "-" "Mozilla/5.0 (Linux; Android 6.0.1; Nexus 5X Build/MMB29P) AppleWebKit/537.36 (KHTML, like Gecko) Chrome/146.0.7680.177 Mobile Safari/537.36 (compatible; Googlebot/2.1; +http://www.google.com/bot.html)"
161.97.137.93 - - [05/Apr/2026:21:07:57 +0200] "POST /wp-cron.php?doing_wp_cron=1775416076.8594169616699218750000 HTTP/1.1" 404 13203 "https://ribari.net/wp-cron.php?doing_wp_cron=1775416076.8594169616699218750000" "WordPress/4.9.13; https://ribari.net"
66.249.66.65 - - [05/Apr/2026:21:07:57 +0200] "GET /%D1%88%D0%B0%D1%80%D0%B0%D0%BD-%D1%81-%D0%B1%D0%B0%D0%B4%D0%B5%D0%BC%D0%BE%D0%B2-%D1%81%D0%BE%D1%81/ HTTP/1.1" 200 18595 "-" "Mozilla/5.0 (Linux; Android 6.0.1; Nexus 5X Build/MMB29P) AppleWebKit/537.36 (KHTML, like Gecko) Chrome/146.0.7680.177 Mobile Safari/537.36 (compatible; GoogleOther)"
66.249.66.43 - - [05/Apr/2026:21:08:08 +0200] "GET /commoditys/024000948 HTTP/1.1" 502 552 "-" "Mozilla/5.0 (Linux; Android 6.0.1; Nexus 5X Build/MMB29P) AppleWebKit/537.36 (KHTML, like Gecko) Chrome/146.0.7680.177 Mobile Safari/537.36 (compatible; Googlebot/2.1; +http://www.google.com/bot.html)"
66.249.66.3 - - [05/Apr/2026:21:08:09 +0200] "GET /prizes/33975248 HTTP/1.1" 502 552 "-" "Mozilla/5.0 (Linux; Android 6.0.1; Nexus 5X Build/MMB29P) AppleWebKit/537.36 (KHTML, like Gecko) Chrome/146.0.7680.177 Mobile Safari/537.36 (compatible; Googlebot/2.1; +http://www.google.com/bot.html)"
66.249.66.195 - - [05/Apr/2026:21:08:10 +0200] "GET /index.php?prizes/268412319 HTTP/1.1" 301 0 "-" "Mozilla/5.0 (Linux; Android 6.0.1; Nexus 5X Build/MMB29P) AppleWebKit/537.36 (KHTML, like Gecko) Chrome/146.0.7680.177 Mobile Safari/537.36 (compatible; Googlebot/2.1; +http://www.google.com/bot.html)"
66.249.66.42 - - [05/Apr/2026:21:08:11 +0200] "GET /index.php?prizes/305224905 HTTP/1.1" 301 0 "-" "Mozilla/5.0 (Linux; Android 6.0.1; Nexus 5X Build/MMB29P) AppleWebKit/537.36 (KHTML, like Gecko) Chrome/146.0.7680.177 Mobile Safari/537.36 (compatible; Googlebot/2.1; +http://www.google.com/bot.html)"
66.249.66.42 - - [05/Apr/2026:21:08:13 +0200] "GET /?prizes/268412319 HTTP/1.1" 200 27515 "-" "Mozilla/5.0 (Linux; Android 6.0.1; Nexus 5X Build/MMB29P) AppleWebKit/537.36 (KHTML, like Gecko) Chrome/146.0.7680.177 Mobile Safari/537.36 (compatible; Googlebot/2.1; +http://www.google.com/bot.html)"
66.249.66.65 - - [05/Apr/2026:21:08:14 +0200] "GET /?prizes/305224905 HTTP/1.1" 200 27136 "-" "Mozilla/5.0 (Linux; Android 6.0.1; Nexus 5X Build/MMB29P) AppleWebKit/537.36 (KHTML, like Gecko) Chrome/146.0.7680.177 Mobile Safari/537.36 (compatible; Googlebot/2.1; +http://www.google.com/bot.html)"
129.45.19.225 - - [05/Apr/2026:21:08:48 +0200] "GET /wp-content/plugins/wp-shortcode/tinymce/tinymce.php HTTP/1.1" 500 0 "https://ribari.net/" "Mozilla/5.0 (Macintosh; Intel Mac OS X 10_15_7) AppleWebKit/537.36 (KHTML, like Gecko) Chrome/134.0.0.0 Safari/537.36"
161.97.137.93 - - [05/Apr/2026:21:09:10 +0200] "POST /wp-cron.php?doing_wp_cron=1775416149.6613860130310058593750 HTTP/1.1" 404 13202 "https://ribari.net/wp-cron.php?doing_wp_cron=1775416149.6613860130310058593750" "WordPress/4.9.13; https://ribari.net"
66.249.66.2 - - [05/Apr/2026:21:09:10 +0200] "GET /prizes/169877046 HTTP/1.1" 404 13199 "-" "Mozilla/5.0 (Linux; Android 6.0.1; Nexus 5X Build/MMB29P) AppleWebKit/537.36 (KHTML, like Gecko) Chrome/146.0.7680.177 Mobile Safari/537.36 (compatible; Googlebot/2.1; +http://www.google.com/bot.html)"
66.249.66.4 - - [05/Apr/2026:21:09:11 +0200] "GET /index.php?prizes/251025985 HTTP/1.1" 301 0 "-" "Mozilla/5.0 (Linux; Android 6.0.1; Nexus 5X Build/MMB29P) AppleWebKit/537.36 (KHTML, like Gecko) Chrome/146.0.7680.177 Mobile Safari/537.36 (compatible; Googlebot/2.1; +http://www.google.com/bot.html)"
66.249.66.195 - - [05/Apr/2026:21:09:12 +0200] "GET /?prizes/251025985 HTTP/1.1" 200 27483 "-" "Mozilla/5.0 (Linux; Android 6.0.1; Nexus 5X Build/MMB29P) AppleWebKit/537.36 (KHTML, like Gecko) Chrome/146.0.7680.177 Mobile Safari/537.36 (compatible; Googlebot/2.1; +http://www.google.com/bot.html)"
66.249.66.66 - - [05/Apr/2026:21:09:25 +0200] "GET /wp-content/uploads/2019/12/Ljubo_sharan-218x150.jpg HTTP/1.1" 200 10913 "-" "Googlebot-Image/1.0"
66.249.66.194 - - [05/Apr/2026:21:09:39 +0200] "GET /?n=dxi22nfy617atleseoy HTTP/1.1" 200 26975 "-" "Mozilla/5.0 (Linux; Android 6.0.1; Nexus 5X Build/MMB29P) AppleWebKit/537.36 (KHTML, like Gecko) Chrome/146.0.7680.177 Mobile Safari/537.36 (compatible; Googlebot/2.1; +http://www.google.com/bot.html)"
217.113.194.102 - - [05/Apr/2026:21:09:46 +0200] "GET /category/%D0%BD%D0%BE%D0%B2%D0%B8%D0%BD%D0%B8/page/14/ HTTP/1.1" 200 18732 "-" "Mozilla/5.0 (compatible; Barkrowler/0.9; +https://babbar.tech/crawler)"
185.191.171.14 - - [05/Apr/2026:21:09:48 +0200] "GET /tag/%D1%80%D0%B8%D0%B1%D0%B0%D1%80%D1%81%D0%BA%D0%B8-%D1%81%D1%82%D1%80%D1%8A%D0%B2/page/21/ HTTP/1.1" 200 16213 "-" "Mozilla/5.0 (compatible; SemrushBot/7~bl; +http://www.semrush.com/bot.html)"
66.249.66.2 - - [05/Apr/2026:21:09:58 +0200] "GET /prizes/135024329 HTTP/1.1" 404 13204 "-" "Mozilla/5.0 (Linux; Android 6.0.1; Nexus 5X Build/MMB29P) AppleWebKit/537.36 (KHTML, like Gecko) Chrome/146.0.7680.177 Mobile Safari/537.36 (compatible; GoogleOther)"
66.249.66.43 - - [05/Apr/2026:21:10:06 +0200] "GET /prizes/121989733 HTTP/1.1" 404 13203 "-" "Mozilla/5.0 (Linux; Android 6.0.1; Nexus 5X Build/MMB29P) AppleWebKit/537.36 (KHTML, like Gecko) Chrome/146.0.7680.177 Mobile Safari/537.36 (compatible; Googlebot/2.1; +http://www.google.com/bot.html)"
161.97.137.93 - - [05/Apr/2026:21:10:19 +0200] "POST /wp-cron.php?doing_wp_cron=1775416218.6609559059143066406250 HTTP/1.1" 404 13203 "https://ribari.net/wp-cron.php?doing_wp_cron=1775416218.6609559059143066406250" "WordPress/4.9.13; https://ribari.net"
37.27.51.140 - - [05/Apr/2026:21:10:19 +0200] "GET /%D0%B8%D0%B7%D0%B2%D0%B0%D0%B4%D0%B8%D1%85%D0%B0-%D0%BC%D1%80%D0%B5%D0%B6%D0%B8-%D0%BE%D1%82-%D1%80%D0%B5%D0%BA%D0%B0-%D0%B4%D1%83%D0%BD%D0%B0%D0%B2/ HTTP/1.1" 200 20423 "-" "Mozilla/5.0 (compatible; SERankingBacklinksBot/1.0; +https://seranking.com/backlinks-crawler)"
37.27.51.140 - - [05/Apr/2026:21:10:27 +0200] "GET /%D0%BA%D0%B0%D0%BA-%D0%B4%D0%B0-%D1%85%D0%B2%D0%B0%D0%BD%D0%B5%D0%BC-%D0%BF%D0%BE%D0%B2%D0%B5%D1%87%D0%B5-%D0%BF%D0%BB%D0%B0%D1%82%D0%B8%D0%BA%D0%B0/ HTTP/1.1" 200 21557 "-" "Mozilla/5.0 (compatible; SERankingBacklinksBot/1.0; +https://seranking.com/backlinks-crawler)"
37.27.51.140 - - [05/Apr/2026:21:10:32 +0200] "GET /%D0%BF%D0%B0%D0%BD%D0%B8%D1%80%D0%B0%D0%BD%D0%B0-%D1%80%D0%B8%D0%B1%D0%B0-%D1%81%D1%8A%D1%81-%D1%81%D0%BE%D1%81-%D1%82%D0%B0%D1%80%D1%82%D0%B0%D1%80/ HTTP/1.1" 200 18972 "-" "Mozilla/5.0 (compatible; SERankingBacklinksBot/1.0; +https://seranking.com/backlinks-crawler)"
37.27.51.140 - - [05/Apr/2026:21:10:37 +0200] "GET /%D0%BB%D1%8E%D1%81%D0%BF%D0%B0-%D0%BE%D1%82-%D1%88%D0%B0%D1%80%D0%B0%D0%BD-%D0%BD%D0%B8-%D0%BD%D0%BE%D1%81%D0%B8-%D0%BA%D1%8A%D1%81%D0%BC%D0%B5%D1%82/ HTTP/1.1" 200 19934 "-" "Mozilla/5.0 (compatible; SERankingBacklinksBot/1.0; +https://seranking.com/backlinks-crawler)"
37.27.51.140 - - [05/Apr/2026:21:10:42 +0200] "GET /%D0%BF%D0%B5%D1%82-%D1%80%D0%B5%D1%86%D0%B5%D0%BF%D1%82%D0%B8-%D0%B7%D0%B0-%D1%81%D1%82%D1%80%D1%8A%D0%B2-%D0%B7%D0%B0-%D1%88%D0%B0%D1%80%D0%B0%D0%BD/ HTTP/1.1" 200 19188 "-" "Mozilla/5.0 (compatible; SERankingBacklinksBot/1.0; +https://seranking.com/backlinks-crawler)"
37.27.51.140 - - [05/Apr/2026:21:10:49 +0200] "GET /%D0%BF%D1%80%D0%B5%D0%B4%D0%B7%D0%B8%D0%BC%D0%B5%D0%BD-%D1%80%D0%B8%D0%B1%D0%BE%D0%BB%D0%BE%D0%B2-%D0%BD%D0%B0-%D0%BA%D0%BE%D1%81%D1%82%D1%83%D1%80-2/ HTTP/1.1" 200 23627 "-" "Mozilla/5.0 (compatible; SERankingBacklinksBot/1.0; +https://seranking.com/backlinks-crawler)"
37.27.51.140 - - [05/Apr/2026:21:10:54 +0200] "GET /%D1%87%D0%B5%D1%80%D0%BD%D0%BE-%D0%BC%D0%BE%D1%80%D0%B5-%D0%B2%D0%B5%D1%87%D0%B5-%D0%B5-%D0%BC%D1%8A%D1%80%D1%82%D0%B2%D0%BE-%D0%BC%D0%BE%D1%80%D0%B5/ HTTP/1.1" 200 20227 "-" "Mozilla/5.0 (compatible; SERankingBacklinksBot/1.0; +https://seranking.com/backlinks-crawler)"
37.27.51.140 - - [05/Apr/2026:21:10:58 +0200] "GET /%D1%88%D0%B0%D1%80%D0%B0%D0%BD-%D0%BD%D0%B0-%D1%84%D1%83%D1%80%D0%BD%D0%B0-%D1%81%D1%8A%D1%81-%D0%B7%D0%B5%D0%BB%D0%B5-%D0%B8-%D0%BE%D1%80%D0%B8%D0%B7/ HTTP/1.1" 200 18558 "-" "Mozilla/5.0 (compatible; SERankingBacklinksBot/1.0; +https://seranking.com/backlinks-crawler)"
66.249.66.37 - - [05/Apr/2026:21:10:59 +0200] "GET /prizes/133064238 HTTP/1.1" 404 13202 "-" "Mozilla/5.0 (Linux; Android 6.0.1; Nexus 5X Build/MMB29P) AppleWebKit/537.36 (KHTML, like Gecko) Chrome/146.0.7680.177 Mobile Safari/537.36 (compatible; GoogleOther)"
66.249.66.69 - - [05/Apr/2026:21:11:00 +0200] "GET /index.php?prizes/197141753 HTTP/1.1" 301 0 "-" "Mozilla/5.0 (Linux; Android 6.0.1; Nexus 5X Build/MMB29P) AppleWebKit/537.36 (KHTML, like Gecko) Chrome/146.0.7680.177 Mobile Safari/537.36 (compatible; Googlebot/2.1; +http://www.google.com/bot.html)"
66.249.66.69 - - [05/Apr/2026:21:11:01 +0200] "GET /?prizes/197141753 HTTP/1.1" 502 552 "-" "Mozilla/5.0 (Linux; Android 6.0.1; Nexus 5X Build/MMB29P) AppleWebKit/537.36 (KHTML, like Gecko) Chrome/146.0.7680.177 Mobile Safari/537.36 (compatible; Googlebot/2.1; +http://www.google.com/bot.html)"
66.249.66.204 - - [05/Apr/2026:21:11:05 +0200] "GET /?x=rsq206pks41431bsqvnh HTTP/1.1" 502 552 "-" "Mozilla/5.0 (Linux; Android 6.0.1; Nexus 5X Build/MMB29P) AppleWebKit/537.36 (KHTML, like Gecko) Chrome/146.0.7680.177 Mobile Safari/537.36 (compatible; GoogleOther)"
37.27.51.140 - - [05/Apr/2026:21:11:05 +0200] "GET /87-%D0%BC%D0%BB%D0%BD-%D0%BB%D0%B2-%D0%B7%D0%B0-%D0%B1%D1%8A%D0%BB%D0%B3%D0%B0%D1%80%D1%81%D0%BA%D0%B8%D1%82%D0%B5-%D1%80%D0%B8%D0%B1%D0%B0%D1%80%D0%B8/ HTTP/1.1" 502 150 "-" "Mozilla/5.0 (compatible; SERankingBacklinksBot/1.0; +https://seranking.com/backlinks-crawler)"
161.97.137.93 - - [05/Apr/2026:21:11:26 +0200] "POST /wp-cron.php?doing_wp_cron=1775416285.7290139198303222656250 HTTP/1.1" 404 13203 "https://ribari.net/wp-cron.php?doing_wp_cron=1775416285.7290139198303222656250" "WordPress/4.9.13; https://ribari.net"
66.249.66.204 - - [05/Apr/2026:21:11:26 +0200] "GET /?o=aamgg89l342vsszssjfc HTTP/1.1" 200 27678 "-" "Mozilla/5.0 (Linux; Android 6.0.1; Nexus 5X Build/MMB29P) AppleWebKit/537.36 (KHTML, like Gecko) Chrome/146.0.7680.177 Mobile Safari/537.36 (compatible; Googlebot/2.1; +http://www.google.com/bot.html)"
185.191.171.17 - - [05/Apr/2026:21:11:33 +0200] "GET /tag/%D0%B2-%D1%82%D0%B5%D0%B7%D0%B8-%D1%80%D0%B5%D0%BA%D0%B8-%D0%BB%D0%B8-%D0%B4%D0%B0-%D0%BB%D0%BE%D0%B2%D0%B8%D0%BC-%D1%80%D0%B8%D0%B1%D0%B0/ HTTP/1.1" 200 13421 "-" "Mozilla/5.0 (compatible; SemrushBot/7~bl; +http://www.semrush.com/bot.html)"
52.167.144.232 - - [05/Apr/2026:21:12:03 +0200] "GET /wp-content/uploads/2020/01/83069867_898452530590806_6916738637694500864_o-696x391.jpg HTTP/1.1" 304 0 "-" "Mozilla/5.0 AppleWebKit/537.36 (KHTML, like Gecko; compatible; bingbot/2.0; +http://www.bing.com/bingbot.htm) Chrome/116.0.1938.76 Safari/537.36"
66.249.66.37 - - [05/Apr/2026:21:12:05 +0200] "GET /index.php?prizes/217152026 HTTP/1.1" 301 0 "-" "Mozilla/5.0 (Linux; Android 6.0.1; Nexus 5X Build/MMB29P) AppleWebKit/537.36 (KHTML, like Gecko) Chrome/146.0.7680.177 Mobile Safari/537.36 (compatible; Googlebot/2.1; +http://www.google.com/bot.html)"
66.249.66.71 - - [05/Apr/2026:21:12:06 +0200] "GET /?prizes/217152026 HTTP/1.1" 200 27076 "-" "Mozilla/5.0 (Linux; Android 6.0.1; Nexus 5X Build/MMB29P) AppleWebKit/537.36 (KHTML, like Gecko) Chrome/146.0.7680.177 Mobile Safari/537.36 (compatible; Googlebot/2.1; +http://www.google.com/bot.html)"
66.249.66.70 - - [05/Apr/2026:21:12:17 +0200] "GET /wp-content/uploads/2019/12/462_1_1272008871-218x150.jpg HTTP/1.1" 200 10621 "-" "Googlebot-Image/1.0"
161.97.137.93 - - [05/Apr/2026:21:12:38 +0200] "POST /wp-cron.php?doing_wp_cron=1775416357.9795849323272705078125 HTTP/1.1" 404 13203 "https://ribari.net/wp-cron.php?doing_wp_cron=1775416357.9795849323272705078125" "WordPress/4.9.13; https://ribari.net"
66.249.66.6 - - [05/Apr/2026:21:12:39 +0200] "GET /?o=tfufx7oho13814xohrjwntwb HTTP/1.1" 200 27071 "-" "Mozilla/5.0 (Linux; Android 6.0.1; Nexus 5X Build/MMB29P) AppleWebKit/537.36 (KHTML, like Gecko) Chrome/146.0.7680.177 Mobile Safari/537.36 (compatible; Googlebot/2.1; +http://www.google.com/bot.html)"
66.249.66.204 - - [05/Apr/2026:21:13:06 +0200] "GET /commoditys/284045128 HTTP/1.1" 404 13203 "-" "Mozilla/5.0 (Linux; Android 6.0.1; Nexus 5X Build/MMB29P) AppleWebKit/537.36 (KHTML, like Gecko) Chrome/146.0.7680.177 Mobile Safari/537.36 (compatible; Googlebot/2.1; +http://www.google.com/bot.html)"
66.249.66.6 - - [05/Apr/2026:21:13:16 +0200] "GET /index.php?prizes/156820743 HTTP/1.1" 301 0 "-" "Mozilla/5.0 (Linux; Android 6.0.1; Nexus 5X Build/MMB29P) AppleWebKit/537.36 (KHTML, like Gecko) Chrome/146.0.7680.177 Mobile Safari/537.36 (compatible; Googlebot/2.1; +http://www.google.com/bot.html)"
66.249.66.7 - - [05/Apr/2026:21:13:17 +0200] "GET /%D0%BA%D0%B0%D0%BB%D0%BA%D0%B0%D0%BD%D1%8A%D1%82-%D1%82%D1%80%D1%8A%D0%B3%D0%BD%D0%B0-%D1%82%D1%83%D1%80%D1%81%D0%BA%D0%B8%D1%82%D0%B5-%D0%B1%D1%80%D0%B0%D0%BA%D0%BE%D0%BD%D0%B8%D0%B5%D1%80%D0%B8/page/3/ HTTP/1.1" 301 0 "-" "Mozilla/5.0 (Linux; Android 6.0.1; Nexus 5X Build/MMB29P) AppleWebKit/537.36 (KHTML, like Gecko) Chrome/146.0.7680.177 Mobile Safari/537.36 (compatible; Googlebot/2.1; +http://www.google.com/bot.html)"
66.249.66.38 - - [05/Apr/2026:21:13:19 +0200] "GET /?prizes/156820743 HTTP/1.1" 200 27154 "-" "Mozilla/5.0 (Linux; Android 6.0.1; Nexus 5X Build/MMB29P) AppleWebKit/537.36 (KHTML, like Gecko) Chrome/146.0.7680.177 Mobile Safari/537.36 (compatible; Googlebot/2.1; +http://www.google.com/bot.html)"
66.249.66.38 - - [05/Apr/2026:21:13:19 +0200] "GET /%D0%BA%D0%B0%D0%BB%D0%BA%D0%B0%D0%BD%D1%8A%D1%82-%D1%82%D1%80%D1%8A%D0%B3%D0%BD%D0%B0-%D1%82%D1%83%D1%80%D1%81%D0%BA%D0%B8%D1%82%D0%B5-%D0%B1%D1%80%D0%B0%D0%BA%D0%BE%D0%BD%D0%B8%D0%B5%D1%80%D0%B8/ HTTP/1.1" 200 20091 "-" "Mozilla/5.0 (Linux; Android 6.0.1; Nexus 5X Build/MMB29P) AppleWebKit/537.36 (KHTML, like Gecko) Chrome/146.0.7680.177 Mobile Safari/537.36 (compatible; Googlebot/2.1; +http://www.google.com/bot.html)"
66.249.66.69 - - [05/Apr/2026:21:13:21 +0200] "GET /index.php?prizes/217578733 HTTP/1.1" 301 0 "-" "Mozilla/5.0 (Linux; Android 6.0.1; Nexus 5X Build/MMB29P) AppleWebKit/537.36 (KHTML, like Gecko) Chrome/146.0.7680.177 Mobile Safari/537.36 (compatible; Googlebot/2.1; +http://www.google.com/bot.html)"
66.249.66.6 - - [05/Apr/2026:21:13:22 +0200] "GET /?prizes/217578733 HTTP/1.1" 200 27701 "-" "Mozilla/5.0 (Linux; Android 6.0.1; Nexus 5X Build/MMB29P) AppleWebKit/537.36 (KHTML, like Gecko) Chrome/146.0.7680.177 Mobile Safari/537.36 (compatible; Googlebot/2.1; +http://www.google.com/bot.html)"
66.249.66.69 - - [05/Apr/2026:21:13:34 +0200] "GET /prizes/64775723 HTTP/1.1" 404 13203 "-" "Mozilla/5.0 (Linux; Android 6.0.1; Nexus 5X Build/MMB29P) AppleWebKit/537.36 (KHTML, like Gecko) Chrome/146.0.7680.177 Mobile Safari/537.36 (compatible; GoogleOther)"
161.97.137.93 - - [05/Apr/2026:21:13:50 +0200] "POST /wp-cron.php?doing_wp_cron=1775416430.0340869426727294921875 HTTP/1.1" 404 13201 "https://ribari.net/wp-cron.php?doing_wp_cron=1775416430.0340869426727294921875" "WordPress/4.9.13; https://ribari.net"
66.249.66.37 - - [05/Apr/2026:21:13:50 +0200] "GET /index.php?prizes/281169137 HTTP/1.1" 301 0 "-" "Mozilla/5.0 (Linux; Android 6.0.1; Nexus 5X Build/MMB29P) AppleWebKit/537.36 (KHTML, like Gecko) Chrome/146.0.7680.177 Mobile Safari/537.36 (compatible; Googlebot/2.1; +http://www.google.com/bot.html)"
66.249.66.37 - - [05/Apr/2026:21:13:51 +0200] "GET /?prizes/281169137 HTTP/1.1" 200 27178 "-" "Mozilla/5.0 (Linux; Android 6.0.1; Nexus 5X Build/MMB29P) AppleWebKit/537.36 (KHTML, like Gecko) Chrome/146.0.7680.177 Mobile Safari/537.36 (compatible; Googlebot/2.1; +http://www.google.com/bot.html)"
66.249.66.165 - - [05/Apr/2026:21:13:52 +0200] "GET /prizes/95159268 HTTP/1.1" 404 13202 "-" "Mozilla/5.0 (Linux; Android 6.0.1; Nexus 5X Build/MMB29P) AppleWebKit/537.36 (KHTML, like Gecko) Chrome/146.0.7680.177 Mobile Safari/537.36 (compatible; Googlebot/2.1; +http://www.google.com/bot.html)"
66.249.66.69 - - [05/Apr/2026:21:14:04 +0200] "GET /prizes/81207682 HTTP/1.1" 404 13203 "-" "Mozilla/5.0 (Linux; Android 6.0.1; Nexus 5X Build/MMB29P) AppleWebKit/537.36 (KHTML, like Gecko) Chrome/146.0.7680.177 Mobile Safari/537.36 (compatible; GoogleOther)"
66.249.66.70 - - [05/Apr/2026:21:15:08 +0200] "GET /wp-content/uploads/2019/11/EuropeseMeervalLucasVanDerGeest-218x150.jpg HTTP/1.1" 200 9120 "-" "Googlebot-Image/1.0"
161.97.137.93 - - [05/Apr/2026:21:15:12 +0200] "POST /wp-cron.php?doing_wp_cron=1775416512.0854570865631103515625 HTTP/1.1" 404 13203 "https://ribari.net/wp-cron.php?doing_wp_cron=1775416512.0854570865631103515625" "WordPress/4.9.13; https://ribari.net"
66.249.66.39 - - [05/Apr/2026:21:15:12 +0200] "GET /index.php?prizes/293067814 HTTP/1.1" 301 0 "-" "Mozilla/5.0 (Linux; Android 6.0.1; Nexus 5X Build/MMB29P) AppleWebKit/537.36 (KHTML, like Gecko) Chrome/146.0.7680.177 Mobile Safari/537.36 (compatible; Googlebot/2.1; +http://www.google.com/bot.html)"
66.249.66.6 - - [05/Apr/2026:21:15:13 +0200] "GET /index.php?prizes/277630551 HTTP/1.1" 301 0 "-" "Mozilla/5.0 (Linux; Android 6.0.1; Nexus 5X Build/MMB29P) AppleWebKit/537.36 (KHTML, like Gecko) Chrome/146.0.7680.177 Mobile Safari/537.36 (compatible; Googlebot/2.1; +http://www.google.com/bot.html)"
66.249.66.6 - - [05/Apr/2026:21:15:14 +0200] "GET /?prizes/293067814 HTTP/1.1" 200 27414 "-" "Mozilla/5.0 (Linux; Android 6.0.1; Nexus 5X Build/MMB29P) AppleWebKit/537.36 (KHTML, like Gecko) Chrome/146.0.7680.177 Mobile Safari/537.36 (compatible; Googlebot/2.1; +http://www.google.com/bot.html)"
66.249.66.69 - - [05/Apr/2026:21:15:16 +0200] "GET /?prizes/277630551 HTTP/1.1" 200 27897 "-" "Mozilla/5.0 (Linux; Android 6.0.1; Nexus 5X Build/MMB29P) AppleWebKit/537.36 (KHTML, like Gecko) Chrome/146.0.7680.177 Mobile Safari/537.36 (compatible; Googlebot/2.1; +http://www.google.com/bot.html)"
66.249.66.6 - - [05/Apr/2026:21:15:16 +0200] "GET /index.php?prizes/292222470 HTTP/1.1" 301 0 "-" "Mozilla/5.0 (Linux; Android 6.0.1; Nexus 5X Build/MMB29P) AppleWebKit/537.36 (KHTML, like Gecko) Chrome/146.0.7680.177 Mobile Safari/537.36 (compatible; Googlebot/2.1; +http://www.google.com/bot.html)"
66.249.66.37 - - [05/Apr/2026:21:15:18 +0200] "GET /?prizes/292222470 HTTP/1.1" 200 27745 "-" "Mozilla/5.0 (Linux; Android 6.0.1; Nexus 5X Build/MMB29P) AppleWebKit/537.36 (KHTML, like Gecko) Chrome/146.0.7680.177 Mobile Safari/537.36 (compatible; Googlebot/2.1; +http://www.google.com/bot.html)"
217.113.194.105 - - [05/Apr/2026:21:15:22 +0200] "GET /category/%D0%BD%D0%BE%D0%B2%D0%B8%D0%BD%D0%B8/page/18/ HTTP/1.1" 200 16899 "-" "Mozilla/5.0 (compatible; Barkrowler/0.9; +https://babbar.tech/crawler)"
216.73.216.119 - - [05/Apr/2026:21:15:23 +0200] "GET /robots.txt HTTP/1.1" 304 0 "-" "Mozilla/5.0 AppleWebKit/537.36 (KHTML, like Gecko; compatible; ClaudeBot/1.0; +claudebot@anthropic.com)"
216.73.216.119 - - [05/Apr/2026:21:15:24 +0200] "GET /sitemap.xml HTTP/1.1" 301 0 "-" "Mozilla/5.0 AppleWebKit/537.36 (KHTML, like Gecko; compatible; ClaudeBot/1.0; +claudebot@anthropic.com)"
216.73.216.119 - - [05/Apr/2026:21:15:24 +0200] "GET /sitemap_index.xml HTTP/1.1" 200 328 "https://ribari.net/sitemap.xml" "Mozilla/5.0 AppleWebKit/537.36 (KHTML, like Gecko; compatible; ClaudeBot/1.0; +claudebot@anthropic.com)"
146.190.221.65 - - [05/Apr/2026:21:15:31 +0200] "GET /wp-content/uploads/2019/11/cervei-100x70.jpg%20100w,%20https://ribari.net/wp-content/uploads/2019/11/cervei-218x150.jpg%20218w HTTP/1.1" 301 0 "https://ribari.net/" "Mozilla/5.0 (Windows NT 10.0; Win64; x64) AppleWebKit/537.36 (KHTML, like Gecko) Chrome/104.0.5112.81 Safari/537.36"
85.208.96.207 - - [05/Apr/2026:21:15:34 +0200] "GET /tag/%D0%B2%D0%B8%D0%B6%D1%82%D0%B5-%D0%BA%D1%8A%D0%B4%D0%B5-%D1%81%D0%B5-%D1%81%D0%BB%D1%83%D1%87%D0%B2%D0%B0-%D1%82%D0%BE%D0%B2%D0%B0-50-%D0%BA%D0%B3-%D1%80%D0%B8%D0%B1%D0%B0-%D0%B8%D0%B7%D0%B2%D0%B0/ HTTP/1.1" 200 13987 "-" "Mozilla/5.0 (compatible; SemrushBot/7~bl; +http://www.semrush.com/bot.html)"
146.190.221.65 - - [05/Apr/2026:21:15:34 +0200] "GET /wp-content/uploads/2019/11/cervei-100x70.jpg%20100w,%20https:/ribari.net/wp-content/uploads/2019/11/cervei-218x150.jpg%20218w HTTP/1.1" 404 13509 "https://ribari.net/" "Mozilla/5.0 (Windows NT 10.0; Win64; x64) AppleWebKit/537.36 (KHTML, like Gecko) Chrome/104.0.5112.81 Safari/537.36"
34.224.9.144 - - [05/Apr/2026:21:15:42 +0200] "GET /wp-content/index.php?path=/home/blife/public_html/ribari.net/wp-content/qq08dbe3 HTTP/1.1" 200 1236 "-" "Mozilla/5.0 AppleWebKit/537.36 (KHTML, like Gecko; compatible; Amazonbot/0.1; +https://developer.amazon.com/support/amazonbot) Chrome/119.0.6045.214 Safari/537.36"
68.178.173.85 - - [05/Apr/2026:21:15:44 +0200] "GET /wp-login.php HTTP/1.1" 302 0 "-" "Mozilla/5.0 (Macintosh; Intel Mac OS X 10.12; rv:60.0) Gecko/20100101 Firefox/60.0"
68.178.173.85 - - [05/Apr/2026:21:15:45 +0200] "GET /wp-login.php HTTP/1.1" 302 0 "https://ribari.net/wp-login.php" "Mozilla/5.0 (Macintosh; Intel Mac OS X 10.12; rv:60.0) Gecko/20100101 Firefox/60.0"
50.19.102.70 - - [05/Apr/2026:21:15:46 +0200] "GET /wp-content/themes/Newspaper/includes/wp_booster/wp-admin/images/panel/panel-icons/?C=N;O%3DA HTTP/1.1" 200 653 "-" "Mozilla/5.0 AppleWebKit/537.36 (KHTML, like Gecko; compatible; Amazonbot/0.1; +https://developer.amazon.com/support/amazonbot) Chrome/119.0.6045.214 Safari/537.36"
68.178.173.85 - - [05/Apr/2026:21:15:46 +0200] "GET /wp-login.php HTTP/1.1" 302 0 "https://ribari.net/wp-login.php" "Mozilla/5.0 (Macintosh; Intel Mac OS X 10.12; rv:60.0) Gecko/20100101 Firefox/60.0"
68.178.173.85 - - [05/Apr/2026:21:15:48 +0200] "GET /wp-login.php HTTP/1.1" 302 0 "https://ribari.net/wp-login.php" "Mozilla/5.0 (Macintosh; Intel Mac OS X 10.12; rv:60.0) Gecko/20100101 Firefox/60.0"
68.178.173.85 - - [05/Apr/2026:21:15:48 +0200] "GET /wp-login.php HTTP/1.1" 302 0 "https://ribari.net/wp-login.php" "Mozilla/5.0 (Macintosh; Intel Mac OS X 10.12; rv:60.0) Gecko/20100101 Firefox/60.0"
68.178.173.85 - - [05/Apr/2026:21:15:49 +0200] "GET /wp-login.php HTTP/1.1" 302 0 "https://ribari.net/wp-login.php" "Mozilla/5.0 (Macintosh; Intel Mac OS X 10.12; rv:60.0) Gecko/20100101 Firefox/60.0"
34.194.14.255 - - [05/Apr/2026:21:15:50 +0200] "GET /wp-content/index.php?filesrc=/home/blife/public_html/ribari.net/wp-content/themes.zip&path=/home/blife/public_html/ribari.net/wp-content HTTP/1.1" 200 815 "-" "Mozilla/5.0 AppleWebKit/537.36 (KHTML, like Gecko; compatible; Amazonbot/0.1; +https://developer.amazon.com/support/amazonbot) Chrome/119.0.6045.214 Safari/537.36"
68.178.173.85 - - [05/Apr/2026:21:15:50 +0200] "GET /wp-login.php HTTP/1.1" 302 0 "https://ribari.net/wp-login.php" "Mozilla/5.0 (Macintosh; Intel Mac OS X 10.12; rv:60.0) Gecko/20100101 Firefox/60.0"
68.178.173.85 - - [05/Apr/2026:21:15:51 +0200] "GET /wp-login.php HTTP/1.1" 302 0 "https://ribari.net/wp-login.php" "Mozilla/5.0 (Macintosh; Intel Mac OS X 10.12; rv:60.0) Gecko/20100101 Firefox/60.0"
68.178.173.85 - - [05/Apr/2026:21:15:52 +0200] "GET /wp-login.php HTTP/1.1" 302 0 "https://ribari.net/wp-login.php" "Mozilla/5.0 (Macintosh; Intel Mac OS X 10.12; rv:60.0) Gecko/20100101 Firefox/60.0"
68.178.173.85 - - [05/Apr/2026:21:15:53 +0200] "GET /wp-login.php HTTP/1.1" 302 0 "https://ribari.net/wp-login.php" "Mozilla/5.0 (Macintosh; Intel Mac OS X 10.12; rv:60.0) Gecko/20100101 Firefox/60.0"
66.249.66.161 - - [05/Apr/2026:21:16:05 +0200] "GET /index.php?prizes/285128804 HTTP/1.1" 301 0 "-" "Mozilla/5.0 (Linux; Android 6.0.1; Nexus 5X Build/MMB29P) AppleWebKit/537.36 (KHTML, like Gecko) Chrome/146.0.7680.177 Mobile Safari/537.36 (compatible; Googlebot/2.1; +http://www.google.com/bot.html)"
66.249.66.3 - - [05/Apr/2026:21:16:06 +0200] "GET /?prizes/285128804 HTTP/1.1" 200 27991 "-" "Mozilla/5.0 (Linux; Android 6.0.1; Nexus 5X Build/MMB29P) AppleWebKit/537.36 (KHTML, like Gecko) Chrome/146.0.7680.177 Mobile Safari/537.36 (compatible; Googlebot/2.1; +http://www.google.com/bot.html)"
66.249.66.65 - - [05/Apr/2026:21:16:09 +0200] "GET /prizes/120409006 HTTP/1.1" 404 13203 "-" "Mozilla/5.0 (Linux; Android 6.0.1; Nexus 5X Build/MMB29P) AppleWebKit/537.36 (KHTML, like Gecko) Chrome/146.0.7680.177 Mobile Safari/537.36 (compatible; GoogleOther)"
161.97.137.93 - - [05/Apr/2026:21:16:47 +0200] "POST /wp-cron.php?doing_wp_cron=1775416607.1703128814697265625000 HTTP/1.1" 404 13201 "https://ribari.net/wp-cron.php?doing_wp_cron=1775416607.1703128814697265625000" "WordPress/4.9.13; https://ribari.net"
66.249.66.161 - - [05/Apr/2026:21:16:47 +0200] "GET /index.php?prizes/270072925 HTTP/1.1" 301 0 "-" "Mozilla/5.0 (Linux; Android 6.0.1; Nexus 5X Build/MMB29P) AppleWebKit/537.36 (KHTML, like Gecko) Chrome/146.0.7680.177 Mobile Safari/537.36 (compatible; Googlebot/2.1; +http://www.google.com/bot.html)"
66.249.66.194 - - [05/Apr/2026:21:16:49 +0200] "GET /?prizes/270072925 HTTP/1.1" 200 27445 "-" "Mozilla/5.0 (Linux; Android 6.0.1; Nexus 5X Build/MMB29P) AppleWebKit/537.36 (KHTML, like Gecko) Chrome/146.0.7680.177 Mobile Safari/537.36 (compatible; Googlebot/2.1; +http://www.google.com/bot.html)"
66.249.66.41 - - [05/Apr/2026:21:17:33 +0200] "GET /prizes/109641622 HTTP/1.1" 404 13203 "-" "Mozilla/5.0 (Linux; Android 6.0.1; Nexus 5X Build/MMB29P) AppleWebKit/537.36 (KHTML, like Gecko) Chrome/146.0.7680.177 Mobile Safari/537.36 (compatible; Googlebot/2.1; +http://www.google.com/bot.html)"
66.249.66.3 - - [05/Apr/2026:21:17:59 +0200] "GET /wp-content/uploads/2019/10/Channel-Cat__1493317018277__w675-218x150.jpg HTTP/1.1" 200 6592 "-" "Googlebot-Image/1.0"
66.249.66.42 - - [05/Apr/2026:21:18:01 +0200] "GET /?x=eloxl9jo9748urkmdzgjyh HTTP/1.1" 502 552 "-" "Mozilla/5.0 (Linux; Android 6.0.1; Nexus 5X Build/MMB29P) AppleWebKit/537.36 (KHTML, like Gecko) Chrome/146.0.7680.177 Mobile Safari/537.36 (compatible; GoogleOther)"
161.97.137.93 - - [05/Apr/2026:21:18:04 +0200] "POST /wp-cron.php?doing_wp_cron=1775416681.9734270572662353515625 HTTP/1.1" 502 150 "https://ribari.net/wp-cron.php?doing_wp_cron=1775416681.9734270572662353515625" "WordPress/4.9.13; https://ribari.net"
66.249.66.161 - - [05/Apr/2026:21:18:05 +0200] "GET /index.php?prizes/203783531 HTTP/1.1" 301 0 "-" "Mozilla/5.0 (Linux; Android 6.0.1; Nexus 5X Build/MMB29P) AppleWebKit/537.36 (KHTML, like Gecko) Chrome/146.0.7680.177 Mobile Safari/537.36 (compatible; Googlebot/2.1; +http://www.google.com/bot.html)"
66.249.66.161 - - [05/Apr/2026:21:18:07 +0200] "GET /?prizes/203783531 HTTP/1.1" 200 27559 "-" "Mozilla/5.0 (Linux; Android 6.0.1; Nexus 5X Build/MMB29P) AppleWebKit/537.36 (KHTML, like Gecko) Chrome/146.0.7680.177 Mobile Safari/537.36 (compatible; Googlebot/2.1; +http://www.google.com/bot.html)"
