66.249.66.161 - - [05/Apr/2026:14:51:59 +0200] "GET /commoditys/024000054 HTTP/1.1" 200 17860 "-" "Mozilla/5.0 (Linux; Android 6.0.1; Nexus 5X Build/MMB29P) AppleWebKit/537.36 (KHTML, like Gecko) Chrome/146.0.7680.177 Mobile Safari/537.36 (compatible; Googlebot/2.1; +http://www.google.com/bot.html)"
66.249.66.161 - - [05/Apr/2026:14:52:04 +0200] "GET /commoditys/274018220 HTTP/1.1" 200 17230 "-" "Mozilla/5.0 (Linux; Android 6.0.1; Nexus 5X Build/MMB29P) AppleWebKit/537.36 (KHTML, like Gecko) Chrome/146.0.7680.177 Mobile Safari/537.36 (compatible; Googlebot/2.1; +http://www.google.com/bot.html)"
161.97.137.93 - - [05/Apr/2026:14:52:08 +0200] "POST /wp-cron.php?doing_wp_cron=1775393527.6208019256591796875000 HTTP/1.1" 404 13203 "https://ribari.net/wp-cron.php?doing_wp_cron=1775393527.6208019256591796875000" "WordPress/4.9.13; https://ribari.net"
77.83.36.161 - - [05/Apr/2026:14:52:08 +0200] "GET /wp-login.php HTTP/1.1" 302 0 "-" "Mozilla/4.0 (compatible; MSIE 7.0; Windows NT 6.0)"
66.249.66.195 - - [05/Apr/2026:14:52:10 +0200] "GET /commoditys/073011649 HTTP/1.1" 200 17891 "-" "Mozilla/5.0 (Linux; Android 6.0.1; Nexus 5X Build/MMB29P) AppleWebKit/537.36 (KHTML, like Gecko) Chrome/146.0.7680.177 Mobile Safari/537.36 (compatible; Googlebot/2.1; +http://www.google.com/bot.html)"
43.135.36.201 - - [05/Apr/2026:14:52:14 +0200] "GET /%d1%80%d0%b8%d0%b1%d0%be%d0%bb%d0%be%d0%b2-%d0%bd%d0%b0-%d0%ba%d0%be%d1%81%d1%82%d1%83%d1%80/feed/ HTTP/1.1" 200 472 "-" "Mozilla/5.0 (iPhone; CPU iPhone OS 13_2_3 like Mac OS X) AppleWebKit/605.1.15 (KHTML, like Gecko) Version/13.0.3 Mobile/15E148 Safari/604.1"
66.249.66.41 - - [05/Apr/2026:14:52:16 +0200] "GET /commoditys/237049261 HTTP/1.1" 200 17807 "-" "Mozilla/5.0 (Linux; Android 6.0.1; Nexus 5X Build/MMB29P) AppleWebKit/537.36 (KHTML, like Gecko) Chrome/146.0.7680.177 Mobile Safari/537.36 (compatible; Googlebot/2.1; +http://www.google.com/bot.html)"
66.249.66.65 - - [05/Apr/2026:14:52:21 +0200] "GET /commoditys/057015825 HTTP/1.1" 200 17922 "-" "Mozilla/5.0 (Linux; Android 6.0.1; Nexus 5X Build/MMB29P) AppleWebKit/537.36 (KHTML, like Gecko) Chrome/146.0.7680.177 Mobile Safari/537.36 (compatible; Googlebot/2.1; +http://www.google.com/bot.html)"
66.249.66.65 - - [05/Apr/2026:14:52:27 +0200] "GET /commoditys/098033098 HTTP/1.1" 200 17133 "-" "Mozilla/5.0 (Linux; Android 6.0.1; Nexus 5X Build/MMB29P) AppleWebKit/537.36 (KHTML, like Gecko) Chrome/146.0.7680.177 Mobile Safari/537.36 (compatible; Googlebot/2.1; +http://www.google.com/bot.html)"
116.179.32.146 - - [05/Apr/2026:14:52:31 +0200] "GET /wp-content/uploads/2020/05/Image_7246109_132_0-265x198.jpg HTTP/1.1" 200 14438 "-" "Baiduspider-image+(+http://www.baidu.com/search/spider.htm)"
66.249.66.41 - - [05/Apr/2026:14:52:33 +0200] "GET /commoditys/089028899 HTTP/1.1" 200 17397 "-" "Mozilla/5.0 (Linux; Android 6.0.1; Nexus 5X Build/MMB29P) AppleWebKit/537.36 (KHTML, like Gecko) Chrome/146.0.7680.177 Mobile Safari/537.36 (compatible; Googlebot/2.1; +http://www.google.com/bot.html)"
66.249.66.194 - - [05/Apr/2026:14:52:38 +0200] "GET /commoditys/089029075 HTTP/1.1" 200 17805 "-" "Mozilla/5.0 (Linux; Android 6.0.1; Nexus 5X Build/MMB29P) AppleWebKit/537.36 (KHTML, like Gecko) Chrome/146.0.7680.177 Mobile Safari/537.36 (compatible; Googlebot/2.1; +http://www.google.com/bot.html)"
66.249.66.41 - - [05/Apr/2026:14:52:49 +0200] "GET /commoditys/089029165 HTTP/1.1" 200 17219 "-" "Mozilla/5.0 (Linux; Android 6.0.1; Nexus 5X Build/MMB29P) AppleWebKit/537.36 (KHTML, like Gecko) Chrome/146.0.7680.177 Mobile Safari/537.36 (compatible; Googlebot/2.1; +http://www.google.com/bot.html)"
66.249.66.41 - - [05/Apr/2026:14:52:52 +0200] "GET /commoditys/287006713 HTTP/1.1" 200 18976 "-" "Mozilla/5.0 (Linux; Android 6.0.1; Nexus 5X Build/MMB29P) AppleWebKit/537.36 (KHTML, like Gecko) Chrome/146.0.7680.177 Mobile Safari/537.36 (compatible; Googlebot/2.1; +http://www.google.com/bot.html)"
66.249.66.65 - - [05/Apr/2026:14:52:55 +0200] "GET /commoditys/222026842 HTTP/1.1" 200 17868 "-" "Mozilla/5.0 (Linux; Android 6.0.1; Nexus 5X Build/MMB29P) AppleWebKit/537.36 (KHTML, like Gecko) Chrome/146.0.7680.177 Mobile Safari/537.36 (compatible; Googlebot/2.1; +http://www.google.com/bot.html)"
66.249.66.2 - - [05/Apr/2026:14:53:01 +0200] "GET /commoditys/030042450 HTTP/1.1" 502 552 "-" "Mozilla/5.0 (Linux; Android 6.0.1; Nexus 5X Build/MMB29P) AppleWebKit/537.36 (KHTML, like Gecko) Chrome/146.0.7680.177 Mobile Safari/537.36 (compatible; Googlebot/2.1; +http://www.google.com/bot.html)"
66.249.66.3 - - [05/Apr/2026:14:53:07 +0200] "GET /prizes/130494955 HTTP/1.1" 200 17941 "-" "Mozilla/5.0 (Linux; Android 6.0.1; Nexus 5X Build/MMB29P) AppleWebKit/537.36 (KHTML, like Gecko) Chrome/146.0.7680.177 Mobile Safari/537.36 (compatible; Googlebot/2.1; +http://www.google.com/bot.html)"
66.249.66.2 - - [05/Apr/2026:14:53:12 +0200] "GET /commoditys/045007971 HTTP/1.1" 200 17380 "-" "Mozilla/5.0 (Linux; Android 6.0.1; Nexus 5X Build/MMB29P) AppleWebKit/537.36 (KHTML, like Gecko) Chrome/146.0.7680.177 Mobile Safari/537.36 (compatible; Googlebot/2.1; +http://www.google.com/bot.html)"
66.249.66.194 - - [05/Apr/2026:14:53:18 +0200] "GET /commoditys/154046090 HTTP/1.1" 200 17714 "-" "Mozilla/5.0 (Linux; Android 6.0.1; Nexus 5X Build/MMB29P) AppleWebKit/537.36 (KHTML, like Gecko) Chrome/146.0.7680.177 Mobile Safari/537.36 (compatible; Googlebot/2.1; +http://www.google.com/bot.html)"
161.97.137.93 - - [05/Apr/2026:14:53:19 +0200] "POST /wp-cron.php?doing_wp_cron=1775393598.8205950260162353515625 HTTP/1.1" 404 13203 "https://ribari.net/wp-cron.php?doing_wp_cron=1775393598.8205950260162353515625" "WordPress/4.9.13; https://ribari.net"
102.68.77.153 - - [05/Apr/2026:14:53:19 +0200] "GET /wp-content/themes/Newspaper/includes/demos/photography/td_media_1.php HTTP/1.1" 404 13509 "https://ribari.net/" "Mozilla/5.0 (Windows NT 10.0; Win64; x64) AppleWebKit/537.36 (KHTML, like Gecko) Chrome/135.0.0.0 Safari/537.36"
66.249.66.2 - - [05/Apr/2026:14:53:24 +0200] "GET /commoditys/077001575 HTTP/1.1" 200 17069 "-" "Mozilla/5.0 (Linux; Android 6.0.1; Nexus 5X Build/MMB29P) AppleWebKit/537.36 (KHTML, like Gecko) Chrome/146.0.7680.177 Mobile Safari/537.36 (compatible; Googlebot/2.1; +http://www.google.com/bot.html)"
66.249.66.2 - - [05/Apr/2026:14:53:30 +0200] "GET /commoditys/245019607 HTTP/1.1" 200 17754 "-" "Mozilla/5.0 (Linux; Android 6.0.1; Nexus 5X Build/MMB29P) AppleWebKit/537.36 (KHTML, like Gecko) Chrome/146.0.7680.177 Mobile Safari/537.36 (compatible; Googlebot/2.1; +http://www.google.com/bot.html)"
66.249.66.2 - - [05/Apr/2026:14:53:35 +0200] "GET /commoditys/035000649 HTTP/1.1" 200 16565 "-" "Mozilla/5.0 (Linux; Android 6.0.1; Nexus 5X Build/MMB29P) AppleWebKit/537.36 (KHTML, like Gecko) Chrome/146.0.7680.177 Mobile Safari/537.36 (compatible; Googlebot/2.1; +http://www.google.com/bot.html)"
66.249.66.194 - - [05/Apr/2026:14:53:41 +0200] "GET /commoditys/075005099 HTTP/1.1" 200 17550 "-" "Mozilla/5.0 (Linux; Android 6.0.1; Nexus 5X Build/MMB29P) AppleWebKit/537.36 (KHTML, like Gecko) Chrome/146.0.7680.177 Mobile Safari/537.36 (compatible; Googlebot/2.1; +http://www.google.com/bot.html)"
66.249.66.41 - - [05/Apr/2026:14:53:47 +0200] "GET /commoditys/207008507 HTTP/1.1" 200 17259 "-" "Mozilla/5.0 (Linux; Android 6.0.1; Nexus 5X Build/MMB29P) AppleWebKit/537.36 (KHTML, like Gecko) Chrome/146.0.7680.177 Mobile Safari/537.36 (compatible; Googlebot/2.1; +http://www.google.com/bot.html)"
220.181.51.90 - - [05/Apr/2026:14:53:57 +0200] "GET /wp-content/uploads/2020/031/ESqWVqiXgAEIBtZ-1583832424726-356x220.jpeg HTTP/1.1" 200 14179 "-" "Mozilla/5.0 (Windows NT 10.0; WOW64) AppleWebKit/537.36 (KHTML, like Gecko) Chrome/48.0.2564.116 Safari/537.36"
66.249.66.194 - - [05/Apr/2026:14:53:58 +0200] "GET /commoditys/258045510 HTTP/1.1" 200 16856 "-" "Mozilla/5.0 (Linux; Android 6.0.1; Nexus 5X Build/MMB29P) AppleWebKit/537.36 (KHTML, like Gecko) Chrome/146.0.7680.177 Mobile Safari/537.36 (compatible; Googlebot/2.1; +http://www.google.com/bot.html)"
169.224.3.196 - - [05/Apr/2026:14:53:59 +0200] "GET /wp-content/themes/Newspaper/includes/demos/sport/td_media_1.php HTTP/1.1" 404 13509 "https://ribari.net/" "Mozilla/5.0 (Windows NT 10.0; Win64; x64) AppleWebKit/537.36 (KHTML, like Gecko) Chrome/135.0.0.0 Safari/537.36 Edg/135.0.0.0"
66.249.66.2 - - [05/Apr/2026:14:54:00 +0200] "GET /commoditys/079049091 HTTP/1.1" 200 17668 "-" "Mozilla/5.0 (Linux; Android 6.0.1; Nexus 5X Build/MMB29P) AppleWebKit/537.36 (KHTML, like Gecko) Chrome/146.0.7680.177 Mobile Safari/537.36 (compatible; Googlebot/2.1; +http://www.google.com/bot.html)"
66.249.66.65 - - [05/Apr/2026:14:54:04 +0200] "GET /commoditys/007000431 HTTP/1.1" 200 18381 "-" "Mozilla/5.0 (Linux; Android 6.0.1; Nexus 5X Build/MMB29P) AppleWebKit/537.36 (KHTML, like Gecko) Chrome/146.0.7680.177 Mobile Safari/537.36 (compatible; Googlebot/2.1; +http://www.google.com/bot.html)"
66.249.66.2 - - [05/Apr/2026:14:54:09 +0200] "GET /commoditys/092000842 HTTP/1.1" 200 16793 "-" "Mozilla/5.0 (Linux; Android 6.0.1; Nexus 5X Build/MMB29P) AppleWebKit/537.36 (KHTML, like Gecko) Chrome/146.0.7680.177 Mobile Safari/537.36 (compatible; Googlebot/2.1; +http://www.google.com/bot.html)"
66.249.66.41 - - [05/Apr/2026:14:54:20 +0200] "GET /commoditys/092019874 HTTP/1.1" 200 17171 "-" "Mozilla/5.0 (Linux; Android 6.0.1; Nexus 5X Build/MMB29P) AppleWebKit/537.36 (KHTML, like Gecko) Chrome/146.0.7680.177 Mobile Safari/537.36 (compatible; Googlebot/2.1; +http://www.google.com/bot.html)"
66.249.66.65 - - [05/Apr/2026:14:54:34 +0200] "GET /commoditys/074040938 HTTP/1.1" 200 17644 "-" "Mozilla/5.0 (Linux; Android 6.0.1; Nexus 5X Build/MMB29P) AppleWebKit/537.36 (KHTML, like Gecko) Chrome/146.0.7680.177 Mobile Safari/537.36 (compatible; Googlebot/2.1; +http://www.google.com/bot.html)"
66.249.66.2 - - [05/Apr/2026:14:54:42 +0200] "GET /commoditys/069000073 HTTP/1.1" 200 17766 "-" "Mozilla/5.0 (Linux; Android 6.0.1; Nexus 5X Build/MMB29P) AppleWebKit/537.36 (KHTML, like Gecko) Chrome/146.0.7680.177 Mobile Safari/537.36 (compatible; Googlebot/2.1; +http://www.google.com/bot.html)"
66.249.66.194 - - [05/Apr/2026:14:54:44 +0200] "GET /commoditys/299025399 HTTP/1.1" 200 17770 "-" "Mozilla/5.0 (Linux; Android 6.0.1; Nexus 5X Build/MMB29P) AppleWebKit/537.36 (KHTML, like Gecko) Chrome/146.0.7680.177 Mobile Safari/537.36 (compatible; Googlebot/2.1; +http://www.google.com/bot.html)"
66.249.66.2 - - [05/Apr/2026:14:54:45 +0200] "GET /commoditys/263023631 HTTP/1.1" 200 17334 "-" "Mozilla/5.0 (Linux; Android 6.0.1; Nexus 5X Build/MMB29P) AppleWebKit/537.36 (KHTML, like Gecko) Chrome/146.0.7680.177 Mobile Safari/537.36 (compatible; Googlebot/2.1; +http://www.google.com/bot.html)"
66.249.66.2 - - [05/Apr/2026:14:54:48 +0200] "GET /commoditys/007033139 HTTP/1.1" 200 17225 "-" "Mozilla/5.0 (Linux; Android 6.0.1; Nexus 5X Build/MMB29P) AppleWebKit/537.36 (KHTML, like Gecko) Chrome/146.0.7680.177 Mobile Safari/537.36 (compatible; Googlebot/2.1; +http://www.google.com/bot.html)"
66.249.66.2 - - [05/Apr/2026:14:54:50 +0200] "GET /%D1%81%D0%BA%D1%83%D0%BC%D1%80%D0%B8%D1%8F-%D1%81-%D0%B4%D0%B5%D0%B2%D0%B5%D1%81%D0%B8%D0%BB-%D0%BF%D0%BE%D0%B4-%D1%84%D0%BE%D0%BB%D0%B8%D0%BE/feed/ HTTP/1.1" 200 17617 "-" "Mozilla/5.0 (Linux; Android 6.0.1; Nexus 5X Build/MMB29P) AppleWebKit/537.36 (KHTML, like Gecko) Chrome/146.0.7680.177 Mobile Safari/537.36 (compatible; Googlebot/2.1; +http://www.google.com/bot.html)"
66.249.66.41 - - [05/Apr/2026:14:54:51 +0200] "GET /commoditys/066031524 HTTP/1.1" 200 18125 "-" "Mozilla/5.0 (Linux; Android 6.0.1; Nexus 5X Build/MMB29P) AppleWebKit/537.36 (KHTML, like Gecko) Chrome/146.0.7680.177 Mobile Safari/537.36 (compatible; Googlebot/2.1; +http://www.google.com/bot.html)"
66.249.66.2 - - [05/Apr/2026:14:54:53 +0200] "GET /commoditys/007033377 HTTP/1.1" 200 17636 "-" "Mozilla/5.0 (Linux; Android 6.0.1; Nexus 5X Build/MMB29P) AppleWebKit/537.36 (KHTML, like Gecko) Chrome/146.0.7680.177 Mobile Safari/537.36 (compatible; Googlebot/2.1; +http://www.google.com/bot.html)"
66.249.66.65 - - [05/Apr/2026:14:55:01 +0200] "GET /commoditys/034008496 HTTP/1.1" 502 552 "-" "Mozilla/5.0 (Linux; Android 6.0.1; Nexus 5X Build/MMB29P) AppleWebKit/537.36 (KHTML, like Gecko) Chrome/146.0.7680.177 Mobile Safari/537.36 (compatible; Googlebot/2.1; +http://www.google.com/bot.html)"
66.249.66.195 - - [05/Apr/2026:14:55:05 +0200] "GET /commoditys/034008540 HTTP/1.1" 200 17744 "-" "Mozilla/5.0 (Linux; Android 6.0.1; Nexus 5X Build/MMB29P) AppleWebKit/537.36 (KHTML, like Gecko) Chrome/146.0.7680.177 Mobile Safari/537.36 (compatible; Googlebot/2.1; +http://www.google.com/bot.html)"
66.249.66.2 - - [05/Apr/2026:14:55:07 +0200] "GET /commoditys/277032813 HTTP/1.1" 200 17589 "-" "Mozilla/5.0 (Linux; Android 6.0.1; Nexus 5X Build/MMB29P) AppleWebKit/537.36 (KHTML, like Gecko) Chrome/146.0.7680.177 Mobile Safari/537.36 (compatible; Googlebot/2.1; +http://www.google.com/bot.html)"
66.249.66.41 - - [05/Apr/2026:14:55:12 +0200] "GET /commoditys/028033250 HTTP/1.1" 200 17810 "-" "Mozilla/5.0 (Linux; Android 6.0.1; Nexus 5X Build/MMB29P) AppleWebKit/537.36 (KHTML, like Gecko) Chrome/146.0.7680.177 Mobile Safari/537.36 (compatible; Googlebot/2.1; +http://www.google.com/bot.html)"
85.208.96.211 - - [05/Apr/2026:14:55:14 +0200] "GET /tag/%D0%BC%D0%BE%D0%BD%D1%82%D0%B0%D0%B6-%D1%85%D0%B5%D0%BB%D0%B8%D0%BA%D0%BE%D0%BF%D1%82%D0%B5%D1%80-%D0%B2%D0%B8%D0%B6%D1%82%D0%B5-%D1%82%D1%8A%D0%BD%D0%BA%D0%BE%D1%81%D1%82%D0%B8%D1%82%D0%B5-%D0%B2/ HTTP/1.1" 403 0 "-" "Mozilla/5.0 (compatible; SemrushBot/7~bl; +http://www.semrush.com/bot.html)"
66.249.66.41 - - [05/Apr/2026:14:55:17 +0200] "GET /commoditys/028033258 HTTP/1.1" 200 17868 "-" "Mozilla/5.0 (Linux; Android 6.0.1; Nexus 5X Build/MMB29P) AppleWebKit/537.36 (KHTML, like Gecko) Chrome/146.0.7680.177 Mobile Safari/537.36 (compatible; Googlebot/2.1; +http://www.google.com/bot.html)"
220.181.108.94 - - [05/Apr/2026:14:55:18 +0200] "GET /wp-content/uploads/2020/03/aaa-324x235.jpg HTTP/1.1" 200 18948 "-" "Baiduspider-image+(+http://www.baidu.com/search/spider.htm)"
161.97.137.93 - - [05/Apr/2026:14:55:19 +0200] "POST /wp-cron.php?doing_wp_cron=1775393719.4029810428619384765625 HTTP/1.1" 404 13203 "https://ribari.net/wp-cron.php?doing_wp_cron=1775393719.4029810428619384765625" "WordPress/4.9.13; https://ribari.net"
156.207.88.149 - - [05/Apr/2026:14:55:19 +0200] "GET /wp-content/themes/Newspaper/includes/shortcodes/td_block_authors.php HTTP/1.1" 404 13508 "https://ribari.net/" "Mozilla/5.0 (Windows NT 10.0; Win64; x64) AppleWebKit/537.36 (KHTML, like Gecko) Chrome/135.0.0.0 Safari/537.36"
66.249.66.194 - - [05/Apr/2026:14:55:28 +0200] "GET /commoditys/028000442 HTTP/1.1" 200 17559 "-" "Mozilla/5.0 (Linux; Android 6.0.1; Nexus 5X Build/MMB29P) AppleWebKit/537.36 (KHTML, like Gecko) Chrome/146.0.7680.177 Mobile Safari/537.36 (compatible; Googlebot/2.1; +http://www.google.com/bot.html)"
66.249.66.194 - - [05/Apr/2026:14:55:31 +0200] "GET /commoditys/061020731 HTTP/1.1" 200 17355 "-" "Mozilla/5.0 (Linux; Android 6.0.1; Nexus 5X Build/MMB29P) AppleWebKit/537.36 (KHTML, like Gecko) Chrome/146.0.7680.177 Mobile Safari/537.36 (compatible; Googlebot/2.1; +http://www.google.com/bot.html)"
66.249.66.65 - - [05/Apr/2026:14:55:34 +0200] "GET /commoditys/007033161 HTTP/1.1" 200 17594 "-" "Mozilla/5.0 (Linux; Android 6.0.1; Nexus 5X Build/MMB29P) AppleWebKit/537.36 (KHTML, like Gecko) Chrome/146.0.7680.177 Mobile Safari/537.36 (compatible; Googlebot/2.1; +http://www.google.com/bot.html)"
66.249.66.2 - - [05/Apr/2026:14:55:40 +0200] "GET /index.php?prizes/108147622 HTTP/1.1" 200 17502 "-" "Mozilla/5.0 (Linux; Android 6.0.1; Nexus 5X Build/MMB29P) AppleWebKit/537.36 (KHTML, like Gecko) Chrome/146.0.7680.177 Mobile Safari/537.36 (compatible; Googlebot/2.1; +http://www.google.com/bot.html)"
66.249.66.194 - - [05/Apr/2026:14:55:46 +0200] "GET /index.php?prizes/87099874 HTTP/1.1" 200 18009 "-" "Mozilla/5.0 (Linux; Android 6.0.1; Nexus 5X Build/MMB29P) AppleWebKit/537.36 (KHTML, like Gecko) Chrome/146.0.7680.177 Mobile Safari/537.36 (compatible; Googlebot/2.1; +http://www.google.com/bot.html)"
66.249.66.2 - - [05/Apr/2026:14:55:51 +0200] "GET /index.php?prizes/266730107 HTTP/1.1" 200 18017 "-" "Mozilla/5.0 (Linux; Android 6.0.1; Nexus 5X Build/MMB29P) AppleWebKit/537.36 (KHTML, like Gecko) Chrome/146.0.7680.177 Mobile Safari/537.36 (compatible; Googlebot/2.1; +http://www.google.com/bot.html)"
66.249.66.3 - - [05/Apr/2026:14:56:03 +0200] "GET /?g=cxedm32lvq5585yuvtdrsrby HTTP/1.1" 502 552 "-" "Mozilla/5.0 (Linux; Android 6.0.1; Nexus 5X Build/MMB29P) AppleWebKit/537.36 (KHTML, like Gecko) Chrome/146.0.7680.177 Mobile Safari/537.36 (compatible; Googlebot/2.1; +http://www.google.com/bot.html)"
66.249.66.162 - - [05/Apr/2026:14:56:05 +0200] "GET /index.php?prizes/255984430 HTTP/1.1" 200 18044 "-" "Mozilla/5.0 (Linux; Android 6.0.1; Nexus 5X Build/MMB29P) AppleWebKit/537.36 (KHTML, like Gecko) Chrome/146.0.7680.177 Mobile Safari/537.36 (compatible; Googlebot/2.1; +http://www.google.com/bot.html)"
66.249.66.3 - - [05/Apr/2026:14:56:06 +0200] "GET /index.php?prizes/262744440 HTTP/1.1" 200 17148 "-" "Mozilla/5.0 (Linux; Android 6.0.1; Nexus 5X Build/MMB29P) AppleWebKit/537.36 (KHTML, like Gecko) Chrome/146.0.7680.177 Mobile Safari/537.36 (compatible; Googlebot/2.1; +http://www.google.com/bot.html)"
66.249.66.161 - - [05/Apr/2026:14:56:09 +0200] "GET /index.php?prizes/119891612 HTTP/1.1" 200 18501 "-" "Mozilla/5.0 (Linux; Android 6.0.1; Nexus 5X Build/MMB29P) AppleWebKit/537.36 (KHTML, like Gecko) Chrome/146.0.7680.177 Mobile Safari/537.36 (compatible; Googlebot/2.1; +http://www.google.com/bot.html)"
66.249.66.65 - - [05/Apr/2026:14:56:14 +0200] "GET /index.php?prizes/306475905 HTTP/1.1" 200 17475 "-" "Mozilla/5.0 (Linux; Android 6.0.1; Nexus 5X Build/MMB29P) AppleWebKit/537.36 (KHTML, like Gecko) Chrome/146.0.7680.177 Mobile Safari/537.36 (compatible; Googlebot/2.1; +http://www.google.com/bot.html)"
66.249.66.41 - - [05/Apr/2026:14:56:20 +0200] "GET /index.php?prizes/265590137 HTTP/1.1" 200 17691 "-" "Mozilla/5.0 (Linux; Android 6.0.1; Nexus 5X Build/MMB29P) AppleWebKit/537.36 (KHTML, like Gecko) Chrome/146.0.7680.177 Mobile Safari/537.36 (compatible; Googlebot/2.1; +http://www.google.com/bot.html)"
66.249.66.161 - - [05/Apr/2026:14:56:26 +0200] "GET /index.php?prizes/123036541 HTTP/1.1" 200 17063 "-" "Mozilla/5.0 (Linux; Android 6.0.1; Nexus 5X Build/MMB29P) AppleWebKit/537.36 (KHTML, like Gecko) Chrome/146.0.7680.177 Mobile Safari/537.36 (compatible; Googlebot/2.1; +http://www.google.com/bot.html)"
66.249.66.2 - - [05/Apr/2026:14:56:31 +0200] "GET /index.php?prizes/90075844 HTTP/1.1" 200 17451 "-" "Mozilla/5.0 (Linux; Android 6.0.1; Nexus 5X Build/MMB29P) AppleWebKit/537.36 (KHTML, like Gecko) Chrome/146.0.7680.177 Mobile Safari/537.36 (compatible; Googlebot/2.1; +http://www.google.com/bot.html)"
66.249.66.41 - - [05/Apr/2026:14:56:37 +0200] "GET /index.php?prizes/106428278 HTTP/1.1" 200 17347 "-" "Mozilla/5.0 (Linux; Android 6.0.1; Nexus 5X Build/MMB29P) AppleWebKit/537.36 (KHTML, like Gecko) Chrome/146.0.7680.177 Mobile Safari/537.36 (compatible; Googlebot/2.1; +http://www.google.com/bot.html)"
116.179.32.173 - - [05/Apr/2026:14:56:42 +0200] "GET /wp-content/uploads/2020/03/54ca0ae733829-324x235.jpg HTTP/1.1" 200 18207 "-" "Baiduspider-image+(+http://www.baidu.com/search/spider.htm)"
66.249.66.2 - - [05/Apr/2026:14:56:43 +0200] "GET /index.php?prizes/243417622 HTTP/1.1" 200 17987 "-" "Mozilla/5.0 (Linux; Android 6.0.1; Nexus 5X Build/MMB29P) AppleWebKit/537.36 (KHTML, like Gecko) Chrome/146.0.7680.177 Mobile Safari/537.36 (compatible; Googlebot/2.1; +http://www.google.com/bot.html)"
66.249.66.41 - - [05/Apr/2026:14:56:47 +0200] "GET /commoditys/263024069 HTTP/1.1" 200 17539 "-" "Mozilla/5.0 (Linux; Android 6.0.1; Nexus 5X Build/MMB29P) AppleWebKit/537.36 (KHTML, like Gecko) Chrome/146.0.7680.177 Mobile Safari/537.36 (compatible; Googlebot/2.1; +http://www.google.com/bot.html)"
66.249.66.41 - - [05/Apr/2026:14:56:49 +0200] "GET /index.php?prizes/207137157 HTTP/1.1" 200 17683 "-" "Mozilla/5.0 (Linux; Android 6.0.1; Nexus 5X Build/MMB29P) AppleWebKit/537.36 (KHTML, like Gecko) Chrome/146.0.7680.177 Mobile Safari/537.36 (compatible; Googlebot/2.1; +http://www.google.com/bot.html)"
66.249.66.194 - - [05/Apr/2026:14:56:54 +0200] "GET /index.php?prizes/112796804 HTTP/1.1" 200 17267 "-" "Mozilla/5.0 (Linux; Android 6.0.1; Nexus 5X Build/MMB29P) AppleWebKit/537.36 (KHTML, like Gecko) Chrome/146.0.7680.177 Mobile Safari/537.36 (compatible; Googlebot/2.1; +http://www.google.com/bot.html)"
66.249.66.66 - - [05/Apr/2026:14:57:00 +0200] "GET /index.php?prizes/108607632 HTTP/1.1" 200 18286 "-" "Mozilla/5.0 (Linux; Android 6.0.1; Nexus 5X Build/MMB29P) AppleWebKit/537.36 (KHTML, like Gecko) Chrome/146.0.7680.177 Mobile Safari/537.36 (compatible; Googlebot/2.1; +http://www.google.com/bot.html)"
66.249.66.2 - - [05/Apr/2026:14:57:05 +0200] "GET /index.php?prizes/104461551 HTTP/1.1" 200 17622 "-" "Mozilla/5.0 (Linux; Android 6.0.1; Nexus 5X Build/MMB29P) AppleWebKit/537.36 (KHTML, like Gecko) Chrome/146.0.7680.177 Mobile Safari/537.36 (compatible; Googlebot/2.1; +http://www.google.com/bot.html)"
66.249.66.194 - - [05/Apr/2026:14:57:11 +0200] "GET /index.php?prizes/209974309 HTTP/1.1" 200 17974 "-" "Mozilla/5.0 (Linux; Android 6.0.1; Nexus 5X Build/MMB29P) AppleWebKit/537.36 (KHTML, like Gecko) Chrome/146.0.7680.177 Mobile Safari/537.36 (compatible; Googlebot/2.1; +http://www.google.com/bot.html)"
66.249.66.2 - - [05/Apr/2026:14:57:17 +0200] "GET /prizes/79408258 HTTP/1.1" 200 17770 "-" "Mozilla/5.0 (Linux; Android 6.0.1; Nexus 5X Build/MMB29P) AppleWebKit/537.36 (KHTML, like Gecko) Chrome/146.0.7680.177 Mobile Safari/537.36 (compatible; Googlebot/2.1; +http://www.google.com/bot.html)"
161.97.137.93 - - [05/Apr/2026:14:57:19 +0200] "POST /wp-cron.php?doing_wp_cron=1775393839.1487789154052734375000 HTTP/1.1" 404 13203 "https://ribari.net/wp-cron.php?doing_wp_cron=1775393839.1487789154052734375000" "WordPress/4.9.13; https://ribari.net"
82.223.30.175 - - [05/Apr/2026:14:57:19 +0200] "GET /wp-login.php HTTP/1.1" 302 0 "-" "Mozilla/5.0 (Windows NT 6.1; WOW64; Trident/7.0; MATBJS; rv:11.0) like Gecko"
82.223.30.175 - - [05/Apr/2026:14:57:21 +0200] "GET /wp-login.php HTTP/1.1" 302 0 "https://ribari.net/wp-login.php" "Mozilla/5.0 (Windows NT 6.1; WOW64; Trident/7.0; MATBJS; rv:11.0) like Gecko"
82.223.30.175 - - [05/Apr/2026:14:57:21 +0200] "GET /wp-login.php HTTP/1.1" 302 0 "https://ribari.net/wp-login.php" "Mozilla/5.0 (Windows NT 6.1; WOW64; Trident/7.0; MATBJS; rv:11.0) like Gecko"
82.223.30.175 - - [05/Apr/2026:14:57:22 +0200] "GET /wp-login.php HTTP/1.1" 302 0 "https://ribari.net/wp-login.php" "Mozilla/5.0 (Windows NT 6.1; WOW64; Trident/7.0; MATBJS; rv:11.0) like Gecko"
66.249.66.194 - - [05/Apr/2026:14:57:22 +0200] "GET /index.php?prizes/113613218 HTTP/1.1" 200 17029 "-" "Mozilla/5.0 (Linux; Android 6.0.1; Nexus 5X Build/MMB29P) AppleWebKit/537.36 (KHTML, like Gecko) Chrome/146.0.7680.177 Mobile Safari/537.36 (compatible; Googlebot/2.1; +http://www.google.com/bot.html)"
82.223.30.175 - - [05/Apr/2026:14:57:23 +0200] "GET /wp-login.php HTTP/1.1" 302 0 "https://ribari.net/wp-login.php" "Mozilla/5.0 (Windows NT 6.1; WOW64; Trident/7.0; MATBJS; rv:11.0) like Gecko"
75.119.156.192 - - [05/Apr/2026:14:57:23 +0200] "GET //wp-includes/wlwmanifest.xml HTTP/1.1" 200 382 "-" "Mozilla/5.0 (Windows NT 10.0; Win64; x64) AppleWebKit/537.36 (KHTML, like Gecko) Chrome/80.0.3987.149 Safari/537.36, Mozilla/5.0 (Windows NT 10.0; Win64; x64) AppleWebKit/537.36 (KHTML, like Gecko) Chrome/80.0.3987.149 Safari/537.36"
82.223.30.175 - - [05/Apr/2026:14:57:24 +0200] "GET /wp-login.php HTTP/1.1" 302 0 "https://ribari.net/wp-login.php" "Mozilla/5.0 (Windows NT 6.1; WOW64; Trident/7.0; MATBJS; rv:11.0) like Gecko"
82.223.30.175 - - [05/Apr/2026:14:57:24 +0200] "GET /wp-login.php HTTP/1.1" 302 0 "https://ribari.net/wp-login.php" "Mozilla/5.0 (Windows NT 6.1; WOW64; Trident/7.0; MATBJS; rv:11.0) like Gecko"
82.223.30.175 - - [05/Apr/2026:14:57:25 +0200] "GET /wp-login.php HTTP/1.1" 302 0 "https://ribari.net/wp-login.php" "Mozilla/5.0 (Windows NT 6.1; WOW64; Trident/7.0; MATBJS; rv:11.0) like Gecko"
75.119.156.192 - - [05/Apr/2026:14:57:25 +0200] "GET //?author=1 HTTP/1.1" 301 0 "-" "Mozilla/5.0 (Windows NT 10.0; Win64; x64) AppleWebKit/537.36 (KHTML, like Gecko) Chrome/80.0.3987.149 Safari/537.36"
82.223.30.175 - - [05/Apr/2026:14:57:25 +0200] "GET /wp-login.php HTTP/1.1" 302 0 "https://ribari.net/wp-login.php" "Mozilla/5.0 (Windows NT 6.1; WOW64; Trident/7.0; MATBJS; rv:11.0) like Gecko"
75.119.156.192 - - [05/Apr/2026:14:57:25 +0200] "GET //?author=2 HTTP/1.1" 301 0 "-" "Mozilla/5.0 (Windows NT 10.0; Win64; x64) AppleWebKit/537.36 (KHTML, like Gecko) Chrome/80.0.3987.149 Safari/537.36"
82.223.30.175 - - [05/Apr/2026:14:57:25 +0200] "GET /wp-login.php HTTP/1.1" 302 0 "https://ribari.net/wp-login.php" "Mozilla/5.0 (Windows NT 6.1; WOW64; Trident/7.0; MATBJS; rv:11.0) like Gecko"
75.119.156.192 - - [05/Apr/2026:14:57:26 +0200] "GET //wp-json/wp/v2/users/ HTTP/1.1" 200 382 "-" "Mozilla/5.0 (Windows NT 10.0; Win64; x64) AppleWebKit/537.36 (KHTML, like Gecko) Chrome/80.0.3987.149 Safari/537.36"
75.119.156.192 - - [05/Apr/2026:14:57:27 +0200] "POST //xmlrpc.php HTTP/1.1" 301 0 "-" "Mozilla/5.0 (Windows NT 10.0; Win64; x64) AppleWebKit/537.36 (KHTML, like Gecko) Chrome/80.0.3987.149 Safari/537.36"
75.119.156.192 - - [05/Apr/2026:14:57:28 +0200] "POST //xmlrpc.php HTTP/1.1" 301 0 "-" "Mozilla/5.0 (Windows NT 10.0; Win64; x64) AppleWebKit/537.36 (KHTML, like Gecko) Chrome/80.0.3987.149 Safari/537.36"
66.249.66.161 - - [05/Apr/2026:14:57:34 +0200] "GET /index.php?prizes/125758147 HTTP/1.1" 200 17709 "-" "Mozilla/5.0 (Linux; Android 6.0.1; Nexus 5X Build/MMB29P) AppleWebKit/537.36 (KHTML, like Gecko) Chrome/146.0.7680.177 Mobile Safari/537.36 (compatible; Googlebot/2.1; +http://www.google.com/bot.html)"
66.249.66.41 - - [05/Apr/2026:14:57:42 +0200] "GET /index.php?prizes/130112561 HTTP/1.1" 200 18023 "-" "Mozilla/5.0 (Linux; Android 6.0.1; Nexus 5X Build/MMB29P) AppleWebKit/537.36 (KHTML, like Gecko) Chrome/146.0.7680.177 Mobile Safari/537.36 (compatible; Googlebot/2.1; +http://www.google.com/bot.html)"
66.249.66.2 - - [05/Apr/2026:14:57:44 +0200] "GET /index.php?prizes/121602389 HTTP/1.1" 200 17343 "-" "Mozilla/5.0 (Linux; Android 6.0.1; Nexus 5X Build/MMB29P) AppleWebKit/537.36 (KHTML, like Gecko) Chrome/146.0.7680.177 Mobile Safari/537.36 (compatible; Googlebot/2.1; +http://www.google.com/bot.html)"
66.249.66.2 - - [05/Apr/2026:14:57:52 +0200] "GET /tag/%D0%B5%D0%B7%D0%B5%D1%80%D0%B5%D0%BD-%D1%80%D0%B0%D0%BA-pontostacus-leptodactylus-%D0%B2%D0%B8%D0%B6-%D0%BE%D1%89%D0%B5-%D1%82%D1%83%D0%BA-%D1%80%D0%B5%D1%87%D0%BD%D0%B8%D1%82%D0%B5/feed/ HTTP/1.1" 200 18088 "-" "Mozilla/5.0 (Linux; Android 6.0.1; Nexus 5X Build/MMB29P) AppleWebKit/537.36 (KHTML, like Gecko) Chrome/146.0.7680.177 Mobile Safari/537.36 (compatible; Googlebot/2.1; +http://www.google.com/bot.html)"
66.249.66.2 - - [05/Apr/2026:14:57:53 +0200] "GET /index.php?prizes/115973783 HTTP/1.1" 200 17304 "-" "Mozilla/5.0 (Linux; Android 6.0.1; Nexus 5X Build/MMB29P) AppleWebKit/537.36 (KHTML, like Gecko) Chrome/146.0.7680.177 Mobile Safari/537.36 (compatible; Googlebot/2.1; +http://www.google.com/bot.html)"
66.249.66.2 - - [05/Apr/2026:14:57:55 +0200] "GET /index.php?prizes/109033905 HTTP/1.1" 200 18327 "-" "Mozilla/5.0 (Linux; Android 6.0.1; Nexus 5X Build/MMB29P) AppleWebKit/537.36 (KHTML, like Gecko) Chrome/146.0.7680.177 Mobile Safari/537.36 (compatible; Googlebot/2.1; +http://www.google.com/bot.html)"
66.249.66.2 - - [05/Apr/2026:14:57:58 +0200] "GET /index.php?prizes/18870218 HTTP/1.1" 200 17689 "-" "Mozilla/5.0 (Linux; Android 6.0.1; Nexus 5X Build/MMB29P) AppleWebKit/537.36 (KHTML, like Gecko) Chrome/146.0.7680.177 Mobile Safari/537.36 (compatible; Googlebot/2.1; +http://www.google.com/bot.html)"
40.77.167.24 - - [05/Apr/2026:14:58:00 +0200] "GET /category/%D0%B2%D0%B8%D1%86%D0%BE%D0%B2%D0%B5-%D0%B8-%D1%81%D0%BC%D1%8F%D1%85/page/3/ HTTP/1.1" 200 28 "-" "Mozilla/5.0 AppleWebKit/537.36 (KHTML, like Gecko; compatible; bingbot/2.0; +http://www.bing.com/bingbot.htm) Chrome/116.0.1938.76 Safari/537.36"
116.179.32.238 - - [05/Apr/2026:14:58:07 +0200] "GET /wp-content/uploads/2020/05/Image_7246109_132_0-300x182.jpg HTTP/1.1" 200 14842 "-" "Baiduspider-image+(+http://www.baidu.com/search/spider.htm)"
66.249.66.162 - - [05/Apr/2026:14:58:10 +0200] "GET /index.php?prizes/18686480 HTTP/1.1" 200 18356 "-" "Mozilla/5.0 (Linux; Android 6.0.1; Nexus 5X Build/MMB29P) AppleWebKit/537.36 (KHTML, like Gecko) Chrome/146.0.7680.177 Mobile Safari/537.36 (compatible; Googlebot/2.1; +http://www.google.com/bot.html)"
66.249.66.4 - - [05/Apr/2026:14:58:12 +0200] "GET /?o=gsnd96nus447lpdmwgh HTTP/1.1" 200 17200 "-" "Mozilla/5.0 (Linux; Android 6.0.1; Nexus 5X Build/MMB29P) AppleWebKit/537.36 (KHTML, like Gecko) Chrome/146.0.7680.177 Mobile Safari/537.36 (compatible; Googlebot/2.1; +http://www.google.com/bot.html)"
66.249.66.66 - - [05/Apr/2026:14:58:22 +0200] "GET /index.php?prizes/133921258 HTTP/1.1" 200 18126 "-" "Mozilla/5.0 (Linux; Android 6.0.1; Nexus 5X Build/MMB29P) AppleWebKit/537.36 (KHTML, like Gecko) Chrome/146.0.7680.177 Mobile Safari/537.36 (compatible; Googlebot/2.1; +http://www.google.com/bot.html)"
66.249.66.2 - - [05/Apr/2026:14:58:33 +0200] "GET /index.php?prizes/18782783 HTTP/1.1" 200 17346 "-" "Mozilla/5.0 (Linux; Android 6.0.1; Nexus 5X Build/MMB29P) AppleWebKit/537.36 (KHTML, like Gecko) Chrome/146.0.7680.177 Mobile Safari/537.36 (compatible; Googlebot/2.1; +http://www.google.com/bot.html)"
66.249.66.2 - - [05/Apr/2026:14:58:37 +0200] "GET /index.php?prizes/121904783 HTTP/1.1" 200 18358 "-" "Mozilla/5.0 (Linux; Android 6.0.1; Nexus 5X Build/MMB29P) AppleWebKit/537.36 (KHTML, like Gecko) Chrome/146.0.7680.177 Mobile Safari/537.36 (compatible; Googlebot/2.1; +http://www.google.com/bot.html)"
66.249.66.2 - - [05/Apr/2026:14:58:48 +0200] "GET /commoditys/091000605 HTTP/1.1" 200 16801 "-" "Mozilla/5.0 (Linux; Android 6.0.1; Nexus 5X Build/MMB29P) AppleWebKit/537.36 (KHTML, like Gecko) Chrome/146.0.7680.177 Mobile Safari/537.36 (compatible; Googlebot/2.1; +http://www.google.com/bot.html)"
66.249.66.2 - - [05/Apr/2026:14:58:49 +0200] "GET /index.php?prizes/18575450 HTTP/1.1" 200 17565 "-" "Mozilla/5.0 (Linux; Android 6.0.1; Nexus 5X Build/MMB29P) AppleWebKit/537.36 (KHTML, like Gecko) Chrome/146.0.7680.177 Mobile Safari/537.36 (compatible; Googlebot/2.1; +http://www.google.com/bot.html)"
66.249.66.2 - - [05/Apr/2026:14:58:59 +0200] "GET /index.php?prizes/18640258 HTTP/1.1" 200 16805 "-" "Mozilla/5.0 (Linux; Android 6.0.1; Nexus 5X Build/MMB29P) AppleWebKit/537.36 (KHTML, like Gecko) Chrome/146.0.7680.177 Mobile Safari/537.36 (compatible; Googlebot/2.1; +http://www.google.com/bot.html)"
66.249.66.2 - - [05/Apr/2026:14:59:10 +0200] "GET /index.php?prizes/18548783 HTTP/1.1" 200 17132 "-" "Mozilla/5.0 (Linux; Android 6.0.1; Nexus 5X Build/MMB29P) AppleWebKit/537.36 (KHTML, like Gecko) Chrome/146.0.7680.177 Mobile Safari/537.36 (compatible; Googlebot/2.1; +http://www.google.com/bot.html)"
66.249.66.2 - - [05/Apr/2026:14:59:15 +0200] "GET /index.php?prizes/104393723 HTTP/1.1" 200 17504 "-" "Mozilla/5.0 (Linux; Android 6.0.1; Nexus 5X Build/MMB29P) AppleWebKit/537.36 (KHTML, like Gecko) Chrome/146.0.7680.177 Mobile Safari/537.36 (compatible; Googlebot/2.1; +http://www.google.com/bot.html)"
114.119.141.200 - - [05/Apr/2026:14:59:23 +0200] "GET /wp-content/themes/Newspaper/includes/less_files/pagebuilder/shortcodes/big-grids.less HTTP/1.1" 200 68578 "https://ribari.net/wp-content/themes/Newspaper/includes/less_files/pagebuilder/shortcodes/?C=M%3BO%3DA" "Mozilla/5.0 (Linux; Android 7.0;) AppleWebKit/537.36 (KHTML, like Gecko) Mobile Safari/537.36 (compatible; PetalBot;+https://webmaster.petalsearch.com/site/petalbot)"
66.249.66.162 - - [05/Apr/2026:14:59:27 +0200] "GET /index.php?prizes/242425935 HTTP/1.1" 200 17218 "-" "Mozilla/5.0 (Linux; Android 6.0.1; Nexus 5X Build/MMB29P) AppleWebKit/537.36 (KHTML, like Gecko) Chrome/146.0.7680.177 Mobile Safari/537.36 (compatible; Googlebot/2.1; +http://www.google.com/bot.html)"
66.249.66.41 - - [05/Apr/2026:14:59:31 +0200] "GET /index.php?prizes/245011521 HTTP/1.1" 200 17736 "-" "Mozilla/5.0 (Linux; Android 6.0.1; Nexus 5X Build/MMB29P) AppleWebKit/537.36 (KHTML, like Gecko) Chrome/146.0.7680.177 Mobile Safari/537.36 (compatible; Googlebot/2.1; +http://www.google.com/bot.html)"
220.181.108.168 - - [05/Apr/2026:14:59:32 +0200] "GET /wp-content/uploads/2020/031/01_2-768x445.jpg HTTP/1.1" 200 122578 "-" "Baiduspider-image+(+http://www.baidu.com/search/spider.htm)"
66.249.66.2 - - [05/Apr/2026:14:59:34 +0200] "GET /index.php?prizes/309331470%20%20%20%20%20%20%20%20%20%20%20%20%20%20%20%20%20%20%20%20%20%20%20%20%20%20%20%20%20%20%20%20class= HTTP/1.1" 200 17607 "-" "Mozilla/5.0 (Linux; Android 6.0.1; Nexus 5X Build/MMB29P) AppleWebKit/537.36 (KHTML, like Gecko) Chrome/146.0.7680.177 Mobile Safari/537.36 (compatible; Googlebot/2.1; +http://www.google.com/bot.html)"
66.249.66.2 - - [05/Apr/2026:14:59:46 +0200] "GET /index.php?prizes/244365763 HTTP/1.1" 200 17477 "-" "Mozilla/5.0 (Linux; Android 6.0.1; Nexus 5X Build/MMB29P) AppleWebKit/537.36 (KHTML, like Gecko) Chrome/146.0.7680.177 Mobile Safari/537.36 (compatible; Googlebot/2.1; +http://www.google.com/bot.html)"
66.249.66.2 - - [05/Apr/2026:14:59:49 +0200] "GET /index.php?prizes/245098935 HTTP/1.1" 200 18360 "-" "Mozilla/5.0 (Linux; Android 6.0.1; Nexus 5X Build/MMB29P) AppleWebKit/537.36 (KHTML, like Gecko) Chrome/146.0.7680.177 Mobile Safari/537.36 (compatible; Googlebot/2.1; +http://www.google.com/bot.html)"
66.249.66.65 - - [05/Apr/2026:14:59:54 +0200] "GET /index.php?prizes/245840076 HTTP/1.1" 200 17193 "-" "Mozilla/5.0 (Linux; Android 6.0.1; Nexus 5X Build/MMB29P) AppleWebKit/537.36 (KHTML, like Gecko) Chrome/146.0.7680.177 Mobile Safari/537.36 (compatible; Googlebot/2.1; +http://www.google.com/bot.html)"
102.45.116.186 - - [05/Apr/2026:14:59:55 +0200] "GET /wp-content/index.php HTTP/1.1" 200 1639 "-" "Mozilla/5.0 (Windows NT 10.0; Win64; x64) AppleWebKit/537.36 (KHTML, like Gecko) Chrome/146.0.0.0 Safari/537.36"
102.45.116.186 - - [05/Apr/2026:14:59:56 +0200] "GET /favicon.ico HTTP/1.1" 200 0 "https://ribari.net/wp-content/index.php" "Mozilla/5.0 (Windows NT 10.0; Win64; x64) AppleWebKit/537.36 (KHTML, like Gecko) Chrome/146.0.0.0 Safari/537.36"
66.249.66.2 - - [05/Apr/2026:14:59:57 +0200] "GET /index.php?prizes/244559379 HTTP/1.1" 200 17667 "-" "Mozilla/5.0 (Linux; Android 6.0.1; Nexus 5X Build/MMB29P) AppleWebKit/537.36 (KHTML, like Gecko) Chrome/146.0.7680.177 Mobile Safari/537.36 (compatible; Googlebot/2.1; +http://www.google.com/bot.html)"
66.249.66.65 - - [05/Apr/2026:15:00:01 +0200] "GET /index.php?prizes/306629238 HTTP/1.1" 502 552 "-" "Mozilla/5.0 (Linux; Android 6.0.1; Nexus 5X Build/MMB29P) AppleWebKit/537.36 (KHTML, like Gecko) Chrome/146.0.7680.177 Mobile Safari/537.36 (compatible; Googlebot/2.1; +http://www.google.com/bot.html)"
185.191.171.2 - - [05/Apr/2026:15:00:07 +0200] "GET /tag/%D1%8F%D0%B7%D0%BE%D0%B2%D0%B8%D1%80%D0%B8%D1%82%D0%B5-%D0%B2-%D0%B1%D1%8A%D0%BB%D0%B3%D0%B0%D1%80%D0%B8%D1%8F/ HTTP/1.1" 403 0 "-" "Mozilla/5.0 (compatible; SemrushBot/7~bl; +http://www.semrush.com/bot.html)"
66.249.66.2 - - [05/Apr/2026:15:00:08 +0200] "GET /index.php?prizes/244360369 HTTP/1.1" 200 17636 "-" "Mozilla/5.0 (Linux; Android 6.0.1; Nexus 5X Build/MMB29P) AppleWebKit/537.36 (KHTML, like Gecko) Chrome/146.0.7680.177 Mobile Safari/537.36 (compatible; Googlebot/2.1; +http://www.google.com/bot.html)"
66.249.66.65 - - [05/Apr/2026:15:00:15 +0200] "GET /index.php?prizes/308766511 HTTP/1.1" 200 17392 "-" "Mozilla/5.0 (Linux; Android 6.0.1; Nexus 5X Build/MMB29P) AppleWebKit/537.36 (KHTML, like Gecko) Chrome/146.0.7680.177 Mobile Safari/537.36 (compatible; Googlebot/2.1; +http://www.google.com/bot.html)"
66.249.66.194 - - [05/Apr/2026:15:00:31 +0200] "GET /index.php?prizes/293306642 HTTP/1.1" 200 17822 "-" "Mozilla/5.0 (Linux; Android 6.0.1; Nexus 5X Build/MMB29P) AppleWebKit/537.36 (KHTML, like Gecko) Chrome/146.0.7680.177 Mobile Safari/537.36 (compatible; Googlebot/2.1; +http://www.google.com/bot.html)"
66.249.66.65 - - [05/Apr/2026:15:00:32 +0200] "GET /index.php?prizes/273399218 HTTP/1.1" 200 17124 "-" "Mozilla/5.0 (Linux; Android 6.0.1; Nexus 5X Build/MMB29P) AppleWebKit/537.36 (KHTML, like Gecko) Chrome/146.0.7680.177 Mobile Safari/537.36 (compatible; Googlebot/2.1; +http://www.google.com/bot.html)"
66.249.66.41 - - [05/Apr/2026:15:00:34 +0200] "GET /commoditys/291027527 HTTP/1.1" 200 17305 "-" "Mozilla/5.0 (Linux; Android 6.0.1; Nexus 5X Build/MMB29P) AppleWebKit/537.36 (KHTML, like Gecko) Chrome/146.0.7680.177 Mobile Safari/537.36 (compatible; Googlebot/2.1; +http://www.google.com/bot.html)"
18.208.11.93 - - [05/Apr/2026:15:00:38 +0200] "GET /wp-content/themes/Newspaper/includes/demos/blog_beauty/td_media_3.php HTTP/1.1" 403 0 "-" "Mozilla/5.0 AppleWebKit/537.36 (KHTML, like Gecko; compatible; Amazonbot/0.1; +https://developer.amazon.com/support/amazonbot) Chrome/119.0.6045.214 Safari/537.36"
18.214.124.6 - - [05/Apr/2026:15:00:46 +0200] "GET /wp-content/themes/Newspaper/includes/shortcodes/td_block_big_grid_fl_9.php HTTP/1.1" 403 0 "-" "Mozilla/5.0 AppleWebKit/537.36 (KHTML, like Gecko; compatible; Amazonbot/0.1; +https://developer.amazon.com/support/amazonbot) Chrome/119.0.6045.214 Safari/537.36"
66.249.66.165 - - [05/Apr/2026:15:00:54 +0200] "GET /commoditys/044047820 HTTP/1.1" 200 17710 "-" "Mozilla/5.0 (Linux; Android 6.0.1; Nexus 5X Build/MMB29P) AppleWebKit/537.36 (KHTML, like Gecko) Chrome/146.0.7680.177 Mobile Safari/537.36 (compatible; Googlebot/2.1; +http://www.google.com/bot.html)"
66.249.66.165 - - [05/Apr/2026:15:00:55 +0200] "GET /%D1%85%D0%B8%D1%80%D0%BE%D0%BD%D0%BE%D0%BC%D1%83%D1%81-%D0%BD%D0%B0%D0%B9-%D0%B4%D0%BE%D0%B1%D1%80%D0%B0%D1%82%D0%B0-%D1%81%D1%82%D1%80%D1%8A%D0%B2/feed/ HTTP/1.1" 200 17901 "-" "Mozilla/5.0 (Linux; Android 6.0.1; Nexus 5X Build/MMB29P) AppleWebKit/537.36 (KHTML, like Gecko) Chrome/146.0.7680.177 Mobile Safari/537.36 (compatible; Googlebot/2.1; +http://www.google.com/bot.html)"
220.181.108.157 - - [05/Apr/2026:15:00:57 +0200] "GET /wp-content/uploads/2020/04/ded-65x65.jpg HTTP/1.1" 200 2399 "-" "Baiduspider-image+(+http://www.baidu.com/search/spider.htm)"
66.249.66.37 - - [05/Apr/2026:15:00:58 +0200] "GET /commoditys/021004419 HTTP/1.1" 200 18249 "-" "Mozilla/5.0 (Linux; Android 6.0.1; Nexus 5X Build/MMB29P) AppleWebKit/537.36 (KHTML, like Gecko) Chrome/146.0.7680.177 Mobile Safari/537.36 (compatible; Googlebot/2.1; +http://www.google.com/bot.html)"
34.205.163.103 - - [05/Apr/2026:15:00:58 +0200] "GET /wp-content/themes/Newspaper/includes/demos/business/?C=D;O%3DA HTTP/1.1" 200 399 "-" "Mozilla/5.0 AppleWebKit/537.36 (KHTML, like Gecko; compatible; Amazonbot/0.1; +https://developer.amazon.com/support/amazonbot) Chrome/119.0.6045.214 Safari/537.36"
66.249.66.8 - - [05/Apr/2026:15:01:03 +0200] "GET /prizes/130874420 HTTP/1.1" 502 552 "-" "Mozilla/5.0 (Linux; Android 6.0.1; Nexus 5X Build/MMB29P) AppleWebKit/537.36 (KHTML, like Gecko) Chrome/146.0.7680.177 Mobile Safari/537.36 (compatible; Googlebot/2.1; +http://www.google.com/bot.html)"
66.249.66.8 - - [05/Apr/2026:15:01:05 +0200] "GET /prizes/299825016 HTTP/1.1" 200 17688 "-" "Mozilla/5.0 (Linux; Android 6.0.1; Nexus 5X Build/MMB29P) AppleWebKit/537.36 (KHTML, like Gecko) Chrome/146.0.7680.177 Mobile Safari/537.36 (compatible; Googlebot/2.1; +http://www.google.com/bot.html)"
54.159.18.27 - - [05/Apr/2026:15:01:06 +0200] "GET /wp-content/themes/Newspaper/includes/panel/?C=M;O%3DD HTTP/1.1" 200 316 "-" "Mozilla/5.0 AppleWebKit/537.36 (KHTML, like Gecko; compatible; Amazonbot/0.1; +https://developer.amazon.com/support/amazonbot) Chrome/119.0.6045.214 Safari/537.36"
66.249.66.7 - - [05/Apr/2026:15:01:10 +0200] "GET /prizes/89850844 HTTP/1.1" 200 17089 "-" "Mozilla/5.0 (Linux; Android 6.0.1; Nexus 5X Build/MMB29P) AppleWebKit/537.36 (KHTML, like Gecko) Chrome/146.0.7680.177 Mobile Safari/537.36 (compatible; Googlebot/2.1; +http://www.google.com/bot.html)"
114.119.152.59 - - [05/Apr/2026:15:01:18 +0200] "GET /wp-content/themes/Newspaper/includes/less_files/pagebuilder/modules/module_mx17.less HTTP/1.1" 200 2418 "https://ribari.net/wp-content/themes/Newspaper/includes/less_files/pagebuilder/modules/?C=N%3BO%3DD" "Mozilla/5.0 (Linux; Android 7.0;) AppleWebKit/537.36 (KHTML, like Gecko) Mobile Safari/537.36 (compatible; PetalBot;+https://webmaster.petalsearch.com/site/petalbot)"
66.249.66.37 - - [05/Apr/2026:15:01:21 +0200] "GET /commoditys/063000061 HTTP/1.1" 200 18102 "-" "Mozilla/5.0 (Linux; Android 6.0.1; Nexus 5X Build/MMB29P) AppleWebKit/537.36 (KHTML, like Gecko) Chrome/146.0.7680.177 Mobile Safari/537.36 (compatible; Googlebot/2.1; +http://www.google.com/bot.html)"
66.249.66.6 - - [05/Apr/2026:15:01:23 +0200] "GET /prizes/147451410 HTTP/1.1" 200 17898 "-" "Mozilla/5.0 (Linux; Android 6.0.1; Nexus 5X Build/MMB29P) AppleWebKit/537.36 (KHTML, like Gecko) Chrome/146.0.7680.177 Mobile Safari/537.36 (compatible; Googlebot/2.1; +http://www.google.com/bot.html)"
66.249.66.6 - - [05/Apr/2026:15:01:33 +0200] "GET /?v=dfsi224h99rjkbelexw HTTP/1.1" 200 17853 "-" "Mozilla/5.0 (Linux; Android 6.0.1; Nexus 5X Build/MMB29P) AppleWebKit/537.36 (KHTML, like Gecko) Chrome/146.0.7680.177 Mobile Safari/537.36 (compatible; Googlebot/2.1; +http://www.google.com/bot.html)"
66.249.66.6 - - [05/Apr/2026:15:01:35 +0200] "GET /prizes/33500379 HTTP/1.1" 200 17772 "-" "Mozilla/5.0 (Linux; Android 6.0.1; Nexus 5X Build/MMB29P) AppleWebKit/537.36 (KHTML, like Gecko) Chrome/146.0.7680.177 Mobile Safari/537.36 (compatible; Googlebot/2.1; +http://www.google.com/bot.html)"
66.249.66.6 - - [05/Apr/2026:15:01:37 +0200] "GET /prizes/25222410 HTTP/1.1" 200 17378 "-" "Mozilla/5.0 (Linux; Android 6.0.1; Nexus 5X Build/MMB29P) AppleWebKit/537.36 (KHTML, like Gecko) Chrome/146.0.7680.177 Mobile Safari/537.36 (compatible; Googlebot/2.1; +http://www.google.com/bot.html)"
66.249.66.69 - - [05/Apr/2026:15:01:42 +0200] "GET /prizes/54297248 HTTP/1.1" 200 17559 "-" "Mozilla/5.0 (Linux; Android 6.0.1; Nexus 5X Build/MMB29P) AppleWebKit/537.36 (KHTML, like Gecko) Chrome/146.0.7680.177 Mobile Safari/537.36 (compatible; Googlebot/2.1; +http://www.google.com/bot.html)"
66.249.66.204 - - [05/Apr/2026:15:01:50 +0200] "GET /prizes/71327612 HTTP/1.1" 200 17496 "-" "Mozilla/5.0 (Linux; Android 6.0.1; Nexus 5X Build/MMB29P) AppleWebKit/537.36 (KHTML, like Gecko) Chrome/146.0.7680.177 Mobile Safari/537.36 (compatible; Googlebot/2.1; +http://www.google.com/bot.html)"
66.249.66.69 - - [05/Apr/2026:15:01:57 +0200] "GET /prizes/46362056 HTTP/1.1" 200 17813 "-" "Mozilla/5.0 (Linux; Android 6.0.1; Nexus 5X Build/MMB29P) AppleWebKit/537.36 (KHTML, like Gecko) Chrome/146.0.7680.177 Mobile Safari/537.36 (compatible; Googlebot/2.1; +http://www.google.com/bot.html)"
66.249.66.7 - - [05/Apr/2026:15:02:05 +0200] "GET /prizes/52467107 HTTP/1.1" 200 17556 "-" "Mozilla/5.0 (Linux; Android 6.0.1; Nexus 5X Build/MMB29P) AppleWebKit/537.36 (KHTML, like Gecko) Chrome/146.0.7680.177 Mobile Safari/537.36 (compatible; Googlebot/2.1; +http://www.google.com/bot.html)"
161.97.137.93 - - [05/Apr/2026:15:02:06 +0200] "POST /wp-cron.php?doing_wp_cron=1775394126.0566480159759521484375 HTTP/1.1" 404 13202 "https://ribari.net/wp-cron.php?doing_wp_cron=1775394126.0566480159759521484375" "WordPress/4.9.13; https://ribari.net"
103.172.92.25 - - [05/Apr/2026:15:02:06 +0200] "GET /wp-login.php HTTP/1.1" 302 0 "-" "Mozilla/5.0 (Windows NT 6.3; WOW64) AppleWebKit/537.36 (KHTML, like Gecko) Chrome/66.0.3359.181 Safari/537.36"
103.172.92.25 - - [05/Apr/2026:15:02:07 +0200] "GET /wp-login.php HTTP/1.1" 302 0 "https://ribari.net/wp-login.php" "Mozilla/5.0 (Windows NT 6.3; WOW64) AppleWebKit/537.36 (KHTML, like Gecko) Chrome/66.0.3359.181 Safari/537.36"
103.172.92.25 - - [05/Apr/2026:15:02:08 +0200] "GET /wp-login.php HTTP/1.1" 302 0 "https://ribari.net/wp-login.php" "Mozilla/5.0 (Windows NT 6.3; WOW64) AppleWebKit/537.36 (KHTML, like Gecko) Chrome/66.0.3359.181 Safari/537.36"
103.172.92.25 - - [05/Apr/2026:15:02:08 +0200] "GET /wp-login.php HTTP/1.1" 302 0 "https://ribari.net/wp-login.php" "Mozilla/5.0 (Windows NT 6.3; WOW64) AppleWebKit/537.36 (KHTML, like Gecko) Chrome/66.0.3359.181 Safari/537.36"
103.172.92.25 - - [05/Apr/2026:15:02:09 +0200] "GET /wp-login.php HTTP/1.1" 302 0 "https://ribari.net/wp-login.php" "Mozilla/5.0 (Windows NT 6.3; WOW64) AppleWebKit/537.36 (KHTML, like Gecko) Chrome/66.0.3359.181 Safari/537.36"
103.172.92.25 - - [05/Apr/2026:15:02:10 +0200] "GET /wp-login.php HTTP/1.1" 302 0 "https://ribari.net/wp-login.php" "Mozilla/5.0 (Windows NT 6.3; WOW64) AppleWebKit/537.36 (KHTML, like Gecko) Chrome/66.0.3359.181 Safari/537.36"
103.172.92.25 - - [05/Apr/2026:15:02:11 +0200] "GET /wp-login.php HTTP/1.1" 302 0 "https://ribari.net/wp-login.php" "Mozilla/5.0 (Windows NT 6.3; WOW64) AppleWebKit/537.36 (KHTML, like Gecko) Chrome/66.0.3359.181 Safari/537.36"
103.172.92.25 - - [05/Apr/2026:15:02:11 +0200] "GET /wp-login.php HTTP/1.1" 302 0 "https://ribari.net/wp-login.php" "Mozilla/5.0 (Windows NT 6.3; WOW64) AppleWebKit/537.36 (KHTML, like Gecko) Chrome/66.0.3359.181 Safari/537.36"
103.172.92.25 - - [05/Apr/2026:15:02:12 +0200] "GET /wp-login.php HTTP/1.1" 302 0 "https://ribari.net/wp-login.php" "Mozilla/5.0 (Windows NT 6.3; WOW64) AppleWebKit/537.36 (KHTML, like Gecko) Chrome/66.0.3359.181 Safari/537.36"
66.249.66.6 - - [05/Apr/2026:15:02:13 +0200] "GET /prizes/72674127 HTTP/1.1" 200 17824 "-" "Mozilla/5.0 (Linux; Android 6.0.1; Nexus 5X Build/MMB29P) AppleWebKit/537.36 (KHTML, like Gecko) Chrome/146.0.7680.177 Mobile Safari/537.36 (compatible; Googlebot/2.1; +http://www.google.com/bot.html)"
103.172.92.25 - - [05/Apr/2026:15:02:13 +0200] "GET /wp-login.php HTTP/1.1" 302 0 "https://ribari.net/wp-login.php" "Mozilla/5.0 (Windows NT 6.3; WOW64) AppleWebKit/537.36 (KHTML, like Gecko) Chrome/66.0.3359.181 Safari/537.36"
116.179.32.131 - - [05/Apr/2026:15:02:18 +0200] "GET /wp-content/uploads/2020/031/swes-768x333.png HTTP/1.1" 200 416534 "-" "Baiduspider-image+(+http://www.baidu.com/search/spider.htm)"
66.249.66.204 - - [05/Apr/2026:15:02:21 +0200] "GET /prizes/73683925 HTTP/1.1" 200 17661 "-" "Mozilla/5.0 (Linux; Android 6.0.1; Nexus 5X Build/MMB29P) AppleWebKit/537.36 (KHTML, like Gecko) Chrome/146.0.7680.177 Mobile Safari/537.36 (compatible; Googlebot/2.1; +http://www.google.com/bot.html)"
66.249.66.37 - - [05/Apr/2026:15:02:29 +0200] "GET /prizes/71857258 HTTP/1.1" 200 17606 "-" "Mozilla/5.0 (Linux; Android 6.0.1; Nexus 5X Build/MMB29P) AppleWebKit/537.36 (KHTML, like Gecko) Chrome/146.0.7680.177 Mobile Safari/537.36 (compatible; Googlebot/2.1; +http://www.google.com/bot.html)"
66.249.66.6 - - [05/Apr/2026:15:02:36 +0200] "GET /prizes/111725127 HTTP/1.1" 200 17464 "-" "Mozilla/5.0 (Linux; Android 6.0.1; Nexus 5X Build/MMB29P) AppleWebKit/537.36 (KHTML, like Gecko) Chrome/146.0.7680.177 Mobile Safari/537.36 (compatible; Googlebot/2.1; +http://www.google.com/bot.html)"
66.249.66.6 - - [05/Apr/2026:15:02:44 +0200] "GET /prizes/94028420 HTTP/1.1" 200 18412 "-" "Mozilla/5.0 (Linux; Android 6.0.1; Nexus 5X Build/MMB29P) AppleWebKit/537.36 (KHTML, like Gecko) Chrome/146.0.7680.177 Mobile Safari/537.36 (compatible; Googlebot/2.1; +http://www.google.com/bot.html)"
66.249.66.6 - - [05/Apr/2026:15:02:53 +0200] "GET /prizes/96249167 HTTP/1.1" 200 17214 "-" "Mozilla/5.0 (Linux; Android 6.0.1; Nexus 5X Build/MMB29P) AppleWebKit/537.36 (KHTML, like Gecko) Chrome/146.0.7680.177 Mobile Safari/537.36 (compatible; Googlebot/2.1; +http://www.google.com/bot.html)"
66.249.66.70 - - [05/Apr/2026:15:03:01 +0200] "GET /prizes/33072985 HTTP/1.1" 200 17838 "-" "Mozilla/5.0 (Linux; Android 6.0.1; Nexus 5X Build/MMB29P) AppleWebKit/537.36 (KHTML, like Gecko) Chrome/146.0.7680.177 Mobile Safari/537.36 (compatible; Googlebot/2.1; +http://www.google.com/bot.html)"
66.249.66.6 - - [05/Apr/2026:15:03:08 +0200] "GET /prizes/97935985 HTTP/1.1" 200 17761 "-" "Mozilla/5.0 (Linux; Android 6.0.1; Nexus 5X Build/MMB29P) AppleWebKit/537.36 (KHTML, like Gecko) Chrome/146.0.7680.177 Mobile Safari/537.36 (compatible; Googlebot/2.1; +http://www.google.com/bot.html)"
66.249.66.204 - - [05/Apr/2026:15:03:16 +0200] "GET /prizes/100183965 HTTP/1.1" 200 18023 "-" "Mozilla/5.0 (Linux; Android 6.0.1; Nexus 5X Build/MMB29P) AppleWebKit/537.36 (KHTML, like Gecko) Chrome/146.0.7680.177 Mobile Safari/537.36 (compatible; Googlebot/2.1; +http://www.google.com/bot.html)"
3.235.215.92 - - [05/Apr/2026:15:03:22 +0200] "GET /wp-content/themes/Newspaper/includes/demos/craft_ideas/?C=M;O%3DA HTTP/1.1" 200 446 "-" "Mozilla/5.0 AppleWebKit/537.36 (KHTML, like Gecko; compatible; Amazonbot/0.1; +https://developer.amazon.com/support/amazonbot) Chrome/119.0.6045.214 Safari/537.36"
114.119.129.71 - - [05/Apr/2026:15:03:23 +0200] "GET /wp-content/themes/Newspaper/includes/demos/recipes/td_css_generator_demo.php HTTP/1.1" 403 0 "https://ribari.net/wp-content/themes/Newspaper/includes/demos/recipes/?C=M%3BO%3DA" "Mozilla/5.0 (Linux; Android 7.0;) AppleWebKit/537.36 (KHTML, like Gecko) Mobile Safari/537.36 (compatible; PetalBot;+https://webmaster.petalsearch.com/site/petalbot)"
66.249.66.8 - - [05/Apr/2026:15:03:24 +0200] "GET /prizes/88944107 HTTP/1.1" 200 18112 "-" "Mozilla/5.0 (Linux; Android 6.0.1; Nexus 5X Build/MMB29P) AppleWebKit/537.36 (KHTML, like Gecko) Chrome/146.0.7680.177 Mobile Safari/537.36 (compatible; Googlebot/2.1; +http://www.google.com/bot.html)"
66.249.66.37 - - [05/Apr/2026:15:03:31 +0200] "GET /prizes/67062622 HTTP/1.1" 200 17357 "-" "Mozilla/5.0 (Linux; Android 6.0.1; Nexus 5X Build/MMB29P) AppleWebKit/537.36 (KHTML, like Gecko) Chrome/146.0.7680.177 Mobile Safari/537.36 (compatible; Googlebot/2.1; +http://www.google.com/bot.html)"
