66.249.66.161 - - [05/Apr/2026:17:50:14 +0200] "GET /index.php?prizes/179267753 HTTP/1.1" 301 0 "-" "Mozilla/5.0 (Linux; Android 6.0.1; Nexus 5X Build/MMB29P) AppleWebKit/537.36 (KHTML, like Gecko) Chrome/146.0.7680.177 Mobile Safari/537.36 (compatible; Googlebot/2.1; +http://www.google.com/bot.html)"
66.249.66.162 - - [05/Apr/2026:17:50:16 +0200] "GET /?prizes/179267753 HTTP/1.1" 200 27378 "-" "Mozilla/5.0 (Linux; Android 6.0.1; Nexus 5X Build/MMB29P) AppleWebKit/537.36 (KHTML, like Gecko) Chrome/146.0.7680.177 Mobile Safari/537.36 (compatible; Googlebot/2.1; +http://www.google.com/bot.html)"
66.249.66.161 - - [05/Apr/2026:17:50:24 +0200] "GET /index.php?prizes/237449834 HTTP/1.1" 301 0 "-" "Mozilla/5.0 (Linux; Android 6.0.1; Nexus 5X Build/MMB29P) AppleWebKit/537.36 (KHTML, like Gecko) Chrome/146.0.7680.177 Mobile Safari/537.36 (compatible; Googlebot/2.1; +http://www.google.com/bot.html)"
66.249.66.65 - - [05/Apr/2026:17:50:27 +0200] "GET /?prizes/237449834 HTTP/1.1" 200 27278 "-" "Mozilla/5.0 (Linux; Android 6.0.1; Nexus 5X Build/MMB29P) AppleWebKit/537.36 (KHTML, like Gecko) Chrome/146.0.7680.177 Mobile Safari/537.36 (compatible; Googlebot/2.1; +http://www.google.com/bot.html)"
66.249.66.194 - - [05/Apr/2026:17:50:35 +0200] "GET /index.php?prizes/236874955 HTTP/1.1" 301 0 "-" "Mozilla/5.0 (Linux; Android 6.0.1; Nexus 5X Build/MMB29P) AppleWebKit/537.36 (KHTML, like Gecko) Chrome/146.0.7680.177 Mobile Safari/537.36 (compatible; Googlebot/2.1; +http://www.google.com/bot.html)"
66.249.66.41 - - [05/Apr/2026:17:50:37 +0200] "GET /?prizes/236874955 HTTP/1.1" 200 27002 "-" "Mozilla/5.0 (Linux; Android 6.0.1; Nexus 5X Build/MMB29P) AppleWebKit/537.36 (KHTML, like Gecko) Chrome/146.0.7680.177 Mobile Safari/537.36 (compatible; Googlebot/2.1; +http://www.google.com/bot.html)"
220.181.108.167 - - [05/Apr/2026:17:50:41 +0200] "GET /category/%D0%BD%D0%BE%D0%B2%D0%B8%D0%BD%D0%B8/page/5/?filter_by=featured HTTP/1.1" 200 18873 "-" "Mozilla/5.0 (compatible; Baiduspider/2.0; +http://www.baidu.com/search/spider.html)"
66.249.66.194 - - [05/Apr/2026:17:50:45 +0200] "GET /index.php?prizes/237099400 HTTP/1.1" 301 0 "-" "Mozilla/5.0 (Linux; Android 6.0.1; Nexus 5X Build/MMB29P) AppleWebKit/537.36 (KHTML, like Gecko) Chrome/146.0.7680.177 Mobile Safari/537.36 (compatible; Googlebot/2.1; +http://www.google.com/bot.html)"
66.249.66.161 - - [05/Apr/2026:17:50:47 +0200] "GET /?prizes/237099400 HTTP/1.1" 200 27886 "-" "Mozilla/5.0 (Linux; Android 6.0.1; Nexus 5X Build/MMB29P) AppleWebKit/537.36 (KHTML, like Gecko) Chrome/146.0.7680.177 Mobile Safari/537.36 (compatible; Googlebot/2.1; +http://www.google.com/bot.html)"
116.179.37.215 - - [05/Apr/2026:17:50:48 +0200] "GET /wp-content/uploads/2020/04/93621790_2923299651084020_2272173411960619008_n-100x70.jpg HTTP/1.1" 200 2950 "https://ribari.net/category/%D0%BD%D0%BE%D0%B2%D0%B8%D0%BD%D0%B8/page/5/?filter_by=featured" "Mozilla/5.0 (compatible; Baiduspider-render/2.0; +http://www.baidu.com/search/spider.html)"
116.179.37.172 - - [05/Apr/2026:17:50:55 +0200] "GET /wp-content/uploads/2020/04/93800330_960234224412636_6531616947556057088_o-100x70.jpg HTTP/1.1" 304 0 "https://ribari.net/category/%D0%BD%D0%BE%D0%B2%D0%B8%D0%BD%D0%B8/page/5/?filter_by=featured" "Mozilla/5.0 (compatible; Baiduspider-render/2.0; +http://www.baidu.com/search/spider.html)"
66.249.66.2 - - [05/Apr/2026:17:50:55 +0200] "GET /index.php?prizes/77029884 HTTP/1.1" 301 0 "-" "Mozilla/5.0 (Linux; Android 6.0.1; Nexus 5X Build/MMB29P) AppleWebKit/537.36 (KHTML, like Gecko) Chrome/146.0.7680.177 Mobile Safari/537.36 (compatible; Googlebot/2.1; +http://www.google.com/bot.html)"
66.249.66.194 - - [05/Apr/2026:17:50:58 +0200] "GET /?prizes/77029884 HTTP/1.1" 200 27369 "-" "Mozilla/5.0 (Linux; Android 6.0.1; Nexus 5X Build/MMB29P) AppleWebKit/537.36 (KHTML, like Gecko) Chrome/146.0.7680.177 Mobile Safari/537.36 (compatible; Googlebot/2.1; +http://www.google.com/bot.html)"
161.97.137.93 - - [05/Apr/2026:17:51:06 +0200] "POST /wp-cron.php?doing_wp_cron=1775404266.4965350627899169921875 HTTP/1.1" 404 13202 "https://ribari.net/wp-cron.php?doing_wp_cron=1775404266.4965350627899169921875" "WordPress/4.9.13; https://ribari.net"
66.249.66.163 - - [05/Apr/2026:17:51:06 +0200] "GET /index.php?prizes/236885208 HTTP/1.1" 301 0 "-" "Mozilla/5.0 (Linux; Android 6.0.1; Nexus 5X Build/MMB29P) AppleWebKit/537.36 (KHTML, like Gecko) Chrome/146.0.7680.177 Mobile Safari/537.36 (compatible; Googlebot/2.1; +http://www.google.com/bot.html)"
66.249.66.162 - - [05/Apr/2026:17:51:08 +0200] "GET /?prizes/236885208 HTTP/1.1" 200 27990 "-" "Mozilla/5.0 (Linux; Android 6.0.1; Nexus 5X Build/MMB29P) AppleWebKit/537.36 (KHTML, like Gecko) Chrome/146.0.7680.177 Mobile Safari/537.36 (compatible; Googlebot/2.1; +http://www.google.com/bot.html)"
66.249.66.66 - - [05/Apr/2026:17:51:16 +0200] "GET /index.php?prizes/58644814 HTTP/1.1" 301 0 "-" "Mozilla/5.0 (Linux; Android 6.0.1; Nexus 5X Build/MMB29P) AppleWebKit/537.36 (KHTML, like Gecko) Chrome/146.0.7680.177 Mobile Safari/537.36 (compatible; Googlebot/2.1; +http://www.google.com/bot.html)"
66.249.66.42 - - [05/Apr/2026:17:51:18 +0200] "GET /?prizes/58644814 HTTP/1.1" 200 28030 "-" "Mozilla/5.0 (Linux; Android 6.0.1; Nexus 5X Build/MMB29P) AppleWebKit/537.36 (KHTML, like Gecko) Chrome/146.0.7680.177 Mobile Safari/537.36 (compatible; Googlebot/2.1; +http://www.google.com/bot.html)"
66.249.66.65 - - [05/Apr/2026:17:51:27 +0200] "GET /index.php?prizes/188063349 HTTP/1.1" 301 0 "-" "Mozilla/5.0 (Linux; Android 6.0.1; Nexus 5X Build/MMB29P) AppleWebKit/537.36 (KHTML, like Gecko) Chrome/146.0.7680.177 Mobile Safari/537.36 (compatible; Googlebot/2.1; +http://www.google.com/bot.html)"
66.249.66.65 - - [05/Apr/2026:17:51:28 +0200] "GET /?prizes/188063349 HTTP/1.1" 200 27769 "-" "Mozilla/5.0 (Linux; Android 6.0.1; Nexus 5X Build/MMB29P) AppleWebKit/537.36 (KHTML, like Gecko) Chrome/146.0.7680.177 Mobile Safari/537.36 (compatible; Googlebot/2.1; +http://www.google.com/bot.html)"
66.249.66.161 - - [05/Apr/2026:17:51:37 +0200] "GET /index.php?prizes/55742076 HTTP/1.1" 301 0 "-" "Mozilla/5.0 (Linux; Android 6.0.1; Nexus 5X Build/MMB29P) AppleWebKit/537.36 (KHTML, like Gecko) Chrome/146.0.7680.177 Mobile Safari/537.36 (compatible; Googlebot/2.1; +http://www.google.com/bot.html)"
66.249.66.194 - - [05/Apr/2026:17:51:39 +0200] "GET /index.php?prizes/62439541 HTTP/1.1" 301 0 "-" "Mozilla/5.0 (Linux; Android 6.0.1; Nexus 5X Build/MMB29P) AppleWebKit/537.36 (KHTML, like Gecko) Chrome/146.0.7680.177 Mobile Safari/537.36 (compatible; Googlebot/2.1; +http://www.google.com/bot.html)"
66.249.66.2 - - [05/Apr/2026:17:51:40 +0200] "GET /index.php?prizes/206387127 HTTP/1.1" 301 0 "-" "Mozilla/5.0 (Linux; Android 6.0.1; Nexus 5X Build/MMB29P) AppleWebKit/537.36 (KHTML, like Gecko) Chrome/146.0.7680.177 Mobile Safari/537.36 (compatible; Googlebot/2.1; +http://www.google.com/bot.html)"
66.249.66.161 - - [05/Apr/2026:17:51:42 +0200] "GET /?prizes/55742076 HTTP/1.1" 200 27474 "-" "Mozilla/5.0 (Linux; Android 6.0.1; Nexus 5X Build/MMB29P) AppleWebKit/537.36 (KHTML, like Gecko) Chrome/146.0.7680.177 Mobile Safari/537.36 (compatible; Googlebot/2.1; +http://www.google.com/bot.html)"
66.249.66.2 - - [05/Apr/2026:17:51:43 +0200] "GET /?prizes/62439541 HTTP/1.1" 200 27617 "-" "Mozilla/5.0 (Linux; Android 6.0.1; Nexus 5X Build/MMB29P) AppleWebKit/537.36 (KHTML, like Gecko) Chrome/146.0.7680.177 Mobile Safari/537.36 (compatible; Googlebot/2.1; +http://www.google.com/bot.html)"
66.249.66.2 - - [05/Apr/2026:17:51:45 +0200] "GET /?prizes/206387127 HTTP/1.1" 200 27517 "-" "Mozilla/5.0 (Linux; Android 6.0.1; Nexus 5X Build/MMB29P) AppleWebKit/537.36 (KHTML, like Gecko) Chrome/146.0.7680.177 Mobile Safari/537.36 (compatible; Googlebot/2.1; +http://www.google.com/bot.html)"
66.249.66.65 - - [05/Apr/2026:17:51:46 +0200] "GET /index.php?prizes/237288389 HTTP/1.1" 301 0 "-" "Mozilla/5.0 (Linux; Android 6.0.1; Nexus 5X Build/MMB29P) AppleWebKit/537.36 (KHTML, like Gecko) Chrome/146.0.7680.177 Mobile Safari/537.36 (compatible; Googlebot/2.1; +http://www.google.com/bot.html)"
66.249.66.2 - - [05/Apr/2026:17:51:47 +0200] "GET /commoditys/082008250 HTTP/1.1" 404 13203 "-" "Mozilla/5.0 (Linux; Android 6.0.1; Nexus 5X Build/MMB29P) AppleWebKit/537.36 (KHTML, like Gecko) Chrome/146.0.7680.177 Mobile Safari/537.36 (compatible; Googlebot/2.1; +http://www.google.com/bot.html)"
66.249.66.41 - - [05/Apr/2026:17:51:49 +0200] "GET /prizes/106944329 HTTP/1.1" 404 13203 "-" "Mozilla/5.0 (Linux; Android 6.0.1; Nexus 5X Build/MMB29P) AppleWebKit/537.36 (KHTML, like Gecko) Chrome/146.0.7680.177 Mobile Safari/537.36 (compatible; Googlebot/2.1; +http://www.google.com/bot.html)"
66.249.66.2 - - [05/Apr/2026:17:51:50 +0200] "GET /index.php?prizes/125826985 HTTP/1.1" 301 0 "-" "Mozilla/5.0 (Linux; Android 6.0.1; Nexus 5X Build/MMB29P) AppleWebKit/537.36 (KHTML, like Gecko) Chrome/146.0.7680.177 Mobile Safari/537.36 (compatible; Googlebot/2.1; +http://www.google.com/bot.html)"
66.249.66.41 - - [05/Apr/2026:17:51:51 +0200] "GET /commoditys/076017200 HTTP/1.1" 404 13197 "-" "Mozilla/5.0 (Linux; Android 6.0.1; Nexus 5X Build/MMB29P) AppleWebKit/537.36 (KHTML, like Gecko) Chrome/146.0.7680.177 Mobile Safari/537.36 (compatible; Googlebot/2.1; +http://www.google.com/bot.html)"
66.249.66.194 - - [05/Apr/2026:17:51:53 +0200] "GET /?prizes/237288389 HTTP/1.1" 200 27492 "-" "Mozilla/5.0 (Linux; Android 6.0.1; Nexus 5X Build/MMB29P) AppleWebKit/537.36 (KHTML, like Gecko) Chrome/146.0.7680.177 Mobile Safari/537.36 (compatible; Googlebot/2.1; +http://www.google.com/bot.html)"
216.73.216.119 - - [05/Apr/2026:17:51:53 +0200] "GET /sitemap.xml HTTP/1.1" 301 0 "-" "Mozilla/5.0 AppleWebKit/537.36 (KHTML, like Gecko; compatible; ClaudeBot/1.0; +claudebot@anthropic.com)"
66.249.66.66 - - [05/Apr/2026:17:51:54 +0200] "GET /index.php?prizes/63931965 HTTP/1.1" 301 0 "-" "Mozilla/5.0 (Linux; Android 6.0.1; Nexus 5X Build/MMB29P) AppleWebKit/537.36 (KHTML, like Gecko) Chrome/146.0.7680.177 Mobile Safari/537.36 (compatible; Googlebot/2.1; +http://www.google.com/bot.html)"
216.73.216.119 - - [05/Apr/2026:17:51:54 +0200] "GET /sitemap_index.xml HTTP/1.1" 200 328 "https://ribari.net/sitemap.xml" "Mozilla/5.0 AppleWebKit/537.36 (KHTML, like Gecko; compatible; ClaudeBot/1.0; +claudebot@anthropic.com)"
66.249.66.194 - - [05/Apr/2026:17:51:56 +0200] "GET /?prizes/125826985 HTTP/1.1" 200 27089 "-" "Mozilla/5.0 (Linux; Android 6.0.1; Nexus 5X Build/MMB29P) AppleWebKit/537.36 (KHTML, like Gecko) Chrome/146.0.7680.177 Mobile Safari/537.36 (compatible; Googlebot/2.1; +http://www.google.com/bot.html)"
66.249.66.66 - - [05/Apr/2026:17:51:57 +0200] "GET /?prizes/63931965 HTTP/1.1" 200 28439 "-" "Mozilla/5.0 (Linux; Android 6.0.1; Nexus 5X Build/MMB29P) AppleWebKit/537.36 (KHTML, like Gecko) Chrome/146.0.7680.177 Mobile Safari/537.36 (compatible; Googlebot/2.1; +http://www.google.com/bot.html)"
66.249.66.195 - - [05/Apr/2026:17:51:58 +0200] "GET /index.php?prizes/184379420 HTTP/1.1" 301 0 "-" "Mozilla/5.0 (Linux; Android 6.0.1; Nexus 5X Build/MMB29P) AppleWebKit/537.36 (KHTML, like Gecko) Chrome/146.0.7680.177 Mobile Safari/537.36 (compatible; Googlebot/2.1; +http://www.google.com/bot.html)"
66.249.66.195 - - [05/Apr/2026:17:52:00 +0200] "GET /?prizes/184379420 HTTP/1.1" 200 27191 "-" "Mozilla/5.0 (Linux; Android 6.0.1; Nexus 5X Build/MMB29P) AppleWebKit/537.36 (KHTML, like Gecko) Chrome/146.0.7680.177 Mobile Safari/537.36 (compatible; Googlebot/2.1; +http://www.google.com/bot.html)"
220.181.108.176 - - [05/Apr/2026:17:52:06 +0200] "GET /wp-content/uploads/2020/04/sd-320x240.jpg HTTP/1.1" 304 0 "-" "Baiduspider-image+(+http://www.baidu.com/search/spider.htm)"
161.97.137.93 - - [05/Apr/2026:17:52:09 +0200] "POST /wp-cron.php?doing_wp_cron=1775404328.7375049591064453125000 HTTP/1.1" 404 13203 "https://ribari.net/wp-cron.php?doing_wp_cron=1775404328.7375049591064453125000" "WordPress/4.9.13; https://ribari.net"
66.249.66.2 - - [05/Apr/2026:17:52:09 +0200] "GET /index.php?prizes/71830824 HTTP/1.1" 301 0 "-" "Mozilla/5.0 (Linux; Android 6.0.1; Nexus 5X Build/MMB29P) AppleWebKit/537.36 (KHTML, like Gecko) Chrome/146.0.7680.177 Mobile Safari/537.36 (compatible; Googlebot/2.1; +http://www.google.com/bot.html)"
66.249.66.2 - - [05/Apr/2026:17:52:10 +0200] "GET /?prizes/71830824 HTTP/1.1" 200 27336 "-" "Mozilla/5.0 (Linux; Android 6.0.1; Nexus 5X Build/MMB29P) AppleWebKit/537.36 (KHTML, like Gecko) Chrome/146.0.7680.177 Mobile Safari/537.36 (compatible; Googlebot/2.1; +http://www.google.com/bot.html)"
66.249.66.2 - - [05/Apr/2026:17:52:19 +0200] "GET /index.php?prizes/184425985 HTTP/1.1" 301 0 "-" "Mozilla/5.0 (Linux; Android 6.0.1; Nexus 5X Build/MMB29P) AppleWebKit/537.36 (KHTML, like Gecko) Chrome/146.0.7680.177 Mobile Safari/537.36 (compatible; Googlebot/2.1; +http://www.google.com/bot.html)"
66.249.66.161 - - [05/Apr/2026:17:52:20 +0200] "GET /?prizes/184425985 HTTP/1.1" 200 27688 "-" "Mozilla/5.0 (Linux; Android 6.0.1; Nexus 5X Build/MMB29P) AppleWebKit/537.36 (KHTML, like Gecko) Chrome/146.0.7680.177 Mobile Safari/537.36 (compatible; Googlebot/2.1; +http://www.google.com/bot.html)"
66.249.66.65 - - [05/Apr/2026:17:52:29 +0200] "GET /index.php?prizes/198591086 HTTP/1.1" 301 0 "-" "Mozilla/5.0 (Linux; Android 6.0.1; Nexus 5X Build/MMB29P) AppleWebKit/537.36 (KHTML, like Gecko) Chrome/146.0.7680.177 Mobile Safari/537.36 (compatible; Googlebot/2.1; +http://www.google.com/bot.html)"
66.249.66.2 - - [05/Apr/2026:17:52:31 +0200] "GET /?prizes/198591086 HTTP/1.1" 200 27720 "-" "Mozilla/5.0 (Linux; Android 6.0.1; Nexus 5X Build/MMB29P) AppleWebKit/537.36 (KHTML, like Gecko) Chrome/146.0.7680.177 Mobile Safari/537.36 (compatible; Googlebot/2.1; +http://www.google.com/bot.html)"
66.249.66.41 - - [05/Apr/2026:17:52:39 +0200] "GET /index.php?prizes/202124268 HTTP/1.1" 301 0 "-" "Mozilla/5.0 (Linux; Android 6.0.1; Nexus 5X Build/MMB29P) AppleWebKit/537.36 (KHTML, like Gecko) Chrome/146.0.7680.177 Mobile Safari/537.36 (compatible; Googlebot/2.1; +http://www.google.com/bot.html)"
66.249.66.65 - - [05/Apr/2026:17:52:41 +0200] "GET /?prizes/202124268 HTTP/1.1" 200 27272 "-" "Mozilla/5.0 (Linux; Android 6.0.1; Nexus 5X Build/MMB29P) AppleWebKit/537.36 (KHTML, like Gecko) Chrome/146.0.7680.177 Mobile Safari/537.36 (compatible; Googlebot/2.1; +http://www.google.com/bot.html)"
66.249.66.194 - - [05/Apr/2026:17:52:50 +0200] "GET /index.php?prizes/193433975 HTTP/1.1" 301 0 "-" "Mozilla/5.0 (Linux; Android 6.0.1; Nexus 5X Build/MMB29P) AppleWebKit/537.36 (KHTML, like Gecko) Chrome/146.0.7680.177 Mobile Safari/537.36 (compatible; Googlebot/2.1; +http://www.google.com/bot.html)"
103.115.243.145 - - [05/Apr/2026:17:52:50 +0200] "GET /wp-content/index.php HTTP/1.1" 200 1802 "-" "Mozilla/5.0 (Windows NT 10.0; Win64; x64) AppleWebKit/537.36 (KHTML, like Gecko) Chrome/146.0.0.0 Safari/537.36"
103.115.243.144 - - [05/Apr/2026:17:52:51 +0200] "GET /wp-content/index.php HTTP/1.1" 200 1807 "-" "Mozilla/5.0 (Windows NT 10.0; Win64; x64) AppleWebKit/537.36 (KHTML, like Gecko) Chrome/146.0.0.0 Safari/537.36"
66.249.66.65 - - [05/Apr/2026:17:52:51 +0200] "GET /?prizes/193433975 HTTP/1.1" 200 27730 "-" "Mozilla/5.0 (Linux; Android 6.0.1; Nexus 5X Build/MMB29P) AppleWebKit/537.36 (KHTML, like Gecko) Chrome/146.0.7680.177 Mobile Safari/537.36 (compatible; Googlebot/2.1; +http://www.google.com/bot.html)"
103.115.243.144 - - [05/Apr/2026:17:52:53 +0200] "GET /favicon.ico HTTP/1.1" 200 0 "https://ribari.net.blife.eu/wp-content/index.php" "Mozilla/5.0 (Windows NT 10.0; Win64; x64) AppleWebKit/537.36 (KHTML, like Gecko) Chrome/146.0.0.0 Safari/537.36"
103.115.243.145 - - [05/Apr/2026:17:52:53 +0200] "GET /favicon.ico HTTP/1.1" 200 0 "https://ribari.net/wp-content/index.php" "Mozilla/5.0 (Windows NT 10.0; Win64; x64) AppleWebKit/537.36 (KHTML, like Gecko) Chrome/146.0.0.0 Safari/537.36"
66.249.66.2 - - [05/Apr/2026:17:53:01 +0200] "GET /index.php?prizes/146894187 HTTP/1.1" 301 0 "-" "Mozilla/5.0 (Linux; Android 6.0.1; Nexus 5X Build/MMB29P) AppleWebKit/537.36 (KHTML, like Gecko) Chrome/146.0.7680.177 Mobile Safari/537.36 (compatible; Googlebot/2.1; +http://www.google.com/bot.html)"
66.249.66.161 - - [05/Apr/2026:17:53:01 +0200] "GET /?prizes/146894187 HTTP/1.1" 502 552 "-" "Mozilla/5.0 (Linux; Android 6.0.1; Nexus 5X Build/MMB29P) AppleWebKit/537.36 (KHTML, like Gecko) Chrome/146.0.7680.177 Mobile Safari/537.36 (compatible; Googlebot/2.1; +http://www.google.com/bot.html)"
161.97.137.93 - - [05/Apr/2026:17:53:11 +0200] "POST /wp-cron.php?doing_wp_cron=1775404391.1133239269256591796875 HTTP/1.1" 404 13199 "https://ribari.net/wp-cron.php?doing_wp_cron=1775404391.1133239269256591796875" "WordPress/4.9.13; https://ribari.net"
66.249.66.161 - - [05/Apr/2026:17:53:11 +0200] "GET /index.php?prizes/147958006 HTTP/1.1" 301 0 "-" "Mozilla/5.0 (Linux; Android 6.0.1; Nexus 5X Build/MMB29P) AppleWebKit/537.36 (KHTML, like Gecko) Chrome/146.0.7680.177 Mobile Safari/537.36 (compatible; Googlebot/2.1; +http://www.google.com/bot.html)"
66.249.66.195 - - [05/Apr/2026:17:53:13 +0200] "GET /?prizes/147958006 HTTP/1.1" 200 27384 "-" "Mozilla/5.0 (Linux; Android 6.0.1; Nexus 5X Build/MMB29P) AppleWebKit/537.36 (KHTML, like Gecko) Chrome/146.0.7680.177 Mobile Safari/537.36 (compatible; Googlebot/2.1; +http://www.google.com/bot.html)"
66.249.66.194 - - [05/Apr/2026:17:53:21 +0200] "GET /index.php?prizes/199740955 HTTP/1.1" 301 0 "-" "Mozilla/5.0 (Linux; Android 6.0.1; Nexus 5X Build/MMB29P) AppleWebKit/537.36 (KHTML, like Gecko) Chrome/146.0.7680.177 Mobile Safari/537.36 (compatible; Googlebot/2.1; +http://www.google.com/bot.html)"
66.249.66.41 - - [05/Apr/2026:17:53:23 +0200] "GET /?prizes/199740955 HTTP/1.1" 200 27540 "-" "Mozilla/5.0 (Linux; Android 6.0.1; Nexus 5X Build/MMB29P) AppleWebKit/537.36 (KHTML, like Gecko) Chrome/146.0.7680.177 Mobile Safari/537.36 (compatible; Googlebot/2.1; +http://www.google.com/bot.html)"
116.179.37.230 - - [05/Apr/2026:17:53:31 +0200] "GET /wp-content/uploads/2020/031/4-265x198.jpg HTTP/1.1" 200 12540 "-" "Baiduspider-image+(+http://www.baidu.com/search/spider.htm)"
66.249.66.161 - - [05/Apr/2026:17:53:31 +0200] "GET /index.php?prizes/192311349 HTTP/1.1" 301 0 "-" "Mozilla/5.0 (Linux; Android 6.0.1; Nexus 5X Build/MMB29P) AppleWebKit/537.36 (KHTML, like Gecko) Chrome/146.0.7680.177 Mobile Safari/537.36 (compatible; Googlebot/2.1; +http://www.google.com/bot.html)"
66.249.66.2 - - [05/Apr/2026:17:53:33 +0200] "GET /?prizes/192311349 HTTP/1.1" 200 27785 "-" "Mozilla/5.0 (Linux; Android 6.0.1; Nexus 5X Build/MMB29P) AppleWebKit/537.36 (KHTML, like Gecko) Chrome/146.0.7680.177 Mobile Safari/537.36 (compatible; Googlebot/2.1; +http://www.google.com/bot.html)"
66.249.66.65 - - [05/Apr/2026:17:53:42 +0200] "GET /index.php?prizes/205025531 HTTP/1.1" 301 0 "-" "Mozilla/5.0 (Linux; Android 6.0.1; Nexus 5X Build/MMB29P) AppleWebKit/537.36 (KHTML, like Gecko) Chrome/146.0.7680.177 Mobile Safari/537.36 (compatible; Googlebot/2.1; +http://www.google.com/bot.html)"
66.249.66.2 - - [05/Apr/2026:17:53:44 +0200] "GET /?prizes/205025531 HTTP/1.1" 200 27702 "-" "Mozilla/5.0 (Linux; Android 6.0.1; Nexus 5X Build/MMB29P) AppleWebKit/537.36 (KHTML, like Gecko) Chrome/146.0.7680.177 Mobile Safari/537.36 (compatible; Googlebot/2.1; +http://www.google.com/bot.html)"
66.249.66.204 - - [05/Apr/2026:17:53:52 +0200] "GET /index.php?prizes/37060339 HTTP/1.1" 301 0 "-" "Mozilla/5.0 (Linux; Android 6.0.1; Nexus 5X Build/MMB29P) AppleWebKit/537.36 (KHTML, like Gecko) Chrome/146.0.7680.177 Mobile Safari/537.36 (compatible; Googlebot/2.1; +http://www.google.com/bot.html)"
66.249.66.6 - - [05/Apr/2026:17:53:54 +0200] "GET /?prizes/37060339 HTTP/1.1" 200 26992 "-" "Mozilla/5.0 (Linux; Android 6.0.1; Nexus 5X Build/MMB29P) AppleWebKit/537.36 (KHTML, like Gecko) Chrome/146.0.7680.177 Mobile Safari/537.36 (compatible; Googlebot/2.1; +http://www.google.com/bot.html)"
52.167.144.138 - - [05/Apr/2026:17:54:00 +0200] "GET /%D1%85%D0%B8%D1%80%D0%BE%D0%BD%D0%BE%D0%BC%D1%83%D1%81-%D0%BD%D0%B0%D0%B9-%D0%B4%D0%BE%D0%B1%D1%80%D0%B0%D1%82%D0%B0-%D1%81%D1%82%D1%80%D1%8A%D0%B2/ HTTP/1.1" 200 19999 "-" "Mozilla/5.0 AppleWebKit/537.36 (KHTML, like Gecko; compatible; bingbot/2.0; +http://www.bing.com/bingbot.htm) Chrome/116.0.1938.76 Safari/537.36"
66.249.66.8 - - [05/Apr/2026:17:54:03 +0200] "GET /index.php?prizes/60303167 HTTP/1.1" 502 552 "-" "Mozilla/5.0 (Linux; Android 6.0.1; Nexus 5X Build/MMB29P) AppleWebKit/537.36 (KHTML, like Gecko) Chrome/146.0.7680.177 Mobile Safari/537.36 (compatible; Googlebot/2.1; +http://www.google.com/bot.html)"
161.97.137.93 - - [05/Apr/2026:17:54:13 +0200] "POST /wp-cron.php?doing_wp_cron=1775404453.4451420307159423828125 HTTP/1.1" 404 13202 "https://ribari.net/wp-cron.php?doing_wp_cron=1775404453.4451420307159423828125" "WordPress/4.9.13; https://ribari.net"
66.249.66.37 - - [05/Apr/2026:17:54:13 +0200] "GET /index.php?prizes/208673349 HTTP/1.1" 301 0 "-" "Mozilla/5.0 (Linux; Android 6.0.1; Nexus 5X Build/MMB29P) AppleWebKit/537.36 (KHTML, like Gecko) Chrome/146.0.7680.177 Mobile Safari/537.36 (compatible; Googlebot/2.1; +http://www.google.com/bot.html)"
66.249.66.165 - - [05/Apr/2026:17:54:15 +0200] "GET /?prizes/208673349 HTTP/1.1" 200 27092 "-" "Mozilla/5.0 (Linux; Android 6.0.1; Nexus 5X Build/MMB29P) AppleWebKit/537.36 (KHTML, like Gecko) Chrome/146.0.7680.177 Mobile Safari/537.36 (compatible; Googlebot/2.1; +http://www.google.com/bot.html)"
66.249.66.204 - - [05/Apr/2026:17:54:21 +0200] "GET /%D0%BD%D0%B8%D0%B2%D0%BE%D1%82%D0%BE-%D0%BD%D0%B0-%D1%8F%D0%B7%D0%BE%D0%B2%D0%B8%D1%80-%D1%82%D0%B8%D1%87%D0%B0-%D1%81%D0%B5-%D0%B2%D0%B4%D0%B8%D0%B3%D0%BD%D0%B0-%D1%81-20-%D1%81%D0%BC/feed/ HTTP/1.1" 200 558 "-" "Mozilla/5.0 (Linux; Android 6.0.1; Nexus 5X Build/MMB29P) AppleWebKit/537.36 (KHTML, like Gecko) Chrome/146.0.7680.177 Mobile Safari/537.36 (compatible; Googlebot/2.1; +http://www.google.com/bot.html)"
66.249.66.165 - - [05/Apr/2026:17:54:23 +0200] "GET /index.php?prizes/210188379 HTTP/1.1" 301 0 "-" "Mozilla/5.0 (Linux; Android 6.0.1; Nexus 5X Build/MMB29P) AppleWebKit/537.36 (KHTML, like Gecko) Chrome/146.0.7680.177 Mobile Safari/537.36 (compatible; Googlebot/2.1; +http://www.google.com/bot.html)"
66.249.66.6 - - [05/Apr/2026:17:54:25 +0200] "GET /?prizes/210188379 HTTP/1.1" 200 27527 "-" "Mozilla/5.0 (Linux; Android 6.0.1; Nexus 5X Build/MMB29P) AppleWebKit/537.36 (KHTML, like Gecko) Chrome/146.0.7680.177 Mobile Safari/537.36 (compatible; Googlebot/2.1; +http://www.google.com/bot.html)"
66.249.66.6 - - [05/Apr/2026:17:54:34 +0200] "GET /index.php?prizes/195053864 HTTP/1.1" 301 0 "-" "Mozilla/5.0 (Linux; Android 6.0.1; Nexus 5X Build/MMB29P) AppleWebKit/537.36 (KHTML, like Gecko) Chrome/146.0.7680.177 Mobile Safari/537.36 (compatible; Googlebot/2.1; +http://www.google.com/bot.html)"
66.249.66.37 - - [05/Apr/2026:17:54:36 +0200] "GET /?prizes/195053864 HTTP/1.1" 200 27454 "-" "Mozilla/5.0 (Linux; Android 6.0.1; Nexus 5X Build/MMB29P) AppleWebKit/537.36 (KHTML, like Gecko) Chrome/146.0.7680.177 Mobile Safari/537.36 (compatible; Googlebot/2.1; +http://www.google.com/bot.html)"
66.249.66.165 - - [05/Apr/2026:17:54:44 +0200] "GET /index.php?prizes/175139672 HTTP/1.1" 301 0 "-" "Mozilla/5.0 (Linux; Android 6.0.1; Nexus 5X Build/MMB29P) AppleWebKit/537.36 (KHTML, like Gecko) Chrome/146.0.7680.177 Mobile Safari/537.36 (compatible; Googlebot/2.1; +http://www.google.com/bot.html)"
66.249.66.6 - - [05/Apr/2026:17:54:46 +0200] "GET /?prizes/175139672 HTTP/1.1" 200 28096 "-" "Mozilla/5.0 (Linux; Android 6.0.1; Nexus 5X Build/MMB29P) AppleWebKit/537.36 (KHTML, like Gecko) Chrome/146.0.7680.177 Mobile Safari/537.36 (compatible; Googlebot/2.1; +http://www.google.com/bot.html)"
66.249.66.69 - - [05/Apr/2026:17:54:57 +0200] "GET /index.php?prizes/219440157 HTTP/1.1" 301 0 "-" "Mozilla/5.0 (Linux; Android 6.0.1; Nexus 5X Build/MMB29P) AppleWebKit/537.36 (KHTML, like Gecko) Chrome/146.0.7680.177 Mobile Safari/537.36 (compatible; Googlebot/2.1; +http://www.google.com/bot.html)"
116.179.32.197 - - [05/Apr/2026:17:54:57 +0200] "GET /wp-content/uploads/2020/031/4-533x261.jpg HTTP/1.1" 200 30097 "-" "Baiduspider-image+(+http://www.baidu.com/search/spider.htm)"
66.249.66.6 - - [05/Apr/2026:17:54:58 +0200] "GET /index.php?prizes/58245086 HTTP/1.1" 301 0 "-" "Mozilla/5.0 (Linux; Android 6.0.1; Nexus 5X Build/MMB29P) AppleWebKit/537.36 (KHTML, like Gecko) Chrome/146.0.7680.177 Mobile Safari/537.36 (compatible; Googlebot/2.1; +http://www.google.com/bot.html)"
66.249.66.37 - - [05/Apr/2026:17:55:00 +0200] "GET /?prizes/219440157 HTTP/1.1" 200 27729 "-" "Mozilla/5.0 (Linux; Android 6.0.1; Nexus 5X Build/MMB29P) AppleWebKit/537.36 (KHTML, like Gecko) Chrome/146.0.7680.177 Mobile Safari/537.36 (compatible; Googlebot/2.1; +http://www.google.com/bot.html)"
66.249.66.204 - - [05/Apr/2026:17:55:01 +0200] "GET /?prizes/58245086 HTTP/1.1" 502 552 "-" "Mozilla/5.0 (Linux; Android 6.0.1; Nexus 5X Build/MMB29P) AppleWebKit/537.36 (KHTML, like Gecko) Chrome/146.0.7680.177 Mobile Safari/537.36 (compatible; Googlebot/2.1; +http://www.google.com/bot.html)"
66.249.66.69 - - [05/Apr/2026:17:55:05 +0200] "GET /index.php?prizes/174893975 HTTP/1.1" 301 0 "-" "Mozilla/5.0 (Linux; Android 6.0.1; Nexus 5X Build/MMB29P) AppleWebKit/537.36 (KHTML, like Gecko) Chrome/146.0.7680.177 Mobile Safari/537.36 (compatible; Googlebot/2.1; +http://www.google.com/bot.html)"
66.249.66.165 - - [05/Apr/2026:17:55:07 +0200] "GET /?prizes/174893975 HTTP/1.1" 200 27660 "-" "Mozilla/5.0 (Linux; Android 6.0.1; Nexus 5X Build/MMB29P) AppleWebKit/537.36 (KHTML, like Gecko) Chrome/146.0.7680.177 Mobile Safari/537.36 (compatible; Googlebot/2.1; +http://www.google.com/bot.html)"
161.97.137.93 - - [05/Apr/2026:17:55:16 +0200] "POST /wp-cron.php?doing_wp_cron=1775404515.7499539852142333984375 HTTP/1.1" 404 13202 "https://ribari.net/wp-cron.php?doing_wp_cron=1775404515.7499539852142333984375" "WordPress/4.9.13; https://ribari.net"
66.249.66.204 - - [05/Apr/2026:17:55:16 +0200] "GET /index.php?prizes/51818187 HTTP/1.1" 301 0 "-" "Mozilla/5.0 (Linux; Android 6.0.1; Nexus 5X Build/MMB29P) AppleWebKit/537.36 (KHTML, like Gecko) Chrome/146.0.7680.177 Mobile Safari/537.36 (compatible; Googlebot/2.1; +http://www.google.com/bot.html)"
66.249.66.69 - - [05/Apr/2026:17:55:17 +0200] "GET /?prizes/51818187 HTTP/1.1" 200 27701 "-" "Mozilla/5.0 (Linux; Android 6.0.1; Nexus 5X Build/MMB29P) AppleWebKit/537.36 (KHTML, like Gecko) Chrome/146.0.7680.177 Mobile Safari/537.36 (compatible; Googlebot/2.1; +http://www.google.com/bot.html)"
66.249.66.204 - - [05/Apr/2026:17:55:26 +0200] "GET /index.php?prizes/35643844 HTTP/1.1" 301 0 "-" "Mozilla/5.0 (Linux; Android 6.0.1; Nexus 5X Build/MMB29P) AppleWebKit/537.36 (KHTML, like Gecko) Chrome/146.0.7680.177 Mobile Safari/537.36 (compatible; Googlebot/2.1; +http://www.google.com/bot.html)"
66.249.66.37 - - [05/Apr/2026:17:55:28 +0200] "GET /?prizes/35643844 HTTP/1.1" 200 27734 "-" "Mozilla/5.0 (Linux; Android 6.0.1; Nexus 5X Build/MMB29P) AppleWebKit/537.36 (KHTML, like Gecko) Chrome/146.0.7680.177 Mobile Safari/537.36 (compatible; Googlebot/2.1; +http://www.google.com/bot.html)"
66.249.66.6 - - [05/Apr/2026:17:55:29 +0200] "GET /index.php?prizes/234770076 HTTP/1.1" 301 0 "-" "Mozilla/5.0 (Linux; Android 6.0.1; Nexus 5X Build/MMB29P) AppleWebKit/537.36 (KHTML, like Gecko) Chrome/146.0.7680.177 Mobile Safari/537.36 (compatible; Googlebot/2.1; +http://www.google.com/bot.html)"
66.249.66.6 - - [05/Apr/2026:17:55:31 +0200] "GET /?prizes/234770076 HTTP/1.1" 200 28044 "-" "Mozilla/5.0 (Linux; Android 6.0.1; Nexus 5X Build/MMB29P) AppleWebKit/537.36 (KHTML, like Gecko) Chrome/146.0.7680.177 Mobile Safari/537.36 (compatible; Googlebot/2.1; +http://www.google.com/bot.html)"
66.249.66.204 - - [05/Apr/2026:17:55:36 +0200] "GET /index.php?prizes/194151167 HTTP/1.1" 301 0 "-" "Mozilla/5.0 (Linux; Android 6.0.1; Nexus 5X Build/MMB29P) AppleWebKit/537.36 (KHTML, like Gecko) Chrome/146.0.7680.177 Mobile Safari/537.36 (compatible; Googlebot/2.1; +http://www.google.com/bot.html)"
66.249.66.165 - - [05/Apr/2026:17:55:38 +0200] "GET /?prizes/194151167 HTTP/1.1" 200 28020 "-" "Mozilla/5.0 (Linux; Android 6.0.1; Nexus 5X Build/MMB29P) AppleWebKit/537.36 (KHTML, like Gecko) Chrome/146.0.7680.177 Mobile Safari/537.36 (compatible; Googlebot/2.1; +http://www.google.com/bot.html)"
54.235.191.179 - - [05/Apr/2026:17:55:46 +0200] "GET /wp-content/themes/Newspaper/includes/demos/blog_cars/td_panel_settings.txt HTTP/1.1" 200 11248 "-" "Mozilla/5.0 AppleWebKit/537.36 (KHTML, like Gecko; compatible; Amazonbot/0.1; +https://developer.amazon.com/support/amazonbot) Chrome/119.0.6045.214 Safari/537.36"
66.249.66.165 - - [05/Apr/2026:17:55:46 +0200] "GET /index.php?prizes/192635238 HTTP/1.1" 301 0 "-" "Mozilla/5.0 (Linux; Android 6.0.1; Nexus 5X Build/MMB29P) AppleWebKit/537.36 (KHTML, like Gecko) Chrome/146.0.7680.177 Mobile Safari/537.36 (compatible; Googlebot/2.1; +http://www.google.com/bot.html)"
66.249.66.6 - - [05/Apr/2026:17:55:49 +0200] "GET /?prizes/192635238 HTTP/1.1" 200 27979 "-" "Mozilla/5.0 (Linux; Android 6.0.1; Nexus 5X Build/MMB29P) AppleWebKit/537.36 (KHTML, like Gecko) Chrome/146.0.7680.177 Mobile Safari/537.36 (compatible; Googlebot/2.1; +http://www.google.com/bot.html)"
54.225.181.161 - - [05/Apr/2026:17:55:50 +0200] "GET /wp-content/plugins/td-composer/includes/templates/ HTTP/1.1" 200 345 "-" "Mozilla/5.0 AppleWebKit/537.36 (KHTML, like Gecko; compatible; Amazonbot/0.1; +https://developer.amazon.com/support/amazonbot) Chrome/119.0.6045.214 Safari/537.36"
3.93.98.99 - - [05/Apr/2026:17:55:54 +0200] "GET /wp-content/plugins/td-composer/css-live/assets/less/ HTTP/1.1" 200 394 "-" "Mozilla/5.0 AppleWebKit/537.36 (KHTML, like Gecko; compatible; Amazonbot/0.1; +https://developer.amazon.com/support/amazonbot) Chrome/119.0.6045.214 Safari/537.36"
66.249.66.204 - - [05/Apr/2026:17:55:57 +0200] "GET /index.php?prizes/179301400 HTTP/1.1" 301 0 "-" "Mozilla/5.0 (Linux; Android 6.0.1; Nexus 5X Build/MMB29P) AppleWebKit/537.36 (KHTML, like Gecko) Chrome/146.0.7680.177 Mobile Safari/537.36 (compatible; Googlebot/2.1; +http://www.google.com/bot.html)"
66.249.66.38 - - [05/Apr/2026:17:55:59 +0200] "GET /?prizes/179301400 HTTP/1.1" 200 27516 "-" "Mozilla/5.0 (Linux; Android 6.0.1; Nexus 5X Build/MMB29P) AppleWebKit/537.36 (KHTML, like Gecko) Chrome/146.0.7680.177 Mobile Safari/537.36 (compatible; Googlebot/2.1; +http://www.google.com/bot.html)"
66.249.66.6 - - [05/Apr/2026:17:56:07 +0200] "GET /index.php?prizes/64625864%20%20%20%20%20%20%20%20%20%20%20%20%20%20%20%20%20%20%20%20%20%20%20%20%20%20%20%20%20%20%20%20class= HTTP/1.1" 301 0 "-" "Mozilla/5.0 (Linux; Android 6.0.1; Nexus 5X Build/MMB29P) AppleWebKit/537.36 (KHTML, like Gecko) Chrome/146.0.7680.177 Mobile Safari/537.36 (compatible; Googlebot/2.1; +http://www.google.com/bot.html)"
66.249.66.6 - - [05/Apr/2026:17:56:09 +0200] "GET /?prizes/64625864________________________________class HTTP/1.1" 200 28492 "-" "Mozilla/5.0 (Linux; Android 6.0.1; Nexus 5X Build/MMB29P) AppleWebKit/537.36 (KHTML, like Gecko) Chrome/146.0.7680.177 Mobile Safari/537.36 (compatible; Googlebot/2.1; +http://www.google.com/bot.html)"
161.97.137.93 - - [05/Apr/2026:17:56:18 +0200] "POST /wp-cron.php?doing_wp_cron=1775404578.1763679981231689453125 HTTP/1.1" 404 13202 "https://ribari.net/wp-cron.php?doing_wp_cron=1775404578.1763679981231689453125" "WordPress/4.9.13; https://ribari.net"
66.249.66.37 - - [05/Apr/2026:17:56:18 +0200] "GET /index.php?prizes/195660814 HTTP/1.1" 301 0 "-" "Mozilla/5.0 (Linux; Android 6.0.1; Nexus 5X Build/MMB29P) AppleWebKit/537.36 (KHTML, like Gecko) Chrome/146.0.7680.177 Mobile Safari/537.36 (compatible; Googlebot/2.1; +http://www.google.com/bot.html)"
66.249.66.204 - - [05/Apr/2026:17:56:20 +0200] "GET /?prizes/195660814 HTTP/1.1" 200 28010 "-" "Mozilla/5.0 (Linux; Android 6.0.1; Nexus 5X Build/MMB29P) AppleWebKit/537.36 (KHTML, like Gecko) Chrome/146.0.7680.177 Mobile Safari/537.36 (compatible; Googlebot/2.1; +http://www.google.com/bot.html)"
220.181.51.118 - - [05/Apr/2026:17:56:26 +0200] "GET /wp-content/uploads/2020/04/ded-356x220.jpg HTTP/1.1" 200 19832 "-" "Mozilla/5.0 (Windows NT 10.0; WOW64) AppleWebKit/537.36 (KHTML, like Gecko) Chrome/48.0.2564.116 Safari/537.36"
85.208.96.201 - - [05/Apr/2026:17:56:33 +0200] "GET /1200-%D0%BC-%D0%BC%D1%80%D0%B5%D0%B6%D0%B8-%D0%B8%D0%B7%D0%B2%D0%B0%D0%B4%D0%B8-%D0%B8%D0%B0%D1%80%D0%B0-%D0%BE%D1%82-%D1%8F%D0%B7%D0%BE%D0%B2%D0%B8%D1%80-%D0%B0%D0%BB%D0%B5%D0%BA%D1%81%D0%B0%D0%BD/ HTTP/1.1" 200 21076 "-" "Mozilla/5.0 (compatible; SemrushBot/7~bl; +http://www.semrush.com/bot.html)"
66.249.66.165 - - [05/Apr/2026:17:56:35 +0200] "GET /index.php?prizes/175301127 HTTP/1.1" 301 0 "-" "Mozilla/5.0 (Linux; Android 6.0.1; Nexus 5X Build/MMB29P) AppleWebKit/537.36 (KHTML, like Gecko) Chrome/146.0.7680.177 Mobile Safari/537.36 (compatible; Googlebot/2.1; +http://www.google.com/bot.html)"
66.249.66.204 - - [05/Apr/2026:17:56:36 +0200] "GET /index.php?prizes/190724753 HTTP/1.1" 301 0 "-" "Mozilla/5.0 (Linux; Android 6.0.1; Nexus 5X Build/MMB29P) AppleWebKit/537.36 (KHTML, like Gecko) Chrome/146.0.7680.177 Mobile Safari/537.36 (compatible; Googlebot/2.1; +http://www.google.com/bot.html)"
66.249.66.165 - - [05/Apr/2026:17:56:38 +0200] "GET /?prizes/175301127 HTTP/1.1" 200 27829 "-" "Mozilla/5.0 (Linux; Android 6.0.1; Nexus 5X Build/MMB29P) AppleWebKit/537.36 (KHTML, like Gecko) Chrome/146.0.7680.177 Mobile Safari/537.36 (compatible; Googlebot/2.1; +http://www.google.com/bot.html)"
66.249.66.6 - - [05/Apr/2026:17:56:40 +0200] "GET /?prizes/190724753 HTTP/1.1" 200 27788 "-" "Mozilla/5.0 (Linux; Android 6.0.1; Nexus 5X Build/MMB29P) AppleWebKit/537.36 (KHTML, like Gecko) Chrome/146.0.7680.177 Mobile Safari/537.36 (compatible; Googlebot/2.1; +http://www.google.com/bot.html)"
66.249.66.165 - - [05/Apr/2026:17:56:41 +0200] "GET /index.php?prizes/196663410 HTTP/1.1" 301 0 "-" "Mozilla/5.0 (Linux; Android 6.0.1; Nexus 5X Build/MMB29P) AppleWebKit/537.36 (KHTML, like Gecko) Chrome/146.0.7680.177 Mobile Safari/537.36 (compatible; Googlebot/2.1; +http://www.google.com/bot.html)"
66.249.66.204 - - [05/Apr/2026:17:56:43 +0200] "GET /?prizes/196663410 HTTP/1.1" 200 26859 "-" "Mozilla/5.0 (Linux; Android 6.0.1; Nexus 5X Build/MMB29P) AppleWebKit/537.36 (KHTML, like Gecko) Chrome/146.0.7680.177 Mobile Safari/537.36 (compatible; Googlebot/2.1; +http://www.google.com/bot.html)"
66.249.66.6 - - [05/Apr/2026:17:56:44 +0200] "GET /commoditys/044012260 HTTP/1.1" 404 13202 "-" "Mozilla/5.0 (Linux; Android 6.0.1; Nexus 5X Build/MMB29P) AppleWebKit/537.36 (KHTML, like Gecko) Chrome/146.0.7680.177 Mobile Safari/537.36 (compatible; Googlebot/2.1; +http://www.google.com/bot.html)"
66.249.66.37 - - [05/Apr/2026:17:56:49 +0200] "GET /index.php?prizes/50089632 HTTP/1.1" 301 0 "-" "Mozilla/5.0 (Linux; Android 6.0.1; Nexus 5X Build/MMB29P) AppleWebKit/537.36 (KHTML, like Gecko) Chrome/146.0.7680.177 Mobile Safari/537.36 (compatible; Googlebot/2.1; +http://www.google.com/bot.html)"
66.249.66.6 - - [05/Apr/2026:17:56:51 +0200] "GET /?prizes/50089632 HTTP/1.1" 200 27075 "-" "Mozilla/5.0 (Linux; Android 6.0.1; Nexus 5X Build/MMB29P) AppleWebKit/537.36 (KHTML, like Gecko) Chrome/146.0.7680.177 Mobile Safari/537.36 (compatible; Googlebot/2.1; +http://www.google.com/bot.html)"
66.249.66.38 - - [05/Apr/2026:17:56:55 +0200] "GET /index.php?prizes/269016086 HTTP/1.1" 301 0 "-" "Mozilla/5.0 (Linux; Android 6.0.1; Nexus 5X Build/MMB29P) AppleWebKit/537.36 (KHTML, like Gecko) Chrome/146.0.7680.177 Mobile Safari/537.36 (compatible; Googlebot/2.1; +http://www.google.com/bot.html)"
66.249.66.7 - - [05/Apr/2026:17:56:57 +0200] "GET /?prizes/269016086 HTTP/1.1" 200 27934 "-" "Mozilla/5.0 (Linux; Android 6.0.1; Nexus 5X Build/MMB29P) AppleWebKit/537.36 (KHTML, like Gecko) Chrome/146.0.7680.177 Mobile Safari/537.36 (compatible; Googlebot/2.1; +http://www.google.com/bot.html)"
66.249.66.69 - - [05/Apr/2026:17:56:59 +0200] "GET /index.php?prizes/54439006 HTTP/1.1" 301 0 "-" "Mozilla/5.0 (Linux; Android 6.0.1; Nexus 5X Build/MMB29P) AppleWebKit/537.36 (KHTML, like Gecko) Chrome/146.0.7680.177 Mobile Safari/537.36 (compatible; Googlebot/2.1; +http://www.google.com/bot.html)"
66.249.66.192 - - [05/Apr/2026:17:57:01 +0200] "GET /?prizes/54439006 HTTP/1.1" 502 552 "-" "Mozilla/5.0 (Linux; Android 6.0.1; Nexus 5X Build/MMB29P) AppleWebKit/537.36 (KHTML, like Gecko) Chrome/146.0.7680.177 Mobile Safari/537.36 (compatible; Googlebot/2.1; +http://www.google.com/bot.html)"
66.249.66.6 - - [05/Apr/2026:17:57:10 +0200] "GET /?l=qzoh257oz39394rkblwbubl HTTP/1.1" 200 27413 "-" "Mozilla/5.0 (Linux; Android 6.0.1; Nexus 5X Build/MMB29P) AppleWebKit/537.36 (KHTML, like Gecko) Chrome/146.0.7680.177 Mobile Safari/537.36 (compatible; Googlebot/2.1; +http://www.google.com/bot.html)"
66.249.66.165 - - [05/Apr/2026:17:57:11 +0200] "GET /index.php?prizes/54706066 HTTP/1.1" 301 0 "-" "Mozilla/5.0 (Linux; Android 6.0.1; Nexus 5X Build/MMB29P) AppleWebKit/537.36 (KHTML, like Gecko) Chrome/146.0.7680.177 Mobile Safari/537.36 (compatible; Googlebot/2.1; +http://www.google.com/bot.html)"
66.249.66.204 - - [05/Apr/2026:17:57:13 +0200] "GET /?prizes/54706066 HTTP/1.1" 200 27570 "-" "Mozilla/5.0 (Linux; Android 6.0.1; Nexus 5X Build/MMB29P) AppleWebKit/537.36 (KHTML, like Gecko) Chrome/146.0.7680.177 Mobile Safari/537.36 (compatible; Googlebot/2.1; +http://www.google.com/bot.html)"
161.97.137.93 - - [05/Apr/2026:17:57:22 +0200] "POST /wp-cron.php?doing_wp_cron=1775404642.4932088851928710937500 HTTP/1.1" 404 13203 "https://ribari.net/wp-cron.php?doing_wp_cron=1775404642.4932088851928710937500" "WordPress/4.9.13; https://ribari.net"
66.249.66.165 - - [05/Apr/2026:17:57:22 +0200] "GET /index.php?prizes/225027460 HTTP/1.1" 301 0 "-" "Mozilla/5.0 (Linux; Android 6.0.1; Nexus 5X Build/MMB29P) AppleWebKit/537.36 (KHTML, like Gecko) Chrome/146.0.7680.177 Mobile Safari/537.36 (compatible; Googlebot/2.1; +http://www.google.com/bot.html)"
66.249.66.37 - - [05/Apr/2026:17:57:24 +0200] "GET /index.php?prizes/211157349 HTTP/1.1" 301 0 "-" "Mozilla/5.0 (Linux; Android 6.0.1; Nexus 5X Build/MMB29P) AppleWebKit/537.36 (KHTML, like Gecko) Chrome/146.0.7680.177 Mobile Safari/537.36 (compatible; Googlebot/2.1; +http://www.google.com/bot.html)"
66.249.66.69 - - [05/Apr/2026:17:57:25 +0200] "GET /index.php?prizes/142501288 HTTP/1.1" 301 0 "-" "Mozilla/5.0 (Linux; Android 6.0.1; Nexus 5X Build/MMB29P) AppleWebKit/537.36 (KHTML, like Gecko) Chrome/146.0.7680.177 Mobile Safari/537.36 (compatible; Googlebot/2.1; +http://www.google.com/bot.html)"
66.249.66.204 - - [05/Apr/2026:17:57:27 +0200] "GET /index.php?prizes/162861107 HTTP/1.1" 301 0 "-" "Mozilla/5.0 (Linux; Android 6.0.1; Nexus 5X Build/MMB29P) AppleWebKit/537.36 (KHTML, like Gecko) Chrome/146.0.7680.177 Mobile Safari/537.36 (compatible; Googlebot/2.1; +http://www.google.com/bot.html)"
66.249.66.69 - - [05/Apr/2026:17:57:29 +0200] "GET /?prizes/225027460 HTTP/1.1" 200 27620 "-" "Mozilla/5.0 (Linux; Android 6.0.1; Nexus 5X Build/MMB29P) AppleWebKit/537.36 (KHTML, like Gecko) Chrome/146.0.7680.177 Mobile Safari/537.36 (compatible; Googlebot/2.1; +http://www.google.com/bot.html)"
66.249.66.69 - - [05/Apr/2026:17:57:31 +0200] "GET /?prizes/211157349 HTTP/1.1" 200 27395 "-" "Mozilla/5.0 (Linux; Android 6.0.1; Nexus 5X Build/MMB29P) AppleWebKit/537.36 (KHTML, like Gecko) Chrome/146.0.7680.177 Mobile Safari/537.36 (compatible; Googlebot/2.1; +http://www.google.com/bot.html)"
66.249.66.69 - - [05/Apr/2026:17:57:33 +0200] "GET /?prizes/142501288 HTTP/1.1" 200 27704 "-" "Mozilla/5.0 (Linux; Android 6.0.1; Nexus 5X Build/MMB29P) AppleWebKit/537.36 (KHTML, like Gecko) Chrome/146.0.7680.177 Mobile Safari/537.36 (compatible; Googlebot/2.1; +http://www.google.com/bot.html)"
66.249.66.165 - - [05/Apr/2026:17:57:35 +0200] "GET /?prizes/162861107 HTTP/1.1" 200 28147 "-" "Mozilla/5.0 (Linux; Android 6.0.1; Nexus 5X Build/MMB29P) AppleWebKit/537.36 (KHTML, like Gecko) Chrome/146.0.7680.177 Mobile Safari/537.36 (compatible; Googlebot/2.1; +http://www.google.com/bot.html)"
66.249.66.69 - - [05/Apr/2026:17:57:36 +0200] "GET /index.php?prizes/60777682 HTTP/1.1" 301 0 "-" "Mozilla/5.0 (Linux; Android 6.0.1; Nexus 5X Build/MMB29P) AppleWebKit/537.36 (KHTML, like Gecko) Chrome/146.0.7680.177 Mobile Safari/537.36 (compatible; Googlebot/2.1; +http://www.google.com/bot.html)"
66.249.66.165 - - [05/Apr/2026:17:57:38 +0200] "GET /?prizes/60777682 HTTP/1.1" 200 27388 "-" "Mozilla/5.0 (Linux; Android 6.0.1; Nexus 5X Build/MMB29P) AppleWebKit/537.36 (KHTML, like Gecko) Chrome/146.0.7680.177 Mobile Safari/537.36 (compatible; Googlebot/2.1; +http://www.google.com/bot.html)"
66.249.66.69 - - [05/Apr/2026:17:57:41 +0200] "GET /index.php?prizes/208395703 HTTP/1.1" 301 0 "-" "Mozilla/5.0 (Linux; Android 6.0.1; Nexus 5X Build/MMB29P) AppleWebKit/537.36 (KHTML, like Gecko) Chrome/146.0.7680.177 Mobile Safari/537.36 (compatible; Googlebot/2.1; +http://www.google.com/bot.html)"
66.249.66.165 - - [05/Apr/2026:17:57:43 +0200] "GET /?prizes/208395703 HTTP/1.1" 200 27453 "-" "Mozilla/5.0 (Linux; Android 6.0.1; Nexus 5X Build/MMB29P) AppleWebKit/537.36 (KHTML, like Gecko) Chrome/146.0.7680.177 Mobile Safari/537.36 (compatible; Googlebot/2.1; +http://www.google.com/bot.html)"
220.181.108.157 - - [05/Apr/2026:17:57:48 +0200] "GET /wp-content/uploads/2020/06/fdf-485x360.jpg HTTP/1.1" 200 25985 "-" "Baiduspider-image+(+http://www.baidu.com/search/spider.htm)"
66.249.66.165 - - [05/Apr/2026:17:57:51 +0200] "GET /index.php?prizes/209817248 HTTP/1.1" 301 0 "-" "Mozilla/5.0 (Linux; Android 6.0.1; Nexus 5X Build/MMB29P) AppleWebKit/537.36 (KHTML, like Gecko) Chrome/146.0.7680.177 Mobile Safari/537.36 (compatible; Googlebot/2.1; +http://www.google.com/bot.html)"
66.249.66.192 - - [05/Apr/2026:17:57:53 +0200] "GET /?prizes/209817248 HTTP/1.1" 200 27005 "-" "Mozilla/5.0 (Linux; Android 6.0.1; Nexus 5X Build/MMB29P) AppleWebKit/537.36 (KHTML, like Gecko) Chrome/146.0.7680.177 Mobile Safari/537.36 (compatible; Googlebot/2.1; +http://www.google.com/bot.html)"
66.249.66.6 - - [05/Apr/2026:17:58:01 +0200] "GET /index.php?prizes/175139783 HTTP/1.1" 502 552 "-" "Mozilla/5.0 (Linux; Android 6.0.1; Nexus 5X Build/MMB29P) AppleWebKit/537.36 (KHTML, like Gecko) Chrome/146.0.7680.177 Mobile Safari/537.36 (compatible; Googlebot/2.1; +http://www.google.com/bot.html)"
43.130.102.223 - - [05/Apr/2026:17:58:08 +0200] "GET /%d1%82%d1%8a%d0%bd%d0%ba%d0%be%d1%81%d1%82%d0%b8-%d0%b7%d0%b0-%d1%80%d0%b8%d0%b1%d0%be%d0%bb%d0%be%d0%b2-%d0%bd%d0%b0-%d1%80%d0%b5%d0%ba%d0%b0/ HTTP/1.1" 200 19934 "-" "Mozilla/5.0 (iPhone; CPU iPhone OS 13_2_3 like Mac OS X) AppleWebKit/605.1.15 (KHTML, like Gecko) Version/13.0.3 Mobile/15E148 Safari/604.1"
66.249.66.69 - - [05/Apr/2026:17:58:11 +0200] "GET /index.php?prizes/255409440 HTTP/1.1" 301 0 "-" "Mozilla/5.0 (Linux; Android 6.0.1; Nexus 5X Build/MMB29P) AppleWebKit/537.36 (KHTML, like Gecko) Chrome/146.0.7680.177 Mobile Safari/537.36 (compatible; Googlebot/2.1; +http://www.google.com/bot.html)"
66.249.66.38 - - [05/Apr/2026:17:58:13 +0200] "GET /?prizes/255409440 HTTP/1.1" 200 27902 "-" "Mozilla/5.0 (Linux; Android 6.0.1; Nexus 5X Build/MMB29P) AppleWebKit/537.36 (KHTML, like Gecko) Chrome/146.0.7680.177 Mobile Safari/537.36 (compatible; Googlebot/2.1; +http://www.google.com/bot.html)"
66.249.66.7 - - [05/Apr/2026:17:58:14 +0200] "GET /index.php?prizes/209118167 HTTP/1.1" 301 0 "-" "Mozilla/5.0 (Linux; Android 6.0.1; Nexus 5X Build/MMB29P) AppleWebKit/537.36 (KHTML, like Gecko) Chrome/146.0.7680.177 Mobile Safari/537.36 (compatible; Googlebot/2.1; +http://www.google.com/bot.html)"
66.249.66.204 - - [05/Apr/2026:17:58:16 +0200] "GET /?prizes/209118167 HTTP/1.1" 200 27468 "-" "Mozilla/5.0 (Linux; Android 6.0.1; Nexus 5X Build/MMB29P) AppleWebKit/537.36 (KHTML, like Gecko) Chrome/146.0.7680.177 Mobile Safari/537.36 (compatible; Googlebot/2.1; +http://www.google.com/bot.html)"
161.97.137.93 - - [05/Apr/2026:17:58:23 +0200] "POST /wp-cron.php?doing_wp_cron=1775404702.8744080066680908203125 HTTP/1.1" 404 13201 "https://ribari.net/wp-cron.php?doing_wp_cron=1775404702.8744080066680908203125" "WordPress/4.9.13; https://ribari.net"
66.249.66.69 - - [05/Apr/2026:17:58:23 +0200] "GET /index.php?prizes/31550864 HTTP/1.1" 301 0 "-" "Mozilla/5.0 (Linux; Android 6.0.1; Nexus 5X Build/MMB29P) AppleWebKit/537.36 (KHTML, like Gecko) Chrome/146.0.7680.177 Mobile Safari/537.36 (compatible; Googlebot/2.1; +http://www.google.com/bot.html)"
66.249.66.6 - - [05/Apr/2026:17:58:25 +0200] "GET /?prizes/31550864 HTTP/1.1" 200 27091 "-" "Mozilla/5.0 (Linux; Android 6.0.1; Nexus 5X Build/MMB29P) AppleWebKit/537.36 (KHTML, like Gecko) Chrome/146.0.7680.177 Mobile Safari/537.36 (compatible; Googlebot/2.1; +http://www.google.com/bot.html)"
66.249.66.6 - - [05/Apr/2026:17:58:33 +0200] "GET /index.php?prizes/305244571 HTTP/1.1" 301 0 "-" "Mozilla/5.0 (Linux; Android 6.0.1; Nexus 5X Build/MMB29P) AppleWebKit/537.36 (KHTML, like Gecko) Chrome/146.0.7680.177 Mobile Safari/537.36 (compatible; Googlebot/2.1; +http://www.google.com/bot.html)"
66.249.66.165 - - [05/Apr/2026:17:58:35 +0200] "GET /?prizes/305244571 HTTP/1.1" 200 27426 "-" "Mozilla/5.0 (Linux; Android 6.0.1; Nexus 5X Build/MMB29P) AppleWebKit/537.36 (KHTML, like Gecko) Chrome/146.0.7680.177 Mobile Safari/537.36 (compatible; Googlebot/2.1; +http://www.google.com/bot.html)"
66.249.66.6 - - [05/Apr/2026:17:58:43 +0200] "GET /index.php?prizes/179742056 HTTP/1.1" 301 0 "-" "Mozilla/5.0 (Linux; Android 6.0.1; Nexus 5X Build/MMB29P) AppleWebKit/537.36 (KHTML, like Gecko) Chrome/146.0.7680.177 Mobile Safari/537.36 (compatible; Googlebot/2.1; +http://www.google.com/bot.html)"
66.249.66.37 - - [05/Apr/2026:17:58:46 +0200] "GET /?prizes/179742056 HTTP/1.1" 200 27369 "-" "Mozilla/5.0 (Linux; Android 6.0.1; Nexus 5X Build/MMB29P) AppleWebKit/537.36 (KHTML, like Gecko) Chrome/146.0.7680.177 Mobile Safari/537.36 (compatible; Googlebot/2.1; +http://www.google.com/bot.html)"
113.130.126.122 - - [05/Apr/2026:17:58:49 +0200] "GET /wp-content/plugins/td-composer/td-composer.php HTTP/1.1" 500 0 "https://ribari.net/" "Mozilla/5.0 (Macintosh; Intel Mac OS X 10_15_7) AppleWebKit/537.36 (KHTML, like Gecko) Chrome/135.0.0.0 Safari/537.36"
66.249.66.69 - - [05/Apr/2026:17:58:54 +0200] "GET /index.php?prizes/44386773 HTTP/1.1" 301 0 "-" "Mozilla/5.0 (Linux; Android 6.0.1; Nexus 5X Build/MMB29P) AppleWebKit/537.36 (KHTML, like Gecko) Chrome/146.0.7680.177 Mobile Safari/537.36 (compatible; Googlebot/2.1; +http://www.google.com/bot.html)"
66.249.66.37 - - [05/Apr/2026:17:58:56 +0200] "GET /?prizes/44386773 HTTP/1.1" 200 27468 "-" "Mozilla/5.0 (Linux; Android 6.0.1; Nexus 5X Build/MMB29P) AppleWebKit/537.36 (KHTML, like Gecko) Chrome/146.0.7680.177 Mobile Safari/537.36 (compatible; Googlebot/2.1; +http://www.google.com/bot.html)"
66.249.66.37 - - [05/Apr/2026:17:58:58 +0200] "GET /%D0%B8%D0%B7%D0%BF%D1%8A%D0%BB%D0%BD%D0%B8%D1%82%D0%B5%D0%BB%D0%BD%D0%B8%D1%8F%D1%82-%D0%B4%D0%B8%D1%80%D0%B5%D0%BA%D1%82%D0%BE%D1%80-%D0%BD%D0%B0-%D0%B8%D0%B0%D1%80%D0%B0-%D1%83%D0%BD%D0%B8%D1%89/feed/ HTTP/1.1" 200 631 "-" "Mozilla/5.0 (Linux; Android 6.0.1; Nexus 5X Build/MMB29P) AppleWebKit/537.36 (KHTML, like Gecko) Chrome/146.0.7680.177 Mobile Safari/537.36 (compatible; Googlebot/2.1; +http://www.google.com/bot.html)"
85.208.96.202 - - [05/Apr/2026:17:58:59 +0200] "GET /tag/%D1%80%D0%B8%D0%B1%D0%B0-%D0%BC%D1%8A%D0%B7%D0%B4%D1%80%D1%83%D0%B3%D0%B0/ HTTP/1.1" 200 13477 "-" "Mozilla/5.0 (compatible; SemrushBot/7~bl; +http://www.semrush.com/bot.html)"
66.249.66.192 - - [05/Apr/2026:17:59:04 +0200] "GET /index.php?prizes/36647016 HTTP/1.1" 301 0 "-" "Mozilla/5.0 (Linux; Android 6.0.1; Nexus 5X Build/MMB29P) AppleWebKit/537.36 (KHTML, like Gecko) Chrome/146.0.7680.177 Mobile Safari/537.36 (compatible; Googlebot/2.1; +http://www.google.com/bot.html)"
66.249.66.7 - - [05/Apr/2026:17:59:06 +0200] "GET /?prizes/36647016 HTTP/1.1" 200 28082 "-" "Mozilla/5.0 (Linux; Android 6.0.1; Nexus 5X Build/MMB29P) AppleWebKit/537.36 (KHTML, like Gecko) Chrome/146.0.7680.177 Mobile Safari/537.36 (compatible; Googlebot/2.1; +http://www.google.com/bot.html)"
66.249.66.192 - - [05/Apr/2026:17:59:14 +0200] "GET /index.php?prizes/32273349 HTTP/1.1" 301 0 "-" "Mozilla/5.0 (Linux; Android 6.0.1; Nexus 5X Build/MMB29P) AppleWebKit/537.36 (KHTML, like Gecko) Chrome/146.0.7680.177 Mobile Safari/537.36 (compatible; Googlebot/2.1; +http://www.google.com/bot.html)"
220.181.108.174 - - [05/Apr/2026:17:59:14 +0200] "GET /wp-content/uploads/2020/05/ededededed-150x150.png HTTP/1.1" 200 58138 "-" "Baiduspider-image+(+http://www.baidu.com/search/spider.htm)"
66.249.66.166 - - [05/Apr/2026:17:59:17 +0200] "GET /?prizes/32273349 HTTP/1.1" 200 27443 "-" "Mozilla/5.0 (Linux; Android 6.0.1; Nexus 5X Build/MMB29P) AppleWebKit/537.36 (KHTML, like Gecko) Chrome/146.0.7680.177 Mobile Safari/537.36 (compatible; Googlebot/2.1; +http://www.google.com/bot.html)"
103.115.243.145 - - [05/Apr/2026:17:59:22 +0200] "GET /wp-content/index.php HTTP/1.1" 200 1805 "-" "Mozilla/5.0 (Windows NT 10.0; Win64; x64) AppleWebKit/537.36 (KHTML, like Gecko) Chrome/146.0.0.0 Safari/537.36"
103.115.243.144 - - [05/Apr/2026:17:59:22 +0200] "GET /wp-content/index.php HTTP/1.1" 200 1810 "-" "Mozilla/5.0 (Windows NT 10.0; Win64; x64) AppleWebKit/537.36 (KHTML, like Gecko) Chrome/146.0.0.0 Safari/537.36"
161.97.137.93 - - [05/Apr/2026:17:59:26 +0200] "POST /wp-cron.php?doing_wp_cron=1775404765.5254769325256347656250 HTTP/1.1" 404 13203 "https://ribari.net/wp-cron.php?doing_wp_cron=1775404765.5254769325256347656250" "WordPress/4.9.13; https://ribari.net"
66.249.66.204 - - [05/Apr/2026:17:59:26 +0200] "GET /index.php?prizes/77334107 HTTP/1.1" 301 0 "-" "Mozilla/5.0 (Linux; Android 6.0.1; Nexus 5X Build/MMB29P) AppleWebKit/537.36 (KHTML, like Gecko) Chrome/146.0.7680.177 Mobile Safari/537.36 (compatible; Googlebot/2.1; +http://www.google.com/bot.html)"
