220.181.108.114 - - [05/Apr/2026:19:36:27 +0200] "GET /wp-content/uploads/2020/03/90235946_3629859373722586_3190105689456377856_n-356x220.jpg HTTP/1.1" 200 3980 "-" "Baiduspider-image+(+http://www.baidu.com/search/spider.htm)"
220.181.108.165 - - [05/Apr/2026:19:36:27 +0200] "GET /category/%D0%BD%D0%BE%D0%B2%D0%B8%D0%BD%D0%B8/page/16/?filter_by=popular HTTP/1.1" 200 18979 "-" "Mozilla/5.0 (compatible; Baiduspider/2.0; +http://www.baidu.com/search/spider.html)"
220.181.108.91 - - [05/Apr/2026:19:36:27 +0200] "GET /wp-content/uploads/2020/031/dedeeded.png HTTP/1.1" 200 696326 "-" "Baiduspider-image+(+http://www.baidu.com/search/spider.htm)"
116.179.37.196 - - [05/Apr/2026:19:36:31 +0200] "GET /wp-includes/js/jquery/jquery-migrate.min.js?ver=1.4.1 HTTP/1.1" 304 0 "https://ribari.net/category/%D0%BD%D0%BE%D0%B2%D0%B8%D0%BD%D0%B8/page/16/?filter_by=popular" "Mozilla/5.0 (compatible; Baiduspider-render/2.0; +http://www.baidu.com/search/spider.html)"
116.179.37.82 - - [05/Apr/2026:19:36:31 +0200] "GET /wp-includes/js/wp-embed.min.js?ver=4.9.13 HTTP/1.1" 304 0 "https://ribari.net/category/%D0%BD%D0%BE%D0%B2%D0%B8%D0%BD%D0%B8/page/16/?filter_by=popular" "Mozilla/5.0 (compatible; Baiduspider-render/2.0; +http://www.baidu.com/search/spider.html)"
116.179.37.137 - - [05/Apr/2026:19:36:34 +0200] "GET /wp-content/uploads/2020/05/95321862_971029453333113_8559343000239472640_o-100x70.jpg HTTP/1.1" 200 3444 "https://ribari.net/category/%D0%BD%D0%BE%D0%B2%D0%B8%D0%BD%D0%B8/page/16/?filter_by=popular" "Mozilla/5.0 (compatible; Baiduspider-render/2.0; +http://www.baidu.com/search/spider.html)"
116.179.37.249 - - [05/Apr/2026:19:36:35 +0200] "GET /wp-content/uploads/2020/01/170-100x70.jpg HTTP/1.1" 200 3584 "https://ribari.net/category/%D0%BD%D0%BE%D0%B2%D0%B8%D0%BD%D0%B8/page/16/?filter_by=popular" "Mozilla/5.0 (compatible; Baiduspider-render/2.0; +http://www.baidu.com/search/spider.html)"
116.179.37.74 - - [05/Apr/2026:19:36:36 +0200] "GET /wp-content/uploads/2020/04/ffrrf-100x70.png HTTP/1.1" 200 17697 "https://ribari.net/category/%D0%BD%D0%BE%D0%B2%D0%B8%D0%BD%D0%B8/page/16/?filter_by=popular" "Mozilla/5.0 (compatible; Baiduspider-render/2.0; +http://www.baidu.com/search/spider.html)"
116.179.37.83 - - [05/Apr/2026:19:36:37 +0200] "GET /wp-content/uploads/2020/03/yazovir-tsonevo-485x360.jpg HTTP/1.1" 200 38784 "https://ribari.net/category/%D0%BD%D0%BE%D0%B2%D0%B8%D0%BD%D0%B8/page/16/?filter_by=popular" "Mozilla/5.0 (compatible; Baiduspider-render/2.0; +http://www.baidu.com/search/spider.html)"
116.179.37.150 - - [05/Apr/2026:19:36:38 +0200] "GET /wp-content/uploads/2020/03/1583292400-1-100x70.jpg HTTP/1.1" 200 3328 "https://ribari.net/category/%D0%BD%D0%BE%D0%B2%D0%B8%D0%BD%D0%B8/page/16/?filter_by=popular" "Mozilla/5.0 (compatible; Baiduspider-render/2.0; +http://www.baidu.com/search/spider.html)"
116.179.37.140 - - [05/Apr/2026:19:36:38 +0200] "GET /wp-content/uploads/2019/12/frrfrfrffrf-100x70.png HTTP/1.1" 200 14415 "https://ribari.net/category/%D0%BD%D0%BE%D0%B2%D0%B8%D0%BD%D0%B8/page/16/?filter_by=popular" "Mozilla/5.0 (compatible; Baiduspider-render/2.0; +http://www.baidu.com/search/spider.html)"
116.179.37.61 - - [05/Apr/2026:19:36:38 +0200] "GET /wp-content/uploads/2020/01/qzovir-studena-3726-696x460.jpg HTTP/1.1" 200 84386 "https://ribari.net/category/%D0%BD%D0%BE%D0%B2%D0%B8%D0%BD%D0%B8/page/16/?filter_by=popular" "Mozilla/5.0 (compatible; Baiduspider-render/2.0; +http://www.baidu.com/search/spider.html)"
116.179.37.116 - - [05/Apr/2026:19:36:38 +0200] "GET /wp-content/uploads/2020/03/j-2-768x576-485x360.jpg HTTP/1.1" 200 41733 "https://ribari.net/category/%D0%BD%D0%BE%D0%B2%D0%B8%D0%BD%D0%B8/page/16/?filter_by=popular" "Mozilla/5.0 (compatible; Baiduspider-render/2.0; +http://www.baidu.com/search/spider.html)"
116.179.37.168 - - [05/Apr/2026:19:36:38 +0200] "GET /wp-content/uploads/2019/11/YewJRXG1wIaJbVtS-696x522.jpg HTTP/1.1" 200 104810 "https://ribari.net/category/%D0%BD%D0%BE%D0%B2%D0%B8%D0%BD%D0%B8/page/16/?filter_by=popular" "Mozilla/5.0 (compatible; Baiduspider-render/2.0; +http://www.baidu.com/search/spider.html)"
116.179.37.195 - - [05/Apr/2026:19:36:38 +0200] "GET /wp-content/uploads/2020/04/Image_7662935_308_0-485x360.jpg HTTP/1.1" 200 37225 "https://ribari.net/category/%D0%BD%D0%BE%D0%B2%D0%B8%D0%BD%D0%B8/page/16/?filter_by=popular" "Mozilla/5.0 (compatible; Baiduspider-render/2.0; +http://www.baidu.com/search/spider.html)"
116.179.37.158 - - [05/Apr/2026:19:36:38 +0200] "GET /wp-content/uploads/2020/02/%D1%8F%D0%B7%D0%BE%D0%B2%D0%B8%D1%80-%D0%A1%D1%82%D1%83%D0%B4%D0%B5%D0%BD%D0%B0-100x70.jpg HTTP/1.1" 200 4256 "https://ribari.net/category/%D0%BD%D0%BE%D0%B2%D0%B8%D0%BD%D0%B8/page/16/?filter_by=popular" "Mozilla/5.0 (compatible; Baiduspider-render/2.0; +http://www.baidu.com/search/spider.html)"
116.179.37.162 - - [05/Apr/2026:19:36:38 +0200] "GET /wp-content/uploads/2020/02/gttgtgtgtg-485x350.png HTTP/1.1" 200 271976 "https://ribari.net/category/%D0%BD%D0%BE%D0%B2%D0%B8%D0%BD%D0%B8/page/16/?filter_by=popular" "Mozilla/5.0 (compatible; Baiduspider-render/2.0; +http://www.baidu.com/search/spider.html)"
116.179.37.26 - - [05/Apr/2026:19:36:38 +0200] "GET /wp-content/uploads/2020/05/eeded-100x70.png HTTP/1.1" 200 14874 "https://ribari.net/category/%D0%BD%D0%BE%D0%B2%D0%B8%D0%BD%D0%B8/page/16/?filter_by=popular" "Mozilla/5.0 (compatible; Baiduspider-render/2.0; +http://www.baidu.com/search/spider.html)"
116.179.37.11 - - [05/Apr/2026:19:36:38 +0200] "GET /wp-content/uploads/2020/02/yazivir-1-69820-1000x0-100x70.jpg HTTP/1.1" 200 2378 "https://ribari.net/category/%D0%BD%D0%BE%D0%B2%D0%B8%D0%BD%D0%B8/page/16/?filter_by=popular" "Mozilla/5.0 (compatible; Baiduspider-render/2.0; +http://www.baidu.com/search/spider.html)"
116.179.37.144 - - [05/Apr/2026:19:36:39 +0200] "GET /wp-content/uploads/2019/12/ggt.png HTTP/1.1" 200 710260 "https://ribari.net/category/%D0%BD%D0%BE%D0%B2%D0%B8%D0%BD%D0%B8/page/16/?filter_by=popular" "Mozilla/5.0 (compatible; Baiduspider-render/2.0; +http://www.baidu.com/search/spider.html)"
66.249.66.6 - - [05/Apr/2026:19:36:43 +0200] "GET /?jp/021023540.html HTTP/1.1" 301 0 "-" "Mozilla/5.0 (Linux; Android 6.0.1; Nexus 5X Build/MMB29P) AppleWebKit/537.36 (KHTML, like Gecko) Chrome/146.0.7680.177 Mobile Safari/537.36 (compatible; GoogleOther)"
66.249.66.204 - - [05/Apr/2026:19:36:46 +0200] "GET /prizes/21137975 HTTP/1.1" 404 13202 "-" "Mozilla/5.0 (Linux; Android 6.0.1; Nexus 5X Build/MMB29P) AppleWebKit/537.36 (KHTML, like Gecko) Chrome/146.0.7680.177 Mobile Safari/537.36 (compatible; Googlebot/2.1; +http://www.google.com/bot.html)"
66.249.66.204 - - [05/Apr/2026:19:36:48 +0200] "GET /?jp/021023540_html HTTP/1.1" 200 27395 "-" "Mozilla/5.0 (Linux; Android 6.0.1; Nexus 5X Build/MMB29P) AppleWebKit/537.36 (KHTML, like Gecko) Chrome/146.0.7680.177 Mobile Safari/537.36 (compatible; GoogleOther)"
161.97.137.93 - - [05/Apr/2026:19:36:59 +0200] "POST /wp-cron.php?doing_wp_cron=1775410619.4209570884704589843750 HTTP/1.1" 404 13203 "https://ribari.net/wp-cron.php?doing_wp_cron=1775410619.4209570884704589843750" "WordPress/4.9.13; https://ribari.net"
47.82.14.237 - - [05/Apr/2026:19:37:00 +0200] "GET /%D0%B8%D0%B7%D0%BB%D0%B5%D0%B7%D0%B5-%D0%B2-%D0%B4%D1%8A%D1%80%D0%B6%D0%B0%D0%B2%D0%B5%D0%BD-%D0%B2%D0%B5%D1%81%D1%82%D0%BD%D0%B8%D0%BA-%D0%BE%D1%82-%D0%BA%D0%BE%D0%B3%D0%B0-%D0%B4%D0%BE-%D0%BA%D0%BE/ HTTP/1.1" 200 20026 "-" "Mozilla/5.0 (Macintosh; Intel Mac OS X 10_15_7) AppleWebKit/537.36 (KHTML, like Gecko) Chrome/142.0.0.0 Safari/537.36"
189.114.148.134 - - [05/Apr/2026:19:37:03 +0200] "GET /wp-content/plugins/wpforms-lite/includes/providers/class-constant-contact.php HTTP/1.1" 502 150 "https://ribari.net/" "Mozilla/5.0 (X11; Linux x86_64; rv:125.0) Gecko/20100101 Firefox/125.0"
185.191.171.16 - - [05/Apr/2026:19:37:09 +0200] "GET /tag/%D0%B1%D0%BB%D0%B8%D0%B7%D0%BE-%D0%B5%D0%B4%D0%B8%D0%BD-%D1%82%D0%BE%D0%BD-%D1%80%D0%B8%D0%B1%D0%B0/ HTTP/1.1" 200 13623 "-" "Mozilla/5.0 (compatible; SemrushBot/7~bl; +http://www.semrush.com/bot.html)"
85.208.96.210 - - [05/Apr/2026:19:37:12 +0200] "GET /tag/%D0%BD%D0%B0%D0%B9-%D0%B4%D0%BE%D0%B1%D1%80%D0%B0%D1%82%D0%B0-%D0%B7%D0%B0%D1%85%D1%80%D0%B0%D0%BD%D0%BA%D0%B0-%D0%B7%D0%B0-%D1%81%D0%BE%D0%BC/ HTTP/1.1" 200 13387 "-" "Mozilla/5.0 (compatible; SemrushBot/7~bl; +http://www.semrush.com/bot.html)"
66.249.66.42 - - [05/Apr/2026:19:37:23 +0200] "GET /index.php?prizes/301424319%20%20%20%20%20%20%20%20%20%20%20%20%20%20%20%20%20%20%20%20%20%20%20%20%20%20%20%20%20%20%20%20class= HTTP/1.1" 301 0 "-" "Mozilla/5.0 (Linux; Android 6.0.1; Nexus 5X Build/MMB29P) AppleWebKit/537.36 (KHTML, like Gecko) Chrome/146.0.7680.177 Mobile Safari/537.36 (compatible; Googlebot/2.1; +http://www.google.com/bot.html)"
66.249.66.163 - - [05/Apr/2026:19:37:23 +0200] "GET /index.php?prizes/303945107 HTTP/1.1" 301 0 "-" "Mozilla/5.0 (Linux; Android 6.0.1; Nexus 5X Build/MMB29P) AppleWebKit/537.36 (KHTML, like Gecko) Chrome/146.0.7680.177 Mobile Safari/537.36 (compatible; Googlebot/2.1; +http://www.google.com/bot.html)"
66.249.66.194 - - [05/Apr/2026:19:37:25 +0200] "GET /commoditys/045033053 HTTP/1.1" 404 13202 "-" "Mozilla/5.0 (Linux; Android 6.0.1; Nexus 5X Build/MMB29P) AppleWebKit/537.36 (KHTML, like Gecko) Chrome/146.0.7680.177 Mobile Safari/537.36 (compatible; Googlebot/2.1; +http://www.google.com/bot.html)"
66.249.66.3 - - [05/Apr/2026:19:37:27 +0200] "GET /?prizes/301424319________________________________class HTTP/1.1" 200 26862 "-" "Mozilla/5.0 (Linux; Android 6.0.1; Nexus 5X Build/MMB29P) AppleWebKit/537.36 (KHTML, like Gecko) Chrome/146.0.7680.177 Mobile Safari/537.36 (compatible; Googlebot/2.1; +http://www.google.com/bot.html)"
66.249.66.43 - - [05/Apr/2026:19:37:28 +0200] "GET /?prizes/303945107 HTTP/1.1" 200 27976 "-" "Mozilla/5.0 (Linux; Android 6.0.1; Nexus 5X Build/MMB29P) AppleWebKit/537.36 (KHTML, like Gecko) Chrome/146.0.7680.177 Mobile Safari/537.36 (compatible; Googlebot/2.1; +http://www.google.com/bot.html)"
66.249.66.195 - - [05/Apr/2026:19:37:29 +0200] "GET /prizes/117504925 HTTP/1.1" 404 13203 "-" "Mozilla/5.0 (Linux; Android 6.0.1; Nexus 5X Build/MMB29P) AppleWebKit/537.36 (KHTML, like Gecko) Chrome/146.0.7680.177 Mobile Safari/537.36 (compatible; Googlebot/2.1; +http://www.google.com/bot.html)"
66.249.66.66 - - [05/Apr/2026:19:37:47 +0200] "GET /prizes/150000541 HTTP/1.1" 404 13202 "-" "Mozilla/5.0 (Linux; Android 6.0.1; Nexus 5X Build/MMB29P) AppleWebKit/537.36 (KHTML, like Gecko) Chrome/146.0.7680.177 Mobile Safari/537.36 (compatible; Googlebot/2.1; +http://www.google.com/bot.html)"
217.113.194.223 - - [05/Apr/2026:19:37:51 +0200] "GET /author/ribari/page/8/ HTTP/1.1" 200 17169 "-" "Mozilla/5.0 (compatible; Barkrowler/0.9; +https://babbar.tech/crawler)"
161.97.137.93 - - [05/Apr/2026:19:38:06 +0200] "POST /wp-cron.php?doing_wp_cron=1775410685.9445838928222656250000 HTTP/1.1" 404 13203 "https://ribari.net/wp-cron.php?doing_wp_cron=1775410685.9445838928222656250000" "WordPress/4.9.13; https://ribari.net"
66.249.66.67 - - [05/Apr/2026:19:38:06 +0200] "GET /index.php?prizes/279453389 HTTP/1.1" 301 0 "-" "Mozilla/5.0 (Linux; Android 6.0.1; Nexus 5X Build/MMB29P) AppleWebKit/537.36 (KHTML, like Gecko) Chrome/146.0.7680.177 Mobile Safari/537.36 (compatible; Googlebot/2.1; +http://www.google.com/bot.html)"
66.249.66.67 - - [05/Apr/2026:19:38:06 +0200] "GET /index.php?prizes/281400652 HTTP/1.1" 301 0 "-" "Mozilla/5.0 (Linux; Android 6.0.1; Nexus 5X Build/MMB29P) AppleWebKit/537.36 (KHTML, like Gecko) Chrome/146.0.7680.177 Mobile Safari/537.36 (compatible; Googlebot/2.1; +http://www.google.com/bot.html)"
66.249.66.41 - - [05/Apr/2026:19:38:08 +0200] "GET /?prizes/279453389 HTTP/1.1" 200 27767 "-" "Mozilla/5.0 (Linux; Android 6.0.1; Nexus 5X Build/MMB29P) AppleWebKit/537.36 (KHTML, like Gecko) Chrome/146.0.7680.177 Mobile Safari/537.36 (compatible; Googlebot/2.1; +http://www.google.com/bot.html)"
66.249.66.43 - - [05/Apr/2026:19:38:10 +0200] "GET /?prizes/281400652 HTTP/1.1" 200 27752 "-" "Mozilla/5.0 (Linux; Android 6.0.1; Nexus 5X Build/MMB29P) AppleWebKit/537.36 (KHTML, like Gecko) Chrome/146.0.7680.177 Mobile Safari/537.36 (compatible; Googlebot/2.1; +http://www.google.com/bot.html)"
43.155.188.157 - - [05/Apr/2026:19:38:25 +0200] "GET /%d0%b1%d0%bb%d0%b0%d0%b3%d0%b0-%d0%b2%d0%b5%d1%81%d1%82-%d0%b7%d0%b0-%d1%81%d1%82%d1%83%d0%b4%d0%b5%d0%bd%d0%b0/feed/ HTTP/1.1" 200 479 "-" "Mozilla/5.0 (iPhone; CPU iPhone OS 13_2_3 like Mac OS X) AppleWebKit/605.1.15 (KHTML, like Gecko) Version/13.0.3 Mobile/15E148 Safari/604.1"
66.249.66.66 - - [05/Apr/2026:19:38:28 +0200] "GET /commoditys/077040317 HTTP/1.1" 404 13203 "-" "Mozilla/5.0 (Linux; Android 6.0.1; Nexus 5X Build/MMB29P) AppleWebKit/537.36 (KHTML, like Gecko) Chrome/146.0.7680.177 Mobile Safari/537.36 (compatible; Googlebot/2.1; +http://www.google.com/bot.html)"
66.249.66.161 - - [05/Apr/2026:19:38:29 +0200] "GET /index.php?prizes/52268753 HTTP/1.1" 301 0 "-" "Mozilla/5.0 (Linux; Android 6.0.1; Nexus 5X Build/MMB29P) AppleWebKit/537.36 (KHTML, like Gecko) Chrome/146.0.7680.177 Mobile Safari/537.36 (compatible; Googlebot/2.1; +http://www.google.com/bot.html)"
66.249.66.41 - - [05/Apr/2026:19:38:31 +0200] "GET /?prizes/52268753 HTTP/1.1" 200 27093 "-" "Mozilla/5.0 (Linux; Android 6.0.1; Nexus 5X Build/MMB29P) AppleWebKit/537.36 (KHTML, like Gecko) Chrome/146.0.7680.177 Mobile Safari/537.36 (compatible; Googlebot/2.1; +http://www.google.com/bot.html)"
66.249.66.161 - - [05/Apr/2026:19:38:32 +0200] "GET /prizes/87978844 HTTP/1.1" 404 13203 "-" "Mozilla/5.0 (Linux; Android 6.0.1; Nexus 5X Build/MMB29P) AppleWebKit/537.36 (KHTML, like Gecko) Chrome/146.0.7680.177 Mobile Safari/537.36 (compatible; Googlebot/2.1; +http://www.google.com/bot.html)"
66.249.66.161 - - [05/Apr/2026:19:38:40 +0200] "GET /prizes/93604288 HTTP/1.1" 404 13202 "-" "Mozilla/5.0 (Linux; Android 6.0.1; Nexus 5X Build/MMB29P) AppleWebKit/537.36 (KHTML, like Gecko) Chrome/146.0.7680.177 Mobile Safari/537.36 (compatible; GoogleOther)"
66.249.66.65 - - [05/Apr/2026:19:38:51 +0200] "GET /index.php?prizes/241009773 HTTP/1.1" 301 0 "-" "Mozilla/5.0 (Linux; Android 6.0.1; Nexus 5X Build/MMB29P) AppleWebKit/537.36 (KHTML, like Gecko) Chrome/146.0.7680.177 Mobile Safari/537.36 (compatible; Googlebot/2.1; +http://www.google.com/bot.html)"
66.249.66.2 - - [05/Apr/2026:19:38:52 +0200] "GET /prizes/81951086 HTTP/1.1" 404 13202 "-" "Mozilla/5.0 (Linux; Android 6.0.1; Nexus 5X Build/MMB29P) AppleWebKit/537.36 (KHTML, like Gecko) Chrome/146.0.7680.177 Mobile Safari/537.36 (compatible; Googlebot/2.1; +http://www.google.com/bot.html)"
66.249.66.65 - - [05/Apr/2026:19:38:53 +0200] "GET /?prizes/241009773 HTTP/1.1" 200 27785 "-" "Mozilla/5.0 (Linux; Android 6.0.1; Nexus 5X Build/MMB29P) AppleWebKit/537.36 (KHTML, like Gecko) Chrome/146.0.7680.177 Mobile Safari/537.36 (compatible; Googlebot/2.1; +http://www.google.com/bot.html)"
161.97.137.93 - - [05/Apr/2026:19:39:19 +0200] "POST /wp-cron.php?doing_wp_cron=1775410758.5782289505004882812500 HTTP/1.1" 404 13203 "https://ribari.net/wp-cron.php?doing_wp_cron=1775410758.5782289505004882812500" "WordPress/4.9.13; https://ribari.net"
66.249.66.43 - - [05/Apr/2026:19:39:19 +0200] "GET /index.php?prizes/162404915 HTTP/1.1" 301 0 "-" "Mozilla/5.0 (Linux; Android 6.0.1; Nexus 5X Build/MMB29P) AppleWebKit/537.36 (KHTML, like Gecko) Chrome/146.0.7680.177 Mobile Safari/537.36 (compatible; Googlebot/2.1; +http://www.google.com/bot.html)"
66.249.66.42 - - [05/Apr/2026:19:39:20 +0200] "GET /?prizes/162404915 HTTP/1.1" 200 27656 "-" "Mozilla/5.0 (Linux; Android 6.0.1; Nexus 5X Build/MMB29P) AppleWebKit/537.36 (KHTML, like Gecko) Chrome/146.0.7680.177 Mobile Safari/537.36 (compatible; Googlebot/2.1; +http://www.google.com/bot.html)"
181.214.218.65 - - [05/Apr/2026:19:39:20 +0200] "GET /.env HTTP/1.1" 404 13203 "-" "Mozilla/5.0 (Macintosh; Intel Mac OS X 10.15; rv:77.0) Gecko/20100101 Firefox/77.0"
66.249.66.42 - - [05/Apr/2026:19:39:25 +0200] "GET /commoditys/251036467 HTTP/1.1" 404 13203 "-" "Mozilla/5.0 (Linux; Android 6.0.1; Nexus 5X Build/MMB29P) AppleWebKit/537.36 (KHTML, like Gecko) Chrome/146.0.7680.177 Mobile Safari/537.36 (compatible; Googlebot/2.1; +http://www.google.com/bot.html)"
220.181.108.84 - - [05/Apr/2026:19:39:46 +0200] "GET /wp-content/uploads/2020/04/images-1-356x220.jpg HTTP/1.1" 200 17707 "-" "Baiduspider-image+(+http://www.baidu.com/search/spider.htm)"
220.181.108.84 - - [05/Apr/2026:19:39:46 +0200] "GET /wp-content/uploads/2020/05/frrfrf-356x220.png HTTP/1.1" 200 137047 "-" "Baiduspider-image+(+http://www.baidu.com/search/spider.htm)"
116.179.32.162 - - [05/Apr/2026:19:39:46 +0200] "GET /wp-content/uploads/2020/03/20200312-ODWVJXXSJJK-1584018960.jpg HTTP/1.1" 200 119600 "-" "Baiduspider-image+(+http://www.baidu.com/search/spider.htm)"
116.179.32.43 - - [05/Apr/2026:19:39:46 +0200] "GET /wp-content/uploads/2020/031/screenshot177194-80x60.jpg HTTP/1.1" 200 2159 "-" "Baiduspider-image+(+http://www.baidu.com/search/spider.htm)"
116.179.32.48 - - [05/Apr/2026:19:39:47 +0200] "GET /wp-content/uploads/2020/05/soma-320x240.jpg HTTP/1.1" 200 14367 "-" "Baiduspider-image+(+http://www.baidu.com/search/spider.htm)"
66.249.66.2 - - [05/Apr/2026:19:39:58 +0200] "GET /prizes/270692804 HTTP/1.1" 404 13202 "-" "Mozilla/5.0 (Linux; Android 6.0.1; Nexus 5X Build/MMB29P) AppleWebKit/537.36 (KHTML, like Gecko) Chrome/146.0.7680.177 Mobile Safari/537.36 (compatible; Googlebot/2.1; +http://www.google.com/bot.html)"
66.249.66.194 - - [05/Apr/2026:19:40:00 +0200] "GET /?i=zpn230bwvu23117iepbthnuw HTTP/1.1" 200 27078 "-" "Mozilla/5.0 (Linux; Android 6.0.1; Nexus 5X Build/MMB29P) AppleWebKit/537.36 (KHTML, like Gecko) Chrome/146.0.7680.177 Mobile Safari/537.36 (compatible; GoogleOther)"
216.244.66.200 - - [05/Apr/2026:19:40:12 +0200] "GET /%D0%B2%D0%B8%D0%B4%D0%BE%D0%B2%D0%B5-%D0%B4%D0%B6%D0%B8%D0%B3%D0%BE%D0%B2%D0%B5/ HTTP/1.1" 200 20388 "-" "Mozilla/5.0 (compatible; DotBot/1.2; +https://opensiteexplorer.org/dotbot; help@moz.com)"
40.77.167.47 - - [05/Apr/2026:19:40:16 +0200] "GET /%D1%85%D0%BB%D1%8F%D0%B1%D1%8A%D1%82-%D0%B8%D0%B4%D0%B5%D0%B0%D0%BB%D0%BD%D0%B0%D1%82%D0%B0-%D1%81%D1%82%D1%80%D1%8A%D0%B2/ HTTP/1.1" 200 20372 "-" "Mozilla/5.0 AppleWebKit/537.36 (KHTML, like Gecko; compatible; bingbot/2.0; +http://www.bing.com/bingbot.htm) Chrome/116.0.1938.76 Safari/537.36"
66.249.66.194 - - [05/Apr/2026:19:40:17 +0200] "GET /prizes/161455632 HTTP/1.1" 404 13203 "-" "Mozilla/5.0 (Linux; Android 6.0.1; Nexus 5X Build/MMB29P) AppleWebKit/537.36 (KHTML, like Gecko) Chrome/146.0.7680.177 Mobile Safari/537.36 (compatible; Googlebot/2.1; +http://www.google.com/bot.html)"
66.249.66.195 - - [05/Apr/2026:19:40:18 +0200] "GET /prizes/216879985 HTTP/1.1" 404 13204 "-" "Mozilla/5.0 (Linux; Android 6.0.1; Nexus 5X Build/MMB29P) AppleWebKit/537.36 (KHTML, like Gecko) Chrome/146.0.7680.177 Mobile Safari/537.36 (compatible; Googlebot/2.1; +http://www.google.com/bot.html)"
161.97.137.93 - - [05/Apr/2026:19:40:19 +0200] "POST /wp-cron.php?doing_wp_cron=1775410819.2791559696197509765625 HTTP/1.1" 404 13203 "https://ribari.net/wp-cron.php?doing_wp_cron=1775410819.2791559696197509765625" "WordPress/4.9.13; https://ribari.net"
66.249.66.4 - - [05/Apr/2026:19:40:19 +0200] "GET /prizes/142754319 HTTP/1.1" 404 13203 "-" "Mozilla/5.0 (Linux; Android 6.0.1; Nexus 5X Build/MMB29P) AppleWebKit/537.36 (KHTML, like Gecko) Chrome/146.0.7680.177 Mobile Safari/537.36 (compatible; Googlebot/2.1; +http://www.google.com/bot.html)"
66.249.66.195 - - [05/Apr/2026:19:40:20 +0200] "GET /index.php?prizes/282389187 HTTP/1.1" 301 0 "-" "Mozilla/5.0 (Linux; Android 6.0.1; Nexus 5X Build/MMB29P) AppleWebKit/537.36 (KHTML, like Gecko) Chrome/146.0.7680.177 Mobile Safari/537.36 (compatible; Googlebot/2.1; +http://www.google.com/bot.html)"
66.249.66.195 - - [05/Apr/2026:19:40:22 +0200] "GET /?prizes/282389187 HTTP/1.1" 200 27249 "-" "Mozilla/5.0 (Linux; Android 6.0.1; Nexus 5X Build/MMB29P) AppleWebKit/537.36 (KHTML, like Gecko) Chrome/146.0.7680.177 Mobile Safari/537.36 (compatible; Googlebot/2.1; +http://www.google.com/bot.html)"
66.249.66.72 - - [05/Apr/2026:19:40:38 +0200] "GET /prizes/64809703 HTTP/1.1" 404 13203 "-" "Mozilla/5.0 (Linux; Android 6.0.1; Nexus 5X Build/MMB29P) AppleWebKit/537.36 (KHTML, like Gecko) Chrome/146.0.7680.177 Mobile Safari/537.36 (compatible; GoogleOther)"
66.249.66.41 - - [05/Apr/2026:19:40:50 +0200] "GET /?goods/022003196 HTTP/1.1" 200 27255 "-" "Mozilla/5.0 (Linux; Android 6.0.1; Nexus 5X Build/MMB29P) AppleWebKit/537.36 (KHTML, like Gecko) Chrome/146.0.7680.177 Mobile Safari/537.36 (compatible; Googlebot/2.1; +http://www.google.com/bot.html)"
66.249.66.2 - - [05/Apr/2026:19:40:50 +0200] "GET /prizes/86610955 HTTP/1.1" 404 13202 "-" "Mozilla/5.0 (Linux; Android 6.0.1; Nexus 5X Build/MMB29P) AppleWebKit/537.36 (KHTML, like Gecko) Chrome/146.0.7680.177 Mobile Safari/537.36 (compatible; Googlebot/2.1; +http://www.google.com/bot.html)"
66.249.66.41 - - [05/Apr/2026:19:40:52 +0200] "GET /commoditys/129023383 HTTP/1.1" 404 13203 "-" "Mozilla/5.0 (Linux; Android 6.0.1; Nexus 5X Build/MMB29P) AppleWebKit/537.36 (KHTML, like Gecko) Chrome/146.0.7680.177 Mobile Safari/537.36 (compatible; Googlebot/2.1; +http://www.google.com/bot.html)"
66.249.66.43 - - [05/Apr/2026:19:41:08 +0200] "GET /prizes/250851389 HTTP/1.1" 404 13202 "-" "Mozilla/5.0 (Linux; Android 6.0.1; Nexus 5X Build/MMB29P) AppleWebKit/537.36 (KHTML, like Gecko) Chrome/146.0.7680.177 Mobile Safari/537.36 (compatible; Googlebot/2.1; +http://www.google.com/bot.html)"
161.97.137.93 - - [05/Apr/2026:19:41:28 +0200] "POST /wp-cron.php?doing_wp_cron=1775410888.5124859809875488281250 HTTP/1.1" 404 13204 "https://ribari.net/wp-cron.php?doing_wp_cron=1775410888.5124859809875488281250" "WordPress/4.9.13; https://ribari.net"
217.113.194.109 - - [05/Apr/2026:19:41:29 +0200] "GET /%D1%83%D0%BA%D0%BB%D0%B5%D0%B9/ HTTP/1.1" 200 19462 "-" "Mozilla/5.0 (compatible; Barkrowler/0.9; +https://babbar.tech/crawler)"
66.249.66.2 - - [05/Apr/2026:19:41:57 +0200] "GET /index.php?prizes/63628006 HTTP/1.1" 301 0 "-" "Mozilla/5.0 (Linux; Android 6.0.1; Nexus 5X Build/MMB29P) AppleWebKit/537.36 (KHTML, like Gecko) Chrome/146.0.7680.177 Mobile Safari/537.36 (compatible; Googlebot/2.1; +http://www.google.com/bot.html)"
66.249.66.2 - - [05/Apr/2026:19:41:58 +0200] "GET /prizes/135285107 HTTP/1.1" 404 13203 "-" "Mozilla/5.0 (Linux; Android 6.0.1; Nexus 5X Build/MMB29P) AppleWebKit/537.36 (KHTML, like Gecko) Chrome/146.0.7680.177 Mobile Safari/537.36 (compatible; Googlebot/2.1; +http://www.google.com/bot.html)"
66.249.66.2 - - [05/Apr/2026:19:41:59 +0200] "GET /?prizes/63628006 HTTP/1.1" 200 27164 "-" "Mozilla/5.0 (Linux; Android 6.0.1; Nexus 5X Build/MMB29P) AppleWebKit/537.36 (KHTML, like Gecko) Chrome/146.0.7680.177 Mobile Safari/537.36 (compatible; Googlebot/2.1; +http://www.google.com/bot.html)"
216.73.216.119 - - [05/Apr/2026:19:42:12 +0200] "GET /%D0%B5%D0%B4%D0%B8%D0%BD-%D1%80%D0%B8%D0%B1%D0%B0%D1%80-%D1%81%D0%B8-%D0%BB%D0%BE%D0%B2%D1%8F%D0%BB-%D1%80%D0%B8%D0%B1%D0%B0-%D0%B0-%D0%BD%D0%B0-%D0%B3%D0%BB%D0%B0%D0%B2%D0%B0%D1%82%D0%B0-%D0%BC/whatsapp:/send HTTP/1.1" 404 13508 "-" "Mozilla/5.0 AppleWebKit/537.36 (KHTML, like Gecko; compatible; ClaudeBot/1.0; +claudebot@anthropic.com)"
66.249.66.41 - - [05/Apr/2026:19:42:17 +0200] "GET /commoditys/061001309 HTTP/1.1" 404 13203 "-" "Mozilla/5.0 (Linux; Android 6.0.1; Nexus 5X Build/MMB29P) AppleWebKit/537.36 (KHTML, like Gecko) Chrome/146.0.7680.177 Mobile Safari/537.36 (compatible; Googlebot/2.1; +http://www.google.com/bot.html)"
161.97.137.93 - - [05/Apr/2026:19:42:29 +0200] "POST /wp-cron.php?doing_wp_cron=1775410949.3163049221038818359375 HTTP/1.1" 404 13203 "https://ribari.net/wp-cron.php?doing_wp_cron=1775410949.3163049221038818359375" "WordPress/4.9.13; https://ribari.net"
66.249.66.2 - - [05/Apr/2026:19:42:29 +0200] "GET /prizes/278977410 HTTP/1.1" 404 13203 "-" "Mozilla/5.0 (Linux; Android 6.0.1; Nexus 5X Build/MMB29P) AppleWebKit/537.36 (KHTML, like Gecko) Chrome/146.0.7680.177 Mobile Safari/537.36 (compatible; Googlebot/2.1; +http://www.google.com/bot.html)"
66.249.66.194 - - [05/Apr/2026:19:42:35 +0200] "GET /prizes/93368501 HTTP/1.1" 404 13203 "-" "Mozilla/5.0 (Linux; Android 6.0.1; Nexus 5X Build/MMB29P) AppleWebKit/537.36 (KHTML, like Gecko) Chrome/146.0.7680.177 Mobile Safari/537.36 (compatible; GoogleOther)"
66.249.66.194 - - [05/Apr/2026:19:42:51 +0200] "GET /prizes/139904450 HTTP/1.1" 404 13199 "-" "Mozilla/5.0 (Linux; Android 6.0.1; Nexus 5X Build/MMB29P) AppleWebKit/537.36 (KHTML, like Gecko) Chrome/146.0.7680.177 Mobile Safari/537.36 (compatible; Googlebot/2.1; +http://www.google.com/bot.html)"
78.129.140.139 - - [05/Apr/2026:19:43:03 +0200] "GET /wp-login.php HTTP/1.1" 302 0 "-" "Mozilla/5.0 (Windows NT 6.1) AppleWebKit/537.36 (KHTML, like Gecko) Chrome/65.0.3325.181 Safari/537.36 OPR/52.0.2871.64"
78.129.140.139 - - [05/Apr/2026:19:43:04 +0200] "GET /wp-login.php HTTP/1.1" 302 0 "https://ribari.net/wp-login.php" "Mozilla/5.0 (Windows NT 6.1) AppleWebKit/537.36 (KHTML, like Gecko) Chrome/65.0.3325.181 Safari/537.36 OPR/52.0.2871.64"
116.179.32.38 - - [05/Apr/2026:19:43:05 +0200] "GET /wp-content/uploads/2020/05/galin-727x420.jpg HTTP/1.1" 200 72826 "-" "Baiduspider-image+(+http://www.baidu.com/search/spider.htm)"
116.179.32.85 - - [05/Apr/2026:19:43:05 +0200] "GET /wp-content/uploads/2020/04/ekshan-696x410.jpg HTTP/1.1" 200 15112 "-" "Baiduspider-image+(+http://www.baidu.com/search/spider.htm)"
78.129.140.139 - - [05/Apr/2026:19:43:05 +0200] "GET /wp-login.php HTTP/1.1" 302 0 "https://ribari.net/wp-login.php" "Mozilla/5.0 (Windows NT 6.1) AppleWebKit/537.36 (KHTML, like Gecko) Chrome/65.0.3325.181 Safari/537.36 OPR/52.0.2871.64"
220.181.108.83 - - [05/Apr/2026:19:43:06 +0200] "GET /wp-content/uploads/2020/03/90235946_3629859373722586_3190105689456377856_n-356x364.jpg HTTP/1.1" 200 15815 "-" "Baiduspider-image+(+http://www.baidu.com/search/spider.htm)"
220.181.108.113 - - [05/Apr/2026:19:43:06 +0200] "GET /category/%D0%BD%D0%BE%D0%B2%D0%B8%D0%BD%D0%B8/page/12/?filter_by=popular HTTP/1.1" 200 18793 "-" "Mozilla/5.0 (compatible; Baiduspider/2.0; +http://www.baidu.com/search/spider.html)"
116.179.32.205 - - [05/Apr/2026:19:43:06 +0200] "GET /wp-content/uploads/2020/031/sharan_na_strav_za_ribolov02-218x150.jpg HTTP/1.1" 200 10978 "-" "Baiduspider-image+(+http://www.baidu.com/search/spider.htm)"
78.129.140.139 - - [05/Apr/2026:19:43:10 +0200] "GET /wp-login.php HTTP/1.1" 302 0 "https://ribari.net/wp-login.php" "Mozilla/5.0 (Windows NT 6.1) AppleWebKit/537.36 (KHTML, like Gecko) Chrome/65.0.3325.181 Safari/537.36 OPR/52.0.2871.64"
78.129.140.139 - - [05/Apr/2026:19:43:15 +0200] "GET /wp-login.php HTTP/1.1" 302 0 "https://ribari.net/wp-login.php" "Mozilla/5.0 (Windows NT 6.1) AppleWebKit/537.36 (KHTML, like Gecko) Chrome/65.0.3325.181 Safari/537.36 OPR/52.0.2871.64"
66.249.66.67 - - [05/Apr/2026:19:43:25 +0200] "GET /index.php?prizes/254223359 HTTP/1.1" 301 0 "-" "Mozilla/5.0 (Linux; Android 6.0.1; Nexus 5X Build/MMB29P) AppleWebKit/537.36 (KHTML, like Gecko) Chrome/146.0.7680.177 Mobile Safari/537.36 (compatible; Googlebot/2.1; +http://www.google.com/bot.html)"
66.249.66.65 - - [05/Apr/2026:19:43:27 +0200] "GET /?prizes/254223359 HTTP/1.1" 200 27356 "-" "Mozilla/5.0 (Linux; Android 6.0.1; Nexus 5X Build/MMB29P) AppleWebKit/537.36 (KHTML, like Gecko) Chrome/146.0.7680.177 Mobile Safari/537.36 (compatible; Googlebot/2.1; +http://www.google.com/bot.html)"
161.97.137.93 - - [05/Apr/2026:19:43:31 +0200] "POST /wp-cron.php?doing_wp_cron=1775411010.9616260528564453125000 HTTP/1.1" 404 13198 "https://ribari.net/wp-cron.php?doing_wp_cron=1775411010.9616260528564453125000" "WordPress/4.9.13; https://ribari.net"
66.249.66.65 - - [05/Apr/2026:19:43:32 +0200] "GET /?n=tpwav280gvo34963lfosuin HTTP/1.1" 200 27740 "-" "Mozilla/5.0 (Linux; Android 6.0.1; Nexus 5X Build/MMB29P) AppleWebKit/537.36 (KHTML, like Gecko) Chrome/146.0.7680.177 Mobile Safari/537.36 (compatible; GoogleOther)"
66.249.66.161 - - [05/Apr/2026:19:44:00 +0200] "GET /prizes/25213632 HTTP/1.1" 404 13203 "-" "Mozilla/5.0 (Linux; Android 6.0.1; Nexus 5X Build/MMB29P) AppleWebKit/537.36 (KHTML, like Gecko) Chrome/146.0.7680.177 Mobile Safari/537.36 (compatible; Googlebot/2.1; +http://www.google.com/bot.html)"
34.236.185.101 - - [05/Apr/2026:19:44:14 +0200] "GET /wp-content/themes/Newspaper/includes/less_files/pagebuilder/modules/ HTTP/1.1" 200 575 "-" "Mozilla/5.0 AppleWebKit/537.36 (KHTML, like Gecko; compatible; Amazonbot/0.1; +https://developer.amazon.com/support/amazonbot) Chrome/119.0.6045.214 Safari/537.36"
54.90.244.132 - - [05/Apr/2026:19:44:18 +0200] "GET /wp-content/plugins/subscribe2/ChangeLog.txt HTTP/1.1" 200 18269 "-" "Mozilla/5.0 AppleWebKit/537.36 (KHTML, like Gecko; compatible; Amazonbot/0.1; +https://developer.amazon.com/support/amazonbot) Chrome/119.0.6045.214 Safari/537.36"
34.196.237.236 - - [05/Apr/2026:19:44:22 +0200] "GET /wp-content/?filesrc=/home/blife/.myimunify_id&path=/home/blife HTTP/1.1" 200 851 "-" "Mozilla/5.0 AppleWebKit/537.36 (KHTML, like Gecko; compatible; Amazonbot/0.1; +https://developer.amazon.com/support/amazonbot) Chrome/119.0.6045.214 Safari/537.36"
3.212.219.113 - - [05/Apr/2026:19:44:26 +0200] "GET /wp-content/?id=info&path=/home/blife/public_html/ribari.net/wp-content/cache HTTP/1.1" 200 1638 "-" "Mozilla/5.0 AppleWebKit/537.36 (KHTML, like Gecko; compatible; Amazonbot/0.1; +https://developer.amazon.com/support/amazonbot) Chrome/119.0.6045.214 Safari/537.36"
116.179.37.234 - - [05/Apr/2026:19:44:29 +0200] "GET /wp-content/uploads/2020/02/edede-100x70.png HTTP/1.1" 200 17632 "https://ribari.net/category/%D0%BD%D0%BE%D0%B2%D0%B8%D0%BD%D0%B8/page/12/?filter_by=popular" "Mozilla/5.0 (compatible; Baiduspider-render/2.0; +http://www.baidu.com/search/spider.html)"
23.21.179.120 - - [05/Apr/2026:19:44:30 +0200] "GET /wp-content/?id=cmd&path=/home/blife/public_html/ribari.net/wp-content/uploads HTTP/1.1" 200 1543 "-" "Mozilla/5.0 AppleWebKit/537.36 (KHTML, like Gecko; compatible; Amazonbot/0.1; +https://developer.amazon.com/support/amazonbot) Chrome/119.0.6045.214 Safari/537.36"
116.179.37.47 - - [05/Apr/2026:19:44:31 +0200] "GET /wp-content/uploads/2020/01/472e893d9c6b1dba74725162f9f5cb29-100x70.jpg HTTP/1.1" 200 3224 "https://ribari.net/category/%D0%BD%D0%BE%D0%B2%D0%B8%D0%BD%D0%B8/page/12/?filter_by=popular" "Mozilla/5.0 (compatible; Baiduspider-render/2.0; +http://www.baidu.com/search/spider.html)"
103.87.213.9 - - [05/Apr/2026:19:44:33 +0200] "GET /.well-known/index.php HTTP/1.1" 301 0 "-" "Go-http-client/2.0"
66.249.66.2 - - [05/Apr/2026:19:44:33 +0200] "GET /?jp/039006221.html HTTP/1.1" 301 0 "-" "Mozilla/5.0 (Linux; Android 6.0.1; Nexus 5X Build/MMB29P) AppleWebKit/537.36 (KHTML, like Gecko) Chrome/146.0.7680.177 Mobile Safari/537.36 (compatible; GoogleOther)"
103.87.213.9 - - [05/Apr/2026:19:44:34 +0200] "GET /.well-known/ HTTP/1.1" 200 300 "https://ribari.net/.well-known/index.php" "Go-http-client/2.0"
3.232.102.111 - - [05/Apr/2026:19:44:34 +0200] "GET /wp-content/?filesrc=/home/blife/public_html/ribari.net/index.php&path=/home/blife/public_html/ribari.net HTTP/1.1" 200 864 "-" "Mozilla/5.0 AppleWebKit/537.36 (KHTML, like Gecko; compatible; Amazonbot/0.1; +https://developer.amazon.com/support/amazonbot) Chrome/119.0.6045.214 Safari/537.36"
103.87.213.9 - - [05/Apr/2026:19:44:35 +0200] "GET /wp-content/themes/too.php HTTP/1.1" 404 13508 "-" "Go-http-client/2.0"
66.249.66.2 - - [05/Apr/2026:19:44:36 +0200] "GET /prizes/182647258 HTTP/1.1" 404 13203 "-" "Mozilla/5.0 (Linux; Android 6.0.1; Nexus 5X Build/MMB29P) AppleWebKit/537.36 (KHTML, like Gecko) Chrome/146.0.7680.177 Mobile Safari/537.36 (compatible; Googlebot/2.1; +http://www.google.com/bot.html)"
103.87.213.9 - - [05/Apr/2026:19:44:37 +0200] "GET /radio.php HTTP/1.1" 404 13203 "-" "Go-http-client/2.0"
66.249.66.65 - - [05/Apr/2026:19:44:37 +0200] "GET /?jp/039006221_html HTTP/1.1" 200 27801 "-" "Mozilla/5.0 (Linux; Android 6.0.1; Nexus 5X Build/MMB29P) AppleWebKit/537.36 (KHTML, like Gecko) Chrome/146.0.7680.177 Mobile Safari/537.36 (compatible; GoogleOther)"
3.223.181.32 - - [05/Apr/2026:19:44:38 +0200] "GET /wp-content/?filesrc=/home/blife/public_html/ribari.net/php.ini&path=/home/blife/public_html/ribari.net HTTP/1.1" 200 1196 "-" "Mozilla/5.0 AppleWebKit/537.36 (KHTML, like Gecko; compatible; Amazonbot/0.1; +https://developer.amazon.com/support/amazonbot) Chrome/119.0.6045.214 Safari/537.36"
103.87.213.9 - - [05/Apr/2026:19:44:40 +0200] "GET /wp-content/plugins/index.php HTTP/1.1" 301 0 "-" "Go-http-client/2.0"
103.87.213.9 - - [05/Apr/2026:19:44:41 +0200] "GET /wp-content/plugins/ HTTP/1.1" 200 694 "https://ribari.net/wp-content/plugins/index.php" "Go-http-client/2.0"
54.204.12.115 - - [05/Apr/2026:19:44:42 +0200] "GET /wp-content/?path=/home/blife/public_html/ribari.net/wp-content/uploads/2019 HTTP/1.1" 200 1210 "-" "Mozilla/5.0 AppleWebKit/537.36 (KHTML, like Gecko; compatible; Amazonbot/0.1; +https://developer.amazon.com/support/amazonbot) Chrome/119.0.6045.214 Safari/537.36"
103.87.213.9 - - [05/Apr/2026:19:44:45 +0200] "GET /.well-known/acme-challenge/index.php HTTP/1.1" 301 0 "-" "Go-http-client/2.0"
103.87.213.9 - - [05/Apr/2026:19:44:45 +0200] "GET /.well-known/acme-challenge/ HTTP/1.1" 200 275 "https://ribari.net/.well-known/acme-challenge/index.php" "Go-http-client/2.0"
103.87.213.9 - - [05/Apr/2026:19:44:46 +0200] "GET /.well-known/index.php HTTP/1.1" 301 0 "-" "Go-http-client/2.0"
103.87.213.9 - - [05/Apr/2026:19:44:46 +0200] "GET /.well-known/ HTTP/1.1" 200 300 "https://ribari.net/.well-known/index.php" "Go-http-client/2.0"
103.87.213.9 - - [05/Apr/2026:19:44:49 +0200] "GET /makeasmtp.php?p= HTTP/1.1" 301 0 "-" "Go-http-client/2.0"
103.87.213.9 - - [05/Apr/2026:19:44:50 +0200] "GET /makeasmtp.php HTTP/1.1" 404 13203 "https://ribari.net/makeasmtp.php?p=" "Go-http-client/2.0"
103.87.213.9 - - [05/Apr/2026:19:44:51 +0200] "GET /wp-content/uploads/makeasmtp.php?p= HTTP/1.1" 301 0 "-" "Go-http-client/2.0"
103.87.213.9 - - [05/Apr/2026:19:44:52 +0200] "GET /wp-content/uploads/makeasmtp.php HTTP/1.1" 404 13508 "https://ribari.net/wp-content/uploads/makeasmtp.php?p=" "Go-http-client/2.0"
103.87.213.9 - - [05/Apr/2026:19:44:53 +0200] "GET /wp-includes/rest-api/about.php HTTP/1.1" 404 13509 "-" "Go-http-client/2.0"
103.87.213.9 - - [05/Apr/2026:19:44:54 +0200] "GET /wp-content/languages/about.php HTTP/1.1" 404 13509 "-" "Go-http-client/2.0"
103.87.213.9 - - [05/Apr/2026:19:44:55 +0200] "GET /wp-content/banners/about.php HTTP/1.1" 404 13509 "-" "Go-http-client/2.0"
103.87.213.9 - - [05/Apr/2026:19:44:56 +0200] "GET /wp-includes/Text/about.php HTTP/1.1" 404 13507 "-" "Go-http-client/2.0"
103.87.213.9 - - [05/Apr/2026:19:44:58 +0200] "GET /asd.php HTTP/1.1" 404 13203 "-" "Go-http-client/2.0"
103.87.213.9 - - [05/Apr/2026:19:44:59 +0200] "GET /1.php HTTP/1.1" 404 13203 "-" "Go-http-client/2.0"
103.87.213.9 - - [05/Apr/2026:19:45:01 +0200] "GET /ws.php HTTP/1.1" 404 13199 "-" "Go-http-client/2.0"
103.87.213.9 - - [05/Apr/2026:19:45:09 +0200] "GET /wp-includes/css/index.php HTTP/1.1" 502 150 "-" "Go-http-client/2.0"
66.249.66.162 - - [05/Apr/2026:19:45:09 +0200] "GET /commoditys/034021792 HTTP/1.1" 502 552 "-" "Mozilla/5.0 (Linux; Android 6.0.1; Nexus 5X Build/MMB29P) AppleWebKit/537.36 (KHTML, like Gecko) Chrome/146.0.7680.177 Mobile Safari/537.36 (compatible; Googlebot/2.1; +http://www.google.com/bot.html)"
103.87.213.9 - - [05/Apr/2026:19:45:11 +0200] "GET /cgi-bin/wp-login.php HTTP/1.1" 404 13200 "-" "Go-http-client/2.0"
103.87.213.9 - - [05/Apr/2026:19:45:13 +0200] "GET /wp-content/cong.php HTTP/1.1" 404 13203 "-" "Go-http-client/2.0"
103.87.213.9 - - [05/Apr/2026:19:45:14 +0200] "GET /wp-admin/classwithtostring.php HTTP/1.1" 404 13202 "-" "Go-http-client/2.0"
217.113.194.103 - - [05/Apr/2026:19:45:17 +0200] "GET /%D1%81%D0%B8%D0%B2%D0%B5%D0%BD/ HTTP/1.1" 200 18825 "-" "Mozilla/5.0 (compatible; Barkrowler/0.9; +https://babbar.tech/crawler)"
103.87.213.9 - - [05/Apr/2026:19:45:17 +0200] "GET /wp-includes/images/wp-login.php HTTP/1.1" 404 13508 "-" "Go-http-client/2.0"
103.87.213.9 - - [05/Apr/2026:19:45:19 +0200] "GET /wp-includes/Requests/network.php HTTP/1.1" 404 13508 "-" "Go-http-client/2.0"
103.87.213.9 - - [05/Apr/2026:19:45:21 +0200] "GET /wp-content/radio.php HTTP/1.1" 404 13199 "-" "Go-http-client/2.0"
161.97.137.93 - - [05/Apr/2026:19:45:43 +0200] "POST /wp-cron.php?doing_wp_cron=1775411143.2444479465484619140625 HTTP/1.1" 404 13203 "https://ribari.net/wp-cron.php?doing_wp_cron=1775411143.2444479465484619140625" "WordPress/4.9.13; https://ribari.net"
66.249.66.194 - - [05/Apr/2026:19:45:43 +0200] "GET /commoditys/053012037 HTTP/1.1" 404 13203 "-" "Mozilla/5.0 (Linux; Android 6.0.1; Nexus 5X Build/MMB29P) AppleWebKit/537.36 (KHTML, like Gecko) Chrome/146.0.7680.177 Mobile Safari/537.36 (compatible; Googlebot/2.1; +http://www.google.com/bot.html)"
103.87.213.9 - - [05/Apr/2026:19:45:59 +0200] "GET /.well-known/index.php HTTP/1.1" 301 0 "-" "Go-http-client/2.0"
103.87.213.9 - - [05/Apr/2026:19:46:00 +0200] "GET /.well-known/ HTTP/1.1" 200 300 "https://ribari.net/.well-known/index.php" "Go-http-client/2.0"
103.87.213.9 - - [05/Apr/2026:19:46:02 +0200] "GET /wp-content/themes/too.php HTTP/1.1" 502 150 "-" "Go-http-client/2.0"
103.87.213.9 - - [05/Apr/2026:19:46:03 +0200] "GET /radio.php HTTP/1.1" 404 13203 "-" "Go-http-client/2.0"
103.87.213.9 - - [05/Apr/2026:19:46:05 +0200] "GET /wp-content/plugins/index.php HTTP/1.1" 301 0 "-" "Go-http-client/2.0"
103.87.213.9 - - [05/Apr/2026:19:46:05 +0200] "GET /wp-content/plugins/ HTTP/1.1" 200 694 "https://ribari.net/wp-content/plugins/index.php" "Go-http-client/2.0"
103.87.213.9 - - [05/Apr/2026:19:46:06 +0200] "GET /.well-known/acme-challenge/index.php HTTP/1.1" 301 0 "-" "Go-http-client/2.0"
103.87.213.9 - - [05/Apr/2026:19:46:06 +0200] "GET /.well-known/acme-challenge/ HTTP/1.1" 200 275 "https://ribari.net/.well-known/acme-challenge/index.php" "Go-http-client/2.0"
103.87.213.9 - - [05/Apr/2026:19:46:07 +0200] "GET /.well-known/index.php HTTP/1.1" 301 0 "-" "Go-http-client/2.0"
103.87.213.9 - - [05/Apr/2026:19:46:08 +0200] "GET /.well-known/ HTTP/1.1" 200 300 "https://ribari.net/.well-known/index.php" "Go-http-client/2.0"
103.87.213.9 - - [05/Apr/2026:19:46:09 +0200] "GET /makeasmtp.php?p= HTTP/1.1" 301 0 "-" "Go-http-client/2.0"
103.87.213.9 - - [05/Apr/2026:19:46:10 +0200] "GET /makeasmtp.php HTTP/1.1" 404 13202 "https://ribari.net/makeasmtp.php?p=" "Go-http-client/2.0"
103.87.213.9 - - [05/Apr/2026:19:46:11 +0200] "GET /wp-content/uploads/makeasmtp.php?p= HTTP/1.1" 301 0 "-" "Go-http-client/2.0"
103.87.213.9 - - [05/Apr/2026:19:46:13 +0200] "GET /wp-content/uploads/makeasmtp.php HTTP/1.1" 404 13509 "https://ribari.net/wp-content/uploads/makeasmtp.php?p=" "Go-http-client/2.0"
103.87.213.9 - - [05/Apr/2026:19:46:14 +0200] "GET /wp-includes/rest-api/about.php HTTP/1.1" 404 13507 "-" "Go-http-client/2.0"
103.87.213.9 - - [05/Apr/2026:19:46:16 +0200] "GET /wp-content/languages/about.php HTTP/1.1" 404 13508 "-" "Go-http-client/2.0"
66.249.66.2 - - [05/Apr/2026:19:46:17 +0200] "GET /prizes/16303177 HTTP/1.1" 404 13202 "-" "Mozilla/5.0 (Linux; Android 6.0.1; Nexus 5X Build/MMB29P) AppleWebKit/537.36 (KHTML, like Gecko) Chrome/146.0.7680.177 Mobile Safari/537.36 (compatible; Googlebot/2.1; +http://www.google.com/bot.html)"
103.87.213.9 - - [05/Apr/2026:19:46:24 +0200] "GET /wp-content/banners/about.php HTTP/1.1" 404 13508 "-" "Go-http-client/2.0"
220.181.108.155 - - [05/Apr/2026:19:46:25 +0200] "GET /category/%D1%82%D0%B0%D0%BA%D1%8A%D0%BC%D0%B8/page/2/ HTTP/1.1" 404 13203 "-" "Mozilla/5.0 (compatible; Baiduspider/2.0; +http://www.baidu.com/search/spider.html)"
116.179.32.149 - - [05/Apr/2026:19:46:28 +0200] "GET /wp-content/uploads/2020/06/102711931_1119478191754768_8471322778995413467_o-324x400.jpg HTTP/1.1" 200 39319 "-" "Baiduspider-image+(+http://www.baidu.com/search/spider.htm)"
103.87.213.9 - - [05/Apr/2026:19:46:30 +0200] "GET /wp-includes/Text/about.php HTTP/1.1" 404 13506 "-" "Go-http-client/2.0"
66.249.66.3 - - [05/Apr/2026:19:46:31 +0200] "GET /prizes/36845915 HTTP/1.1" 404 13199 "-" "Mozilla/5.0 (Linux; Android 6.0.1; Nexus 5X Build/MMB29P) AppleWebKit/537.36 (KHTML, like Gecko) Chrome/146.0.7680.177 Mobile Safari/537.36 (compatible; GoogleOther)"
103.87.213.9 - - [05/Apr/2026:19:46:33 +0200] "GET /asd.php HTTP/1.1" 404 13203 "-" "Go-http-client/2.0"
103.87.213.9 - - [05/Apr/2026:19:46:34 +0200] "GET /1.php HTTP/1.1" 404 13203 "-" "Go-http-client/2.0"
103.87.213.9 - - [05/Apr/2026:19:46:35 +0200] "GET /ws.php HTTP/1.1" 404 13203 "-" "Go-http-client/2.0"
103.87.213.9 - - [05/Apr/2026:19:46:36 +0200] "GET /wp-includes/css/index.php HTTP/1.1" 301 0 "-" "Go-http-client/2.0"
103.87.213.9 - - [05/Apr/2026:19:46:37 +0200] "GET /wp-includes/css/ HTTP/1.1" 200 797 "https://ribari.net/wp-includes/css/index.php" "Go-http-client/2.0"
103.87.213.9 - - [05/Apr/2026:19:46:38 +0200] "GET /cgi-bin/wp-login.php HTTP/1.1" 404 13203 "-" "Go-http-client/2.0"
103.87.213.9 - - [05/Apr/2026:19:46:40 +0200] "GET /wp-content/cong.php HTTP/1.1" 404 13202 "-" "Go-http-client/2.0"
103.87.213.9 - - [05/Apr/2026:19:46:41 +0200] "GET /wp-admin/classwithtostring.php HTTP/1.1" 404 13198 "-" "Go-http-client/2.0"
103.87.213.9 - - [05/Apr/2026:19:46:42 +0200] "GET /wp-includes/images/wp-login.php HTTP/1.1" 404 13508 "-" "Go-http-client/2.0"
103.87.213.9 - - [05/Apr/2026:19:46:44 +0200] "GET /wp-includes/Requests/network.php HTTP/1.1" 404 13508 "-" "Go-http-client/2.0"
103.87.213.9 - - [05/Apr/2026:19:46:45 +0200] "GET /wp-content/radio.php HTTP/1.1" 404 13203 "-" "Go-http-client/2.0"
103.87.213.9 - - [05/Apr/2026:19:46:47 +0200] "GET /wp-admin/dropdown.php HTTP/1.1" 404 13202 "-" "Go-http-client/2.0"
66.249.66.2 - - [05/Apr/2026:19:46:51 +0200] "GET /commoditys/187044615 HTTP/1.1" 404 13194 "-" "Mozilla/5.0 (Linux; Android 6.0.1; Nexus 5X Build/MMB29P) AppleWebKit/537.36 (KHTML, like Gecko) Chrome/146.0.7680.177 Mobile Safari/537.36 (compatible; Googlebot/2.1; +http://www.google.com/bot.html)"
103.87.213.9 - - [05/Apr/2026:19:46:52 +0200] "GET /login.php HTTP/1.1" 404 13199 "-" "Go-http-client/2.0"
103.87.213.9 - - [05/Apr/2026:19:46:57 +0200] "GET /hehehehe.php HTTP/1.1" 404 13202 "-" "Go-http-client/2.0"
103.87.213.9 - - [05/Apr/2026:19:47:02 +0200] "GET /simple.php HTTP/1.1" 502 150 "-" "Go-http-client/2.0"
103.87.213.9 - - [05/Apr/2026:19:47:04 +0200] "GET /wp-includes/fonts/about.php HTTP/1.1" 404 13507 "-" "Go-http-client/2.0"
66.249.66.4 - - [05/Apr/2026:19:47:07 +0200] "GET /prizes/83999268 HTTP/1.1" 404 13203 "-" "Mozilla/5.0 (Linux; Android 6.0.1; Nexus 5X Build/MMB29P) AppleWebKit/537.36 (KHTML, like Gecko) Chrome/146.0.7680.177 Mobile Safari/537.36 (compatible; Googlebot/2.1; +http://www.google.com/bot.html)"
103.87.213.9 - - [05/Apr/2026:19:47:07 +0200] "GET /wp-content/admin.php HTTP/1.1" 404 13203 "-" "Go-http-client/2.0"
103.87.213.9 - - [05/Apr/2026:19:47:08 +0200] "GET /xmlrpc.php HTTP/1.1" 404 13202 "-" "Go-http-client/2.0"
66.249.66.195 - - [05/Apr/2026:19:47:08 +0200] "GET /index.php?prizes/283972410 HTTP/1.1" 301 0 "-" "Mozilla/5.0 (Linux; Android 6.0.1; Nexus 5X Build/MMB29P) AppleWebKit/537.36 (KHTML, like Gecko) Chrome/146.0.7680.177 Mobile Safari/537.36 (compatible; Googlebot/2.1; +http://www.google.com/bot.html)"
103.87.213.9 - - [05/Apr/2026:19:47:09 +0200] "GET /atomlib.php HTTP/1.1" 404 13202 "-" "Go-http-client/2.0"
66.249.66.67 - - [05/Apr/2026:19:47:09 +0200] "GET /?prizes/283972410 HTTP/1.1" 200 26827 "-" "Mozilla/5.0 (Linux; Android 6.0.1; Nexus 5X Build/MMB29P) AppleWebKit/537.36 (KHTML, like Gecko) Chrome/146.0.7680.177 Mobile Safari/537.36 (compatible; Googlebot/2.1; +http://www.google.com/bot.html)"
103.87.213.9 - - [05/Apr/2026:19:47:10 +0200] "GET /lv.php HTTP/1.1" 404 13202 "-" "Go-http-client/2.0"
103.87.213.9 - - [05/Apr/2026:19:47:12 +0200] "GET /wp-includes/Text/index.php HTTP/1.1" 301 0 "-" "Go-http-client/2.0"
66.249.66.2 - - [05/Apr/2026:19:47:12 +0200] "GET /index.php?prizes/221958248%20%20%20%20%20%20%20%20%20%20%20%20%20%20%20%20%20%20%20%20%20%20%20%20%20%20%20%20%20%20%20%20class= HTTP/1.1" 301 0 "-" "Mozilla/5.0 (Linux; Android 6.0.1; Nexus 5X Build/MMB29P) AppleWebKit/537.36 (KHTML, like Gecko) Chrome/146.0.7680.177 Mobile Safari/537.36 (compatible; Googlebot/2.1; +http://www.google.com/bot.html)"
103.87.213.9 - - [05/Apr/2026:19:47:13 +0200] "GET /wp-includes/Text/ HTTP/1.1" 200 333 "https://ribari.net/wp-includes/Text/index.php" "Go-http-client/2.0"
66.249.66.3 - - [05/Apr/2026:19:47:14 +0200] "GET /?prizes/221958248________________________________class HTTP/1.1" 200 27871 "-" "Mozilla/5.0 (Linux; Android 6.0.1; Nexus 5X Build/MMB29P) AppleWebKit/537.36 (KHTML, like Gecko) Chrome/146.0.7680.177 Mobile Safari/537.36 (compatible; Googlebot/2.1; +http://www.google.com/bot.html)"
103.87.213.9 - - [05/Apr/2026:19:47:14 +0200] "GET /content.php HTTP/1.1" 404 13201 "-" "Go-http-client/2.0"
103.87.213.9 - - [05/Apr/2026:19:47:16 +0200] "GET /.well-known/acme-challenge/about.php HTTP/1.1" 404 13506 "-" "Go-http-client/2.0"
103.87.213.9 - - [05/Apr/2026:19:47:17 +0200] "GET /goat.php HTTP/1.1" 404 13202 "-" "Go-http-client/2.0"
103.87.213.9 - - [05/Apr/2026:19:47:19 +0200] "GET /.well-known/acme-challenge/admin.php HTTP/1.1" 404 13507 "-" "Go-http-client/2.0"
103.87.213.9 - - [05/Apr/2026:19:47:20 +0200] "GET /wp-content/uploads/about.php HTTP/1.1" 404 13506 "-" "Go-http-client/2.0"
66.249.66.2 - - [05/Apr/2026:19:47:20 +0200] "GET /index.php?prizes/207761864 HTTP/1.1" 301 0 "-" "Mozilla/5.0 (Linux; Android 6.0.1; Nexus 5X Build/MMB29P) AppleWebKit/537.36 (KHTML, like Gecko) Chrome/146.0.7680.177 Mobile Safari/537.36 (compatible; Googlebot/2.1; +http://www.google.com/bot.html)"
103.87.213.9 - - [05/Apr/2026:19:47:21 +0200] "GET /wp-admin/maint/index.php HTTP/1.1" 301 0 "-" "Go-http-client/2.0"
66.249.66.65 - - [05/Apr/2026:19:47:27 +0200] "GET /?prizes/207761864 HTTP/1.1" 200 27205 "-" "Mozilla/5.0 (Linux; Android 6.0.1; Nexus 5X Build/MMB29P) AppleWebKit/537.36 (KHTML, like Gecko) Chrome/146.0.7680.177 Mobile Safari/537.36 (compatible; Googlebot/2.1; +http://www.google.com/bot.html)"
66.249.66.2 - - [05/Apr/2026:19:47:27 +0200] "GET /commoditys/055007541 HTTP/1.1" 404 13202 "-" "Mozilla/5.0 (Linux; Android 6.0.1; Nexus 5X Build/MMB29P) AppleWebKit/537.36 (KHTML, like Gecko) Chrome/146.0.7680.177 Mobile Safari/537.36 (compatible; Googlebot/2.1; +http://www.google.com/bot.html)"
103.87.213.9 - - [05/Apr/2026:19:47:29 +0200] "GET /wp-admin/maint/ HTTP/1.1" 200 308 "https://ribari.net/wp-admin/maint/index.php" "Go-http-client/2.0"
103.87.213.9 - - [05/Apr/2026:19:47:31 +0200] "GET /dropdown.php HTTP/1.1" 404 13199 "-" "Go-http-client/2.0"
103.87.213.9 - - [05/Apr/2026:19:47:33 +0200] "GET /sad/about.php HTTP/1.1" 404 13202 "-" "Go-http-client/2.0"
103.87.213.9 - - [05/Apr/2026:19:47:34 +0200] "GET /admin.php HTTP/1.1" 404 13202 "-" "Go-http-client/2.0"
103.87.213.9 - - [05/Apr/2026:19:47:35 +0200] "GET /wp-admin/admin.php HTTP/1.1" 302 0 "-" "Go-http-client/2.0"
103.87.213.9 - - [05/Apr/2026:19:47:36 +0200] "GET /wp-login.php?redirect_to=https%3A%2F%2Fribari.net%2Fwp-admin%2Fadmin.php&reauth=1 HTTP/1.1" 404 13202 "https://ribari.net/wp-admin/admin.php" "Go-http-client/2.0"
103.87.213.9 - - [05/Apr/2026:19:47:37 +0200] "GET /wp-includes/IXR/index.php HTTP/1.1" 301 0 "-" "Go-http-client/2.0"
103.87.213.9 - - [05/Apr/2026:19:47:38 +0200] "GET /wp-includes/IXR/ HTTP/1.1" 200 476 "https://ribari.net/wp-includes/IXR/index.php" "Go-http-client/2.0"
103.87.213.9 - - [05/Apr/2026:19:47:40 +0200] "GET /classwithtostring.php HTTP/1.1" 404 13202 "-" "Go-http-client/2.0"
103.87.213.9 - - [05/Apr/2026:19:47:41 +0200] "GET /install.php HTTP/1.1" 404 13198 "-" "Go-http-client/2.0"
103.87.213.9 - - [05/Apr/2026:19:47:41 +0200] "GET /wp-admin/admin.php HTTP/1.1" 302 0 "http://mail.ribari.net/wp-admin/admin.php" "Go-http-client/1.1"
103.87.213.9 - - [05/Apr/2026:19:47:42 +0200] "GET /wp-content/x/index.php HTTP/1.1" 301 0 "-" "Go-http-client/2.0"
103.87.213.9 - - [05/Apr/2026:19:47:43 +0200] "GET /wp-login.php?redirect_to=https%3A%2F%2Fmail.ribari.net%2Fwp-admin%2Fadmin.php&reauth=1 HTTP/1.1" 404 13202 "https://mail.ribari.net/wp-admin/admin.php" "Go-http-client/2.0"
161.97.137.93 - - [05/Apr/2026:19:47:44 +0200] "POST /wp-cron.php?doing_wp_cron=1775411263.6399700641632080078125 HTTP/1.1" 404 13202 "https://ribari.net/wp-cron.php?doing_wp_cron=1775411263.6399700641632080078125" "WordPress/4.9.13; https://ribari.net"
103.87.213.9 - - [05/Apr/2026:19:47:44 +0200] "GET /wp-content/x/ HTTP/1.1" 404 13202 "https://ribari.net/wp-content/x/index.php" "Go-http-client/2.0"
103.87.213.9 - - [05/Apr/2026:19:47:45 +0200] "GET /wp-includes/Requests/about.php HTTP/1.1" 404 13507 "-" "Go-http-client/2.0"
103.87.213.9 - - [05/Apr/2026:19:47:46 +0200] "GET /wp-admin/includes/index.php HTTP/1.1" 301 0 "-" "Go-http-client/2.0"
103.87.213.9 - - [05/Apr/2026:19:47:47 +0200] "GET /wp-admin/includes/ HTTP/1.1" 200 2033 "https://ribari.net/wp-admin/includes/index.php" "Go-http-client/2.0"
103.87.213.9 - - [05/Apr/2026:19:47:48 +0200] "GET /wp-login.php HTTP/1.1" 302 0 "-" "Go-http-client/2.0"
103.87.213.9 - - [05/Apr/2026:19:47:50 +0200] "GET /wp-login.php HTTP/1.1" 302 0 "https://ribari.net/wp-login.php" "Go-http-client/2.0"
103.87.213.9 - - [05/Apr/2026:19:47:51 +0200] "GET /wp-login.php HTTP/1.1" 302 0 "https://ribari.net/wp-login.php" "Go-http-client/2.0"
103.87.213.9 - - [05/Apr/2026:19:47:52 +0200] "GET /wp-login.php HTTP/1.1" 302 0 "https://ribari.net/wp-login.php" "Go-http-client/2.0"
103.87.213.9 - - [05/Apr/2026:19:47:55 +0200] "GET /wp-login.php HTTP/1.1" 302 0 "https://ribari.net/wp-login.php" "Go-http-client/2.0"
103.87.213.9 - - [05/Apr/2026:19:47:56 +0200] "GET /wp-login.php HTTP/1.1" 302 0 "https://ribari.net/wp-login.php" "Go-http-client/2.0"
103.87.213.9 - - [05/Apr/2026:19:47:58 +0200] "GET /wp-login.php HTTP/1.1" 302 0 "https://ribari.net/wp-login.php" "Go-http-client/2.0"
