47.128.24.132 - - [06/Apr/2026:01:57:28 +0200] "GET /wp-content/uploads/2016/12/1481648419-fvvvv-600x330.jpg HTTP/1.1" 206 500 "https://wars.bg/tag/%D0%B2%D0%BE%D0%B5%D0%BD%D0%BD%D0%BE%D1%81%D0%BB%D1%83%D0%B6%D0%B5%D1%89%D0%B8%D1%82%D0%B5/page/42/" "Mozilla/5.0 (Linux; Android 5.0) AppleWebKit/537.36 (KHTML, like Gecko) Mobile Safari/537.36 (compatible; Bytespider; spider-feedback@bytedance.com)"
47.128.24.132 - - [06/Apr/2026:01:57:28 +0200] "GET /wp-content/uploads/2016/12/15554832_1206556732771275_1162691599_n.jpg HTTP/1.1" 200 33128 "https://wars.bg/tag/%D0%B2%D0%BE%D0%B5%D0%BD%D0%BD%D0%BE%D1%81%D0%BB%D1%83%D0%B6%D0%B5%D1%89%D0%B8%D1%82%D0%B5/page/42/" "Mozilla/5.0 (Linux; Android 5.0) AppleWebKit/537.36 (KHTML, like Gecko) Mobile Safari/537.36 (compatible; Bytespider; spider-feedback@bytedance.com)"
161.97.137.93 - - [06/Apr/2026:01:57:35 +0200] "POST /wp-cron.php?doing_wp_cron=1775433455.6420040130615234375000 HTTP/1.1" 404 9515 "https://wars.bg/wp-cron.php?doing_wp_cron=1775433455.6420040130615234375000" "WordPress/4.9.26; https://wars.bg"
157.55.39.58 - - [06/Apr/2026:01:57:36 +0200] "GET /tag/%D0%B7%D0%B0%D0%BB%D0%B0-421-10/ HTTP/1.1" 200 8025 "-" "Mozilla/5.0 AppleWebKit/537.36 (KHTML, like Gecko; compatible; bingbot/2.0; +http://www.bing.com/bingbot.htm) Chrome/116.0.1938.76 Safari/537.36"
85.208.96.196 - - [06/Apr/2026:01:57:44 +0200] "GET /tag/%D0%BD%D0%B5%D0%BF%D1%80%D0%B8%D0%B5%D0%BC%D0%BB%D0%B8%D0%B2%D0%BE/ HTTP/1.1" 200 8664 "-" "Mozilla/5.0 (compatible; SemrushBot/7~bl; +http://www.semrush.com/bot.html)"
40.77.167.25 - - [06/Apr/2026:01:58:16 +0200] "GET /?s=ronaldo+penalty+goals+by+year HTTP/1.1" 200 7234 "-" "Mozilla/5.0 AppleWebKit/537.36 (KHTML, like Gecko; compatible; bingbot/2.0; +http://www.bing.com/bingbot.htm) Chrome/116.0.1938.76 Safari/537.36"
185.191.171.16 - - [06/Apr/2026:01:58:26 +0200] "GET /%D0%BF%D1%8A%D1%80%D0%B2%D0%B0%D1%82%D0%B0-%D0%BD%D0%BE%D0%B2%D0%B0-%D0%B3%D0%BE%D0%B4%D0%B8%D0%BD%D0%B0-%D0%BA%D0%B0%D1%82%D0%BE-%D0%BE%D1%84%D0%B8%D1%86%D0%B5%D1%80/ HTTP/1.1" 200 18711 "-" "Mozilla/5.0 (compatible; SemrushBot/7~bl; +http://www.semrush.com/bot.html)"
161.97.137.93 - - [06/Apr/2026:01:58:36 +0200] "POST /wp-cron.php?doing_wp_cron=1775433516.5110440254211425781250 HTTP/1.1" 404 9515 "https://wars.bg/wp-cron.php?doing_wp_cron=1775433516.5110440254211425781250" "WordPress/4.9.26; https://wars.bg"
185.191.171.2 - - [06/Apr/2026:01:58:36 +0200] "GET /tag/%D0%BF%D0%BE%D1%81%D1%80%D0%B5%D1%89%D0%B0%D1%82-%D1%82%D1%8A%D1%80%D0%B6%D0%B5%D1%81%D1%82%D0%B2%D0%B5%D0%BD%D0%BE-37-%D0%B8%D1%8F-%D0%BA%D0%BE%D0%BD%D1%82%D0%B8%D0%BD%D0%B3%D0%B5%D0%BD%D1%82-%D0%BE/ HTTP/1.1" 200 8469 "-" "Mozilla/5.0 (compatible; SemrushBot/7~bl; +http://www.semrush.com/bot.html)"
47.82.11.91 - - [06/Apr/2026:01:58:42 +0200] "GET /tag/%D1%80%D1%83%D1%81%D0%BA%D0%BE-%D0%BE%D1%80%D1%8A%D0%B6%D0%B8%D0%B5/page/64/ HTTP/1.1" 200 12076 "https://wars.bg/" "Mozilla/5.0 (Macintosh; Intel Mac OS X 10_15_7) AppleWebKit/605.1.15 (KHTML, like Gecko) Version/18.3.1 Safari/605.1.15"
40.77.167.25 - - [06/Apr/2026:01:58:57 +0200] "GET /tag/%D0%BC-60%D1%82-%D0%B2-%D1%81%D0%B8%D1%80%D0%B8%D1%8F/ HTTP/1.1" 200 7928 "-" "Mozilla/5.0 AppleWebKit/537.36 (KHTML, like Gecko; compatible; bingbot/2.0; +http://www.bing.com/bingbot.htm) Chrome/116.0.1938.76 Safari/537.36"
161.97.137.93 - - [06/Apr/2026:01:59:42 +0200] "POST /wp-cron.php?doing_wp_cron=1775433582.4046020507812500000000 HTTP/1.1" 404 9515 "https://wars.bg/wp-cron.php?doing_wp_cron=1775433582.4046020507812500000000" "WordPress/4.9.26; https://wars.bg"
40.77.167.47 - - [06/Apr/2026:01:59:42 +0200] "GET /?s=biz+portal HTTP/1.1" 200 7215 "-" "Mozilla/5.0 AppleWebKit/537.36 (KHTML, like Gecko; compatible; bingbot/2.0; +http://www.bing.com/bingbot.htm) Chrome/116.0.1938.76 Safari/537.36"
161.97.137.93 - - [06/Apr/2026:02:00:45 +0200] "POST /wp-cron.php?doing_wp_cron=1775433645.5735828876495361328125 HTTP/1.1" 404 9514 "https://wars.bg/wp-cron.php?doing_wp_cron=1775433645.5735828876495361328125" "WordPress/4.9.26; https://wars.bg"
207.46.13.54 - - [06/Apr/2026:02:00:46 +0200] "GET /?s=%E6%89%93%E9%80%A0%E4%B8%96%E7%95%8C%E5%AE%89%E5%8D%93%E6%B1%89%E5%8C%96%E5%86%85%E8%B4%AD%E7%89%88%E4%B8%8B%E8%BD%BD HTTP/1.1" 200 7349 "-" "Mozilla/5.0 AppleWebKit/537.36 (KHTML, like Gecko; compatible; bingbot/2.0; +http://www.bing.com/bingbot.htm) Chrome/116.0.1938.76 Safari/537.36"
85.208.96.193 - - [06/Apr/2026:02:01:08 +0200] "GET /tag/%D0%BE%D1%80%D1%8A%D0%B6%D0%B8%D0%B5/page/52/ HTTP/1.1" 200 12282 "-" "Mozilla/5.0 (compatible; SemrushBot/7~bl; +http://www.semrush.com/bot.html)"
85.208.96.193 - - [06/Apr/2026:02:01:15 +0200] "GET /tag/%D0%9C%D0%B0%D1%87%D1%8A%D1%82/ HTTP/1.1" 200 8664 "-" "Mozilla/5.0 (compatible; SemrushBot/7~bl; +http://www.semrush.com/bot.html)"
47.128.23.83 - - [06/Apr/2026:02:01:16 +0200] "GET /tag/%D0%BD%D0%BE%D0%B2%D0%B8%D0%BD%D0%B8%D1%82%D0%B5-%D0%BD%D0%B0-wars-bg/page/54/ HTTP/1.1" 200 11627 "-" "Mozilla/5.0 (Linux; Android 5.0) AppleWebKit/537.36 (KHTML, like Gecko) Mobile Safari/537.36 (compatible; Bytespider; spider-feedback@bytedance.com)"
116.179.32.217 - - [06/Apr/2026:02:01:39 +0200] "GET /wp-content/uploads/2016/08/dm500_brdm-1.jpg HTTP/1.1" 200 163425 "-" "Baiduspider-image+(+http://www.baidu.com/search/spider.htm)"
185.191.171.7 - - [06/Apr/2026:02:02:04 +0200] "GET /%D0%BA%D0%B0%D0%BA%D0%B2%D0%BE-%D0%B5-%D0%B4%D0%B0-%D1%80%D1%83%D1%81%D0%BA%D0%B8-%D0%B2%D0%BE%D0%B9%D0%BD%D0%B8%D0%BA-%D0%B3%D0%BB%D0%B5%D0%B4%D0%B0%D0%B9%D1%82%D0%B5-%D0%BD%D0%BE%D0%B2/ HTTP/1.1" 502 150 "-" "Mozilla/5.0 (compatible; SemrushBot/7~bl; +http://www.semrush.com/bot.html)"
40.77.167.47 - - [06/Apr/2026:02:02:04 +0200] "GET /?s=celica+car+fra%2Ce HTTP/1.1" 502 552 "-" "Mozilla/5.0 AppleWebKit/537.36 (KHTML, like Gecko; compatible; bingbot/2.0; +http://www.bing.com/bingbot.htm) Chrome/116.0.1938.76 Safari/537.36"
85.208.96.205 - - [06/Apr/2026:02:02:06 +0200] "GET /tag/%D0%BC%D1%81%D1%82%D0%B0-%D1%81/ HTTP/1.1" 200 9181 "-" "Mozilla/5.0 (compatible; SemrushBot/7~bl; +http://www.semrush.com/bot.html)"
85.208.96.208 - - [06/Apr/2026:02:02:31 +0200] "GET /%D0%BC%D0%B8%D0%BD%D0%B0-%D1%81-%D0%B8%D0%B7%D0%BA%D1%83%D1%81%D1%82%D0%B2%D0%B5%D0%BD-%D0%B8%D0%BD%D1%82%D0%B5%D0%BB%D0%B5%D0%BA%D1%82-%D1%89%D0%B5-%D1%80%D0%B0%D0%B7%D0%BF%D0%BE%D0%B7%D0%BD%D0%B0/ HTTP/1.1" 403 285 "-" "Mozilla/5.0 (compatible; SemrushBot/7~bl; +http://www.semrush.com/bot.html)"
66.249.79.172 - - [06/Apr/2026:02:02:53 +0200] "GET /tag/%D1%80%D0%B0%D0%BA%D0%B5%D1%82%D0%B8-%D1%80%D1%82-23-%D1%83%D1%82%D1%82%D1%85-%D0%BC%D0%BE%D0%BB%D0%BE%D0%B4%D0%B5%D1%86/ HTTP/1.1" 200 8094 "-" "Mozilla/5.0 (Linux; Android 6.0.1; Nexus 5X Build/MMB29P) AppleWebKit/537.36 (KHTML, like Gecko) Chrome/146.0.7680.177 Mobile Safari/537.36 (compatible; Googlebot/2.1; +http://www.google.com/bot.html)"
40.77.167.47 - - [06/Apr/2026:02:02:54 +0200] "GET /tag/%D1%84%D0%B5%D0%BD%D0%BE%D0%BC%D0%B5%D0%BD/ HTTP/1.1" 200 8005 "-" "Mozilla/5.0 AppleWebKit/537.36 (KHTML, like Gecko; compatible; bingbot/2.0; +http://www.bing.com/bingbot.htm) Chrome/116.0.1938.76 Safari/537.36"
40.77.167.47 - - [06/Apr/2026:02:02:54 +0200] "GET /%D1%80%D1%83%D1%81%D0%BD%D0%B0%D1%86%D0%B8%D1%82%D0%B5-%D1%80%D0%B0%D0%B7%D1%80%D0%B0%D0%B1%D0%BE%D1%82%D0%B2%D0%B0%D1%82-%D0%BC%D0%B8%D0%BA%D1%80%D0%BE%D0%B4%D1%80%D0%BE%D0%BD-%D0%BA%D0%BE%D0%B9/ HTTP/1.1" 200 12294 "-" "Mozilla/5.0 AppleWebKit/537.36 (KHTML, like Gecko; compatible; bingbot/2.0; +http://www.bing.com/bingbot.htm) Chrome/116.0.1938.76 Safari/537.36"
161.97.137.93 - - [06/Apr/2026:02:02:58 +0200] "POST /wp-cron.php?doing_wp_cron=1775433778.5925590991973876953125 HTTP/1.1" 404 9514 "https://wars.bg/wp-cron.php?doing_wp_cron=1775433778.5925590991973876953125" "WordPress/4.9.26; https://wars.bg"
40.77.167.25 - - [06/Apr/2026:02:02:59 +0200] "GET /tag/%D0%B8%D0%B7%D1%87%D0%B8%D1%81%D0%BB%D1%8F%D0%B2%D0%B0%D0%BD%D0%B5%D1%82%D0%BE/ HTTP/1.1" 200 8092 "-" "Mozilla/5.0 AppleWebKit/537.36 (KHTML, like Gecko; compatible; bingbot/2.0; +http://www.bing.com/bingbot.htm) Chrome/116.0.1938.76 Safari/537.36"
161.97.137.93 - - [06/Apr/2026:02:02:59 +0200] "POST /wp-cron.php?doing_wp_cron=1775433778.7465529441833496093750 HTTP/1.1" 404 9514 "https://wars.bg/wp-cron.php?doing_wp_cron=1775433778.7465529441833496093750" "WordPress/4.9.26; http://wars.bg"
161.178.132.46 - - [06/Apr/2026:02:02:59 +0200] "POST /wp-login.php HTTP/1.1" 200 4077 "-" "Mozilla/5.0"
50.116.60.109 - - [06/Apr/2026:02:03:15 +0200] "GET /%D1%80%D0%B0%D0%B7%D0%BB%D0%B8%D1%87%D0%BD%D0%B8-%D1%80%D0%BE%D0%BB%D0%B8-%D0%B0%D0%BC%D0%B5%D1%80%D0%B8%D0%BA%D0%B0%D0%BD%D1%81%D0%BA%D0%B8-%D0%B5%D0%BA%D1%81%D0%BF%D0%B5%D1%80%D1%82%D0%B8-%D1%81/ HTTP/1.1" 200 12249 "-" "Mozilla/5.0 (compatible; MuckRack/1.0; +https://muckrack.com)"
207.46.13.54 - - [06/Apr/2026:02:03:26 +0200] "GET /tag/%D1%81%D1%82%D0%B0%D0%BD%D0%B8%D1%81%D0%BB%D0%B0%D0%B2-%D0%B5%D0%B2%D0%B3%D1%80%D0%B0%D1%84%D0%BE%D0%B2%D0%B8%D1%87-%D0%BF%D0%B5%D1%82%D1%80%D0%BE%D0%B2/ HTTP/1.1" 200 7985 "-" "Mozilla/5.0 AppleWebKit/537.36 (KHTML, like Gecko; compatible; bingbot/2.0; +http://www.bing.com/bingbot.htm) Chrome/116.0.1938.76 Safari/537.36"
85.208.96.208 - - [06/Apr/2026:02:03:27 +0200] "GET /tag/%D0%B1%D1%83%D0%BA-%D0%BC2%D1%8D/ HTTP/1.1" 403 285 "-" "Mozilla/5.0 (compatible; SemrushBot/7~bl; +http://www.semrush.com/bot.html)"
40.77.167.25 - - [06/Apr/2026:02:03:30 +0200] "GET /?s=%E3%81%98%E3%82%83%E3%82%89%E3%82%93%E5%8C%97%E6%B5%B7%E9%81%93 HTTP/1.1" 200 7280 "-" "Mozilla/5.0 AppleWebKit/537.36 (KHTML, like Gecko; compatible; bingbot/2.0; +http://www.bing.com/bingbot.htm) Chrome/116.0.1938.76 Safari/537.36"
161.97.137.93 - - [06/Apr/2026:02:03:59 +0200] "POST /wp-cron.php?doing_wp_cron=1775433839.5045309066772460937500 HTTP/1.1" 404 9514 "https://wars.bg/wp-cron.php?doing_wp_cron=1775433839.5045309066772460937500" "WordPress/4.9.26; https://wars.bg"
185.191.171.17 - - [06/Apr/2026:02:03:59 +0200] "GET /tag/%D0%BD%D0%BE%D0%B2%D0%B8%D0%BD%D0%B8%D1%82%D0%B5-%D0%BD%D0%B0-wars-bg/page/64/ HTTP/1.1" 200 12608 "-" "Mozilla/5.0 (compatible; SemrushBot/7~bl; +http://www.semrush.com/bot.html)"
40.77.167.47 - - [06/Apr/2026:02:04:08 +0200] "GET /%D0%B2-%D1%80%D1%83%D1%81%D0%B8%D1%8F-%D1%80%D0%B0%D0%B7%D1%80%D0%B0%D0%B1%D0%BE%D1%82%D0%B2%D0%B0%D1%82-%D1%80%D0%BB%D1%81-%D0%B7%D0%B0-%D0%BE%D1%82%D0%BA%D1%80%D0%B8%D0%B2%D0%B0%D0%BD%D0%B5-%D0%BD/ HTTP/1.1" 200 11403 "-" "Mozilla/5.0 AppleWebKit/537.36 (KHTML, like Gecko; compatible; bingbot/2.0; +http://www.bing.com/bingbot.htm) Chrome/116.0.1938.76 Safari/537.36"
85.208.96.195 - - [06/Apr/2026:02:04:12 +0200] "GET /tag/%D0%A4%D1%80%D0%B0%D0%BD%D0%BA%D0%BB%D0%B8%D0%BD-%D0%A0%D1%83%D0%B7%D0%B2%D0%B5%D0%BB%D1%82/ HTTP/1.1" 200 8810 "-" "Mozilla/5.0 (compatible; SemrushBot/7~bl; +http://www.semrush.com/bot.html)"
207.46.13.54 - - [06/Apr/2026:02:04:29 +0200] "GET /%D0%BD%D0%BE%D0%B2%D0%B8%D1%8F%D1%82-%D0%BF%D1%80%D0%B8%D1%86%D0%B5%D0%BB-%D0%B3%D0%B5%D1%84%D0%B5%D1%81%D1%82-%D1%89%D0%B5-%D0%BD%D0%B0%D0%BF%D1%80%D0%B0%D0%B2%D0%B8-%D0%BD%D0%B5%D1%83%D0%BF/ HTTP/1.1" 200 12333 "-" "Mozilla/5.0 AppleWebKit/537.36 (KHTML, like Gecko; compatible; bingbot/2.0; +http://www.bing.com/bingbot.htm) Chrome/116.0.1938.76 Safari/537.36"
40.77.167.47 - - [06/Apr/2026:02:04:38 +0200] "GET /%D0%B8%D0%BD%D0%B4%D0%B8%D1%8F-%D0%B8%D0%BC%D0%B0-%D1%80%D0%B0%D0%BA%D0%B5%D1%82%D0%B8-%D0%BA%D0%BB%D0%B0%D1%81-%D0%B7%D0%B5%D0%BC%D1%8F-%D0%B7%D0%B5%D0%BC%D1%8F/ HTTP/1.1" 200 11229 "-" "Mozilla/5.0 AppleWebKit/537.36 (KHTML, like Gecko; compatible; bingbot/2.0; +http://www.bing.com/bingbot.htm) Chrome/116.0.1938.76 Safari/537.36"
40.77.167.47 - - [06/Apr/2026:02:04:53 +0200] "GET /?s=%E5%90%8D%E5%8F%A4%E5%B1%8B%E5%B8%82%E7%A7%91%E5%AD%A6%E9%A4%A8+%E3%82%AA%E3%83%B3%E3%83%A9%E3%82%A4%E3%83%B3%E3%83%81%E3%82%B1%E3%83%83%E3%83%88+%E4%BD%BF%E3%81%84%E6%96%B9 HTTP/1.1" 200 7235 "-" "Mozilla/5.0 AppleWebKit/537.36 (KHTML, like Gecko; compatible; bingbot/2.0; +http://www.bing.com/bingbot.htm) Chrome/116.0.1938.76 Safari/537.36"
185.191.171.13 - - [06/Apr/2026:02:05:18 +0200] "GET /tag/%D0%BC%D0%B8%D0%B3-29-%D0%B2-%D0%BF%D0%BE%D0%BB%D1%88%D0%B0/ HTTP/1.1" 200 8538 "-" "Mozilla/5.0 (compatible; SemrushBot/7~bl; +http://www.semrush.com/bot.html)"
185.191.171.11 - - [06/Apr/2026:02:06:42 +0200] "GET /tag/%D0%B2%D0%B5%D1%81%D1%82%D0%B8/page/47/ HTTP/1.1" 200 12335 "-" "Mozilla/5.0 (compatible; SemrushBot/7~bl; +http://www.semrush.com/bot.html)"
185.191.171.3 - - [06/Apr/2026:02:06:44 +0200] "GET /tag/%D0%BA%D0%B8%D1%82%D0%B0%D0%B9%D1%81%D0%BA%D0%B8%D1%82%D0%B5-%D1%80%D0%B0%D0%B7%D1%80%D0%B0%D0%B1%D0%BE%D1%82%D0%BA%D0%B8/ HTTP/1.1" 200 8710 "-" "Mozilla/5.0 (compatible; SemrushBot/7~bl; +http://www.semrush.com/bot.html)"
85.208.96.200 - - [06/Apr/2026:02:06:56 +0200] "GET /tag/%D0%B2-%D0%B5%D1%82%D0%B8%D0%BE%D0%BF%D0%B8%D1%8F-%D0%B7%D0%B0-%D0%BF%D1%8A%D1%80%D0%B2%D0%B8-%D0%BF%D1%8A%D1%82-%D0%B1%D0%B5-%D0%B7%D0%B0%D0%B1%D0%B5%D0%BB%D1%8F%D0%B7%D0%B0%D0%BD-%D1%81%D0%B0%D0%BC/ HTTP/1.1" 200 8533 "-" "Mozilla/5.0 (compatible; SemrushBot/7~bl; +http://www.semrush.com/bot.html)"
161.97.137.93 - - [06/Apr/2026:02:07:34 +0200] "POST /wp-cron.php?doing_wp_cron=1775434054.3947460651397705078125 HTTP/1.1" 404 9514 "https://wars.bg/wp-cron.php?doing_wp_cron=1775434054.3947460651397705078125" "WordPress/4.9.26; https://wars.bg"
185.191.171.16 - - [06/Apr/2026:02:07:34 +0200] "GET /tag/%D0%B8%D0%BD%D0%B4%D0%B8%D1%8F-%D0%BC%D0%BE%D0%B4%D0%B5%D1%80%D0%BD%D0%B8%D0%B7%D0%B8%D1%80%D0%B0-%D0%B0%D1%80%D0%BC%D0%B8%D1%8F%D1%82%D0%B0-%D1%81%D0%B8/ HTTP/1.1" 200 8503 "-" "Mozilla/5.0 (compatible; SemrushBot/7~bl; +http://www.semrush.com/bot.html)"
52.167.144.138 - - [06/Apr/2026:02:08:03 +0200] "GET /?s=padelmarket HTTP/1.1" 200 7210 "-" "Mozilla/5.0 AppleWebKit/537.36 (KHTML, like Gecko; compatible; bingbot/2.0; +http://www.bing.com/bingbot.htm) Chrome/116.0.1938.76 Safari/537.36"
185.191.171.14 - - [06/Apr/2026:02:08:14 +0200] "GET /tag/%D1%80%D1%83%D1%81%D0%BA%D0%BE%D1%82%D0%BE-%D0%BB%D0%B0%D0%B7%D0%B5%D1%80%D0%BD%D0%BE-%D0%BE%D1%80%D1%8A%D0%B6%D0%B8%D0%B5/ HTTP/1.1" 200 8625 "-" "Mozilla/5.0 (compatible; SemrushBot/7~bl; +http://www.semrush.com/bot.html)"
85.208.96.211 - - [06/Apr/2026:02:08:51 +0200] "GET /tag/%D0%BD%D0%BE%D0%B2%D0%B8%D0%BD%D0%B0%D1%82%D0%B0/page/28/ HTTP/1.1" 200 12217 "-" "Mozilla/5.0 (compatible; SemrushBot/7~bl; +http://www.semrush.com/bot.html)"
52.167.144.138 - - [06/Apr/2026:02:08:52 +0200] "GET /%D0%BA%D0%B0%D0%BA%D1%8A%D0%B2-%D1%82%D1%80%D1%8F%D0%B1%D0%B2%D0%B0-%D0%B4%D0%B0-%D1%81%D1%82%D0%B0%D0%BD%D0%B5-%D1%80%D1%83%D1%81%D0%BA%D0%B8%D1%8F%D1%82-%D0%B8%D0%B7%D1%82%D1%80%D0%B5%D0%B1%D0%B8/ HTTP/1.1" 200 14297 "-" "Mozilla/5.0 AppleWebKit/537.36 (KHTML, like Gecko; compatible; bingbot/2.0; +http://www.bing.com/bingbot.htm) Chrome/116.0.1938.76 Safari/537.36"
78.47.101.172 - - [06/Apr/2026:02:09:34 +0200] "GET /category/%d0%be%d1%80%d1%8a%d0%b6%d0%b8%d0%b5/feed/ HTTP/1.1" 200 104234 "-" "Mozilla/5.0 (compatible; um-IC/1.0; https://www.ubermetrics-technologies.com/; Windows NT 6.1; WOW64; rv:125.0) Gecko/20100101 Firefox/125.1"
161.97.137.93 - - [06/Apr/2026:02:10:06 +0200] "POST /wp-cron.php?doing_wp_cron=1775434206.5310099124908447265625 HTTP/1.1" 404 9514 "https://wars.bg/wp-cron.php?doing_wp_cron=1775434206.5310099124908447265625" "WordPress/4.9.26; https://wars.bg"
52.167.144.24 - - [06/Apr/2026:02:10:07 +0200] "GET /?s=%ED%88%AC%EC%95%BD%EB%B3%91+%EC%A0%9C%ED%95%9C HTTP/1.1" 200 7270 "-" "Mozilla/5.0 AppleWebKit/537.36 (KHTML, like Gecko; compatible; bingbot/2.0; +http://www.bing.com/bingbot.htm) Chrome/116.0.1938.76 Safari/537.36"
185.191.171.12 - - [06/Apr/2026:02:11:03 +0200] "GET /tag/%D1%81%D0%B2%D0%B5%D1%82%D0%B0/page/44/ HTTP/1.1" 502 150 "-" "Mozilla/5.0 (compatible; SemrushBot/7~bl; +http://www.semrush.com/bot.html)"
161.97.137.93 - - [06/Apr/2026:02:11:08 +0200] "POST /wp-cron.php?doing_wp_cron=1775434268.5315349102020263671875 HTTP/1.1" 404 9514 "https://wars.bg/wp-cron.php?doing_wp_cron=1775434268.5315349102020263671875" "WordPress/4.9.26; https://wars.bg"
85.208.96.207 - - [06/Apr/2026:02:11:08 +0200] "GET /tag/%D0%BD%D0%B0%D1%80%D0%B5%D0%B7%D0%BD%D0%B0-%D0%BA%D0%B0%D1%80%D0%B0%D0%B1%D0%B8%D0%BD%D0%B0-%D1%81%D0%B0%D0%B9%D0%B3%D0%B0-%D0%B7%D0%B0-%D0%BB%D0%BE%D0%B2-%D0%BD%D0%B0-%D0%B5%D0%BB%D0%B5%D0%BD%D0%B8/ HTTP/1.1" 200 8502 "-" "Mozilla/5.0 (compatible; SemrushBot/7~bl; +http://www.semrush.com/bot.html)"
78.47.101.172 - - [06/Apr/2026:02:11:17 +0200] "GET /feed/atom/ HTTP/1.1" 200 144798 "-" "Mozilla/5.0 (compatible; um-IC/1.0; https://www.ubermetrics-technologies.com/; Windows NT 6.1; WOW64; rv:125.0) Gecko/20100101 Firefox/125.1"
161.178.132.46 - - [06/Apr/2026:02:11:25 +0200] "POST /wp-login.php HTTP/1.1" 200 4077 "-" "Mozilla/5.0"
185.191.171.16 - - [06/Apr/2026:02:11:37 +0200] "GET /%D0%BF%D0%B5%D1%85%D0%BE%D1%82%D0%B0%D1%82%D0%B0-%D0%B8-%D0%BC%D0%BE%D1%80%D1%8F%D1%86%D0%B8%D1%82%D0%B5-%D1%81%D0%B5-%D1%80%D0%B0%D0%B7%D0%B3%D0%BD%D0%B5%D0%B2%D0%B8%D1%85%D0%B0-%D0%BD%D0%B0-%D0%B0/ HTTP/1.1" 200 14451 "-" "Mozilla/5.0 (compatible; SemrushBot/7~bl; +http://www.semrush.com/bot.html)"
157.55.39.51 - - [06/Apr/2026:02:12:36 +0200] "GET /?s=%E6%8A%96%E9%9F%B3%E5%B7%A5%E4%BD%9C%E6%97%A5%E5%8F%B0 HTTP/1.1" 200 7278 "-" "Mozilla/5.0 AppleWebKit/537.36 (KHTML, like Gecko; compatible; bingbot/2.0; +http://www.bing.com/bingbot.htm) Chrome/116.0.1938.76 Safari/537.36"
85.208.96.199 - - [06/Apr/2026:02:13:07 +0200] "GET /tag/novena/page/13/ HTTP/1.1" 200 12405 "-" "Mozilla/5.0 (compatible; SemrushBot/7~bl; +http://www.semrush.com/bot.html)"
161.97.137.93 - - [06/Apr/2026:02:13:36 +0200] "POST /wp-cron.php?doing_wp_cron=1775434416.6012029647827148437500 HTTP/1.1" 404 9514 "https://wars.bg/wp-cron.php?doing_wp_cron=1775434416.6012029647827148437500" "WordPress/4.9.26; https://wars.bg"
52.167.144.24 - - [06/Apr/2026:02:13:37 +0200] "GET /?s=Croesus+name+meaning+behind+the+name HTTP/1.1" 200 7231 "-" "Mozilla/5.0 AppleWebKit/537.36 (KHTML, like Gecko; compatible; bingbot/2.0; +http://www.bing.com/bingbot.htm) Chrome/116.0.1938.76 Safari/537.36"
52.167.144.138 - - [06/Apr/2026:02:13:44 +0200] "GET /post_tag-sitemap7.xml HTTP/1.1" 200 18570 "-" "Mozilla/5.0 AppleWebKit/537.36 (KHTML, like Gecko; compatible; bingbot/2.0; +http://www.bing.com/bingbot.htm) Chrome/116.0.1938.76 Safari/537.36"
52.167.144.138 - - [06/Apr/2026:02:14:04 +0200] "GET /?s=james+brussel HTTP/1.1" 502 552 "-" "Mozilla/5.0 AppleWebKit/537.36 (KHTML, like Gecko; compatible; bingbot/2.0; +http://www.bing.com/bingbot.htm) Chrome/116.0.1938.76 Safari/537.36"
185.191.171.6 - - [06/Apr/2026:02:14:34 +0200] "GET /tag/%D0%BA%D0%B8%D1%82%D0%B0%D0%B9%D1%81%D0%BA%D0%B0-%D1%82%D0%B5%D1%85%D0%BD%D0%BE%D0%BB%D0%BE%D0%B3%D0%B8%D1%8F/ HTTP/1.1" 200 8549 "-" "Mozilla/5.0 (compatible; SemrushBot/7~bl; +http://www.semrush.com/bot.html)"
52.167.144.138 - - [06/Apr/2026:02:15:03 +0200] "GET /post-sitemap2.xml HTTP/1.1" 502 552 "-" "Mozilla/5.0 AppleWebKit/537.36 (KHTML, like Gecko; compatible; bingbot/2.0; +http://www.bing.com/bingbot.htm) Chrome/116.0.1938.76 Safari/537.36"
66.249.79.170 - - [06/Apr/2026:02:15:21 +0200] "GET /tag/mo/page/3/ HTTP/1.1" 200 11406 "-" "Mozilla/5.0 (Linux; Android 6.0.1; Nexus 5X Build/MMB29P) AppleWebKit/537.36 (KHTML, like Gecko) Chrome/146.0.7680.177 Mobile Safari/537.36 (compatible; Googlebot/2.1; +http://www.google.com/bot.html)"
85.208.96.197 - - [06/Apr/2026:02:15:22 +0200] "GET /tag/%D1%81%D1%82%D0%B5%D1%84%D0%B0%D0%BD-%D0%B8%D0%B2%D0%B0%D0%BD%D0%BE%D0%B2-%D0%BF%D1%80%D0%BE%D0%B9%D0%BD%D0%BE%D0%B2/page/19/ HTTP/1.1" 200 12967 "-" "Mozilla/5.0 (compatible; SemrushBot/7~bl; +http://www.semrush.com/bot.html)"
85.208.96.208 - - [06/Apr/2026:02:15:44 +0200] "GET /tag/%D0%98%D1%81%D0%BA%D0%B0%D0%BD%D0%B4%D0%B5%D1%80-%D0%9C/ HTTP/1.1" 403 285 "-" "Mozilla/5.0 (compatible; SemrushBot/7~bl; +http://www.semrush.com/bot.html)"
161.97.137.93 - - [06/Apr/2026:02:15:49 +0200] "POST /wp-cron.php?doing_wp_cron=1775434548.9413390159606933593750 HTTP/1.1" 404 9514 "https://wars.bg/wp-cron.php?doing_wp_cron=1775434548.9413390159606933593750" "WordPress/4.9.26; https://wars.bg"
85.208.96.202 - - [06/Apr/2026:02:15:49 +0200] "GET /tag/%D1%80%D1%83%D1%81%D0%BA%D0%B8%D1%8F-%D0%B8%D0%B7%D1%82%D1%80%D0%B5%D0%B1%D0%B8%D1%82%D0%B5%D0%BB/ HTTP/1.1" 200 8613 "-" "Mozilla/5.0 (compatible; SemrushBot/7~bl; +http://www.semrush.com/bot.html)"
185.191.171.8 - - [06/Apr/2026:02:16:31 +0200] "GET /tag/novinite/page/51/ HTTP/1.1" 200 12294 "-" "Mozilla/5.0 (compatible; SemrushBot/7~bl; +http://www.semrush.com/bot.html)"
85.208.96.207 - - [06/Apr/2026:02:16:33 +0200] "GET /tag/%D1%83%D0%B2%D0%B5%D0%BB%D0%B8%D1%87%D0%B8/ HTTP/1.1" 200 8837 "-" "Mozilla/5.0 (compatible; SemrushBot/7~bl; +http://www.semrush.com/bot.html)"
85.208.96.199 - - [06/Apr/2026:02:16:42 +0200] "GET /tag/%D0%BD%D0%BE%D0%B2%D0%B8%D0%BD%D0%B0%D1%82%D0%B0-%D0%B4%D0%BD%D0%B5%D1%81/page/55/ HTTP/1.1" 200 12474 "-" "Mozilla/5.0 (compatible; SemrushBot/7~bl; +http://www.semrush.com/bot.html)"
47.128.24.124 - - [06/Apr/2026:02:17:05 +0200] "GET /tag/%D0%B0%D1%80%D0%BC%D0%B8%D1%8F%D1%82%D0%B0-%D0%BD%D0%B0-%D0%B1%D1%8A%D0%BB%D0%B3%D0%B0%D1%80%D0%B8%D1%8F/page/22/ HTTP/1.1" 200 11544 "-" "Mozilla/5.0 (Linux; Android 5.0) AppleWebKit/537.36 (KHTML, like Gecko) Mobile Safari/537.36 (compatible; Bytespider; spider-feedback@bytedance.com)"
47.128.24.124 - - [06/Apr/2026:02:17:07 +0200] "GET /wp-content/uploads/2017/03/10994340-863087073730609-4388846876012958724-n-810x400.jpg HTTP/1.1" 206 500 "https://wars.bg/tag/%D0%B0%D1%80%D0%BC%D0%B8%D1%8F%D1%82%D0%B0-%D0%BD%D0%B0-%D0%B1%D1%8A%D0%BB%D0%B3%D0%B0%D1%80%D0%B8%D1%8F/page/22/" "Mozilla/5.0 (Linux; Android 5.0) AppleWebKit/537.36 (KHTML, like Gecko) Mobile Safari/537.36 (compatible; Bytespider; spider-feedback@bytedance.com)"
47.128.24.124 - - [06/Apr/2026:02:17:07 +0200] "GET /wp-content/uploads/2017/03/991-ratio-andrej-bocev-874x400.jpg HTTP/1.1" 206 500 "https://wars.bg/tag/%D0%B0%D1%80%D0%BC%D0%B8%D1%8F%D1%82%D0%B0-%D0%BD%D0%B0-%D0%B1%D1%8A%D0%BB%D0%B3%D0%B0%D1%80%D0%B8%D1%8F/page/22/" "Mozilla/5.0 (Linux; Android 5.0) AppleWebKit/537.36 (KHTML, like Gecko) Mobile Safari/537.36 (compatible; Bytespider; spider-feedback@bytedance.com)"
47.128.24.124 - - [06/Apr/2026:02:17:08 +0200] "GET /wp-content/uploads/2017/03/1-1-800x400.jpg HTTP/1.1" 206 500 "https://wars.bg/tag/%D0%B0%D1%80%D0%BC%D0%B8%D1%8F%D1%82%D0%B0-%D0%BD%D0%B0-%D0%B1%D1%8A%D0%BB%D0%B3%D0%B0%D1%80%D0%B8%D1%8F/page/22/" "Mozilla/5.0 (Linux; Android 5.0) AppleWebKit/537.36 (KHTML, like Gecko) Mobile Safari/537.36 (compatible; Bytespider; spider-feedback@bytedance.com)"
47.128.24.124 - - [06/Apr/2026:02:17:08 +0200] "GET /wp-content/uploads/2017/03/1428233032-657x400.jpg HTTP/1.1" 206 500 "https://wars.bg/tag/%D0%B0%D1%80%D0%BC%D0%B8%D1%8F%D1%82%D0%B0-%D0%BD%D0%B0-%D0%B1%D1%8A%D0%BB%D0%B3%D0%B0%D1%80%D0%B8%D1%8F/page/22/" "Mozilla/5.0 (Linux; Android 5.0) AppleWebKit/537.36 (KHTML, like Gecko) Mobile Safari/537.36 (compatible; Bytespider; spider-feedback@bytedance.com)"
47.128.24.124 - - [06/Apr/2026:02:17:08 +0200] "GET /wp-content/uploads/2017/03/1-3-480x320.jpg HTTP/1.1" 206 500 "https://wars.bg/tag/%D0%B0%D1%80%D0%BC%D0%B8%D1%8F%D1%82%D0%B0-%D0%BD%D0%B0-%D0%B1%D1%8A%D0%BB%D0%B3%D0%B0%D1%80%D0%B8%D1%8F/page/22/" "Mozilla/5.0 (Linux; Android 5.0) AppleWebKit/537.36 (KHTML, like Gecko) Mobile Safari/537.36 (compatible; Bytespider; spider-feedback@bytedance.com)"
47.128.24.124 - - [06/Apr/2026:02:17:09 +0200] "GET /wp-content/uploads/2017/03/768x432-4-768x400.jpg HTTP/1.1" 206 500 "https://wars.bg/tag/%D0%B0%D1%80%D0%BC%D0%B8%D1%8F%D1%82%D0%B0-%D0%BD%D0%B0-%D0%B1%D1%8A%D0%BB%D0%B3%D0%B0%D1%80%D0%B8%D1%8F/page/22/" "Mozilla/5.0 (Linux; Android 5.0) AppleWebKit/537.36 (KHTML, like Gecko) Mobile Safari/537.36 (compatible; Bytespider; spider-feedback@bytedance.com)"
78.47.101.172 - - [06/Apr/2026:02:17:42 +0200] "GET /comments/feed/ HTTP/1.1" 200 11121 "-" "Mozilla/5.0 (compatible; um-IC/1.0; https://www.ubermetrics-technologies.com/; Windows NT 6.1; WOW64; rv:125.0) Gecko/20100101 Firefox/125.1"
161.97.137.93 - - [06/Apr/2026:02:18:24 +0200] "POST /wp-cron.php?doing_wp_cron=1775434704.5627629756927490234375 HTTP/1.1" 404 9514 "https://wars.bg/wp-cron.php?doing_wp_cron=1775434704.5627629756927490234375" "WordPress/4.9.26; https://wars.bg"
78.47.101.172 - - [06/Apr/2026:02:18:25 +0200] "GET /feed/ HTTP/1.1" 200 134572 "-" "Mozilla/5.0 (compatible; um-IC/1.0; https://www.ubermetrics-technologies.com/; Windows NT 6.1; WOW64; rv:125.0) Gecko/20100101 Firefox/125.1"
97.107.136.133 - - [06/Apr/2026:02:18:34 +0200] "GET /%D0%B3%D0%BB%D0%B5%D0%B4%D0%BD%D0%B0-%D1%82%D0%BE%D1%87%D0%BA%D0%B0-%D0%B3%D0%BE%D1%82%D0%B2%D0%B5%D1%82%D0%B5-%D1%81%D0%B5-%D0%B7%D0%B0-%D0%B2%D0%BE%D0%B9%D0%BD%D0%B0-%D1%81%D1%82%D0%B5%D1%84%D0%B0/ HTTP/1.1" 200 12841 "-" "Mozilla/5.0 (compatible; MuckRack/1.0; +https://muckrack.com)"
157.55.39.51 - - [06/Apr/2026:02:18:47 +0200] "GET /?s=%E5%AF%8C%E5%B1%B1%E8%A7%82%E5%85%89animeproject+%E5%8A%A8%E6%BC%AB+%E5%9C%A8%E7%BA%BF%E7%9C%8B HTTP/1.1" 200 7318 "-" "Mozilla/5.0 AppleWebKit/537.36 (KHTML, like Gecko; compatible; bingbot/2.0; +http://www.bing.com/bingbot.htm) Chrome/116.0.1938.76 Safari/537.36"
136.124.32.115 - - [06/Apr/2026:02:19:46 +0200] "GET / HTTP/1.1" 200 11792 "-" "Mozilla/5.0 (Windows NT 10.0; Win64; x64) AppleWebKit/537.36 (KHTML, like Gecko) Chrome/115.0.0.0 Safari/537.36"
136.124.32.115 - - [06/Apr/2026:02:19:46 +0200] "GET /wp-content/plugins/gtranslate/gtranslate-style24.css?ver=4.9.26 HTTP/1.1" 200 249 "https://wars.bg/" "Mozilla/5.0 (Windows NT 10.0; Win64; x64) AppleWebKit/537.36 (KHTML, like Gecko) Chrome/115.0.0.0 Safari/537.36"
136.124.32.115 - - [06/Apr/2026:02:19:46 +0200] "GET /wp-content/plugins/accesspress-social-share/css/font-awesome.min.css?ver=4.5.4 HTTP/1.1" 200 6676 "https://wars.bg/" "Mozilla/5.0 (Windows NT 10.0; Win64; x64) AppleWebKit/537.36 (KHTML, like Gecko) Chrome/115.0.0.0 Safari/537.36"
136.124.32.115 - - [06/Apr/2026:02:19:46 +0200] "GET /wp-content/plugins/accesspress-social-share/css/frontend.css?ver=4.5.4 HTTP/1.1" 200 3481 "https://wars.bg/" "Mozilla/5.0 (Windows NT 10.0; Win64; x64) AppleWebKit/537.36 (KHTML, like Gecko) Chrome/115.0.0.0 Safari/537.36"
136.124.32.115 - - [06/Apr/2026:02:19:46 +0200] "GET /wp-content/plugins/facebook-button-plugin/css/style.css?ver=4.9.26 HTTP/1.1" 200 427 "https://wars.bg/" "Mozilla/5.0 (Windows NT 10.0; Win64; x64) AppleWebKit/537.36 (KHTML, like Gecko) Chrome/115.0.0.0 Safari/537.36"
136.124.32.115 - - [06/Apr/2026:02:19:47 +0200] "GET /wp-content/themes/tortuga/style.css?ver=1.2.2 HTTP/1.1" 200 9439 "https://wars.bg/" "Mozilla/5.0 (Windows NT 10.0; Win64; x64) AppleWebKit/537.36 (KHTML, like Gecko) Chrome/115.0.0.0 Safari/537.36"
136.124.32.115 - - [06/Apr/2026:02:19:47 +0200] "GET /wp-content/themes/tortuga/css/genericons/genericons.css?ver=3.4.1 HTTP/1.1" 200 15963 "https://wars.bg/" "Mozilla/5.0 (Windows NT 10.0; Win64; x64) AppleWebKit/537.36 (KHTML, like Gecko) Chrome/115.0.0.0 Safari/537.36"
136.124.32.115 - - [06/Apr/2026:02:19:47 +0200] "GET /wp-content/themes/tortuga/css/flexslider.css?ver=4.9.26 HTTP/1.1" 200 1204 "https://wars.bg/" "Mozilla/5.0 (Windows NT 10.0; Win64; x64) AppleWebKit/537.36 (KHTML, like Gecko) Chrome/115.0.0.0 Safari/537.36"
136.124.32.115 - - [06/Apr/2026:02:19:47 +0200] "GET /wp-includes/js/jquery/jquery.js?ver=1.12.4 HTTP/1.1" 200 32878 "https://wars.bg/" "Mozilla/5.0 (Windows NT 10.0; Win64; x64) AppleWebKit/537.36 (KHTML, like Gecko) Chrome/115.0.0.0 Safari/537.36"
136.124.32.115 - - [06/Apr/2026:02:19:47 +0200] "GET /wp-includes/js/jquery/jquery-migrate.min.js?ver=1.4.1 HTTP/1.1" 200 3836 "https://wars.bg/" "Mozilla/5.0 (Windows NT 10.0; Win64; x64) AppleWebKit/537.36 (KHTML, like Gecko) Chrome/115.0.0.0 Safari/537.36"
136.124.32.115 - - [06/Apr/2026:02:19:47 +0200] "GET /wp-content/plugins/facebook-button-plugin/js/script.js?ver=4.9.26 HTTP/1.1" 200 169 "https://wars.bg/" "Mozilla/5.0 (Windows NT 10.0; Win64; x64) AppleWebKit/537.36 (KHTML, like Gecko) Chrome/115.0.0.0 Safari/537.36"
136.124.32.115 - - [06/Apr/2026:02:19:47 +0200] "GET /wp-content/themes/tortuga/js/navigation.js?ver=20160719 HTTP/1.1" 200 1437 "https://wars.bg/" "Mozilla/5.0 (Windows NT 10.0; Win64; x64) AppleWebKit/537.36 (KHTML, like Gecko) Chrome/115.0.0.0 Safari/537.36"
136.124.32.115 - - [06/Apr/2026:02:19:47 +0200] "GET /wp-content/themes/tortuga/js/jquery.flexslider-min.js?ver=2.6.0 HTTP/1.1" 200 6202 "https://wars.bg/" "Mozilla/5.0 (Windows NT 10.0; Win64; x64) AppleWebKit/537.36 (KHTML, like Gecko) Chrome/115.0.0.0 Safari/537.36"
136.124.32.115 - - [06/Apr/2026:02:19:47 +0200] "GET /wp-content/themes/tortuga/js/slider.js?ver=4.9.26 HTTP/1.1" 200 297 "https://wars.bg/" "Mozilla/5.0 (Windows NT 10.0; Win64; x64) AppleWebKit/537.36 (KHTML, like Gecko) Chrome/115.0.0.0 Safari/537.36"
136.124.32.115 - - [06/Apr/2026:02:19:47 +0200] "GET /wp-content/uploads/2016/09/cropped-cropped-cropped-logo-1-%D0%9A%D0%BE%D0%BF%D0%B8%D0%B5-1-1.png HTTP/1.1" 200 18336 "https://wars.bg/" "Mozilla/5.0 (Windows NT 10.0; Win64; x64) AppleWebKit/537.36 (KHTML, like Gecko) Chrome/115.0.0.0 Safari/537.36"
136.124.32.115 - - [06/Apr/2026:02:19:47 +0200] "GET /wp-content/uploads/2024/10/462573338_1096812711873138_1151000974628376593_n-738x420.jpg HTTP/1.1" 200 66315 "https://wars.bg/" "Mozilla/5.0 (Windows NT 10.0; Win64; x64) AppleWebKit/537.36 (KHTML, like Gecko) Chrome/115.0.0.0 Safari/537.36"
136.124.32.115 - - [06/Apr/2026:02:19:47 +0200] "GET /wp-content/uploads/2024/10/22-oktomvri-1912-g-balgaria-atakuva-osmanskata-imperia-krai-lozengrad-1-780x420.jpg HTTP/1.1" 200 69405 "https://wars.bg/" "Mozilla/5.0 (Windows NT 10.0; Win64; x64) AppleWebKit/537.36 (KHTML, like Gecko) Chrome/115.0.0.0 Safari/537.36"
136.124.32.115 - - [06/Apr/2026:02:19:47 +0200] "GET /wp-content/uploads/2024/10/8-oktomvri-1912-g-zapochva-balkanskata-voina-1-780x420.jpg HTTP/1.1" 200 65669 "https://wars.bg/" "Mozilla/5.0 (Windows NT 10.0; Win64; x64) AppleWebKit/537.36 (KHTML, like Gecko) Chrome/115.0.0.0 Safari/537.36"
136.124.32.115 - - [06/Apr/2026:02:19:47 +0200] "GET /wp-content/uploads/2024/10/nikolai-conev-780x420.jpg HTTP/1.1" 200 60416 "https://wars.bg/" "Mozilla/5.0 (Windows NT 10.0; Win64; x64) AppleWebKit/537.36 (KHTML, like Gecko) Chrome/115.0.0.0 Safari/537.36"
136.124.32.115 - - [06/Apr/2026:02:19:47 +0200] "GET /wp-content/plugins/accesspress-social-share/js/frontend.js?ver=4.5.4 HTTP/1.1" 200 417 "https://wars.bg/" "Mozilla/5.0 (Windows NT 10.0; Win64; x64) AppleWebKit/537.36 (KHTML, like Gecko) Chrome/115.0.0.0 Safari/537.36"
136.124.32.115 - - [06/Apr/2026:02:19:47 +0200] "GET /wp-content/uploads/2024/10/462573338_1096812711873138_1151000974628376593_n-738x400.jpg HTTP/1.1" 200 63227 "https://wars.bg/" "Mozilla/5.0 (Windows NT 10.0; Win64; x64) AppleWebKit/537.36 (KHTML, like Gecko) Chrome/115.0.0.0 Safari/537.36"
136.124.32.115 - - [06/Apr/2026:02:19:47 +0200] "GET /wp-content/uploads/2024/10/22-oktomvri-1912-g-balgaria-atakuva-osmanskata-imperia-krai-lozengrad-1-900x400.jpg HTTP/1.1" 200 69787 "https://wars.bg/" "Mozilla/5.0 (Windows NT 10.0; Win64; x64) AppleWebKit/537.36 (KHTML, like Gecko) Chrome/115.0.0.0 Safari/537.36"
136.124.32.115 - - [06/Apr/2026:02:19:47 +0200] "GET /wp-includes/js/wp-embed.min.js?ver=4.9.26 HTTP/1.1" 200 690 "https://wars.bg/" "Mozilla/5.0 (Windows NT 10.0; Win64; x64) AppleWebKit/537.36 (KHTML, like Gecko) Chrome/115.0.0.0 Safari/537.36"
136.124.32.115 - - [06/Apr/2026:02:19:47 +0200] "GET /wp-content/plugins/gtranslate/flags/24/bg.png HTTP/1.1" 200 483 "https://wars.bg/" "Mozilla/5.0 (Windows NT 10.0; Win64; x64) AppleWebKit/537.36 (KHTML, like Gecko) Chrome/115.0.0.0 Safari/537.36"
136.124.32.115 - - [06/Apr/2026:02:19:47 +0200] "GET /wp-content/plugins/gtranslate/flags/24/en.png HTTP/1.1" 200 1767 "https://wars.bg/" "Mozilla/5.0 (Windows NT 10.0; Win64; x64) AppleWebKit/537.36 (KHTML, like Gecko) Chrome/115.0.0.0 Safari/537.36"
136.124.32.115 - - [06/Apr/2026:02:19:47 +0200] "GET /wp-content/plugins/gtranslate/flags/24/ru.png HTTP/1.1" 200 487 "https://wars.bg/" "Mozilla/5.0 (Windows NT 10.0; Win64; x64) AppleWebKit/537.36 (KHTML, like Gecko) Chrome/115.0.0.0 Safari/537.36"
136.124.32.115 - - [06/Apr/2026:02:19:47 +0200] "GET /wp-content/uploads/2024/06/armiya-bg-780x420.jpg HTTP/1.1" 200 76590 "https://wars.bg/" "Mozilla/5.0 (Windows NT 10.0; Win64; x64) AppleWebKit/537.36 (KHTML, like Gecko) Chrome/115.0.0.0 Safari/537.36"
136.124.32.115 - - [06/Apr/2026:02:19:47 +0200] "GET /wp-content/uploads/2024/06/army-bg-wars.jpg HTTP/1.1" 200 102385 "https://wars.bg/" "Mozilla/5.0 (Windows NT 10.0; Win64; x64) AppleWebKit/537.36 (KHTML, like Gecko) Chrome/115.0.0.0 Safari/537.36"
136.124.32.115 - - [06/Apr/2026:02:19:47 +0200] "GET /wp-content/uploads/2024/03/big_jena_boec_shipka_2-780x420.jpg HTTP/1.1" 200 63241 "https://wars.bg/" "Mozilla/5.0 (Windows NT 10.0; Win64; x64) AppleWebKit/537.36 (KHTML, like Gecko) Chrome/115.0.0.0 Safari/537.36"
136.124.32.115 - - [06/Apr/2026:02:19:48 +0200] "GET /wp-content/uploads/2023/12/wars-shipka-651x420.jpg HTTP/1.1" 200 38399 "https://wars.bg/" "Mozilla/5.0 (Windows NT 10.0; Win64; x64) AppleWebKit/537.36 (KHTML, like Gecko) Chrome/115.0.0.0 Safari/537.36"
136.124.32.115 - - [06/Apr/2026:02:19:48 +0200] "GET /wp-content/uploads/2024/10/8-oktomvri-1912-g-zapochva-balkanskata-voina-1-900x400.jpg HTTP/1.1" 200 70941 "https://wars.bg/" "Mozilla/5.0 (Windows NT 10.0; Win64; x64) AppleWebKit/537.36 (KHTML, like Gecko) Chrome/115.0.0.0 Safari/537.36"
136.124.32.115 - - [06/Apr/2026:02:19:48 +0200] "GET /wp-content/uploads/2024/10/nikolai-conev-900x400.jpg HTTP/1.1" 200 61321 "https://wars.bg/" "Mozilla/5.0 (Windows NT 10.0; Win64; x64) AppleWebKit/537.36 (KHTML, like Gecko) Chrome/115.0.0.0 Safari/537.36"
136.124.32.115 - - [06/Apr/2026:02:19:48 +0200] "GET /wp-content/uploads/2024/06/armiya-bg-830x400.jpg HTTP/1.1" 200 80691 "https://wars.bg/" "Mozilla/5.0 (Windows NT 10.0; Win64; x64) AppleWebKit/537.36 (KHTML, like Gecko) Chrome/115.0.0.0 Safari/537.36"
136.124.32.115 - - [06/Apr/2026:02:19:48 +0200] "GET /wp-content/uploads/2024/03/big_jena_boec_shipka_2-900x400.jpg HTTP/1.1" 200 67034 "https://wars.bg/" "Mozilla/5.0 (Windows NT 10.0; Win64; x64) AppleWebKit/537.36 (KHTML, like Gecko) Chrome/115.0.0.0 Safari/537.36"
136.124.32.115 - - [06/Apr/2026:02:19:48 +0200] "GET /wp-content/uploads/2023/12/wars-shipka-651x400.jpg HTTP/1.1" 200 37947 "https://wars.bg/" "Mozilla/5.0 (Windows NT 10.0; Win64; x64) AppleWebKit/537.36 (KHTML, like Gecko) Chrome/115.0.0.0 Safari/537.36"
136.124.32.115 - - [06/Apr/2026:02:19:48 +0200] "GET /wp-content/uploads/2020/12/Kerbala.jpg HTTP/1.1" 200 64367 "https://wars.bg/" "Mozilla/5.0 (Windows NT 10.0; Win64; x64) AppleWebKit/537.36 (KHTML, like Gecko) Chrome/115.0.0.0 Safari/537.36"
136.124.32.115 - - [06/Apr/2026:02:19:48 +0200] "GET /wp-content/uploads/2023/12/wars-wazow-900x400.jpg HTTP/1.1" 200 88510 "https://wars.bg/" "Mozilla/5.0 (Windows NT 10.0; Win64; x64) AppleWebKit/537.36 (KHTML, like Gecko) Chrome/115.0.0.0 Safari/537.36"
136.124.32.115 - - [06/Apr/2026:02:19:48 +0200] "GET /wp-includes/js/wp-emoji-release.min.js?ver=4.9.26 HTTP/1.1" 200 4066 "https://wars.bg/" "Mozilla/5.0 (Windows NT 10.0; Win64; x64) AppleWebKit/537.36 (KHTML, like Gecko) Chrome/115.0.0.0 Safari/537.36"
136.124.32.115 - - [06/Apr/2026:02:19:48 +0200] "GET /wp-content/uploads/2016/08/cropped-logo-1-%D0%9A%D0%BE%D0%BF%D0%B8%D0%B5-1-32x32.png HTTP/1.1" 200 1975 "https://wars.bg/" "Mozilla/5.0 (Windows NT 10.0; Win64; x64) AppleWebKit/537.36 (KHTML, like Gecko) Chrome/115.0.0.0 Safari/537.36"
136.124.32.115 - - [06/Apr/2026:02:19:53 +0200] "GET /wp-content/uploads/2024/06/army-bg-wars-300x166.jpg HTTP/1.1" 200 15225 "https://wars.bg/" "Mozilla/5.0 (Windows NT 10.0; Win64; x64) AppleWebKit/537.36 (KHTML, like Gecko) Chrome/115.0.0.0 Safari/537.36"
136.124.32.115 - - [06/Apr/2026:02:19:53 +0200] "GET /wp-content/uploads/2020/12/Kerbala-300x178.jpg HTTP/1.1" 200 11775 "https://wars.bg/" "Mozilla/5.0 (Windows NT 10.0; Win64; x64) AppleWebKit/537.36 (KHTML, like Gecko) Chrome/115.0.0.0 Safari/537.36"
136.124.32.115 - - [06/Apr/2026:02:19:53 +0200] "GET /wp-content/uploads/2024/06/army-bg-wars.jpg HTTP/1.1" 200 102385 "https://wars.bg/" "Mozilla/5.0 (Windows NT 10.0; Win64; x64) AppleWebKit/537.36 (KHTML, like Gecko) Chrome/115.0.0.0 Safari/537.36"
136.124.32.115 - - [06/Apr/2026:02:19:53 +0200] "GET /wp-content/uploads/2020/12/Kerbala.jpg HTTP/1.1" 200 64367 "https://wars.bg/" "Mozilla/5.0 (Windows NT 10.0; Win64; x64) AppleWebKit/537.36 (KHTML, like Gecko) Chrome/115.0.0.0 Safari/537.36"
161.178.132.46 - - [06/Apr/2026:02:19:56 +0200] "POST /wp-login.php HTTP/1.1" 200 4077 "-" "Mozilla/5.0"
85.208.96.195 - - [06/Apr/2026:02:20:38 +0200] "GET /%D0%B2-%D1%80%D1%83%D1%81%D0%B8%D1%8F-%D1%81%D1%8A%D0%B7%D0%B4%D0%B0%D0%B4%D0%BE%D1%85%D0%B0-%D0%BF%D1%8A%D1%80%D0%B2%D0%B0%D1%82%D0%B0-%D0%BD%D0%B0%D0%B4%D1%83%D0%B2%D0%B0%D0%B5%D0%BC%D0%B0-%D0%BB/ HTTP/1.1" 200 12722 "-" "Mozilla/5.0 (compatible; SemrushBot/7~bl; +http://www.semrush.com/bot.html)"
161.97.137.93 - - [06/Apr/2026:02:20:57 +0200] "POST /wp-cron.php?doing_wp_cron=1775434857.5562078952789306640625 HTTP/1.1" 404 9514 "https://wars.bg/wp-cron.php?doing_wp_cron=1775434857.5562078952789306640625" "WordPress/4.9.26; https://wars.bg"
52.167.144.234 - - [06/Apr/2026:02:20:58 +0200] "GET /tag/%D0%B1%D1%8A%D0%BB%D0%B3%D0%B0%D1%80%D1%81%D0%BA%D0%B0%D1%82%D0%B0-%D0%B2%D0%BE%D0%B5%D0%BD%D0%BD%D0%B0-%D0%BF%D1%80%D0%BE%D1%82%D0%B8%D0%B2%D0%BE%D0%B2%D1%8A%D0%B7%D0%B4%D1%83%D1%88%D0%BD%D0%B0/ HTTP/1.1" 200 8170 "-" "Mozilla/5.0 AppleWebKit/537.36 (KHTML, like Gecko; compatible; bingbot/2.0; +http://www.bing.com/bingbot.htm) Chrome/116.0.1938.76 Safari/537.36"
207.46.13.153 - - [06/Apr/2026:02:21:38 +0200] "GET /?s=tanstack+license HTTP/1.1" 200 7218 "-" "Mozilla/5.0 AppleWebKit/537.36 (KHTML, like Gecko; compatible; bingbot/2.0; +http://www.bing.com/bingbot.htm) Chrome/116.0.1938.76 Safari/537.36"
85.208.96.208 - - [06/Apr/2026:02:21:40 +0200] "GET /tag/%D0%BD%D0%B5%D0%BD%D1%87%D0%B5%D0%B2%D0%B0-%D1%81%D0%B0%D0%BC%D0%BE%D0%BB%D0%B5%D1%82%D0%B8/ HTTP/1.1" 403 285 "-" "Mozilla/5.0 (compatible; SemrushBot/7~bl; +http://www.semrush.com/bot.html)"
85.208.96.202 - - [06/Apr/2026:02:21:41 +0200] "GET /tag/%D0%B3%D0%B0%D0%B7%D0%BE%D1%82%D1%83%D1%80%D0%B1%D0%B8%D0%BD%D0%BD%D0%B8-%D0%B4%D0%B2%D0%B8%D0%B3%D0%B0%D1%82%D0%B5%D0%BB%D1%8F/ HTTP/1.1" 200 8748 "-" "Mozilla/5.0 (compatible; SemrushBot/7~bl; +http://www.semrush.com/bot.html)"
85.208.96.212 - - [06/Apr/2026:02:23:00 +0200] "GET /tag/%D0%B5%D1%81/page/90/ HTTP/1.1" 200 9515 "-" "Mozilla/5.0 (compatible; SemrushBot/7~bl; +http://www.semrush.com/bot.html)"
85.208.96.201 - - [06/Apr/2026:02:24:27 +0200] "GET /tag/%D0%B4%D0%B5%D0%B2%D0%B5%D1%82%D0%B0%D1%82%D0%B0-%D0%BF%D0%BB%D0%B0%D0%BD%D0%B5%D1%82%D0%B0/ HTTP/1.1" 200 8568 "-" "Mozilla/5.0 (compatible; SemrushBot/7~bl; +http://www.semrush.com/bot.html)"
47.82.10.131 - - [06/Apr/2026:02:24:35 +0200] "GET /tag/%D0%B5%D0%B4%D0%B8%D0%BD-%D1%80%D1%83%D1%81%D0%BD%D0%B0%D0%BA-%D1%81-%D1%82%D0%B0%D0%BD%D0%BA HTTP/1.1" 301 0 "https://wars.bg/" "Mozilla/5.0 (Windows NT 10.0; Win64; x64) AppleWebKit/537.36 (KHTML, like Gecko) Chrome/135.0.0.0 Safari/537.36"
47.82.10.131 - - [06/Apr/2026:02:24:35 +0200] "GET /tag/%D0%B5%D0%B4%D0%B8%D0%BD-%D1%80%D1%83%D1%81%D0%BD%D0%B0%D0%BA-%D1%81-%D1%82%D0%B0%D0%BD%D0%BA/ HTTP/1.1" 200 7855 "https://wars.bg/" "Mozilla/5.0 (Windows NT 10.0; Win64; x64) AppleWebKit/537.36 (KHTML, like Gecko) Chrome/135.0.0.0 Safari/537.36"
207.46.13.153 - - [06/Apr/2026:02:24:37 +0200] "GET /?s=small+outdoor+blue+globe+solar+lights HTTP/1.1" 200 7239 "-" "Mozilla/5.0 AppleWebKit/537.36 (KHTML, like Gecko; compatible; bingbot/2.0; +http://www.bing.com/bingbot.htm) Chrome/116.0.1938.76 Safari/537.36"
161.97.137.93 - - [06/Apr/2026:02:25:08 +0200] "POST /wp-cron.php?doing_wp_cron=1775435108.1745541095733642578125 HTTP/1.1" 404 9514 "https://wars.bg/wp-cron.php?doing_wp_cron=1775435108.1745541095733642578125" "WordPress/4.9.26; https://wars.bg"
207.46.13.153 - - [06/Apr/2026:02:25:08 +0200] "GET /?s=%E9%82%AA%E6%81%B6%E7%8E%A9%E5%AE%B6+%E6%B8%B8%E6%88%8F%E6%94%BB%E7%95%A5+%E5%8E%9F%E6%96%87 HTTP/1.1" 200 7181 "-" "Mozilla/5.0 AppleWebKit/537.36 (KHTML, like Gecko; compatible; bingbot/2.0; +http://www.bing.com/bingbot.htm) Chrome/116.0.1938.76 Safari/537.36"
185.191.171.15 - - [06/Apr/2026:02:25:19 +0200] "GET /tag/wars-bg/page/65/ HTTP/1.1" 403 285 "-" "Mozilla/5.0 (compatible; SemrushBot/7~bl; +http://www.semrush.com/bot.html)"
47.82.10.84 - - [06/Apr/2026:02:25:59 +0200] "GET /tag/%D0%BD%D0%BE%D0%B2%D0%B8%D0%BD%D0%B8-%D0%B7%D0%B0-%D0%B2%D0%BE%D0%B9%D0%BD%D0%B8%D1%82%D0%B5/page/5 HTTP/1.1" 301 0 "https://wars.bg/" "Mozilla/5.0 (Windows NT 10.0; Win64; x64) AppleWebKit/537.36 (KHTML, like Gecko) Chrome/135.0.0.0 Safari/537.36 Edg/135.0.0.0"
47.82.10.84 - - [06/Apr/2026:02:25:59 +0200] "GET /tag/%D0%BD%D0%BE%D0%B2%D0%B8%D0%BD%D0%B8-%D0%B7%D0%B0-%D0%B2%D0%BE%D0%B9%D0%BD%D0%B8%D1%82%D0%B5/page/5/ HTTP/1.1" 200 11759 "https://wars.bg/" "Mozilla/5.0 (Windows NT 10.0; Win64; x64) AppleWebKit/537.36 (KHTML, like Gecko) Chrome/135.0.0.0 Safari/537.36 Edg/135.0.0.0"
161.97.137.93 - - [06/Apr/2026:02:26:11 +0200] "POST /wp-cron.php?doing_wp_cron=1775435170.8770151138305664062500 HTTP/1.1" 404 9514 "https://wars.bg/wp-cron.php?doing_wp_cron=1775435170.8770151138305664062500" "WordPress/4.9.26; https://wars.bg"
74.7.241.49 - - [06/Apr/2026:02:26:11 +0200] "GET / HTTP/1.1" 200 11796 "-" "Mozilla/5.0 AppleWebKit/537.36 (KHTML, like Gecko; compatible; GPTBot/1.3; +https://openai.com/gptbot)"
40.77.167.50 - - [06/Apr/2026:02:26:44 +0200] "GET /?s=universidad+michoacana+en+linea HTTP/1.1" 200 7237 "-" "Mozilla/5.0 AppleWebKit/537.36 (KHTML, like Gecko; compatible; bingbot/2.0; +http://www.bing.com/bingbot.htm) Chrome/116.0.1938.76 Safari/537.36"
52.167.144.234 - - [06/Apr/2026:02:26:48 +0200] "GET /?s=%E7%A9%BF%E8%B6%8A%E5%B0%8F%E9%A9%AC%E6%88%91%E7%BB%91%E5%AE%9A%E4%BA%86%E5%92%8C%E8%B0%90%E7%B3%BB%E7%BB%9F+%E9%9D%92%E8%8A%8B%E6%9F%A0%E6%AA%AC+%E5%85%8D%E8%B4%B9%E7%9C%8B HTTP/1.1" 200 7268 "-" "Mozilla/5.0 AppleWebKit/537.36 (KHTML, like Gecko; compatible; bingbot/2.0; +http://www.bing.com/bingbot.htm) Chrome/116.0.1938.76 Safari/537.36"
161.97.137.93 - - [06/Apr/2026:02:27:28 +0200] "POST /wp-cron.php?doing_wp_cron=1775435247.9993789196014404296875 HTTP/1.1" 404 9514 "https://wars.bg/wp-cron.php?doing_wp_cron=1775435247.9993789196014404296875" "WordPress/4.9.26; https://wars.bg"
85.208.96.206 - - [06/Apr/2026:02:27:28 +0200] "GET /tag/%D0%B0%D0%BA%D1%82%D1%83%D0%B0%D0%BB%D0%BD%D0%B8-%D0%BD%D0%BE%D0%B2%D0%B8%D0%BD%D0%B8/page/38/ HTTP/1.1" 200 12346 "-" "Mozilla/5.0 (compatible; SemrushBot/7~bl; +http://www.semrush.com/bot.html)"
185.191.171.4 - - [06/Apr/2026:02:27:30 +0200] "GET /tag/%D0%B3%D0%BB%D0%B5%D0%B4%D0%BD%D0%B0-%D1%82%D0%BE%D1%87%D0%BA%D0%B0%D1%81%D0%B0%D1%89-%D0%BD%D0%B5-%D0%BC%D0%BE%D0%B3%D0%B0%D1%82-%D0%B4%D0%B0-%D1%81%D0%B5-%D1%81%D0%BF%D1%80%D0%B0%D0%B2%D1%8F%D1%82/ HTTP/1.1" 200 8831 "-" "Mozilla/5.0 (compatible; SemrushBot/7~bl; +http://www.semrush.com/bot.html)"
185.191.171.13 - - [06/Apr/2026:02:27:34 +0200] "GET /tag/%D0%B0%D0%BD%D1%82%D0%BE%D0%BD%D0%B8-%D0%BC%D0%B0%D1%87%D0%B8%D0%B0%D1%80%D0%B5%D0%B2%D0%B8%D1%87/ HTTP/1.1" 200 8660 "-" "Mozilla/5.0 (compatible; SemrushBot/7~bl; +http://www.semrush.com/bot.html)"
40.77.167.50 - - [06/Apr/2026:02:27:45 +0200] "GET /?s=MEMBRANE HTTP/1.1" 200 7212 "-" "Mozilla/5.0 AppleWebKit/537.36 (KHTML, like Gecko; compatible; bingbot/2.0; +http://www.bing.com/bingbot.htm) Chrome/116.0.1938.76 Safari/537.36"
185.191.171.14 - - [06/Apr/2026:02:28:01 +0200] "GET /tag/%D0%B0%D1%80%D0%BC%D0%B8%D1%8F%D1%82%D0%B0-%D0%BD%D0%B0-%D1%81%D0%B0%D1%89/ HTTP/1.1" 200 9423 "-" "Mozilla/5.0 (compatible; SemrushBot/7~bl; +http://www.semrush.com/bot.html)"
23.101.8.77 - - [06/Apr/2026:02:28:06 +0200] "GET /php8.php HTTP/1.1" 404 9514 "-" "Mozilla/5.0 (Windows NT 10.0; Win64; x64) AppleWebKit/537.36 (KHTML, like Gecko) Chrome/120.0.0.0 Safari/537.36"
23.101.8.77 - - [06/Apr/2026:02:28:06 +0200] "GET /php.php HTTP/1.1" 404 9514 "-" "Mozilla/5.0 (Windows NT 10.0; Win64; x64) AppleWebKit/537.36 (KHTML, like Gecko) Chrome/120.0.0.0 Safari/537.36"
23.101.8.77 - - [06/Apr/2026:02:28:07 +0200] "GET /222.php HTTP/1.1" 404 9514 "-" "Mozilla/5.0 (Windows NT 10.0; Win64; x64) AppleWebKit/537.36 (KHTML, like Gecko) Chrome/120.0.0.0 Safari/537.36"
23.101.8.77 - - [06/Apr/2026:02:28:07 +0200] "GET /8.php HTTP/1.1" 404 9514 "-" "Mozilla/5.0 (Windows NT 10.0; Win64; x64) AppleWebKit/537.36 (KHTML, like Gecko) Chrome/120.0.0.0 Safari/537.36"
85.208.96.193 - - [06/Apr/2026:02:28:08 +0200] "GET /tag/%D1%80%D1%83%D1%81%D0%BA%D0%B0%D1%82%D0%B0-%D0%BA%D0%BE%D1%80%D0%B0%D0%B1%D0%BD%D0%B0-%D0%B3%D1%80%D1%83%D0%BF%D0%B8%D1%80%D0%BE%D0%B2%D0%BA%D0%B0/ HTTP/1.1" 200 8656 "-" "Mozilla/5.0 (compatible; SemrushBot/7~bl; +http://www.semrush.com/bot.html)"
23.101.8.77 - - [06/Apr/2026:02:28:08 +0200] "GET /adminfuns.php HTTP/1.1" 404 9514 "-" "Mozilla/5.0 (Windows NT 10.0; Win64; x64) AppleWebKit/537.36 (KHTML, like Gecko) Chrome/120.0.0.0 Safari/537.36"
23.101.8.77 - - [06/Apr/2026:02:28:08 +0200] "GET /admin.php HTTP/1.1" 404 9514 "-" "Mozilla/5.0 (Windows NT 10.0; Win64; x64) AppleWebKit/537.36 (KHTML, like Gecko) Chrome/120.0.0.0 Safari/537.36"
23.101.8.77 - - [06/Apr/2026:02:28:09 +0200] "GET /7.php HTTP/1.1" 404 9514 "-" "Mozilla/5.0 (Windows NT 10.0; Win64; x64) AppleWebKit/537.36 (KHTML, like Gecko) Chrome/120.0.0.0 Safari/537.36"
23.101.8.77 - - [06/Apr/2026:02:28:09 +0200] "GET /wp-content/themes/ HTTP/1.1" 200 338 "-" "Mozilla/5.0 (Windows NT 10.0; Win64; x64) AppleWebKit/537.36 (KHTML, like Gecko) Chrome/120.0.0.0 Safari/537.36"
23.101.8.77 - - [06/Apr/2026:02:28:09 +0200] "GET /wp-admin/user HTTP/1.1" 301 278 "-" "Mozilla/5.0 (Windows NT 10.0; Win64; x64) AppleWebKit/537.36 (KHTML, like Gecko) Chrome/120.0.0.0 Safari/537.36"
23.101.8.77 - - [06/Apr/2026:02:28:10 +0200] "GET /classwithtostring.php HTTP/1.1" 404 9514 "-" "Mozilla/5.0 (Windows NT 10.0; Win64; x64) AppleWebKit/537.36 (KHTML, like Gecko) Chrome/120.0.0.0 Safari/537.36"
23.101.8.77 - - [06/Apr/2026:02:28:10 +0200] "GET /1.php HTTP/1.1" 404 9514 "-" "Mozilla/5.0 (Windows NT 10.0; Win64; x64) AppleWebKit/537.36 (KHTML, like Gecko) Chrome/120.0.0.0 Safari/537.36"
23.101.8.77 - - [06/Apr/2026:02:28:11 +0200] "GET /a5.php HTTP/1.1" 404 9514 "-" "Mozilla/5.0 (Windows NT 10.0; Win64; x64) AppleWebKit/537.36 (KHTML, like Gecko) Chrome/120.0.0.0 Safari/537.36"
23.101.8.77 - - [06/Apr/2026:02:28:11 +0200] "GET /wp-includes/rest-api/fields/ HTTP/1.1" 200 383 "-" "Mozilla/5.0 (Windows NT 10.0; Win64; x64) AppleWebKit/537.36 (KHTML, like Gecko) Chrome/120.0.0.0 Safari/537.36"
23.101.8.77 - - [06/Apr/2026:02:28:11 +0200] "GET /about.php HTTP/1.1" 404 9514 "-" "Mozilla/5.0 (Windows NT 10.0; Win64; x64) AppleWebKit/537.36 (KHTML, like Gecko) Chrome/120.0.0.0 Safari/537.36"
23.101.8.77 - - [06/Apr/2026:02:28:12 +0200] "GET /wp-content/plugins/ HTTP/1.1" 200 462 "-" "Mozilla/5.0 (Windows NT 10.0; Win64; x64) AppleWebKit/537.36 (KHTML, like Gecko) Chrome/120.0.0.0 Safari/537.36"
23.101.8.77 - - [06/Apr/2026:02:28:12 +0200] "GET /aa.php HTTP/1.1" 404 9514 "-" "Mozilla/5.0 (Windows NT 10.0; Win64; x64) AppleWebKit/537.36 (KHTML, like Gecko) Chrome/120.0.0.0 Safari/537.36"
23.101.8.77 - - [06/Apr/2026:02:28:13 +0200] "GET /bless.php HTTP/1.1" 404 9514 "-" "Mozilla/5.0 (Windows NT 10.0; Win64; x64) AppleWebKit/537.36 (KHTML, like Gecko) Chrome/120.0.0.0 Safari/537.36"
23.101.8.77 - - [06/Apr/2026:02:28:13 +0200] "GET /jp.php HTTP/1.1" 404 9514 "-" "Mozilla/5.0 (Windows NT 10.0; Win64; x64) AppleWebKit/537.36 (KHTML, like Gecko) Chrome/120.0.0.0 Safari/537.36"
23.101.8.77 - - [06/Apr/2026:02:28:13 +0200] "GET /wp-content/uploads/ HTTP/1.1" 200 422 "-" "Mozilla/5.0 (Windows NT 10.0; Win64; x64) AppleWebKit/537.36 (KHTML, like Gecko) Chrome/120.0.0.0 Safari/537.36"
23.101.8.77 - - [06/Apr/2026:02:28:14 +0200] "GET /wp-includes/Text/ HTTP/1.1" 200 333 "-" "Mozilla/5.0 (Windows NT 10.0; Win64; x64) AppleWebKit/537.36 (KHTML, like Gecko) Chrome/120.0.0.0 Safari/537.36"
23.101.8.77 - - [06/Apr/2026:02:28:14 +0200] "GET /wp-includes/Text/Diff/Engine/ HTTP/1.1" 200 390 "-" "Mozilla/5.0 (Windows NT 10.0; Win64; x64) AppleWebKit/537.36 (KHTML, like Gecko) Chrome/120.0.0.0 Safari/537.36"
23.101.8.77 - - [06/Apr/2026:02:28:14 +0200] "GET /.tmb/ HTTP/1.1" 404 9514 "-" "Mozilla/5.0 (Windows NT 10.0; Win64; x64) AppleWebKit/537.36 (KHTML, like Gecko) Chrome/120.0.0.0 Safari/537.36"
23.101.8.77 - - [06/Apr/2026:02:28:14 +0200] "GET /.well-known/acme-challenge/ HTTP/1.1" 200 275 "-" "Mozilla/5.0 (Windows NT 10.0; Win64; x64) AppleWebKit/537.36 (KHTML, like Gecko) Chrome/120.0.0.0 Safari/537.36"
23.101.8.77 - - [06/Apr/2026:02:28:15 +0200] "GET /wp-includes/css/ HTTP/1.1" 200 808 "-" "Mozilla/5.0 (Windows NT 10.0; Win64; x64) AppleWebKit/537.36 (KHTML, like Gecko) Chrome/120.0.0.0 Safari/537.36"
23.101.8.77 - - [06/Apr/2026:02:28:15 +0200] "GET /aaa.php HTTP/1.1" 404 9514 "-" "Mozilla/5.0 (Windows NT 10.0; Win64; x64) AppleWebKit/537.36 (KHTML, like Gecko) Chrome/120.0.0.0 Safari/537.36"
23.101.8.77 - - [06/Apr/2026:02:28:15 +0200] "GET /css/index.php HTTP/1.1" 301 0 "-" "Mozilla/5.0 (Windows NT 10.0; Win64; x64) AppleWebKit/537.36 (KHTML, like Gecko) Chrome/120.0.0.0 Safari/537.36"
23.101.8.77 - - [06/Apr/2026:02:28:16 +0200] "GET /edit.php HTTP/1.1" 404 9514 "-" "Mozilla/5.0 (Windows NT 10.0; Win64; x64) AppleWebKit/537.36 (KHTML, like Gecko) Chrome/120.0.0.0 Safari/537.36"
23.101.8.77 - - [06/Apr/2026:02:28:16 +0200] "GET /wp-admin/network/ HTTP/1.1" 302 0 "-" "Mozilla/5.0 (Windows NT 10.0; Win64; x64) AppleWebKit/537.36 (KHTML, like Gecko) Chrome/120.0.0.0 Safari/537.36"
23.101.8.77 - - [06/Apr/2026:02:28:17 +0200] "GET /inc.php HTTP/1.1" 404 9514 "-" "Mozilla/5.0 (Windows NT 10.0; Win64; x64) AppleWebKit/537.36 (KHTML, like Gecko) Chrome/120.0.0.0 Safari/537.36"
