23.101.8.77 - - [06/Apr/2026:02:28:17 +0200] "GET /wp-admin/css/colors/ HTTP/1.1" 200 470 "-" "Mozilla/5.0 (Windows NT 10.0; Win64; x64) AppleWebKit/537.36 (KHTML, like Gecko) Chrome/120.0.0.0 Safari/537.36"
23.101.8.77 - - [06/Apr/2026:02:28:18 +0200] "GET /wp-content/mu-plugins-old/ HTTP/1.1" 404 9514 "-" "Mozilla/5.0 (Windows NT 10.0; Win64; x64) AppleWebKit/537.36 (KHTML, like Gecko) Chrome/120.0.0.0 Safari/537.36"
23.101.8.77 - - [06/Apr/2026:02:28:18 +0200] "GET /wp-includes/ HTTP/1.1" 200 3552 "-" "Mozilla/5.0 (Windows NT 10.0; Win64; x64) AppleWebKit/537.36 (KHTML, like Gecko) Chrome/120.0.0.0 Safari/537.36"
52.167.144.234 - - [06/Apr/2026:02:28:18 +0200] "GET /?s=viettelpost HTTP/1.1" 200 7210 "-" "Mozilla/5.0 AppleWebKit/537.36 (KHTML, like Gecko; compatible; bingbot/2.0; +http://www.bing.com/bingbot.htm) Chrome/116.0.1938.76 Safari/537.36"
23.101.8.77 - - [06/Apr/2026:02:28:18 +0200] "GET /wp-includes/certificates/ HTTP/1.1" 200 314 "-" "Mozilla/5.0 (Windows NT 10.0; Win64; x64) AppleWebKit/537.36 (KHTML, like Gecko) Chrome/120.0.0.0 Safari/537.36"
23.101.8.77 - - [06/Apr/2026:02:28:19 +0200] "GET /admin/uploads/ HTTP/1.1" 404 9514 "-" "Mozilla/5.0 (Windows NT 10.0; Win64; x64) AppleWebKit/537.36 (KHTML, like Gecko) Chrome/120.0.0.0 Safari/537.36"
23.101.8.77 - - [06/Apr/2026:02:28:19 +0200] "GET /ahax.php HTTP/1.1" 404 9514 "-" "Mozilla/5.0 (Windows NT 10.0; Win64; x64) AppleWebKit/537.36 (KHTML, like Gecko) Chrome/120.0.0.0 Safari/537.36"
23.101.8.77 - - [06/Apr/2026:02:28:20 +0200] "GET /cgi-bin/ HTTP/1.1" 404 9514 "-" "Mozilla/5.0 (Windows NT 10.0; Win64; x64) AppleWebKit/537.36 (KHTML, like Gecko) Chrome/120.0.0.0 Safari/537.36"
23.101.8.77 - - [06/Apr/2026:02:28:20 +0200] "GET /chosen.php HTTP/1.1" 404 9514 "-" "Mozilla/5.0 (Windows NT 10.0; Win64; x64) AppleWebKit/537.36 (KHTML, like Gecko) Chrome/120.0.0.0 Safari/537.36"
23.101.8.77 - - [06/Apr/2026:02:28:21 +0200] "GET /wp-admin/ HTTP/1.1" 302 0 "-" "Mozilla/5.0 (Windows NT 10.0; Win64; x64) AppleWebKit/537.36 (KHTML, like Gecko) Chrome/120.0.0.0 Safari/537.36"
23.101.8.77 - - [06/Apr/2026:02:28:21 +0200] "GET /wp-admin/css/ HTTP/1.1" 200 1592 "-" "Mozilla/5.0 (Windows NT 10.0; Win64; x64) AppleWebKit/537.36 (KHTML, like Gecko) Chrome/120.0.0.0 Safari/537.36"
23.101.8.77 - - [06/Apr/2026:02:28:21 +0200] "GET /wp-includes/ID3/ HTTP/1.1" 200 605 "-" "Mozilla/5.0 (Windows NT 10.0; Win64; x64) AppleWebKit/537.36 (KHTML, like Gecko) Chrome/120.0.0.0 Safari/537.36"
23.101.8.77 - - [06/Apr/2026:02:28:21 +0200] "GET /wp-includes/Text/Diff/Renderer/ HTTP/1.1" 200 320 "-" "Mozilla/5.0 (Windows NT 10.0; Win64; x64) AppleWebKit/537.36 (KHTML, like Gecko) Chrome/120.0.0.0 Safari/537.36"
23.101.8.77 - - [06/Apr/2026:02:28:22 +0200] "GET /wp-includes/images/ HTTP/1.1" 200 789 "-" "Mozilla/5.0 (Windows NT 10.0; Win64; x64) AppleWebKit/537.36 (KHTML, like Gecko) Chrome/120.0.0.0 Safari/537.36"
47.82.10.184 - - [06/Apr/2026:02:28:22 +0200] "GET /tag/%D0%BE%D1%80%D1%8A%D0%B6%D0%B8%D0%B5-%D0%BE%D1%82-%D0%B1%D1%8A%D0%BB%D0%B3%D0%B0%D1%80%D0%B8%D1%8F HTTP/1.1" 301 0 "https://wars.bg/" "Mozilla/5.0 (Windows NT 10.0; Win64; x64) AppleWebKit/537.36 (KHTML, like Gecko) Chrome/135.0.0.0 Safari/537.36 Edg/135.0.0.0"
23.101.8.77 - - [06/Apr/2026:02:28:22 +0200] "GET /wp-includes/images/crystal/ HTTP/1.1" 200 481 "-" "Mozilla/5.0 (Windows NT 10.0; Win64; x64) AppleWebKit/537.36 (KHTML, like Gecko) Chrome/120.0.0.0 Safari/537.36"
47.82.10.184 - - [06/Apr/2026:02:28:22 +0200] "GET /tag/%D0%BE%D1%80%D1%8A%D0%B6%D0%B8%D0%B5-%D0%BE%D1%82-%D0%B1%D1%8A%D0%BB%D0%B3%D0%B0%D1%80%D0%B8%D1%8F/ HTTP/1.1" 200 7859 "https://wars.bg/" "Mozilla/5.0 (Windows NT 10.0; Win64; x64) AppleWebKit/537.36 (KHTML, like Gecko) Chrome/135.0.0.0 Safari/537.36 Edg/135.0.0.0"
40.77.167.50 - - [06/Apr/2026:02:28:27 +0200] "GET /tag/%D0%B0%D0%BD%D0%B4%D1%80%D0%BE%D0%BC%D0%B5%D0%B4%D0%B0-%D0%B4/ HTTP/1.1" 200 7974 "-" "Mozilla/5.0 AppleWebKit/537.36 (KHTML, like Gecko; compatible; bingbot/2.0; +http://www.bing.com/bingbot.htm) Chrome/116.0.1938.76 Safari/537.36"
161.97.137.93 - - [06/Apr/2026:02:28:38 +0200] "POST /wp-cron.php?doing_wp_cron=1775435318.2165939807891845703125 HTTP/1.1" 404 9514 "https://wars.bg/wp-cron.php?doing_wp_cron=1775435318.2165939807891845703125" "WordPress/4.9.26; http://wars.bg"
161.178.132.46 - - [06/Apr/2026:02:28:38 +0200] "POST /wp-login.php HTTP/1.1" 200 4077 "-" "Mozilla/5.0"
161.97.137.93 - - [06/Apr/2026:02:29:40 +0200] "POST /wp-cron.php?doing_wp_cron=1775435380.0854599475860595703125 HTTP/1.1" 404 9514 "https://wars.bg/wp-cron.php?doing_wp_cron=1775435380.0854599475860595703125" "WordPress/4.9.26; https://wars.bg"
185.191.171.16 - - [06/Apr/2026:02:29:40 +0200] "GET /tag/posledni-novini/page/77/ HTTP/1.1" 200 12381 "-" "Mozilla/5.0 (compatible; SemrushBot/7~bl; +http://www.semrush.com/bot.html)"
52.167.144.234 - - [06/Apr/2026:02:29:48 +0200] "GET /?s=pagina+para+tramites+de+universidad+michoacana+en+linea HTTP/1.1" 200 7268 "-" "Mozilla/5.0 AppleWebKit/537.36 (KHTML, like Gecko; compatible; bingbot/2.0; +http://www.bing.com/bingbot.htm) Chrome/116.0.1938.76 Safari/537.36"
185.191.171.3 - - [06/Apr/2026:02:30:16 +0200] "GET /tag/%D1%82%D0%BE%D0%BC%D0%B0%D1%85%D0%BE%D1%83%D0%BA-%D1%82%D0%BE%D0%BC%D0%B0%D1%85%D0%B0%D0%B2%D0%BA%D0%B8%D1%82%D0%B5-%D0%BD%D0%B0-%D1%82%D0%BE%D0%BC%D0%B0%D1%85%D0%BE%D1%83%D0%BA/ HTTP/1.1" 200 8617 "-" "Mozilla/5.0 (compatible; SemrushBot/7~bl; +http://www.semrush.com/bot.html)"
161.97.137.93 - - [06/Apr/2026:02:30:44 +0200] "POST /wp-cron.php?doing_wp_cron=1775435444.0565869808197021484375 HTTP/1.1" 404 9514 "https://wars.bg/wp-cron.php?doing_wp_cron=1775435444.0565869808197021484375" "WordPress/4.9.26; https://wars.bg"
185.191.171.5 - - [06/Apr/2026:02:30:44 +0200] "GET /tag/%D1%80%D0%B0%D0%B4%D0%B8%D0%BE%D1%82%D0%B5%D0%BB%D0%B5%D1%81%D0%BA%D0%BE%D0%BF-%D0%BD%D0%B0-%D0%BB%D1%83%D0%BD%D0%B0%D1%82%D0%B0/ HTTP/1.1" 200 8621 "-" "Mozilla/5.0 (compatible; SemrushBot/7~bl; +http://www.semrush.com/bot.html)"
220.181.108.92 - - [06/Apr/2026:02:31:04 +0200] "GET /wp-content/uploads/2019/02/wars-dron-792x400.jpg HTTP/1.1" 200 74065 "-" "Baiduspider-image+(+http://www.baidu.com/search/spider.htm)"
52.167.144.161 - - [06/Apr/2026:02:31:37 +0200] "GET /?s=%E6%96%B0%E6%80%9D%E6%83%B3PPT%E6%A8%A1%E6%9D%BF+filetype%3Adoc HTTP/1.1" 200 7283 "-" "Mozilla/5.0 AppleWebKit/537.36 (KHTML, like Gecko; compatible; bingbot/2.0; +http://www.bing.com/bingbot.htm) Chrome/116.0.1938.76 Safari/537.36"
161.97.137.93 - - [06/Apr/2026:02:31:50 +0200] "POST /wp-cron.php?doing_wp_cron=1775435510.0949881076812744140625 HTTP/1.1" 404 9514 "https://wars.bg/wp-cron.php?doing_wp_cron=1775435510.0949881076812744140625" "WordPress/4.9.26; https://wars.bg"
85.208.96.210 - - [06/Apr/2026:02:31:50 +0200] "GET /%D0%B2%D0%B8%D0%BD%D1%82%D0%BE%D0%B2%D0%BA%D0%B0%D1%82%D0%B0-%D0%BD%D0%B0-%D0%BC%D0%BE%D1%81%D0%B8%D0%BD-%D1%82%D1%80%D0%B8%D0%BB%D0%B8%D0%BD%D0%B5%D0%B9%D0%BD%D0%B0%D1%82%D0%B0-%D0%BB%D0%B5/ HTTP/1.1" 200 17072 "-" "Mozilla/5.0 (compatible; SemrushBot/7~bl; +http://www.semrush.com/bot.html)"
40.77.167.42 - - [06/Apr/2026:02:32:24 +0200] "GET /%D0%B2%D0%BE%D0%B5%D0%BD%D0%B5%D0%BD-%D0%B0%D0%BD%D0%B0%D0%BB%D0%B8%D0%B7-%D1%89%D0%B5-%D1%81%D0%B5-%D1%81%D0%B1%D0%B8%D1%8F%D1%82-%D0%BB%D0%B8-%D1%81%D0%B0%D1%89-%D0%B8-%D1%80%D1%83%D1%81%D0%B8/ HTTP/1.1" 200 14645 "-" "Mozilla/5.0 AppleWebKit/537.36 (KHTML, like Gecko; compatible; bingbot/2.0; +http://www.bing.com/bingbot.htm) Chrome/116.0.1938.76 Safari/537.36"
185.191.171.11 - - [06/Apr/2026:02:32:38 +0200] "GET /tag/%D0%BD%D0%BE%D0%B2%D0%B8%D0%BD%D0%B8/page/13/ HTTP/1.1" 200 12391 "-" "Mozilla/5.0 (compatible; SemrushBot/7~bl; +http://www.semrush.com/bot.html)"
52.167.144.161 - - [06/Apr/2026:02:32:46 +0200] "GET /?s=%E6%96%B0%E6%80%9D%E6%83%B3PPT%E6%A8%A1%E6%9D%BF+filetype%3Adoc HTTP/1.1" 200 7283 "-" "Mozilla/5.0 AppleWebKit/537.36 (KHTML, like Gecko; compatible; bingbot/2.0; +http://www.bing.com/bingbot.htm) Chrome/116.0.1938.76 Safari/537.36"
85.208.96.211 - - [06/Apr/2026:02:33:47 +0200] "GET /tag/%D0%B7%D0%B0%D0%BF%D0%BB%D0%B0%D1%85%D0%B8%D1%82%D0%B5/ HTTP/1.1" 200 9278 "-" "Mozilla/5.0 (compatible; SemrushBot/7~bl; +http://www.semrush.com/bot.html)"
40.77.167.42 - - [06/Apr/2026:02:34:08 +0200] "GET /?s=When+a+patients+account+is+uncollectable+instead+of+sending+the+remaining+balance+to+a+collection+agency+what+will+an+office+do%3F%0D%0AGroup+of+answer+choices%0D%0A%0D%0ADo+nothing%0D%0A%0D%0AWrite-off+the+balance+as+collect+it+when+the+patient+arrives+for+their+next+appointment%0D%0A%0D%0ASending+the+balance+to+a+collection+agency%0D%0A%0D%0AWrite-off+the+balance+as+a+bad-debt+and+send+a+letter+of+notification+to+the+patient HTTP/1.1" 200 7490 "-" "Mozilla/5.0 AppleWebKit/537.36 (KHTML, like Gecko; compatible; bingbot/2.0; +http://www.bing.com/bingbot.htm) Chrome/116.0.1938.76 Safari/537.36"
161.97.137.93 - - [06/Apr/2026:02:34:25 +0200] "POST /wp-cron.php?doing_wp_cron=1775435665.5895180702209472656250 HTTP/1.1" 404 9514 "https://wars.bg/wp-cron.php?doing_wp_cron=1775435665.5895180702209472656250" "WordPress/4.9.26; https://wars.bg"
45.79.135.231 - - [06/Apr/2026:02:34:26 +0200] "GET /category/%D0%B3%D0%BB%D0%B5%D0%B4%D0%BD%D0%B0-%D1%82%D0%BE%D1%87%D0%BA%D0%B0/ HTTP/1.1" 200 11882 "-" "Mozilla/5.0 (compatible; MuckRack/1.0; +https://muckrack.com)"
52.167.144.161 - - [06/Apr/2026:02:35:15 +0200] "GET /?s=24%E5%B9%B412%E6%9C%88%E5%9B%9B%E7%BA%A7%E5%A5%B3%E5%B7%A5%E7%A8%8B%E5%B8%88%E7%AD%94%E6%A1%88%E7%AD%94%E6%A1%88+filetype%3Apdf HTTP/1.1" 200 7342 "-" "Mozilla/5.0 AppleWebKit/537.36 (KHTML, like Gecko; compatible; bingbot/2.0; +http://www.bing.com/bingbot.htm) Chrome/116.0.1938.76 Safari/537.36"
185.191.171.3 - - [06/Apr/2026:02:35:20 +0200] "GET /tag/%D0%BF%D0%BE%D1%81%D1%82%D1%81%D1%8A%D0%B2%D0%B5%D1%82%D1%81%D0%BA%D0%BE%D1%82%D0%BE-%D0%BF%D1%80%D0%BE%D1%81%D1%82%D1%80%D0%B0%D0%BD%D1%81%D1%82%D0%B2%D0%BE/ HTTP/1.1" 200 8652 "-" "Mozilla/5.0 (compatible; SemrushBot/7~bl; +http://www.semrush.com/bot.html)"
40.77.167.42 - - [06/Apr/2026:02:35:39 +0200] "GET /?s=constituci%C3%B3n+pol%C3%ADtica+de+la+rep%C3%BAblica+de+guatemala+diferencia+articulo94+y+95 HTTP/1.1" 200 7308 "-" "Mozilla/5.0 AppleWebKit/537.36 (KHTML, like Gecko; compatible; bingbot/2.0; +http://www.bing.com/bingbot.htm) Chrome/116.0.1938.76 Safari/537.36"
161.178.132.46 - - [06/Apr/2026:02:37:05 +0200] "POST /wp-login.php HTTP/1.1" 200 4077 "-" "Mozilla/5.0"
66.249.79.170 - - [06/Apr/2026:02:37:25 +0200] "GET /tag/mo/page/2/ HTTP/1.1" 200 11403 "-" "Mozilla/5.0 (Linux; Android 6.0.1; Nexus 5X Build/MMB29P) AppleWebKit/537.36 (KHTML, like Gecko) Chrome/146.0.7680.177 Mobile Safari/537.36 (compatible; Googlebot/2.1; +http://www.google.com/bot.html)"
66.249.79.171 - - [06/Apr/2026:02:37:27 +0200] "GET /wp-content/plugins/accesspress-social-share/js/frontend.js?ver=4.5.4 HTTP/1.1" 200 417 "https://wars.bg/tag/mo/page/2/" "Mozilla/5.0 (Linux; Android 6.0.1; Nexus 5X Build/MMB29P) AppleWebKit/537.36 (KHTML, like Gecko) Chrome/146.0.7680.177 Mobile Safari/537.36 (compatible; Googlebot/2.1; +http://www.google.com/bot.html)"
185.191.171.14 - - [06/Apr/2026:02:37:44 +0200] "GET /tag/%D1%87%D0%B5-%D1%82%D0%BE%D0%B7%D0%B8-%D0%BE%D1%82%D1%80%D0%B0%D1%81%D1%8A%D0%BB-%D0%BD%D0%B0-%D0%B0%D0%BC%D0%B5%D1%80%D0%B8%D0%BA%D0%B0%D0%BD%D1%81%D0%BA%D0%B0%D1%82%D0%B0-%D0%B8%D0%BD%D0%B4%D1%83/ HTTP/1.1" 200 8880 "-" "Mozilla/5.0 (compatible; SemrushBot/7~bl; +http://www.semrush.com/bot.html)"
40.77.167.42 - - [06/Apr/2026:02:39:49 +0200] "GET /?s=barca+vs+atletico+prediction HTTP/1.1" 200 7231 "-" "Mozilla/5.0 AppleWebKit/537.36 (KHTML, like Gecko; compatible; bingbot/2.0; +http://www.bing.com/bingbot.htm) Chrome/116.0.1938.76 Safari/537.36"
161.97.137.93 - - [06/Apr/2026:02:39:59 +0200] "POST /wp-cron.php?doing_wp_cron=1775435998.8635280132293701171875 HTTP/1.1" 404 9514 "https://wars.bg/wp-cron.php?doing_wp_cron=1775435998.8635280132293701171875" "WordPress/4.9.26; https://wars.bg"
40.77.167.42 - - [06/Apr/2026:02:39:59 +0200] "GET /?s=%E3%82%A8%E3%83%A0%E3%83%90%E3%83%9A+%E3%83%AF%E3%83%BC%E3%83%AB%E3%83%89%E3%82%AB%E3%83%83%E3%83%97+%E6%B1%BA%E5%8B%9D%E3%80%80%E3%81%AA%E3%82%93j HTTP/1.1" 200 7352 "-" "Mozilla/5.0 AppleWebKit/537.36 (KHTML, like Gecko; compatible; bingbot/2.0; +http://www.bing.com/bingbot.htm) Chrome/116.0.1938.76 Safari/537.36"
185.191.171.14 - - [06/Apr/2026:02:40:06 +0200] "GET /tag/%D0%B4%D0%B5%D0%BD%D1%8F%D1%82/page/4/ HTTP/1.1" 200 12467 "-" "Mozilla/5.0 (compatible; SemrushBot/7~bl; +http://www.semrush.com/bot.html)"
207.46.13.170 - - [06/Apr/2026:02:41:39 +0200] "GET /?s=%E4%BC%8A%E8%97%A4%E5%B7%A5%E7%9C%9F HTTP/1.1" 200 7260 "-" "Mozilla/5.0 AppleWebKit/537.36 (KHTML, like Gecko; compatible; bingbot/2.0; +http://www.bing.com/bingbot.htm) Chrome/116.0.1938.76 Safari/537.36"
85.208.96.210 - - [06/Apr/2026:02:41:46 +0200] "GET /tag/%D0%B7%D0%BB%D0%B0%D1%82%D0%BE%D1%83%D1%81%D1%82%D0%BE%D0%B2%D1%81%D0%BA%D0%B8%D1%8F-%D0%BE%D1%80%D1%8A%D0%B6%D0%B5%D0%B5%D0%BD-%D0%B7%D0%B0%D0%B2%D0%BE%D0%B4/ HTTP/1.1" 200 8657 "-" "Mozilla/5.0 (compatible; SemrushBot/7~bl; +http://www.semrush.com/bot.html)"
85.208.96.198 - - [06/Apr/2026:02:42:57 +0200] "GET /%D0%91%D0%B5%D1%80%D0%BA%D1%83%D1%82%D1%8B-360-%D0%92%D0%B8%D1%81%D1%88-%D0%BF%D0%B8%D0%BB%D0%BE%D1%82%D0%B0%D0%B6-%D0%BB%D0%B5%D0%B3%D0%B5%D0%BD%D0%B4%D0%B0%D1%80%D0%BD/ HTTP/1.1" 200 14672 "-" "Mozilla/5.0 (compatible; SemrushBot/7~bl; +http://www.semrush.com/bot.html)"
161.97.137.93 - - [06/Apr/2026:02:44:26 +0200] "POST /wp-cron.php?doing_wp_cron=1775436266.4003860950469970703125 HTTP/1.1" 404 9514 "https://wars.bg/wp-cron.php?doing_wp_cron=1775436266.4003860950469970703125" "WordPress/4.9.26; https://wars.bg"
185.191.171.2 - - [06/Apr/2026:02:44:26 +0200] "GET /tag/%D0%BB%D1%8E%D0%B1%D0%BE%D0%B2%D1%82%D0%B0-%D0%BA%D1%8A%D0%BC-%D0%BA%D0%BE%D1%82%D0%BA%D0%B8%D1%82%D0%B5/ HTTP/1.1" 200 8729 "-" "Mozilla/5.0 (compatible; SemrushBot/7~bl; +http://www.semrush.com/bot.html)"
185.191.171.10 - - [06/Apr/2026:02:44:38 +0200] "GET /tag/nowini-za-%D0%B1%D0%BC%D0%B4-4%D0%BC/ HTTP/1.1" 200 8625 "-" "Mozilla/5.0 (compatible; SemrushBot/7~bl; +http://www.semrush.com/bot.html)"
104.252.161.68 - - [06/Apr/2026:02:45:21 +0200] "GET / HTTP/1.1" 200 11792 "-" "Mozilla/5.0 (Windows NT 10.0; Win64; x64; rv:147.0) Gecko/20100101 Firefox/147.0"
104.252.161.68 - - [06/Apr/2026:02:45:22 +0200] "GET /wp-content/plugins/gtranslate/gtranslate-style24.css?ver=4.9.26 HTTP/1.1" 200 249 "https://wars.bg/" "Mozilla/5.0 (Windows NT 10.0; Win64; x64; rv:147.0) Gecko/20100101 Firefox/147.0"
104.252.161.68 - - [06/Apr/2026:02:45:22 +0200] "GET /wp-content/plugins/accesspress-social-share/css/font-awesome.min.css?ver=4.5.4 HTTP/1.1" 200 6676 "https://wars.bg/" "Mozilla/5.0 (Windows NT 10.0; Win64; x64; rv:147.0) Gecko/20100101 Firefox/147.0"
104.252.161.68 - - [06/Apr/2026:02:45:22 +0200] "GET /wp-content/plugins/accesspress-social-share/css/frontend.css?ver=4.5.4 HTTP/1.1" 200 3481 "https://wars.bg/" "Mozilla/5.0 (Windows NT 10.0; Win64; x64; rv:147.0) Gecko/20100101 Firefox/147.0"
104.252.161.68 - - [06/Apr/2026:02:45:22 +0200] "GET /wp-content/themes/tortuga/style.css?ver=1.2.2 HTTP/1.1" 200 9439 "https://wars.bg/" "Mozilla/5.0 (Windows NT 10.0; Win64; x64; rv:147.0) Gecko/20100101 Firefox/147.0"
104.252.161.68 - - [06/Apr/2026:02:45:22 +0200] "GET /wp-content/themes/tortuga/css/flexslider.css?ver=4.9.26 HTTP/1.1" 200 1204 "https://wars.bg/" "Mozilla/5.0 (Windows NT 10.0; Win64; x64; rv:147.0) Gecko/20100101 Firefox/147.0"
104.252.161.68 - - [06/Apr/2026:02:45:22 +0200] "GET /wp-content/plugins/facebook-button-plugin/css/style.css?ver=4.9.26 HTTP/1.1" 200 427 "https://wars.bg/" "Mozilla/5.0 (Windows NT 10.0; Win64; x64; rv:147.0) Gecko/20100101 Firefox/147.0"
104.252.161.68 - - [06/Apr/2026:02:45:22 +0200] "GET /wp-includes/js/jquery/jquery.js?ver=1.12.4 HTTP/1.1" 200 32878 "https://wars.bg/" "Mozilla/5.0 (Windows NT 10.0; Win64; x64; rv:147.0) Gecko/20100101 Firefox/147.0"
104.252.161.68 - - [06/Apr/2026:02:45:22 +0200] "GET /wp-content/themes/tortuga/css/genericons/genericons.css?ver=3.4.1 HTTP/1.1" 200 15963 "https://wars.bg/" "Mozilla/5.0 (Windows NT 10.0; Win64; x64; rv:147.0) Gecko/20100101 Firefox/147.0"
104.252.161.68 - - [06/Apr/2026:02:45:22 +0200] "GET /wp-includes/js/jquery/jquery-migrate.min.js?ver=1.4.1 HTTP/1.1" 200 3836 "https://wars.bg/" "Mozilla/5.0 (Windows NT 10.0; Win64; x64; rv:147.0) Gecko/20100101 Firefox/147.0"
104.252.161.68 - - [06/Apr/2026:02:45:22 +0200] "GET /wp-content/plugins/facebook-button-plugin/js/script.js?ver=4.9.26 HTTP/1.1" 200 169 "https://wars.bg/" "Mozilla/5.0 (Windows NT 10.0; Win64; x64; rv:147.0) Gecko/20100101 Firefox/147.0"
104.252.161.68 - - [06/Apr/2026:02:45:22 +0200] "GET /wp-content/themes/tortuga/js/navigation.js?ver=20160719 HTTP/1.1" 200 1437 "https://wars.bg/" "Mozilla/5.0 (Windows NT 10.0; Win64; x64; rv:147.0) Gecko/20100101 Firefox/147.0"
104.252.161.68 - - [06/Apr/2026:02:45:22 +0200] "GET /wp-content/themes/tortuga/js/jquery.flexslider-min.js?ver=2.6.0 HTTP/1.1" 200 6202 "https://wars.bg/" "Mozilla/5.0 (Windows NT 10.0; Win64; x64; rv:147.0) Gecko/20100101 Firefox/147.0"
104.252.161.68 - - [06/Apr/2026:02:45:22 +0200] "GET /wp-content/themes/tortuga/js/slider.js?ver=4.9.26 HTTP/1.1" 200 297 "https://wars.bg/" "Mozilla/5.0 (Windows NT 10.0; Win64; x64; rv:147.0) Gecko/20100101 Firefox/147.0"
104.252.161.68 - - [06/Apr/2026:02:45:22 +0200] "GET /wp-content/uploads/2016/09/cropped-cropped-cropped-logo-1-%D0%9A%D0%BE%D0%BF%D0%B8%D0%B5-1-1.png HTTP/1.1" 200 18336 "https://wars.bg/" "Mozilla/5.0 (Windows NT 10.0; Win64; x64; rv:147.0) Gecko/20100101 Firefox/147.0"
104.252.161.68 - - [06/Apr/2026:02:45:22 +0200] "GET /wp-content/uploads/2024/10/462573338_1096812711873138_1151000974628376593_n-738x420.jpg HTTP/1.1" 200 66315 "https://wars.bg/" "Mozilla/5.0 (Windows NT 10.0; Win64; x64; rv:147.0) Gecko/20100101 Firefox/147.0"
104.252.161.68 - - [06/Apr/2026:02:45:22 +0200] "GET /wp-content/uploads/2024/10/22-oktomvri-1912-g-balgaria-atakuva-osmanskata-imperia-krai-lozengrad-1-780x420.jpg HTTP/1.1" 200 69405 "https://wars.bg/" "Mozilla/5.0 (Windows NT 10.0; Win64; x64; rv:147.0) Gecko/20100101 Firefox/147.0"
104.252.161.68 - - [06/Apr/2026:02:45:22 +0200] "GET /wp-content/uploads/2024/10/8-oktomvri-1912-g-zapochva-balkanskata-voina-1-780x420.jpg HTTP/1.1" 200 65669 "https://wars.bg/" "Mozilla/5.0 (Windows NT 10.0; Win64; x64; rv:147.0) Gecko/20100101 Firefox/147.0"
104.252.161.68 - - [06/Apr/2026:02:45:22 +0200] "GET /wp-content/uploads/2024/10/nikolai-conev-780x420.jpg HTTP/1.1" 200 60416 "https://wars.bg/" "Mozilla/5.0 (Windows NT 10.0; Win64; x64; rv:147.0) Gecko/20100101 Firefox/147.0"
104.252.161.68 - - [06/Apr/2026:02:45:22 +0200] "GET /wp-content/plugins/accesspress-social-share/js/frontend.js?ver=4.5.4 HTTP/1.1" 200 417 "https://wars.bg/" "Mozilla/5.0 (Windows NT 10.0; Win64; x64; rv:147.0) Gecko/20100101 Firefox/147.0"
104.252.161.68 - - [06/Apr/2026:02:45:22 +0200] "GET /wp-includes/js/wp-embed.min.js?ver=4.9.26 HTTP/1.1" 200 690 "https://wars.bg/" "Mozilla/5.0 (Windows NT 10.0; Win64; x64; rv:147.0) Gecko/20100101 Firefox/147.0"
104.252.161.68 - - [06/Apr/2026:02:45:22 +0200] "GET /wp-content/plugins/gtranslate/flags/24/bg.png HTTP/1.1" 200 483 "https://wars.bg/" "Mozilla/5.0 (Windows NT 10.0; Win64; x64; rv:147.0) Gecko/20100101 Firefox/147.0"
104.252.161.68 - - [06/Apr/2026:02:45:22 +0200] "GET /wp-content/plugins/gtranslate/flags/24/ru.png HTTP/1.1" 200 487 "https://wars.bg/" "Mozilla/5.0 (Windows NT 10.0; Win64; x64; rv:147.0) Gecko/20100101 Firefox/147.0"
104.252.161.68 - - [06/Apr/2026:02:45:22 +0200] "GET /wp-content/plugins/gtranslate/flags/24/en.png HTTP/1.1" 200 1767 "https://wars.bg/" "Mozilla/5.0 (Windows NT 10.0; Win64; x64; rv:147.0) Gecko/20100101 Firefox/147.0"
104.252.161.68 - - [06/Apr/2026:02:45:22 +0200] "GET /wp-content/uploads/2024/06/army-bg-wars.jpg HTTP/1.1" 200 102385 "https://wars.bg/" "Mozilla/5.0 (Windows NT 10.0; Win64; x64; rv:147.0) Gecko/20100101 Firefox/147.0"
104.252.161.68 - - [06/Apr/2026:02:45:22 +0200] "GET /wp-content/uploads/2024/06/armiya-bg-780x420.jpg HTTP/1.1" 200 76590 "https://wars.bg/" "Mozilla/5.0 (Windows NT 10.0; Win64; x64; rv:147.0) Gecko/20100101 Firefox/147.0"
104.252.161.68 - - [06/Apr/2026:02:45:22 +0200] "GET /wp-content/uploads/2024/03/big_jena_boec_shipka_2-780x420.jpg HTTP/1.1" 200 63241 "https://wars.bg/" "Mozilla/5.0 (Windows NT 10.0; Win64; x64; rv:147.0) Gecko/20100101 Firefox/147.0"
104.252.161.68 - - [06/Apr/2026:02:45:22 +0200] "GET /wp-content/uploads/2024/10/462573338_1096812711873138_1151000974628376593_n-738x400.jpg HTTP/1.1" 200 63227 "https://wars.bg/" "Mozilla/5.0 (Windows NT 10.0; Win64; x64; rv:147.0) Gecko/20100101 Firefox/147.0"
104.252.161.68 - - [06/Apr/2026:02:45:22 +0200] "GET /wp-content/uploads/2023/12/wars-shipka-651x420.jpg HTTP/1.1" 200 38399 "https://wars.bg/" "Mozilla/5.0 (Windows NT 10.0; Win64; x64; rv:147.0) Gecko/20100101 Firefox/147.0"
104.252.161.68 - - [06/Apr/2026:02:45:22 +0200] "GET /wp-content/uploads/2024/10/22-oktomvri-1912-g-balgaria-atakuva-osmanskata-imperia-krai-lozengrad-1-900x400.jpg HTTP/1.1" 200 69787 "https://wars.bg/" "Mozilla/5.0 (Windows NT 10.0; Win64; x64; rv:147.0) Gecko/20100101 Firefox/147.0"
104.252.161.68 - - [06/Apr/2026:02:45:22 +0200] "GET /wp-content/uploads/2024/10/nikolai-conev-900x400.jpg HTTP/1.1" 200 61321 "https://wars.bg/" "Mozilla/5.0 (Windows NT 10.0; Win64; x64; rv:147.0) Gecko/20100101 Firefox/147.0"
104.252.161.68 - - [06/Apr/2026:02:45:22 +0200] "GET /wp-content/uploads/2024/10/8-oktomvri-1912-g-zapochva-balkanskata-voina-1-900x400.jpg HTTP/1.1" 200 70941 "https://wars.bg/" "Mozilla/5.0 (Windows NT 10.0; Win64; x64; rv:147.0) Gecko/20100101 Firefox/147.0"
104.252.161.68 - - [06/Apr/2026:02:45:22 +0200] "GET /wp-content/uploads/2024/06/armiya-bg-830x400.jpg HTTP/1.1" 200 80691 "https://wars.bg/" "Mozilla/5.0 (Windows NT 10.0; Win64; x64; rv:147.0) Gecko/20100101 Firefox/147.0"
104.252.161.68 - - [06/Apr/2026:02:45:23 +0200] "GET /wp-content/uploads/2024/03/big_jena_boec_shipka_2-900x400.jpg HTTP/1.1" 200 67034 "https://wars.bg/" "Mozilla/5.0 (Windows NT 10.0; Win64; x64; rv:147.0) Gecko/20100101 Firefox/147.0"
104.252.161.68 - - [06/Apr/2026:02:45:23 +0200] "GET /wp-content/uploads/2023/12/wars-shipka-651x400.jpg HTTP/1.1" 200 37947 "https://wars.bg/" "Mozilla/5.0 (Windows NT 10.0; Win64; x64; rv:147.0) Gecko/20100101 Firefox/147.0"
104.252.161.68 - - [06/Apr/2026:02:45:23 +0200] "GET /wp-content/uploads/2020/12/Kerbala.jpg HTTP/1.1" 200 64367 "https://wars.bg/" "Mozilla/5.0 (Windows NT 10.0; Win64; x64; rv:147.0) Gecko/20100101 Firefox/147.0"
104.252.161.68 - - [06/Apr/2026:02:45:23 +0200] "GET /wp-includes/js/wp-emoji-release.min.js?ver=4.9.26 HTTP/1.1" 200 4066 "https://wars.bg/" "Mozilla/5.0 (Windows NT 10.0; Win64; x64; rv:147.0) Gecko/20100101 Firefox/147.0"
104.252.161.68 - - [06/Apr/2026:02:45:23 +0200] "GET /wp-content/uploads/2023/12/wars-wazow-900x400.jpg HTTP/1.1" 200 88510 "https://wars.bg/" "Mozilla/5.0 (Windows NT 10.0; Win64; x64; rv:147.0) Gecko/20100101 Firefox/147.0"
104.252.161.68 - - [06/Apr/2026:02:45:26 +0200] "GET /wp-content/uploads/2016/08/cropped-logo-1-%D0%9A%D0%BE%D0%BF%D0%B8%D0%B5-1-32x32.png HTTP/1.1" 200 1975 "https://wars.bg/" "Mozilla/5.0 (Windows NT 10.0; Win64; x64; rv:147.0) Gecko/20100101 Firefox/147.0"
161.97.137.93 - - [06/Apr/2026:02:45:28 +0200] "POST /wp-cron.php?doing_wp_cron=1775436327.9392759799957275390625 HTTP/1.1" 404 9514 "https://wars.bg/wp-cron.php?doing_wp_cron=1775436327.9392759799957275390625" "WordPress/4.9.26; https://wars.bg"
85.208.96.200 - - [06/Apr/2026:02:45:28 +0200] "GET /tag/%D0%92%D0%BB%D0%B0%D1%81%D0%BE%D0%B2%D0%B0/ HTTP/1.1" 200 8720 "-" "Mozilla/5.0 (compatible; SemrushBot/7~bl; +http://www.semrush.com/bot.html)"
161.178.132.46 - - [06/Apr/2026:02:45:33 +0200] "POST /wp-login.php HTTP/1.1" 200 4077 "-" "Mozilla/5.0"
78.47.101.172 - - [06/Apr/2026:02:45:59 +0200] "GET /category/%d0%b3%d0%bb%d0%b5%d0%b4%d0%bd%d0%b0-%d1%82%d0%be%d1%87%d0%ba%d0%b0/feed/ HTTP/1.1" 200 122734 "-" "Mozilla/5.0 (compatible; um-IC/1.0; https://www.ubermetrics-technologies.com/; Windows NT 6.1; WOW64; rv:125.0) Gecko/20100101 Firefox/125.1"
207.46.13.52 - - [06/Apr/2026:02:46:51 +0200] "GET /?s=%E4%BB%8A%E6%97%A5%E5%A4%B4%E6%9D%A1+%E4%BB%A5%E5%86%9B%E7%A7%B0%E6%89%93%E6%AD%BB%E4%BC%8A%E6%9C%97%E9%9D%A9%E5%91%BD%E5%8D%AB%E9%98%9F%E9%AB%98%E7%BA%A7%E6%8C%87%E6%8C%A5%E5%AE%98+TVG HTTP/1.1" 200 7424 "-" "Mozilla/5.0 AppleWebKit/537.36 (KHTML, like Gecko; compatible; bingbot/2.0; +http://www.bing.com/bingbot.htm) Chrome/116.0.1938.76 Safari/537.36"
104.252.161.68 - - [06/Apr/2026:02:47:12 +0200] "GET / HTTP/1.1" 200 11792 "-" "Mozilla/5.0 (Windows NT 10.0; Win64; x64; rv:147.0) Gecko/20100101 Firefox/147.0"
104.252.161.68 - - [06/Apr/2026:02:47:12 +0200] "GET /wp-content/plugins/gtranslate/gtranslate-style24.css?ver=4.9.26 HTTP/1.1" 200 249 "https://wars.bg/" "Mozilla/5.0 (Windows NT 10.0; Win64; x64; rv:147.0) Gecko/20100101 Firefox/147.0"
104.252.161.68 - - [06/Apr/2026:02:47:12 +0200] "GET /wp-content/plugins/accesspress-social-share/css/font-awesome.min.css?ver=4.5.4 HTTP/1.1" 200 6676 "https://wars.bg/" "Mozilla/5.0 (Windows NT 10.0; Win64; x64; rv:147.0) Gecko/20100101 Firefox/147.0"
104.252.161.68 - - [06/Apr/2026:02:47:13 +0200] "GET /wp-content/plugins/accesspress-social-share/css/frontend.css?ver=4.5.4 HTTP/1.1" 200 3481 "https://wars.bg/" "Mozilla/5.0 (Windows NT 10.0; Win64; x64; rv:147.0) Gecko/20100101 Firefox/147.0"
104.252.161.68 - - [06/Apr/2026:02:47:13 +0200] "GET /wp-content/plugins/facebook-button-plugin/css/style.css?ver=4.9.26 HTTP/1.1" 200 427 "https://wars.bg/" "Mozilla/5.0 (Windows NT 10.0; Win64; x64; rv:147.0) Gecko/20100101 Firefox/147.0"
104.252.161.68 - - [06/Apr/2026:02:47:13 +0200] "GET /wp-content/themes/tortuga/style.css?ver=1.2.2 HTTP/1.1" 200 9439 "https://wars.bg/" "Mozilla/5.0 (Windows NT 10.0; Win64; x64; rv:147.0) Gecko/20100101 Firefox/147.0"
104.252.161.68 - - [06/Apr/2026:02:47:13 +0200] "GET /wp-content/themes/tortuga/css/flexslider.css?ver=4.9.26 HTTP/1.1" 200 1204 "https://wars.bg/" "Mozilla/5.0 (Windows NT 10.0; Win64; x64; rv:147.0) Gecko/20100101 Firefox/147.0"
104.252.161.68 - - [06/Apr/2026:02:47:13 +0200] "GET /wp-content/themes/tortuga/css/genericons/genericons.css?ver=3.4.1 HTTP/1.1" 200 15963 "https://wars.bg/" "Mozilla/5.0 (Windows NT 10.0; Win64; x64; rv:147.0) Gecko/20100101 Firefox/147.0"
104.252.161.68 - - [06/Apr/2026:02:47:13 +0200] "GET /wp-includes/js/jquery/jquery-migrate.min.js?ver=1.4.1 HTTP/1.1" 200 3836 "https://wars.bg/" "Mozilla/5.0 (Windows NT 10.0; Win64; x64; rv:147.0) Gecko/20100101 Firefox/147.0"
104.252.161.68 - - [06/Apr/2026:02:47:13 +0200] "GET /wp-content/themes/tortuga/js/navigation.js?ver=20160719 HTTP/1.1" 200 1437 "https://wars.bg/" "Mozilla/5.0 (Windows NT 10.0; Win64; x64; rv:147.0) Gecko/20100101 Firefox/147.0"
104.252.161.68 - - [06/Apr/2026:02:47:13 +0200] "GET /wp-content/plugins/facebook-button-plugin/js/script.js?ver=4.9.26 HTTP/1.1" 200 169 "https://wars.bg/" "Mozilla/5.0 (Windows NT 10.0; Win64; x64; rv:147.0) Gecko/20100101 Firefox/147.0"
104.252.161.68 - - [06/Apr/2026:02:47:13 +0200] "GET /wp-content/themes/tortuga/js/jquery.flexslider-min.js?ver=2.6.0 HTTP/1.1" 200 6202 "https://wars.bg/" "Mozilla/5.0 (Windows NT 10.0; Win64; x64; rv:147.0) Gecko/20100101 Firefox/147.0"
104.252.161.68 - - [06/Apr/2026:02:47:13 +0200] "GET /wp-content/themes/tortuga/js/slider.js?ver=4.9.26 HTTP/1.1" 200 297 "https://wars.bg/" "Mozilla/5.0 (Windows NT 10.0; Win64; x64; rv:147.0) Gecko/20100101 Firefox/147.0"
104.252.161.68 - - [06/Apr/2026:02:47:13 +0200] "GET /wp-includes/js/jquery/jquery.js?ver=1.12.4 HTTP/1.1" 200 32878 "https://wars.bg/" "Mozilla/5.0 (Windows NT 10.0; Win64; x64; rv:147.0) Gecko/20100101 Firefox/147.0"
104.252.161.68 - - [06/Apr/2026:02:47:13 +0200] "GET /wp-content/uploads/2016/09/cropped-cropped-cropped-logo-1-%D0%9A%D0%BE%D0%BF%D0%B8%D0%B5-1-1.png HTTP/1.1" 200 18336 "https://wars.bg/" "Mozilla/5.0 (Windows NT 10.0; Win64; x64; rv:147.0) Gecko/20100101 Firefox/147.0"
104.252.161.68 - - [06/Apr/2026:02:47:13 +0200] "GET /wp-content/uploads/2024/10/462573338_1096812711873138_1151000974628376593_n-738x420.jpg HTTP/1.1" 200 66315 "https://wars.bg/" "Mozilla/5.0 (Windows NT 10.0; Win64; x64; rv:147.0) Gecko/20100101 Firefox/147.0"
104.252.161.68 - - [06/Apr/2026:02:47:13 +0200] "GET /wp-content/uploads/2024/10/22-oktomvri-1912-g-balgaria-atakuva-osmanskata-imperia-krai-lozengrad-1-780x420.jpg HTTP/1.1" 200 69405 "https://wars.bg/" "Mozilla/5.0 (Windows NT 10.0; Win64; x64; rv:147.0) Gecko/20100101 Firefox/147.0"
104.252.161.68 - - [06/Apr/2026:02:47:13 +0200] "GET /wp-content/uploads/2024/10/8-oktomvri-1912-g-zapochva-balkanskata-voina-1-780x420.jpg HTTP/1.1" 200 65669 "https://wars.bg/" "Mozilla/5.0 (Windows NT 10.0; Win64; x64; rv:147.0) Gecko/20100101 Firefox/147.0"
104.252.161.68 - - [06/Apr/2026:02:47:13 +0200] "GET /wp-content/uploads/2024/10/nikolai-conev-780x420.jpg HTTP/1.1" 200 60416 "https://wars.bg/" "Mozilla/5.0 (Windows NT 10.0; Win64; x64; rv:147.0) Gecko/20100101 Firefox/147.0"
104.252.161.68 - - [06/Apr/2026:02:47:13 +0200] "GET /wp-content/plugins/accesspress-social-share/js/frontend.js?ver=4.5.4 HTTP/1.1" 200 417 "https://wars.bg/" "Mozilla/5.0 (Windows NT 10.0; Win64; x64; rv:147.0) Gecko/20100101 Firefox/147.0"
104.252.161.68 - - [06/Apr/2026:02:47:13 +0200] "GET /wp-includes/js/wp-embed.min.js?ver=4.9.26 HTTP/1.1" 200 690 "https://wars.bg/" "Mozilla/5.0 (Windows NT 10.0; Win64; x64; rv:147.0) Gecko/20100101 Firefox/147.0"
104.252.161.68 - - [06/Apr/2026:02:47:13 +0200] "GET /wp-content/plugins/gtranslate/flags/24/bg.png HTTP/1.1" 200 483 "https://wars.bg/" "Mozilla/5.0 (Windows NT 10.0; Win64; x64; rv:147.0) Gecko/20100101 Firefox/147.0"
104.252.161.68 - - [06/Apr/2026:02:47:13 +0200] "GET /wp-content/plugins/gtranslate/flags/24/en.png HTTP/1.1" 200 1767 "https://wars.bg/" "Mozilla/5.0 (Windows NT 10.0; Win64; x64; rv:147.0) Gecko/20100101 Firefox/147.0"
104.252.161.68 - - [06/Apr/2026:02:47:13 +0200] "GET /wp-content/plugins/gtranslate/flags/24/ru.png HTTP/1.1" 200 487 "https://wars.bg/" "Mozilla/5.0 (Windows NT 10.0; Win64; x64; rv:147.0) Gecko/20100101 Firefox/147.0"
104.252.161.68 - - [06/Apr/2026:02:47:13 +0200] "GET /wp-content/uploads/2024/06/army-bg-wars.jpg HTTP/1.1" 200 102385 "https://wars.bg/" "Mozilla/5.0 (Windows NT 10.0; Win64; x64; rv:147.0) Gecko/20100101 Firefox/147.0"
104.252.161.68 - - [06/Apr/2026:02:47:13 +0200] "GET /wp-content/uploads/2024/06/armiya-bg-780x420.jpg HTTP/1.1" 200 76590 "https://wars.bg/" "Mozilla/5.0 (Windows NT 10.0; Win64; x64; rv:147.0) Gecko/20100101 Firefox/147.0"
104.252.161.68 - - [06/Apr/2026:02:47:13 +0200] "GET /wp-content/uploads/2024/03/big_jena_boec_shipka_2-780x420.jpg HTTP/1.1" 200 63241 "https://wars.bg/" "Mozilla/5.0 (Windows NT 10.0; Win64; x64; rv:147.0) Gecko/20100101 Firefox/147.0"
104.252.161.68 - - [06/Apr/2026:02:47:14 +0200] "GET /wp-content/uploads/2023/12/wars-shipka-651x420.jpg HTTP/1.1" 200 38399 "https://wars.bg/" "Mozilla/5.0 (Windows NT 10.0; Win64; x64; rv:147.0) Gecko/20100101 Firefox/147.0"
104.252.161.68 - - [06/Apr/2026:02:47:14 +0200] "GET /wp-content/uploads/2024/10/462573338_1096812711873138_1151000974628376593_n-738x400.jpg HTTP/1.1" 200 63227 "https://wars.bg/" "Mozilla/5.0 (Windows NT 10.0; Win64; x64; rv:147.0) Gecko/20100101 Firefox/147.0"
104.252.161.68 - - [06/Apr/2026:02:47:14 +0200] "GET /wp-content/uploads/2024/10/8-oktomvri-1912-g-zapochva-balkanskata-voina-1-900x400.jpg HTTP/1.1" 200 70941 "https://wars.bg/" "Mozilla/5.0 (Windows NT 10.0; Win64; x64; rv:147.0) Gecko/20100101 Firefox/147.0"
104.252.161.68 - - [06/Apr/2026:02:47:14 +0200] "GET /wp-content/uploads/2024/10/22-oktomvri-1912-g-balgaria-atakuva-osmanskata-imperia-krai-lozengrad-1-900x400.jpg HTTP/1.1" 200 69787 "https://wars.bg/" "Mozilla/5.0 (Windows NT 10.0; Win64; x64; rv:147.0) Gecko/20100101 Firefox/147.0"
104.252.161.68 - - [06/Apr/2026:02:47:14 +0200] "GET /wp-content/uploads/2024/10/nikolai-conev-900x400.jpg HTTP/1.1" 200 61321 "https://wars.bg/" "Mozilla/5.0 (Windows NT 10.0; Win64; x64; rv:147.0) Gecko/20100101 Firefox/147.0"
104.252.161.68 - - [06/Apr/2026:02:47:14 +0200] "GET /wp-content/uploads/2024/06/armiya-bg-830x400.jpg HTTP/1.1" 200 80691 "https://wars.bg/" "Mozilla/5.0 (Windows NT 10.0; Win64; x64; rv:147.0) Gecko/20100101 Firefox/147.0"
104.252.161.68 - - [06/Apr/2026:02:47:14 +0200] "GET /wp-content/uploads/2024/03/big_jena_boec_shipka_2-900x400.jpg HTTP/1.1" 200 67034 "https://wars.bg/" "Mozilla/5.0 (Windows NT 10.0; Win64; x64; rv:147.0) Gecko/20100101 Firefox/147.0"
104.252.161.68 - - [06/Apr/2026:02:47:14 +0200] "GET /wp-content/uploads/2023/12/wars-shipka-651x400.jpg HTTP/1.1" 200 37947 "https://wars.bg/" "Mozilla/5.0 (Windows NT 10.0; Win64; x64; rv:147.0) Gecko/20100101 Firefox/147.0"
104.252.161.68 - - [06/Apr/2026:02:47:14 +0200] "GET /wp-includes/js/wp-emoji-release.min.js?ver=4.9.26 HTTP/1.1" 200 4066 "https://wars.bg/" "Mozilla/5.0 (Windows NT 10.0; Win64; x64; rv:147.0) Gecko/20100101 Firefox/147.0"
104.252.161.68 - - [06/Apr/2026:02:47:14 +0200] "GET /wp-content/uploads/2020/12/Kerbala.jpg HTTP/1.1" 200 64367 "https://wars.bg/" "Mozilla/5.0 (Windows NT 10.0; Win64; x64; rv:147.0) Gecko/20100101 Firefox/147.0"
104.252.161.68 - - [06/Apr/2026:02:47:14 +0200] "GET /wp-content/uploads/2023/12/wars-wazow-900x400.jpg HTTP/1.1" 200 88510 "https://wars.bg/" "Mozilla/5.0 (Windows NT 10.0; Win64; x64; rv:147.0) Gecko/20100101 Firefox/147.0"
104.252.161.68 - - [06/Apr/2026:02:47:17 +0200] "GET /wp-content/uploads/2016/08/cropped-logo-1-%D0%9A%D0%BE%D0%BF%D0%B8%D0%B5-1-32x32.png HTTP/1.1" 200 1975 "https://wars.bg/" "Mozilla/5.0 (Windows NT 10.0; Win64; x64; rv:147.0) Gecko/20100101 Firefox/147.0"
85.208.96.210 - - [06/Apr/2026:02:47:45 +0200] "GET /tag/%D0%9E%D0%BB%D0%B5%D0%B3-%D0%90%D0%BD%D1%82%D0%BE%D0%BD%D0%BE%D0%B2/ HTTP/1.1" 200 8738 "-" "Mozilla/5.0 (compatible; SemrushBot/7~bl; +http://www.semrush.com/bot.html)"
52.167.144.147 - - [06/Apr/2026:02:47:52 +0200] "GET /tag/%D0%B0%D0%B2%D1%82%D0%BE%D0%BD%D0%BE%D0%BC%D0%BD%D0%B8-%D0%BD%D0%B5%D0%BE%D0%B1%D0%B8%D1%82%D0%B0%D0%B5%D0%BC%D0%B8-%D0%BF%D0%BE%D0%B4%D0%B2%D0%BE%D0%B4%D0%BD%D0%B8-%D0%B0%D0%BF%D0%B0%D1%80%D0%B0/ HTTP/1.1" 200 8003 "-" "Mozilla/5.0 AppleWebKit/537.36 (KHTML, like Gecko; compatible; bingbot/2.0; +http://www.bing.com/bingbot.htm) Chrome/116.0.1938.76 Safari/537.36"
85.208.96.212 - - [06/Apr/2026:02:47:52 +0200] "GET /tag/wars-bg/page/155/ HTTP/1.1" 200 12903 "-" "Mozilla/5.0 (compatible; SemrushBot/7~bl; +http://www.semrush.com/bot.html)"
47.82.10.15 - - [06/Apr/2026:02:48:09 +0200] "GET /tag/%D0%B1%D0%BE%D0%B9%D0%BD%D0%B8-%D1%85%D0%B5%D0%BB%D0%B8%D0%BA%D0%BE%D0%BF%D1%82%D0%B5%D1%80%D0%B8 HTTP/1.1" 301 0 "https://wars.bg/" "Mozilla/5.0 (Windows NT 10.0; Win64; x64) AppleWebKit/537.36 (KHTML, like Gecko) Chrome/134.0.0.0 Safari/537.36"
47.82.10.15 - - [06/Apr/2026:02:48:10 +0200] "GET /tag/%D0%B1%D0%BE%D0%B9%D0%BD%D0%B8-%D1%85%D0%B5%D0%BB%D0%B8%D0%BA%D0%BE%D0%BF%D1%82%D0%B5%D1%80%D0%B8/ HTTP/1.1" 200 8874 "https://wars.bg/" "Mozilla/5.0 (Windows NT 10.0; Win64; x64) AppleWebKit/537.36 (KHTML, like Gecko) Chrome/134.0.0.0 Safari/537.36"
161.97.137.93 - - [06/Apr/2026:02:48:40 +0200] "POST /wp-cron.php?doing_wp_cron=1775436519.7109858989715576171875 HTTP/1.1" 404 9514 "https://wars.bg/wp-cron.php?doing_wp_cron=1775436519.7109858989715576171875" "WordPress/4.9.26; https://wars.bg"
40.77.167.42 - - [06/Apr/2026:02:48:40 +0200] "GET /%D0%BC%D0%BE%D0%B4%D0%B5%D1%80%D0%BD%D0%B8%D0%B7%D0%B8%D1%80%D0%B0%D0%BD%D0%B8%D1%8F%D1%82-%D1%80%D0%B0%D0%BA%D0%B5%D1%82%D0%BE%D0%BD%D0%BE%D1%81%D0%B5%D1%86-%D1%82%D1%83-160%D0%BC-%D0%BD%D0%B0%D0%BF/ HTTP/1.1" 200 12725 "-" "Mozilla/5.0 AppleWebKit/537.36 (KHTML, like Gecko; compatible; bingbot/2.0; +http://www.bing.com/bingbot.htm) Chrome/116.0.1938.76 Safari/537.36"
161.97.137.93 - - [06/Apr/2026:02:49:40 +0200] "POST /wp-cron.php?doing_wp_cron=1775436580.0418660640716552734375 HTTP/1.1" 404 9514 "https://wars.bg/wp-cron.php?doing_wp_cron=1775436580.0418660640716552734375" "WordPress/4.9.26; https://wars.bg"
52.167.144.147 - - [06/Apr/2026:02:49:40 +0200] "GET /?s=%E3%82%A8%E3%83%AB%E3%83%89%E3%83%AA%E3%83%83%E3%83%81%E3%81%A3%E3%81%A6%E3%81%A9%E3%81%86%E3%81%84%E3%81%86%E6%84%8F%E5%91%B3%EF%BC%9F HTTP/1.1" 200 7196 "-" "Mozilla/5.0 AppleWebKit/537.36 (KHTML, like Gecko; compatible; bingbot/2.0; +http://www.bing.com/bingbot.htm) Chrome/116.0.1938.76 Safari/537.36"
85.208.96.197 - - [06/Apr/2026:02:49:49 +0200] "GET /tag/%D0%BC%D1%8F%D1%81%D1%82%D0%BE%D1%82%D0%BE-%D0%BD%D0%B0-%D1%81%D1%8A%D0%B1%D0%B8%D1%82%D0%B8%D0%B5%D1%82%D0%BE/ HTTP/1.1" 200 8690 "-" "Mozilla/5.0 (compatible; SemrushBot/7~bl; +http://www.semrush.com/bot.html)"
220.181.108.92 - - [06/Apr/2026:02:49:50 +0200] "GET /page/18/?s=%D0%A1%D0%A1%D0%A1 HTTP/1.1" 200 12918 "-" "Mozilla/5.0 (compatible; Baiduspider/2.0; +http://www.baidu.com/search/spider.html)"
85.208.96.210 - - [06/Apr/2026:02:49:51 +0200] "GET /tag/%D0%91%D1%80%D0%B5%D1%81%D1%82%D0%BA%D0%B0%D1%82%D0%B0-%D0%BA%D1%80%D0%B5%D0%BF%D0%BE%D1%81%D1%82/ HTTP/1.1" 200 8687 "-" "Mozilla/5.0 (compatible; SemrushBot/7~bl; +http://www.semrush.com/bot.html)"
162.216.18.233 - - [06/Apr/2026:02:50:39 +0200] "GET /%D0%BE%D1%82-%D0%B4%D1%83%D0%BC%D0%B8-%D0%BA%D1%8A%D0%BC-%D0%B4%D0%B5%D0%BB%D0%B0-%D0%B7%D0%B0%D1%89%D0%BE-%D1%80%D1%83%D1%81%D0%B8%D1%8F-%D1%81%D0%B5-%D0%BD%D1%83%D0%B6%D0%B4%D0%B0%D0%B5/ HTTP/1.1" 200 14402 "-" "Mozilla/5.0 (compatible; MuckRack/1.0; +https://muckrack.com)"
161.97.137.93 - - [06/Apr/2026:02:51:57 +0200] "POST /wp-cron.php?doing_wp_cron=1775436716.7538540363311767578125 HTTP/1.1" 404 9514 "https://wars.bg/wp-cron.php?doing_wp_cron=1775436716.7538540363311767578125" "WordPress/4.9.26; https://wars.bg"
85.208.96.207 - - [06/Apr/2026:02:51:57 +0200] "GET /tag/%D1%80%D0%B8%D1%86%D0%B0%D1%80%D0%B8/ HTTP/1.1" 200 8626 "-" "Mozilla/5.0 (compatible; SemrushBot/7~bl; +http://www.semrush.com/bot.html)"
52.167.144.147 - - [06/Apr/2026:02:52:10 +0200] "GET /tag/%D0%B2%D0%B8%D0%B6%D1%82%D0%B5-%D0%BC%D0%B5%D0%B4%D0%B8%D0%B0-%D0%BC%D0%BE%D1%81%D1%82-%D0%B1%D1%8A%D0%BB%D0%B3%D0%B0%D1%80%D0%B8%D1%8F/ HTTP/1.1" 200 7981 "-" "Mozilla/5.0 AppleWebKit/537.36 (KHTML, like Gecko; compatible; bingbot/2.0; +http://www.bing.com/bingbot.htm) Chrome/116.0.1938.76 Safari/537.36"
207.46.13.52 - - [06/Apr/2026:02:52:21 +0200] "GET /%D1%81%D0%B8%D1%80%D0%B8%D0%B9%D1%81%D0%BA%D0%B8%D1%82%D0%B5-%D0%BF%D0%B5%D1%87%D0%BE%D1%80%D0%B8-2%D0%BC-%D1%81%D0%B0-%D0%B3%D0%BE%D1%82%D0%BE%D0%B2%D0%B8-%D0%B4%D0%B0-%D0%BE%D1%82%D0%B1%D0%B8/ HTTP/1.1" 200 12313 "-" "Mozilla/5.0 AppleWebKit/537.36 (KHTML, like Gecko; compatible; bingbot/2.0; +http://www.bing.com/bingbot.htm) Chrome/116.0.1938.76 Safari/537.36"
85.208.96.199 - - [06/Apr/2026:02:52:27 +0200] "GET /tag/%D1%81%D0%B5%D0%B2%D0%B5%D1%80%D0%BD%D0%BE%D0%BA%D0%BE%D1%80%D0%B5%D0%B9%D1%81%D0%BA%D0%B8%D1%82%D0%B5-%D1%80%D0%B0%D0%BA%D0%B5%D1%82%D0%B8/ HTTP/1.1" 200 8634 "-" "Mozilla/5.0 (compatible; SemrushBot/7~bl; +http://www.semrush.com/bot.html)"
116.179.32.31 - - [06/Apr/2026:02:52:29 +0200] "GET /wp-content/uploads/2016/10/cbap-ilddog.jpg HTTP/1.1" 200 47728 "-" "Baiduspider-image+(+http://www.baidu.com/search/spider.htm)"
40.77.167.155 - - [06/Apr/2026:02:52:30 +0200] "GET /tag/%D0%B8%D0%B7%D0%BD%D0%B0%D1%81%D1%8F-%D0%BB%D0%B8-%D0%BE%D1%80%D1%8A%D0%B6%D0%B8%D0%B5-%D0%B7%D0%B0-%D0%B8%D0%B7%D1%82%D0%BE%D0%BA%D0%B0-%D0%B3%D0%B5%D1%80%D0%BC%D0%B0%D0%BD%D0%B8%D1%8F/ HTTP/1.1" 200 7853 "-" "Mozilla/5.0 AppleWebKit/537.36 (KHTML, like Gecko; compatible; bingbot/2.0; +http://www.bing.com/bingbot.htm) Chrome/116.0.1938.76 Safari/537.36"
85.208.96.203 - - [06/Apr/2026:02:52:32 +0200] "GET /tag/%D0%B7%D0%B5%D0%BD%D0%B8%D1%82%D0%BD%D0%BE-%D1%80%D0%B0%D0%BA%D0%B5%D1%82%D0%B5%D0%BD-%D0%BA%D0%BE%D0%BC%D0%BF%D0%BB%D0%B5%D0%BA%D1%81-c-500/ HTTP/1.1" 200 8647 "-" "Mozilla/5.0 (compatible; SemrushBot/7~bl; +http://www.semrush.com/bot.html)"
85.208.96.200 - - [06/Apr/2026:02:52:46 +0200] "GET /tag/%D1%80%D1%83%D1%81%D0%BA%D0%BE-%D0%BE%D1%80%D1%8A%D0%B6%D0%B8%D0%B5/page/81/ HTTP/1.1" 200 12532 "-" "Mozilla/5.0 (compatible; SemrushBot/7~bl; +http://www.semrush.com/bot.html)"
66.249.79.172 - - [06/Apr/2026:02:53:45 +0200] "GET /tag/%D1%81%D0%B8%D0%BD%D1%86%D0%B7%D1%8F%D0%BD/ HTTP/1.1" 200 7931 "-" "Mozilla/5.0 (Linux; Android 6.0.1; Nexus 5X Build/MMB29P) AppleWebKit/537.36 (KHTML, like Gecko) Chrome/146.0.7680.177 Mobile Safari/537.36 (compatible; Googlebot/2.1; +http://www.google.com/bot.html)"
161.97.137.93 - - [06/Apr/2026:02:54:05 +0200] "POST /wp-cron.php?doing_wp_cron=1775436845.0690820217132568359375 HTTP/1.1" 404 9514 "https://wars.bg/wp-cron.php?doing_wp_cron=1775436845.0690820217132568359375" "WordPress/4.9.26; https://wars.bg"
185.191.171.10 - - [06/Apr/2026:02:54:05 +0200] "GET /tag/%D0%92%D0%BE%D0%B8%D0%BD%D1%81%D0%BA%D0%B8-%D1%81%D1%8A%D1%8E%D0%B7-%D0%92%D0%B0%D1%81%D0%B8%D0%BB-%D0%9B%D0%B5%D0%B2%D1%81%D0%BA%D0%B8%D0%91%D0%9D%D0%9E-%D0%BF%D1%8A%D0%BB%D1%87/ HTTP/1.1" 200 8666 "-" "Mozilla/5.0 (compatible; SemrushBot/7~bl; +http://www.semrush.com/bot.html)"
185.191.171.4 - - [06/Apr/2026:02:54:08 +0200] "GET /tag/%D0%B8%D0%BD%D0%B8%D1%86%D0%B8%D0%B0%D1%82%D0%BE%D1%80%D0%B8/ HTTP/1.1" 200 8717 "-" "Mozilla/5.0 (compatible; SemrushBot/7~bl; +http://www.semrush.com/bot.html)"
161.178.132.46 - - [06/Apr/2026:02:54:14 +0200] "POST /wp-login.php HTTP/1.1" 200 4077 "-" "Mozilla/5.0"
185.191.171.3 - - [06/Apr/2026:02:55:15 +0200] "GET /tag/%D0%BA%D0%B0%D0%BA-%D0%BD%D0%B8%D0%BA%D0%BE%D0%BB%D0%B0%D0%B9-%D0%BD%D0%B5%D0%BD%D1%87%D0%B5%D0%B2-%D1%83%D1%87%D0%B0%D1%81%D1%82%D0%B2%D0%B0-%D0%B2-%D0%BF%D1%80%D0%B5%D1%81%D1%82%D1%8A%D0%BF%D0%BD/ HTTP/1.1" 200 8765 "-" "Mozilla/5.0 (compatible; SemrushBot/7~bl; +http://www.semrush.com/bot.html)"
185.191.171.8 - - [06/Apr/2026:02:55:31 +0200] "GET /page/66/ HTTP/1.1" 200 15078 "-" "Mozilla/5.0 (compatible; SemrushBot/7~bl; +http://www.semrush.com/bot.html)"
185.191.171.4 - - [06/Apr/2026:02:56:01 +0200] "GET /tag/%D0%BF%D0%BE%D1%81%D0%BB%D0%B5%D0%B4%D0%BD%D0%BE/page/31/ HTTP/1.1" 200 12393 "-" "Mozilla/5.0 (compatible; SemrushBot/7~bl; +http://www.semrush.com/bot.html)"
195.234.109.118 - - [06/Apr/2026:02:56:05 +0200] "GET /wp-content/uploads/2017/01/russian_laptop_tass_600071_b.jpg HTTP/1.1" 200 104717 "-" "Photon/1.0"
40.77.167.77 - - [06/Apr/2026:02:56:21 +0200] "GET /?s=%E6%B1%9A%E6%B0%B4%E3%80%80%E6%AD%BB%E4%BD%93 HTTP/1.1" 200 7269 "-" "Mozilla/5.0 AppleWebKit/537.36 (KHTML, like Gecko; compatible; bingbot/2.0; +http://www.bing.com/bingbot.htm) Chrome/116.0.1938.76 Safari/537.36"
85.208.96.208 - - [06/Apr/2026:02:57:48 +0200] "GET /%D0%BE%D1%81%D1%82%D0%B0%D0%BD%D0%B0-%D1%81%D0%B0%D0%BC%D0%BE-%D0%BF%D0%B5%D1%81%D0%B5%D0%BD%D1%82%D0%B0-%D0%B0-%D0%B1%D0%B0%D1%82%D0%B0%D1%80%D0%B5%D1%8F%D1%82%D0%B0-%D1%8F-%D0%BD%D1%8F%D0%BC%D0%B0/ HTTP/1.1" 403 285 "-" "Mozilla/5.0 (compatible; SemrushBot/7~bl; +http://www.semrush.com/bot.html)"
185.191.171.5 - - [06/Apr/2026:02:57:58 +0200] "GET /%D1%80%D0%B0%D0%B7%D1%83%D0%B7%D0%BD%D0%B0%D0%B2%D0%B0%D1%82%D0%B5%D0%BB%D0%BD%D0%B0-%D0%BC%D0%B0%D1%88%D0%B8%D0%BD%D0%B0-%D0%B1%D1%80%D0%B4%D0%BC-1/ HTTP/1.1" 200 12167 "-" "Mozilla/5.0 (compatible; SemrushBot/7~bl; +http://www.semrush.com/bot.html)"
40.77.167.77 - - [06/Apr/2026:02:58:21 +0200] "GET /?s=%E3%81%9D%E3%82%8C%E3%81%A8%E3%81%A8%E3%82%82%E3%81%AB%E3%80%80%E8%8B%B1%E8%AA%9E HTTP/1.1" 200 7293 "-" "Mozilla/5.0 AppleWebKit/537.36 (KHTML, like Gecko; compatible; bingbot/2.0; +http://www.bing.com/bingbot.htm) Chrome/116.0.1938.76 Safari/537.36"
40.77.167.77 - - [06/Apr/2026:02:58:21 +0200] "GET /tag/%D0%B2%D0%B8%D0%B6%D1%82%D0%B5-%D1%80%D1%83%D1%81%D0%BA%D0%B8%D1%8F%D1%82-%D0%B1%D1%80%D0%BE%D0%BD%D0%B8%D1%80%D0%B0%D0%BD-%D1%82%D0%B8%D0%B3%D1%8A%D1%80-%D1%81-%D0%BD%D0%BE%D0%B2/ HTTP/1.1" 200 7933 "-" "Mozilla/5.0 AppleWebKit/537.36 (KHTML, like Gecko; compatible; bingbot/2.0; +http://www.bing.com/bingbot.htm) Chrome/116.0.1938.76 Safari/537.36"
85.208.96.193 - - [06/Apr/2026:02:58:37 +0200] "GET /tag/%D0%B2%D0%BE%D0%B9%D0%BD%D0%B0/page/10/ HTTP/1.1" 200 12353 "-" "Mozilla/5.0 (compatible; SemrushBot/7~bl; +http://www.semrush.com/bot.html)"
66.249.79.171 - - [06/Apr/2026:02:59:31 +0200] "GET /tag/%D0%B2%D1%81%D0%B8%D1%87%D0%BA%D0%BE-%D0%B7%D0%B0-%D1%8E%D1%80%D0%B8%D0%B9-%D0%B3%D0%B0%D0%B3%D0%B0%D1%80%D0%B8%D0%BD/ HTTP/1.1" 200 7941 "-" "Mozilla/5.0 (Linux; Android 6.0.1; Nexus 5X Build/MMB29P) AppleWebKit/537.36 (KHTML, like Gecko) Chrome/146.0.7680.177 Mobile Safari/537.36 (compatible; Googlebot/2.1; +http://www.google.com/bot.html)"
40.77.167.77 - - [06/Apr/2026:02:59:42 +0200] "GET /wp-content/uploads/2020/05/wars-gererfdg-300x176.jpg HTTP/1.1" 200 10169 "-" "Mozilla/5.0 AppleWebKit/537.36 (KHTML, like Gecko; compatible; bingbot/2.0; +http://www.bing.com/bingbot.htm) Chrome/116.0.1938.76 Safari/537.36"
207.46.13.155 - - [06/Apr/2026:02:59:51 +0200] "GET /tag/%D0%A1%D0%B8-%D0%A6%D0%B7%D0%B8%D0%BD%D0%BF%D0%B8%D0%BD/ HTTP/1.1" 200 7978 "-" "Mozilla/5.0 AppleWebKit/537.36 (KHTML, like Gecko; compatible; bingbot/2.0; +http://www.bing.com/bingbot.htm) Chrome/116.0.1938.76 Safari/537.36"
40.77.167.77 - - [06/Apr/2026:02:59:55 +0200] "GET /tag/35-%D0%B3%D0%BE%D0%B4%D0%B8%D0%BD%D0%B8/ HTTP/1.1" 200 7800 "-" "Mozilla/5.0 AppleWebKit/537.36 (KHTML, like Gecko; compatible; bingbot/2.0; +http://www.bing.com/bingbot.htm) Chrome/116.0.1938.76 Safari/537.36"
85.208.96.210 - - [06/Apr/2026:02:59:58 +0200] "GET /tag/novinite-sega/page/19/ HTTP/1.1" 200 12575 "-" "Mozilla/5.0 (compatible; SemrushBot/7~bl; +http://www.semrush.com/bot.html)"
40.77.167.155 - - [06/Apr/2026:03:00:00 +0200] "GET /tag/%D0%BA%D0%BE%D0%B9-%D0%BA%D0%BE%D0%BB%D0%BA%D0%BE-%D0%BE%D1%80%D1%8A%D0%B6%D0%B8%D0%B5-%D0%BF%D1%80%D0%BE%D0%B4%D0%B0%D0%B2%D0%B0/ HTTP/1.1" 200 7834 "-" "Mozilla/5.0 AppleWebKit/537.36 (KHTML, like Gecko; compatible; bingbot/2.0; +http://www.bing.com/bingbot.htm) Chrome/116.0.1938.76 Safari/537.36"
85.208.96.207 - - [06/Apr/2026:03:00:24 +0200] "GET /tag/%D0%B0%D0%B7-%D0%BA%D0%BE%D0%B3%D0%B0%D1%82%D0%BE-%D0%B1%D1%8F%D1%85-%D0%B2%D0%BE%D0%B9%D0%BD%D0%B8%D0%BA/ HTTP/1.1" 200 8696 "-" "Mozilla/5.0 (compatible; SemrushBot/7~bl; +http://www.semrush.com/bot.html)"
40.77.167.77 - - [06/Apr/2026:03:00:51 +0200] "GET /?s=why+can%27t+I+update+my+heroes+equipment+guild+wars+1 HTTP/1.1" 200 7267 "-" "Mozilla/5.0 AppleWebKit/537.36 (KHTML, like Gecko; compatible; bingbot/2.0; +http://www.bing.com/bingbot.htm) Chrome/116.0.1938.76 Safari/537.36"
207.46.13.155 - - [06/Apr/2026:03:01:11 +0200] "GET /?s=burmese+pickled+vegetables HTTP/1.1" 200 7232 "-" "Mozilla/5.0 AppleWebKit/537.36 (KHTML, like Gecko; compatible; bingbot/2.0; +http://www.bing.com/bingbot.htm) Chrome/116.0.1938.76 Safari/537.36"
207.46.13.155 - - [06/Apr/2026:03:02:03 +0200] "GET /tag/%D0%93%D1%80%D0%B8%D0%BF%D0%B5%D0%BD/ HTTP/1.1" 502 552 "-" "Mozilla/5.0 AppleWebKit/537.36 (KHTML, like Gecko; compatible; bingbot/2.0; +http://www.bing.com/bingbot.htm) Chrome/116.0.1938.76 Safari/537.36"
185.191.171.10 - - [06/Apr/2026:03:02:24 +0200] "GET /tag/%D0%BF%D1%80%D0%BE%D1%84%D0%B5%D1%81%D0%B8%D0%BE%D0%BD%D0%B0%D0%BB%D0%B5%D0%BD-%D0%BF%D0%BB%D0%B0%D0%BD%D0%B8%D0%BD%D1%81%D0%BA%D0%B8-%D1%81%D0%BF%D0%B0%D1%81%D0%B8%D1%82%D0%B5%D0%BB/ HTTP/1.1" 200 8707 "-" "Mozilla/5.0 (compatible; SemrushBot/7~bl; +http://www.semrush.com/bot.html)"
66.249.79.171 - - [06/Apr/2026:03:02:48 +0200] "GET /tag/%D1%82-72/ HTTP/1.1" 200 12356 "-" "Mozilla/5.0 (Linux; Android 6.0.1; Nexus 5X Build/MMB29P) AppleWebKit/537.36 (KHTML, like Gecko) Chrome/146.0.7680.177 Mobile Safari/537.36 (compatible; Googlebot/2.1; +http://www.google.com/bot.html)"
161.97.137.93 - - [06/Apr/2026:03:02:53 +0200] "POST /wp-cron.php?doing_wp_cron=1775437372.8099660873413085937500 HTTP/1.1" 404 9514 "https://wars.bg/wp-cron.php?doing_wp_cron=1775437372.8099660873413085937500" "WordPress/4.9.26; http://wars.bg"
161.178.132.46 - - [06/Apr/2026:03:02:53 +0200] "POST /wp-login.php HTTP/1.1" 200 4077 "-" "Mozilla/5.0"
85.208.96.205 - - [06/Apr/2026:03:03:11 +0200] "GET /tag/wars-technology/page/21/ HTTP/1.1" 200 12996 "-" "Mozilla/5.0 (compatible; SemrushBot/7~bl; +http://www.semrush.com/bot.html)"
185.191.171.12 - - [06/Apr/2026:03:03:28 +0200] "GET /tag/%D0%BA%D0%BE%D0%B8%D1%82%D0%BE-%D0%BC%D0%BE%D0%B3%D0%B0%D1%82-%D0%B4%D0%B0-%D1%82%D0%B8-%D0%BF%D0%BE%D0%BC%D0%BE%D0%B3%D0%BD%D0%B0%D1%82-%D0%B2-%D0%B6%D0%B8%D0%B2%D0%BE%D1%82%D0%B0/ HTTP/1.1" 200 9066 "-" "Mozilla/5.0 (compatible; SemrushBot/7~bl; +http://www.semrush.com/bot.html)"
85.208.96.201 - - [06/Apr/2026:03:03:50 +0200] "GET /tag/%D0%B7%D0%B0%D1%89%D0%B8%D1%82%D0%BD%D0%B0-%D1%82%D0%B5%D1%85%D0%BD%D0%BE%D0%BB%D0%BE%D0%B3%D0%B8%D1%8F/ HTTP/1.1" 200 9418 "-" "Mozilla/5.0 (compatible; SemrushBot/7~bl; +http://www.semrush.com/bot.html)"
207.46.13.102 - - [06/Apr/2026:03:03:52 +0200] "GET /?s=NSPRO950GH+neo%E3%82%B9%E3%83%81%E3%83%BC%E3%83%AB%E3%82%B7%E3%83%A3%E3%83%95%E3%83%88%E3%80%80750%E3%80%80%E9%81%95%E3%81%84 HTTP/1.1" 200 7337 "-" "Mozilla/5.0 AppleWebKit/537.36 (KHTML, like Gecko; compatible; bingbot/2.0; +http://www.bing.com/bingbot.htm) Chrome/116.0.1938.76 Safari/537.36"
161.97.137.93 - - [06/Apr/2026:03:04:10 +0200] "POST /wp-cron.php?doing_wp_cron=1775437450.6244881153106689453125 HTTP/1.1" 404 9514 "https://wars.bg/wp-cron.php?doing_wp_cron=1775437450.6244881153106689453125" "WordPress/4.9.26; https://wars.bg"
185.191.171.4 - - [06/Apr/2026:03:04:11 +0200] "GET /tag/%D0%BF%D0%BE%D1%81%D0%BB%D0%B5%D0%B4%D0%BD%D0%BE/page/47/ HTTP/1.1" 200 12345 "-" "Mozilla/5.0 (compatible; SemrushBot/7~bl; +http://www.semrush.com/bot.html)"
207.46.13.155 - - [06/Apr/2026:03:04:12 +0200] "GET /?s=%E6%9D%BE%E5%B2%A1%E5%A4%A7%E8%B5%B7%E3%80%80+%E6%88%90%E7%B8%BE HTTP/1.1" 200 7296 "-" "Mozilla/5.0 AppleWebKit/537.36 (KHTML, like Gecko; compatible; bingbot/2.0; +http://www.bing.com/bingbot.htm) Chrome/116.0.1938.76 Safari/537.36"
